+ COMMAND=start + start + for KEYSTONE_WSGI_SCRIPT in keystone-wsgi-public ++ type -p keystone-wsgi-public + cp -a /var/lib/openstack/bin/keystone-wsgi-public /var/www/cgi-bin/keystone/ + '[' -f /etc/apache2/envvars ']' + source /etc/apache2/envvars ++ unset HOME ++ '[' '' '!=' '' ']' ++ SUFFIX= ++ export APACHE_RUN_USER=www-data ++ APACHE_RUN_USER=www-data ++ export APACHE_RUN_GROUP=www-data ++ APACHE_RUN_GROUP=www-data ++ export APACHE_PID_FILE=/var/run/apache2/apache2.pid ++ APACHE_PID_FILE=/var/run/apache2/apache2.pid ++ export APACHE_RUN_DIR=/var/run/apache2 ++ APACHE_RUN_DIR=/var/run/apache2 ++ export APACHE_LOCK_DIR=/var/lock/apache2 ++ APACHE_LOCK_DIR=/var/lock/apache2 ++ export APACHE_LOG_DIR=/var/log/apache2 ++ APACHE_LOG_DIR=/var/log/apache2 ++ export LANG=C ++ LANG=C ++ export LANG + '[' -f /var/run/apache2/apache2.pid ']' + exec apache2 -DFOREGROUND AH00558: apache2: Could not reliably determine the server's fully qualified domain name, using 10.0.0.101. Set the 'ServerName' directive globally to suppress this message AH00558: apache2: Could not reliably determine the server's fully qualified domain name, using 10.0.0.101. Set the 'ServerName' directive globally to suppress this message
[Thu May 07 15:44:09.515504 2026] [mpm_event:notice] [pid 1:tid 140551280048000] AH00489: Apache/2.4.58 (Ubuntu) mod_wsgi/5.0.0 Python/3.12 configured -- resuming normal operations
[Thu May 07 15:44:09.515663 2026] [core:notice] [pid 1:tid 140551280048000] AH00094: Command line: 'apache2 -D FOREGROUND'
[Thu May 07 15:45:10.951643 2026] [wsgi:error] [pid 11:tid 140550643275456] /var/lib/openstack/lib/python3.12/site-packages/oslo_utils/importutils.py:77: EventletDeprecationWarning:
[Thu May 07 15:45:10.951686 2026] [wsgi:error] [pid 11:tid 140550643275456] Eventlet is deprecated. It is currently being maintained in bugfix mode, and
[Thu May 07 15:45:10.951688 2026] [wsgi:error] [pid 11:tid 140550643275456] we strongly recommend against using it for new projects.
[Thu May 07 15:45:10.951689 2026] [wsgi:error] [pid 11:tid 140550643275456]
[Thu May 07 15:45:10.951690 2026] [wsgi:error] [pid 11:tid 140550643275456] If you are already using Eventlet, we recommend migrating to a different
[Thu May 07 15:45:10.951692 2026] [wsgi:error] [pid 11:tid 140550643275456] framework. For more detail see
[Thu May 07 15:45:10.951693 2026] [wsgi:error] [pid 11:tid 140550643275456] https://eventlet.readthedocs.io/en/latest/asyncio/migration.html
[Thu May 07 15:45:10.951694 2026] [wsgi:error] [pid 11:tid 140550643275456]
[Thu May 07 15:45:10.951695 2026] [wsgi:error] [pid 11:tid 140550643275456] __import__(import_str)
[Thu May 07 15:45:10.959883 2026] [wsgi:error] [pid 12:tid 140550643275456] /var/lib/openstack/lib/python3.12/site-packages/oslo_utils/importutils.py:77: EventletDeprecationWarning:
[Thu May 07 15:45:10.959924 2026] [wsgi:error] [pid 12:tid 140550643275456] Eventlet is deprecated. It is currently being maintained in bugfix mode, and
[Thu May 07 15:45:10.959926 2026] [wsgi:error] [pid 12:tid 140550643275456] we strongly recommend against using it for new projects.
[Thu May 07 15:45:10.959927 2026] [wsgi:error] [pid 12:tid 140550643275456]
[Thu May 07 15:45:10.959928 2026] [wsgi:error] [pid 12:tid 140550643275456] If you are already using Eventlet, we recommend migrating to a different
[Thu May 07 15:45:10.959929 2026] [wsgi:error] [pid 12:tid 140550643275456] framework. For more detail see
[Thu May 07 15:45:10.959930 2026] [wsgi:error] [pid 12:tid 140550643275456] https://eventlet.readthedocs.io/en/latest/asyncio/migration.html
[Thu May 07 15:45:10.959931 2026] [wsgi:error] [pid 12:tid 140550643275456]
[Thu May 07 15:45:10.959932 2026] [wsgi:error] [pid 12:tid 140550643275456] __import__(import_str) 10.0.0.196 - - [07/May/2026:15:45:10 +0000] "GET /v3/ HTTP/1.1" 200 250 10.0.0.196 - - [07/May/2026:15:45:10 +0000] "GET /v3/ HTTP/1.1" 200 250
[Thu May 07 15:45:16.282811 2026] [wsgi:error] [pid 10:tid 140550643275456] /var/lib/openstack/lib/python3.12/site-packages/oslo_utils/importutils.py:77: EventletDeprecationWarning:
[Thu May 07 15:45:16.282854 2026] [wsgi:error] [pid 10:tid 140550643275456] Eventlet is deprecated. It is currently being maintained in bugfix mode, and
[Thu May 07 15:45:16.282856 2026] [wsgi:error] [pid 10:tid 140550643275456] we strongly recommend against using it for new projects.
[Thu May 07 15:45:16.282857 2026] [wsgi:error] [pid 10:tid 140550643275456]
[Thu May 07 15:45:16.282858 2026] [wsgi:error] [pid 10:tid 140550643275456] If you are already using Eventlet, we recommend migrating to a different
[Thu May 07 15:45:16.282860 2026] [wsgi:error] [pid 10:tid 140550643275456] framework. For more detail see
[Thu May 07 15:45:16.282861 2026] [wsgi:error] [pid 10:tid 140550643275456] https://eventlet.readthedocs.io/en/latest/asyncio/migration.html
[Thu May 07 15:45:16.282862 2026] [wsgi:error] [pid 10:tid 140550643275456]
[Thu May 07 15:45:16.282863 2026] [wsgi:error] [pid 10:tid 140550643275456] __import__(import_str) 10.0.0.196 - - [07/May/2026:15:45:15 +0000] "GET /v3/ HTTP/1.1" 200 250
[Thu May 07 15:45:23.102577 2026] [wsgi:error] [pid 9:tid 140550643275456] /var/lib/openstack/lib/python3.12/site-packages/oslo_utils/importutils.py:77: EventletDeprecationWarning:
[Thu May 07 15:45:23.102621 2026] [wsgi:error] [pid 9:tid 140550643275456] Eventlet is deprecated. It is currently being maintained in bugfix mode, and
[Thu May 07 15:45:23.102622 2026] [wsgi:error] [pid 9:tid 140550643275456] we strongly recommend against using it for new projects.
[Thu May 07 15:45:23.102624 2026] [wsgi:error] [pid 9:tid 140550643275456]
[Thu May 07 15:45:23.102625 2026] [wsgi:error] [pid 9:tid 140550643275456] If you are already using Eventlet, we recommend migrating to a different
[Thu May 07 15:45:23.102626 2026] [wsgi:error] [pid 9:tid 140550643275456] framework. For more detail see
[Thu May 07 15:45:23.102627 2026] [wsgi:error] [pid 9:tid 140550643275456] https://eventlet.readthedocs.io/en/latest/asyncio/migration.html
[Thu May 07 15:45:23.102628 2026] [wsgi:error] [pid 9:tid 140550643275456]
[Thu May 07 15:45:23.102629 2026] [wsgi:error] [pid 9:tid 140550643275456] __import__(import_str) 10.0.0.141 - - [07/May/2026:15:45:22 +0000] "GET / HTTP/1.1" 300 295
[Thu May 07 15:45:27.674656 2026] [wsgi:error] [pid 11:tid 140550643275456] [remote 10.0.0.141:40762] 2026-05-07 15:45:27.671 11 WARNING keystone.identity.core [None req-a61aa3fc-90c2-4db0-b2fb-b66d2143fd4c - - - - - -] Invalid domain name (atmosphere) found in config file name: keystone.exception.DomainNotFound: Could not find domain: atmosphere.
[Thu May 07 15:45:27.732875 2026] [wsgi:error] [pid 11:tid 140550643275456] [remote 10.0.0.141:40762] 2026-05-07 15:45:27.732 11 WARNING keystone.common.password_hashing [None req-a61aa3fc-90c2-4db0-b2fb-b66d2143fd4c - - - - - -] Truncating password to algorithm specific maximum length 72 characters.
[Thu May 07 15:45:28.019506 2026] [wsgi:error] [pid 11:tid 140550643275456] [remote 10.0.0.141:40762] 2026-05-07 15:45:28.019 11 WARNING keystone.common.fernet_utils [None req-a61aa3fc-90c2-4db0-b2fb-b66d2143fd4c - - - - - -] key_repository is world readable: /etc/keystone/fernet-keys/ 10.0.0.141 - - [07/May/2026:15:45:27 +0000] "POST /v3/auth/tokens HTTP/1.1" 201 1359
[Thu May 07 15:45:28.371092 2026] [wsgi:error] [pid 12:tid 140550643275456] [remote 10.0.0.141:40762] 2026-05-07 15:45:28.368 12 WARNING keystone.identity.core [None req-29ec0c32-bd65-40ae-9a7f-5ec39534f8a9 - - - - - -] Invalid domain name (atmosphere) found in config file name: keystone.exception.DomainNotFound: Could not find domain: atmosphere. 10.0.0.141 - - [07/May/2026:15:45:28 +0000] "POST /v3/domains HTTP/1.1" 201 261 10.0.0.13 - - [07/May/2026:15:45:40 +0000] "GET / HTTP/1.1" 300 295
[Thu May 07 15:45:40.751419 2026] [wsgi:error] [pid 9:tid 140550643275456] [remote 10.0.0.13:36580] 2026-05-07 15:45:40.750 9 WARNING keystone.common.password_hashing [None req-f2b212ab-e2e3-4e97-adb5-a91b0126467f - - - - - -] Truncating password to algorithm specific maximum length 72 characters.
[Thu May 07 15:45:41.033922 2026] [wsgi:error] [pid 9:tid 140550643275456] [remote 10.0.0.13:36580] 2026-05-07 15:45:41.033 9 WARNING keystone.common.fernet_utils [None req-f2b212ab-e2e3-4e97-adb5-a91b0126467f - - - - - -] key_repository is world readable: /etc/keystone/fernet-keys/ 10.0.0.13 - - [07/May/2026:15:45:40 +0000] "POST /v3/auth/tokens HTTP/1.1" 201 1359 10.0.0.13 - - [07/May/2026:15:45:41 +0000] "GET /v3/roles/admin HTTP/1.1" 404 83
[Thu May 07 15:45:41.245810 2026] [wsgi:error] [pid 12:tid 140550643275456] [remote 10.0.0.13:36580] 2026-05-07 15:45:41.245 12 WARNING keystone.common.rbac_enforcer.enforcer [None req-3d592d72-3f4e-40fb-a4e2-441ea418cb25 6d4f851c24b34a269dfc30b746ae1cb5 4e0026f69dad4525938f9d408e74abb7 - - default default] Deprecated policy rules found. Use oslopolicy-policy-generator and oslopolicy-policy-upgrade to detect and resolve deprecated policies in your configuration. 10.0.0.13 - - [07/May/2026:15:45:41 +0000] "GET /v3/roles?name=admin HTTP/1.1" 200 389
[Thu May 07 15:45:41.631911 2026] [wsgi:error] [pid 10:tid 140550643275456] [remote 10.0.0.13:36580] 2026-05-07 15:45:41.631 10 WARNING keystone.common.rbac_enforcer.enforcer [None req-7749eb5c-2c8a-4be6-bb27-1427b1e1eef6 6d4f851c24b34a269dfc30b746ae1cb5 4e0026f69dad4525938f9d408e74abb7 - - default default] Deprecated policy rules found. Use oslopolicy-policy-generator and oslopolicy-policy-upgrade to detect and resolve deprecated policies in your configuration. 10.0.0.13 - - [07/May/2026:15:45:41 +0000] "GET /v3/users/admin-RegionOne HTTP/1.1" 404 93
[Thu May 07 15:45:41.774249 2026] [wsgi:error] [pid 9:tid 140550643275456] [remote 10.0.0.13:36580] 2026-05-07 15:45:41.774 9 WARNING keystone.common.rbac_enforcer.enforcer [None req-1b212b94-2056-4a8f-8071-11783990e20c 6d4f851c24b34a269dfc30b746ae1cb5 4e0026f69dad4525938f9d408e74abb7 - - default default] Deprecated policy rules found. Use oslopolicy-policy-generator and oslopolicy-policy-upgrade to detect and resolve deprecated policies in your configuration. 10.0.0.13 - - [07/May/2026:15:45:41 +0000] "GET /v3/users?name=admin-RegionOne HTTP/1.1" 200 422
[Thu May 07 15:45:41.975232 2026] [wsgi:error] [pid 11:tid 140550643275456] [remote 10.0.0.13:36580] 2026-05-07 15:45:41.974 11 WARNING keystone.common.rbac_enforcer.enforcer [None req-7d5ec186-8e6d-4358-820b-e1fa10eebd1f 6d4f851c24b34a269dfc30b746ae1cb5 4e0026f69dad4525938f9d408e74abb7 - - default default] Deprecated policy rules found. Use oslopolicy-policy-generator and oslopolicy-policy-upgrade to detect and resolve deprecated policies in your configuration. 10.0.0.13 - - [07/May/2026:15:45:41 +0000] "GET /v3/domains/default HTTP/1.1" 200 224 10.0.0.13 - - [07/May/2026:15:45:41 +0000] "PUT /v3/domains/default/users/6d4f851c24b34a269dfc30b746ae1cb5/roles/d38e01f24b4641ddad14440e84ff1f39 HTTP/1.1" 204 - 10.0.0.196 - - [07/May/2026:15:45:51 +0000] "GET / HTTP/1.1" 300 280 10.0.0.196 - - [07/May/2026:15:45:53 +0000] "GET /v3 HTTP/1.1" 200 265
[Thu May 07 15:45:53.319424 2026] [wsgi:error] [pid 11:tid 140550643275456] [remote 10.0.0.196:45204] 2026-05-07 15:45:53.319 11 WARNING keystone.common.password_hashing [None req-06771339-1c89-45fa-9707-eef38f866baa - - - - - -] Truncating password to algorithm specific maximum length 72 characters.
[Thu May 07 15:45:53.592026 2026] [wsgi:error] [pid 11:tid 140550643275456] [remote 10.0.0.196:45204] 2026-05-07 15:45:53.591 11 WARNING keystone.common.fernet_utils [None req-06771339-1c89-45fa-9707-eef38f866baa - - - - - -] key_repository is world readable: /etc/keystone/fernet-keys/ 10.0.0.196 - - [07/May/2026:15:45:53 +0000] "POST /v3/auth/tokens HTTP/1.1" 201 1359 10.0.0.196 - - [07/May/2026:15:45:53 +0000] "GET / HTTP/1.1" 300 280 10.0.0.196 - - [07/May/2026:15:45:53 +0000] "GET /v3/domains/atmosphere HTTP/1.1" 404 90 10.0.0.196 - - [07/May/2026:15:45:53 +0000] "GET /v3/domains?name=atmosphere HTTP/1.1" 200 368 10.0.0.196 - - [07/May/2026:15:45:53 +0000] "GET /v3/domains/e95287e0512d4adf98d4bec8cd3a5441 HTTP/1.1" 200 246 10.0.0.196 - - [07/May/2026:15:45:54 +0000] "GET /v3 HTTP/1.1" 200 265
[Thu May 07 15:45:54.736797 2026] [wsgi:error] [pid 10:tid 140550643275456] [remote 10.0.0.196:45218] 2026-05-07 15:45:54.736 10 WARNING keystone.common.password_hashing [None req-8bff280d-2208-44b0-84d8-d72d3e214b6a - - - - - -] Truncating password to algorithm specific maximum length 72 characters.
[Thu May 07 15:45:55.011600 2026] [wsgi:error] [pid 10:tid 140550643275456] [remote 10.0.0.196:45218] 2026-05-07 15:45:55.011 10 WARNING keystone.common.fernet_utils [None req-8bff280d-2208-44b0-84d8-d72d3e214b6a - - - - - -] key_repository is world readable: /etc/keystone/fernet-keys/ 10.0.0.196 - - [07/May/2026:15:45:54 +0000] "POST /v3/auth/tokens HTTP/1.1" 201 1359 10.0.0.196 - - [07/May/2026:15:45:55 +0000] "GET / HTTP/1.1" 300 280 10.0.0.196 - - [07/May/2026:15:45:55 +0000] "GET /v3/OS-FEDERATION/identity_providers/atmosphere HTTP/1.1" 404 101 10.0.0.196 - - [07/May/2026:15:45:55 +0000] "GET /v3/OS-FEDERATION/identity_providers HTTP/1.1" 200 155 10.0.0.196 - - [07/May/2026:15:45:55 +0000] "PUT /v3/OS-FEDERATION/identity_providers/atmosphere HTTP/1.1" 201 340 10.0.0.196 - - [07/May/2026:15:45:55 +0000] "GET /v3 HTTP/1.1" 200 265
[Thu May 07 15:45:55.911932 2026] [wsgi:error] [pid 11:tid 140550643275456] [remote 10.0.0.196:45204] 2026-05-07 15:45:55.911 11 WARNING keystone.common.password_hashing [None req-29a14735-9426-4962-bf9f-4169e9340e8e - - - - - -] Truncating password to algorithm specific maximum length 72 characters.
[Thu May 07 15:45:56.183118 2026] [wsgi:error] [pid 11:tid 140550643275456] [remote 10.0.0.196:45204] 2026-05-07 15:45:56.182 11 WARNING keystone.common.fernet_utils [None req-29a14735-9426-4962-bf9f-4169e9340e8e - - - - - -] key_repository is world readable: /etc/keystone/fernet-keys/ 10.0.0.196 - - [07/May/2026:15:45:55 +0000] "POST /v3/auth/tokens HTTP/1.1" 201 1359 10.0.0.196 - - [07/May/2026:15:45:56 +0000] "GET / HTTP/1.1" 300 280 10.0.0.196 - - [07/May/2026:15:45:56 +0000] "GET /v3/OS-FEDERATION/mappings/atmosphere-openid HTTP/1.1" 404 98 10.0.0.196 - - [07/May/2026:15:45:56 +0000] "GET /v3/OS-FEDERATION/mappings HTTP/1.1" 200 135 10.0.0.196 - - [07/May/2026:15:45:56 +0000] "PUT /v3/OS-FEDERATION/mappings/atmosphere-openid HTTP/1.1" 201 356 10.0.0.196 - - [07/May/2026:15:45:57 +0000] "GET /v3 HTTP/1.1" 200 265
[Thu May 07 15:45:57.081345 2026] [wsgi:error] [pid 10:tid 140550643275456] [remote 10.0.0.196:45218] 2026-05-07 15:45:57.081 10 WARNING keystone.common.password_hashing [None req-7f0c5901-d719-4c2c-b65a-02f1c85012ae - - - - - -] Truncating password to algorithm specific maximum length 72 characters.
[Thu May 07 15:45:57.365351 2026] [wsgi:error] [pid 10:tid 140550643275456] [remote 10.0.0.196:45218] 2026-05-07 15:45:57.365 10 WARNING keystone.common.fernet_utils [None req-7f0c5901-d719-4c2c-b65a-02f1c85012ae - - - - - -] key_repository is world readable: /etc/keystone/fernet-keys/ 10.0.0.196 - - [07/May/2026:15:45:57 +0000] "POST /v3/auth/tokens HTTP/1.1" 201 1359 10.0.0.196 - - [07/May/2026:15:45:57 +0000] "GET / HTTP/1.1" 300 280 10.0.0.196 - - [07/May/2026:15:45:57 +0000] "GET /v3/OS-FEDERATION/identity_providers/atmosphere/protocols/openid?idp_id=atmosphere HTTP/1.1" 404 131 10.0.0.196 - - [07/May/2026:15:45:57 +0000] "GET /v3/OS-FEDERATION/identity_providers/atmosphere/protocols HTTP/1.1" 200 167 10.0.0.196 - - [07/May/2026:15:45:57 +0000] "PUT /v3/OS-FEDERATION/identity_providers/atmosphere/protocols/openid HTTP/1.1" 201 222 10.0.0.196 - - [07/May/2026:15:46:10 +0000] "GET /v3/ HTTP/1.1" 200 250 10.0.0.196 - - [07/May/2026:15:46:10 +0000] "GET /v3/ HTTP/1.1" 200 250 10.0.0.196 - - [07/May/2026:15:47:10 +0000] "GET /v3/ HTTP/1.1" 200 250 10.0.0.196 - - [07/May/2026:15:47:10 +0000] "GET /v3/ HTTP/1.1" 200 250 10.0.0.95 - - [07/May/2026:15:47:19 +0000] "GET / HTTP/1.1" 300 295
[Thu May 07 15:47:19.337495 2026] [wsgi:error] [pid 11:tid 140550643275456] [remote 10.0.0.95:42428] 2026-05-07 15:47:19.337 11 WARNING keystone.common.password_hashing [None req-db1fa4c3-ab03-4e0c-baa6-37631f91e207 - - - - - -] Truncating password to algorithm specific maximum length 72 characters.
[Thu May 07 15:47:19.622318 2026] [wsgi:error] [pid 11:tid 140550643275456] [remote 10.0.0.95:42428] 2026-05-07 15:47:19.622 11 WARNING keystone.common.fernet_utils [None req-db1fa4c3-ab03-4e0c-baa6-37631f91e207 - - - - - -] key_repository is world readable: /etc/keystone/fernet-keys/ 10.0.0.95 - - [07/May/2026:15:47:19 +0000] "POST /v3/auth/tokens HTTP/1.1" 201 1359 10.0.0.95 - - [07/May/2026:15:47:19 +0000] "GET /v3/services HTTP/1.1" 200 355 10.0.0.95 - - [07/May/2026:15:47:23 +0000] "GET / HTTP/1.1" 300 295
[Thu May 07 15:47:23.099708 2026] [wsgi:error] [pid 9:tid 140550643275456] [remote 10.0.0.95:54840] 2026-05-07 15:47:23.099 9 WARNING keystone.common.password_hashing [None req-01e287cc-8a2c-49ac-b65c-59ac8980bacb - - - - - -] Truncating password to algorithm specific maximum length 72 characters.
[Thu May 07 15:47:23.382599 2026] [wsgi:error] [pid 9:tid 140550643275456] [remote 10.0.0.95:54840] 2026-05-07 15:47:23.382 9 WARNING keystone.common.fernet_utils [None req-01e287cc-8a2c-49ac-b65c-59ac8980bacb - - - - - -] key_repository is world readable: /etc/keystone/fernet-keys/ 10.0.0.95 - - [07/May/2026:15:47:23 +0000] "POST /v3/auth/tokens HTTP/1.1" 201 1359 10.0.0.95 - - [07/May/2026:15:47:23 +0000] "GET /v3/services HTTP/1.1" 200 355 10.0.0.95 - - [07/May/2026:15:47:26 +0000] "GET / HTTP/1.1" 300 295
[Thu May 07 15:47:26.843077 2026] [wsgi:error] [pid 12:tid 140550643275456] [remote 10.0.0.95:54854] 2026-05-07 15:47:26.842 12 WARNING keystone.common.password_hashing [None req-da4931e3-21e2-418b-a932-67d763b8b764 - - - - - -] Truncating password to algorithm specific maximum length 72 characters.
[Thu May 07 15:47:27.120183 2026] [wsgi:error] [pid 12:tid 140550643275456] [remote 10.0.0.95:54854] 2026-05-07 15:47:27.120 12 WARNING keystone.common.fernet_utils [None req-da4931e3-21e2-418b-a932-67d763b8b764 - - - - - -] key_repository is world readable: /etc/keystone/fernet-keys/ 10.0.0.95 - - [07/May/2026:15:47:26 +0000] "POST /v3/auth/tokens HTTP/1.1" 201 1359 10.0.0.95 - - [07/May/2026:15:47:27 +0000] "GET /v3/services HTTP/1.1" 200 355 10.0.0.95 - - [07/May/2026:15:47:30 +0000] "GET / HTTP/1.1" 300 295
[Thu May 07 15:47:30.548565 2026] [wsgi:error] [pid 10:tid 140550643275456] [remote 10.0.0.95:54856] 2026-05-07 15:47:30.548 10 WARNING keystone.common.password_hashing [None req-b6bee5c0-3d97-41b3-a8ae-888d5faa35b9 - - - - - -] Truncating password to algorithm specific maximum length 72 characters.
[Thu May 07 15:47:30.821933 2026] [wsgi:error] [pid 10:tid 140550643275456] [remote 10.0.0.95:54856] 2026-05-07 15:47:30.821 10 WARNING keystone.common.fernet_utils [None req-b6bee5c0-3d97-41b3-a8ae-888d5faa35b9 - - - - - -] key_repository is world readable: /etc/keystone/fernet-keys/ 10.0.0.95 - - [07/May/2026:15:47:30 +0000] "POST /v3/auth/tokens HTTP/1.1" 201 1359 10.0.0.95 - - [07/May/2026:15:47:30 +0000] "POST /v3/services HTTP/1.1" 201 296 10.0.0.54 - - [07/May/2026:15:47:41 +0000] "GET / HTTP/1.1" 300 295
[Thu May 07 15:47:41.634006 2026] [wsgi:error] [pid 11:tid 140550643275456] [remote 10.0.0.54:50968] 2026-05-07 15:47:41.633 11 WARNING keystone.common.password_hashing [None req-cf99453f-526a-4595-b946-0280830d9eb0 - - - - - -] Truncating password to algorithm specific maximum length 72 characters. 10.0.0.54 - - [07/May/2026:15:47:41 +0000] "GET / HTTP/1.1" 300 295
[Thu May 07 15:47:41.825438 2026] [wsgi:error] [pid 12:tid 140550643275456] [remote 10.0.0.54:50974] 2026-05-07 15:47:41.825 12 WARNING keystone.common.password_hashing [None req-9ff412dd-5f7d-401a-bc8d-b5a2334f565f - - - - - -] Truncating password to algorithm specific maximum length 72 characters. 10.0.0.54 - - [07/May/2026:15:47:41 +0000] "GET / HTTP/1.1" 300 295
[Thu May 07 15:47:41.894417 2026] [wsgi:error] [pid 10:tid 140550643275456] [remote 10.0.0.54:50980] 2026-05-07 15:47:41.894 10 WARNING keystone.common.password_hashing [None req-4dc41491-7b8d-41c6-b8f3-71898768835d - - - - - -] Truncating password to algorithm specific maximum length 72 characters.
[Thu May 07 15:47:41.916308 2026] [wsgi:error] [pid 11:tid 140550643275456] [remote 10.0.0.54:50968] 2026-05-07 15:47:41.915 11 WARNING keystone.common.fernet_utils [None req-cf99453f-526a-4595-b946-0280830d9eb0 - - - - - -] key_repository is world readable: /etc/keystone/fernet-keys/ 10.0.0.54 - - [07/May/2026:15:47:41 +0000] "POST /v3/auth/tokens HTTP/1.1" 201 1463 10.0.0.54 - - [07/May/2026:15:47:42 +0000] "GET /v3/services HTTP/1.1" 200 639
[Thu May 07 15:47:42.101516 2026] [wsgi:error] [pid 12:tid 140550643275456] [remote 10.0.0.54:50974] 2026-05-07 15:47:42.101 12 WARNING keystone.common.fernet_utils [None req-9ff412dd-5f7d-401a-bc8d-b5a2334f565f - - - - - -] key_repository is world readable: /etc/keystone/fernet-keys/ 10.0.0.54 - - [07/May/2026:15:47:41 +0000] "POST /v3/auth/tokens HTTP/1.1" 201 1463
[Thu May 07 15:47:42.187185 2026] [wsgi:error] [pid 10:tid 140550643275456] [remote 10.0.0.54:50980] 2026-05-07 15:47:42.187 10 WARNING keystone.common.fernet_utils [None req-4dc41491-7b8d-41c6-b8f3-71898768835d - - - - - -] key_repository is world readable: /etc/keystone/fernet-keys/ 10.0.0.54 - - [07/May/2026:15:47:41 +0000] "POST /v3/auth/tokens HTTP/1.1" 201 1463 10.0.0.54 - - [07/May/2026:15:47:42 +0000] "GET /v3/services HTTP/1.1" 200 639 10.0.0.54 - - [07/May/2026:15:47:42 +0000] "GET /v3/services HTTP/1.1" 200 639 10.0.0.54 - - [07/May/2026:15:47:43 +0000] "GET / HTTP/1.1" 300 295
[Thu May 07 15:47:43.580194 2026] [wsgi:error] [pid 10:tid 140550643275456] [remote 10.0.0.54:50994] 2026-05-07 15:47:43.579 10 WARNING keystone.common.password_hashing [None req-0e84a067-32c4-46c5-b110-154f6fd26328 - - - - - -] Truncating password to algorithm specific maximum length 72 characters. 10.0.0.54 - - [07/May/2026:15:47:43 +0000] "GET / HTTP/1.1" 300 295
[Thu May 07 15:47:43.617917 2026] [wsgi:error] [pid 9:tid 140550643275456] [remote 10.0.0.54:51010] 2026-05-07 15:47:43.617 9 WARNING keystone.common.password_hashing [None req-afd83ccf-4f73-4194-ac45-1d1c00ffbe23 - - - - - -] Truncating password to algorithm specific maximum length 72 characters. 10.0.0.54 - - [07/May/2026:15:47:43 +0000] "GET / HTTP/1.1" 300 295
[Thu May 07 15:47:43.768632 2026] [wsgi:error] [pid 11:tid 140550643275456] [remote 10.0.0.54:51014] 2026-05-07 15:47:43.768 11 WARNING keystone.common.password_hashing [None req-0b7c6362-c6dc-4378-bfce-f24ac42eb652 - - - - - -] Truncating password to algorithm specific maximum length 72 characters.
[Thu May 07 15:47:43.859912 2026] [wsgi:error] [pid 10:tid 140550643275456] [remote 10.0.0.54:50994] 2026-05-07 15:47:43.859 10 WARNING keystone.common.fernet_utils [None req-0e84a067-32c4-46c5-b110-154f6fd26328 - - - - - -] key_repository is world readable: /etc/keystone/fernet-keys/ 10.0.0.54 - - [07/May/2026:15:47:43 +0000] "POST /v3/auth/tokens HTTP/1.1" 201 1463
[Thu May 07 15:47:43.905315 2026] [wsgi:error] [pid 9:tid 140550643275456] [remote 10.0.0.54:51010] 2026-05-07 15:47:43.905 9 WARNING keystone.common.fernet_utils [None req-afd83ccf-4f73-4194-ac45-1d1c00ffbe23 - - - - - -] key_repository is world readable: /etc/keystone/fernet-keys/ 10.0.0.54 - - [07/May/2026:15:47:43 +0000] "POST /v3/auth/tokens HTTP/1.1" 201 1463 10.0.0.54 - - [07/May/2026:15:47:43 +0000] "GET /v3/endpoints HTTP/1.1" 200 1226 10.0.0.54 - - [07/May/2026:15:47:44 +0000] "GET /v3/services/14b58da23f9443dba9759b55e02143fb HTTP/1.1" 200 233 10.0.0.54 - - [07/May/2026:15:47:44 +0000] "GET /v3/endpoints HTTP/1.1" 200 1226 10.0.0.54 - - [07/May/2026:15:47:44 +0000] "GET /v3/services/14b58da23f9443dba9759b55e02143fb HTTP/1.1" 200 233
[Thu May 07 15:47:44.044126 2026] [wsgi:error] [pid 11:tid 140550643275456] [remote 10.0.0.54:51014] 2026-05-07 15:47:44.043 11 WARNING keystone.common.fernet_utils [None req-0b7c6362-c6dc-4378-bfce-f24ac42eb652 - - - - - -] key_repository is world readable: /etc/keystone/fernet-keys/ 10.0.0.54 - - [07/May/2026:15:47:43 +0000] "POST /v3/auth/tokens HTTP/1.1" 201 1463 10.0.0.54 - - [07/May/2026:15:47:44 +0000] "GET /v3/services/14b58da23f9443dba9759b55e02143fb HTTP/1.1" 200 233 10.0.0.54 - - [07/May/2026:15:47:44 +0000] "GET /v3/services/14b58da23f9443dba9759b55e02143fb HTTP/1.1" 200 233 10.0.0.54 - - [07/May/2026:15:47:44 +0000] "GET /v3/services/14b58da23f9443dba9759b55e02143fb HTTP/1.1" 200 233 10.0.0.54 - - [07/May/2026:15:47:44 +0000] "GET /v3/services/14b58da23f9443dba9759b55e02143fb HTTP/1.1" 200 233 10.0.0.54 - - [07/May/2026:15:47:44 +0000] "GET /v3/endpoints HTTP/1.1" 200 1226 10.0.0.54 - - [07/May/2026:15:47:44 +0000] "GET /v3/services/14b58da23f9443dba9759b55e02143fb HTTP/1.1" 200 233 10.0.0.54 - - [07/May/2026:15:47:44 +0000] "GET /v3/services/14b58da23f9443dba9759b55e02143fb HTTP/1.1" 200 233 10.0.0.54 - - [07/May/2026:15:47:44 +0000] "GET /v3/services/14b58da23f9443dba9759b55e02143fb HTTP/1.1" 200 233 10.0.0.54 - - [07/May/2026:15:47:45 +0000] "GET / HTTP/1.1" 300 295
[Thu May 07 15:47:45.519223 2026] [wsgi:error] [pid 9:tid 140550643275456] [remote 10.0.0.54:51022] 2026-05-07 15:47:45.519 9 WARNING keystone.common.password_hashing [None req-56cf4e31-f62a-44a7-bd4f-524f973e7968 - - - - - -] Truncating password to algorithm specific maximum length 72 characters. 10.0.0.54 - - [07/May/2026:15:47:45 +0000] "GET / HTTP/1.1" 300 295
[Thu May 07 15:47:45.620593 2026] [wsgi:error] [pid 11:tid 140550643275456] [remote 10.0.0.54:51028] 2026-05-07 15:47:45.620 11 WARNING keystone.common.password_hashing [None req-a340819e-3477-442b-b34f-05c76756b1ae - - - - - -] Truncating password to algorithm specific maximum length 72 characters. 10.0.0.54 - - [07/May/2026:15:47:45 +0000] "GET / HTTP/1.1" 300 295
[Thu May 07 15:47:45.662558 2026] [wsgi:error] [pid 12:tid 140550643275456] [remote 10.0.0.54:51044] 2026-05-07 15:47:45.662 12 WARNING keystone.common.password_hashing [None req-2fe4d23e-b698-43f7-b54f-f5eb9025373c - - - - - -] Truncating password to algorithm specific maximum length 72 characters.
[Thu May 07 15:47:45.801897 2026] [wsgi:error] [pid 9:tid 140550643275456] [remote 10.0.0.54:51022] 2026-05-07 15:47:45.801 9 WARNING keystone.common.fernet_utils [None req-56cf4e31-f62a-44a7-bd4f-524f973e7968 - - - - - -] key_repository is world readable: /etc/keystone/fernet-keys/ 10.0.0.54 - - [07/May/2026:15:47:45 +0000] "POST /v3/auth/tokens HTTP/1.1" 201 1463
[Thu May 07 15:47:45.905011 2026] [wsgi:error] [pid 11:tid 140550643275456] [remote 10.0.0.54:51028] 2026-05-07 15:47:45.904 11 WARNING keystone.common.fernet_utils [None req-a340819e-3477-442b-b34f-05c76756b1ae - - - - - -] key_repository is world readable: /etc/keystone/fernet-keys/ 10.0.0.54 - - [07/May/2026:15:47:45 +0000] "POST /v3/auth/tokens HTTP/1.1" 201 1463
[Thu May 07 15:47:45.943068 2026] [wsgi:error] [pid 12:tid 140550643275456] [remote 10.0.0.54:51044] 2026-05-07 15:47:45.942 12 WARNING keystone.common.fernet_utils [None req-2fe4d23e-b698-43f7-b54f-f5eb9025373c - - - - - -] key_repository is world readable: /etc/keystone/fernet-keys/ 10.0.0.54 - - [07/May/2026:15:47:45 +0000] "GET /v3/services/887673f173f1487396eda2e2d4f93b6e HTTP/1.1" 200 296 10.0.0.54 - - [07/May/2026:15:47:45 +0000] "POST /v3/auth/tokens HTTP/1.1" 201 1463 10.0.0.54 - - [07/May/2026:15:47:45 +0000] "GET /v3/regions/RegionOne HTTP/1.1" 200 173 10.0.0.54 - - [07/May/2026:15:47:46 +0000] "GET /v3/services/887673f173f1487396eda2e2d4f93b6e HTTP/1.1" 200 296 10.0.0.54 - - [07/May/2026:15:47:46 +0000] "GET /v3/regions/RegionOne HTTP/1.1" 200 173 10.0.0.54 - - [07/May/2026:15:47:46 +0000] "GET /v3/services/887673f173f1487396eda2e2d4f93b6e HTTP/1.1" 200 296 10.0.0.54 - - [07/May/2026:15:47:46 +0000] "GET /v3/regions/RegionOne HTTP/1.1" 200 173 10.0.0.54 - - [07/May/2026:15:47:45 +0000] "POST /v3/endpoints HTTP/1.1" 201 369 10.0.0.54 - - [07/May/2026:15:47:46 +0000] "POST /v3/endpoints HTTP/1.1" 201 383 10.0.0.54 - - [07/May/2026:15:47:46 +0000] "POST /v3/endpoints HTTP/1.1" 201 380 10.0.0.54 - - [07/May/2026:15:47:47 +0000] "GET / HTTP/1.1" 300 295 10.0.0.54 - - [07/May/2026:15:47:47 +0000] "GET / HTTP/1.1" 300 295
[Thu May 07 15:47:47.654988 2026] [wsgi:error] [pid 9:tid 140550643275456] [remote 10.0.0.54:51054] 2026-05-07 15:47:47.654 9 WARNING keystone.common.password_hashing [None req-de9acf76-2d34-4f94-a825-afa4239cdb8c - - - - - -] Truncating password to algorithm specific maximum length 72 characters.
[Thu May 07 15:47:47.664338 2026] [wsgi:error] [pid 10:tid 140550643275456] [remote 10.0.0.54:51062] 2026-05-07 15:47:47.664 10 WARNING keystone.common.password_hashing [None req-e188af3b-370e-4ab2-aaf1-cdad01077810 - - - - - -] Truncating password to algorithm specific maximum length 72 characters. 10.0.0.54 - - [07/May/2026:15:47:47 +0000] "GET / HTTP/1.1" 300 295
[Thu May 07 15:47:47.741483 2026] [wsgi:error] [pid 11:tid 140550643275456] [remote 10.0.0.54:51070] 2026-05-07 15:47:47.741 11 WARNING keystone.common.password_hashing [None req-154aacf1-9ee9-4f33-a74a-87371885f1bb - - - - - -] Truncating password to algorithm specific maximum length 72 characters.
[Thu May 07 15:47:47.925879 2026] [wsgi:error] [pid 9:tid 140550643275456] [remote 10.0.0.54:51054] 2026-05-07 15:47:47.925 9 WARNING keystone.common.fernet_utils [None req-de9acf76-2d34-4f94-a825-afa4239cdb8c - - - - - -] key_repository is world readable: /etc/keystone/fernet-keys/
[Thu May 07 15:47:47.941196 2026] [wsgi:error] [pid 10:tid 140550643275456] [remote 10.0.0.54:51062] 2026-05-07 15:47:47.941 10 WARNING keystone.common.fernet_utils [None req-e188af3b-370e-4ab2-aaf1-cdad01077810 - - - - - -] key_repository is world readable: /etc/keystone/fernet-keys/ 10.0.0.54 - - [07/May/2026:15:47:47 +0000] "POST /v3/auth/tokens HTTP/1.1" 201 1990 10.0.0.54 - - [07/May/2026:15:47:47 +0000] "POST /v3/auth/tokens HTTP/1.1" 201 1990
[Thu May 07 15:47:48.016743 2026] [wsgi:error] [pid 11:tid 140550643275456] [remote 10.0.0.54:51070] 2026-05-07 15:47:48.016 11 WARNING keystone.common.fernet_utils [None req-154aacf1-9ee9-4f33-a74a-87371885f1bb - - - - - -] key_repository is world readable: /etc/keystone/fernet-keys/ 10.0.0.54 - - [07/May/2026:15:47:47 +0000] "POST /v3/auth/tokens HTTP/1.1" 201 1990 10.0.0.54 - - [07/May/2026:15:47:48 +0000] "GET /v3/endpoints/4d0334ebbc2345718f60d480c902ecfb HTTP/1.1" 200 369 10.0.0.54 - - [07/May/2026:15:47:48 +0000] "GET /v3/endpoints/20f9ee24be6e48119177255c8d5a986f HTTP/1.1" 200 383 10.0.0.54 - - [07/May/2026:15:47:48 +0000] "GET /v3/services/887673f173f1487396eda2e2d4f93b6e HTTP/1.1" 200 296 10.0.0.54 - - [07/May/2026:15:47:48 +0000] "GET /v3/services/887673f173f1487396eda2e2d4f93b6e HTTP/1.1" 200 296 10.0.0.54 - - [07/May/2026:15:47:48 +0000] "GET /v3/endpoints/ce3645936e994f609e740b1d14fabb46 HTTP/1.1" 200 380 10.0.0.54 - - [07/May/2026:15:47:48 +0000] "GET /v3/services/887673f173f1487396eda2e2d4f93b6e HTTP/1.1" 200 296 10.0.0.129 - - [07/May/2026:15:47:57 +0000] "GET / HTTP/1.1" 300 295
[Thu May 07 15:47:57.748826 2026] [wsgi:error] [pid 11:tid 140550643275456] [remote 10.0.0.129:58136] 2026-05-07 15:47:57.748 11 WARNING keystone.common.password_hashing [None req-7a3c248c-6026-442a-a359-6697dbae45e1 - - - - - -] Truncating password to algorithm specific maximum length 72 characters.
[Thu May 07 15:47:58.024440 2026] [wsgi:error] [pid 11:tid 140550643275456] [remote 10.0.0.129:58136] 2026-05-07 15:47:58.024 11 WARNING keystone.common.fernet_utils [None req-7a3c248c-6026-442a-a359-6697dbae45e1 - - - - - -] key_repository is world readable: /etc/keystone/fernet-keys/ 10.0.0.129 - - [07/May/2026:15:47:57 +0000] "POST /v3/auth/tokens HTTP/1.1" 201 1990 10.0.0.129 - - [07/May/2026:15:47:58 +0000] "POST /v3/domains HTTP/1.1" 201 284 10.0.0.129 - - [07/May/2026:15:47:59 +0000] "GET / HTTP/1.1" 300 295
[Thu May 07 15:47:59.522953 2026] [wsgi:error] [pid 10:tid 140550643275456] [remote 10.0.0.129:58140] 2026-05-07 15:47:59.522 10 WARNING keystone.common.password_hashing [None req-81c4d49b-2e1f-4317-8d4b-603cc0020edb - - - - - -] Truncating password to algorithm specific maximum length 72 characters.
[Thu May 07 15:47:59.802901 2026] [wsgi:error] [pid 10:tid 140550643275456] [remote 10.0.0.129:58140] 2026-05-07 15:47:59.802 10 WARNING keystone.common.fernet_utils [None req-81c4d49b-2e1f-4317-8d4b-603cc0020edb - - - - - -] key_repository is world readable: /etc/keystone/fernet-keys/ 10.0.0.129 - - [07/May/2026:15:47:59 +0000] "POST /v3/auth/tokens HTTP/1.1" 201 1990
[Thu May 07 15:48:00.009880 2026] [wsgi:error] [pid 11:tid 140550643275456] [remote 10.0.0.129:58140] 2026-05-07 15:47:59.992 11 ERROR keystone.server.flask.application [None req-1c376dca-1b25-4817-baf4-388b68568837 6d4f851c24b34a269dfc30b746ae1cb5 4e0026f69dad4525938f9d408e74abb7 - - default default] Conflict occurred attempting to store project - it is not permitted to have two projects acting as domains with the same name: service.: keystone.exception.Conflict: Conflict occurred attempting to store project - it is not permitted to have two projects acting as domains with the same name: service.
[Thu May 07 15:48:00.009905 2026] [wsgi:error] [pid 11:tid 140550643275456] [remote 10.0.0.129:58140] 2026-05-07 15:47:59.992 11 ERROR keystone.server.flask.application
Traceback (most recent call last):
[Thu May 07 15:48:00.009907 2026] [wsgi:error] [pid 11:tid 140550643275456] [remote 10.0.0.129:58140] 2026-05-07 15:47:59.992 11 ERROR keystone.server.flask.application
File "/var/lib/openstack/lib/python3.12/site-packages/sqlalchemy/engine/base.py", line 1967, in _exec_single_context
[Thu May 07 15:48:00.009908 2026] [wsgi:error] [pid 11:tid 140550643275456] [remote 10.0.0.129:58140] 2026-05-07 15:47:59.992 11 ERROR keystone.server.flask.application self.dialect.do_execute(
[Thu May 07 15:48:00.009910 2026] [wsgi:error] [pid 11:tid 140550643275456] [remote 10.0.0.129:58140] 2026-05-07 15:47:59.992 11 ERROR keystone.server.flask.application
File "/var/lib/openstack/lib/python3.12/site-packages/sqlalchemy/engine/default.py", line 952, in do_execute
[Thu May 07 15:48:00.009912 2026] [wsgi:error] [pid 11:tid 140550643275456] [remote 10.0.0.129:58140] 2026-05-07 15:47:59.992 11 ERROR keystone.server.flask.application cursor.execute(statement, parameters)
[Thu May 07 15:48:00.009914 2026] [wsgi:error] [pid 11:tid 140550643275456] [remote 10.0.0.129:58140] 2026-05-07 15:47:59.992 11 ERROR keystone.server.flask.application
File "/var/lib/openstack/lib/python3.12/site-packages/pymysql/cursors.py", line 153, in execute
[Thu May 07 15:48:00.009915 2026] [wsgi:error] [pid 11:tid 140550643275456] [remote 10.0.0.129:58140] 2026-05-07 15:47:59.992 11 ERROR keystone.server.flask.application result = self._query(query)
[Thu May 07 15:48:00.009916 2026] [wsgi:error] [pid 11:tid 140550643275456] [remote 10.0.0.129:58140] 2026-05-07 15:47:59.992 11 ERROR keystone.server.flask.application ^^^^^^^^^^^^^^^^^^
[Thu May 07 15:48:00.009918 2026] [wsgi:error] [pid 11:tid 140550643275456] [remote 10.0.0.129:58140] 2026-05-07 15:47:59.992 11 ERROR keystone.server.flask.application
File "/var/lib/openstack/lib/python3.12/site-packages/pymysql/cursors.py", line 322, in _query
[Thu May 07 15:48:00.009919 2026] [wsgi:error] [pid 11:tid 140550643275456] [remote 10.0.0.129:58140] 2026-05-07 15:47:59.992 11 ERROR keystone.server.flask.application conn.query(q)
[Thu May 07 15:48:00.009921 2026] [wsgi:error] [pid 11:tid 140550643275456] [remote 10.0.0.129:58140] 2026-05-07 15:47:59.992 11 ERROR keystone.server.flask.application
File "/var/lib/openstack/lib/python3.12/site-packages/pymysql/connections.py", line 575, in query
[Thu May 07 15:48:00.009922 2026] [wsgi:error] [pid 11:tid 140550643275456] [remote 10.0.0.129:58140] 2026-05-07 15:47:59.992 11 ERROR keystone.server.flask.application self._affected_rows = self._read_query_result(unbuffered=unbuffered)
[Thu May 07 15:48:00.009924 2026] [wsgi:error] [pid 11:tid 140550643275456] [remote 10.0.0.129:58140] 2026-05-07 15:47:59.992 11 ERROR keystone.server.flask.application ^^^^^^^^^^^^^^^^^^^^^^^^^^^^^^^^^^^^^^^^^^^^^^
[Thu May 07 15:48:00.009925 2026] [wsgi:error] [pid 11:tid 140550643275456] [remote 10.0.0.129:58140] 2026-05-07 15:47:59.992 11 ERROR keystone.server.flask.application
File "/var/lib/openstack/lib/python3.12/site-packages/pymysql/connections.py", line 826, in _read_query_result
[Thu May 07 15:48:00.009927 2026] [wsgi:error] [pid 11:tid 140550643275456] [remote 10.0.0.129:58140] 2026-05-07 15:47:59.992 11 ERROR keystone.server.flask.application result.read()
[Thu May 07 15:48:00.009930 2026] [wsgi:error] [pid 11:tid 140550643275456] [remote 10.0.0.129:58140] 2026-05-07 15:47:59.992 11 ERROR keystone.server.flask.application
File "/var/lib/openstack/lib/python3.12/site-packages/pymysql/connections.py", line 1203, in read
[Thu May 07 15:48:00.009931 2026] [wsgi:error] [pid 11:tid 140550643275456] [remote 10.0.0.129:58140] 2026-05-07 15:47:59.992 11 ERROR keystone.server.flask.application first_packet = self.connection._read_packet()
[Thu May 07 15:48:00.009933 2026] [wsgi:error] [pid 11:tid 140550643275456] [remote 10.0.0.129:58140] 2026-05-07 15:47:59.992 11 ERROR keystone.server.flask.application ^^^^^^^^^^^^^^^^^^^^^^^^^^^^^^
[Thu May 07 15:48:00.009935 2026] [wsgi:error] [pid 11:tid 140550643275456] [remote 10.0.0.129:58140] 2026-05-07 15:47:59.992 11 ERROR keystone.server.flask.application
File "/var/lib/openstack/lib/python3.12/site-packages/pymysql/connections.py", line 782, in _read_packet
[Thu May 07 15:48:00.009936 2026] [wsgi:error] [pid 11:tid 140550643275456] [remote 10.0.0.129:58140] 2026-05-07 15:47:59.992 11 ERROR keystone.server.flask.application packet.raise_for_error()
[Thu May 07 15:48:00.009938 2026] [wsgi:error] [pid 11:tid 140550643275456] [remote 10.0.0.129:58140] 2026-05-07 15:47:59.992 11 ERROR keystone.server.flask.application
File "/var/lib/openstack/lib/python3.12/site-packages/pymysql/protocol.py", line 219, in raise_for_error
[Thu May 07 15:48:00.009939 2026] [wsgi:error] [pid 11:tid 140550643275456] [remote 10.0.0.129:58140] 2026-05-07 15:47:59.992 11 ERROR keystone.server.flask.application err.raise_mysql_exception(self._data)
[Thu May 07 15:48:00.009940 2026] [wsgi:error] [pid 11:tid 140550643275456] [remote 10.0.0.129:58140] 2026-05-07 15:47:59.992 11 ERROR keystone.server.flask.application
File "/var/lib/openstack/lib/python3.12/site-packages/pymysql/err.py", line 150, in raise_mysql_exception
[Thu May 07 15:48:00.009942 2026] [wsgi:error] [pid 11:tid 140550643275456] [remote 10.0.0.129:58140] 2026-05-07 15:47:59.992 11 ERROR keystone.server.flask.application raise errorclass(errno, errval)
[Thu May 07 15:48:00.009943 2026] [wsgi:error] [pid 11:tid 140550643275456] [remote 10.0.0.129:58140] 2026-05-07 15:47:59.992 11 ERROR keystone.server.flask.application pymysql.err.IntegrityError: (1062, "Duplicate entry '<>-service' for key 'project.ixu_project_name_domain_id'")
[Thu May 07 15:48:00.009945 2026] [wsgi:error] [pid 11:tid 140550643275456] [remote 10.0.0.129:58140] 2026-05-07 15:47:59.992 11 ERROR keystone.server.flask.application
[Thu May 07 15:48:00.009947 2026] [wsgi:error] [pid 11:tid 140550643275456] [remote 10.0.0.129:58140] 2026-05-07 15:47:59.992 11 ERROR keystone.server.flask.application The above exception was the direct cause of the following exception:
[Thu May 07 15:48:00.009948 2026] [wsgi:error] [pid 11:tid 140550643275456] [remote 10.0.0.129:58140] 2026-05-07 15:47:59.992 11 ERROR keystone.server.flask.application
[Thu May 07 15:48:00.009949 2026] [wsgi:error] [pid 11:tid 140550643275456] [remote 10.0.0.129:58140] 2026-05-07 15:47:59.992 11 ERROR keystone.server.flask.application
Traceback (most recent call last):
[Thu May 07 15:48:00.009950 2026] [wsgi:error] [pid 11:tid 140550643275456] [remote 10.0.0.129:58140] 2026-05-07 15:47:59.992 11 ERROR keystone.server.flask.application
File "/var/lib/openstack/lib/python3.12/site-packages/keystone/common/sql/core.py", line 575, in wrapper
[Thu May 07 15:48:00.009952 2026] [wsgi:error] [pid 11:tid 140550643275456] [remote 10.0.0.129:58140] 2026-05-07 15:47:59.992 11 ERROR keystone.server.flask.application return method(*args, **kwargs)
[Thu May 07 15:48:00.009953 2026] [wsgi:error] [pid 11:tid 140550643275456] [remote 10.0.0.129:58140] 2026-05-07 15:47:59.992 11 ERROR keystone.server.flask.application ^^^^^^^^^^^^^^^^^^^^^^^
[Thu May 07 15:48:00.009955 2026] [wsgi:error] [pid 11:tid 140550643275456] [remote 10.0.0.129:58140] 2026-05-07 15:47:59.992 11 ERROR keystone.server.flask.application
File "/var/lib/openstack/lib/python3.12/site-packages/keystone/resource/backends/sql.py", line 278, in create_project
[Thu May 07 15:48:00.009957 2026] [wsgi:error] [pid 11:tid 140550643275456] [remote 10.0.0.129:58140] 2026-05-07 15:47:59.992 11 ERROR keystone.server.flask.application with sql.session_for_write() as session:
[Thu May 07 15:48:00.009958 2026] [wsgi:error] [pid 11:tid 140550643275456] [remote 10.0.0.129:58140] 2026-05-07 15:47:59.992 11 ERROR keystone.server.flask.application
File "/usr/lib/python3.12/contextlib.py", line 144, in __exit__
[Thu May 07 15:48:00.009959 2026] [wsgi:error] [pid 11:tid 140550643275456] [remote 10.0.0.129:58140] 2026-05-07 15:47:59.992 11 ERROR keystone.server.flask.application next(self.gen)
[Thu May 07 15:48:00.009961 2026] [wsgi:error] [pid 11:tid 140550643275456] [remote 10.0.0.129:58140] 2026-05-07 15:47:59.992 11 ERROR keystone.server.flask.application
File "/var/lib/openstack/lib/python3.12/site-packages/oslo_db/sqlalchemy/enginefacade.py", line 1175, in _transaction_scope
[Thu May 07 15:48:00.009962 2026] [wsgi:error] [pid 11:tid 140550643275456] [remote 10.0.0.129:58140] 2026-05-07 15:47:59.992 11 ERROR keystone.server.flask.application with current._produce_block(
[Thu May 07 15:48:00.009964 2026] [wsgi:error] [pid 11:tid 140550643275456] [remote 10.0.0.129:58140] 2026-05-07 15:47:59.992 11 ERROR keystone.server.flask.application
File "/usr/lib/python3.12/contextlib.py", line 144, in __exit__
[Thu May 07 15:48:00.009965 2026] [wsgi:error] [pid 11:tid 140550643275456] [remote 10.0.0.129:58140] 2026-05-07 15:47:59.992 11 ERROR keystone.server.flask.application next(self.gen)
[Thu May 07 15:48:00.009966 2026] [wsgi:error] [pid 11:tid 140550643275456] [remote 10.0.0.129:58140] 2026-05-07 15:47:59.992 11 ERROR keystone.server.flask.application
File "/var/lib/openstack/lib/python3.12/site-packages/oslo_db/sqlalchemy/enginefacade.py", line 837, in _session
[Thu May 07 15:48:00.009968 2026] [wsgi:error] [pid 11:tid 140550643275456] [remote 10.0.0.129:58140] 2026-05-07 15:47:59.992 11 ERROR keystone.server.flask.application with excutils.save_and_reraise_exception():
[Thu May 07 15:48:00.009969 2026] [wsgi:error] [pid 11:tid 140550643275456] [remote 10.0.0.129:58140] 2026-05-07 15:47:59.992 11 ERROR keystone.server.flask.application
File "/var/lib/openstack/lib/python3.12/site-packages/oslo_utils/excutils.py", line 271, in __exit__
[Thu May 07 15:48:00.009971 2026] [wsgi:error] [pid 11:tid 140550643275456] [remote 10.0.0.129:58140] 2026-05-07 15:47:59.992 11 ERROR keystone.server.flask.application self.force_reraise()
[Thu May 07 15:48:00.009972 2026] [wsgi:error] [pid 11:tid 140550643275456] [remote 10.0.0.129:58140] 2026-05-07 15:47:59.992 11 ERROR keystone.server.flask.application
File "/var/lib/openstack/lib/python3.12/site-packages/oslo_utils/excutils.py", line 233, in force_reraise
[Thu May 07 15:48:00.009987 2026] [wsgi:error] [pid 11:tid 140550643275456] [remote 10.0.0.129:58140] 2026-05-07 15:47:59.992 11 ERROR keystone.server.flask.application raise self.value
[Thu May 07 15:48:00.009989 2026] [wsgi:error] [pid 11:tid 140550643275456] [remote 10.0.0.129:58140] 2026-05-07 15:47:59.992 11 ERROR keystone.server.flask.application
File "/var/lib/openstack/lib/python3.12/site-packages/oslo_db/sqlalchemy/enginefacade.py", line 835, in _session
[Thu May 07 15:48:00.009990 2026] [wsgi:error] [pid 11:tid 140550643275456] [remote 10.0.0.129:58140] 2026-05-07 15:47:59.992 11 ERROR keystone.server.flask.application self._end_session_transaction(self.session)
[Thu May 07 15:48:00.009992 2026] [wsgi:error] [pid 11:tid 140550643275456] [remote 10.0.0.129:58140] 2026-05-07 15:47:59.992 11 ERROR keystone.server.flask.application
File "/var/lib/openstack/lib/python3.12/site-packages/oslo_db/sqlalchemy/enginefacade.py", line 748, in _end_session_transaction
[Thu May 07 15:48:00.009993 2026] [wsgi:error] [pid 11:tid 140550643275456] [remote 10.0.0.129:58140] 2026-05-07 15:47:59.992 11 ERROR keystone.server.flask.application session.commit()
[Thu May 07 15:48:00.009995 2026] [wsgi:error] [pid 11:tid 140550643275456] [remote 10.0.0.129:58140] 2026-05-07 15:47:59.992 11 ERROR keystone.server.flask.application
File "/var/lib/openstack/lib/python3.12/site-packages/sqlalchemy/orm/session.py", line 2030, in commit
[Thu May 07 15:48:00.009996 2026] [wsgi:error] [pid 11:tid 140550643275456] [remote 10.0.0.129:58140] 2026-05-07 15:47:59.992 11 ERROR keystone.server.flask.application trans.commit(_to_root=True)
[Thu May 07 15:48:00.009998 2026] [wsgi:error] [pid 11:tid 140550643275456] [remote 10.0.0.129:58140] 2026-05-07 15:47:59.992 11 ERROR keystone.server.flask.application File "", line 2, in commit
[Thu May 07 15:48:00.009999 2026] [wsgi:error] [pid 11:tid 140550643275456] [remote 10.0.0.129:58140] 2026-05-07 15:47:59.992 11 ERROR keystone.server.flask.application
File "/var/lib/openstack/lib/python3.12/site-packages/sqlalchemy/orm/state_changes.py", line 137, in _go
[Thu May 07 15:48:00.010001 2026] [wsgi:error] [pid 11:tid 140550643275456] [remote 10.0.0.129:58140] 2026-05-07 15:47:59.992 11 ERROR keystone.server.flask.application ret_value = fn(self, *arg, **kw)
[Thu May 07 15:48:00.010002 2026] [wsgi:error] [pid 11:tid 140550643275456] [remote 10.0.0.129:58140] 2026-05-07 15:47:59.992 11 ERROR keystone.server.flask.application ^^^^^^^^^^^^^^^^^^^^
[Thu May 07 15:48:00.010004 2026] [wsgi:error] [pid 11:tid 140550643275456] [remote 10.0.0.129:58140] 2026-05-07 15:47:59.992 11 ERROR keystone.server.flask.application
File "/var/lib/openstack/lib/python3.12/site-packages/sqlalchemy/orm/session.py", line 1311, in commit
[Thu May 07 15:48:00.010005 2026] [wsgi:error] [pid 11:tid 140550643275456] [remote 10.0.0.129:58140] 2026-05-07 15:47:59.992 11 ERROR keystone.server.flask.application self._prepare_impl()
[Thu May 07 15:48:00.010007 2026] [wsgi:error] [pid 11:tid 140550643275456] [remote 10.0.0.129:58140] 2026-05-07 15:47:59.992 11 ERROR keystone.server.flask.application File "", line 2, in _prepare_impl
[Thu May 07 15:48:00.010009 2026] [wsgi:error] [pid 11:tid 140550643275456] [remote 10.0.0.129:58140] 2026-05-07 15:47:59.992 11 ERROR keystone.server.flask.application
File "/var/lib/openstack/lib/python3.12/site-packages/sqlalchemy/orm/state_changes.py", line 137, in _go
[Thu May 07 15:48:00.010010 2026] [wsgi:error] [pid 11:tid 140550643275456] [remote 10.0.0.129:58140] 2026-05-07 15:47:59.992 11 ERROR keystone.server.flask.application ret_value = fn(self, *arg, **kw)
[Thu May 07 15:48:00.010012 2026] [wsgi:error] [pid 11:tid 140550643275456] [remote 10.0.0.129:58140] 2026-05-07 15:47:59.992 11 ERROR keystone.server.flask.application ^^^^^^^^^^^^^^^^^^^^
[Thu May 07 15:48:00.010014 2026] [wsgi:error] [pid 11:tid 140550643275456] [remote 10.0.0.129:58140] 2026-05-07 15:47:59.992 11 ERROR keystone.server.flask.application
File "/var/lib/openstack/lib/python3.12/site-packages/sqlalchemy/orm/session.py", line 1286, in _prepare_impl
[Thu May 07 15:48:00.010015 2026] [wsgi:error] [pid 11:tid 140550643275456] [remote 10.0.0.129:58140] 2026-05-07 15:47:59.992 11 ERROR keystone.server.flask.application self.session.flush()
[Thu May 07 15:48:00.010017 2026] [wsgi:error] [pid 11:tid 140550643275456] [remote 10.0.0.129:58140] 2026-05-07 15:47:59.992 11 ERROR keystone.server.flask.application
File "/var/lib/openstack/lib/python3.12/site-packages/sqlalchemy/orm/session.py", line 4331, in flush
[Thu May 07 15:48:00.010018 2026] [wsgi:error] [pid 11:tid 140550643275456] [remote 10.0.0.129:58140] 2026-05-07 15:47:59.992 11 ERROR keystone.server.flask.application self._flush(objects)
[Thu May 07 15:48:00.010020 2026] [wsgi:error] [pid 11:tid 140550643275456] [remote 10.0.0.129:58140] 2026-05-07 15:47:59.992 11 ERROR keystone.server.flask.application
File "/var/lib/openstack/lib/python3.12/site-packages/sqlalchemy/orm/session.py", line 4466, in _flush
[Thu May 07 15:48:00.010021 2026] [wsgi:error] [pid 11:tid 140550643275456] [remote 10.0.0.129:58140] 2026-05-07 15:47:59.992 11 ERROR keystone.server.flask.application with util.safe_reraise():
[Thu May 07 15:48:00.010022 2026] [wsgi:error] [pid 11:tid 140550643275456] [remote 10.0.0.129:58140] 2026-05-07 15:47:59.992 11 ERROR keystone.server.flask.application
File "/var/lib/openstack/lib/python3.12/site-packages/sqlalchemy/util/langhelpers.py", line 121, in __exit__
[Thu May 07 15:48:00.010024 2026] [wsgi:error] [pid 11:tid 140550643275456] [remote 10.0.0.129:58140] 2026-05-07 15:47:59.992 11 ERROR keystone.server.flask.application raise exc_value.with_traceback(exc_tb)
[Thu May 07 15:48:00.010025 2026] [wsgi:error] [pid 11:tid 140550643275456] [remote 10.0.0.129:58140] 2026-05-07 15:47:59.992 11 ERROR keystone.server.flask.application
File "/var/lib/openstack/lib/python3.12/site-packages/sqlalchemy/orm/session.py", line 4427, in _flush
[Thu May 07 15:48:00.010028 2026] [wsgi:error] [pid 11:tid 140550643275456] [remote 10.0.0.129:58140] 2026-05-07 15:47:59.992 11 ERROR keystone.server.flask.application flush_context.execute()
[Thu May 07 15:48:00.010030 2026] [wsgi:error] [pid 11:tid 140550643275456] [remote 10.0.0.129:58140] 2026-05-07 15:47:59.992 11 ERROR keystone.server.flask.application
File "/var/lib/openstack/lib/python3.12/site-packages/sqlalchemy/orm/unitofwork.py", line 466, in execute
