2026-05-12 16:30:12.424 8 INFO neutron.db.segments_db [None req-640ec53d-f2c8-47ac-a893-cd8eefcc0003 eabe6129a07440f0b7258309f55c9787 24cc2fbc6a00489f95df7cdd77a7270d - - default default] Added segment ebc475e1-8d88-4bda-aebc-69bc66b76555 of type geneve for network 2b0cc7e2-25b9-4af7-bb29-5882602ef148 [pid: 7|app: 0|req: 1044/2092] 10.0.0.24 () {32 vars in 673 bytes} [Tue May 12 16:30:12 2026] GET /v2.0/ports?tags=red%2Cblue => generated 1513 bytes in 66 msecs (HTTP/1.1 200) 4 headers in 158 bytes (1 switches on core 0)
2026-05-12 16:30:12.566 8 INFO neutron.db.ovn_revision_numbers_db [None req-640ec53d-f2c8-47ac-a893-cd8eefcc0003 eabe6129a07440f0b7258309f55c9787 24cc2fbc6a00489f95df7cdd77a7270d - - default default] Successfully bumped revision number for resource 2b0cc7e2-25b9-4af7-bb29-5882602ef148 (type: networks) to 1 [pid: 7|app: 0|req: 1045/2093] 10.0.0.24 () {32 vars in 669 bytes} [Tue May 12 16:30:12 2026] GET /v2.0/ports?tags-any=blue => generated 1513 bytes in 88 msecs (HTTP/1.1 200) 4 headers in 158 bytes (1 switches on core 0) [pid: 7|app: 0|req: 1046/2094] 10.0.0.24 () {32 vars in 681 bytes} [Tue May 12 16:30:12 2026] GET /v2.0/ports?tags-any=red%2Cblue => generated 2253 bytes in 47 msecs (HTTP/1.1 200) 4 headers in 158 bytes (1 switches on core 0) [pid: 7|app: 0|req: 1047/2095] 10.0.0.24 () {32 vars in 667 bytes} [Tue May 12 16:30:12 2026] GET /v2.0/ports?not-tags=red => generated 5268 bytes in 82 msecs (HTTP/1.1 200) 4 headers in 158 bytes (1 switches on core 0)
2026-05-12 16:30:12.761 8 WARNING neutron.scheduler.dhcp_agent_scheduler [None req-640ec53d-f2c8-47ac-a893-cd8eefcc0003 eabe6129a07440f0b7258309f55c9787 24cc2fbc6a00489f95df7cdd77a7270d - - default default] No more DHCP agents
2026-05-12 16:30:12.765 8 WARNING neutron.api.rpc.agentnotifiers.dhcp_rpc_agent_api [None req-640ec53d-f2c8-47ac-a893-cd8eefcc0003 eabe6129a07440f0b7258309f55c9787 24cc2fbc6a00489f95df7cdd77a7270d - - default default] Unable to schedule network 2b0cc7e2-25b9-4af7-bb29-5882602ef148: no agents available; will retry on subsequent port and subnet creation events.
2026-05-12 16:30:12.766 8 INFO neutron.notifiers.nova [-] Nova event matching ['req-073ebe25-2d66-4510-85e4-4d4e91d41ed6'] response: {'server_uuid': '287a2640-f71e-4b9f-b2a0-7474624365a0', 'name': 'network-vif-plugged', 'status': 'completed', 'tag': 'f8ddcfae-befa-4a25-89ae-470bd3781a79', 'code': 200}
2026-05-12 16:30:12.843 8 INFO neutron.plugins.ml2.drivers.ovn.mech_driver.mech_driver [None req-50a29fe6-6122-4828-af4f-730052e274b4 - - - - - -] OVN reports status down for port: f9a10db9-b05f-4031-8e19-4a97b1de5b39
2026-05-12 16:30:12.901 8 INFO neutron.db.ovn_revision_numbers_db [None req-640ec53d-f2c8-47ac-a893-cd8eefcc0003 eabe6129a07440f0b7258309f55c9787 24cc2fbc6a00489f95df7cdd77a7270d - - default default] Successfully bumped revision number for resource f9a10db9-b05f-4031-8e19-4a97b1de5b39 (type: ports) to 1 [pid: 7|app: 0|req: 1048/2096] 10.0.0.24 () {32 vars in 681 bytes} [Tue May 12 16:30:12 2026] GET /v2.0/ports?not-tags=red%2Cblue => generated 6008 bytes in 186 msecs (HTTP/1.1 200) 4 headers in 158 bytes (1 switches on core 0) [pid: 8|app: 0|req: 1049/2097] 10.0.0.24 () {34 vars in 669 bytes} [Tue May 12 16:30:12 2026] POST /v2.0/networks => generated 670 bytes in 578 msecs (HTTP/1.1 201) 4 headers in 162 bytes (1 switches on core 0) [pid: 7|app: 0|req: 1049/2098] 10.0.0.24 () {32 vars in 677 bytes} [Tue May 12 16:30:12 2026] GET /v2.0/ports?not-tags-any=blue => generated 6008 bytes in 91 msecs (HTTP/1.1 200) 4 headers in 158 bytes (1 switches on core 0) [pid: 7|app: 0|req: 1050/2099] 10.0.0.24 () {32 vars in 689 bytes} [Tue May 12 16:30:13 2026] GET /v2.0/ports?not-tags-any=red%2Cblue => generated 5268 bytes in 56 msecs (HTTP/1.1 200) 4 headers in 158 bytes (1 switches on core 0)
2026-05-12 16:30:13.125 8 WARNING neutron.scheduler.dhcp_agent_scheduler [None req-aa0528b6-42c7-4422-80e0-80fcf2bb4037 eabe6129a07440f0b7258309f55c9787 24cc2fbc6a00489f95df7cdd77a7270d - - default default] No more DHCP agents
2026-05-12 16:30:13.126 8 WARNING neutron.api.rpc.agentnotifiers.dhcp_rpc_agent_api [None req-aa0528b6-42c7-4422-80e0-80fcf2bb4037 eabe6129a07440f0b7258309f55c9787 24cc2fbc6a00489f95df7cdd77a7270d - - default default] Unable to schedule network 2b0cc7e2-25b9-4af7-bb29-5882602ef148: no agents available; will retry on subsequent port and subnet creation events.
2026-05-12 16:30:13.191 7 INFO neutron_taas.services.taas.taas_plugin [None req-aac531f8-3f2f-42f6-95a3-42914e48b1e6 8034a70a1f7c46af872f7282b19b5731 ab65ccacaa8d4e30a760c21dcbebd119 - - default default] TaaS: Handle Delete Port: 7e58dad3-19fd-48ab-bda0-b10e5e0e08ce
2026-05-12 16:30:13.193 7 INFO neutron_taas.services.taas.tap_mirror_plugin [None req-aac531f8-3f2f-42f6-95a3-42914e48b1e6 8034a70a1f7c46af872f7282b19b5731 ab65ccacaa8d4e30a760c21dcbebd119 - - default default] Tap Mirror: Handle Delete Port: 7e58dad3-19fd-48ab-bda0-b10e5e0e08ce [pid: 7|app: 0|req: 1051/2100] 10.0.0.24 () {32 vars in 719 bytes} [Tue May 12 16:30:13 2026] DELETE /v2.0/ports/7e58dad3-19fd-48ab-bda0-b10e5e0e08ce => generated 0 bytes in 270 msecs (HTTP/1.1 204) 3 headers in 131 bytes (1 switches on core 0) [pid: 7|app: 0|req: 1052/2101] 10.0.0.125 () {34 vars in 990 bytes} [Tue May 12 16:30:13 2026] GET /v2.0/ports?device_id=287a2640-f71e-4b9f-b2a0-7474624365a0 => generated 975 bytes in 35 msecs (HTTP/1.1 200) 4 headers in 157 bytes (1 switches on core 0)
2026-05-12 16:30:13.494 7 INFO neutron_taas.services.taas.taas_plugin [None req-2fde4a76-387e-4c1c-bde1-3278c27ca67c 8034a70a1f7c46af872f7282b19b5731 ab65ccacaa8d4e30a760c21dcbebd119 - - default default] TaaS: Handle Delete Port: e2e5da2a-a50e-43f4-9079-f900e30d0f5b
2026-05-12 16:30:13.496 7 INFO neutron_taas.services.taas.tap_mirror_plugin [None req-2fde4a76-387e-4c1c-bde1-3278c27ca67c 8034a70a1f7c46af872f7282b19b5731 ab65ccacaa8d4e30a760c21dcbebd119 - - default default] Tap Mirror: Handle Delete Port: e2e5da2a-a50e-43f4-9079-f900e30d0f5b [pid: 7|app: 0|req: 1053/2102] 10.0.0.24 () {32 vars in 719 bytes} [Tue May 12 16:30:13 2026] DELETE /v2.0/ports/e2e5da2a-a50e-43f4-9079-f900e30d0f5b => generated 0 bytes in 256 msecs (HTTP/1.1 204) 3 headers in 131 bytes (1 switches on core 0) [pid: 7|app: 0|req: 1054/2103] 10.0.0.125 () {34 vars in 1040 bytes} [Tue May 12 16:30:13 2026] GET /v2.0/security-groups?id=63b41e8c-cc12-4ae3-a733-6ecc7cf63f34&fields=id&fields=name => generated 114 bytes in 25 msecs (HTTP/1.1 200) 4 headers in 157 bytes (1 switches on core 0)
2026-05-12 16:30:13.753 8 INFO neutron.db.ovn_revision_numbers_db [None req-aa0528b6-42c7-4422-80e0-80fcf2bb4037 eabe6129a07440f0b7258309f55c9787 24cc2fbc6a00489f95df7cdd77a7270d - - default default] Successfully bumped revision number for resource f9a10db9-b05f-4031-8e19-4a97b1de5b39 (type: ports) to 2
2026-05-12 16:30:13.800 8 INFO neutron.db.ovn_revision_numbers_db [None req-aa0528b6-42c7-4422-80e0-80fcf2bb4037 eabe6129a07440f0b7258309f55c9787 24cc2fbc6a00489f95df7cdd77a7270d - - default default] Successfully bumped revision number for resource de393d51-f8c3-4064-8b13-8e08c9a7b858 (type: subnets) to 0 [pid: 8|app: 0|req: 1050/2104] 10.0.0.24 () {34 vars in 668 bytes} [Tue May 12 16:30:12 2026] POST /v2.0/subnets => generated 629 bytes in 885 msecs (HTTP/1.1 201) 4 headers in 162 bytes (1 switches on core 0)
2026-05-12 16:30:13.822 7 INFO neutron_taas.services.taas.taas_plugin [None req-9621b62e-0b57-4a52-a3ab-80282fd6dde2 8034a70a1f7c46af872f7282b19b5731 ab65ccacaa8d4e30a760c21dcbebd119 - - default default] TaaS: Handle Delete Port: 606435e9-6b54-41ca-add5-121536dfc0a8
2026-05-12 16:30:13.825 7 INFO neutron_taas.services.taas.tap_mirror_plugin [None req-9621b62e-0b57-4a52-a3ab-80282fd6dde2 8034a70a1f7c46af872f7282b19b5731 ab65ccacaa8d4e30a760c21dcbebd119 - - default default] Tap Mirror: Handle Delete Port: 606435e9-6b54-41ca-add5-121536dfc0a8 [pid: 8|app: 0|req: 1051/2105] 10.0.0.125 () {34 vars in 990 bytes} [Tue May 12 16:30:13 2026] GET /v2.0/ports?device_id=287a2640-f71e-4b9f-b2a0-7474624365a0 => generated 975 bytes in 73 msecs (HTTP/1.1 200) 4 headers in 157 bytes (1 switches on core 0)
2026-05-12 16:30:13.987 8 INFO neutron.db.segments_db [None req-7c54a7ba-a5e3-4d4a-b577-62d953e8dce3 eabe6129a07440f0b7258309f55c9787 24cc2fbc6a00489f95df7cdd77a7270d - - default default] Added segment a942104b-f984-4a95-8d93-b106007da502 of type geneve for network 3564d70f-98c4-42d9-97ed-b468a1bce296 [pid: 7|app: 0|req: 1055/2106] 10.0.0.24 () {32 vars in 719 bytes} [Tue May 12 16:30:13 2026] DELETE /v2.0/ports/606435e9-6b54-41ca-add5-121536dfc0a8 => generated 0 bytes in 349 msecs (HTTP/1.1 204) 3 headers in 131 bytes (1 switches on core 0) [pid: 7|app: 0|req: 1056/2107] 10.0.0.125 () {34 vars in 1040 bytes} [Tue May 12 16:30:14 2026] GET /v2.0/security-groups?id=63b41e8c-cc12-4ae3-a733-6ecc7cf63f34&fields=id&fields=name => generated 114 bytes in 50 msecs (HTTP/1.1 200) 4 headers in 157 bytes (1 switches on core 0)
2026-05-12 16:30:14.183 8 INFO neutron.db.ovn_revision_numbers_db [None req-7c54a7ba-a5e3-4d4a-b577-62d953e8dce3 eabe6129a07440f0b7258309f55c9787 24cc2fbc6a00489f95df7cdd77a7270d - - default default] Successfully bumped revision number for resource 3564d70f-98c4-42d9-97ed-b468a1bce296 (type: networks) to 1
2026-05-12 16:30:14.226 7 INFO neutron_taas.services.taas.taas_plugin [None req-dfb76396-0ece-4483-9d2f-b45c42a52dc3 8034a70a1f7c46af872f7282b19b5731 ab65ccacaa8d4e30a760c21dcbebd119 - - default default] TaaS: Handle Delete Port: 5313a6cd-5ecd-4888-b922-2c03f30174a3
2026-05-12 16:30:14.230 7 INFO neutron_taas.services.taas.tap_mirror_plugin [None req-dfb76396-0ece-4483-9d2f-b45c42a52dc3 8034a70a1f7c46af872f7282b19b5731 ab65ccacaa8d4e30a760c21dcbebd119 - - default default] Tap Mirror: Handle Delete Port: 5313a6cd-5ecd-4888-b922-2c03f30174a3
2026-05-12 16:30:14.378 8 WARNING neutron.scheduler.dhcp_agent_scheduler [None req-7c54a7ba-a5e3-4d4a-b577-62d953e8dce3 eabe6129a07440f0b7258309f55c9787 24cc2fbc6a00489f95df7cdd77a7270d - - default default] No more DHCP agents
2026-05-12 16:30:14.381 8 WARNING neutron.api.rpc.agentnotifiers.dhcp_rpc_agent_api [None req-7c54a7ba-a5e3-4d4a-b577-62d953e8dce3 eabe6129a07440f0b7258309f55c9787 24cc2fbc6a00489f95df7cdd77a7270d - - default default] Unable to schedule network 3564d70f-98c4-42d9-97ed-b468a1bce296: no agents available; will retry on subsequent port and subnet creation events. [pid: 7|app: 0|req: 1059/2110] 10.0.0.24 () {32 vars in 719 bytes} [Tue May 12 16:30:14 2026] DELETE /v2.0/ports/5313a6cd-5ecd-4888-b922-2c03f30174a3 => generated 0 bytes in 327 msecs (HTTP/1.1 204) 3 headers in 131 bytes (1 switches on core 0) [pid: 7|app: 0|req: 1060/2111] 10.0.0.24 () {32 vars in 735 bytes} [Tue May 12 16:30:14 2026] GET /v2.0/ports?device_id=287a2640-f71e-4b9f-b2a0-7474624365a0 => generated 1236 bytes in 29 msecs (HTTP/1.1 200) 4 headers in 158 bytes (1 switches on core 0)
2026-05-12 16:30:14.467 8 INFO neutron.plugins.ml2.drivers.ovn.mech_driver.mech_driver [None req-50a29fe6-6122-4828-af4f-730052e274b4 - - - - - -] OVN reports status down for port: ae4aee45-db3b-461f-b7f9-6567fd252e4c
2026-05-12 16:30:14.541 8 INFO neutron.db.ovn_revision_numbers_db [None req-7c54a7ba-a5e3-4d4a-b577-62d953e8dce3 eabe6129a07440f0b7258309f55c9787 24cc2fbc6a00489f95df7cdd77a7270d - - default default] Successfully bumped revision number for resource ae4aee45-db3b-461f-b7f9-6567fd252e4c (type: ports) to 1 [pid: 8|app: 0|req: 1052/2112] 10.0.0.24 () {34 vars in 669 bytes} [Tue May 12 16:30:13 2026] POST /v2.0/networks => generated 670 bytes in 697 msecs (HTTP/1.1 201) 4 headers in 162 bytes (1 switches on core 0)
2026-05-12 16:30:14.597 7 INFO neutron_taas.services.taas.taas_plugin [None req-8a120364-b490-41dd-9cb4-2995082f84b5 8034a70a1f7c46af872f7282b19b5731 ab65ccacaa8d4e30a760c21dcbebd119 - - default default] TaaS: Handle Delete Port: 777d32a1-626f-47f8-beeb-5440d74c1fed
2026-05-12 16:30:14.599 7 INFO neutron_taas.services.taas.tap_mirror_plugin [None req-8a120364-b490-41dd-9cb4-2995082f84b5 8034a70a1f7c46af872f7282b19b5731 ab65ccacaa8d4e30a760c21dcbebd119 - - default default] Tap Mirror: Handle Delete Port: 777d32a1-626f-47f8-beeb-5440d74c1fed [pid: 7|app: 0|req: 1061/2113] 10.0.0.24 () {32 vars in 719 bytes} [Tue May 12 16:30:14 2026] DELETE /v2.0/ports/777d32a1-626f-47f8-beeb-5440d74c1fed => generated 0 bytes in 325 msecs (HTTP/1.1 204) 3 headers in 131 bytes (1 switches on core 0)
2026-05-12 16:30:14.895 8 WARNING neutron.scheduler.dhcp_agent_scheduler [None req-5408af5f-c4ca-4884-8cfc-eb3e01174f44 180cf88aa6244b4a9322e0bf8cb8da7f 7b6d836fdfcf413d9db79cd904de9898 - - default default] No more DHCP agents
2026-05-12 16:30:14.897 8 WARNING neutron.api.rpc.agentnotifiers.dhcp_rpc_agent_api [None req-5408af5f-c4ca-4884-8cfc-eb3e01174f44 180cf88aa6244b4a9322e0bf8cb8da7f 7b6d836fdfcf413d9db79cd904de9898 - - default default] Unable to schedule network faed616b-7d61-4aa7-96ec-fbcf074fe914: no agents available; will retry on subsequent port and subnet creation events.
2026-05-12 16:30:14.947 7 WARNING neutron.scheduler.dhcp_agent_scheduler [None req-7cb0a281-da0d-4b24-b572-794b5e0cba95 eabe6129a07440f0b7258309f55c9787 24cc2fbc6a00489f95df7cdd77a7270d - - default default] No more DHCP agents
2026-05-12 16:30:14.948 7 WARNING neutron.api.rpc.agentnotifiers.dhcp_rpc_agent_api [None req-7cb0a281-da0d-4b24-b572-794b5e0cba95 eabe6129a07440f0b7258309f55c9787 24cc2fbc6a00489f95df7cdd77a7270d - - default default] Unable to schedule network 3564d70f-98c4-42d9-97ed-b468a1bce296: no agents available; will retry on subsequent port and subnet creation events.
2026-05-12 16:30:15.439 7 INFO neutron.db.ovn_revision_numbers_db [None req-7cb0a281-da0d-4b24-b572-794b5e0cba95 eabe6129a07440f0b7258309f55c9787 24cc2fbc6a00489f95df7cdd77a7270d - - default default] Successfully bumped revision number for resource ae4aee45-db3b-461f-b7f9-6567fd252e4c (type: ports) to 2
2026-05-12 16:30:15.477 7 INFO neutron.db.ovn_revision_numbers_db [None req-7cb0a281-da0d-4b24-b572-794b5e0cba95 eabe6129a07440f0b7258309f55c9787 24cc2fbc6a00489f95df7cdd77a7270d - - default default] Successfully bumped revision number for resource 4e3f9046-e48e-47fc-9a0c-3f8fc58c17cf (type: subnets) to 0 [pid: 7|app: 0|req: 1062/2114] 10.0.0.24 () {34 vars in 668 bytes} [Tue May 12 16:30:14 2026] POST /v2.0/subnets => generated 629 bytes in 745 msecs (HTTP/1.1 201) 4 headers in 162 bytes (1 switches on core 0)
2026-05-12 16:30:15.652 7 INFO neutron_taas.services.taas.taas_plugin [None req-dec7807a-60a3-4d1e-b3b6-261ba432c03d 8034a70a1f7c46af872f7282b19b5731 ab65ccacaa8d4e30a760c21dcbebd119 - - default default] TaaS: Handle Delete Port: 40db6bce-bd62-4e00-8043-ced32fddb80d
2026-05-12 16:30:15.654 7 INFO neutron_taas.services.taas.tap_mirror_plugin [None req-dec7807a-60a3-4d1e-b3b6-261ba432c03d 8034a70a1f7c46af872f7282b19b5731 ab65ccacaa8d4e30a760c21dcbebd119 - - default default] Tap Mirror: Handle Delete Port: 40db6bce-bd62-4e00-8043-ced32fddb80d
2026-05-12 16:30:15.733 8 INFO neutron.db.ovn_revision_numbers_db [None req-5408af5f-c4ca-4884-8cfc-eb3e01174f44 180cf88aa6244b4a9322e0bf8cb8da7f 7b6d836fdfcf413d9db79cd904de9898 - - default default] Successfully bumped revision number for resource 5fff3ac9-3e53-4756-953a-d1667673b0da (type: floatingips) to 1
2026-05-12 16:30:15.733 8 INFO neutron.db.l3_db [None req-5408af5f-c4ca-4884-8cfc-eb3e01174f44 180cf88aa6244b4a9322e0bf8cb8da7f 7b6d836fdfcf413d9db79cd904de9898 - - default default] Floating IP 5fff3ac9-3e53-4756-953a-d1667673b0da associated. External IP: 10.96.250.201, port: f8ddcfae-befa-4a25-89ae-470bd3781a79. [pid: 8|app: 0|req: 1053/2115] 10.0.0.24 () {34 vars in 676 bytes} [Tue May 12 16:30:14 2026] POST /v2.0/floatingips => generated 856 bytes in 1213 msecs (HTTP/1.1 201) 4 headers in 162 bytes (1 switches on core 0) /var/lib/openstack/lib/python3.12/site-packages/pycadf/identifier.py:70: UserWarning: Invalid uuid: neutron. To ensure interoperability, identifiers should be a valid uuid. warnings.warn(('Invalid uuid: %s. To ensure interoperability, '
2026-05-12 16:30:15.852 8 INFO neutron.notifiers.nova [-] Nova event matching ['req-277e2589-041c-462d-907f-954b3b944e12'] response: {'name': 'network-changed', 'server_uuid': '287a2640-f71e-4b9f-b2a0-7474624365a0', 'tag': 'f8ddcfae-befa-4a25-89ae-470bd3781a79', 'status': 'completed', 'code': 200}
2026-05-12 16:30:15.855 7 INFO neutron.services.segments.plugin [-] Segment 5afbc95b-f74e-46b3-86f9-7878160dc3c5 resource provider aggregate not found
2026-05-12 16:30:15.856 7 INFO neutron.services.segments.plugin [-] Segment 5afbc95b-f74e-46b3-86f9-7878160dc3c5 resource provider aggregate not found [pid: 8|app: 0|req: 1054/2116] 10.0.0.24 () {34 vars in 750 bytes} [Tue May 12 16:30:15 2026] PUT /v2.0/subnets/dbff96c8-a4ce-48dd-b598-95b88f274a9e/tags => generated 17 bytes in 73 msecs (HTTP/1.1 200) 4 headers in 156 bytes (1 switches on core 0)
2026-05-12 16:30:15.882 7 INFO neutron.services.segments.plugin [-] Segment 5afbc95b-f74e-46b3-86f9-7878160dc3c5 resource provider not found; error: Placement Client Error (4xx): {"errors": [{"status": 404, "title": "Not Found", "detail": "The resource could not be found.\n\n No resource provider with uuid 5afbc95b-f74e-46b3-86f9-7878160dc3c5 found for delete ", "request_id": "req-6c8dcbca-40b5-4975-a82a-4c93b052267e"}]}
2026-05-12 16:30:15.883 7 INFO neutron.services.segments.plugin [-] Segment 5afbc95b-f74e-46b3-86f9-7878160dc3c5 resource provider not found; error: Placement Client Error (4xx): {"errors": [{"status": 404, "title": "Not Found", "detail": "The resource could not be found.\n\n No resource provider with uuid 5afbc95b-f74e-46b3-86f9-7878160dc3c5 found for delete ", "request_id": "req-703eead3-82bb-4bfd-9887-2a8b189370e5"}]} [pid: 7|app: 0|req: 1063/2117] 10.0.0.24 () {32 vars in 725 bytes} [Tue May 12 16:30:15 2026] DELETE /v2.0/networks/43418d93-711b-43ab-8d9a-1b985f239390 => generated 0 bytes in 438 msecs (HTTP/1.1 204) 3 headers in 131 bytes (1 switches on core 0) [pid: 8|app: 0|req: 1055/2118] 10.0.0.24 () {32 vars in 728 bytes} [Tue May 12 16:30:15 2026] GET /v2.0/floatingips/5fff3ac9-3e53-4756-953a-d1667673b0da => generated 858 bytes in 72 msecs (HTTP/1.1 200) 4 headers in 157 bytes (1 switches on core 0) [pid: 7|app: 0|req: 1064/2119] 10.0.0.24 () {34 vars in 750 bytes} [Tue May 12 16:30:15 2026] PUT /v2.0/subnets/6d90a848-4b47-4fb7-a61a-29b4838858f2/tags => generated 25 bytes in 65 msecs (HTTP/1.1 200) 4 headers in 156 bytes (1 switches on core 0) [pid: 7|app: 0|req: 1065/2120] 10.0.0.24 () {34 vars in 750 bytes} [Tue May 12 16:30:16 2026] PUT /v2.0/subnets/9f4a787d-b2a3-4443-a346-71aeb47fcd52/tags => generated 34 bytes in 50 msecs (HTTP/1.1 200) 4 headers in 156 bytes (1 switches on core 0)
2026-05-12 16:30:16.077 8 INFO neutron_taas.services.taas.taas_plugin [None req-e0e1a788-e9f9-44f5-9514-57ea09bf1f77 8034a70a1f7c46af872f7282b19b5731 ab65ccacaa8d4e30a760c21dcbebd119 - - default default] TaaS: Handle Delete Port: 03a9bdec-bd77-4369-b4ce-5cb91eb4023a
2026-05-12 16:30:16.080 8 INFO neutron_taas.services.taas.tap_mirror_plugin [None req-e0e1a788-e9f9-44f5-9514-57ea09bf1f77 8034a70a1f7c46af872f7282b19b5731 ab65ccacaa8d4e30a760c21dcbebd119 - - default default] Tap Mirror: Handle Delete Port: 03a9bdec-bd77-4369-b4ce-5cb91eb4023a [pid: 7|app: 0|req: 1066/2121] 10.0.0.24 () {34 vars in 750 bytes} [Tue May 12 16:30:16 2026] PUT /v2.0/subnets/de393d51-f8c3-4064-8b13-8e08c9a7b858/tags => generated 19 bytes in 66 msecs (HTTP/1.1 200) 4 headers in 156 bytes (1 switches on core 0) [pid: 7|app: 0|req: 1067/2122] 10.0.0.24 () {32 vars in 663 bytes} [Tue May 12 16:30:16 2026] GET /v2.0/subnets?tags=red => generated 1904 bytes in 83 msecs (HTTP/1.1 200) 4 headers in 158 bytes (1 switches on core 0) [pid: 7|app: 0|req: 1068/2123] 10.0.0.24 () {32 vars in 677 bytes} [Tue May 12 16:30:16 2026] GET /v2.0/subnets?tags=red%2Cblue => generated 1283 bytes in 55 msecs (HTTP/1.1 200) 4 headers in 158 bytes (1 switches on core 0)
2026-05-12 16:30:16.286 8 INFO neutron.services.segments.plugin [-] Segment 151ebd38-fade-4e47-a991-6c341dd6d702 resource provider aggregate not found
2026-05-12 16:30:16.290 8 INFO neutron.services.segments.plugin [-] Segment 151ebd38-fade-4e47-a991-6c341dd6d702 resource provider aggregate not found
2026-05-12 16:30:16.303 8 INFO neutron.services.segments.plugin [-] Segment 151ebd38-fade-4e47-a991-6c341dd6d702 resource provider not found; error: Placement Client Error (4xx): {"errors": [{"status": 404, "title": "Not Found", "detail": "The resource could not be found.\n\n No resource provider with uuid 151ebd38-fade-4e47-a991-6c341dd6d702 found for delete ", "request_id": "req-b0768cc3-d581-42e6-94e8-05f8203d1f79"}]}
2026-05-12 16:30:16.305 8 INFO neutron.services.segments.plugin [-] Segment 151ebd38-fade-4e47-a991-6c341dd6d702 resource provider not found; error: Placement Client Error (4xx): {"errors": [{"status": 404, "title": "Not Found", "detail": "The resource could not be found.\n\n No resource provider with uuid 151ebd38-fade-4e47-a991-6c341dd6d702 found for delete ", "request_id": "req-dd7a8ed4-743d-4537-923c-8ca187bf7d0c"}]} [pid: 8|app: 0|req: 1056/2124] 10.0.0.24 () {32 vars in 725 bytes} [Tue May 12 16:30:15 2026] DELETE /v2.0/networks/915d9b9a-a174-422e-b350-4de17b6fccf4 => generated 0 bytes in 398 msecs (HTTP/1.1 204) 3 headers in 131 bytes (1 switches on core 0) [pid: 8|app: 0|req: 1057/2125] 10.0.0.24 () {32 vars in 673 bytes} [Tue May 12 16:30:16 2026] GET /v2.0/subnets?tags-any=blue => generated 1283 bytes in 37 msecs (HTTP/1.1 200) 4 headers in 158 bytes (1 switches on core 0)
2026-05-12 16:30:16.497 8 INFO neutron_taas.services.taas.taas_plugin [None req-e4adcdab-83db-4e88-862f-3da713805132 8034a70a1f7c46af872f7282b19b5731 ab65ccacaa8d4e30a760c21dcbebd119 - - default default] TaaS: Handle Delete Port: 59dc5346-307c-4931-a28d-b7831c09afa3
2026-05-12 16:30:16.500 8 INFO neutron_taas.services.taas.tap_mirror_plugin [None req-e4adcdab-83db-4e88-862f-3da713805132 8034a70a1f7c46af872f7282b19b5731 ab65ccacaa8d4e30a760c21dcbebd119 - - default default] Tap Mirror: Handle Delete Port: 59dc5346-307c-4931-a28d-b7831c09afa3
2026-05-12 16:30:16.593 7 INFO neutron.db.ovn_revision_numbers_db [None req-f4d68020-b617-4f96-be6f-a36186a59fa9 033b2e29beba426ab99cc9f8c5b5081c 518d6855fe244647b96a089da50f935c - - default default] Successfully bumped revision number for resource ab9458d0-ea3d-493c-b857-41a4da2abb19 (type: security_groups) to 1
2026-05-12 16:30:16.611 7 INFO neutron.db.ovn_revision_numbers_db [None req-f4d68020-b617-4f96-be6f-a36186a59fa9 033b2e29beba426ab99cc9f8c5b5081c 518d6855fe244647b96a089da50f935c - - default default] Successfully bumped revision number for resource 956df5ae-1284-4349-b674-36183d8bdcd1 (type: security_group_rules) to 0
2026-05-12 16:30:16.634 7 INFO neutron.db.ovn_revision_numbers_db [None req-f4d68020-b617-4f96-be6f-a36186a59fa9 033b2e29beba426ab99cc9f8c5b5081c 518d6855fe244647b96a089da50f935c - - default default] Successfully bumped revision number for resource b3a68907-39ef-4181-92de-7bff53146f3a (type: security_group_rules) to 0
2026-05-12 16:30:16.655 7 INFO neutron.db.ovn_revision_numbers_db [None req-f4d68020-b617-4f96-be6f-a36186a59fa9 033b2e29beba426ab99cc9f8c5b5081c 518d6855fe244647b96a089da50f935c - - default default] Successfully bumped revision number for resource d8c5072d-4422-4f38-9e40-1afe5a7a93d0 (type: security_group_rules) to 0
2026-05-12 16:30:16.670 7 INFO neutron.db.ovn_revision_numbers_db [None req-f4d68020-b617-4f96-be6f-a36186a59fa9 033b2e29beba426ab99cc9f8c5b5081c 518d6855fe244647b96a089da50f935c - - default default] Successfully bumped revision number for resource e918c170-9c35-4de4-9f7b-28b73877f038 (type: security_group_rules) to 0
2026-05-12 16:30:16.759 7 INFO neutron.db.segments_db [None req-f4d68020-b617-4f96-be6f-a36186a59fa9 033b2e29beba426ab99cc9f8c5b5081c 518d6855fe244647b96a089da50f935c - - default default] Added segment ea948514-0cda-4d3a-a3e6-270c4a54c03a of type geneve for network 24c43222-40c1-40a1-9498-e3b17a1eb0ee [pid: 8|app: 0|req: 1058/2126] 10.0.0.24 () {32 vars in 725 bytes} [Tue May 12 16:30:16 2026] DELETE /v2.0/networks/57d7d6e1-fe19-4bf2-8834-4dbe1cf2f2a9 => generated 0 bytes in 390 msecs (HTTP/1.1 204) 3 headers in 131 bytes (1 switches on core 0) [pid: 8|app: 0|req: 1059/2127] 199.204.45.72 () {34 vars in 1079 bytes} [Tue May 12 16:30:16 2026] GET /v2.0/ports?tenant_id=7b6d836fdfcf413d9db79cd904de9898&device_id=287a2640-f71e-4b9f-b2a0-7474624365a0 => generated 1236 bytes in 35 msecs (HTTP/1.1 200) 4 headers in 158 bytes (1 switches on core 0) [pid: 8|app: 0|req: 1060/2128] 10.0.0.24 () {32 vars in 685 bytes} [Tue May 12 16:30:16 2026] GET /v2.0/subnets?tags-any=red%2Cblue => generated 1904 bytes in 27 msecs (HTTP/1.1 200) 4 headers in 158 bytes (1 switches on core 0)
2026-05-12 16:30:16.883 7 INFO neutron.db.ovn_revision_numbers_db [None req-f4d68020-b617-4f96-be6f-a36186a59fa9 033b2e29beba426ab99cc9f8c5b5081c 518d6855fe244647b96a089da50f935c - - default default] Successfully bumped revision number for resource 24c43222-40c1-40a1-9498-e3b17a1eb0ee (type: networks) to 1
2026-05-12 16:30:16.964 8 INFO neutron_taas.services.taas.taas_plugin [None req-dcc323f9-b8fe-432a-b70d-a690ef284503 8034a70a1f7c46af872f7282b19b5731 ab65ccacaa8d4e30a760c21dcbebd119 - - default default] TaaS: Handle Delete Port: 7ce5846b-8845-4bbd-bde7-bbb4f1087c44
2026-05-12 16:30:16.966 8 INFO neutron_taas.services.taas.tap_mirror_plugin [None req-dcc323f9-b8fe-432a-b70d-a690ef284503 8034a70a1f7c46af872f7282b19b5731 ab65ccacaa8d4e30a760c21dcbebd119 - - default default] Tap Mirror: Handle Delete Port: 7ce5846b-8845-4bbd-bde7-bbb4f1087c44
2026-05-12 16:30:17.027 7 WARNING neutron.scheduler.dhcp_agent_scheduler [None req-f4d68020-b617-4f96-be6f-a36186a59fa9 033b2e29beba426ab99cc9f8c5b5081c 518d6855fe244647b96a089da50f935c - - default default] No more DHCP agents
2026-05-12 16:30:17.028 7 WARNING neutron.api.rpc.agentnotifiers.dhcp_rpc_agent_api [None req-f4d68020-b617-4f96-be6f-a36186a59fa9 033b2e29beba426ab99cc9f8c5b5081c 518d6855fe244647b96a089da50f935c - - default default] Unable to schedule network 24c43222-40c1-40a1-9498-e3b17a1eb0ee: no agents available; will retry on subsequent port and subnet creation events.
2026-05-12 16:30:17.156 8 INFO neutron.plugins.ml2.drivers.ovn.mech_driver.mech_driver [None req-50a29fe6-6122-4828-af4f-730052e274b4 - - - - - -] OVN reports status down for port: 2808e8dd-8459-4e4e-97a7-e6f0a835efff
2026-05-12 16:30:17.169 7 INFO neutron.db.ovn_revision_numbers_db [None req-f4d68020-b617-4f96-be6f-a36186a59fa9 033b2e29beba426ab99cc9f8c5b5081c 518d6855fe244647b96a089da50f935c - - default default] Successfully bumped revision number for resource 2808e8dd-8459-4e4e-97a7-e6f0a835efff (type: ports) to 1 [pid: 7|app: 0|req: 1069/2129] 10.0.0.24 () {34 vars in 669 bytes} [Tue May 12 16:30:16 2026] POST /v2.0/networks => generated 670 bytes in 923 msecs (HTTP/1.1 201) 4 headers in 162 bytes (1 switches on core 0) [pid: 8|app: 0|req: 1061/2130] 10.0.0.24 () {32 vars in 725 bytes} [Tue May 12 16:30:16 2026] DELETE /v2.0/networks/ad2668b2-f69e-4e10-a97c-8caf9a27193b => generated 0 bytes in 416 msecs (HTTP/1.1 204) 3 headers in 131 bytes (1 switches on core 0) [pid: 7|app: 0|req: 1070/2131] 199.204.45.72 () {34 vars in 985 bytes} [Tue May 12 16:30:17 2026] GET /v2.0/networks?id=84d3d482-7216-4aca-a951-f3c5257413d3 => generated 797 bytes in 58 msecs (HTTP/1.1 200) 4 headers in 157 bytes (1 switches on core 0) [pid: 8|app: 0|req: 1062/2132] 10.0.0.24 () {32 vars in 671 bytes} [Tue May 12 16:30:17 2026] GET /v2.0/subnets?not-tags=red => generated 1894 bytes in 61 msecs (HTTP/1.1 200) 4 headers in 158 bytes (1 switches on core 0)
2026-05-12 16:30:17.343 7 INFO neutron.db.segments_db [None req-8fc727c8-4549-4ddf-9f05-6ca106ccf690 033b2e29beba426ab99cc9f8c5b5081c 518d6855fe244647b96a089da50f935c - - default default] Added segment 990b6a57-a76e-45bc-93d0-1931281ec899 of type geneve for network 6d87a7b9-65eb-4f66-88c8-46fc2289cce1
2026-05-12 16:30:17.450 8 INFO neutron_taas.services.taas.taas_plugin [None req-250a4599-7569-4336-bfe3-4c4100279d4e 8034a70a1f7c46af872f7282b19b5731 ab65ccacaa8d4e30a760c21dcbebd119 - - default default] TaaS: Handle Delete Port: b3105ee4-d987-4e19-8810-44e2946e0d4c
2026-05-12 16:30:17.453 8 INFO neutron_taas.services.taas.tap_mirror_plugin [None req-250a4599-7569-4336-bfe3-4c4100279d4e 8034a70a1f7c46af872f7282b19b5731 ab65ccacaa8d4e30a760c21dcbebd119 - - default default] Tap Mirror: Handle Delete Port: b3105ee4-d987-4e19-8810-44e2946e0d4c
2026-05-12 16:30:17.463 7 INFO neutron.db.ovn_revision_numbers_db [None req-8fc727c8-4549-4ddf-9f05-6ca106ccf690 033b2e29beba426ab99cc9f8c5b5081c 518d6855fe244647b96a089da50f935c - - default default] Successfully bumped revision number for resource 6d87a7b9-65eb-4f66-88c8-46fc2289cce1 (type: networks) to 1
2026-05-12 16:30:17.661 7 WARNING neutron.scheduler.dhcp_agent_scheduler [None req-8fc727c8-4549-4ddf-9f05-6ca106ccf690 033b2e29beba426ab99cc9f8c5b5081c 518d6855fe244647b96a089da50f935c - - default default] No more DHCP agents
2026-05-12 16:30:17.663 7 WARNING neutron.api.rpc.agentnotifiers.dhcp_rpc_agent_api [None req-8fc727c8-4549-4ddf-9f05-6ca106ccf690 033b2e29beba426ab99cc9f8c5b5081c 518d6855fe244647b96a089da50f935c - - default default] Unable to schedule network 6d87a7b9-65eb-4f66-88c8-46fc2289cce1: no agents available; will retry on subsequent port and subnet creation events. [pid: 8|app: 0|req: 1063/2133] 10.0.0.24 () {32 vars in 725 bytes} [Tue May 12 16:30:17 2026] DELETE /v2.0/networks/c5116d1c-c97a-4579-85bc-9e2847275423 => generated 0 bytes in 353 msecs (HTTP/1.1 204) 3 headers in 131 bytes (1 switches on core 0) [pid: 8|app: 0|req: 1064/2134] 199.204.45.72 () {34 vars in 1059 bytes} [Tue May 12 16:30:17 2026] GET /v2.0/floatingips?fixed_ip_address=10.100.0.14&port_id=f8ddcfae-befa-4a25-89ae-470bd3781a79 => generated 861 bytes in 51 msecs (HTTP/1.1 200) 4 headers in 157 bytes (1 switches on core 0)
2026-05-12 16:30:17.774 7 INFO neutron.db.ovn_revision_numbers_db [None req-8fc727c8-4549-4ddf-9f05-6ca106ccf690 033b2e29beba426ab99cc9f8c5b5081c 518d6855fe244647b96a089da50f935c - - default default] Successfully bumped revision number for resource fae9a295-035e-4b76-a427-ef9a4b55a6b5 (type: ports) to 1
2026-05-12 16:30:17.798 8 INFO neutron.plugins.ml2.drivers.ovn.mech_driver.mech_driver [None req-50a29fe6-6122-4828-af4f-730052e274b4 - - - - - -] OVN reports status down for port: fae9a295-035e-4b76-a427-ef9a4b55a6b5 [pid: 8|app: 0|req: 1065/2135] 10.0.0.24 () {32 vars in 685 bytes} [Tue May 12 16:30:17 2026] GET /v2.0/subnets?not-tags=red%2Cblue => generated 2515 bytes in 78 msecs (HTTP/1.1 200) 4 headers in 158 bytes (1 switches on core 0) [pid: 7|app: 0|req: 1071/2136] 10.0.0.24 () {34 vars in 669 bytes} [Tue May 12 16:30:17 2026] POST /v2.0/networks => generated 669 bytes in 544 msecs (HTTP/1.1 201) 4 headers in 162 bytes (1 switches on core 0) [pid: 8|app: 0|req: 1066/2137] 199.204.45.72 () {34 vars in 983 bytes} [Tue May 12 16:30:17 2026] GET /v2.0/subnets?id=fad8b550-9c2b-4616-bdbd-293b8b25a88a => generated 677 bytes in 46 msecs (HTTP/1.1 200) 4 headers in 157 bytes (1 switches on core 0) [pid: 7|app: 0|req: 1072/2138] 10.0.0.24 () {32 vars in 681 bytes} [Tue May 12 16:30:17 2026] GET /v2.0/subnets?not-tags-any=blue => generated 2515 bytes in 58 msecs (HTTP/1.1 200) 4 headers in 158 bytes (1 switches on core 0) [pid: 7|app: 0|req: 1073/2139] 199.204.45.72 () {34 vars in 1051 bytes} [Tue May 12 16:30:17 2026] GET /v2.0/ports?network_id=84d3d482-7216-4aca-a951-f3c5257413d3&device_owner=network%3Adhcp => generated 12 bytes in 17 msecs (HTTP/1.1 200) 4 headers in 156 bytes (1 switches on core 0) [pid: 7|app: 0|req: 1074/2140] 10.0.0.24 () {32 vars in 693 bytes} [Tue May 12 16:30:17 2026] GET /v2.0/subnets?not-tags-any=red%2Cblue => generated 1894 bytes in 42 msecs (HTTP/1.1 200) 4 headers in 158 bytes (1 switches on core 0) [pid: 7|app: 0|req: 1075/2141] 199.204.45.72 () {34 vars in 1011 bytes} [Tue May 12 16:30:17 2026] GET /v2.0/networks/84d3d482-7216-4aca-a951-f3c5257413d3?fields=segments => generated 14 bytes in 38 msecs (HTTP/1.1 200) 4 headers in 156 bytes (1 switches on core 0)
2026-05-12 16:30:17.968 8 INFO neutron.db.segments_db [None req-b1dd2523-e527-4ba9-beb8-6d678398c34a 033b2e29beba426ab99cc9f8c5b5081c 518d6855fe244647b96a089da50f935c - - default default] Added segment 28cb4683-eef2-4a77-b081-d065a5168e39 of type geneve for network 1f5b00d4-1bb9-412b-a790-f70338e87b2e
2026-05-12 16:30:18.108 8 INFO neutron.db.ovn_revision_numbers_db [None req-b1dd2523-e527-4ba9-beb8-6d678398c34a 033b2e29beba426ab99cc9f8c5b5081c 518d6855fe244647b96a089da50f935c - - default default] Successfully bumped revision number for resource 1f5b00d4-1bb9-412b-a790-f70338e87b2e (type: networks) to 1 [pid: 7|app: 0|req: 1076/2142] 10.0.0.24 () {32 vars in 723 bytes} [Tue May 12 16:30:17 2026] DELETE /v2.0/subnets/dbff96c8-a4ce-48dd-b598-95b88f274a9e => generated 0 bytes in 252 msecs (HTTP/1.1 204) 3 headers in 131 bytes (1 switches on core 0) [pid: 7|app: 0|req: 1077/2143] 199.204.45.72 () {34 vars in 1111 bytes} [Tue May 12 16:30:18 2026] GET /v2.0/networks/84d3d482-7216-4aca-a951-f3c5257413d3?fields=provider%3Aphysical_network&fields=provider%3Anetwork_type => generated 79 bytes in 40 msecs (HTTP/1.1 200) 4 headers in 156 bytes (1 switches on core 0)
2026-05-12 16:30:18.324 8 INFO neutron.services.segments.plugin [-] Segment 4ea59b05-c5e8-4d29-a473-a5bb2d7e2da7 resource provider aggregate not found
2026-05-12 16:30:18.330 8 INFO neutron.services.segments.plugin [-] Segment 4ea59b05-c5e8-4d29-a473-a5bb2d7e2da7 resource provider aggregate not found
2026-05-12 16:30:18.342 8 INFO neutron.services.segments.plugin [-] Segment 4ea59b05-c5e8-4d29-a473-a5bb2d7e2da7 resource provider not found; error: Placement Client Error (4xx): {"errors": [{"status": 404, "title": "Not Found", "detail": "The resource could not be found.\n\n No resource provider with uuid 4ea59b05-c5e8-4d29-a473-a5bb2d7e2da7 found for delete ", "request_id": "req-e78f7b3a-5f98-488f-ba61-918321ff16fe"}]}
2026-05-12 16:30:18.356 8 INFO neutron.services.segments.plugin [-] Segment fe50c72d-8a80-4a0a-888d-3f347d5aa96f resource provider aggregate not found
2026-05-12 16:30:18.359 8 INFO neutron.services.segments.plugin [-] Segment 4ea59b05-c5e8-4d29-a473-a5bb2d7e2da7 resource provider not found; error: Placement Client Error (4xx): {"errors": [{"status": 404, "title": "Not Found", "detail": "The resource could not be found.\n\n No resource provider with uuid 4ea59b05-c5e8-4d29-a473-a5bb2d7e2da7 found for delete ", "request_id": "req-cb304c03-95c0-426f-9e0b-3ee7f2fddded"}]}
2026-05-12 16:30:18.376 8 INFO neutron.services.segments.plugin [-] Segment fe50c72d-8a80-4a0a-888d-3f347d5aa96f resource provider not found; error: Placement Client Error (4xx): {"errors": [{"status": 404, "title": "Not Found", "detail": "The resource could not be found.\n\n No resource provider with uuid fe50c72d-8a80-4a0a-888d-3f347d5aa96f found for delete ", "request_id": "req-627f6bfb-41af-4fa1-be8c-db75cc3c03bb"}]}
2026-05-12 16:30:18.383 8 INFO neutron.services.segments.plugin [-] Segment fe50c72d-8a80-4a0a-888d-3f347d5aa96f resource provider aggregate not found
2026-05-12 16:30:18.396 8 INFO neutron.services.segments.plugin [-] Segment adbb37b6-0b31-49a0-a730-5c476ce3bb41 resource provider aggregate not found
2026-05-12 16:30:18.404 8 WARNING neutron.scheduler.dhcp_agent_scheduler [None req-b1dd2523-e527-4ba9-beb8-6d678398c34a 033b2e29beba426ab99cc9f8c5b5081c 518d6855fe244647b96a089da50f935c - - default default] No more DHCP agents
2026-05-12 16:30:18.408 8 INFO neutron.services.segments.plugin [-] Segment fe50c72d-8a80-4a0a-888d-3f347d5aa96f resource provider not found; error: Placement Client Error (4xx): {"errors": [{"status": 404, "title": "Not Found", "detail": "The resource could not be found.\n\n No resource provider with uuid fe50c72d-8a80-4a0a-888d-3f347d5aa96f found for delete ", "request_id": "req-8c6eb563-4a8b-40b6-8bd9-f9ecb133a501"}]}
2026-05-12 16:30:18.411 8 WARNING neutron.api.rpc.agentnotifiers.dhcp_rpc_agent_api [None req-b1dd2523-e527-4ba9-beb8-6d678398c34a 033b2e29beba426ab99cc9f8c5b5081c 518d6855fe244647b96a089da50f935c - - default default] Unable to schedule network 1f5b00d4-1bb9-412b-a790-f70338e87b2e: no agents available; will retry on subsequent port and subnet creation events.
2026-05-12 16:30:18.418 8 INFO neutron.services.segments.plugin [-] Segment adbb37b6-0b31-49a0-a730-5c476ce3bb41 resource provider not found; error: Placement Client Error (4xx): {"errors": [{"status": 404, "title": "Not Found", "detail": "The resource could not be found.\n\n No resource provider with uuid adbb37b6-0b31-49a0-a730-5c476ce3bb41 found for delete ", "request_id": "req-2426046d-e3e1-4b31-8c35-e0137235425c"}]}
2026-05-12 16:30:18.435 8 INFO neutron.services.segments.plugin [-] Segment adbb37b6-0b31-49a0-a730-5c476ce3bb41 resource provider aggregate not found
2026-05-12 16:30:18.454 8 INFO neutron.services.segments.plugin [-] Segment adbb37b6-0b31-49a0-a730-5c476ce3bb41 resource provider not found; error: Placement Client Error (4xx): {"errors": [{"status": 404, "title": "Not Found", "detail": "The resource could not be found.\n\n No resource provider with uuid adbb37b6-0b31-49a0-a730-5c476ce3bb41 found for delete ", "request_id": "req-bbf5685a-f2f4-4d2c-97cb-16f191daa535"}]} [pid: 7|app: 0|req: 1078/2144] 10.0.0.24 () {32 vars in 723 bytes} [Tue May 12 16:30:18 2026] DELETE /v2.0/subnets/6d90a848-4b47-4fb7-a61a-29b4838858f2 => generated 0 bytes in 203 msecs (HTTP/1.1 204) 3 headers in 131 bytes (1 switches on core 0)
2026-05-12 16:30:18.497 8 INFO neutron.plugins.ml2.drivers.ovn.mech_driver.mech_driver [None req-50a29fe6-6122-4828-af4f-730052e274b4 - - - - - -] OVN reports status down for port: 1e970c02-1e39-4f8f-afd8-7a3ea59ed37e
2026-05-12 16:30:18.567 8 INFO neutron.db.ovn_revision_numbers_db [None req-b1dd2523-e527-4ba9-beb8-6d678398c34a 033b2e29beba426ab99cc9f8c5b5081c 518d6855fe244647b96a089da50f935c - - default default] Successfully bumped revision number for resource 1e970c02-1e39-4f8f-afd8-7a3ea59ed37e (type: ports) to 1 [pid: 8|app: 0|req: 1067/2145] 10.0.0.24 () {34 vars in 669 bytes} [Tue May 12 16:30:17 2026] POST /v2.0/networks => generated 670 bytes in 770 msecs (HTTP/1.1 201) 4 headers in 162 bytes (1 switches on core 0) [pid: 7|app: 0|req: 1079/2146] 10.0.0.24 () {32 vars in 723 bytes} [Tue May 12 16:30:18 2026] DELETE /v2.0/subnets/9f4a787d-b2a3-4443-a346-71aeb47fcd52 => generated 0 bytes in 229 msecs (HTTP/1.1 204) 3 headers in 131 bytes (1 switches on core 0)
2026-05-12 16:30:18.713 8 WARNING neutron.db.securitygroups_db [None req-339c6fbd-2ac2-4476-91e2-a7309e78de71 a1f9f3eb0e134964aea0d119f7b6b27b 5f91695426dd41b697b9a1e2398a83b4 - - default default] project_id key not found in filters, using tenant_id instead. This support has been deprecated and will be removed in a future release.
2026-05-12 16:30:18.780 7 INFO neutron.db.segments_db [None req-0c7508ac-2c37-4324-9154-0f75b086d197 033b2e29beba426ab99cc9f8c5b5081c 518d6855fe244647b96a089da50f935c - - default default] Added segment 53c86ff2-def7-4423-b316-3502dc070cf2 of type geneve for network 350e5c07-d1e6-4458-864a-5563cab52b6c
2026-05-12 16:30:18.867 8 INFO neutron.db.ovn_revision_numbers_db [None req-339c6fbd-2ac2-4476-91e2-a7309e78de71 a1f9f3eb0e134964aea0d119f7b6b27b 5f91695426dd41b697b9a1e2398a83b4 - - default default] Successfully bumped revision number for resource c81a1958-c3fe-43fe-b5db-43751b9b78ea (type: security_groups) to 1
2026-05-12 16:30:18.879 8 INFO neutron.db.ovn_revision_numbers_db [None req-339c6fbd-2ac2-4476-91e2-a7309e78de71 a1f9f3eb0e134964aea0d119f7b6b27b 5f91695426dd41b697b9a1e2398a83b4 - - default default] Successfully bumped revision number for resource 2bc5456c-e4d2-4c49-ad2d-d26128650a7d (type: security_group_rules) to 0
2026-05-12 16:30:18.894 8 INFO neutron.db.ovn_revision_numbers_db [None req-339c6fbd-2ac2-4476-91e2-a7309e78de71 a1f9f3eb0e134964aea0d119f7b6b27b 5f91695426dd41b697b9a1e2398a83b4 - - default default] Successfully bumped revision number for resource 3bf714fd-ee97-41f8-9e26-0189cee46d36 (type: security_group_rules) to 0
2026-05-12 16:30:18.908 8 INFO neutron.db.ovn_revision_numbers_db [None req-339c6fbd-2ac2-4476-91e2-a7309e78de71 a1f9f3eb0e134964aea0d119f7b6b27b 5f91695426dd41b697b9a1e2398a83b4 - - default default] Successfully bumped revision number for resource c50f9db5-6a70-4f90-9b8a-e4ef7d1ba04c (type: security_group_rules) to 0
2026-05-12 16:30:18.927 8 INFO neutron.db.ovn_revision_numbers_db [None req-339c6fbd-2ac2-4476-91e2-a7309e78de71 a1f9f3eb0e134964aea0d119f7b6b27b 5f91695426dd41b697b9a1e2398a83b4 - - default default] Successfully bumped revision number for resource d284750b-7c30-4e97-a8ed-5080f776858e (type: security_group_rules) to 0
2026-05-12 16:30:18.951 7 INFO neutron.db.ovn_revision_numbers_db [None req-0c7508ac-2c37-4324-9154-0f75b086d197 033b2e29beba426ab99cc9f8c5b5081c 518d6855fe244647b96a089da50f935c - - default default] Successfully bumped revision number for resource 350e5c07-d1e6-4458-864a-5563cab52b6c (type: networks) to 1 [pid: 8|app: 0|req: 1068/2147] 10.0.0.24 () {32 vars in 773 bytes} [Tue May 12 16:30:18 2026] GET /v2.0/security-groups?tenant_id=f5d3eb77f9674129b0a70a83b467e809&name=default => generated 2925 bytes in 356 msecs (HTTP/1.1 200) 4 headers in 158 bytes (1 switches on core 0)
2026-05-12 16:30:19.124 7 WARNING neutron.scheduler.dhcp_agent_scheduler [None req-0c7508ac-2c37-4324-9154-0f75b086d197 033b2e29beba426ab99cc9f8c5b5081c 518d6855fe244647b96a089da50f935c - - default default] No more DHCP agents
2026-05-12 16:30:19.126 7 WARNING neutron.api.rpc.agentnotifiers.dhcp_rpc_agent_api [None req-0c7508ac-2c37-4324-9154-0f75b086d197 033b2e29beba426ab99cc9f8c5b5081c 518d6855fe244647b96a089da50f935c - - default default] Unable to schedule network 350e5c07-d1e6-4458-864a-5563cab52b6c: no agents available; will retry on subsequent port and subnet creation events. [pid: 8|app: 0|req: 1069/2148] 10.0.0.24 () {32 vars in 723 bytes} [Tue May 12 16:30:18 2026] DELETE /v2.0/subnets/de393d51-f8c3-4064-8b13-8e08c9a7b858 => generated 0 bytes in 169 msecs (HTTP/1.1 204) 3 headers in 131 bytes (1 switches on core 0)
2026-05-12 16:30:19.219 8 INFO neutron.plugins.ml2.drivers.ovn.mech_driver.mech_driver [None req-50a29fe6-6122-4828-af4f-730052e274b4 - - - - - -] OVN reports status down for port: e7a6b025-130c-4e62-a2e0-43370d822170
2026-05-12 16:30:19.230 7 INFO neutron.db.ovn_revision_numbers_db [None req-0c7508ac-2c37-4324-9154-0f75b086d197 033b2e29beba426ab99cc9f8c5b5081c 518d6855fe244647b96a089da50f935c - - default default] Successfully bumped revision number for resource e7a6b025-130c-4e62-a2e0-43370d822170 (type: ports) to 1 [pid: 7|app: 0|req: 1080/2149] 10.0.0.24 () {34 vars in 669 bytes} [Tue May 12 16:30:18 2026] POST /v2.0/networks => generated 669 bytes in 573 msecs (HTTP/1.1 201) 4 headers in 162 bytes (1 switches on core 0) [pid: 7|app: 0|req: 1081/2150] 10.0.0.137 () {28 vars in 591 bytes} [Tue May 12 16:30:19 2026] GET /v2.0/floatingips => generated 861 bytes in 107 msecs (HTTP/1.1 200) 4 headers in 157 bytes (1 switches on core 0) [pid: 8|app: 0|req: 1070/2151] 10.0.0.24 () {32 vars in 739 bytes} [Tue May 12 16:30:19 2026] DELETE /v2.0/security-groups/c81a1958-c3fe-43fe-b5db-43751b9b78ea => generated 0 bytes in 302 msecs (HTTP/1.1 204) 2 headers in 112 bytes (1 switches on core 0)
2026-05-12 16:30:19.535 8 INFO neutron.db.segments_db [None req-ba761f22-2b50-4d06-8dc9-5186d8b8936b 033b2e29beba426ab99cc9f8c5b5081c 518d6855fe244647b96a089da50f935c - - default default] Added segment 7e8a3fd4-13f7-4513-8945-6b32ebbb30e2 of type geneve for network 86b9823e-7c92-4c89-803c-51f354cf07c4 [pid: 7|app: 0|req: 1082/2152] 10.0.0.24 () {32 vars in 723 bytes} [Tue May 12 16:30:19 2026] DELETE /v2.0/subnets/4e3f9046-e48e-47fc-9a0c-3f8fc58c17cf => generated 0 bytes in 190 msecs (HTTP/1.1 204) 3 headers in 131 bytes (1 switches on core 0) [pid: 7|app: 0|req: 1083/2153] 10.0.0.137 () {28 vars in 599 bytes} [Tue May 12 16:30:19 2026] GET /v2.0/security-groups => generated 34359 bytes in 40 msecs (HTTP/1.1 200) 4 headers in 159 bytes (1 switches on core 0)
2026-05-12 16:30:19.609 7 WARNING neutron.db.securitygroups_db [None req-2a78c656-8c59-458d-aac9-5968b8dd8c02 a1f9f3eb0e134964aea0d119f7b6b27b 5f91695426dd41b697b9a1e2398a83b4 - - default default] project_id key not found in filters, using tenant_id instead. This support has been deprecated and will be removed in a future release.
2026-05-12 16:30:19.661 8 INFO neutron.db.ovn_revision_numbers_db [None req-ba761f22-2b50-4d06-8dc9-5186d8b8936b 033b2e29beba426ab99cc9f8c5b5081c 518d6855fe244647b96a089da50f935c - - default default] Successfully bumped revision number for resource 86b9823e-7c92-4c89-803c-51f354cf07c4 (type: networks) to 1
2026-05-12 16:30:19.764 7 INFO neutron.db.ovn_revision_numbers_db [None req-2a78c656-8c59-458d-aac9-5968b8dd8c02 a1f9f3eb0e134964aea0d119f7b6b27b 5f91695426dd41b697b9a1e2398a83b4 - - default default] Successfully bumped revision number for resource b5641e63-5d9a-4238-8aa7-e1a80e8cf8a6 (type: security_groups) to 1
2026-05-12 16:30:19.780 7 INFO neutron.db.ovn_revision_numbers_db [None req-2a78c656-8c59-458d-aac9-5968b8dd8c02 a1f9f3eb0e134964aea0d119f7b6b27b 5f91695426dd41b697b9a1e2398a83b4 - - default default] Successfully bumped revision number for resource 1bc9b2ba-52f0-43fa-9f9c-d288e54aaea8 (type: security_group_rules) to 0
2026-05-12 16:30:19.793 7 INFO neutron.db.ovn_revision_numbers_db [None req-2a78c656-8c59-458d-aac9-5968b8dd8c02 a1f9f3eb0e134964aea0d119f7b6b27b 5f91695426dd41b697b9a1e2398a83b4 - - default default] Successfully bumped revision number for resource 26b134ed-7a5f-42a6-a86a-6178a47ff646 (type: security_group_rules) to 0
2026-05-12 16:30:19.804 7 INFO neutron.db.ovn_revision_numbers_db [None req-2a78c656-8c59-458d-aac9-5968b8dd8c02 a1f9f3eb0e134964aea0d119f7b6b27b 5f91695426dd41b697b9a1e2398a83b4 - - default default] Successfully bumped revision number for resource 56032561-1358-4c8a-9c93-c467b32a7baa (type: security_group_rules) to 0
2026-05-12 16:30:19.815 7 INFO neutron.db.ovn_revision_numbers_db [None req-2a78c656-8c59-458d-aac9-5968b8dd8c02 a1f9f3eb0e134964aea0d119f7b6b27b 5f91695426dd41b697b9a1e2398a83b4 - - default default] Successfully bumped revision number for resource 9a4b38c9-59a6-4771-87c7-61e887dcb189 (type: security_group_rules) to 0 [pid: 7|app: 0|req: 1084/2154] 10.0.0.24 () {32 vars in 773 bytes} [Tue May 12 16:30:19 2026] GET /v2.0/security-groups?tenant_id=b25741cce3df4a43a79d836e14be835c&name=default => generated 2925 bytes in 244 msecs (HTTP/1.1 200) 4 headers in 158 bytes (1 switches on core 0)
2026-05-12 16:30:19.878 8 WARNING neutron.scheduler.dhcp_agent_scheduler [None req-ba761f22-2b50-4d06-8dc9-5186d8b8936b 033b2e29beba426ab99cc9f8c5b5081c 518d6855fe244647b96a089da50f935c - - default default] No more DHCP agents
2026-05-12 16:30:19.879 8 WARNING neutron.api.rpc.agentnotifiers.dhcp_rpc_agent_api [None req-ba761f22-2b50-4d06-8dc9-5186d8b8936b 033b2e29beba426ab99cc9f8c5b5081c 518d6855fe244647b96a089da50f935c - - default default] Unable to schedule network 86b9823e-7c92-4c89-803c-51f354cf07c4: no agents available; will retry on subsequent port and subnet creation events.
2026-05-12 16:30:19.949 8 INFO neutron.plugins.ml2.drivers.ovn.mech_driver.mech_driver [None req-50a29fe6-6122-4828-af4f-730052e274b4 - - - - - -] OVN reports status down for port: 84f09683-cb6a-4dc3-938c-dac5c48a0729
2026-05-12 16:30:20.002 7 INFO neutron_taas.services.taas.taas_plugin [None req-c982f12c-9552-4d9c-b683-0bc3c18fc241 eabe6129a07440f0b7258309f55c9787 24cc2fbc6a00489f95df7cdd77a7270d - - default default] TaaS: Handle Delete Port: b181125f-de41-4d67-bca4-9b910da17e70
2026-05-12 16:30:20.005 7 INFO neutron_taas.services.taas.tap_mirror_plugin [None req-c982f12c-9552-4d9c-b683-0bc3c18fc241 eabe6129a07440f0b7258309f55c9787 24cc2fbc6a00489f95df7cdd77a7270d - - default default] Tap Mirror: Handle Delete Port: b181125f-de41-4d67-bca4-9b910da17e70
2026-05-12 16:30:20.014 8 INFO neutron.db.ovn_revision_numbers_db [None req-ba761f22-2b50-4d06-8dc9-5186d8b8936b 033b2e29beba426ab99cc9f8c5b5081c 518d6855fe244647b96a089da50f935c - - default default] Successfully bumped revision number for resource 84f09683-cb6a-4dc3-938c-dac5c48a0729 (type: ports) to 1 [pid: 8|app: 0|req: 1071/2155] 10.0.0.24 () {34 vars in 669 bytes} [Tue May 12 16:30:19 2026] POST /v2.0/networks => generated 670 bytes in 601 msecs (HTTP/1.1 201) 4 headers in 162 bytes (1 switches on core 0) [pid: 8|app: 0|req: 1072/2156] 10.0.0.137 () {28 vars in 583 bytes} [Tue May 12 16:30:20 2026] GET /v2.0/subnets => generated 1972 bytes in 46 msecs (HTTP/1.1 200) 4 headers in 158 bytes (1 switches on core 0)
2026-05-12 16:30:20.192 7 INFO neutron.services.segments.plugin [-] Segment 7affcaf3-2ce7-45da-a47c-9ee83b5a8eb9 resource provider aggregate not found
2026-05-12 16:30:20.198 7 INFO neutron.services.segments.plugin [-] Segment 7affcaf3-2ce7-45da-a47c-9ee83b5a8eb9 resource provider aggregate not found
2026-05-12 16:30:20.214 7 INFO neutron.services.segments.plugin [-] Segment 7affcaf3-2ce7-45da-a47c-9ee83b5a8eb9 resource provider not found; error: Placement Client Error (4xx): {"errors": [{"status": 404, "title": "Not Found", "detail": "The resource could not be found.\n\n No resource provider with uuid 7affcaf3-2ce7-45da-a47c-9ee83b5a8eb9 found for delete ", "request_id": "req-6a0095ba-829c-402e-988d-395d645fe55b"}]}
