2026-05-12 16:31:22.502 8 INFO neutron.db.ovn_revision_numbers_db [None req-72f7ecb5-14cd-4c4e-a190-93c14a4a6dee a1f9f3eb0e134964aea0d119f7b6b27b 5f91695426dd41b697b9a1e2398a83b4 - - default default] Successfully bumped revision number for resource c7f1a345-ba86-474f-a595-96649bf1a264 (type: security_group_rules) to 0 [pid: 8|app: 0|req: 1289/2624] 10.0.0.24 () {32 vars in 773 bytes} [Tue May 12 16:31:22 2026] GET /v2.0/security-groups?tenant_id=203f114d778b4316b860b146d07f3f25&name=default => generated 2929 bytes in 277 msecs (HTTP/1.1 200) 4 headers in 158 bytes (1 switches on core 0)
2026-05-12 16:31:22.732 7 INFO neutron.db.ovn_revision_numbers_db [None req-d9a45762-c55d-4823-81cd-fc6e907ecde9 a1f9f3eb0e134964aea0d119f7b6b27b 5f91695426dd41b697b9a1e2398a83b4 - - default default] Successfully bumped revision number for resource 0f945f6e-b83c-49ac-9ec4-c68679e0bb94 (type: router_ports) to 1
2026-05-12 16:31:22.748 8 INFO neutron.plugins.ml2.drivers.ovn.mech_driver.ovsdb.ovsdb_monitor [None req-3d150f42-4904-4c56-a663-bcf0fbf36b6c - - - - - -] Router 0adf3ebe-c41a-4b85-bb10-4444e7f64196 is bound to host instance
2026-05-12 16:31:22.798 7 INFO neutron.db.ovn_revision_numbers_db [None req-d9a45762-c55d-4823-81cd-fc6e907ecde9 a1f9f3eb0e134964aea0d119f7b6b27b 5f91695426dd41b697b9a1e2398a83b4 - - default default] Successfully bumped revision number for resource 0adf3ebe-c41a-4b85-bb10-4444e7f64196 (type: routers) to 2 [pid: 7|app: 0|req: 1336/2625] 10.0.0.24 () {34 vars in 668 bytes} [Tue May 12 16:31:21 2026] POST /v2.0/routers => generated 986 bytes in 1611 msecs (HTTP/1.1 201) 4 headers in 162 bytes (1 switches on core 0) [pid: 8|app: 0|req: 1290/2626] 10.0.0.24 () {32 vars in 739 bytes} [Tue May 12 16:31:22 2026] DELETE /v2.0/security-groups/862e6581-5313-43cb-a145-7e98c2bd68ae => generated 0 bytes in 529 msecs (HTTP/1.1 204) 2 headers in 112 bytes (1 switches on core 0)
2026-05-12 16:31:23.410 7 WARNING neutron.scheduler.dhcp_agent_scheduler [None req-46d6f991-3723-4ed5-92e9-a203dc3bbad3 a1f9f3eb0e134964aea0d119f7b6b27b 5f91695426dd41b697b9a1e2398a83b4 - - default default] No more DHCP agents
2026-05-12 16:31:23.412 7 WARNING neutron.api.rpc.agentnotifiers.dhcp_rpc_agent_api [None req-46d6f991-3723-4ed5-92e9-a203dc3bbad3 a1f9f3eb0e134964aea0d119f7b6b27b 5f91695426dd41b697b9a1e2398a83b4 - - default default] Unable to schedule network b1c7dda0-e039-47ba-b8a8-1b4209bd0d8e: no agents available; will retry on subsequent port and subnet creation events.
2026-05-12 16:31:23.591 7 INFO neutron.db.ovn_revision_numbers_db [None req-46d6f991-3723-4ed5-92e9-a203dc3bbad3 a1f9f3eb0e134964aea0d119f7b6b27b 5f91695426dd41b697b9a1e2398a83b4 - - default default] Successfully bumped revision number for resource 9c18029e-2e43-4f5a-9e03-791f8ff269c1 (type: ports) to 1
2026-05-12 16:31:23.769 8 INFO neutron.db.ovn_revision_numbers_db [None req-61750365-9a28-495c-b97d-9d40a8bfbce8 - - - - - -] Successfully bumped revision number for resource 0f945f6e-b83c-49ac-9ec4-c68679e0bb94 (type: ports) to 4
2026-05-12 16:31:24.093 8 WARNING neutron.plugins.ml2.drivers.ovn.mech_driver.ovsdb.ovn_client [None req-f10c1b1a-b2d3-4c2c-b916-491ad9fc6b8d - - - - - -] No hosting information found for port 8fb078fb-e781-4f5e-bb54-5a7b32828643: RuntimeError: No hosting information found for port 8fb078fb-e781-4f5e-bb54-5a7b32828643
2026-05-12 16:31:24.094 8 INFO neutron.plugins.ml2.drivers.ovn.mech_driver.mech_driver [None req-f10c1b1a-b2d3-4c2c-b916-491ad9fc6b8d - - - - - -] OVN reports status down for port: 2ae8b87f-a267-4218-8451-084d132ff214
2026-05-12 16:31:24.107 8 INFO neutron.db.ovn_revision_numbers_db [None req-61750365-9a28-495c-b97d-9d40a8bfbce8 - - - - - -] Successfully bumped revision number for resource 0f945f6e-b83c-49ac-9ec4-c68679e0bb94 (type: ports) to 5
2026-05-12 16:31:24.161 8 INFO neutron.common.ovn.utils [None req-f10c1b1a-b2d3-4c2c-b916-491ad9fc6b8d - - - - - -] HA Chassis Group neutron-76184f45-5f15-41a9-988b-13c599cd0e8c synchronized; highest priority chassis dbe003e8-c4f2-4033-90a1-23f911523e88
2026-05-12 16:31:24.342 8 INFO neutron.db.ovn_revision_numbers_db [None req-f10c1b1a-b2d3-4c2c-b916-491ad9fc6b8d - - - - - -] Successfully bumped revision number for resource 8fb078fb-e781-4f5e-bb54-5a7b32828643 (type: router_ports) to 2
2026-05-12 16:31:24.366 7 WARNING neutron.scheduler.dhcp_agent_scheduler [None req-46d6f991-3723-4ed5-92e9-a203dc3bbad3 a1f9f3eb0e134964aea0d119f7b6b27b 5f91695426dd41b697b9a1e2398a83b4 - - default default] No more DHCP agents
2026-05-12 16:31:24.367 7 WARNING neutron.api.rpc.agentnotifiers.dhcp_rpc_agent_api [None req-46d6f991-3723-4ed5-92e9-a203dc3bbad3 a1f9f3eb0e134964aea0d119f7b6b27b 5f91695426dd41b697b9a1e2398a83b4 - - default default] Unable to schedule network b1c7dda0-e039-47ba-b8a8-1b4209bd0d8e: no agents available; will retry on subsequent port and subnet creation events.
2026-05-12 16:31:24.380 8 INFO neutron.plugins.ml2.drivers.ovn.mech_driver.mech_driver [None req-f10c1b1a-b2d3-4c2c-b916-491ad9fc6b8d - - - - - -] OVN reports status down for port: 8e48bded-a65b-44b7-afef-31444d26c4e5
2026-05-12 16:31:24.434 8 INFO neutron.plugins.ml2.drivers.ovn.mech_driver.mech_driver [None req-f10c1b1a-b2d3-4c2c-b916-491ad9fc6b8d - - - - - -] OVN reports status down for port: 0f945f6e-b83c-49ac-9ec4-c68679e0bb94
2026-05-12 16:31:24.772 8 INFO neutron.db.ovn_revision_numbers_db [None req-f10c1b1a-b2d3-4c2c-b916-491ad9fc6b8d - - - - - -] Successfully bumped revision number for resource 0f945f6e-b83c-49ac-9ec4-c68679e0bb94 (type: ports) to 6
2026-05-12 16:31:24.897 7 INFO neutron.db.ovn_revision_numbers_db [None req-46d6f991-3723-4ed5-92e9-a203dc3bbad3 a1f9f3eb0e134964aea0d119f7b6b27b 5f91695426dd41b697b9a1e2398a83b4 - - default default] Successfully bumped revision number for resource 9c18029e-2e43-4f5a-9e03-791f8ff269c1 (type: router_ports) to 1 [pid: 7|app: 0|req: 1337/2627] 10.0.0.24 () {34 vars in 782 bytes} [Tue May 12 16:31:22 2026] PUT /v2.0/routers/0adf3ebe-c41a-4b85-bb10-4444e7f64196/add_router_interface => generated 310 bytes in 2080 msecs (HTTP/1.1 200) 4 headers in 157 bytes (1 switches on core 0)
2026-05-12 16:31:24.940 8 WARNING neutron.plugins.ml2.drivers.ovn.mech_driver.ovsdb.ovn_client [None req-f604797f-6c90-4b08-9f78-58c46d4e07ce - - - - - -] Logical_Switch_Port 0f945f6e-b83c-49ac-9ec4-c68679e0bb94 host information not removed, the port state is up
2026-05-12 16:31:24.975 8 INFO neutron.common.ovn.utils [None req-f604797f-6c90-4b08-9f78-58c46d4e07ce - - - - - -] HA Chassis Group neutron-b1c7dda0-e039-47ba-b8a8-1b4209bd0d8e synchronized; highest priority chassis dbe003e8-c4f2-4033-90a1-23f911523e88
2026-05-12 16:31:24.998 8 INFO neutron.plugins.ml2.drivers.ovn.mech_driver.mech_driver [None req-f604797f-6c90-4b08-9f78-58c46d4e07ce - - - - - -] OVN reports status up for port: 0f945f6e-b83c-49ac-9ec4-c68679e0bb94
2026-05-12 16:31:25.008 8 INFO neutron.plugins.ml2.plugin [None req-f604797f-6c90-4b08-9f78-58c46d4e07ce - - - - - -] Attempt 1 to provision port 0f945f6e-b83c-49ac-9ec4-c68679e0bb94
2026-05-12 16:31:25.360 8 INFO neutron.db.ovn_revision_numbers_db [None req-f604797f-6c90-4b08-9f78-58c46d4e07ce - - - - - -] Successfully bumped revision number for resource 0f945f6e-b83c-49ac-9ec4-c68679e0bb94 (type: ports) to 7
2026-05-12 16:31:25.430 8 INFO neutron.plugins.ml2.drivers.ovn.mech_driver.mech_driver [None req-ca0bfd18-94a0-4159-b65a-186b22eef0bb - - - - - -] OVN reports status down for port: 9c18029e-2e43-4f5a-9e03-791f8ff269c1
2026-05-12 16:31:25.503 8 WARNING neutron.plugins.ml2.drivers.ovn.mech_driver.ovsdb.ovn_client [None req-ca0bfd18-94a0-4159-b65a-186b22eef0bb - - - - - -] Logical_Switch_Port 9c18029e-2e43-4f5a-9e03-791f8ff269c1 host information not removed, the port state is up
2026-05-12 16:31:25.503 8 INFO neutron.plugins.ml2.drivers.ovn.mech_driver.mech_driver [None req-ca0bfd18-94a0-4159-b65a-186b22eef0bb - - - - - -] OVN reports status up for port: 9c18029e-2e43-4f5a-9e03-791f8ff269c1
2026-05-12 16:31:25.513 8 INFO neutron.plugins.ml2.plugin [None req-ca0bfd18-94a0-4159-b65a-186b22eef0bb - - - - - -] Attempt 1 to provision port 9c18029e-2e43-4f5a-9e03-791f8ff269c1
2026-05-12 16:31:25.859 8 INFO neutron.db.ovn_revision_numbers_db [None req-86757871-f671-4e8c-86c1-fce851b09a03 fc29150fa3364c31a4f3f03649d78be4 5e8848c5972d4ed697331d6d8610fd4e - - default default] Successfully bumped revision number for resource 754afa46-e7c4-4769-8e0b-6471c4de349e (type: security_groups) to 1
2026-05-12 16:31:25.876 8 INFO neutron.db.ovn_revision_numbers_db [None req-86757871-f671-4e8c-86c1-fce851b09a03 fc29150fa3364c31a4f3f03649d78be4 5e8848c5972d4ed697331d6d8610fd4e - - default default] Successfully bumped revision number for resource 88e92e7e-d905-44ba-bccc-09268f417367 (type: security_group_rules) to 0
2026-05-12 16:31:25.902 8 INFO neutron.db.ovn_revision_numbers_db [None req-86757871-f671-4e8c-86c1-fce851b09a03 fc29150fa3364c31a4f3f03649d78be4 5e8848c5972d4ed697331d6d8610fd4e - - default default] Successfully bumped revision number for resource b6dd3e21-c520-4a6a-a078-fd2eff9ce299 (type: security_group_rules) to 0 [pid: 8|app: 0|req: 1291/2628] 10.0.0.24 () {34 vars in 684 bytes} [Tue May 12 16:31:25 2026] POST /v2.0/security-groups => generated 1677 bytes in 403 msecs (HTTP/1.1 201) 4 headers in 163 bytes (1 switches on core 0)
2026-05-12 16:31:26.034 8 INFO neutron.db.ovn_revision_numbers_db [None req-ca0bfd18-94a0-4159-b65a-186b22eef0bb - - - - - -] Successfully bumped revision number for resource 9c18029e-2e43-4f5a-9e03-791f8ff269c1 (type: ports) to 2
2026-05-12 16:31:26.129 7 INFO neutron.db.ovn_revision_numbers_db [None req-865309e5-5a34-4821-8a99-e839d0022641 fc29150fa3364c31a4f3f03649d78be4 5e8848c5972d4ed697331d6d8610fd4e - - default default] Successfully bumped revision number for resource 3a2f3f9e-0559-4fd3-af20-bc8c56f6ec54 (type: security_group_rules) to 0 [pid: 7|app: 0|req: 1338/2629] 10.0.0.24 () {34 vars in 694 bytes} [Tue May 12 16:31:25 2026] POST /v2.0/security-group-rules => generated 597 bytes in 167 msecs (HTTP/1.1 201) 4 headers in 162 bytes (1 switches on core 0)
2026-05-12 16:31:26.308 8 INFO neutron.db.ovn_revision_numbers_db [None req-d0dcf8d7-f6c7-468a-b4da-64cb820f84fc fc29150fa3364c31a4f3f03649d78be4 5e8848c5972d4ed697331d6d8610fd4e - - default default] Successfully bumped revision number for resource 76dd0075-ead4-40c6-94ac-10c8271209ea (type: security_group_rules) to 0 [pid: 8|app: 0|req: 1292/2630] 10.0.0.24 () {34 vars in 694 bytes} [Tue May 12 16:31:26 2026] POST /v2.0/security-group-rules => generated 596 bytes in 168 msecs (HTTP/1.1 201) 4 headers in 162 bytes (1 switches on core 0)
2026-05-12 16:31:26.477 7 INFO neutron.db.ovn_revision_numbers_db [None req-60a91b60-0509-496f-a470-df36f255bb4c fc29150fa3364c31a4f3f03649d78be4 5e8848c5972d4ed697331d6d8610fd4e - - default default] Successfully bumped revision number for resource c8fc3ab9-4c85-4f22-8f56-6fb3879a2800 (type: security_group_rules) to 0 [pid: 7|app: 0|req: 1339/2631] 10.0.0.24 () {34 vars in 694 bytes} [Tue May 12 16:31:26 2026] POST /v2.0/security-group-rules => generated 602 bytes in 161 msecs (HTTP/1.1 201) 4 headers in 162 bytes (1 switches on core 0)
2026-05-12 16:31:26.633 8 INFO neutron.db.ovn_revision_numbers_db [None req-e06e2db3-4202-41f7-936c-dd6b5de22f9e fc29150fa3364c31a4f3f03649d78be4 5e8848c5972d4ed697331d6d8610fd4e - - default default] Successfully bumped revision number for resource c5fec298-88dc-4732-8611-07e88ba27c2e (type: security_group_rules) to 0 [pid: 8|app: 0|req: 1293/2632] 10.0.0.24 () {34 vars in 694 bytes} [Tue May 12 16:31:26 2026] POST /v2.0/security-group-rules => generated 601 bytes in 153 msecs (HTTP/1.1 201) 4 headers in 162 bytes (1 switches on core 0)
2026-05-12 16:31:26.701 7 INFO neutron.db.securitygroups_db [None req-cb2b9fe7-bd41-4a60-a7dc-ef6163e666e9 fc29150fa3364c31a4f3f03649d78be4 5e8848c5972d4ed697331d6d8610fd4e - - default default] Project 5e8848c5972d4ed697331d6d8610fd4e added a security group rule with legacy IPv6 ICMP protocol name icmp, ipv6-icmp should be used instead. It was automatically converted.
2026-05-12 16:31:26.782 7 INFO neutron.db.ovn_revision_numbers_db [None req-cb2b9fe7-bd41-4a60-a7dc-ef6163e666e9 fc29150fa3364c31a4f3f03649d78be4 5e8848c5972d4ed697331d6d8610fd4e - - default default] Successfully bumped revision number for resource 018e3d01-9465-4815-a2c5-7444960a1ab6 (type: security_group_rules) to 0 [pid: 7|app: 0|req: 1340/2633] 10.0.0.24 () {34 vars in 694 bytes} [Tue May 12 16:31:26 2026] POST /v2.0/security-group-rules => generated 607 bytes in 145 msecs (HTTP/1.1 201) 4 headers in 162 bytes (1 switches on core 0)
2026-05-12 16:31:26.850 8 INFO neutron.db.securitygroups_db [None req-62f555d0-8093-4226-b7a7-51cc80c02d6b fc29150fa3364c31a4f3f03649d78be4 5e8848c5972d4ed697331d6d8610fd4e - - default default] Project 5e8848c5972d4ed697331d6d8610fd4e added a security group rule with legacy IPv6 ICMP protocol name icmp, ipv6-icmp should be used instead. It was automatically converted.
2026-05-12 16:31:26.951 8 INFO neutron.db.ovn_revision_numbers_db [None req-62f555d0-8093-4226-b7a7-51cc80c02d6b fc29150fa3364c31a4f3f03649d78be4 5e8848c5972d4ed697331d6d8610fd4e - - default default] Successfully bumped revision number for resource a8c099f7-5945-419e-9b31-680099e639d6 (type: security_group_rules) to 0 [pid: 8|app: 0|req: 1294/2634] 10.0.0.24 () {34 vars in 694 bytes} [Tue May 12 16:31:26 2026] POST /v2.0/security-group-rules => generated 606 bytes in 162 msecs (HTTP/1.1 201) 4 headers in 162 bytes (1 switches on core 0)
2026-05-12 16:31:27.529 7 INFO neutron.db.ovn_revision_numbers_db [None req-08e7b4fb-4bb4-4bea-bfe5-192ada94c3a4 fc29150fa3364c31a4f3f03649d78be4 5e8848c5972d4ed697331d6d8610fd4e - - default default] Successfully bumped revision number for resource 95005520-2ab3-4f6b-b619-b24f0e8103d4 (type: security_groups) to 1
2026-05-12 16:31:27.543 7 INFO neutron.db.ovn_revision_numbers_db [None req-08e7b4fb-4bb4-4bea-bfe5-192ada94c3a4 fc29150fa3364c31a4f3f03649d78be4 5e8848c5972d4ed697331d6d8610fd4e - - default default] Successfully bumped revision number for resource 8ebd166f-9776-4cfb-8d08-f5cee8e39dc6 (type: security_group_rules) to 0
2026-05-12 16:31:27.552 7 INFO neutron.db.ovn_revision_numbers_db [None req-08e7b4fb-4bb4-4bea-bfe5-192ada94c3a4 fc29150fa3364c31a4f3f03649d78be4 5e8848c5972d4ed697331d6d8610fd4e - - default default] Successfully bumped revision number for resource af39edd9-b04c-4367-817a-c866f7d8e06a (type: security_group_rules) to 0 [pid: 7|app: 0|req: 1341/2635] 10.0.0.24 () {34 vars in 684 bytes} [Tue May 12 16:31:27 2026] POST /v2.0/security-groups => generated 1662 bytes in 211 msecs (HTTP/1.1 201) 4 headers in 163 bytes (1 switches on core 0)
2026-05-12 16:31:27.716 8 INFO neutron.db.ovn_revision_numbers_db [None req-04b4f248-957f-4565-8c86-84ecb28e5b75 fc29150fa3364c31a4f3f03649d78be4 5e8848c5972d4ed697331d6d8610fd4e - - default default] Successfully bumped revision number for resource ae674ce0-8eca-4c2f-8dbb-1057cf87a363 (type: security_group_rules) to 0 [pid: 8|app: 0|req: 1295/2636] 10.0.0.24 () {34 vars in 694 bytes} [Tue May 12 16:31:27 2026] POST /v2.0/security-group-rules => generated 597 bytes in 150 msecs (HTTP/1.1 201) 4 headers in 162 bytes (1 switches on core 0)
2026-05-12 16:31:27.983 7 INFO neutron.db.ovn_revision_numbers_db [None req-119722f4-9635-4504-bb5a-7ef25fa7858b fc29150fa3364c31a4f3f03649d78be4 5e8848c5972d4ed697331d6d8610fd4e - - default default] Successfully bumped revision number for resource 95a7faa4-72eb-4532-839a-45f44d1da772 (type: security_group_rules) to 0 [pid: 7|app: 0|req: 1342/2637] 10.0.0.24 () {34 vars in 694 bytes} [Tue May 12 16:31:27 2026] POST /v2.0/security-group-rules => generated 602 bytes in 262 msecs (HTTP/1.1 201) 4 headers in 162 bytes (1 switches on core 0)
2026-05-12 16:31:28.237 8 WARNING neutron.scheduler.dhcp_agent_scheduler [None req-65fe8175-9b53-448f-9e46-ec222b57b66b fc29150fa3364c31a4f3f03649d78be4 5e8848c5972d4ed697331d6d8610fd4e - - default default] No more DHCP agents
2026-05-12 16:31:28.238 8 WARNING neutron.api.rpc.agentnotifiers.dhcp_rpc_agent_api [None req-65fe8175-9b53-448f-9e46-ec222b57b66b fc29150fa3364c31a4f3f03649d78be4 5e8848c5972d4ed697331d6d8610fd4e - - default default] Unable to schedule network faed616b-7d61-4aa7-96ec-fbcf074fe914: no agents available; will retry on subsequent port and subnet creation events. [pid: 8|app: 0|req: 1296/2638] 10.0.0.24 () {34 vars in 675 bytes} [Tue May 12 16:31:28 2026] POST /v2.0/floatingips => generated 552 bytes in 494 msecs (HTTP/1.1 201) 4 headers in 162 bytes (1 switches on core 0)
2026-05-12 16:31:28.601 7 WARNING neutron.db.securitygroups_db [req-b3e3b3bb-022d-4384-92db-9142d9c71db9 req-b5188ba9-3859-4d6a-9c70-24630b38b0a8 fc29150fa3364c31a4f3f03649d78be4 5e8848c5972d4ed697331d6d8610fd4e - - default default] project_id key not found in filters, using tenant_id instead. This support has been deprecated and will be removed in a future release. [pid: 7|app: 0|req: 1343/2639] 10.0.0.125 () {34 vars in 1100 bytes} [Tue May 12 16:31:28 2026] GET /v2.0/security-groups?name=tempest-secgroup-smoke-1154039782&fields=id&tenant_id=5e8848c5972d4ed697331d6d8610fd4e => generated 69 bytes in 31 msecs (HTTP/1.1 200) 4 headers in 156 bytes (1 switches on core 0)
2026-05-12 16:31:28.641 8 WARNING neutron.db.securitygroups_db [req-b3e3b3bb-022d-4384-92db-9142d9c71db9 req-f5392c10-dc1d-41ea-859e-881a89996146 fc29150fa3364c31a4f3f03649d78be4 5e8848c5972d4ed697331d6d8610fd4e - - default default] project_id key not found in filters, using tenant_id instead. This support has been deprecated and will be removed in a future release. [pid: 8|app: 0|req: 1297/2640] 10.0.0.125 () {34 vars in 1100 bytes} [Tue May 12 16:31:28 2026] GET /v2.0/security-groups?name=tempest-securitygroup--1037240360&fields=id&tenant_id=5e8848c5972d4ed697331d6d8610fd4e => generated 69 bytes in 29 msecs (HTTP/1.1 200) 4 headers in 156 bytes (1 switches on core 0) [pid: 7|app: 0|req: 1344/2641] 10.0.0.125 () {34 vars in 982 bytes} [Tue May 12 16:31:28 2026] GET /v2.0/networks?id=76184f45-5f15-41a9-988b-13c599cd0e8c => generated 710 bytes in 46 msecs (HTTP/1.1 200) 4 headers in 157 bytes (1 switches on core 0) [pid: 8|app: 0|req: 1298/2642] 10.0.0.125 () {34 vars in 965 bytes} [Tue May 12 16:31:28 2026] GET /v2.0/quotas/5e8848c5972d4ed697331d6d8610fd4e => generated 292 bytes in 12 msecs (HTTP/1.1 200) 4 headers in 157 bytes (1 switches on core 0) [pid: 7|app: 0|req: 1345/2643] 10.0.0.125 () {34 vars in 1002 bytes} [Tue May 12 16:31:28 2026] GET /v2.0/ports?tenant_id=5e8848c5972d4ed697331d6d8610fd4e&fields=id => generated 103 bytes in 79 msecs (HTTP/1.1 200) 4 headers in 157 bytes (1 switches on core 0) [pid: 8|app: 0|req: 1299/2644] 10.0.0.125 () {34 vars in 1008 bytes} [Tue May 12 16:31:28 2026] GET /v2.0/networks/76184f45-5f15-41a9-988b-13c599cd0e8c?fields=segments => generated 14 bytes in 39 msecs (HTTP/1.1 200) 4 headers in 156 bytes (1 switches on core 0) [pid: 7|app: 0|req: 1346/2645] 10.0.0.125 () {34 vars in 1108 bytes} [Tue May 12 16:31:28 2026] GET /v2.0/networks/76184f45-5f15-41a9-988b-13c599cd0e8c?fields=provider%3Aphysical_network&fields=provider%3Anetwork_type => generated 79 bytes in 45 msecs (HTTP/1.1 200) 4 headers in 156 bytes (1 switches on core 0) [pid: 7|app: 0|req: 1348/2648] 10.0.0.125 () {34 vars in 990 bytes} [Tue May 12 16:31:29 2026] GET /v2.0/ports?device_id=e187a248-8754-4ef2-b860-1f862df6cac0 => generated 12 bytes in 22 msecs (HTTP/1.1 200) 4 headers in 156 bytes (1 switches on core 0) [pid: 8|app: 0|req: 1301/2649] 10.0.0.125 () {34 vars in 990 bytes} [Tue May 12 16:31:30 2026] GET /v2.0/ports?device_id=e187a248-8754-4ef2-b860-1f862df6cac0 => generated 12 bytes in 204 msecs (HTTP/1.1 200) 4 headers in 156 bytes (1 switches on core 0) [pid: 7|app: 0|req: 1349/2650] 10.0.0.125 () {34 vars in 990 bytes} [Tue May 12 16:31:31 2026] GET /v2.0/ports?device_id=e187a248-8754-4ef2-b860-1f862df6cac0 => generated 12 bytes in 149 msecs (HTTP/1.1 200) 4 headers in 156 bytes (1 switches on core 0)
2026-05-12 16:31:31.787 8 WARNING neutron.plugins.ml2.drivers.ovn.mech_driver.ovsdb.ovn_client [None req-d4b3ed10-6f3b-4252-8f40-c3b4c7f67dd1 - - - - - -] No hosting information found for port 9c18029e-2e43-4f5a-9e03-791f8ff269c1: RuntimeError: No hosting information found for port 9c18029e-2e43-4f5a-9e03-791f8ff269c1
2026-05-12 16:31:31.818 8 INFO neutron.common.ovn.utils [None req-d4b3ed10-6f3b-4252-8f40-c3b4c7f67dd1 - - - - - -] HA Chassis Group neutron-b1c7dda0-e039-47ba-b8a8-1b4209bd0d8e synchronized; highest priority chassis dbe003e8-c4f2-4033-90a1-23f911523e88
2026-05-12 16:31:31.969 8 INFO neutron.db.ovn_revision_numbers_db [None req-d4b3ed10-6f3b-4252-8f40-c3b4c7f67dd1 - - - - - -] Successfully bumped revision number for resource 9c18029e-2e43-4f5a-9e03-791f8ff269c1 (type: router_ports) to 2 [pid: 7|app: 0|req: 1350/2651] 10.0.0.125 () {34 vars in 990 bytes} [Tue May 12 16:31:32 2026] GET /v2.0/ports?device_id=e187a248-8754-4ef2-b860-1f862df6cac0 => generated 12 bytes in 20 msecs (HTTP/1.1 200) 4 headers in 156 bytes (1 switches on core 0)
2026-05-12 16:31:32.769 8 INFO neutron.db.ovn_revision_numbers_db [None req-18011c2c-cd33-46a6-84b0-2aefcf73d1f1 b44eeadbf8334b4196754d627ad7a34c 07b589f7016c4b0480ae739a91f5cf49 - - default default] Successfully bumped revision number for resource c2561dce-ea8c-4d96-b3ba-a766d702ad23 (type: security_groups) to 1
2026-05-12 16:31:32.819 8 INFO neutron.db.ovn_revision_numbers_db [None req-18011c2c-cd33-46a6-84b0-2aefcf73d1f1 b44eeadbf8334b4196754d627ad7a34c 07b589f7016c4b0480ae739a91f5cf49 - - default default] Successfully bumped revision number for resource 1cf0c733-58a6-401b-9709-7fc7116b3464 (type: security_group_rules) to 0
2026-05-12 16:31:32.857 8 INFO neutron.db.ovn_revision_numbers_db [None req-18011c2c-cd33-46a6-84b0-2aefcf73d1f1 b44eeadbf8334b4196754d627ad7a34c 07b589f7016c4b0480ae739a91f5cf49 - - default default] Successfully bumped revision number for resource 693eb07e-827b-4456-bacd-745b25858121 (type: security_group_rules) to 0
2026-05-12 16:31:32.872 8 INFO neutron.db.ovn_revision_numbers_db [None req-18011c2c-cd33-46a6-84b0-2aefcf73d1f1 b44eeadbf8334b4196754d627ad7a34c 07b589f7016c4b0480ae739a91f5cf49 - - default default] Successfully bumped revision number for resource b08f853f-71ff-4829-b1ec-ab4b8f2f6501 (type: security_group_rules) to 0
2026-05-12 16:31:32.907 8 INFO neutron.db.ovn_revision_numbers_db [None req-18011c2c-cd33-46a6-84b0-2aefcf73d1f1 b44eeadbf8334b4196754d627ad7a34c 07b589f7016c4b0480ae739a91f5cf49 - - default default] Successfully bumped revision number for resource ecbe6da3-2e45-43b0-a13d-6cfc1f2c3cb6 (type: security_group_rules) to 0
2026-05-12 16:31:32.984 8 INFO neutron.db.segments_db [None req-18011c2c-cd33-46a6-84b0-2aefcf73d1f1 b44eeadbf8334b4196754d627ad7a34c 07b589f7016c4b0480ae739a91f5cf49 - - default default] Added segment 9e0a1e9b-90ca-422d-b518-62a34b66ad8f of type geneve for network 169b2f00-ff36-47e9-8fab-6880df70fa8b
2026-05-12 16:31:33.192 8 INFO neutron.db.ovn_revision_numbers_db [None req-18011c2c-cd33-46a6-84b0-2aefcf73d1f1 b44eeadbf8334b4196754d627ad7a34c 07b589f7016c4b0480ae739a91f5cf49 - - default default] Successfully bumped revision number for resource 169b2f00-ff36-47e9-8fab-6880df70fa8b (type: networks) to 1 [pid: 7|app: 0|req: 1351/2652] 199.204.45.72 () {34 vars in 985 bytes} [Tue May 12 16:31:33 2026] GET /v2.0/networks?id=76184f45-5f15-41a9-988b-13c599cd0e8c => generated 710 bytes in 51 msecs (HTTP/1.1 200) 4 headers in 157 bytes (1 switches on core 0)
2026-05-12 16:31:33.379 7 WARNING neutron.db.securitygroups_db [req-b3e3b3bb-022d-4384-92db-9142d9c71db9 req-d8399205-6e10-4774-aa9a-8d8238ce5585 fc29150fa3364c31a4f3f03649d78be4 5e8848c5972d4ed697331d6d8610fd4e - - default default] project_id key not found in filters, using tenant_id instead. This support has been deprecated and will be removed in a future release. [pid: 7|app: 0|req: 1352/2653] 199.204.45.72 () {34 vars in 1049 bytes} [Tue May 12 16:31:33 2026] GET /v2.0/security-groups?fields=id&fields=name&tenant_id=5e8848c5972d4ed697331d6d8610fd4e => generated 274 bytes in 34 msecs (HTTP/1.1 200) 4 headers in 157 bytes (1 switches on core 0)
2026-05-12 16:31:33.433 8 WARNING neutron.scheduler.dhcp_agent_scheduler [None req-18011c2c-cd33-46a6-84b0-2aefcf73d1f1 b44eeadbf8334b4196754d627ad7a34c 07b589f7016c4b0480ae739a91f5cf49 - - default default] No more DHCP agents
2026-05-12 16:31:33.436 8 WARNING neutron.api.rpc.agentnotifiers.dhcp_rpc_agent_api [None req-18011c2c-cd33-46a6-84b0-2aefcf73d1f1 b44eeadbf8334b4196754d627ad7a34c 07b589f7016c4b0480ae739a91f5cf49 - - default default] Unable to schedule network 169b2f00-ff36-47e9-8fab-6880df70fa8b: no agents available; will retry on subsequent port and subnet creation events.
2026-05-12 16:31:33.519 8 INFO neutron.plugins.ml2.drivers.ovn.mech_driver.mech_driver [None req-d4b3ed10-6f3b-4252-8f40-c3b4c7f67dd1 - - - - - -] OVN reports status down for port: b56b6aff-dd06-4088-92b8-5019b42a31c1
2026-05-12 16:31:33.603 8 INFO neutron.db.ovn_revision_numbers_db [None req-18011c2c-cd33-46a6-84b0-2aefcf73d1f1 b44eeadbf8334b4196754d627ad7a34c 07b589f7016c4b0480ae739a91f5cf49 - - default default] Successfully bumped revision number for resource b56b6aff-dd06-4088-92b8-5019b42a31c1 (type: ports) to 1 [pid: 8|app: 0|req: 1302/2654] 10.0.0.24 () {34 vars in 669 bytes} [Tue May 12 16:31:32 2026] POST /v2.0/networks => generated 678 bytes in 1352 msecs (HTTP/1.1 201) 4 headers in 162 bytes (1 switches on core 0)
2026-05-12 16:31:34.020 7 WARNING neutron.scheduler.dhcp_agent_scheduler [req-b3e3b3bb-022d-4384-92db-9142d9c71db9 req-4f0ffa73-9ba4-47d5-bd7f-005fd700fa19 fc29150fa3364c31a4f3f03649d78be4 5e8848c5972d4ed697331d6d8610fd4e - - default default] No more DHCP agents
2026-05-12 16:31:34.021 7 WARNING neutron.api.rpc.agentnotifiers.dhcp_rpc_agent_api [req-b3e3b3bb-022d-4384-92db-9142d9c71db9 req-4f0ffa73-9ba4-47d5-bd7f-005fd700fa19 fc29150fa3364c31a4f3f03649d78be4 5e8848c5972d4ed697331d6d8610fd4e - - default default] Unable to schedule network 76184f45-5f15-41a9-988b-13c599cd0e8c: no agents available; will retry on subsequent port and subnet creation events.
2026-05-12 16:31:34.079 8 WARNING neutron.scheduler.dhcp_agent_scheduler [None req-ef1b855c-c9e6-48ca-b050-5ae05b26db39 b44eeadbf8334b4196754d627ad7a34c 07b589f7016c4b0480ae739a91f5cf49 - - default default] No more DHCP agents
2026-05-12 16:31:34.080 8 WARNING neutron.api.rpc.agentnotifiers.dhcp_rpc_agent_api [None req-ef1b855c-c9e6-48ca-b050-5ae05b26db39 b44eeadbf8334b4196754d627ad7a34c 07b589f7016c4b0480ae739a91f5cf49 - - default default] Unable to schedule network 169b2f00-ff36-47e9-8fab-6880df70fa8b: no agents available; will retry on subsequent port and subnet creation events.
2026-05-12 16:31:34.166 8 INFO neutron.plugins.ml2.drivers.ovn.mech_driver.mech_driver [None req-d4b3ed10-6f3b-4252-8f40-c3b4c7f67dd1 - - - - - -] OVN reports status down for port: 341114c0-8ff8-451f-a478-9bae132e5599
2026-05-12 16:31:34.212 7 INFO neutron.db.ovn_revision_numbers_db [req-b3e3b3bb-022d-4384-92db-9142d9c71db9 req-4f0ffa73-9ba4-47d5-bd7f-005fd700fa19 fc29150fa3364c31a4f3f03649d78be4 5e8848c5972d4ed697331d6d8610fd4e - - default default] Successfully bumped revision number for resource 341114c0-8ff8-451f-a478-9bae132e5599 (type: ports) to 1 [pid: 7|app: 0|req: 1353/2655] 199.204.45.72 () {38 vars in 954 bytes} [Tue May 12 16:31:33 2026] POST /v2.0/ports => generated 993 bytes in 875 msecs (HTTP/1.1 201) 4 headers in 162 bytes (1 switches on core 0) /var/lib/openstack/lib/python3.12/site-packages/pycadf/identifier.py:70: UserWarning: Invalid uuid: neutron. To ensure interoperability, identifiers should be a valid uuid. warnings.warn(('Invalid uuid: %s. To ensure interoperability, ' [pid: 7|app: 0|req: 1354/2656] 10.0.0.125 () {34 vars in 990 bytes} [Tue May 12 16:31:34 2026] GET /v2.0/ports?device_id=e187a248-8754-4ef2-b860-1f862df6cac0 => generated 996 bytes in 42 msecs (HTTP/1.1 200) 4 headers in 157 bytes (1 switches on core 0)
2026-05-12 16:31:34.655 8 INFO neutron.db.ovn_revision_numbers_db [None req-ef1b855c-c9e6-48ca-b050-5ae05b26db39 b44eeadbf8334b4196754d627ad7a34c 07b589f7016c4b0480ae739a91f5cf49 - - default default] Successfully bumped revision number for resource b56b6aff-dd06-4088-92b8-5019b42a31c1 (type: ports) to 2
2026-05-12 16:31:34.691 8 INFO neutron.db.ovn_revision_numbers_db [None req-ef1b855c-c9e6-48ca-b050-5ae05b26db39 b44eeadbf8334b4196754d627ad7a34c 07b589f7016c4b0480ae739a91f5cf49 - - default default] Successfully bumped revision number for resource 22af3ac3-7e0b-4190-a7a7-1865c6358627 (type: subnets) to 0 [pid: 8|app: 0|req: 1303/2657] 10.0.0.24 () {34 vars in 668 bytes} [Tue May 12 16:31:33 2026] POST /v2.0/subnets => generated 658 bytes in 1046 msecs (HTTP/1.1 201) 4 headers in 162 bytes (1 switches on core 0)
2026-05-12 16:31:34.724 7 INFO neutron.db.ovn_revision_numbers_db [req-b3e3b3bb-022d-4384-92db-9142d9c71db9 req-9f196831-0231-4767-bac8-27b030ab8bae fb9c950fc7204c5c8ce15fc108876922 f7bd30ca64244229b6a58f76f0660f71 - - 67de5b9b88474c63b56f9476633a371d 67de5b9b88474c63b56f9476633a371d] Successfully bumped revision number for resource 341114c0-8ff8-451f-a478-9bae132e5599 (type: ports) to 2 [pid: 8|app: 0|req: 1304/2658] 10.0.0.125 () {34 vars in 1120 bytes} [Tue May 12 16:31:34 2026] GET /v2.0/security-groups?id=95005520-2ab3-4f6b-b619-b24f0e8103d4&id=754afa46-e7c4-4769-8e0b-6471c4de349e&fields=id&fields=name => generated 207 bytes in 37 msecs (HTTP/1.1 200) 4 headers in 157 bytes (1 switches on core 0) [pid: 8|app: 0|req: 1305/2659] 10.0.0.24 () {32 vars in 721 bytes} [Tue May 12 16:31:34 2026] GET /v2.0/subnetpools?name=shared-default-subnetpool-v6 => generated 19 bytes in 38 msecs (HTTP/1.1 200) 4 headers in 156 bytes (1 switches on core 0)
2026-05-12 16:31:34.970 7 INFO neutron.db.ovn_revision_numbers_db [req-b3e3b3bb-022d-4384-92db-9142d9c71db9 req-9f196831-0231-4767-bac8-27b030ab8bae fb9c950fc7204c5c8ce15fc108876922 f7bd30ca64244229b6a58f76f0660f71 - - 67de5b9b88474c63b56f9476633a371d 67de5b9b88474c63b56f9476633a371d] Successfully bumped revision number for resource 341114c0-8ff8-451f-a478-9bae132e5599 (type: ports) to 4 [pid: 7|app: 0|req: 1355/2660] 199.204.45.72 () {38 vars in 1027 bytes} [Tue May 12 16:31:34 2026] PUT /v2.0/ports/341114c0-8ff8-451f-a478-9bae132e5599 => generated 1266 bytes in 667 msecs (HTTP/1.1 200) 4 headers in 158 bytes (1 switches on core 0)
2026-05-12 16:31:35.042 7 INFO neutron.notifiers.nova [-] Nova event matching ['req-2406e6dd-8740-4106-8e38-904659ed5c0e'] response: {'name': 'network-changed', 'server_uuid': 'e187a248-8754-4ef2-b860-1f862df6cac0', 'tag': '341114c0-8ff8-451f-a478-9bae132e5599', 'status': 'completed', 'code': 200}
2026-05-12 16:31:35.055 8 WARNING neutron.scheduler.dhcp_agent_scheduler [None req-567c744c-9d1c-4a29-a4eb-b9e0a3e8f664 b44eeadbf8334b4196754d627ad7a34c 07b589f7016c4b0480ae739a91f5cf49 - - default default] No more DHCP agents
2026-05-12 16:31:35.056 8 WARNING neutron.api.rpc.agentnotifiers.dhcp_rpc_agent_api [None req-567c744c-9d1c-4a29-a4eb-b9e0a3e8f664 b44eeadbf8334b4196754d627ad7a34c 07b589f7016c4b0480ae739a91f5cf49 - - default default] Unable to schedule network 169b2f00-ff36-47e9-8fab-6880df70fa8b: no agents available; will retry on subsequent port and subnet creation events.
2026-05-12 16:31:35.092 8 INFO neutron.db.ovn_revision_numbers_db [None req-567c744c-9d1c-4a29-a4eb-b9e0a3e8f664 b44eeadbf8334b4196754d627ad7a34c 07b589f7016c4b0480ae739a91f5cf49 - - default default] Successfully bumped revision number for resource a555aa52-d515-4028-81df-aed7d3a9c810 (type: subnets) to 0 [pid: 8|app: 0|req: 1306/2661] 10.0.0.24 () {34 vars in 668 bytes} [Tue May 12 16:31:34 2026] POST /v2.0/subnets => generated 732 bytes in 311 msecs (HTTP/1.1 201) 4 headers in 162 bytes (1 switches on core 0) /var/lib/openstack/lib/python3.12/site-packages/pycadf/identifier.py:70: UserWarning: Invalid uuid: neutron. To ensure interoperability, identifiers should be a valid uuid. warnings.warn(('Invalid uuid: %s. To ensure interoperability, '
2026-05-12 16:31:35.196 7 INFO neutron.db.segments_db [None req-a68d75f4-736e-4eab-b4ef-5906f86cf310 b44eeadbf8334b4196754d627ad7a34c 07b589f7016c4b0480ae739a91f5cf49 - - default default] Added segment 2499ee8d-2c8f-4f80-bc55-1b6bba7a9d0f of type geneve for network 86ee05a9-ec80-46c4-954c-b16d2719d6b9
2026-05-12 16:31:35.311 7 INFO neutron.db.ovn_revision_numbers_db [None req-a68d75f4-736e-4eab-b4ef-5906f86cf310 b44eeadbf8334b4196754d627ad7a34c 07b589f7016c4b0480ae739a91f5cf49 - - default default] Successfully bumped revision number for resource 86ee05a9-ec80-46c4-954c-b16d2719d6b9 (type: networks) to 1
2026-05-12 16:31:35.456 7 WARNING neutron.scheduler.dhcp_agent_scheduler [None req-a68d75f4-736e-4eab-b4ef-5906f86cf310 b44eeadbf8334b4196754d627ad7a34c 07b589f7016c4b0480ae739a91f5cf49 - - default default] No more DHCP agents
2026-05-12 16:31:35.458 7 WARNING neutron.api.rpc.agentnotifiers.dhcp_rpc_agent_api [None req-a68d75f4-736e-4eab-b4ef-5906f86cf310 b44eeadbf8334b4196754d627ad7a34c 07b589f7016c4b0480ae739a91f5cf49 - - default default] Unable to schedule network 86ee05a9-ec80-46c4-954c-b16d2719d6b9: no agents available; will retry on subsequent port and subnet creation events.
2026-05-12 16:31:35.521 8 INFO neutron.plugins.ml2.drivers.ovn.mech_driver.mech_driver [None req-d4b3ed10-6f3b-4252-8f40-c3b4c7f67dd1 - - - - - -] OVN reports status down for port: 2a93a559-a85f-4521-b729-1bb8da6cb197
2026-05-12 16:31:35.561 7 INFO neutron.db.ovn_revision_numbers_db [None req-a68d75f4-736e-4eab-b4ef-5906f86cf310 b44eeadbf8334b4196754d627ad7a34c 07b589f7016c4b0480ae739a91f5cf49 - - default default] Successfully bumped revision number for resource 2a93a559-a85f-4521-b729-1bb8da6cb197 (type: ports) to 1 [pid: 7|app: 0|req: 1356/2662] 10.0.0.24 () {34 vars in 669 bytes} [Tue May 12 16:31:35 2026] POST /v2.0/networks => generated 676 bytes in 485 msecs (HTTP/1.1 201) 4 headers in 162 bytes (1 switches on core 0) [pid: 8|app: 0|req: 1307/2663] 199.204.45.72 () {34 vars in 1079 bytes} [Tue May 12 16:31:35 2026] GET /v2.0/ports?tenant_id=5e8848c5972d4ed697331d6d8610fd4e&device_id=e187a248-8754-4ef2-b860-1f862df6cac0 => generated 1269 bytes in 67 msecs (HTTP/1.1 200) 4 headers in 158 bytes (1 switches on core 0) [pid: 8|app: 0|req: 1308/2664] 199.204.45.72 () {34 vars in 1017 bytes} [Tue May 12 16:31:35 2026] GET /v2.0/networks?tenant_id=5e8848c5972d4ed697331d6d8610fd4e&shared=False => generated 809 bytes in 36 msecs (HTTP/1.1 200) 4 headers in 157 bytes (1 switches on core 0) [pid: 8|app: 0|req: 1309/2665] 199.204.45.72 () {34 vars in 929 bytes} [Tue May 12 16:31:35 2026] GET /v2.0/networks?shared=True => generated 791 bytes in 48 msecs (HTTP/1.1 200) 4 headers in 157 bytes (1 switches on core 0)
2026-05-12 16:31:35.775 7 WARNING neutron.scheduler.dhcp_agent_scheduler [None req-f64a2eff-3fef-4a37-bf30-331a9f5717ae b44eeadbf8334b4196754d627ad7a34c 07b589f7016c4b0480ae739a91f5cf49 - - default default] No more DHCP agents
2026-05-12 16:31:35.776 7 WARNING neutron.api.rpc.agentnotifiers.dhcp_rpc_agent_api [None req-f64a2eff-3fef-4a37-bf30-331a9f5717ae b44eeadbf8334b4196754d627ad7a34c 07b589f7016c4b0480ae739a91f5cf49 - - default default] Unable to schedule network 86ee05a9-ec80-46c4-954c-b16d2719d6b9: no agents available; will retry on subsequent port and subnet creation events. [pid: 8|app: 0|req: 1310/2666] 10.0.0.125 () {34 vars in 990 bytes} [Tue May 12 16:31:35 2026] GET /v2.0/ports?device_id=e187a248-8754-4ef2-b860-1f862df6cac0 => generated 1008 bytes in 77 msecs (HTTP/1.1 200) 4 headers in 158 bytes (1 switches on core 0) [pid: 8|app: 0|req: 1311/2667] 10.0.0.125 () {34 vars in 1120 bytes} [Tue May 12 16:31:35 2026] GET /v2.0/security-groups?id=95005520-2ab3-4f6b-b619-b24f0e8103d4&id=754afa46-e7c4-4769-8e0b-6471c4de349e&fields=id&fields=name => generated 207 bytes in 36 msecs (HTTP/1.1 200) 4 headers in 157 bytes (1 switches on core 0)
2026-05-12 16:31:36.217 7 INFO neutron.db.ovn_revision_numbers_db [None req-f64a2eff-3fef-4a37-bf30-331a9f5717ae b44eeadbf8334b4196754d627ad7a34c 07b589f7016c4b0480ae739a91f5cf49 - - default default] Successfully bumped revision number for resource 2a93a559-a85f-4521-b729-1bb8da6cb197 (type: ports) to 2
2026-05-12 16:31:36.250 7 INFO neutron.db.ovn_revision_numbers_db [None req-f64a2eff-3fef-4a37-bf30-331a9f5717ae b44eeadbf8334b4196754d627ad7a34c 07b589f7016c4b0480ae739a91f5cf49 - - default default] Successfully bumped revision number for resource d09cbd66-8eba-4f6d-9002-5e54ad4f91ac (type: subnets) to 0 [pid: 7|app: 0|req: 1357/2668] 10.0.0.24 () {34 vars in 668 bytes} [Tue May 12 16:31:35 2026] POST /v2.0/subnets => generated 656 bytes in 663 msecs (HTTP/1.1 201) 4 headers in 162 bytes (1 switches on core 0)
2026-05-12 16:31:36.499 8 WARNING neutron.scheduler.dhcp_agent_scheduler [None req-d5ddfd59-68f8-4a03-bb7e-553373b8c31e b44eeadbf8334b4196754d627ad7a34c 07b589f7016c4b0480ae739a91f5cf49 - - default default] No more DHCP agents
2026-05-12 16:31:36.500 8 WARNING neutron.api.rpc.agentnotifiers.dhcp_rpc_agent_api [None req-d5ddfd59-68f8-4a03-bb7e-553373b8c31e b44eeadbf8334b4196754d627ad7a34c 07b589f7016c4b0480ae739a91f5cf49 - - default default] Unable to schedule network 86ee05a9-ec80-46c4-954c-b16d2719d6b9: no agents available; will retry on subsequent port and subnet creation events.
2026-05-12 16:31:36.539 8 INFO neutron.db.ovn_revision_numbers_db [None req-d5ddfd59-68f8-4a03-bb7e-553373b8c31e b44eeadbf8334b4196754d627ad7a34c 07b589f7016c4b0480ae739a91f5cf49 - - default default] Successfully bumped revision number for resource 36ec5c48-ffbf-4376-86af-da156c96b121 (type: subnets) to 0 [pid: 8|app: 0|req: 1312/2669] 10.0.0.24 () {34 vars in 668 bytes} [Tue May 12 16:31:36 2026] POST /v2.0/subnets => generated 725 bytes in 283 msecs (HTTP/1.1 201) 4 headers in 162 bytes (1 switches on core 0)
2026-05-12 16:31:36.654 7 INFO neutron.db.segments_db [None req-f5b7aa6c-1388-49ed-9ad9-c8ade01dae54 b44eeadbf8334b4196754d627ad7a34c 07b589f7016c4b0480ae739a91f5cf49 - - default default] Added segment d0269b50-fa4e-478b-9673-4e532b9efe92 of type geneve for network 06a28b2d-f370-476d-aabe-395eb208f908
2026-05-12 16:31:36.785 7 INFO neutron.db.ovn_revision_numbers_db [None req-f5b7aa6c-1388-49ed-9ad9-c8ade01dae54 b44eeadbf8334b4196754d627ad7a34c 07b589f7016c4b0480ae739a91f5cf49 - - default default] Successfully bumped revision number for resource 06a28b2d-f370-476d-aabe-395eb208f908 (type: networks) to 1 [pid: 8|app: 0|req: 1313/2670] 199.204.45.72 () {34 vars in 1079 bytes} [Tue May 12 16:31:36 2026] GET /v2.0/ports?tenant_id=5e8848c5972d4ed697331d6d8610fd4e&device_id=e187a248-8754-4ef2-b860-1f862df6cac0 => generated 1269 bytes in 70 msecs (HTTP/1.1 200) 4 headers in 158 bytes (1 switches on core 0) [pid: 8|app: 0|req: 1314/2671] 199.204.45.72 () {34 vars in 1057 bytes} [Tue May 12 16:31:36 2026] GET /v2.0/floatingips?fixed_ip_address=10.100.0.9&port_id=341114c0-8ff8-451f-a478-9bae132e5599 => generated 19 bytes in 18 msecs (HTTP/1.1 200) 4 headers in 156 bytes (1 switches on core 0) [pid: 8|app: 0|req: 1315/2672] 199.204.45.72 () {34 vars in 983 bytes} [Tue May 12 16:31:36 2026] GET /v2.0/subnets?id=b3e2bca9-4cd1-4f15-a8fd-0736bf3c523a => generated 690 bytes in 27 msecs (HTTP/1.1 200) 4 headers in 157 bytes (1 switches on core 0) [pid: 8|app: 0|req: 1316/2673] 199.204.45.72 () {34 vars in 1051 bytes} [Tue May 12 16:31:36 2026] GET /v2.0/ports?network_id=76184f45-5f15-41a9-988b-13c599cd0e8c&device_owner=network%3Adhcp => generated 12 bytes in 19 msecs (HTTP/1.1 200) 4 headers in 156 bytes (1 switches on core 0) [pid: 8|app: 0|req: 1317/2674] 199.204.45.72 () {34 vars in 1011 bytes} [Tue May 12 16:31:36 2026] GET /v2.0/networks/76184f45-5f15-41a9-988b-13c599cd0e8c?fields=segments => generated 14 bytes in 42 msecs (HTTP/1.1 200) 4 headers in 156 bytes (1 switches on core 0)
2026-05-12 16:31:36.953 7 WARNING neutron.scheduler.dhcp_agent_scheduler [None req-f5b7aa6c-1388-49ed-9ad9-c8ade01dae54 b44eeadbf8334b4196754d627ad7a34c 07b589f7016c4b0480ae739a91f5cf49 - - default default] No more DHCP agents
2026-05-12 16:31:36.955 7 WARNING neutron.api.rpc.agentnotifiers.dhcp_rpc_agent_api [None req-f5b7aa6c-1388-49ed-9ad9-c8ade01dae54 b44eeadbf8334b4196754d627ad7a34c 07b589f7016c4b0480ae739a91f5cf49 - - default default] Unable to schedule network 06a28b2d-f370-476d-aabe-395eb208f908: no agents available; will retry on subsequent port and subnet creation events. [pid: 8|app: 0|req: 1318/2675] 199.204.45.72 () {34 vars in 1111 bytes} [Tue May 12 16:31:36 2026] GET /v2.0/networks/76184f45-5f15-41a9-988b-13c599cd0e8c?fields=provider%3Aphysical_network&fields=provider%3Anetwork_type => generated 79 bytes in 61 msecs (HTTP/1.1 200) 4 headers in 156 bytes (1 switches on core 0)
2026-05-12 16:31:37.058 8 INFO neutron.plugins.ml2.drivers.ovn.mech_driver.mech_driver [None req-d4b3ed10-6f3b-4252-8f40-c3b4c7f67dd1 - - - - - -] OVN reports status down for port: 65996b75-2068-47f2-be35-abefc3568a6b [pid: 8|app: 0|req: 1319/2676] 10.0.0.125 () {34 vars in 990 bytes} [Tue May 12 16:31:37 2026] GET /v2.0/ports?device_id=e187a248-8754-4ef2-b860-1f862df6cac0 => generated 1008 bytes in 45 msecs (HTTP/1.1 200) 4 headers in 158 bytes (1 switches on core 0) [pid: 8|app: 0|req: 1320/2677] 10.0.0.125 () {34 vars in 1120 bytes} [Tue May 12 16:31:37 2026] GET /v2.0/security-groups?id=95005520-2ab3-4f6b-b619-b24f0e8103d4&id=754afa46-e7c4-4769-8e0b-6471c4de349e&fields=id&fields=name => generated 207 bytes in 53 msecs (HTTP/1.1 200) 4 headers in 157 bytes (1 switches on core 0)
2026-05-12 16:31:37.156 7 INFO neutron.db.ovn_revision_numbers_db [None req-f5b7aa6c-1388-49ed-9ad9-c8ade01dae54 b44eeadbf8334b4196754d627ad7a34c 07b589f7016c4b0480ae739a91f5cf49 - - default default] Successfully bumped revision number for resource 65996b75-2068-47f2-be35-abefc3568a6b (type: ports) to 1 [pid: 7|app: 0|req: 1358/2678] 10.0.0.24 () {34 vars in 669 bytes} [Tue May 12 16:31:36 2026] POST /v2.0/networks => generated 676 bytes in 626 msecs (HTTP/1.1 201) 4 headers in 162 bytes (1 switches on core 0)
2026-05-12 16:31:37.360 8 WARNING neutron.scheduler.dhcp_agent_scheduler [None req-fd8e3dfd-5462-43d8-9bf4-fc86a7bee0f5 b44eeadbf8334b4196754d627ad7a34c 07b589f7016c4b0480ae739a91f5cf49 - - default default] No more DHCP agents
2026-05-12 16:31:37.361 8 WARNING neutron.api.rpc.agentnotifiers.dhcp_rpc_agent_api [None req-fd8e3dfd-5462-43d8-9bf4-fc86a7bee0f5 b44eeadbf8334b4196754d627ad7a34c 07b589f7016c4b0480ae739a91f5cf49 - - default default] Unable to schedule network 06a28b2d-f370-476d-aabe-395eb208f908: no agents available; will retry on subsequent port and subnet creation events.
2026-05-12 16:31:37.909 8 INFO neutron.db.ovn_revision_numbers_db [None req-fd8e3dfd-5462-43d8-9bf4-fc86a7bee0f5 b44eeadbf8334b4196754d627ad7a34c 07b589f7016c4b0480ae739a91f5cf49 - - default default] Successfully bumped revision number for resource 65996b75-2068-47f2-be35-abefc3568a6b (type: ports) to 2
2026-05-12 16:31:37.948 8 INFO neutron.db.ovn_revision_numbers_db [None req-fd8e3dfd-5462-43d8-9bf4-fc86a7bee0f5 b44eeadbf8334b4196754d627ad7a34c 07b589f7016c4b0480ae739a91f5cf49 - - default default] Successfully bumped revision number for resource 121037f4-2bea-436e-9495-5192c87c2b42 (type: subnets) to 0 [pid: 8|app: 0|req: 1321/2679] 10.0.0.24 () {34 vars in 668 bytes} [Tue May 12 16:31:37 2026] POST /v2.0/subnets => generated 656 bytes in 772 msecs (HTTP/1.1 201) 4 headers in 162 bytes (1 switches on core 0)
2026-05-12 16:31:38.193 7 WARNING neutron.scheduler.dhcp_agent_scheduler [None req-8e7c997b-eba0-443f-a6a2-8b6601bcb48c b44eeadbf8334b4196754d627ad7a34c 07b589f7016c4b0480ae739a91f5cf49 - - default default] No more DHCP agents
2026-05-12 16:31:38.194 7 WARNING neutron.api.rpc.agentnotifiers.dhcp_rpc_agent_api [None req-8e7c997b-eba0-443f-a6a2-8b6601bcb48c b44eeadbf8334b4196754d627ad7a34c 07b589f7016c4b0480ae739a91f5cf49 - - default default] Unable to schedule network 06a28b2d-f370-476d-aabe-395eb208f908: no agents available; will retry on subsequent port and subnet creation events. [pid: 8|app: 0|req: 1322/2680] 10.0.0.125 () {34 vars in 990 bytes} [Tue May 12 16:31:38 2026] GET /v2.0/ports?device_id=e187a248-8754-4ef2-b860-1f862df6cac0 => generated 1008 bytes in 43 msecs (HTTP/1.1 200) 4 headers in 158 bytes (1 switches on core 0)
2026-05-12 16:31:38.250 7 INFO neutron.db.ovn_revision_numbers_db [None req-8e7c997b-eba0-443f-a6a2-8b6601bcb48c b44eeadbf8334b4196754d627ad7a34c 07b589f7016c4b0480ae739a91f5cf49 - - default default] Successfully bumped revision number for resource c87b97df-91d5-4d7d-a5ef-36553b4b9ed5 (type: subnets) to 0 [pid: 7|app: 0|req: 1359/2681] 10.0.0.24 () {34 vars in 668 bytes} [Tue May 12 16:31:37 2026] POST /v2.0/subnets => generated 728 bytes in 302 msecs (HTTP/1.1 201) 4 headers in 162 bytes (1 switches on core 0) [pid: 8|app: 0|req: 1323/2682] 10.0.0.125 () {34 vars in 1120 bytes} [Tue May 12 16:31:38 2026] GET /v2.0/security-groups?id=95005520-2ab3-4f6b-b619-b24f0e8103d4&id=754afa46-e7c4-4769-8e0b-6471c4de349e&fields=id&fields=name => generated 207 bytes in 35 msecs (HTTP/1.1 200) 4 headers in 157 bytes (1 switches on core 0)
2026-05-12 16:31:38.697 7 WARNING neutron.scheduler.dhcp_agent_scheduler [None req-e3bb950a-1840-4107-bcdf-ce0383db5a63 b44eeadbf8334b4196754d627ad7a34c 07b589f7016c4b0480ae739a91f5cf49 - - default default] No more DHCP agents
2026-05-12 16:31:38.699 7 WARNING neutron.api.rpc.agentnotifiers.dhcp_rpc_agent_api [None req-e3bb950a-1840-4107-bcdf-ce0383db5a63 b44eeadbf8334b4196754d627ad7a34c 07b589f7016c4b0480ae739a91f5cf49 - - default default] Unable to schedule network faed616b-7d61-4aa7-96ec-fbcf074fe914: no agents available; will retry on subsequent port and subnet creation events.
2026-05-12 16:31:38.816 8 INFO neutron.plugins.ml2.drivers.ovn.mech_driver.mech_driver [None req-d4b3ed10-6f3b-4252-8f40-c3b4c7f67dd1 - - - - - -] OVN reports status down for port: f7dd4b32-421d-48d8-853d-1f1e0da1bf85
2026-05-12 16:31:38.878 7 INFO neutron.db.ovn_revision_numbers_db [None req-e3bb950a-1840-4107-bcdf-ce0383db5a63 b44eeadbf8334b4196754d627ad7a34c 07b589f7016c4b0480ae739a91f5cf49 - - default default] Successfully bumped revision number for resource f7dd4b32-421d-48d8-853d-1f1e0da1bf85 (type: ports) to 1 [pid: 8|app: 0|req: 1324/2683] 10.0.0.125 () {34 vars in 990 bytes} [Tue May 12 16:31:39 2026] GET /v2.0/ports?device_id=e187a248-8754-4ef2-b860-1f862df6cac0 => generated 1008 bytes in 38 msecs (HTTP/1.1 200) 4 headers in 158 bytes (1 switches on core 0) [pid: 8|app: 0|req: 1325/2684] 10.0.0.125 () {34 vars in 1120 bytes} [Tue May 12 16:31:39 2026] GET /v2.0/security-groups?id=95005520-2ab3-4f6b-b619-b24f0e8103d4&id=754afa46-e7c4-4769-8e0b-6471c4de349e&fields=id&fields=name => generated 207 bytes in 92 msecs (HTTP/1.1 200) 4 headers in 157 bytes (1 switches on core 0)
2026-05-12 16:31:39.537 8 INFO neutron.plugins.ml2.drivers.ovn.mech_driver.ovsdb.ovsdb_monitor [None req-61750365-9a28-495c-b97d-9d40a8bfbce8 - - - - - -] Router c0988062-c97d-41fa-a8f3-91ab110daf8c is bound to host instance
2026-05-12 16:31:39.543 7 INFO neutron.db.ovn_revision_numbers_db [None req-e3bb950a-1840-4107-bcdf-ce0383db5a63 b44eeadbf8334b4196754d627ad7a34c 07b589f7016c4b0480ae739a91f5cf49 - - default default] Successfully bumped revision number for resource f7dd4b32-421d-48d8-853d-1f1e0da1bf85 (type: router_ports) to 1
2026-05-12 16:31:39.578 8 INFO neutron.plugins.ml2.drivers.ovn.mech_driver.mech_driver [None req-d4b3ed10-6f3b-4252-8f40-c3b4c7f67dd1 - - - - - -] OVN reports status up for port: f7dd4b32-421d-48d8-853d-1f1e0da1bf85
2026-05-12 16:31:39.598 8 INFO neutron.plugins.ml2.plugin [None req-d4b3ed10-6f3b-4252-8f40-c3b4c7f67dd1 - - - - - -] Attempt 1 to provision port f7dd4b32-421d-48d8-853d-1f1e0da1bf85
2026-05-12 16:31:39.611 7 INFO neutron.db.ovn_revision_numbers_db [None req-e3bb950a-1840-4107-bcdf-ce0383db5a63 b44eeadbf8334b4196754d627ad7a34c 07b589f7016c4b0480ae739a91f5cf49 - - default default] Successfully bumped revision number for resource c0988062-c97d-41fa-a8f3-91ab110daf8c (type: routers) to 2 [pid: 7|app: 0|req: 1360/2685] 10.0.0.24 () {34 vars in 668 bytes} [Tue May 12 16:31:38 2026] POST /v2.0/routers => generated 966 bytes in 1359 msecs (HTTP/1.1 201) 4 headers in 162 bytes (1 switches on core 0) [pid: 7|app: 0|req: 1361/2686] 199.204.45.72 () {34 vars in 993 bytes} [Tue May 12 16:31:40 2026] GET /v2.0/ports?device_id=e187a248-8754-4ef2-b860-1f862df6cac0 => generated 1269 bytes in 144 msecs (HTTP/1.1 200) 4 headers in 158 bytes (1 switches on core 0) [pid: 7|app: 0|req: 1362/2687] 199.204.45.72 () {34 vars in 1123 bytes} [Tue May 12 16:31:40 2026] GET /v2.0/security-groups?id=754afa46-e7c4-4769-8e0b-6471c4de349e&id=95005520-2ab3-4f6b-b619-b24f0e8103d4&fields=id&fields=name => generated 207 bytes in 32 msecs (HTTP/1.1 200) 4 headers in 157 bytes (1 switches on core 0) [pid: 7|app: 0|req: 1363/2688] 10.0.0.125 () {34 vars in 990 bytes} [Tue May 12 16:31:40 2026] GET /v2.0/ports?device_id=e187a248-8754-4ef2-b860-1f862df6cac0 => generated 1008 bytes in 113 msecs (HTTP/1.1 200) 4 headers in 158 bytes (1 switches on core 0)
2026-05-12 16:31:40.713 8 WARNING neutron.scheduler.dhcp_agent_scheduler [None req-f8a746e4-10ec-4e3b-8f20-d151d3d854da b44eeadbf8334b4196754d627ad7a34c 07b589f7016c4b0480ae739a91f5cf49 - - default default] No more DHCP agents
