2026-05-12 16:29:37.757 7 INFO neutron.db.ovn_revision_numbers_db [None req-a8cf1a88-b4f5-4a16-bf70-8a0f41846b9a bb7ee6eaabe44e63af0958a02cfdfb34 4d948e31434f4a24a0ae142f0490cc7f - - default default] Successfully bumped revision number for resource ba3126ab-cccc-4a84-9aae-d3b49cbd1085 (type: security_groups) to 1
2026-05-12 16:29:37.858 7 INFO neutron.db.ovn_revision_numbers_db [None req-a8cf1a88-b4f5-4a16-bf70-8a0f41846b9a bb7ee6eaabe44e63af0958a02cfdfb34 4d948e31434f4a24a0ae142f0490cc7f - - default default] Successfully bumped revision number for resource 6cc82e79-3e06-495f-9f83-72876fdc6ad7 (type: security_group_rules) to 0
2026-05-12 16:29:37.881 7 INFO neutron.db.ovn_revision_numbers_db [None req-a8cf1a88-b4f5-4a16-bf70-8a0f41846b9a bb7ee6eaabe44e63af0958a02cfdfb34 4d948e31434f4a24a0ae142f0490cc7f - - default default] Successfully bumped revision number for resource 7bbf7674-aaa3-41c5-846e-958438385425 (type: security_group_rules) to 0 [pid: 7|app: 0|req: 948/1890] 10.0.0.24 () {34 vars in 683 bytes} [Tue May 12 16:29:36 2026] POST /v2.0/security-groups => generated 1624 bytes in 1777 msecs (HTTP/1.1 201) 4 headers in 163 bytes (1 switches on core 0) [pid: 8|app: 0|req: 943/1891] 10.0.0.24 () {32 vars in 662 bytes} [Tue May 12 16:29:37 2026] GET /v2.0/security-groups => generated 4529 bytes in 45 msecs (HTTP/1.1 200) 4 headers in 158 bytes (1 switches on core 0)
2026-05-12 16:29:38.059 7 INFO neutron.db.ovn_revision_numbers_db [None req-8fb883b2-664d-472e-b669-7ed4704ce271 bb7ee6eaabe44e63af0958a02cfdfb34 4d948e31434f4a24a0ae142f0490cc7f - - default default] Successfully bumped revision number for resource ba3126ab-cccc-4a84-9aae-d3b49cbd1085 (type: security_groups) to 2 [pid: 7|app: 0|req: 949/1892] 10.0.0.24 () {34 vars in 757 bytes} [Tue May 12 16:29:37 2026] PUT /v2.0/security-groups/ba3126ab-cccc-4a84-9aae-d3b49cbd1085 => generated 1662 bytes in 104 msecs (HTTP/1.1 200) 4 headers in 158 bytes (1 switches on core 0) [pid: 8|app: 0|req: 944/1893] 10.0.0.24 () {32 vars in 736 bytes} [Tue May 12 16:29:38 2026] GET /v2.0/security-groups/ba3126ab-cccc-4a84-9aae-d3b49cbd1085 => generated 1662 bytes in 27 msecs (HTTP/1.1 200) 4 headers in 158 bytes (1 switches on core 0) [pid: 7|app: 0|req: 950/1894] 10.0.0.24 () {32 vars in 739 bytes} [Tue May 12 16:29:38 2026] DELETE /v2.0/security-groups/ba3126ab-cccc-4a84-9aae-d3b49cbd1085 => generated 0 bytes in 139 msecs (HTTP/1.1 204) 2 headers in 112 bytes (1 switches on core 0) [pid: 8|app: 0|req: 945/1895] 10.0.0.24 () {32 vars in 662 bytes} [Tue May 12 16:29:38 2026] GET /v2.0/security-groups => generated 2925 bytes in 41 msecs (HTTP/1.1 200) 4 headers in 158 bytes (1 switches on core 0)
2026-05-12 16:29:38.327 7 INFO neutron.api.v2.resource [None req-f88670c3-2b88-4e17-b9b9-abe186bfcaee bb7ee6eaabe44e63af0958a02cfdfb34 4d948e31434f4a24a0ae142f0490cc7f - - default default] delete failed (client error): The resource could not be found. [pid: 7|app: 0|req: 951/1896] 10.0.0.24 () {32 vars in 739 bytes} [Tue May 12 16:29:38 2026] DELETE /v2.0/security-groups/ba3126ab-cccc-4a84-9aae-d3b49cbd1085 => generated 146 bytes in 12 msecs (HTTP/1.1 404) 4 headers in 164 bytes (1 switches on core 0)
2026-05-12 16:29:38.482 8 INFO neutron.db.ovn_revision_numbers_db [None req-b8201c92-9022-403a-b71b-3d0443739219 bb7ee6eaabe44e63af0958a02cfdfb34 4d948e31434f4a24a0ae142f0490cc7f - - default default] Successfully bumped revision number for resource 9f9d8eb4-7590-4c9c-a67b-5a0c584820f5 (type: security_groups) to 1
2026-05-12 16:29:38.503 8 INFO neutron.db.ovn_revision_numbers_db [None req-b8201c92-9022-403a-b71b-3d0443739219 bb7ee6eaabe44e63af0958a02cfdfb34 4d948e31434f4a24a0ae142f0490cc7f - - default default] Successfully bumped revision number for resource 1d0e31c9-4ce2-4d76-9827-cf147c9ec80b (type: security_group_rules) to 0
2026-05-12 16:29:38.517 8 INFO neutron.db.ovn_revision_numbers_db [None req-b8201c92-9022-403a-b71b-3d0443739219 bb7ee6eaabe44e63af0958a02cfdfb34 4d948e31434f4a24a0ae142f0490cc7f - - default default] Successfully bumped revision number for resource ea51cfe1-9a98-4480-801b-a8e174d8700a (type: security_group_rules) to 0 [pid: 8|app: 0|req: 946/1897] 10.0.0.24 () {34 vars in 683 bytes} [Tue May 12 16:29:38 2026] POST /v2.0/security-groups => generated 1624 bytes in 227 msecs (HTTP/1.1 201) 4 headers in 163 bytes (1 switches on core 0)
2026-05-12 16:29:38.644 7 WARNING neutron.db.securitygroups_db [None req-03f4a3cc-2c7b-4f99-8834-7591da20301a a1f9f3eb0e134964aea0d119f7b6b27b 5f91695426dd41b697b9a1e2398a83b4 - - default default] project_id key not found in filters, using tenant_id instead. This support has been deprecated and will be removed in a future release.
2026-05-12 16:29:38.716 8 INFO neutron.db.ovn_revision_numbers_db [None req-14c201ba-09c9-451a-be3b-9a57210a4603 bb7ee6eaabe44e63af0958a02cfdfb34 4d948e31434f4a24a0ae142f0490cc7f - - default default] Successfully bumped revision number for resource fdadb239-07a9-48ac-a32e-7bf614cd4e81 (type: security_group_rules) to 0 [pid: 8|app: 0|req: 947/1898] 10.0.0.24 () {34 vars in 694 bytes} [Tue May 12 16:29:38 2026] POST /v2.0/security-group-rules => generated 601 bytes in 178 msecs (HTTP/1.1 201) 4 headers in 162 bytes (1 switches on core 0) [pid: 8|app: 0|req: 948/1899] 10.0.0.24 () {32 vars in 746 bytes} [Tue May 12 16:29:38 2026] GET /v2.0/security-group-rules/fdadb239-07a9-48ac-a32e-7bf614cd4e81 => generated 601 bytes in 39 msecs (HTTP/1.1 200) 4 headers in 157 bytes (1 switches on core 0)
2026-05-12 16:29:38.825 7 INFO neutron.db.ovn_revision_numbers_db [None req-03f4a3cc-2c7b-4f99-8834-7591da20301a a1f9f3eb0e134964aea0d119f7b6b27b 5f91695426dd41b697b9a1e2398a83b4 - - default default] Successfully bumped revision number for resource fce12933-cf8b-4167-be6a-d16a3141dfa5 (type: security_groups) to 1
2026-05-12 16:29:38.837 7 INFO neutron.db.ovn_revision_numbers_db [None req-03f4a3cc-2c7b-4f99-8834-7591da20301a a1f9f3eb0e134964aea0d119f7b6b27b 5f91695426dd41b697b9a1e2398a83b4 - - default default] Successfully bumped revision number for resource 243cdd07-3a72-4568-b8fe-d4dbc33a2f78 (type: security_group_rules) to 0
2026-05-12 16:29:38.850 7 INFO neutron.db.ovn_revision_numbers_db [None req-03f4a3cc-2c7b-4f99-8834-7591da20301a a1f9f3eb0e134964aea0d119f7b6b27b 5f91695426dd41b697b9a1e2398a83b4 - - default default] Successfully bumped revision number for resource 2c06884a-0453-49ca-95e0-cbcdd096fa3b (type: security_group_rules) to 0
2026-05-12 16:29:38.867 7 INFO neutron.db.ovn_revision_numbers_db [None req-03f4a3cc-2c7b-4f99-8834-7591da20301a a1f9f3eb0e134964aea0d119f7b6b27b 5f91695426dd41b697b9a1e2398a83b4 - - default default] Successfully bumped revision number for resource 719cac0b-e59e-4779-9f61-cfe486006c07 (type: security_group_rules) to 0
2026-05-12 16:29:38.895 7 INFO neutron.db.ovn_revision_numbers_db [None req-03f4a3cc-2c7b-4f99-8834-7591da20301a a1f9f3eb0e134964aea0d119f7b6b27b 5f91695426dd41b697b9a1e2398a83b4 - - default default] Successfully bumped revision number for resource 9fabcc66-3157-4248-b2a6-2a3164ae950c (type: security_group_rules) to 0 [pid: 8|app: 0|req: 949/1900] 10.0.0.24 () {32 vars in 672 bytes} [Tue May 12 16:29:38 2026] GET /v2.0/security-group-rules => generated 4138 bytes in 96 msecs (HTTP/1.1 200) 4 headers in 158 bytes (1 switches on core 0) [pid: 7|app: 0|req: 952/1901] 10.0.0.24 () {32 vars in 773 bytes} [Tue May 12 16:29:38 2026] GET /v2.0/security-groups?tenant_id=bb4f02843fb24b20837260f88f1f0b3a&name=default => generated 2925 bytes in 393 msecs (HTTP/1.1 200) 4 headers in 158 bytes (1 switches on core 0) [pid: 8|app: 0|req: 950/1902] 10.0.0.24 () {32 vars in 749 bytes} [Tue May 12 16:29:38 2026] DELETE /v2.0/security-group-rules/fdadb239-07a9-48ac-a32e-7bf614cd4e81 => generated 0 bytes in 126 msecs (HTTP/1.1 204) 2 headers in 112 bytes (1 switches on core 0) [pid: 8|app: 0|req: 951/1903] 10.0.0.24 () {32 vars in 672 bytes} [Tue May 12 16:29:39 2026] GET /v2.0/security-group-rules => generated 3560 bytes in 68 msecs (HTTP/1.1 200) 4 headers in 158 bytes (1 switches on core 0) [pid: 7|app: 0|req: 953/1904] 10.0.0.24 () {32 vars in 739 bytes} [Tue May 12 16:29:38 2026] DELETE /v2.0/security-groups/fce12933-cf8b-4167-be6a-d16a3141dfa5 => generated 0 bytes in 256 msecs (HTTP/1.1 204) 2 headers in 112 bytes (1 switches on core 0)
2026-05-12 16:29:39.250 8 INFO neutron.db.ovn_revision_numbers_db [None req-d1f6a03f-838a-4afa-84b7-f91193ba9fff bb7ee6eaabe44e63af0958a02cfdfb34 4d948e31434f4a24a0ae142f0490cc7f - - default default] Successfully bumped revision number for resource 79560f3b-12d4-40c2-bb71-eaefa84c3b27 (type: security_group_rules) to 0 [pid: 8|app: 0|req: 952/1905] 10.0.0.24 () {34 vars in 694 bytes} [Tue May 12 16:29:39 2026] POST /v2.0/security-group-rules => generated 601 bytes in 172 msecs (HTTP/1.1 201) 4 headers in 162 bytes (1 switches on core 0) [pid: 7|app: 0|req: 954/1906] 10.0.0.24 () {32 vars in 746 bytes} [Tue May 12 16:29:39 2026] GET /v2.0/security-group-rules/79560f3b-12d4-40c2-bb71-eaefa84c3b27 => generated 601 bytes in 31 msecs (HTTP/1.1 200) 4 headers in 157 bytes (1 switches on core 0) [pid: 8|app: 0|req: 953/1907] 10.0.0.24 () {32 vars in 672 bytes} [Tue May 12 16:29:39 2026] GET /v2.0/security-group-rules => generated 4138 bytes in 64 msecs (HTTP/1.1 200) 4 headers in 158 bytes (1 switches on core 0) [pid: 7|app: 0|req: 955/1908] 10.0.0.24 () {32 vars in 749 bytes} [Tue May 12 16:29:39 2026] DELETE /v2.0/security-group-rules/79560f3b-12d4-40c2-bb71-eaefa84c3b27 => generated 0 bytes in 111 msecs (HTTP/1.1 204) 2 headers in 112 bytes (1 switches on core 0) [pid: 8|app: 0|req: 954/1909] 10.0.0.24 () {32 vars in 672 bytes} [Tue May 12 16:29:39 2026] GET /v2.0/security-group-rules => generated 3560 bytes in 58 msecs (HTTP/1.1 200) 4 headers in 158 bytes (1 switches on core 0)
2026-05-12 16:29:39.605 7 INFO neutron.db.securitygroups_db [None req-6283b937-6a89-4314-bae8-a52a10befe30 bb7ee6eaabe44e63af0958a02cfdfb34 4d948e31434f4a24a0ae142f0490cc7f - - default default] Project 4d948e31434f4a24a0ae142f0490cc7f added a security group rule with legacy IPv6 ICMP protocol name icmp, ipv6-icmp should be used instead. It was automatically converted.
2026-05-12 16:29:39.678 7 INFO neutron.db.ovn_revision_numbers_db [None req-6283b937-6a89-4314-bae8-a52a10befe30 bb7ee6eaabe44e63af0958a02cfdfb34 4d948e31434f4a24a0ae142f0490cc7f - - default default] Successfully bumped revision number for resource e8d20754-5b2c-4653-aa01-9db900124aea (type: security_group_rules) to 0 [pid: 7|app: 0|req: 956/1910] 10.0.0.24 () {34 vars in 694 bytes} [Tue May 12 16:29:39 2026] POST /v2.0/security-group-rules => generated 607 bytes in 143 msecs (HTTP/1.1 201) 4 headers in 162 bytes (1 switches on core 0) [pid: 8|app: 0|req: 955/1911] 10.0.0.24 () {32 vars in 746 bytes} [Tue May 12 16:29:39 2026] GET /v2.0/security-group-rules/e8d20754-5b2c-4653-aa01-9db900124aea => generated 607 bytes in 19 msecs (HTTP/1.1 200) 4 headers in 157 bytes (1 switches on core 0) [pid: 7|app: 0|req: 957/1912] 10.0.0.24 () {32 vars in 672 bytes} [Tue May 12 16:29:39 2026] GET /v2.0/security-group-rules => generated 4144 bytes in 88 msecs (HTTP/1.1 200) 4 headers in 158 bytes (1 switches on core 0) [pid: 8|app: 0|req: 956/1913] 10.0.0.24 () {32 vars in 749 bytes} [Tue May 12 16:29:39 2026] DELETE /v2.0/security-group-rules/e8d20754-5b2c-4653-aa01-9db900124aea => generated 0 bytes in 219 msecs (HTTP/1.1 204) 2 headers in 112 bytes (1 switches on core 0) [pid: 7|app: 0|req: 958/1914] 10.0.0.24 () {32 vars in 672 bytes} [Tue May 12 16:29:40 2026] GET /v2.0/security-group-rules => generated 3560 bytes in 48 msecs (HTTP/1.1 200) 4 headers in 158 bytes (1 switches on core 0) [pid: 8|app: 0|req: 957/1915] 10.0.0.24 () {32 vars in 739 bytes} [Tue May 12 16:29:40 2026] DELETE /v2.0/security-groups/9f9d8eb4-7590-4c9c-a67b-5a0c584820f5 => generated 0 bytes in 152 msecs (HTTP/1.1 204) 2 headers in 112 bytes (1 switches on core 0) [pid: 8|app: 0|req: 958/1916] 10.0.0.24 () {32 vars in 662 bytes} [Tue May 12 16:29:40 2026] GET /v2.0/security-groups => generated 2925 bytes in 31 msecs (HTTP/1.1 200) 4 headers in 158 bytes (1 switches on core 0) [pid: 8|app: 0|req: 959/1917] 10.0.0.24 () {32 vars in 662 bytes} [Tue May 12 16:29:40 2026] GET /v2.0/security-groups => generated 2925 bytes in 38 msecs (HTTP/1.1 200) 4 headers in 158 bytes (1 switches on core 0)
2026-05-12 16:29:40.353 7 WARNING neutron.db.securitygroups_db [None req-da72ef09-b276-4155-9332-7caf8e950936 a1f9f3eb0e134964aea0d119f7b6b27b 5f91695426dd41b697b9a1e2398a83b4 - - default default] project_id key not found in filters, using tenant_id instead. This support has been deprecated and will be removed in a future release.
2026-05-12 16:29:40.506 7 INFO neutron.db.ovn_revision_numbers_db [None req-da72ef09-b276-4155-9332-7caf8e950936 a1f9f3eb0e134964aea0d119f7b6b27b 5f91695426dd41b697b9a1e2398a83b4 - - default default] Successfully bumped revision number for resource dce277e3-16ae-48e5-9664-8ed944a91dce (type: security_groups) to 1
2026-05-12 16:29:40.520 7 INFO neutron.db.ovn_revision_numbers_db [None req-da72ef09-b276-4155-9332-7caf8e950936 a1f9f3eb0e134964aea0d119f7b6b27b 5f91695426dd41b697b9a1e2398a83b4 - - default default] Successfully bumped revision number for resource 1662bec4-f292-4fe5-8d99-75e40877c6ff (type: security_group_rules) to 0
2026-05-12 16:29:40.537 7 INFO neutron.db.ovn_revision_numbers_db [None req-da72ef09-b276-4155-9332-7caf8e950936 a1f9f3eb0e134964aea0d119f7b6b27b 5f91695426dd41b697b9a1e2398a83b4 - - default default] Successfully bumped revision number for resource 3f629db2-2902-4c24-bda9-ee8913e417fd (type: security_group_rules) to 0
2026-05-12 16:29:40.554 7 INFO neutron.db.ovn_revision_numbers_db [None req-da72ef09-b276-4155-9332-7caf8e950936 a1f9f3eb0e134964aea0d119f7b6b27b 5f91695426dd41b697b9a1e2398a83b4 - - default default] Successfully bumped revision number for resource d29f4f26-d45d-4ae9-9d4d-4ee8c2ad2c8f (type: security_group_rules) to 0
2026-05-12 16:29:40.567 7 INFO neutron.db.ovn_revision_numbers_db [None req-da72ef09-b276-4155-9332-7caf8e950936 a1f9f3eb0e134964aea0d119f7b6b27b 5f91695426dd41b697b9a1e2398a83b4 - - default default] Successfully bumped revision number for resource d37aa5c4-f804-40b2-8d53-0ec23ab94944 (type: security_group_rules) to 0 [pid: 7|app: 0|req: 959/1918] 10.0.0.24 () {32 vars in 773 bytes} [Tue May 12 16:29:40 2026] GET /v2.0/security-groups?tenant_id=b8064713e9174bd687160ceb42d1486e&name=default => generated 2925 bytes in 416 msecs (HTTP/1.1 200) 4 headers in 158 bytes (1 switches on core 0) [pid: 8|app: 0|req: 960/1919] 10.0.0.24 () {32 vars in 739 bytes} [Tue May 12 16:29:40 2026] DELETE /v2.0/security-groups/dce277e3-16ae-48e5-9664-8ed944a91dce => generated 0 bytes in 300 msecs (HTTP/1.1 204) 2 headers in 112 bytes (1 switches on core 0)
2026-05-12 16:29:41.092 7 WARNING neutron.db.securitygroups_db [None req-b06e3466-2f33-417c-a938-4894cac065d5 a1f9f3eb0e134964aea0d119f7b6b27b 5f91695426dd41b697b9a1e2398a83b4 - - default default] project_id key not found in filters, using tenant_id instead. This support has been deprecated and will be removed in a future release. [pid: 7|app: 0|req: 960/1920] 10.0.0.24 () {32 vars in 773 bytes} [Tue May 12 16:29:40 2026] GET /v2.0/security-groups?tenant_id=4d948e31434f4a24a0ae142f0490cc7f&name=default => generated 2925 bytes in 263 msecs (HTTP/1.1 200) 4 headers in 158 bytes (1 switches on core 0) [pid: 8|app: 0|req: 961/1921] 10.0.0.24 () {32 vars in 739 bytes} [Tue May 12 16:29:41 2026] DELETE /v2.0/security-groups/c9402a5f-02b2-48dd-b7ff-7af0f8fe41c8 => generated 0 bytes in 288 msecs (HTTP/1.1 204) 2 headers in 112 bytes (1 switches on core 0)
2026-05-12 16:29:43.508 7 INFO neutron.db.ovn_revision_numbers_db [None req-d32152a7-9c36-4900-9f9a-e6e9f0a64332 3609db6ab39746d49c86dfb0fbc41e87 bde798c252b647138ce73735a1b33bc5 - - default default] Successfully bumped revision number for resource de1ebd82-1eba-466f-9193-d09f5d0a3e5f (type: security_groups) to 1
2026-05-12 16:29:43.521 7 INFO neutron.db.ovn_revision_numbers_db [None req-d32152a7-9c36-4900-9f9a-e6e9f0a64332 3609db6ab39746d49c86dfb0fbc41e87 bde798c252b647138ce73735a1b33bc5 - - default default] Successfully bumped revision number for resource 5c8b336a-3d49-444a-b8a7-d6388450d237 (type: security_group_rules) to 0
2026-05-12 16:29:43.531 7 INFO neutron.db.ovn_revision_numbers_db [None req-d32152a7-9c36-4900-9f9a-e6e9f0a64332 3609db6ab39746d49c86dfb0fbc41e87 bde798c252b647138ce73735a1b33bc5 - - default default] Successfully bumped revision number for resource a1211cc8-5dc8-4f2a-91f5-7619847b8cb9 (type: security_group_rules) to 0
2026-05-12 16:29:43.541 7 INFO neutron.db.ovn_revision_numbers_db [None req-d32152a7-9c36-4900-9f9a-e6e9f0a64332 3609db6ab39746d49c86dfb0fbc41e87 bde798c252b647138ce73735a1b33bc5 - - default default] Successfully bumped revision number for resource c49074ef-3606-48ac-896d-8045e15d3dab (type: security_group_rules) to 0
2026-05-12 16:29:43.551 7 INFO neutron.db.ovn_revision_numbers_db [None req-d32152a7-9c36-4900-9f9a-e6e9f0a64332 3609db6ab39746d49c86dfb0fbc41e87 bde798c252b647138ce73735a1b33bc5 - - default default] Successfully bumped revision number for resource d9f3a1bf-0eba-41a6-8beb-fcc7c0f5eb46 (type: security_group_rules) to 0
2026-05-12 16:29:43.683 8 INFO neutron.db.ovn_revision_numbers_db [None req-91eea4b6-0c51-4e6b-b665-30778192809a 48a6d12ce83a4a1caa8448e1e1a1f2fa 929f2194a7a548b8b51bc90654b7b951 - - default default] Successfully bumped revision number for resource 9c1fd48b-074e-4a51-9c49-b762124a7f07 (type: security_groups) to 1
2026-05-12 16:29:43.697 8 INFO neutron.db.ovn_revision_numbers_db [None req-91eea4b6-0c51-4e6b-b665-30778192809a 48a6d12ce83a4a1caa8448e1e1a1f2fa 929f2194a7a548b8b51bc90654b7b951 - - default default] Successfully bumped revision number for resource 405a4961-ded6-4916-a668-952fbf72c482 (type: security_group_rules) to 0
2026-05-12 16:29:43.710 8 INFO neutron.db.ovn_revision_numbers_db [None req-91eea4b6-0c51-4e6b-b665-30778192809a 48a6d12ce83a4a1caa8448e1e1a1f2fa 929f2194a7a548b8b51bc90654b7b951 - - default default] Successfully bumped revision number for resource 9b0ea84b-287e-4a20-9ca6-3fb5ffc3dfdf (type: security_group_rules) to 0
2026-05-12 16:29:43.712 7 INFO neutron.db.ovn_revision_numbers_db [None req-d32152a7-9c36-4900-9f9a-e6e9f0a64332 3609db6ab39746d49c86dfb0fbc41e87 bde798c252b647138ce73735a1b33bc5 - - default default] Successfully bumped revision number for resource 8cda886a-4086-4962-996a-af39c748ebfb (type: security_groups) to 1
2026-05-12 16:29:43.723 7 INFO neutron.db.ovn_revision_numbers_db [None req-d32152a7-9c36-4900-9f9a-e6e9f0a64332 3609db6ab39746d49c86dfb0fbc41e87 bde798c252b647138ce73735a1b33bc5 - - default default] Successfully bumped revision number for resource 157d3411-c2dd-41b2-a0bb-5ea548027781 (type: security_group_rules) to 0
2026-05-12 16:29:43.724 8 INFO neutron.db.ovn_revision_numbers_db [None req-91eea4b6-0c51-4e6b-b665-30778192809a 48a6d12ce83a4a1caa8448e1e1a1f2fa 929f2194a7a548b8b51bc90654b7b951 - - default default] Successfully bumped revision number for resource ac85aab0-e1a8-4413-8eed-fe463761ef7a (type: security_group_rules) to 0
2026-05-12 16:29:43.733 7 INFO neutron.db.ovn_revision_numbers_db [None req-d32152a7-9c36-4900-9f9a-e6e9f0a64332 3609db6ab39746d49c86dfb0fbc41e87 bde798c252b647138ce73735a1b33bc5 - - default default] Successfully bumped revision number for resource 891c76cc-5eb2-493b-9a2c-5da34f413361 (type: security_group_rules) to 0
2026-05-12 16:29:43.739 8 INFO neutron.db.ovn_revision_numbers_db [None req-91eea4b6-0c51-4e6b-b665-30778192809a 48a6d12ce83a4a1caa8448e1e1a1f2fa 929f2194a7a548b8b51bc90654b7b951 - - default default] Successfully bumped revision number for resource d17da418-f5cd-4c30-b0c2-e7163bd07e57 (type: security_group_rules) to 0 [pid: 7|app: 0|req: 961/1922] 10.0.0.24 () {34 vars in 683 bytes} [Tue May 12 16:29:43 2026] POST /v2.0/security-groups => generated 1624 bytes in 593 msecs (HTTP/1.1 201) 4 headers in 163 bytes (1 switches on core 0)
2026-05-12 16:29:43.818 8 INFO neutron.db.segments_db [None req-91eea4b6-0c51-4e6b-b665-30778192809a 48a6d12ce83a4a1caa8448e1e1a1f2fa 929f2194a7a548b8b51bc90654b7b951 - - default default] Added segment 22943daf-c462-4c83-a9da-1fa101428e64 of type geneve for network 90719e43-b87b-4270-99d6-ce78a632cbda
2026-05-12 16:29:43.955 8 INFO neutron.db.ovn_revision_numbers_db [None req-91eea4b6-0c51-4e6b-b665-30778192809a 48a6d12ce83a4a1caa8448e1e1a1f2fa 929f2194a7a548b8b51bc90654b7b951 - - default default] Successfully bumped revision number for resource 90719e43-b87b-4270-99d6-ce78a632cbda (type: networks) to 1
2026-05-12 16:29:44.095 7 INFO neutron.db.ovn_revision_numbers_db [None req-6d091ed3-d7f4-4e30-b05a-4d104f525934 180cf88aa6244b4a9322e0bf8cb8da7f 7b6d836fdfcf413d9db79cd904de9898 - - default default] Successfully bumped revision number for resource 4e060fe0-d492-4fc2-a340-b0e85a5ce35d (type: security_groups) to 1
2026-05-12 16:29:44.147 7 INFO neutron.db.ovn_revision_numbers_db [None req-6d091ed3-d7f4-4e30-b05a-4d104f525934 180cf88aa6244b4a9322e0bf8cb8da7f 7b6d836fdfcf413d9db79cd904de9898 - - default default] Successfully bumped revision number for resource 658696b3-ff43-4fe9-93a7-5d2e337190e0 (type: security_group_rules) to 0
2026-05-12 16:29:44.173 7 INFO neutron.db.ovn_revision_numbers_db [None req-6d091ed3-d7f4-4e30-b05a-4d104f525934 180cf88aa6244b4a9322e0bf8cb8da7f 7b6d836fdfcf413d9db79cd904de9898 - - default default] Successfully bumped revision number for resource c4363798-1923-4d24-924a-bbb1068008bb (type: security_group_rules) to 0
2026-05-12 16:29:44.183 8 WARNING neutron.scheduler.dhcp_agent_scheduler [None req-91eea4b6-0c51-4e6b-b665-30778192809a 48a6d12ce83a4a1caa8448e1e1a1f2fa 929f2194a7a548b8b51bc90654b7b951 - - default default] No more DHCP agents
2026-05-12 16:29:44.185 8 WARNING neutron.api.rpc.agentnotifiers.dhcp_rpc_agent_api [None req-91eea4b6-0c51-4e6b-b665-30778192809a 48a6d12ce83a4a1caa8448e1e1a1f2fa 929f2194a7a548b8b51bc90654b7b951 - - default default] Unable to schedule network 90719e43-b87b-4270-99d6-ce78a632cbda: no agents available; will retry on subsequent port and subnet creation events.
2026-05-12 16:29:44.192 7 INFO neutron.db.ovn_revision_numbers_db [None req-6d091ed3-d7f4-4e30-b05a-4d104f525934 180cf88aa6244b4a9322e0bf8cb8da7f 7b6d836fdfcf413d9db79cd904de9898 - - default default] Successfully bumped revision number for resource d4357475-988d-45f6-9688-9b867e28b58a (type: security_group_rules) to 0
2026-05-12 16:29:44.258 8 INFO neutron.plugins.ml2.drivers.ovn.mech_driver.mech_driver [None req-261bc7a1-0d71-449b-8063-f0ef2fe00929 - - - - - -] OVN reports status down for port: 87391b9d-81aa-4928-b37a-861b919d4d3d
2026-05-12 16:29:44.259 7 INFO neutron.db.ovn_revision_numbers_db [None req-6d091ed3-d7f4-4e30-b05a-4d104f525934 180cf88aa6244b4a9322e0bf8cb8da7f 7b6d836fdfcf413d9db79cd904de9898 - - default default] Successfully bumped revision number for resource ff38d464-ba81-4987-ae4c-7b0dd0461806 (type: security_group_rules) to 0
2026-05-12 16:29:44.330 7 INFO neutron.db.segments_db [None req-6d091ed3-d7f4-4e30-b05a-4d104f525934 180cf88aa6244b4a9322e0bf8cb8da7f 7b6d836fdfcf413d9db79cd904de9898 - - default default] Added segment aa096444-6ca7-49a6-84b2-0e08b70e0116 of type geneve for network 84d3d482-7216-4aca-a951-f3c5257413d3
2026-05-12 16:29:44.359 8 INFO neutron.db.ovn_revision_numbers_db [None req-91eea4b6-0c51-4e6b-b665-30778192809a 48a6d12ce83a4a1caa8448e1e1a1f2fa 929f2194a7a548b8b51bc90654b7b951 - - default default] Successfully bumped revision number for resource 87391b9d-81aa-4928-b37a-861b919d4d3d (type: ports) to 1 [pid: 8|app: 0|req: 962/1923] 10.0.0.24 () {34 vars in 669 bytes} [Tue May 12 16:29:43 2026] POST /v2.0/networks => generated 768 bytes in 1068 msecs (HTTP/1.1 201) 4 headers in 162 bytes (1 switches on core 0) [pid: 8|app: 0|req: 963/1924] 10.0.0.24 () {32 vars in 662 bytes} [Tue May 12 16:29:44 2026] GET /v2.0/security-groups => generated 4529 bytes in 34 msecs (HTTP/1.1 200) 4 headers in 158 bytes (1 switches on core 0)
2026-05-12 16:29:44.564 7 INFO neutron.db.ovn_revision_numbers_db [None req-6d091ed3-d7f4-4e30-b05a-4d104f525934 180cf88aa6244b4a9322e0bf8cb8da7f 7b6d836fdfcf413d9db79cd904de9898 - - default default] Successfully bumped revision number for resource 84d3d482-7216-4aca-a951-f3c5257413d3 (type: networks) to 1
2026-05-12 16:29:44.728 8 WARNING neutron.scheduler.dhcp_agent_scheduler [None req-49fe5d8d-0177-4caa-b7f5-c5b1dbbb9074 48a6d12ce83a4a1caa8448e1e1a1f2fa 929f2194a7a548b8b51bc90654b7b951 - - default default] No more DHCP agents
2026-05-12 16:29:44.729 8 WARNING neutron.api.rpc.agentnotifiers.dhcp_rpc_agent_api [None req-49fe5d8d-0177-4caa-b7f5-c5b1dbbb9074 48a6d12ce83a4a1caa8448e1e1a1f2fa 929f2194a7a548b8b51bc90654b7b951 - - default default] Unable to schedule network 90719e43-b87b-4270-99d6-ce78a632cbda: no agents available; will retry on subsequent port and subnet creation events.
2026-05-12 16:29:44.730 7 WARNING neutron.scheduler.dhcp_agent_scheduler [None req-6d091ed3-d7f4-4e30-b05a-4d104f525934 180cf88aa6244b4a9322e0bf8cb8da7f 7b6d836fdfcf413d9db79cd904de9898 - - default default] No more DHCP agents
2026-05-12 16:29:44.732 7 WARNING neutron.api.rpc.agentnotifiers.dhcp_rpc_agent_api [None req-6d091ed3-d7f4-4e30-b05a-4d104f525934 180cf88aa6244b4a9322e0bf8cb8da7f 7b6d836fdfcf413d9db79cd904de9898 - - default default] Unable to schedule network 84d3d482-7216-4aca-a951-f3c5257413d3: no agents available; will retry on subsequent port and subnet creation events.
2026-05-12 16:29:44.848 8 INFO neutron.plugins.ml2.drivers.ovn.mech_driver.mech_driver [None req-261bc7a1-0d71-449b-8063-f0ef2fe00929 - - - - - -] OVN reports status down for port: 5b4c4aaa-b63d-4f43-bdd5-48cb52fd58dd
2026-05-12 16:29:44.919 7 INFO neutron.db.ovn_revision_numbers_db [None req-6d091ed3-d7f4-4e30-b05a-4d104f525934 180cf88aa6244b4a9322e0bf8cb8da7f 7b6d836fdfcf413d9db79cd904de9898 - - default default] Successfully bumped revision number for resource 5b4c4aaa-b63d-4f43-bdd5-48cb52fd58dd (type: ports) to 1 [pid: 7|app: 0|req: 962/1927] 10.0.0.24 () {34 vars in 670 bytes} [Tue May 12 16:29:43 2026] POST /v2.0/networks => generated 670 bytes in 1484 msecs (HTTP/1.1 201) 4 headers in 162 bytes (1 switches on core 0)
2026-05-12 16:29:45.350 7 INFO neutron.db.ovn_revision_numbers_db [None req-d9210211-7b03-4e86-933e-5a9f86090e55 3609db6ab39746d49c86dfb0fbc41e87 bde798c252b647138ce73735a1b33bc5 - - default default] Successfully bumped revision number for resource 8cda886a-4086-4962-996a-af39c748ebfb (type: security_groups) to 2 [pid: 7|app: 0|req: 963/1928] 10.0.0.24 () {34 vars in 757 bytes} [Tue May 12 16:29:45 2026] PUT /v2.0/security-groups/8cda886a-4086-4962-996a-af39c748ebfb => generated 1663 bytes in 125 msecs (HTTP/1.1 200) 4 headers in 158 bytes (1 switches on core 0)
2026-05-12 16:29:45.498 8 INFO neutron.db.ovn_revision_numbers_db [None req-49fe5d8d-0177-4caa-b7f5-c5b1dbbb9074 48a6d12ce83a4a1caa8448e1e1a1f2fa 929f2194a7a548b8b51bc90654b7b951 - - default default] Successfully bumped revision number for resource 87391b9d-81aa-4928-b37a-861b919d4d3d (type: ports) to 2
2026-05-12 16:29:45.606 8 INFO neutron.db.ovn_revision_numbers_db [None req-49fe5d8d-0177-4caa-b7f5-c5b1dbbb9074 48a6d12ce83a4a1caa8448e1e1a1f2fa 929f2194a7a548b8b51bc90654b7b951 - - default default] Successfully bumped revision number for resource a932554a-7cbb-4d33-9c05-ee03c06341b3 (type: subnets) to 0 [pid: 8|app: 0|req: 966/1929] 10.0.0.24 () {34 vars in 668 bytes} [Tue May 12 16:29:44 2026] POST /v2.0/subnets => generated 644 bytes in 1172 msecs (HTTP/1.1 201) 4 headers in 162 bytes (1 switches on core 0) [pid: 8|app: 0|req: 967/1930] 10.0.0.24 () {32 vars in 736 bytes} [Tue May 12 16:29:45 2026] GET /v2.0/security-groups/8cda886a-4086-4962-996a-af39c748ebfb => generated 1663 bytes in 24 msecs (HTTP/1.1 200) 4 headers in 158 bytes (1 switches on core 0)
2026-05-12 16:29:45.706 8 WARNING neutron.api.v2.base [None req-8a20121a-d287-4c2f-84ae-fbb17033fcc3 48a6d12ce83a4a1caa8448e1e1a1f2fa 929f2194a7a548b8b51bc90654b7b951 - - default default] An exception happened while processing the request body. The exception message is [Invalid input for target_tenant. Reason: 'None' is not a valid string.].: webob.exc.HTTPBadRequest: Invalid input for target_tenant. Reason: 'None' is not a valid string.
2026-05-12 16:29:45.707 8 INFO neutron.api.v2.resource [None req-8a20121a-d287-4c2f-84ae-fbb17033fcc3 48a6d12ce83a4a1caa8448e1e1a1f2fa 929f2194a7a548b8b51bc90654b7b951 - - default default] create failed (client error): Invalid input for target_tenant. Reason: 'None' is not a valid string. [pid: 8|app: 0|req: 968/1931] 10.0.0.24 () {34 vars in 680 bytes} [Tue May 12 16:29:45 2026] POST /v2.0/rbac-policies => generated 143 bytes in 5 msecs (HTTP/1.1 400) 4 headers in 166 bytes (1 switches on core 0)
2026-05-12 16:29:45.963 7 WARNING neutron.scheduler.dhcp_agent_scheduler [None req-3cbad940-1f5f-42bb-a275-767b1229a602 180cf88aa6244b4a9322e0bf8cb8da7f 7b6d836fdfcf413d9db79cd904de9898 - - default default] No more DHCP agents
2026-05-12 16:29:45.965 7 WARNING neutron.api.rpc.agentnotifiers.dhcp_rpc_agent_api [None req-3cbad940-1f5f-42bb-a275-767b1229a602 180cf88aa6244b4a9322e0bf8cb8da7f 7b6d836fdfcf413d9db79cd904de9898 - - default default] Unable to schedule network faed616b-7d61-4aa7-96ec-fbcf074fe914: no agents available; will retry on subsequent port and subnet creation events. [pid: 8|app: 0|req: 969/1932] 10.0.0.24 () {32 vars in 739 bytes} [Tue May 12 16:29:45 2026] DELETE /v2.0/security-groups/8cda886a-4086-4962-996a-af39c748ebfb => generated 0 bytes in 291 msecs (HTTP/1.1 204) 2 headers in 112 bytes (1 switches on core 0)
2026-05-12 16:29:46.145 8 INFO neutron.plugins.ml2.drivers.ovn.mech_driver.mech_driver [None req-261bc7a1-0d71-449b-8063-f0ef2fe00929 - - - - - -] OVN reports status down for port: 3c141049-9850-4c4e-bc63-5ecba409d615
2026-05-12 16:29:46.236 8 INFO neutron_taas.services.taas.taas_plugin [None req-fda4a971-8b31-4c52-b1b5-b11f2ec43736 48a6d12ce83a4a1caa8448e1e1a1f2fa 929f2194a7a548b8b51bc90654b7b951 - - default default] TaaS: Handle Delete Port: 87391b9d-81aa-4928-b37a-861b919d4d3d
2026-05-12 16:29:46.240 7 INFO neutron.db.ovn_revision_numbers_db [None req-3cbad940-1f5f-42bb-a275-767b1229a602 180cf88aa6244b4a9322e0bf8cb8da7f 7b6d836fdfcf413d9db79cd904de9898 - - default default] Successfully bumped revision number for resource 3c141049-9850-4c4e-bc63-5ecba409d615 (type: ports) to 1
2026-05-12 16:29:46.241 8 INFO neutron_taas.services.taas.tap_mirror_plugin [None req-fda4a971-8b31-4c52-b1b5-b11f2ec43736 48a6d12ce83a4a1caa8448e1e1a1f2fa 929f2194a7a548b8b51bc90654b7b951 - - default default] Tap Mirror: Handle Delete Port: 87391b9d-81aa-4928-b37a-861b919d4d3d
2026-05-12 16:29:46.828 8 INFO neutron.services.segments.plugin [-] Segment 22943daf-c462-4c83-a9da-1fa101428e64 resource provider aggregate not found
2026-05-12 16:29:46.829 8 INFO neutron.services.segments.plugin [-] Segment 22943daf-c462-4c83-a9da-1fa101428e64 resource provider aggregate not found
2026-05-12 16:29:46.851 8 INFO neutron.services.segments.plugin [-] Segment 22943daf-c462-4c83-a9da-1fa101428e64 resource provider not found; error: Placement Client Error (4xx): {"errors": [{"status": 404, "title": "Not Found", "detail": "The resource could not be found.\n\n No resource provider with uuid 22943daf-c462-4c83-a9da-1fa101428e64 found for delete ", "request_id": "req-ee93d357-11e7-4699-90bb-e9abc0e6eb40"}]}
2026-05-12 16:29:46.853 8 INFO neutron.services.segments.plugin [-] Segment 22943daf-c462-4c83-a9da-1fa101428e64 resource provider not found; error: Placement Client Error (4xx): {"errors": [{"status": 404, "title": "Not Found", "detail": "The resource could not be found.\n\n No resource provider with uuid 22943daf-c462-4c83-a9da-1fa101428e64 found for delete ", "request_id": "req-d3837550-c148-4707-a653-65f40b015eac"}]}
2026-05-12 16:29:47.097 8 INFO neutron.plugins.ml2.drivers.ovn.mech_driver.ovsdb.ovsdb_monitor [None req-50681e5c-8b3d-44ca-8382-8b022fa878e6 - - - - - -] Router 3efd6a96-dd08-40a9-a445-ef84f2954c32 is bound to host instance [pid: 8|app: 0|req: 970/1933] 10.0.0.24 () {32 vars in 725 bytes} [Tue May 12 16:29:45 2026] DELETE /v2.0/networks/90719e43-b87b-4270-99d6-ce78a632cbda => generated 0 bytes in 1118 msecs (HTTP/1.1 204) 3 headers in 131 bytes (1 switches on core 0)
2026-05-12 16:29:47.189 8 INFO neutron.plugins.ml2.drivers.ovn.mech_driver.mech_driver [None req-261bc7a1-0d71-449b-8063-f0ef2fe00929 - - - - - -] OVN reports status up for port: 3c141049-9850-4c4e-bc63-5ecba409d615 [pid: 8|app: 0|req: 971/1934] 10.0.0.24 () {32 vars in 662 bytes} [Tue May 12 16:29:47 2026] GET /v2.0/security-groups => generated 2925 bytes in 79 msecs (HTTP/1.1 200) 4 headers in 158 bytes (1 switches on core 0)
2026-05-12 16:29:47.264 7 INFO neutron.db.ovn_revision_numbers_db [None req-3cbad940-1f5f-42bb-a275-767b1229a602 180cf88aa6244b4a9322e0bf8cb8da7f 7b6d836fdfcf413d9db79cd904de9898 - - default default] Successfully bumped revision number for resource 3c141049-9850-4c4e-bc63-5ecba409d615 (type: router_ports) to 1
2026-05-12 16:29:47.528 7 INFO neutron.db.ovn_revision_numbers_db [None req-3cbad940-1f5f-42bb-a275-767b1229a602 180cf88aa6244b4a9322e0bf8cb8da7f 7b6d836fdfcf413d9db79cd904de9898 - - default default] Successfully bumped revision number for resource 3efd6a96-dd08-40a9-a445-ef84f2954c32 (type: routers) to 2
2026-05-12 16:29:47.530 8 INFO neutron.plugins.ml2.plugin [None req-261bc7a1-0d71-449b-8063-f0ef2fe00929 - - - - - -] Attempt 1 to provision port 3c141049-9850-4c4e-bc63-5ecba409d615
2026-05-12 16:29:47.690 8 INFO neutron.db.segments_db [None req-9532e02b-fe8e-40e2-8f5e-682f3f048791 48a6d12ce83a4a1caa8448e1e1a1f2fa 929f2194a7a548b8b51bc90654b7b951 - - default default] Added segment 7b293177-fa82-400d-a206-36ee85269b43 of type geneve for network 8ec1726c-9428-447c-b0e1-b4d2794f35b8 [pid: 7|app: 0|req: 964/1935] 10.0.0.24 () {34 vars in 668 bytes} [Tue May 12 16:29:45 2026] POST /v2.0/routers => generated 975 bytes in 2473 msecs (HTTP/1.1 201) 4 headers in 162 bytes (1 switches on core 0)
2026-05-12 16:29:47.862 7 INFO neutron.api.v2.resource [None req-d3050cdd-26b1-419a-9126-1628f841ceaf 3609db6ab39746d49c86dfb0fbc41e87 bde798c252b647138ce73735a1b33bc5 - - default default] delete failed (client error): The resource could not be found. [pid: 7|app: 0|req: 965/1936] 10.0.0.24 () {32 vars in 739 bytes} [Tue May 12 16:29:47 2026] DELETE /v2.0/security-groups/8cda886a-4086-4962-996a-af39c748ebfb => generated 146 bytes in 13 msecs (HTTP/1.1 404) 4 headers in 164 bytes (1 switches on core 0) [pid: 7|app: 0|req: 966/1937] 10.0.0.24 () {32 vars in 775 bytes} [Tue May 12 16:29:47 2026] GET /v2.0/subnets?project_id=7b6d836fdfcf413d9db79cd904de9898&cidr=10.100.0.0%2F28 => generated 14 bytes in 197 msecs (HTTP/1.1 200) 4 headers in 156 bytes (1 switches on core 0)
2026-05-12 16:29:48.093 8 INFO neutron.db.ovn_revision_numbers_db [None req-9532e02b-fe8e-40e2-8f5e-682f3f048791 48a6d12ce83a4a1caa8448e1e1a1f2fa 929f2194a7a548b8b51bc90654b7b951 - - default default] Successfully bumped revision number for resource 8ec1726c-9428-447c-b0e1-b4d2794f35b8 (type: networks) to 1
2026-05-12 16:29:48.478 7 INFO neutron.db.ovn_revision_numbers_db [None req-ca2bac32-130b-4ca0-ac8c-df79692ac51b 3609db6ab39746d49c86dfb0fbc41e87 bde798c252b647138ce73735a1b33bc5 - - default default] Successfully bumped revision number for resource f0b77e13-067f-4838-9597-a87b4294fb4d (type: security_groups) to 1
2026-05-12 16:29:48.533 8 WARNING neutron.scheduler.dhcp_agent_scheduler [None req-9532e02b-fe8e-40e2-8f5e-682f3f048791 48a6d12ce83a4a1caa8448e1e1a1f2fa 929f2194a7a548b8b51bc90654b7b951 - - default default] No more DHCP agents
2026-05-12 16:29:48.537 8 WARNING neutron.api.rpc.agentnotifiers.dhcp_rpc_agent_api [None req-9532e02b-fe8e-40e2-8f5e-682f3f048791 48a6d12ce83a4a1caa8448e1e1a1f2fa 929f2194a7a548b8b51bc90654b7b951 - - default default] Unable to schedule network 8ec1726c-9428-447c-b0e1-b4d2794f35b8: no agents available; will retry on subsequent port and subnet creation events.
2026-05-12 16:29:48.543 7 INFO neutron.db.ovn_revision_numbers_db [None req-ca2bac32-130b-4ca0-ac8c-df79692ac51b 3609db6ab39746d49c86dfb0fbc41e87 bde798c252b647138ce73735a1b33bc5 - - default default] Successfully bumped revision number for resource 83dc10e9-7775-4e6b-9f09-747dcd09d200 (type: security_group_rules) to 0
2026-05-12 16:29:48.621 7 INFO neutron.db.ovn_revision_numbers_db [None req-ca2bac32-130b-4ca0-ac8c-df79692ac51b 3609db6ab39746d49c86dfb0fbc41e87 bde798c252b647138ce73735a1b33bc5 - - default default] Successfully bumped revision number for resource ced1ffe7-6ba9-4990-8d98-83ccaaf85a7c (type: security_group_rules) to 0 [pid: 7|app: 0|req: 967/1938] 10.0.0.24 () {34 vars in 683 bytes} [Tue May 12 16:29:48 2026] POST /v2.0/security-groups => generated 1624 bytes in 672 msecs (HTTP/1.1 201) 4 headers in 163 bytes (1 switches on core 0) [pid: 7|app: 0|req: 968/1939] 10.0.0.24 () {32 vars in 693 bytes} [Tue May 12 16:29:48 2026] GET /v2.0/networks?router%3Aexternal=True => generated 791 bytes in 72 msecs (HTTP/1.1 200) 4 headers in 157 bytes (1 switches on core 0)
2026-05-12 16:29:48.859 8 INFO neutron.db.ovn_revision_numbers_db [None req-9532e02b-fe8e-40e2-8f5e-682f3f048791 48a6d12ce83a4a1caa8448e1e1a1f2fa 929f2194a7a548b8b51bc90654b7b951 - - default default] Successfully bumped revision number for resource 99b7403f-3fba-4549-93d4-ba0b9bddf903 (type: ports) to 1
2026-05-12 16:29:48.881 7 WARNING neutron.db.securitygroups_db [None req-3a5caa00-c1be-4582-a206-754e96e26fe0 a1f9f3eb0e134964aea0d119f7b6b27b 5f91695426dd41b697b9a1e2398a83b4 - - default default] project_id key not found in filters, using tenant_id instead. This support has been deprecated and will be removed in a future release.
2026-05-12 16:29:48.994 8 INFO neutron.db.ovn_revision_numbers_db [None req-499ab31b-ffeb-431d-87c1-64ecd08d2b26 - - - - - -] Successfully bumped revision number for resource 3c141049-9850-4c4e-bc63-5ecba409d615 (type: ports) to 4 [pid: 8|app: 0|req: 972/1940] 10.0.0.24 () {34 vars in 669 bytes} [Tue May 12 16:29:47 2026] POST /v2.0/networks => generated 766 bytes in 1914 msecs (HTTP/1.1 201) 4 headers in 162 bytes (1 switches on core 0)
2026-05-12 16:29:49.182 7 INFO neutron.db.ovn_revision_numbers_db [None req-3a5caa00-c1be-4582-a206-754e96e26fe0 a1f9f3eb0e134964aea0d119f7b6b27b 5f91695426dd41b697b9a1e2398a83b4 - - default default] Successfully bumped revision number for resource 18c25a92-1e31-4499-a245-c1fafa2f66bb (type: security_groups) to 1
2026-05-12 16:29:49.203 7 INFO neutron.db.ovn_revision_numbers_db [None req-3a5caa00-c1be-4582-a206-754e96e26fe0 a1f9f3eb0e134964aea0d119f7b6b27b 5f91695426dd41b697b9a1e2398a83b4 - - default default] Successfully bumped revision number for resource 5f82fc7d-424f-4b4f-9b7f-b23c70e4f925 (type: security_group_rules) to 0
2026-05-12 16:29:49.222 7 INFO neutron.db.ovn_revision_numbers_db [None req-3a5caa00-c1be-4582-a206-754e96e26fe0 a1f9f3eb0e134964aea0d119f7b6b27b 5f91695426dd41b697b9a1e2398a83b4 - - default default] Successfully bumped revision number for resource 7b1c4985-382a-4609-8b73-0fd80e58ad20 (type: security_group_rules) to 0
2026-05-12 16:29:49.240 7 INFO neutron.db.ovn_revision_numbers_db [None req-3a5caa00-c1be-4582-a206-754e96e26fe0 a1f9f3eb0e134964aea0d119f7b6b27b 5f91695426dd41b697b9a1e2398a83b4 - - default default] Successfully bumped revision number for resource 8dfb1ad9-57a8-492d-ac7f-47e487a732e2 (type: security_group_rules) to 0
2026-05-12 16:29:49.255 7 INFO neutron.db.ovn_revision_numbers_db [None req-3a5caa00-c1be-4582-a206-754e96e26fe0 a1f9f3eb0e134964aea0d119f7b6b27b 5f91695426dd41b697b9a1e2398a83b4 - - default default] Successfully bumped revision number for resource eb641147-feeb-4da3-b44b-221c5defdfe7 (type: security_group_rules) to 0 [pid: 7|app: 0|req: 969/1941] 10.0.0.24 () {32 vars in 773 bytes} [Tue May 12 16:29:48 2026] GET /v2.0/security-groups?tenant_id=af84e4a7c7d04a4a8414bab30ec679af&name=default => generated 2925 bytes in 489 msecs (HTTP/1.1 200) 4 headers in 158 bytes (1 switches on core 0) [pid: 7|app: 0|req: 970/1942] 10.0.0.24 () {32 vars in 783 bytes} [Tue May 12 16:29:49 2026] GET /v2.0/subnets?network_id=faed616b-7d61-4aa7-96ec-fbcf074fe914&cidr=10.100.0.0%2F28 => generated 14 bytes in 32 msecs (HTTP/1.1 200) 4 headers in 156 bytes (1 switches on core 0)
2026-05-12 16:29:49.362 8 INFO neutron.db.ovn_revision_numbers_db [None req-b0a13146-be99-449b-aac4-9f1483456c7d 3609db6ab39746d49c86dfb0fbc41e87 bde798c252b647138ce73735a1b33bc5 - - default default] Successfully bumped revision number for resource 45365c7c-9f34-430c-a5c0-d0b3f942f966 (type: security_group_rules) to 0 [pid: 8|app: 0|req: 973/1943] 10.0.0.24 () {34 vars in 694 bytes} [Tue May 12 16:29:49 2026] POST /v2.0/security-group-rules => generated 601 bytes in 326 msecs (HTTP/1.1 201) 4 headers in 162 bytes (1 switches on core 0)
2026-05-12 16:29:49.502 7 WARNING neutron.scheduler.dhcp_agent_scheduler [None req-207cac07-74d9-4b47-b9f8-43c656f9c63c 48a6d12ce83a4a1caa8448e1e1a1f2fa 929f2194a7a548b8b51bc90654b7b951 - - default default] No more DHCP agents
2026-05-12 16:29:49.503 7 WARNING neutron.api.rpc.agentnotifiers.dhcp_rpc_agent_api [None req-207cac07-74d9-4b47-b9f8-43c656f9c63c 48a6d12ce83a4a1caa8448e1e1a1f2fa 929f2194a7a548b8b51bc90654b7b951 - - default default] Unable to schedule network 8ec1726c-9428-447c-b0e1-b4d2794f35b8: no agents available; will retry on subsequent port and subnet creation events.
2026-05-12 16:29:49.542 8 INFO neutron.db.ovn_revision_numbers_db [None req-499ab31b-ffeb-431d-87c1-64ecd08d2b26 - - - - - -] Successfully bumped revision number for resource 3c141049-9850-4c4e-bc63-5ecba409d615 (type: ports) to 5 [pid: 8|app: 0|req: 974/1944] 10.0.0.24 () {32 vars in 739 bytes} [Tue May 12 16:29:49 2026] DELETE /v2.0/security-groups/18c25a92-1e31-4499-a245-c1fafa2f66bb => generated 0 bytes in 347 msecs (HTTP/1.1 204) 2 headers in 112 bytes (1 switches on core 0)
2026-05-12 16:29:50.004 7 INFO neutron.db.ovn_revision_numbers_db [None req-207cac07-74d9-4b47-b9f8-43c656f9c63c 48a6d12ce83a4a1caa8448e1e1a1f2fa 929f2194a7a548b8b51bc90654b7b951 - - default default] Successfully bumped revision number for resource 99b7403f-3fba-4549-93d4-ba0b9bddf903 (type: ports) to 2
2026-05-12 16:29:50.011 8 WARNING neutron.scheduler.dhcp_agent_scheduler [None req-8b77448f-4684-47a7-af9b-6d8900e7f2ea 180cf88aa6244b4a9322e0bf8cb8da7f 7b6d836fdfcf413d9db79cd904de9898 - - default default] No more DHCP agents
2026-05-12 16:29:50.012 8 WARNING neutron.api.rpc.agentnotifiers.dhcp_rpc_agent_api [None req-8b77448f-4684-47a7-af9b-6d8900e7f2ea 180cf88aa6244b4a9322e0bf8cb8da7f 7b6d836fdfcf413d9db79cd904de9898 - - default default] Unable to schedule network 84d3d482-7216-4aca-a951-f3c5257413d3: no agents available; will retry on subsequent port and subnet creation events.
2026-05-12 16:29:50.034 7 INFO neutron.db.ovn_revision_numbers_db [None req-207cac07-74d9-4b47-b9f8-43c656f9c63c 48a6d12ce83a4a1caa8448e1e1a1f2fa 929f2194a7a548b8b51bc90654b7b951 - - default default] Successfully bumped revision number for resource 27481a02-575e-42c3-8cb3-5d1542f0306b (type: subnets) to 0 [pid: 7|app: 0|req: 971/1945] 10.0.0.24 () {34 vars in 668 bytes} [Tue May 12 16:29:49 2026] POST /v2.0/subnets => generated 647 bytes in 729 msecs (HTTP/1.1 201) 4 headers in 162 bytes (1 switches on core 0) [pid: 7|app: 0|req: 972/1946] 10.0.0.24 () {32 vars in 746 bytes} [Tue May 12 16:29:50 2026] GET /v2.0/security-group-rules/45365c7c-9f34-430c-a5c0-d0b3f942f966 => generated 601 bytes in 27 msecs (HTTP/1.1 200) 4 headers in 157 bytes (1 switches on core 0)
2026-05-12 16:29:50.091 7 WARNING neutron.api.v2.base [None req-630ffaa1-8ddb-45f1-a955-b24bc511b47c 48a6d12ce83a4a1caa8448e1e1a1f2fa 929f2194a7a548b8b51bc90654b7b951 - - default default] An exception happened while processing the request body. The exception message is [Invalid input for target_tenant. Reason: '1234123412341234123412341234123412341234123412341234123412341234123412341234123412341234123412341234123412341234123412341234123412341234123412341234123412341234123412341234123412341234123412341234123412341234123412341234123412341234123412341234123412341234123412341234123412341234123412341234123412341234123412341234123412341234123412341234123412341234123412341234123412341234123412341234123412341234' exceeds maximum length of 255.].: webob.exc.HTTPBadRequest: Invalid input for target_tenant. Reason: '1234123412341234123412341234123412341234123412341234123412341234123412341234123412341234123412341234123412341234123412341234123412341234123412341234123412341234123412341234123412341234123412341234123412341234123412341234123412341234123412341234123412341234123412341234123412341234123412341234123412341234123412341234123412341234123412341234123412341234123412341234123412341234123412341234123412341234' exceeds maximum length of 255.
2026-05-12 16:29:50.092 7 INFO neutron.api.v2.resource [None req-630ffaa1-8ddb-45f1-a955-b24bc511b47c 48a6d12ce83a4a1caa8448e1e1a1f2fa 929f2194a7a548b8b51bc90654b7b951 - - default default] create failed (client error): Invalid input for target_tenant. Reason: '1234123412341234123412341234123412341234123412341234123412341234123412341234123412341234123412341234123412341234123412341234123412341234123412341234123412341234123412341234123412341234123412341234123412341234123412341234123412341234123412341234123412341234123412341234123412341234123412341234123412341234123412341234123412341234123412341234123412341234123412341234123412341234123412341234123412341234' exceeds maximum length of 255. [pid: 7|app: 0|req: 973/1947] 10.0.0.24 () {34 vars in 680 bytes} [Tue May 12 16:29:50 2026] POST /v2.0/rbac-policies => generated 547 bytes in 7 msecs (HTTP/1.1 400) 4 headers in 166 bytes (1 switches on core 0)
2026-05-12 16:29:50.156 8 INFO neutron.plugins.ml2.drivers.ovn.mech_driver.mech_driver [None req-261bc7a1-0d71-449b-8063-f0ef2fe00929 - - - - - -] OVN reports status down for port: 99b7403f-3fba-4549-93d4-ba0b9bddf903 [pid: 7|app: 0|req: 974/1948] 10.0.0.24 () {32 vars in 672 bytes} [Tue May 12 16:29:50 2026] GET /v2.0/security-group-rules => generated 4138 bytes in 69 msecs (HTTP/1.1 200) 4 headers in 158 bytes (1 switches on core 0)
2026-05-12 16:29:50.288 7 INFO neutron_taas.services.taas.taas_plugin [None req-1c55b44b-f39a-4b44-9ab1-02f4d967ce93 48a6d12ce83a4a1caa8448e1e1a1f2fa 929f2194a7a548b8b51bc90654b7b951 - - default default] TaaS: Handle Delete Port: 99b7403f-3fba-4549-93d4-ba0b9bddf903
2026-05-12 16:29:50.291 7 INFO neutron_taas.services.taas.tap_mirror_plugin [None req-1c55b44b-f39a-4b44-9ab1-02f4d967ce93 48a6d12ce83a4a1caa8448e1e1a1f2fa 929f2194a7a548b8b51bc90654b7b951 - - default default] Tap Mirror: Handle Delete Port: 99b7403f-3fba-4549-93d4-ba0b9bddf903
2026-05-12 16:29:50.556 8 INFO neutron.db.ovn_revision_numbers_db [None req-8b77448f-4684-47a7-af9b-6d8900e7f2ea 180cf88aa6244b4a9322e0bf8cb8da7f 7b6d836fdfcf413d9db79cd904de9898 - - default default] Successfully bumped revision number for resource 5b4c4aaa-b63d-4f43-bdd5-48cb52fd58dd (type: ports) to 2
2026-05-12 16:29:50.593 8 INFO neutron.db.ovn_revision_numbers_db [None req-8b77448f-4684-47a7-af9b-6d8900e7f2ea 180cf88aa6244b4a9322e0bf8cb8da7f 7b6d836fdfcf413d9db79cd904de9898 - - default default] Successfully bumped revision number for resource fad8b550-9c2b-4616-bdbd-293b8b25a88a (type: subnets) to 0 [pid: 8|app: 0|req: 975/1949] 10.0.0.24 () {34 vars in 668 bytes} [Tue May 12 16:29:49 2026] POST /v2.0/subnets => generated 656 bytes in 828 msecs (HTTP/1.1 201) 4 headers in 162 bytes (1 switches on core 0)
2026-05-12 16:29:50.638 7 INFO neutron.services.segments.plugin [-] Segment 7b293177-fa82-400d-a206-36ee85269b43 resource provider aggregate not found
2026-05-12 16:29:50.643 7 INFO neutron.services.segments.plugin [-] Segment 7b293177-fa82-400d-a206-36ee85269b43 resource provider aggregate not found
2026-05-12 16:29:50.665 7 INFO neutron.services.segments.plugin [-] Segment 7b293177-fa82-400d-a206-36ee85269b43 resource provider not found; error: Placement Client Error (4xx): {"errors": [{"status": 404, "title": "Not Found", "detail": "The resource could not be found.\n\n No resource provider with uuid 7b293177-fa82-400d-a206-36ee85269b43 found for delete ", "request_id": "req-5aaeb577-729b-4b9b-aa18-779fa6f68336"}]}
2026-05-12 16:29:50.665 7 INFO neutron.services.segments.plugin [-] Segment 7b293177-fa82-400d-a206-36ee85269b43 resource provider not found; error: Placement Client Error (4xx): {"errors": [{"status": 404, "title": "Not Found", "detail": "The resource could not be found.\n\n No resource provider with uuid 7b293177-fa82-400d-a206-36ee85269b43 found for delete ", "request_id": "req-e9538604-3582-49dc-a878-614fe8b14da7"}]} [pid: 7|app: 0|req: 975/1950] 10.0.0.24 () {32 vars in 725 bytes} [Tue May 12 16:29:50 2026] DELETE /v2.0/networks/8ec1726c-9428-447c-b0e1-b4d2794f35b8 => generated 0 bytes in 554 msecs (HTTP/1.1 204) 3 headers in 131 bytes (1 switches on core 0) [pid: 8|app: 0|req: 976/1951] 10.0.0.24 () {32 vars in 749 bytes} [Tue May 12 16:29:50 2026] DELETE /v2.0/security-group-rules/45365c7c-9f34-430c-a5c0-d0b3f942f966 => generated 0 bytes in 133 msecs (HTTP/1.1 204) 2 headers in 112 bytes (1 switches on core 0)
2026-05-12 16:29:50.840 8 INFO neutron.db.segments_db [None req-82892786-055e-49cc-bb98-774993d425b0 48a6d12ce83a4a1caa8448e1e1a1f2fa 929f2194a7a548b8b51bc90654b7b951 - - default default] Added segment 14d12db8-953d-4fac-b4b4-60c0cc8eb50c of type geneve for network ef6faf03-9e4d-4087-9bdb-e11393b0097a
