2026-05-12 16:28:30.443 7 WARNING neutron.api.rpc.agentnotifiers.dhcp_rpc_agent_api [None req-251dbbae-2bdc-4a02-a828-a08ff87e122e f0d56a37b55e4345b02359373924b5ca 7887ff4db73a44bba3027bedb8d94041 - - default default] Unable to schedule network c3661e92-cf15-4ffc-a9ff-e145235c26c0: no agents available; will retry on subsequent port and subnet creation events. [pid: 8|app: 0|req: 749/1514] 10.0.0.24 () {32 vars in 739 bytes} [Tue May 12 16:28:30 2026] DELETE /v2.0/security-groups/12769c56-4409-4525-92f3-784f711f3352 => generated 0 bytes in 341 msecs (HTTP/1.1 204) 2 headers in 112 bytes (1 switches on core 0)
2026-05-12 16:28:30.540 8 INFO neutron.plugins.ml2.drivers.ovn.mech_driver.mech_driver [None req-87f6ad4d-21ae-4107-8d21-aa53e3338ba6 - - - - - -] OVN reports status down for port: 3f7a1052-59ac-47ed-a50e-baa2a4556deb
2026-05-12 16:28:30.583 7 INFO neutron.db.ovn_revision_numbers_db [None req-251dbbae-2bdc-4a02-a828-a08ff87e122e f0d56a37b55e4345b02359373924b5ca 7887ff4db73a44bba3027bedb8d94041 - - default default] Successfully bumped revision number for resource 3f7a1052-59ac-47ed-a50e-baa2a4556deb (type: ports) to 1 [pid: 7|app: 0|req: 766/1515] 10.0.0.24 () {34 vars in 664 bytes} [Tue May 12 16:28:30 2026] POST /v2.0/ports => generated 779 bytes in 463 msecs (HTTP/1.1 201) 4 headers in 162 bytes (1 switches on core 0) /var/lib/openstack/lib/python3.12/site-packages/pycadf/identifier.py:70: UserWarning: Invalid uuid: neutron. To ensure interoperability, identifiers should be a valid uuid. warnings.warn(('Invalid uuid: %s. To ensure interoperability, ' [pid: 7|app: 0|req: 767/1516] 10.0.0.24 () {32 vars in 741 bytes} [Tue May 12 16:28:30 2026] GET /v2.0/subnets?network_id=faed616b-7d61-4aa7-96ec-fbcf074fe914 => generated 649 bytes in 37 msecs (HTTP/1.1 200) 4 headers in 157 bytes (1 switches on core 0)
2026-05-12 16:28:30.724 8 INFO neutron_taas.services.taas.taas_plugin [None req-4c120352-5957-49b6-a856-b27be5613f09 c6b603b6e92c4e50b57908b4ed7ad5c9 684a3d14a72a4123ab32752bfa8e8b04 - - default default] TaaS: Handle Delete Port: bae5373c-f98f-41b8-940d-5827856030f2
2026-05-12 16:28:30.731 8 INFO neutron_taas.services.taas.tap_mirror_plugin [None req-4c120352-5957-49b6-a856-b27be5613f09 c6b603b6e92c4e50b57908b4ed7ad5c9 684a3d14a72a4123ab32752bfa8e8b04 - - default default] Tap Mirror: Handle Delete Port: bae5373c-f98f-41b8-940d-5827856030f2
2026-05-12 16:28:30.812 7 INFO neutron.db.segments_db [None req-1e27cf5d-078c-4488-956d-8c7de51f70f3 f0d56a37b55e4345b02359373924b5ca 7887ff4db73a44bba3027bedb8d94041 - - default default] Added segment 8ed76bab-1792-4a13-a25a-4dffe6abe1f3 of type geneve for network 39afec91-6ef8-4478-8e51-21012e9a05eb [pid: 8|app: 0|req: 750/1517] 10.0.0.24 () {32 vars in 719 bytes} [Tue May 12 16:28:30 2026] DELETE /v2.0/ports/bae5373c-f98f-41b8-940d-5827856030f2 => generated 0 bytes in 402 msecs (HTTP/1.1 204) 3 headers in 131 bytes (1 switches on core 0) [pid: 8|app: 0|req: 751/1518] 10.0.0.24 () {32 vars in 652 bytes} [Tue May 12 16:28:30 2026] GET /v2.0/extensions => generated 21706 bytes in 10 msecs (HTTP/1.1 200) 4 headers in 159 bytes (1 switches on core 0)
2026-05-12 16:28:31.056 7 INFO neutron.db.ovn_revision_numbers_db [None req-1e27cf5d-078c-4488-956d-8c7de51f70f3 f0d56a37b55e4345b02359373924b5ca 7887ff4db73a44bba3027bedb8d94041 - - default default] Successfully bumped revision number for resource 39afec91-6ef8-4478-8e51-21012e9a05eb (type: networks) to 1
2026-05-12 16:28:31.087 8 INFO neutron_taas.services.taas.taas_plugin [None req-0e46607f-e8ec-4098-b169-016e91f3aabb c6b603b6e92c4e50b57908b4ed7ad5c9 684a3d14a72a4123ab32752bfa8e8b04 - - default default] TaaS: Handle Delete Port: 7934ec19-6623-46d7-944f-a7d706a1861f
2026-05-12 16:28:31.090 8 INFO neutron_taas.services.taas.tap_mirror_plugin [None req-0e46607f-e8ec-4098-b169-016e91f3aabb c6b603b6e92c4e50b57908b4ed7ad5c9 684a3d14a72a4123ab32752bfa8e8b04 - - default default] Tap Mirror: Handle Delete Port: 7934ec19-6623-46d7-944f-a7d706a1861f [pid: 8|app: 0|req: 752/1519] 10.0.0.24 () {32 vars in 719 bytes} [Tue May 12 16:28:30 2026] DELETE /v2.0/ports/7934ec19-6623-46d7-944f-a7d706a1861f => generated 0 bytes in 361 msecs (HTTP/1.1 204) 3 headers in 131 bytes (1 switches on core 0)
2026-05-12 16:28:31.280 7 WARNING neutron.scheduler.dhcp_agent_scheduler [None req-1e27cf5d-078c-4488-956d-8c7de51f70f3 f0d56a37b55e4345b02359373924b5ca 7887ff4db73a44bba3027bedb8d94041 - - default default] No more DHCP agents
2026-05-12 16:28:31.281 7 WARNING neutron.api.rpc.agentnotifiers.dhcp_rpc_agent_api [None req-1e27cf5d-078c-4488-956d-8c7de51f70f3 f0d56a37b55e4345b02359373924b5ca 7887ff4db73a44bba3027bedb8d94041 - - default default] Unable to schedule network 39afec91-6ef8-4478-8e51-21012e9a05eb: no agents available; will retry on subsequent port and subnet creation events.
2026-05-12 16:28:31.395 8 INFO neutron.plugins.ml2.drivers.ovn.mech_driver.mech_driver [None req-87f6ad4d-21ae-4107-8d21-aa53e3338ba6 - - - - - -] OVN reports status down for port: 8aaa30e7-fb74-45f8-911f-4c7abb3d7184 [pid: 8|app: 0|req: 753/1520] 10.0.0.24 () {32 vars in 648 bytes} [Tue May 12 16:28:31 2026] GET /v2.0/networks => generated 1389 bytes in 179 msecs (HTTP/1.1 200) 4 headers in 158 bytes (1 switches on core 0)
2026-05-12 16:28:31.463 7 INFO neutron.db.ovn_revision_numbers_db [None req-1e27cf5d-078c-4488-956d-8c7de51f70f3 f0d56a37b55e4345b02359373924b5ca 7887ff4db73a44bba3027bedb8d94041 - - default default] Successfully bumped revision number for resource 8aaa30e7-fb74-45f8-911f-4c7abb3d7184 (type: ports) to 1 [pid: 7|app: 0|req: 768/1521] 10.0.0.24 () {34 vars in 669 bytes} [Tue May 12 16:28:30 2026] POST /v2.0/networks => generated 674 bytes in 813 msecs (HTTP/1.1 201) 4 headers in 162 bytes (1 switches on core 0) [pid: 7|app: 0|req: 769/1522] 10.0.0.24 () {32 vars in 646 bytes} [Tue May 12 16:28:31 2026] GET /v2.0/subnets => generated 1312 bytes in 25 msecs (HTTP/1.1 200) 4 headers in 158 bytes (1 switches on core 0) [pid: 8|app: 0|req: 754/1523] 10.0.0.24 () {32 vars in 642 bytes} [Tue May 12 16:28:31 2026] GET /v2.0/ports => generated 1523 bytes in 94 msecs (HTTP/1.1 200) 4 headers in 158 bytes (1 switches on core 0) [pid: 8|app: 0|req: 755/1524] 10.0.0.24 () {32 vars in 722 bytes} [Tue May 12 16:28:31 2026] GET /v2.0/networks/5d38bc6a-79b3-433c-9f89-78e7652fd69a => generated 711 bytes in 65 msecs (HTTP/1.1 200) 4 headers in 157 bytes (1 switches on core 0)
2026-05-12 16:28:31.708 8 INFO neutron.db.segments_db [None req-c8e8ee45-be67-44e1-af8d-91c0a0acf7f8 c6b603b6e92c4e50b57908b4ed7ad5c9 684a3d14a72a4123ab32752bfa8e8b04 - - default default] Added segment b2cc7e82-28cd-41cb-9961-2b68b37104d9 of type geneve for network e14c8980-b324-495e-8b78-cb0ff8d66895
2026-05-12 16:28:31.752 7 WARNING neutron.scheduler.dhcp_agent_scheduler [None req-21c08bbd-1c0c-4336-b2b4-80cbf3c27fcd f0d56a37b55e4345b02359373924b5ca 7887ff4db73a44bba3027bedb8d94041 - - default default] No more DHCP agents
2026-05-12 16:28:31.753 7 WARNING neutron.api.rpc.agentnotifiers.dhcp_rpc_agent_api [None req-21c08bbd-1c0c-4336-b2b4-80cbf3c27fcd f0d56a37b55e4345b02359373924b5ca 7887ff4db73a44bba3027bedb8d94041 - - default default] Unable to schedule network 39afec91-6ef8-4478-8e51-21012e9a05eb: no agents available; will retry on subsequent port and subnet creation events.
2026-05-12 16:28:31.795 7 INFO neutron.db.ovn_revision_numbers_db [None req-21c08bbd-1c0c-4336-b2b4-80cbf3c27fcd f0d56a37b55e4345b02359373924b5ca 7887ff4db73a44bba3027bedb8d94041 - - default default] Successfully bumped revision number for resource 35b7a58e-836a-4e25-8f72-44b4a5b9297f (type: subnets) to 0 [pid: 7|app: 0|req: 770/1525] 10.0.0.24 () {34 vars in 668 bytes} [Tue May 12 16:28:31 2026] POST /v2.0/subnets => generated 646 bytes in 303 msecs (HTTP/1.1 201) 4 headers in 162 bytes (1 switches on core 0) [pid: 7|app: 0|req: 771/1526] 10.0.0.24 () {32 vars in 720 bytes} [Tue May 12 16:28:31 2026] GET /v2.0/subnets/eea4e49e-f1ee-425d-83ef-2c41e0827327 => generated 673 bytes in 25 msecs (HTTP/1.1 200) 4 headers in 157 bytes (1 switches on core 0)
2026-05-12 16:28:31.872 8 INFO neutron.db.ovn_revision_numbers_db [None req-c8e8ee45-be67-44e1-af8d-91c0a0acf7f8 c6b603b6e92c4e50b57908b4ed7ad5c9 684a3d14a72a4123ab32752bfa8e8b04 - - default default] Successfully bumped revision number for resource e14c8980-b324-495e-8b78-cb0ff8d66895 (type: networks) to 1
2026-05-12 16:28:32.046 8 WARNING neutron.scheduler.dhcp_agent_scheduler [None req-c8e8ee45-be67-44e1-af8d-91c0a0acf7f8 c6b603b6e92c4e50b57908b4ed7ad5c9 684a3d14a72a4123ab32752bfa8e8b04 - - default default] No more DHCP agents
2026-05-12 16:28:32.047 8 WARNING neutron.api.rpc.agentnotifiers.dhcp_rpc_agent_api [None req-c8e8ee45-be67-44e1-af8d-91c0a0acf7f8 c6b603b6e92c4e50b57908b4ed7ad5c9 684a3d14a72a4123ab32752bfa8e8b04 - - default default] Unable to schedule network e14c8980-b324-495e-8b78-cb0ff8d66895: no agents available; will retry on subsequent port and subnet creation events.
2026-05-12 16:28:32.121 8 INFO neutron.plugins.ml2.drivers.ovn.mech_driver.mech_driver [None req-87f6ad4d-21ae-4107-8d21-aa53e3338ba6 - - - - - -] OVN reports status down for port: b4828f23-4737-416b-bef3-78150c8159bf
2026-05-12 16:28:32.205 7 WARNING neutron.scheduler.dhcp_agent_scheduler [None req-4d24ef8c-f4cf-44e5-85a1-6d93966038a1 f0d56a37b55e4345b02359373924b5ca 7887ff4db73a44bba3027bedb8d94041 - - default default] No more DHCP agents
2026-05-12 16:28:32.207 7 WARNING neutron.api.rpc.agentnotifiers.dhcp_rpc_agent_api [None req-4d24ef8c-f4cf-44e5-85a1-6d93966038a1 f0d56a37b55e4345b02359373924b5ca 7887ff4db73a44bba3027bedb8d94041 - - default default] Unable to schedule network 39afec91-6ef8-4478-8e51-21012e9a05eb: no agents available; will retry on subsequent port and subnet creation events.
2026-05-12 16:28:32.208 8 INFO neutron.db.ovn_revision_numbers_db [None req-c8e8ee45-be67-44e1-af8d-91c0a0acf7f8 c6b603b6e92c4e50b57908b4ed7ad5c9 684a3d14a72a4123ab32752bfa8e8b04 - - default default] Successfully bumped revision number for resource b4828f23-4737-416b-bef3-78150c8159bf (type: ports) to 1 [pid: 8|app: 0|req: 756/1527] 10.0.0.24 () {34 vars in 669 bytes} [Tue May 12 16:28:31 2026] POST /v2.0/networks => generated 691 bytes in 667 msecs (HTTP/1.1 201) 4 headers in 162 bytes (1 switches on core 0)
2026-05-12 16:28:32.323 8 INFO neutron.pecan_wsgi.hooks.translation [None req-77bf4ca3-4f97-476a-8230-b94a910d4bc0 5cd67b714cee4403b32c04eebaf4cc89 f06948865b2745c58c24d9de1ef2451a - - default default] DELETE failed (client error): The resource could not be found. [pid: 8|app: 0|req: 757/1528] 10.0.0.24 () {32 vars in 723 bytes} [Tue May 12 16:28:32 2026] DELETE /v2.0/subnets/01759c5f-1a48-434c-9add-b7c7d960983c => generated 136 bytes in 47 msecs (HTTP/1.1 404) 4 headers in 164 bytes (1 switches on core 0)
2026-05-12 16:28:32.358 8 INFO neutron.plugins.ml2.drivers.ovn.mech_driver.mech_driver [None req-87f6ad4d-21ae-4107-8d21-aa53e3338ba6 - - - - - -] OVN reports status down for port: f283e9e2-3f43-467f-9432-c0eed3d20186
2026-05-12 16:28:32.359 7 INFO neutron.db.ovn_revision_numbers_db [None req-4d24ef8c-f4cf-44e5-85a1-6d93966038a1 f0d56a37b55e4345b02359373924b5ca 7887ff4db73a44bba3027bedb8d94041 - - default default] Successfully bumped revision number for resource f283e9e2-3f43-467f-9432-c0eed3d20186 (type: ports) to 1 [pid: 7|app: 0|req: 772/1529] 10.0.0.24 () {34 vars in 664 bytes} [Tue May 12 16:28:31 2026] POST /v2.0/ports => generated 965 bytes in 533 msecs (HTTP/1.1 201) 4 headers in 162 bytes (1 switches on core 0) /var/lib/openstack/lib/python3.12/site-packages/pycadf/identifier.py:70: UserWarning: Invalid uuid: neutron. To ensure interoperability, identifiers should be a valid uuid. warnings.warn(('Invalid uuid: %s. To ensure interoperability, '
2026-05-12 16:28:32.413 7 INFO neutron.pecan_wsgi.hooks.translation [None req-de5a6619-28d6-41d4-9415-ffca826b6726 5cd67b714cee4403b32c04eebaf4cc89 f06948865b2745c58c24d9de1ef2451a - - default default] DELETE failed (client error): The resource could not be found. [pid: 7|app: 0|req: 773/1530] 10.0.0.24 () {32 vars in 725 bytes} [Tue May 12 16:28:32 2026] DELETE /v2.0/networks/f596722e-73d7-45d8-9f60-173c22af1d29 => generated 138 bytes in 17 msecs (HTTP/1.1 404) 4 headers in 164 bytes (1 switches on core 0)
2026-05-12 16:28:32.438 8 INFO neutron.db.segments_db [None req-f42ccf9b-b304-46d9-b34a-a4196cf61cd9 c6b603b6e92c4e50b57908b4ed7ad5c9 684a3d14a72a4123ab32752bfa8e8b04 - - default default] Added segment cfa4cf02-7987-4b9e-86b1-651c1067deaf of type geneve for network 90db8225-137b-4b6f-8a0b-708499db7c88
2026-05-12 16:28:32.613 8 INFO neutron.db.ovn_revision_numbers_db [None req-f42ccf9b-b304-46d9-b34a-a4196cf61cd9 c6b603b6e92c4e50b57908b4ed7ad5c9 684a3d14a72a4123ab32752bfa8e8b04 - - default default] Successfully bumped revision number for resource 90db8225-137b-4b6f-8a0b-708499db7c88 (type: networks) to 1
2026-05-12 16:28:32.717 7 INFO neutron.db.ovn_revision_numbers_db [None req-7064c6f2-ca77-4c29-9118-ccf1992aba7a a1f9f3eb0e134964aea0d119f7b6b27b 5f91695426dd41b697b9a1e2398a83b4 - - default default] Successfully bumped revision number for resource e51ca322-958b-48b4-ae4c-34b4e01dad13 (type: security_groups) to 1
2026-05-12 16:28:32.740 7 INFO neutron.db.ovn_revision_numbers_db [None req-7064c6f2-ca77-4c29-9118-ccf1992aba7a a1f9f3eb0e134964aea0d119f7b6b27b 5f91695426dd41b697b9a1e2398a83b4 - - default default] Successfully bumped revision number for resource 0fe85a42-0977-475e-805c-70deb7d06923 (type: security_group_rules) to 0
2026-05-12 16:28:32.784 7 INFO neutron.db.ovn_revision_numbers_db [None req-7064c6f2-ca77-4c29-9118-ccf1992aba7a a1f9f3eb0e134964aea0d119f7b6b27b 5f91695426dd41b697b9a1e2398a83b4 - - default default] Successfully bumped revision number for resource 1dd2b930-0319-4b95-abe2-289ebb63ee99 (type: security_group_rules) to 0
2026-05-12 16:28:32.805 7 INFO neutron.db.ovn_revision_numbers_db [None req-7064c6f2-ca77-4c29-9118-ccf1992aba7a a1f9f3eb0e134964aea0d119f7b6b27b 5f91695426dd41b697b9a1e2398a83b4 - - default default] Successfully bumped revision number for resource b59d4d4f-a631-4e2c-b1b3-f81e3694029a (type: security_group_rules) to 0
2026-05-12 16:28:32.840 7 INFO neutron.db.ovn_revision_numbers_db [None req-7064c6f2-ca77-4c29-9118-ccf1992aba7a a1f9f3eb0e134964aea0d119f7b6b27b 5f91695426dd41b697b9a1e2398a83b4 - - default default] Successfully bumped revision number for resource df9533af-d096-4793-b00a-294b0b028a86 (type: security_group_rules) to 0
2026-05-12 16:28:32.840 8 WARNING neutron.scheduler.dhcp_agent_scheduler [None req-f42ccf9b-b304-46d9-b34a-a4196cf61cd9 c6b603b6e92c4e50b57908b4ed7ad5c9 684a3d14a72a4123ab32752bfa8e8b04 - - default default] No more DHCP agents
2026-05-12 16:28:32.843 8 WARNING neutron.api.rpc.agentnotifiers.dhcp_rpc_agent_api [None req-f42ccf9b-b304-46d9-b34a-a4196cf61cd9 c6b603b6e92c4e50b57908b4ed7ad5c9 684a3d14a72a4123ab32752bfa8e8b04 - - default default] Unable to schedule network 90db8225-137b-4b6f-8a0b-708499db7c88: no agents available; will retry on subsequent port and subnet creation events.
2026-05-12 16:28:32.913 8 INFO neutron.plugins.ml2.drivers.ovn.mech_driver.mech_driver [None req-87f6ad4d-21ae-4107-8d21-aa53e3338ba6 - - - - - -] OVN reports status down for port: 5680c6c3-8d14-4bf6-8593-897c1c3b75a5
2026-05-12 16:28:32.941 7 INFO neutron.db.segments_db [None req-7064c6f2-ca77-4c29-9118-ccf1992aba7a a1f9f3eb0e134964aea0d119f7b6b27b 5f91695426dd41b697b9a1e2398a83b4 - - default default] Added segment 4b1187d1-0f96-496f-81ac-5499f2a94bae of type geneve for network 5be8de1d-99c0-42c1-9d3e-8069400fe55c
2026-05-12 16:28:32.993 8 INFO neutron.db.ovn_revision_numbers_db [None req-f42ccf9b-b304-46d9-b34a-a4196cf61cd9 c6b603b6e92c4e50b57908b4ed7ad5c9 684a3d14a72a4123ab32752bfa8e8b04 - - default default] Successfully bumped revision number for resource 5680c6c3-8d14-4bf6-8593-897c1c3b75a5 (type: ports) to 1 [pid: 8|app: 0|req: 758/1531] 10.0.0.24 () {34 vars in 669 bytes} [Tue May 12 16:28:32 2026] POST /v2.0/networks => generated 692 bytes in 731 msecs (HTTP/1.1 201) 4 headers in 162 bytes (1 switches on core 0)
2026-05-12 16:28:33.117 7 INFO neutron.db.ovn_revision_numbers_db [None req-7064c6f2-ca77-4c29-9118-ccf1992aba7a a1f9f3eb0e134964aea0d119f7b6b27b 5f91695426dd41b697b9a1e2398a83b4 - - default default] Successfully bumped revision number for resource 5be8de1d-99c0-42c1-9d3e-8069400fe55c (type: networks) to 1
2026-05-12 16:28:33.228 8 INFO neutron_taas.services.taas.taas_plugin [None req-f9e3a70e-4df0-4f3b-86ed-028f8d832f3c f0d56a37b55e4345b02359373924b5ca 7887ff4db73a44bba3027bedb8d94041 - - default default] TaaS: Handle Delete Port: f283e9e2-3f43-467f-9432-c0eed3d20186
2026-05-12 16:28:33.231 8 INFO neutron_taas.services.taas.tap_mirror_plugin [None req-f9e3a70e-4df0-4f3b-86ed-028f8d832f3c f0d56a37b55e4345b02359373924b5ca 7887ff4db73a44bba3027bedb8d94041 - - default default] Tap Mirror: Handle Delete Port: f283e9e2-3f43-467f-9432-c0eed3d20186
2026-05-12 16:28:33.267 7 WARNING neutron.scheduler.dhcp_agent_scheduler [None req-7064c6f2-ca77-4c29-9118-ccf1992aba7a a1f9f3eb0e134964aea0d119f7b6b27b 5f91695426dd41b697b9a1e2398a83b4 - - default default] No more DHCP agents
2026-05-12 16:28:33.269 7 WARNING neutron.api.rpc.agentnotifiers.dhcp_rpc_agent_api [None req-7064c6f2-ca77-4c29-9118-ccf1992aba7a a1f9f3eb0e134964aea0d119f7b6b27b 5f91695426dd41b697b9a1e2398a83b4 - - default default] Unable to schedule network 5be8de1d-99c0-42c1-9d3e-8069400fe55c: no agents available; will retry on subsequent port and subnet creation events.
2026-05-12 16:28:33.346 8 INFO neutron.plugins.ml2.drivers.ovn.mech_driver.mech_driver [None req-87f6ad4d-21ae-4107-8d21-aa53e3338ba6 - - - - - -] OVN reports status down for port: 4b4d6efd-6af1-4faf-8145-ae635a9ebbb4
2026-05-12 16:28:33.403 7 INFO neutron.db.ovn_revision_numbers_db [None req-7064c6f2-ca77-4c29-9118-ccf1992aba7a a1f9f3eb0e134964aea0d119f7b6b27b 5f91695426dd41b697b9a1e2398a83b4 - - default default] Successfully bumped revision number for resource 4b4d6efd-6af1-4faf-8145-ae635a9ebbb4 (type: ports) to 1 [pid: 7|app: 0|req: 774/1532] 10.0.0.24 () {34 vars in 670 bytes} [Tue May 12 16:28:32 2026] POST /v2.0/networks => generated 781 bytes in 1042 msecs (HTTP/1.1 201) 4 headers in 162 bytes (1 switches on core 0) [pid: 8|app: 0|req: 759/1533] 10.0.0.24 () {32 vars in 719 bytes} [Tue May 12 16:28:33 2026] DELETE /v2.0/ports/f283e9e2-3f43-467f-9432-c0eed3d20186 => generated 0 bytes in 473 msecs (HTTP/1.1 204) 3 headers in 131 bytes (1 switches on core 0) [pid: 7|app: 0|req: 775/1534] 10.0.0.24 () {32 vars in 723 bytes} [Tue May 12 16:28:33 2026] DELETE /v2.0/subnets/eea4e49e-f1ee-425d-83ef-2c41e0827327 => generated 0 bytes in 232 msecs (HTTP/1.1 204) 3 headers in 131 bytes (1 switches on core 0)
2026-05-12 16:28:33.728 8 WARNING neutron.scheduler.dhcp_agent_scheduler [None req-67684c93-6cbf-4ec0-8678-82cf764e975c a1f9f3eb0e134964aea0d119f7b6b27b 5f91695426dd41b697b9a1e2398a83b4 - - default default] No more DHCP agents
2026-05-12 16:28:33.729 8 WARNING neutron.api.rpc.agentnotifiers.dhcp_rpc_agent_api [None req-67684c93-6cbf-4ec0-8678-82cf764e975c a1f9f3eb0e134964aea0d119f7b6b27b 5f91695426dd41b697b9a1e2398a83b4 - - default default] Unable to schedule network 5be8de1d-99c0-42c1-9d3e-8069400fe55c: no agents available; will retry on subsequent port and subnet creation events.
2026-05-12 16:28:34.071 7 WARNING neutron.scheduler.dhcp_agent_scheduler [None req-b2d5c7d9-cee8-400b-9a72-ccb973195da8 c6b603b6e92c4e50b57908b4ed7ad5c9 684a3d14a72a4123ab32752bfa8e8b04 - - default default] No more DHCP agents
2026-05-12 16:28:34.073 7 WARNING neutron.api.rpc.agentnotifiers.dhcp_rpc_agent_api [None req-b2d5c7d9-cee8-400b-9a72-ccb973195da8 c6b603b6e92c4e50b57908b4ed7ad5c9 684a3d14a72a4123ab32752bfa8e8b04 - - default default] Unable to schedule network e14c8980-b324-495e-8b78-cb0ff8d66895: no agents available; will retry on subsequent port and subnet creation events.
2026-05-12 16:28:34.134 7 INFO neutron.db.ovn_revision_numbers_db [None req-b2d5c7d9-cee8-400b-9a72-ccb973195da8 c6b603b6e92c4e50b57908b4ed7ad5c9 684a3d14a72a4123ab32752bfa8e8b04 - - default default] Successfully bumped revision number for resource a81336c2-25b2-4d3e-91fa-88e253448880 (type: subnets) to 0
2026-05-12 16:28:34.185 7 WARNING neutron.scheduler.dhcp_agent_scheduler [None req-b2d5c7d9-cee8-400b-9a72-ccb973195da8 c6b603b6e92c4e50b57908b4ed7ad5c9 684a3d14a72a4123ab32752bfa8e8b04 - - default default] No more DHCP agents
2026-05-12 16:28:34.187 7 WARNING neutron.api.rpc.agentnotifiers.dhcp_rpc_agent_api [None req-b2d5c7d9-cee8-400b-9a72-ccb973195da8 c6b603b6e92c4e50b57908b4ed7ad5c9 684a3d14a72a4123ab32752bfa8e8b04 - - default default] Unable to schedule network 90db8225-137b-4b6f-8a0b-708499db7c88: no agents available; will retry on subsequent port and subnet creation events.
2026-05-12 16:28:34.219 8 INFO neutron.db.ovn_revision_numbers_db [None req-67684c93-6cbf-4ec0-8678-82cf764e975c a1f9f3eb0e134964aea0d119f7b6b27b 5f91695426dd41b697b9a1e2398a83b4 - - default default] Successfully bumped revision number for resource 4b4d6efd-6af1-4faf-8145-ae635a9ebbb4 (type: ports) to 2
2026-05-12 16:28:34.253 7 INFO neutron.db.ovn_revision_numbers_db [None req-b2d5c7d9-cee8-400b-9a72-ccb973195da8 c6b603b6e92c4e50b57908b4ed7ad5c9 684a3d14a72a4123ab32752bfa8e8b04 - - default default] Successfully bumped revision number for resource d085b845-f67e-4fd9-9dda-56b02daf2bbc (type: subnets) to 0
2026-05-12 16:28:34.255 8 INFO neutron.db.ovn_revision_numbers_db [None req-67684c93-6cbf-4ec0-8678-82cf764e975c a1f9f3eb0e134964aea0d119f7b6b27b 5f91695426dd41b697b9a1e2398a83b4 - - default default] Successfully bumped revision number for resource 7a477037-8746-4443-afbc-68281afa5e41 (type: subnets) to 0 [pid: 8|app: 0|req: 760/1535] 10.0.0.24 () {34 vars in 668 bytes} [Tue May 12 16:28:33 2026] POST /v2.0/subnets => generated 688 bytes in 751 msecs (HTTP/1.1 201) 4 headers in 162 bytes (1 switches on core 0)
2026-05-12 16:28:34.305 8 INFO neutron.pecan_wsgi.hooks.translation [None req-1c2b241d-a478-4c22-b64e-1c322e6bc76e f0d56a37b55e4345b02359373924b5ca 7887ff4db73a44bba3027bedb8d94041 - - default default] DELETE failed (client error): The resource could not be found. [pid: 8|app: 0|req: 761/1536] 10.0.0.24 () {32 vars in 719 bytes} [Tue May 12 16:28:34 2026] DELETE /v2.0/ports/f283e9e2-3f43-467f-9432-c0eed3d20186 => generated 132 bytes in 24 msecs (HTTP/1.1 404) 4 headers in 164 bytes (1 switches on core 0) [pid: 7|app: 0|req: 776/1537] 10.0.0.24 () {34 vars in 668 bytes} [Tue May 12 16:28:33 2026] POST /v2.0/subnets => generated 1324 bytes in 618 msecs (HTTP/1.1 201) 4 headers in 163 bytes (1 switches on core 0)
2026-05-12 16:28:34.418 8 INFO neutron_taas.services.taas.taas_plugin [None req-9e484c51-0d6b-4ece-97df-3d78bd95ddbc 5cd67b714cee4403b32c04eebaf4cc89 f06948865b2745c58c24d9de1ef2451a - - default default] TaaS: Handle Delete Port: 7b3beb91-3159-4ee7-98af-9b83e21b75a6
2026-05-12 16:28:34.442 8 INFO neutron_taas.services.taas.tap_mirror_plugin [None req-9e484c51-0d6b-4ece-97df-3d78bd95ddbc 5cd67b714cee4403b32c04eebaf4cc89 f06948865b2745c58c24d9de1ef2451a - - default default] Tap Mirror: Handle Delete Port: 7b3beb91-3159-4ee7-98af-9b83e21b75a6
2026-05-12 16:28:34.704 8 INFO neutron.services.segments.plugin [-] Segment 55b3addb-7c6f-43c3-bdda-9fa022ba3652 resource provider aggregate not found
2026-05-12 16:28:34.713 8 INFO neutron.services.segments.plugin [-] Segment 55b3addb-7c6f-43c3-bdda-9fa022ba3652 resource provider aggregate not found
2026-05-12 16:28:34.732 8 INFO neutron.services.segments.plugin [-] Segment 55b3addb-7c6f-43c3-bdda-9fa022ba3652 resource provider not found; error: Placement Client Error (4xx): {"errors": [{"status": 404, "title": "Not Found", "detail": "The resource could not be found.\n\n No resource provider with uuid 55b3addb-7c6f-43c3-bdda-9fa022ba3652 found for delete ", "request_id": "req-c8e2e1e4-7006-4360-b92b-d0f882f97aea"}]}
2026-05-12 16:28:34.733 8 INFO neutron.services.segments.plugin [-] Segment 55b3addb-7c6f-43c3-bdda-9fa022ba3652 resource provider not found; error: Placement Client Error (4xx): {"errors": [{"status": 404, "title": "Not Found", "detail": "The resource could not be found.\n\n No resource provider with uuid 55b3addb-7c6f-43c3-bdda-9fa022ba3652 found for delete ", "request_id": "req-131d79fd-4656-4006-aee3-4b506fbf3802"}]}
2026-05-12 16:28:34.825 7 WARNING neutron.scheduler.dhcp_agent_scheduler [None req-042298bc-cd68-4f02-b155-ef9966901f4a a1f9f3eb0e134964aea0d119f7b6b27b 5f91695426dd41b697b9a1e2398a83b4 - - default default] No more DHCP agents
2026-05-12 16:28:34.826 7 WARNING neutron.api.rpc.agentnotifiers.dhcp_rpc_agent_api [None req-042298bc-cd68-4f02-b155-ef9966901f4a a1f9f3eb0e134964aea0d119f7b6b27b 5f91695426dd41b697b9a1e2398a83b4 - - default default] Unable to schedule network faed616b-7d61-4aa7-96ec-fbcf074fe914: no agents available; will retry on subsequent port and subnet creation events. [pid: 8|app: 0|req: 762/1538] 10.0.0.24 () {32 vars in 725 bytes} [Tue May 12 16:28:34 2026] DELETE /v2.0/networks/5d38bc6a-79b3-433c-9f89-78e7652fd69a => generated 0 bytes in 526 msecs (HTTP/1.1 204) 3 headers in 131 bytes (1 switches on core 0)
2026-05-12 16:28:34.855 8 INFO neutron.pecan_wsgi.hooks.translation [None req-8725b128-bd94-4794-87df-18ac9b422622 f0d56a37b55e4345b02359373924b5ca 7887ff4db73a44bba3027bedb8d94041 - - default default] GET failed (client error): The resource could not be found. [pid: 8|app: 0|req: 763/1539] 10.0.0.24 () {32 vars in 716 bytes} [Tue May 12 16:28:34 2026] GET /v2.0/ports/f283e9e2-3f43-467f-9432-c0eed3d20186 => generated 132 bytes in 20 msecs (HTTP/1.1 404) 4 headers in 164 bytes (1 switches on core 0) [pid: 8|app: 0|req: 764/1540] 10.0.0.24 () {32 vars in 646 bytes} [Tue May 12 16:28:34 2026] GET /v2.0/subnets => generated 1960 bytes in 39 msecs (HTTP/1.1 200) 4 headers in 158 bytes (1 switches on core 0)
2026-05-12 16:28:35.021 8 INFO neutron.plugins.ml2.drivers.ovn.mech_driver.mech_driver [None req-87f6ad4d-21ae-4107-8d21-aa53e3338ba6 - - - - - -] OVN reports status down for port: 7c526dde-d2cd-4240-bc55-de4cfd36d52e
2026-05-12 16:28:35.051 7 INFO neutron.db.ovn_revision_numbers_db [None req-042298bc-cd68-4f02-b155-ef9966901f4a a1f9f3eb0e134964aea0d119f7b6b27b 5f91695426dd41b697b9a1e2398a83b4 - - default default] Successfully bumped revision number for resource 7c526dde-d2cd-4240-bc55-de4cfd36d52e (type: ports) to 1 [pid: 8|app: 0|req: 765/1541] 10.0.0.24 () {32 vars in 723 bytes} [Tue May 12 16:28:34 2026] DELETE /v2.0/subnets/35b7a58e-836a-4e25-8f72-44b4a5b9297f => generated 0 bytes in 312 msecs (HTTP/1.1 204) 3 headers in 131 bytes (1 switches on core 0) [pid: 8|app: 0|req: 766/1542] 10.0.0.24 () {32 vars in 723 bytes} [Tue May 12 16:28:35 2026] DELETE /v2.0/subnets/a81336c2-25b2-4d3e-91fa-88e253448880 => generated 0 bytes in 166 msecs (HTTP/1.1 204) 3 headers in 131 bytes (1 switches on core 0)
2026-05-12 16:28:35.501 8 INFO neutron_taas.services.taas.taas_plugin [None req-d11f34b5-141f-4969-b619-b87847b5bfd7 f0d56a37b55e4345b02359373924b5ca 7887ff4db73a44bba3027bedb8d94041 - - default default] TaaS: Handle Delete Port: 8aaa30e7-fb74-45f8-911f-4c7abb3d7184
2026-05-12 16:28:35.504 8 INFO neutron_taas.services.taas.tap_mirror_plugin [None req-d11f34b5-141f-4969-b619-b87847b5bfd7 f0d56a37b55e4345b02359373924b5ca 7887ff4db73a44bba3027bedb8d94041 - - default default] Tap Mirror: Handle Delete Port: 8aaa30e7-fb74-45f8-911f-4c7abb3d7184
2026-05-12 16:28:35.864 8 INFO neutron.plugins.ml2.drivers.ovn.mech_driver.ovsdb.ovsdb_monitor [None req-81255711-e24d-403a-833e-d62865d7d68f - - - - - -] Router 2af06c4e-f1ae-4a8d-b92f-2c5fcd2f9f3b is bound to host instance
2026-05-12 16:28:35.908 7 INFO neutron.db.ovn_revision_numbers_db [None req-042298bc-cd68-4f02-b155-ef9966901f4a a1f9f3eb0e134964aea0d119f7b6b27b 5f91695426dd41b697b9a1e2398a83b4 - - default default] Successfully bumped revision number for resource 7c526dde-d2cd-4240-bc55-de4cfd36d52e (type: router_ports) to 1
2026-05-12 16:28:35.935 8 INFO neutron.plugins.ml2.drivers.ovn.mech_driver.mech_driver [None req-87f6ad4d-21ae-4107-8d21-aa53e3338ba6 - - - - - -] OVN reports status up for port: 7c526dde-d2cd-4240-bc55-de4cfd36d52e [pid: 8|app: 0|req: 767/1543] 10.0.0.24 () {32 vars in 725 bytes} [Tue May 12 16:28:35 2026] DELETE /v2.0/networks/39afec91-6ef8-4478-8e51-21012e9a05eb => generated 0 bytes in 669 msecs (HTTP/1.1 204) 3 headers in 131 bytes (1 switches on core 0)
2026-05-12 16:28:36.046 7 INFO neutron.db.ovn_revision_numbers_db [None req-042298bc-cd68-4f02-b155-ef9966901f4a a1f9f3eb0e134964aea0d119f7b6b27b 5f91695426dd41b697b9a1e2398a83b4 - - default default] Successfully bumped revision number for resource 2af06c4e-f1ae-4a8d-b92f-2c5fcd2f9f3b (type: routers) to 2
2026-05-12 16:28:36.054 8 INFO neutron.plugins.ml2.plugin [None req-87f6ad4d-21ae-4107-8d21-aa53e3338ba6 - - - - - -] Attempt 1 to provision port 7c526dde-d2cd-4240-bc55-de4cfd36d52e [pid: 7|app: 0|req: 777/1544] 10.0.0.24 () {34 vars in 668 bytes} [Tue May 12 16:28:34 2026] POST /v2.0/routers => generated 987 bytes in 1763 msecs (HTTP/1.1 201) 4 headers in 162 bytes (1 switches on core 0)
2026-05-12 16:28:36.171 8 WARNING neutron.db.securitygroups_db [None req-3de4e294-acea-45ae-aa92-ba2a48c556ae a1f9f3eb0e134964aea0d119f7b6b27b 5f91695426dd41b697b9a1e2398a83b4 - - default default] project_id key not found in filters, using tenant_id instead. This support has been deprecated and will be removed in a future release. [pid: 8|app: 0|req: 768/1545] 10.0.0.24 () {32 vars in 773 bytes} [Tue May 12 16:28:36 2026] GET /v2.0/security-groups?tenant_id=f06948865b2745c58c24d9de1ef2451a&name=default => generated 2925 bytes in 196 msecs (HTTP/1.1 200) 4 headers in 158 bytes (1 switches on core 0) [pid: 7|app: 0|req: 778/1546] 10.0.0.24 () {32 vars in 723 bytes} [Tue May 12 16:28:36 2026] DELETE /v2.0/subnets/d085b845-f67e-4fd9-9dda-56b02daf2bbc => generated 0 bytes in 188 msecs (HTTP/1.1 204) 3 headers in 131 bytes (1 switches on core 0)
2026-05-12 16:28:36.384 8 INFO neutron.db.segments_db [None req-3b90aa08-2af9-4f06-9172-a0e4c24bc914 f0d56a37b55e4345b02359373924b5ca 7887ff4db73a44bba3027bedb8d94041 - - default default] Added segment d5e131da-327b-4680-8b18-948db84f7bfc of type geneve for network 17c63115-7548-442d-95f1-ec7ec9d45253
2026-05-12 16:28:36.671 8 INFO neutron.db.ovn_revision_numbers_db [None req-3b90aa08-2af9-4f06-9172-a0e4c24bc914 f0d56a37b55e4345b02359373924b5ca 7887ff4db73a44bba3027bedb8d94041 - - default default] Successfully bumped revision number for resource 17c63115-7548-442d-95f1-ec7ec9d45253 (type: networks) to 1
2026-05-12 16:28:36.746 7 WARNING neutron.scheduler.dhcp_agent_scheduler [None req-0de1a7ae-bd59-468e-98db-4ff338cf488a a1f9f3eb0e134964aea0d119f7b6b27b 5f91695426dd41b697b9a1e2398a83b4 - - default default] No more DHCP agents
2026-05-12 16:28:36.748 7 WARNING neutron.api.rpc.agentnotifiers.dhcp_rpc_agent_api [None req-0de1a7ae-bd59-468e-98db-4ff338cf488a a1f9f3eb0e134964aea0d119f7b6b27b 5f91695426dd41b697b9a1e2398a83b4 - - default default] Unable to schedule network 5be8de1d-99c0-42c1-9d3e-8069400fe55c: no agents available; will retry on subsequent port and subnet creation events.
2026-05-12 16:28:36.764 8 INFO neutron.services.segments.plugin [-] Segment 8ed76bab-1792-4a13-a25a-4dffe6abe1f3 resource provider aggregate not found
2026-05-12 16:28:36.772 8 INFO neutron.services.segments.plugin [-] Segment 8ed76bab-1792-4a13-a25a-4dffe6abe1f3 resource provider aggregate not found
2026-05-12 16:28:36.788 8 INFO neutron.services.segments.plugin [-] Segment 8ed76bab-1792-4a13-a25a-4dffe6abe1f3 resource provider not found; error: Placement Client Error (4xx): {"errors": [{"status": 404, "title": "Not Found", "detail": "The resource could not be found.\n\n No resource provider with uuid 8ed76bab-1792-4a13-a25a-4dffe6abe1f3 found for delete ", "request_id": "req-a5e8ebc1-6b2b-4f60-832a-59c967d4dc6f"}]}
2026-05-12 16:28:36.802 8 INFO neutron.services.segments.plugin [-] Segment 8ed76bab-1792-4a13-a25a-4dffe6abe1f3 resource provider not found; error: Placement Client Error (4xx): {"errors": [{"status": 404, "title": "Not Found", "detail": "The resource could not be found.\n\n No resource provider with uuid 8ed76bab-1792-4a13-a25a-4dffe6abe1f3 found for delete ", "request_id": "req-f155c1cf-ac97-499e-be06-c085e6474607"}]}
2026-05-12 16:28:36.934 7 INFO neutron.db.ovn_revision_numbers_db [None req-0de1a7ae-bd59-468e-98db-4ff338cf488a a1f9f3eb0e134964aea0d119f7b6b27b 5f91695426dd41b697b9a1e2398a83b4 - - default default] Successfully bumped revision number for resource 13333356-3b4f-4085-8894-e850cf634c9c (type: ports) to 1
2026-05-12 16:28:37.046 8 WARNING neutron.scheduler.dhcp_agent_scheduler [None req-3b90aa08-2af9-4f06-9172-a0e4c24bc914 f0d56a37b55e4345b02359373924b5ca 7887ff4db73a44bba3027bedb8d94041 - - default default] No more DHCP agents
2026-05-12 16:28:37.049 8 WARNING neutron.api.rpc.agentnotifiers.dhcp_rpc_agent_api [None req-3b90aa08-2af9-4f06-9172-a0e4c24bc914 f0d56a37b55e4345b02359373924b5ca 7887ff4db73a44bba3027bedb8d94041 - - default default] Unable to schedule network 17c63115-7548-442d-95f1-ec7ec9d45253: no agents available; will retry on subsequent port and subnet creation events.
2026-05-12 16:28:37.220 8 INFO neutron.db.ovn_revision_numbers_db [None req-3b90aa08-2af9-4f06-9172-a0e4c24bc914 f0d56a37b55e4345b02359373924b5ca 7887ff4db73a44bba3027bedb8d94041 - - default default] Successfully bumped revision number for resource 62eababb-a4c1-4cbe-a898-3463c58f3dfb (type: ports) to 1 [pid: 8|app: 0|req: 769/1547] 10.0.0.24 () {34 vars in 669 bytes} [Tue May 12 16:28:36 2026] POST /v2.0/networks => generated 673 bytes in 1058 msecs (HTTP/1.1 201) 4 headers in 162 bytes (1 switches on core 0)
2026-05-12 16:28:37.350 8 INFO neutron.db.ovn_revision_numbers_db [None req-50681e5c-8b3d-44ca-8382-8b022fa878e6 - - - - - -] Successfully bumped revision number for resource 7c526dde-d2cd-4240-bc55-de4cfd36d52e (type: ports) to 4
2026-05-12 16:28:37.722 7 WARNING neutron.scheduler.dhcp_agent_scheduler [None req-0de1a7ae-bd59-468e-98db-4ff338cf488a a1f9f3eb0e134964aea0d119f7b6b27b 5f91695426dd41b697b9a1e2398a83b4 - - default default] No more DHCP agents
2026-05-12 16:28:37.723 7 WARNING neutron.api.rpc.agentnotifiers.dhcp_rpc_agent_api [None req-0de1a7ae-bd59-468e-98db-4ff338cf488a a1f9f3eb0e134964aea0d119f7b6b27b 5f91695426dd41b697b9a1e2398a83b4 - - default default] Unable to schedule network 5be8de1d-99c0-42c1-9d3e-8069400fe55c: no agents available; will retry on subsequent port and subnet creation events. [pid: 8|app: 0|req: 770/1548] 10.0.0.24 () {32 vars in 739 bytes} [Tue May 12 16:28:37 2026] DELETE /v2.0/security-groups/7b822fa8-0eb0-4c4c-8b27-250c1faff9dc => generated 0 bytes in 525 msecs (HTTP/1.1 204) 2 headers in 112 bytes (1 switches on core 0) [pid: 8|app: 0|req: 771/1549] 10.0.0.24 () {32 vars in 646 bytes} [Tue May 12 16:28:37 2026] GET /v2.0/subnets => generated 649 bytes in 59 msecs (HTTP/1.1 200) 4 headers in 157 bytes (1 switches on core 0)
2026-05-12 16:28:38.014 8 INFO neutron.db.ovn_revision_numbers_db [None req-50681e5c-8b3d-44ca-8382-8b022fa878e6 - - - - - -] Successfully bumped revision number for resource 7c526dde-d2cd-4240-bc55-de4cfd36d52e (type: ports) to 5
2026-05-12 16:28:38.303 7 INFO neutron.db.ovn_revision_numbers_db [None req-0de1a7ae-bd59-468e-98db-4ff338cf488a a1f9f3eb0e134964aea0d119f7b6b27b 5f91695426dd41b697b9a1e2398a83b4 - - default default] Successfully bumped revision number for resource 13333356-3b4f-4085-8894-e850cf634c9c (type: router_ports) to 1 [pid: 7|app: 0|req: 779/1550] 10.0.0.24 () {34 vars in 782 bytes} [Tue May 12 16:28:36 2026] PUT /v2.0/routers/2af06c4e-f1ae-4a8d-b92f-2c5fcd2f9f3b/add_router_interface => generated 310 bytes in 2049 msecs (HTTP/1.1 200) 4 headers in 157 bytes (1 switches on core 0)
2026-05-12 16:28:38.383 8 WARNING neutron.scheduler.dhcp_agent_scheduler [None req-4fab240b-b1c8-4321-b551-d989c5766b12 f0d56a37b55e4345b02359373924b5ca 7887ff4db73a44bba3027bedb8d94041 - - default default] No more DHCP agents
2026-05-12 16:28:38.384 8 WARNING neutron.api.rpc.agentnotifiers.dhcp_rpc_agent_api [None req-4fab240b-b1c8-4321-b551-d989c5766b12 f0d56a37b55e4345b02359373924b5ca 7887ff4db73a44bba3027bedb8d94041 - - default default] Unable to schedule network 17c63115-7548-442d-95f1-ec7ec9d45253: no agents available; will retry on subsequent port and subnet creation events.
2026-05-12 16:28:38.434 7 INFO neutron_taas.services.taas.taas_plugin [None req-d21e2338-7092-4bb7-95ed-66891ac77be5 c6b603b6e92c4e50b57908b4ed7ad5c9 684a3d14a72a4123ab32752bfa8e8b04 - - default default] TaaS: Handle Delete Port: 5680c6c3-8d14-4bf6-8593-897c1c3b75a5
2026-05-12 16:28:38.436 7 INFO neutron_taas.services.taas.tap_mirror_plugin [None req-d21e2338-7092-4bb7-95ed-66891ac77be5 c6b603b6e92c4e50b57908b4ed7ad5c9 684a3d14a72a4123ab32752bfa8e8b04 - - default default] Tap Mirror: Handle Delete Port: 5680c6c3-8d14-4bf6-8593-897c1c3b75a5
2026-05-12 16:28:38.447 8 INFO neutron.db.ovn_revision_numbers_db [None req-4fab240b-b1c8-4321-b551-d989c5766b12 f0d56a37b55e4345b02359373924b5ca 7887ff4db73a44bba3027bedb8d94041 - - default default] Successfully bumped revision number for resource 561c905d-85cb-4483-9540-909b36181201 (type: subnets) to 0 [pid: 8|app: 0|req: 772/1551] 10.0.0.24 () {34 vars in 668 bytes} [Tue May 12 16:28:37 2026] POST /v2.0/subnets => generated 646 bytes in 583 msecs (HTTP/1.1 201) 4 headers in 162 bytes (1 switches on core 0)
2026-05-12 16:28:38.653 7 INFO neutron.services.segments.plugin [-] Segment cfa4cf02-7987-4b9e-86b1-651c1067deaf resource provider aggregate not found
2026-05-12 16:28:38.665 7 INFO neutron.services.segments.plugin [-] Segment cfa4cf02-7987-4b9e-86b1-651c1067deaf resource provider aggregate not found
2026-05-12 16:28:38.683 7 INFO neutron.services.segments.plugin [-] Segment cfa4cf02-7987-4b9e-86b1-651c1067deaf resource provider not found; error: Placement Client Error (4xx): {"errors": [{"status": 404, "title": "Not Found", "detail": "The resource could not be found.\n\n No resource provider with uuid cfa4cf02-7987-4b9e-86b1-651c1067deaf found for delete ", "request_id": "req-a1cea431-6ae1-40f4-8194-ca3acfbc51a1"}]}
2026-05-12 16:28:38.695 7 INFO neutron.services.segments.plugin [-] Segment cfa4cf02-7987-4b9e-86b1-651c1067deaf resource provider not found; error: Placement Client Error (4xx): {"errors": [{"status": 404, "title": "Not Found", "detail": "The resource could not be found.\n\n No resource provider with uuid cfa4cf02-7987-4b9e-86b1-651c1067deaf found for delete ", "request_id": "req-9219a64e-ac76-453e-957a-5d5ebb5796f2"}]}
2026-05-12 16:28:38.951 8 WARNING neutron.scheduler.dhcp_agent_scheduler [None req-f4831cb4-3add-4505-8e33-6e367c6bd8ac f0d56a37b55e4345b02359373924b5ca 7887ff4db73a44bba3027bedb8d94041 - - default default] No more DHCP agents
2026-05-12 16:28:38.953 8 WARNING neutron.api.rpc.agentnotifiers.dhcp_rpc_agent_api [None req-f4831cb4-3add-4505-8e33-6e367c6bd8ac f0d56a37b55e4345b02359373924b5ca 7887ff4db73a44bba3027bedb8d94041 - - default default] Unable to schedule network 17c63115-7548-442d-95f1-ec7ec9d45253: no agents available; will retry on subsequent port and subnet creation events. [pid: 7|app: 0|req: 780/1552] 10.0.0.24 () {32 vars in 725 bytes} [Tue May 12 16:28:38 2026] DELETE /v2.0/networks/90db8225-137b-4b6f-8a0b-708499db7c88 => generated 0 bytes in 683 msecs (HTTP/1.1 204) 3 headers in 131 bytes (1 switches on core 0)
2026-05-12 16:28:39.103 8 INFO neutron.plugins.ml2.drivers.ovn.mech_driver.mech_driver [None req-87f6ad4d-21ae-4107-8d21-aa53e3338ba6 - - - - - -] OVN reports status down for port: 13333356-3b4f-4085-8894-e850cf634c9c
2026-05-12 16:28:39.159 7 INFO neutron_taas.services.taas.taas_plugin [None req-ac5378dc-fe5a-4716-a3aa-a84f3a4d8365 c6b603b6e92c4e50b57908b4ed7ad5c9 684a3d14a72a4123ab32752bfa8e8b04 - - default default] TaaS: Handle Delete Port: b4828f23-4737-416b-bef3-78150c8159bf
2026-05-12 16:28:39.160 8 INFO neutron.db.ovn_revision_numbers_db [None req-f4831cb4-3add-4505-8e33-6e367c6bd8ac f0d56a37b55e4345b02359373924b5ca 7887ff4db73a44bba3027bedb8d94041 - - default default] Successfully bumped revision number for resource 9d2f1a56-3ffd-4d67-8227-a18bd63c8651 (type: ports) to 1
2026-05-12 16:28:39.163 7 INFO neutron_taas.services.taas.tap_mirror_plugin [None req-ac5378dc-fe5a-4716-a3aa-a84f3a4d8365 c6b603b6e92c4e50b57908b4ed7ad5c9 684a3d14a72a4123ab32752bfa8e8b04 - - default default] Tap Mirror: Handle Delete Port: b4828f23-4737-416b-bef3-78150c8159bf [pid: 8|app: 0|req: 773/1553] 10.0.0.24 () {34 vars in 664 bytes} [Tue May 12 16:28:38 2026] POST /v2.0/ports => generated 928 bytes in 738 msecs (HTTP/1.1 201) 4 headers in 162 bytes (1 switches on core 0)
2026-05-12 16:28:39.217 8 WARNING neutron.plugins.ml2.drivers.ovn.mech_driver.ovsdb.ovn_client [None req-87f6ad4d-21ae-4107-8d21-aa53e3338ba6 - - - - - -] Logical_Switch_Port 13333356-3b4f-4085-8894-e850cf634c9c host information not removed, the port state is up
2026-05-12 16:28:39.218 8 INFO neutron.plugins.ml2.drivers.ovn.mech_driver.mech_driver [None req-87f6ad4d-21ae-4107-8d21-aa53e3338ba6 - - - - - -] OVN reports status down for port: 62eababb-a4c1-4cbe-a898-3463c58f3dfb
2026-05-12 16:28:39.398 8 INFO neutron.plugins.ml2.drivers.ovn.mech_driver.mech_driver [None req-87f6ad4d-21ae-4107-8d21-aa53e3338ba6 - - - - - -] OVN reports status up for port: 13333356-3b4f-4085-8894-e850cf634c9c
2026-05-12 16:28:39.438 8 INFO neutron.plugins.ml2.plugin [None req-87f6ad4d-21ae-4107-8d21-aa53e3338ba6 - - - - - -] Attempt 1 to provision port 13333356-3b4f-4085-8894-e850cf634c9c [pid: 7|app: 0|req: 781/1554] 10.0.0.24 () {32 vars in 725 bytes} [Tue May 12 16:28:39 2026] DELETE /v2.0/networks/e14c8980-b324-495e-8b78-cb0ff8d66895 => generated 0 bytes in 455 msecs (HTTP/1.1 204) 3 headers in 131 bytes (1 switches on core 0)
2026-05-12 16:28:39.561 8 INFO neutron_taas.services.taas.taas_plugin [None req-66677fe9-1b6e-44d9-8dbf-a54117e49a0a f0d56a37b55e4345b02359373924b5ca 7887ff4db73a44bba3027bedb8d94041 - - default default] TaaS: Handle Delete Port: 9d2f1a56-3ffd-4d67-8227-a18bd63c8651
2026-05-12 16:28:39.567 8 INFO neutron_taas.services.taas.tap_mirror_plugin [None req-66677fe9-1b6e-44d9-8dbf-a54117e49a0a f0d56a37b55e4345b02359373924b5ca 7887ff4db73a44bba3027bedb8d94041 - - default default] Tap Mirror: Handle Delete Port: 9d2f1a56-3ffd-4d67-8227-a18bd63c8651
2026-05-12 16:28:39.604 7 INFO neutron_taas.services.taas.taas_plugin [None req-9b8b7905-4a5a-4fc1-98fb-c4c0deab61a7 c6b603b6e92c4e50b57908b4ed7ad5c9 684a3d14a72a4123ab32752bfa8e8b04 - - default default] TaaS: Handle Delete Port: d4e5b434-1005-4fc7-b893-f5baa12a5a29
2026-05-12 16:28:39.611 7 INFO neutron_taas.services.taas.tap_mirror_plugin [None req-9b8b7905-4a5a-4fc1-98fb-c4c0deab61a7 c6b603b6e92c4e50b57908b4ed7ad5c9 684a3d14a72a4123ab32752bfa8e8b04 - - default default] Tap Mirror: Handle Delete Port: d4e5b434-1005-4fc7-b893-f5baa12a5a29 [pid: 7|app: 0|req: 782/1555] 10.0.0.24 () {32 vars in 725 bytes} [Tue May 12 16:28:39 2026] DELETE /v2.0/networks/ca9f81be-0456-4e7d-b441-a2b7dbb0845f => generated 0 bytes in 422 msecs (HTTP/1.1 204) 3 headers in 131 bytes (1 switches on core 0) [pid: 8|app: 0|req: 774/1556] 10.0.0.24 () {32 vars in 719 bytes} [Tue May 12 16:28:39 2026] DELETE /v2.0/ports/9d2f1a56-3ffd-4d67-8227-a18bd63c8651 => generated 0 bytes in 721 msecs (HTTP/1.1 204) 3 headers in 131 bytes (1 switches on core 0)
2026-05-12 16:28:40.214 7 INFO neutron.db.ovn_revision_numbers_db [None req-1feec46b-3906-48ab-a88e-130cbb075078 2e96739eaddc40b5b4529aaef64314f5 1a86257972914c6e872046a0f6bd5566 - - default default] Successfully bumped revision number for resource 6463d465-6640-473f-b44f-fbcb9a19a508 (type: security_groups) to 1
2026-05-12 16:28:40.225 7 INFO neutron.db.ovn_revision_numbers_db [None req-1feec46b-3906-48ab-a88e-130cbb075078 2e96739eaddc40b5b4529aaef64314f5 1a86257972914c6e872046a0f6bd5566 - - default default] Successfully bumped revision number for resource 03b3dcfe-c100-4fd2-9f2c-3febc0278de0 (type: security_group_rules) to 0
2026-05-12 16:28:40.237 7 INFO neutron.db.ovn_revision_numbers_db [None req-1feec46b-3906-48ab-a88e-130cbb075078 2e96739eaddc40b5b4529aaef64314f5 1a86257972914c6e872046a0f6bd5566 - - default default] Successfully bumped revision number for resource 82b3d445-4fb5-4687-9539-5576326a7460 (type: security_group_rules) to 0
2026-05-12 16:28:40.239 8 INFO neutron_taas.services.taas.taas_plugin [None req-637ee59a-a2b8-4774-b990-af69439b1e69 c6b603b6e92c4e50b57908b4ed7ad5c9 684a3d14a72a4123ab32752bfa8e8b04 - - default default] TaaS: Handle Delete Port: f93bada9-b4ab-47f3-9eb4-df084dc87520
2026-05-12 16:28:40.245 8 INFO neutron_taas.services.taas.tap_mirror_plugin [None req-637ee59a-a2b8-4774-b990-af69439b1e69 c6b603b6e92c4e50b57908b4ed7ad5c9 684a3d14a72a4123ab32752bfa8e8b04 - - default default] Tap Mirror: Handle Delete Port: f93bada9-b4ab-47f3-9eb4-df084dc87520
2026-05-12 16:28:40.251 7 INFO neutron.db.ovn_revision_numbers_db [None req-1feec46b-3906-48ab-a88e-130cbb075078 2e96739eaddc40b5b4529aaef64314f5 1a86257972914c6e872046a0f6bd5566 - - default default] Successfully bumped revision number for resource bccda11d-3c14-4f08-ae2c-f746db42dd95 (type: security_group_rules) to 0
2026-05-12 16:28:40.263 7 INFO neutron.db.ovn_revision_numbers_db [None req-1feec46b-3906-48ab-a88e-130cbb075078 2e96739eaddc40b5b4529aaef64314f5 1a86257972914c6e872046a0f6bd5566 - - default default] Successfully bumped revision number for resource cf7310d2-b84b-4286-a7ab-564346ee22ee (type: security_group_rules) to 0
2026-05-12 16:28:40.271 8 INFO neutron.db.ovn_revision_numbers_db [None req-87f6ad4d-21ae-4107-8d21-aa53e3338ba6 - - - - - -] Successfully bumped revision number for resource 13333356-3b4f-4085-8894-e850cf634c9c (type: ports) to 2
2026-05-12 16:28:40.339 7 INFO neutron.db.segments_db [None req-1feec46b-3906-48ab-a88e-130cbb075078 2e96739eaddc40b5b4529aaef64314f5 1a86257972914c6e872046a0f6bd5566 - - default default] Added segment dc67670c-fa9c-4e10-bb68-88cd6bad393e of type geneve for network bd80a0d5-8f53-4a2b-a887-653d12652fe6
2026-05-12 16:28:40.470 7 INFO neutron.db.ovn_revision_numbers_db [None req-1feec46b-3906-48ab-a88e-130cbb075078 2e96739eaddc40b5b4529aaef64314f5 1a86257972914c6e872046a0f6bd5566 - - default default] Successfully bumped revision number for resource bd80a0d5-8f53-4a2b-a887-653d12652fe6 (type: networks) to 1
2026-05-12 16:28:40.527 8 INFO neutron.services.segments.plugin [-] Segment de731cf0-8a7d-464b-bacd-22cad7a9c35f resource provider aggregate not found
2026-05-12 16:28:40.531 8 INFO neutron.services.segments.plugin [-] Segment de731cf0-8a7d-464b-bacd-22cad7a9c35f resource provider aggregate not found
2026-05-12 16:28:40.551 8 INFO neutron.services.segments.plugin [-] Segment de731cf0-8a7d-464b-bacd-22cad7a9c35f resource provider not found; error: Placement Client Error (4xx): {"errors": [{"status": 404, "title": "Not Found", "detail": "The resource could not be found.\n\n No resource provider with uuid de731cf0-8a7d-464b-bacd-22cad7a9c35f found for delete ", "request_id": "req-c70e0e2a-885b-4fa4-aa1b-ecc4fc5b60a2"}]}
2026-05-12 16:28:40.553 8 INFO neutron.services.segments.plugin [-] Segment de731cf0-8a7d-464b-bacd-22cad7a9c35f resource provider not found; error: Placement Client Error (4xx): {"errors": [{"status": 404, "title": "Not Found", "detail": "The resource could not be found.\n\n No resource provider with uuid de731cf0-8a7d-464b-bacd-22cad7a9c35f found for delete ", "request_id": "req-3ce4c3bc-9f2d-46a7-856a-7d553f69f260"}]} [pid: 8|app: 0|req: 775/1557] 10.0.0.24 () {32 vars in 725 bytes} [Tue May 12 16:28:39 2026] DELETE /v2.0/networks/baf981f8-7b3e-4411-b0c3-c23e6b033b85 => generated 0 bytes in 638 msecs (HTTP/1.1 204) 3 headers in 131 bytes (1 switches on core 0)
2026-05-12 16:28:40.597 8 INFO neutron.pecan_wsgi.hooks.translation [None req-af14ccca-5ddc-4c06-9156-0a8aa75e9c77 f0d56a37b55e4345b02359373924b5ca 7887ff4db73a44bba3027bedb8d94041 - - default default] GET failed (client error): The resource could not be found. [pid: 8|app: 0|req: 776/1558] 10.0.0.24 () {32 vars in 716 bytes} [Tue May 12 16:28:40 2026] GET /v2.0/ports/9d2f1a56-3ffd-4d67-8227-a18bd63c8651 => generated 132 bytes in 17 msecs (HTTP/1.1 404) 4 headers in 164 bytes (1 switches on core 0)
2026-05-12 16:28:40.656 7 WARNING neutron.scheduler.dhcp_agent_scheduler [None req-1feec46b-3906-48ab-a88e-130cbb075078 2e96739eaddc40b5b4529aaef64314f5 1a86257972914c6e872046a0f6bd5566 - - default default] No more DHCP agents
2026-05-12 16:28:40.659 7 WARNING neutron.api.rpc.agentnotifiers.dhcp_rpc_agent_api [None req-1feec46b-3906-48ab-a88e-130cbb075078 2e96739eaddc40b5b4529aaef64314f5 1a86257972914c6e872046a0f6bd5566 - - default default] Unable to schedule network bd80a0d5-8f53-4a2b-a887-653d12652fe6: no agents available; will retry on subsequent port and subnet creation events.
2026-05-12 16:28:40.713 7 INFO neutron.services.segments.plugin [-] Segment b2cc7e82-28cd-41cb-9961-2b68b37104d9 resource provider aggregate not found
2026-05-12 16:28:40.718 7 INFO neutron.services.segments.plugin [-] Segment b2cc7e82-28cd-41cb-9961-2b68b37104d9 resource provider aggregate not found
2026-05-12 16:28:40.734 7 INFO neutron.services.segments.plugin [-] Segment b2cc7e82-28cd-41cb-9961-2b68b37104d9 resource provider not found; error: Placement Client Error (4xx): {"errors": [{"status": 404, "title": "Not Found", "detail": "The resource could not be found.\n\n No resource provider with uuid b2cc7e82-28cd-41cb-9961-2b68b37104d9 found for delete ", "request_id": "req-a6f6a144-77d3-41af-8cde-681ed161096f"}]}
