2026-05-05 23:26:25.113 7 INFO neutron.pecan_wsgi.hooks.translation [None req-1a4b2295-ef28-47d4-9e5b-3a0414f907f2 aeb73cdfa8c2457f8b33f3369ccdbe4d f918a5f3d53345d2bc7a6cf4c2335c01 - - default default] DELETE failed (client error): The resource could not be found. [pid: 7|app: 0|req: 736/1722] 10.0.0.134 () {32 vars in 724 bytes} [Tue May 5 23:26:25 2026] DELETE /v2.0/subnets/9a1e9e58-191d-4dae-8268-afe10cfec490 => generated 136 bytes in 12 msecs (HTTP/1.1 404) 4 headers in 164 bytes (1 switches on core 0) [pid: 7|app: 0|req: 737/1723] 10.0.0.134 () {32 vars in 724 bytes} [Tue May 5 23:26:25 2026] DELETE /v2.0/routers/8da6f39f-515f-40ed-ab9b-d5c5efb2451c => generated 0 bytes in 196 msecs (HTTP/1.1 204) 2 headers in 112 bytes (1 switches on core 0)
2026-05-05 23:26:25.447 8 WARNING neutron.scheduler.dhcp_agent_scheduler [None req-d2f1b602-2667-4de9-9f67-89580f601faf 30d2ef7138fe4c5db51671019cd424ad 28e7a84d0d144e6f8752a77da03f118c - - default default] No more DHCP agents
2026-05-05 23:26:25.449 8 WARNING neutron.api.rpc.agentnotifiers.dhcp_rpc_agent_api [None req-d2f1b602-2667-4de9-9f67-89580f601faf 30d2ef7138fe4c5db51671019cd424ad 28e7a84d0d144e6f8752a77da03f118c - - default default] Unable to schedule network be549756-ac96-4d77-a2be-037459a9d7aa: no agents available; will retry on subsequent port and subnet creation events. [pid: 7|app: 0|req: 738/1724] 10.0.0.134 () {32 vars in 722 bytes} [Tue May 5 23:26:25 2026] GET /v2.0/subnetpools?name=shared-default-subnetpool-v6 => generated 19 bytes in 155 msecs (HTTP/1.1 200) 4 headers in 156 bytes (1 switches on core 0)
2026-05-05 23:26:25.610 8 INFO neutron.db.ovn_revision_numbers_db [None req-d2f1b602-2667-4de9-9f67-89580f601faf 30d2ef7138fe4c5db51671019cd424ad 28e7a84d0d144e6f8752a77da03f118c - - default default] Successfully bumped revision number for resource 421f0b3f-81f7-481c-bc7d-9f2472087df3 (type: ports) to 1 [pid: 7|app: 0|req: 739/1725] 10.0.0.134 () {32 vars in 724 bytes} [Tue May 5 23:26:25 2026] DELETE /v2.0/subnets/964f70a7-7b5e-4cc2-b8ad-13c8396b4db7 => generated 0 bytes in 187 msecs (HTTP/1.1 204) 3 headers in 131 bytes (1 switches on core 0)
2026-05-05 23:26:25.846 7 WARNING neutron.scheduler.dhcp_agent_scheduler [None req-cc80557b-42c9-4c73-85c9-1ac29a73b83f 763cf934ef804ae990ed7da3d9b1596b c57134abcde8438286e485ac63132006 - - default default] No more DHCP agents
2026-05-05 23:26:25.847 7 WARNING neutron.api.rpc.agentnotifiers.dhcp_rpc_agent_api [None req-cc80557b-42c9-4c73-85c9-1ac29a73b83f 763cf934ef804ae990ed7da3d9b1596b c57134abcde8438286e485ac63132006 - - default default] Unable to schedule network 5efe4f9b-a8c9-4007-b717-7ac1277ac38b: no agents available; will retry on subsequent port and subnet creation events.
2026-05-05 23:26:25.885 7 INFO neutron.db.ovn_revision_numbers_db [None req-cc80557b-42c9-4c73-85c9-1ac29a73b83f 763cf934ef804ae990ed7da3d9b1596b c57134abcde8438286e485ac63132006 - - default default] Successfully bumped revision number for resource 700eb2b1-2311-463b-9cfe-3f67a5d47c4f (type: subnets) to 0 [pid: 7|app: 0|req: 740/1726] 10.0.0.134 () {34 vars in 669 bytes} [Tue May 5 23:26:25 2026] POST /v2.0/subnets => generated 731 bytes in 245 msecs (HTTP/1.1 201) 4 headers in 162 bytes (1 switches on core 0)
2026-05-05 23:26:26.038 7 INFO neutron_taas.services.taas.taas_plugin [None req-3326cf3a-ded9-4a33-8fb7-a3ebac1cdd58 0d2596ce81ed4c5999492fb8db3c3802 597b59d0a00a4841acaddd8fc4657cdd - - default default] TaaS: Handle Delete Port: a9b2f250-4ca4-4e91-bd72-5c15b2de04af
2026-05-05 23:26:26.040 7 INFO neutron_taas.services.taas.tap_mirror_plugin [None req-3326cf3a-ded9-4a33-8fb7-a3ebac1cdd58 0d2596ce81ed4c5999492fb8db3c3802 597b59d0a00a4841acaddd8fc4657cdd - - default default] Tap Mirror: Handle Delete Port: a9b2f250-4ca4-4e91-bd72-5c15b2de04af
2026-05-05 23:26:26.270 8 WARNING neutron.scheduler.dhcp_agent_scheduler [None req-d2f1b602-2667-4de9-9f67-89580f601faf 30d2ef7138fe4c5db51671019cd424ad 28e7a84d0d144e6f8752a77da03f118c - - default default] No more DHCP agents
2026-05-05 23:26:26.271 8 WARNING neutron.api.rpc.agentnotifiers.dhcp_rpc_agent_api [None req-d2f1b602-2667-4de9-9f67-89580f601faf 30d2ef7138fe4c5db51671019cd424ad 28e7a84d0d144e6f8752a77da03f118c - - default default] Unable to schedule network be549756-ac96-4d77-a2be-037459a9d7aa: no agents available; will retry on subsequent port and subnet creation events.
2026-05-05 23:26:26.284 7 INFO neutron.services.segments.plugin [-] Segment 1e95eab7-4576-45a3-a8e0-23deea8349d2 resource provider aggregate not found
2026-05-05 23:26:26.291 7 INFO neutron.services.segments.plugin [-] Segment 1e95eab7-4576-45a3-a8e0-23deea8349d2 resource provider aggregate not found
2026-05-05 23:26:26.307 7 INFO neutron.services.segments.plugin [-] Segment 1e95eab7-4576-45a3-a8e0-23deea8349d2 resource provider not found; error: Placement Client Error (4xx): {"errors": [{"status": 404, "title": "Not Found", "detail": "The resource could not be found.\n\n No resource provider with uuid 1e95eab7-4576-45a3-a8e0-23deea8349d2 found for delete ", "request_id": "req-c10a9d3f-005b-4c73-86e8-2b6dd7b26ee5"}]}
2026-05-05 23:26:26.316 7 INFO neutron.services.segments.plugin [-] Segment 1e95eab7-4576-45a3-a8e0-23deea8349d2 resource provider not found; error: Placement Client Error (4xx): {"errors": [{"status": 404, "title": "Not Found", "detail": "The resource could not be found.\n\n No resource provider with uuid 1e95eab7-4576-45a3-a8e0-23deea8349d2 found for delete ", "request_id": "req-08497be5-9b96-4d97-9462-e8e571ae77c1"}]} [pid: 7|app: 0|req: 741/1727] 10.0.0.134 () {32 vars in 726 bytes} [Tue May 5 23:26:25 2026] DELETE /v2.0/networks/65ff0360-4332-4e15-8001-c8ed026129ef => generated 0 bytes in 451 msecs (HTTP/1.1 204) 3 headers in 131 bytes (1 switches on core 0)
2026-05-05 23:26:26.435 7 INFO neutron.db.segments_db [None req-a194ca7f-6d48-4421-ae69-d53803fa3d3b 763cf934ef804ae990ed7da3d9b1596b c57134abcde8438286e485ac63132006 - - default default] Added segment 2280b9be-2f93-45e4-80cc-801f180fa28d of type geneve for network d7aa13d5-8620-4510-b5b7-d05d37e98d69
2026-05-05 23:26:26.560 8 INFO neutron.db.ovn_revision_numbers_db [None req-d2f1b602-2667-4de9-9f67-89580f601faf 30d2ef7138fe4c5db51671019cd424ad 28e7a84d0d144e6f8752a77da03f118c - - default default] Successfully bumped revision number for resource 421f0b3f-81f7-481c-bc7d-9f2472087df3 (type: router_ports) to 1 [pid: 8|app: 0|req: 987/1728] 10.0.0.134 () {34 vars in 783 bytes} [Tue May 5 23:26:25 2026] PUT /v2.0/routers/ff514779-d842-4ed2-a874-a29596e58b6f/add_router_interface => generated 309 bytes in 1531 msecs (HTTP/1.1 200) 4 headers in 157 bytes (1 switches on core 0)
2026-05-05 23:26:26.673 7 INFO neutron.db.ovn_revision_numbers_db [None req-a194ca7f-6d48-4421-ae69-d53803fa3d3b 763cf934ef804ae990ed7da3d9b1596b c57134abcde8438286e485ac63132006 - - default default] Successfully bumped revision number for resource d7aa13d5-8620-4510-b5b7-d05d37e98d69 (type: networks) to 1
2026-05-05 23:26:26.862 7 WARNING neutron.scheduler.dhcp_agent_scheduler [None req-a194ca7f-6d48-4421-ae69-d53803fa3d3b 763cf934ef804ae990ed7da3d9b1596b c57134abcde8438286e485ac63132006 - - default default] No more DHCP agents
2026-05-05 23:26:26.867 7 WARNING neutron.api.rpc.agentnotifiers.dhcp_rpc_agent_api [None req-a194ca7f-6d48-4421-ae69-d53803fa3d3b 763cf934ef804ae990ed7da3d9b1596b c57134abcde8438286e485ac63132006 - - default default] Unable to schedule network d7aa13d5-8620-4510-b5b7-d05d37e98d69: no agents available; will retry on subsequent port and subnet creation events.
2026-05-05 23:26:26.867 8 INFO neutron.db.ovn_revision_numbers_db [None req-49630cef-4e5e-48d7-812a-7fba8e068318 cf0daefb56e74ed4819637a9fa87d277 31c0f8415e1f4d6aabb1123692544fd3 - - default default] Successfully bumped revision number for resource c2bb6f53-10bf-4dd1-b288-ae22f42ae390 (type: security_groups) to 1
2026-05-05 23:26:26.878 8 INFO neutron.db.ovn_revision_numbers_db [None req-49630cef-4e5e-48d7-812a-7fba8e068318 cf0daefb56e74ed4819637a9fa87d277 31c0f8415e1f4d6aabb1123692544fd3 - - default default] Successfully bumped revision number for resource 00cca829-a4a0-4554-bb91-c61fd3a35bcb (type: security_group_rules) to 0
2026-05-05 23:26:26.888 8 INFO neutron.db.ovn_revision_numbers_db [None req-49630cef-4e5e-48d7-812a-7fba8e068318 cf0daefb56e74ed4819637a9fa87d277 31c0f8415e1f4d6aabb1123692544fd3 - - default default] Successfully bumped revision number for resource 4d70ed72-1922-48a4-bffa-c02e2772eb6f (type: security_group_rules) to 0
2026-05-05 23:26:26.898 8 INFO neutron.db.ovn_revision_numbers_db [None req-49630cef-4e5e-48d7-812a-7fba8e068318 cf0daefb56e74ed4819637a9fa87d277 31c0f8415e1f4d6aabb1123692544fd3 - - default default] Successfully bumped revision number for resource 85db0d41-0493-41c8-b3e8-08e507e67504 (type: security_group_rules) to 0
2026-05-05 23:26:26.908 8 INFO neutron.db.ovn_revision_numbers_db [None req-49630cef-4e5e-48d7-812a-7fba8e068318 cf0daefb56e74ed4819637a9fa87d277 31c0f8415e1f4d6aabb1123692544fd3 - - default default] Successfully bumped revision number for resource e7dd7c55-77c7-41e5-8616-42df62eacc48 (type: security_group_rules) to 0 [pid: 8|app: 0|req: 988/1729] 10.0.0.134 () {32 vars in 774 bytes} [Tue May 5 23:26:26 2026] GET /v2.0/security-groups?tenant_id=da6c6514e1e94323a22c0ce2875fed8f&name=default => generated 2925 bytes in 405 msecs (HTTP/1.1 200) 4 headers in 158 bytes (1 switches on core 0)
2026-05-05 23:26:26.992 7 INFO neutron.db.ovn_revision_numbers_db [None req-a194ca7f-6d48-4421-ae69-d53803fa3d3b 763cf934ef804ae990ed7da3d9b1596b c57134abcde8438286e485ac63132006 - - default default] Successfully bumped revision number for resource 5c6e9593-a7e7-4db3-a40b-a876881e8cc0 (type: ports) to 1 [pid: 7|app: 0|req: 742/1730] 10.0.0.134 () {34 vars in 670 bytes} [Tue May 5 23:26:26 2026] POST /v2.0/networks => generated 675 bytes in 665 msecs (HTTP/1.1 201) 4 headers in 162 bytes (1 switches on core 0)
2026-05-05 23:26:27.062 8 INFO neutron.db.segments_db [None req-11ea66d0-c5f4-4801-82bf-690709d69ff3 0d2596ce81ed4c5999492fb8db3c3802 597b59d0a00a4841acaddd8fc4657cdd - - default default] Added segment 6c2f2f00-1ea8-410f-9fe4-4639ccd33f3b of type geneve for network 1304bcaf-ad2b-428a-80d3-7e690df5aa40 [pid: 7|app: 0|req: 743/1731] 10.0.0.134 () {32 vars in 717 bytes} [Tue May 5 23:26:27 2026] GET /v2.0/ports/421f0b3f-81f7-481c-bc7d-9f2472087df3 => generated 941 bytes in 67 msecs (HTTP/1.1 200) 4 headers in 157 bytes (1 switches on core 0)
2026-05-05 23:26:27.177 8 INFO neutron.db.ovn_revision_numbers_db [None req-11ea66d0-c5f4-4801-82bf-690709d69ff3 0d2596ce81ed4c5999492fb8db3c3802 597b59d0a00a4841acaddd8fc4657cdd - - default default] Successfully bumped revision number for resource 1304bcaf-ad2b-428a-80d3-7e690df5aa40 (type: networks) to 1
2026-05-05 23:26:27.321 7 WARNING neutron.plugins.ml2.drivers.ovn.mech_driver.ovsdb.ovn_client [None req-d3f15adb-2f24-4848-9343-c5ec7aef7bbc - - - - - -] No port found with ID 8ea7bbf3-633d-4ae1-9285-933e9b157449: RuntimeError: No port found with ID 8ea7bbf3-633d-4ae1-9285-933e9b157449
2026-05-05 23:26:27.334 7 INFO neutron.plugins.ml2.drivers.ovn.mech_driver.mech_driver [None req-d3f15adb-2f24-4848-9343-c5ec7aef7bbc - - - - - -] OVN reports status down for port: fefe4949-ef1a-4b6b-af11-f6c041b081a3
2026-05-05 23:26:27.394 8 WARNING neutron.scheduler.dhcp_agent_scheduler [None req-11ea66d0-c5f4-4801-82bf-690709d69ff3 0d2596ce81ed4c5999492fb8db3c3802 597b59d0a00a4841acaddd8fc4657cdd - - default default] No more DHCP agents
2026-05-05 23:26:27.395 8 WARNING neutron.api.rpc.agentnotifiers.dhcp_rpc_agent_api [None req-11ea66d0-c5f4-4801-82bf-690709d69ff3 0d2596ce81ed4c5999492fb8db3c3802 597b59d0a00a4841acaddd8fc4657cdd - - default default] Unable to schedule network 1304bcaf-ad2b-428a-80d3-7e690df5aa40: no agents available; will retry on subsequent port and subnet creation events. [pid: 7|app: 0|req: 744/1732] 10.0.0.134 () {32 vars in 740 bytes} [Tue May 5 23:26:27 2026] DELETE /v2.0/security-groups/c2bb6f53-10bf-4dd1-b288-ae22f42ae390 => generated 0 bytes in 325 msecs (HTTP/1.1 204) 2 headers in 112 bytes (1 switches on core 0)
2026-05-05 23:26:27.507 8 INFO neutron.db.ovn_revision_numbers_db [None req-11ea66d0-c5f4-4801-82bf-690709d69ff3 0d2596ce81ed4c5999492fb8db3c3802 597b59d0a00a4841acaddd8fc4657cdd - - default default] Successfully bumped revision number for resource 5f34e4b0-8486-4612-af8b-c7a1d040c380 (type: ports) to 1
2026-05-05 23:26:27.509 7 INFO neutron.plugins.ml2.drivers.ovn.mech_driver.mech_driver [None req-d3f15adb-2f24-4848-9343-c5ec7aef7bbc - - - - - -] OVN reports status down for port: 6b10eee9-b550-471b-a87b-8621070da5d4 [pid: 8|app: 0|req: 989/1733] 10.0.0.134 () {34 vars in 670 bytes} [Tue May 5 23:26:26 2026] POST /v2.0/networks => generated 671 bytes in 555 msecs (HTTP/1.1 201) 4 headers in 162 bytes (1 switches on core 0) [pid: 8|app: 0|req: 990/1734] 10.0.0.134 () {32 vars in 717 bytes} [Tue May 5 23:26:27 2026] GET /v2.0/ports/421f0b3f-81f7-481c-bc7d-9f2472087df3 => generated 941 bytes in 75 msecs (HTTP/1.1 200) 4 headers in 157 bytes (1 switches on core 0)
2026-05-05 23:26:27.622 7 WARNING neutron.plugins.ml2.drivers.ovn.mech_driver.ovsdb.ovn_client [None req-d3f15adb-2f24-4848-9343-c5ec7aef7bbc - - - - - -] Logical_Switch_Port 6b10eee9-b550-471b-a87b-8621070da5d4 host information not removed, the port state is up
2026-05-05 23:26:27.623 7 INFO neutron.plugins.ml2.drivers.ovn.mech_driver.mech_driver [None req-d3f15adb-2f24-4848-9343-c5ec7aef7bbc - - - - - -] OVN reports status up for port: 6b10eee9-b550-471b-a87b-8621070da5d4 [pid: 8|app: 0|req: 991/1735] 10.0.0.134 () {32 vars in 774 bytes} [Tue May 5 23:26:27 2026] GET /v2.0/security-groups?tenant_id=f918a5f3d53345d2bc7a6cf4c2335c01&name=default => generated 2925 bytes in 29 msecs (HTTP/1.1 200) 4 headers in 158 bytes (1 switches on core 0)
2026-05-05 23:26:27.644 7 INFO neutron.plugins.ml2.plugin [None req-d3f15adb-2f24-4848-9343-c5ec7aef7bbc - - - - - -] Attempt 1 to provision port 6b10eee9-b550-471b-a87b-8621070da5d4
2026-05-05 23:26:27.821 7 WARNING neutron.scheduler.dhcp_agent_scheduler [None req-d5b1e16b-a5a4-4739-8a13-f6e7acfdd2db 763cf934ef804ae990ed7da3d9b1596b c57134abcde8438286e485ac63132006 - - default default] No more DHCP agents
2026-05-05 23:26:27.824 7 WARNING neutron.api.rpc.agentnotifiers.dhcp_rpc_agent_api [None req-d5b1e16b-a5a4-4739-8a13-f6e7acfdd2db 763cf934ef804ae990ed7da3d9b1596b c57134abcde8438286e485ac63132006 - - default default] Unable to schedule network d7aa13d5-8620-4510-b5b7-d05d37e98d69: no agents available; will retry on subsequent port and subnet creation events.
2026-05-05 23:26:27.856 8 WARNING neutron.scheduler.dhcp_agent_scheduler [None req-81d4ea20-6a6e-40cc-bc3b-4e4f24a1aab9 0d2596ce81ed4c5999492fb8db3c3802 597b59d0a00a4841acaddd8fc4657cdd - - default default] No more DHCP agents
2026-05-05 23:26:27.858 8 WARNING neutron.api.rpc.agentnotifiers.dhcp_rpc_agent_api [None req-81d4ea20-6a6e-40cc-bc3b-4e4f24a1aab9 0d2596ce81ed4c5999492fb8db3c3802 597b59d0a00a4841acaddd8fc4657cdd - - default default] Unable to schedule network 1304bcaf-ad2b-428a-80d3-7e690df5aa40: no agents available; will retry on subsequent port and subnet creation events.
2026-05-05 23:26:27.899 8 INFO neutron.db.ovn_revision_numbers_db [None req-81d4ea20-6a6e-40cc-bc3b-4e4f24a1aab9 0d2596ce81ed4c5999492fb8db3c3802 597b59d0a00a4841acaddd8fc4657cdd - - default default] Successfully bumped revision number for resource 36fffe09-b558-4c86-ba77-c3c34eef1a44 (type: subnets) to 0 [pid: 8|app: 0|req: 992/1736] 10.0.0.134 () {34 vars in 669 bytes} [Tue May 5 23:26:27 2026] POST /v2.0/subnets => generated 646 bytes in 279 msecs (HTTP/1.1 201) 4 headers in 162 bytes (1 switches on core 0) [pid: 8|app: 0|req: 993/1737] 10.0.0.134 () {32 vars in 740 bytes} [Tue May 5 23:26:27 2026] DELETE /v2.0/security-groups/51b949c3-75af-4fe5-8364-392844be33ec => generated 0 bytes in 265 msecs (HTTP/1.1 204) 2 headers in 112 bytes (1 switches on core 0)
2026-05-05 23:26:28.293 8 INFO neutron.db.ovn_revision_numbers_db [None req-c6486e35-f924-4e80-aab0-4fd59909f4b3 0d2596ce81ed4c5999492fb8db3c3802 597b59d0a00a4841acaddd8fc4657cdd - - default default] Successfully bumped revision number for resource 8d0f02fc-398e-41f1-9fdf-fe71161bb952 (type: routers) to 1 [pid: 8|app: 0|req: 994/1738] 10.0.0.134 () {34 vars in 669 bytes} [Tue May 5 23:26:28 2026] POST /v2.0/routers => generated 606 bytes in 136 msecs (HTTP/1.1 201) 4 headers in 162 bytes (1 switches on core 0)
2026-05-05 23:26:28.478 7 INFO neutron.db.ovn_revision_numbers_db [None req-d3f15adb-2f24-4848-9343-c5ec7aef7bbc - - - - - -] Successfully bumped revision number for resource 6b10eee9-b550-471b-a87b-8621070da5d4 (type: ports) to 2
2026-05-05 23:26:28.495 8 INFO neutron.db.ovn_revision_numbers_db [None req-6f967aba-58dd-43bc-864b-19239e20969a cf0daefb56e74ed4819637a9fa87d277 31c0f8415e1f4d6aabb1123692544fd3 - - default default] Successfully bumped revision number for resource 276cda31-2449-450b-bb9c-5abbf12cd285 (type: security_groups) to 1
2026-05-05 23:26:28.508 8 INFO neutron.db.ovn_revision_numbers_db [None req-6f967aba-58dd-43bc-864b-19239e20969a cf0daefb56e74ed4819637a9fa87d277 31c0f8415e1f4d6aabb1123692544fd3 - - default default] Successfully bumped revision number for resource 50c0d1ed-7172-4fbd-b310-3f6f5a1917c8 (type: security_group_rules) to 0
2026-05-05 23:26:28.521 8 INFO neutron.db.ovn_revision_numbers_db [None req-6f967aba-58dd-43bc-864b-19239e20969a cf0daefb56e74ed4819637a9fa87d277 31c0f8415e1f4d6aabb1123692544fd3 - - default default] Successfully bumped revision number for resource 8647ed0b-fee0-48b4-aced-1436a3550b39 (type: security_group_rules) to 0
2026-05-05 23:26:28.534 8 INFO neutron.db.ovn_revision_numbers_db [None req-6f967aba-58dd-43bc-864b-19239e20969a cf0daefb56e74ed4819637a9fa87d277 31c0f8415e1f4d6aabb1123692544fd3 - - default default] Successfully bumped revision number for resource 8682b0a8-a344-45f6-bbda-3eca32fc5a61 (type: security_group_rules) to 0
2026-05-05 23:26:28.545 8 INFO neutron.db.ovn_revision_numbers_db [None req-6f967aba-58dd-43bc-864b-19239e20969a cf0daefb56e74ed4819637a9fa87d277 31c0f8415e1f4d6aabb1123692544fd3 - - default default] Successfully bumped revision number for resource d71b7371-2060-460c-974d-7bac83770106 (type: security_group_rules) to 0 [pid: 8|app: 0|req: 995/1739] 10.0.0.134 () {32 vars in 774 bytes} [Tue May 5 23:26:28 2026] GET /v2.0/security-groups?tenant_id=c9428027d16444289aa79d6d17a041b8&name=default => generated 2925 bytes in 266 msecs (HTTP/1.1 200) 4 headers in 158 bytes (1 switches on core 0)
2026-05-05 23:26:28.730 7 INFO neutron.db.ovn_revision_numbers_db [None req-dac561f3-e839-4e90-bdd7-660fdc1ec071 - - - - - -] Successfully bumped revision number for resource 5c6e9593-a7e7-4db3-a40b-a876881e8cc0 (type: ports) to 2
2026-05-05 23:26:28.754 7 INFO neutron.db.ovn_revision_numbers_db [None req-dac561f3-e839-4e90-bdd7-660fdc1ec071 - - - - - -] Successfully bumped revision number for resource f24ebeec-8b27-4155-ad5a-16675571b397 (type: subnets) to 0 [pid: 7|app: 0|req: 745/1740] 10.0.0.134 () {34 vars in 669 bytes} [Tue May 5 23:26:27 2026] POST /v2.0/subnets => generated 656 bytes in 1364 msecs (HTTP/1.1 201) 4 headers in 162 bytes (1 switches on core 0)
2026-05-05 23:26:28.966 8 WARNING neutron.scheduler.dhcp_agent_scheduler [None req-34535642-1a33-4aa3-b19d-08a1431f3f21 0d2596ce81ed4c5999492fb8db3c3802 597b59d0a00a4841acaddd8fc4657cdd - - default default] No more DHCP agents
2026-05-05 23:26:28.967 8 WARNING neutron.api.rpc.agentnotifiers.dhcp_rpc_agent_api [None req-34535642-1a33-4aa3-b19d-08a1431f3f21 0d2596ce81ed4c5999492fb8db3c3802 597b59d0a00a4841acaddd8fc4657cdd - - default default] Unable to schedule network 1304bcaf-ad2b-428a-80d3-7e690df5aa40: no agents available; will retry on subsequent port and subnet creation events. [pid: 7|app: 0|req: 746/1741] 10.0.0.134 () {32 vars in 740 bytes} [Tue May 5 23:26:28 2026] DELETE /v2.0/security-groups/276cda31-2449-450b-bb9c-5abbf12cd285 => generated 0 bytes in 307 msecs (HTTP/1.1 204) 2 headers in 112 bytes (1 switches on core 0)
2026-05-05 23:26:29.109 8 INFO neutron.db.ovn_revision_numbers_db [None req-34535642-1a33-4aa3-b19d-08a1431f3f21 0d2596ce81ed4c5999492fb8db3c3802 597b59d0a00a4841acaddd8fc4657cdd - - default default] Successfully bumped revision number for resource 91a5a00d-e926-40b4-b42b-e9d747995e7e (type: ports) to 1 [pid: 7|app: 0|req: 747/1742] 10.0.0.134 () {32 vars in 717 bytes} [Tue May 5 23:26:29 2026] GET /v2.0/ports/421f0b3f-81f7-481c-bc7d-9f2472087df3 => generated 941 bytes in 46 msecs (HTTP/1.1 200) 4 headers in 157 bytes (1 switches on core 0)
2026-05-05 23:26:29.332 7 WARNING neutron.scheduler.dhcp_agent_scheduler [None req-9f65082f-3c9a-49e6-9303-acc72f2cceef 763cf934ef804ae990ed7da3d9b1596b c57134abcde8438286e485ac63132006 - - default default] No more DHCP agents
2026-05-05 23:26:29.334 7 WARNING neutron.api.rpc.agentnotifiers.dhcp_rpc_agent_api [None req-9f65082f-3c9a-49e6-9303-acc72f2cceef 763cf934ef804ae990ed7da3d9b1596b c57134abcde8438286e485ac63132006 - - default default] Unable to schedule network d7aa13d5-8620-4510-b5b7-d05d37e98d69: no agents available; will retry on subsequent port and subnet creation events.
2026-05-05 23:26:29.376 7 INFO neutron.db.ovn_revision_numbers_db [None req-9f65082f-3c9a-49e6-9303-acc72f2cceef 763cf934ef804ae990ed7da3d9b1596b c57134abcde8438286e485ac63132006 - - default default] Successfully bumped revision number for resource b7b6eb39-6e91-4f63-acf3-92ae348d09f6 (type: subnets) to 0 [pid: 7|app: 0|req: 748/1743] 10.0.0.134 () {34 vars in 669 bytes} [Tue May 5 23:26:29 2026] POST /v2.0/subnets => generated 726 bytes in 264 msecs (HTTP/1.1 201) 4 headers in 162 bytes (1 switches on core 0)
2026-05-05 23:26:29.494 7 INFO neutron.db.segments_db [None req-6371b42f-1b79-4178-a323-f4f5e5d97b86 763cf934ef804ae990ed7da3d9b1596b c57134abcde8438286e485ac63132006 - - default default] Added segment 37ad4bfb-0731-4fa2-aa7d-6493ab081047 of type geneve for network 1de87ef1-a50a-46e2-9c67-550d84a550a9
2026-05-05 23:26:29.690 7 INFO neutron.db.ovn_revision_numbers_db [None req-6371b42f-1b79-4178-a323-f4f5e5d97b86 763cf934ef804ae990ed7da3d9b1596b c57134abcde8438286e485ac63132006 - - default default] Successfully bumped revision number for resource 1de87ef1-a50a-46e2-9c67-550d84a550a9 (type: networks) to 1
2026-05-05 23:26:29.711 8 WARNING neutron.scheduler.dhcp_agent_scheduler [None req-34535642-1a33-4aa3-b19d-08a1431f3f21 0d2596ce81ed4c5999492fb8db3c3802 597b59d0a00a4841acaddd8fc4657cdd - - default default] No more DHCP agents
2026-05-05 23:26:29.712 8 WARNING neutron.api.rpc.agentnotifiers.dhcp_rpc_agent_api [None req-34535642-1a33-4aa3-b19d-08a1431f3f21 0d2596ce81ed4c5999492fb8db3c3802 597b59d0a00a4841acaddd8fc4657cdd - - default default] Unable to schedule network 1304bcaf-ad2b-428a-80d3-7e690df5aa40: no agents available; will retry on subsequent port and subnet creation events.
2026-05-05 23:26:29.905 8 INFO neutron.db.ovn_revision_numbers_db [None req-34535642-1a33-4aa3-b19d-08a1431f3f21 0d2596ce81ed4c5999492fb8db3c3802 597b59d0a00a4841acaddd8fc4657cdd - - default default] Successfully bumped revision number for resource 91a5a00d-e926-40b4-b42b-e9d747995e7e (type: router_ports) to 1 [pid: 8|app: 0|req: 996/1744] 10.0.0.134 () {34 vars in 783 bytes} [Tue May 5 23:26:28 2026] PUT /v2.0/routers/8d0f02fc-398e-41f1-9fdf-fe71161bb952/add_router_interface => generated 309 bytes in 1327 msecs (HTTP/1.1 200) 4 headers in 157 bytes (1 switches on core 0)
2026-05-05 23:26:29.946 7 WARNING neutron.scheduler.dhcp_agent_scheduler [None req-6371b42f-1b79-4178-a323-f4f5e5d97b86 763cf934ef804ae990ed7da3d9b1596b c57134abcde8438286e485ac63132006 - - default default] No more DHCP agents [pid: 8|app: 0|req: 997/1745] 10.0.0.134 () {32 vars in 717 bytes} [Tue May 5 23:26:29 2026] GET /v2.0/ports/91a5a00d-e926-40b4-b42b-e9d747995e7e => generated 945 bytes in 29 msecs (HTTP/1.1 200) 4 headers in 157 bytes (1 switches on core 0)
2026-05-05 23:26:29.948 7 WARNING neutron.api.rpc.agentnotifiers.dhcp_rpc_agent_api [None req-6371b42f-1b79-4178-a323-f4f5e5d97b86 763cf934ef804ae990ed7da3d9b1596b c57134abcde8438286e485ac63132006 - - default default] Unable to schedule network 1de87ef1-a50a-46e2-9c67-550d84a550a9: no agents available; will retry on subsequent port and subnet creation events. [pid: 8|app: 0|req: 998/1746] 10.0.0.134 () {32 vars in 717 bytes} [Tue May 5 23:26:29 2026] GET /v2.0/ports/91a5a00d-e926-40b4-b42b-e9d747995e7e => generated 945 bytes in 33 msecs (HTTP/1.1 200) 4 headers in 157 bytes (1 switches on core 0)
2026-05-05 23:26:30.057 7 INFO neutron.db.ovn_revision_numbers_db [None req-6371b42f-1b79-4178-a323-f4f5e5d97b86 763cf934ef804ae990ed7da3d9b1596b c57134abcde8438286e485ac63132006 - - default default] Successfully bumped revision number for resource 2ee6e088-0be7-4ed4-b3aa-51884a947ea5 (type: ports) to 1 [pid: 7|app: 0|req: 749/1747] 10.0.0.134 () {34 vars in 670 bytes} [Tue May 5 23:26:29 2026] POST /v2.0/networks => generated 676 bytes in 679 msecs (HTTP/1.1 201) 4 headers in 162 bytes (1 switches on core 0) [pid: 7|app: 0|req: 750/1748] 10.0.0.134 () {32 vars in 717 bytes} [Tue May 5 23:26:30 2026] GET /v2.0/ports/421f0b3f-81f7-481c-bc7d-9f2472087df3 => generated 941 bytes in 36 msecs (HTTP/1.1 200) 4 headers in 157 bytes (1 switches on core 0)
2026-05-05 23:26:30.261 8 WARNING neutron.scheduler.dhcp_agent_scheduler [None req-6a4a6e6c-a0d6-430c-bb93-5cbc1ede5047 763cf934ef804ae990ed7da3d9b1596b c57134abcde8438286e485ac63132006 - - default default] No more DHCP agents
2026-05-05 23:26:30.263 8 WARNING neutron.api.rpc.agentnotifiers.dhcp_rpc_agent_api [None req-6a4a6e6c-a0d6-430c-bb93-5cbc1ede5047 763cf934ef804ae990ed7da3d9b1596b c57134abcde8438286e485ac63132006 - - default default] Unable to schedule network 1de87ef1-a50a-46e2-9c67-550d84a550a9: no agents available; will retry on subsequent port and subnet creation events.
2026-05-05 23:26:30.727 8 INFO neutron.db.ovn_revision_numbers_db [None req-b1f0bcae-53a0-47c8-8413-369b69c167c2 - - - - - -] Successfully bumped revision number for resource 2ee6e088-0be7-4ed4-b3aa-51884a947ea5 (type: ports) to 2
2026-05-05 23:26:30.772 8 INFO neutron.db.ovn_revision_numbers_db [None req-b1f0bcae-53a0-47c8-8413-369b69c167c2 - - - - - -] Successfully bumped revision number for resource 16216d12-076e-469c-a389-1917427d6f6e (type: subnets) to 0 [pid: 8|app: 0|req: 999/1749] 10.0.0.134 () {34 vars in 669 bytes} [Tue May 5 23:26:30 2026] POST /v2.0/subnets => generated 656 bytes in 706 msecs (HTTP/1.1 201) 4 headers in 162 bytes (1 switches on core 0) [pid: 8|app: 0|req: 1000/1750] 10.0.0.134 () {32 vars in 717 bytes} [Tue May 5 23:26:30 2026] GET /v2.0/ports/91a5a00d-e926-40b4-b42b-e9d747995e7e => generated 945 bytes in 49 msecs (HTTP/1.1 200) 4 headers in 157 bytes (1 switches on core 0)
2026-05-05 23:26:31.052 7 WARNING neutron.scheduler.dhcp_agent_scheduler [None req-220e336f-0e0e-4a9a-82c6-2d4a0f3c6d47 763cf934ef804ae990ed7da3d9b1596b c57134abcde8438286e485ac63132006 - - default default] No more DHCP agents
2026-05-05 23:26:31.054 7 WARNING neutron.api.rpc.agentnotifiers.dhcp_rpc_agent_api [None req-220e336f-0e0e-4a9a-82c6-2d4a0f3c6d47 763cf934ef804ae990ed7da3d9b1596b c57134abcde8438286e485ac63132006 - - default default] Unable to schedule network 1de87ef1-a50a-46e2-9c67-550d84a550a9: no agents available; will retry on subsequent port and subnet creation events.
2026-05-05 23:26:31.093 7 INFO neutron.db.ovn_revision_numbers_db [None req-220e336f-0e0e-4a9a-82c6-2d4a0f3c6d47 763cf934ef804ae990ed7da3d9b1596b c57134abcde8438286e485ac63132006 - - default default] Successfully bumped revision number for resource 6e7c46cb-3b69-4d1b-baf7-d26baa85763d (type: subnets) to 0 [pid: 7|app: 0|req: 751/1751] 10.0.0.134 () {34 vars in 669 bytes} [Tue May 5 23:26:30 2026] POST /v2.0/subnets => generated 729 bytes in 320 msecs (HTTP/1.1 201) 4 headers in 162 bytes (1 switches on core 0) [pid: 7|app: 0|req: 752/1752] 10.0.0.134 () {32 vars in 717 bytes} [Tue May 5 23:26:31 2026] GET /v2.0/ports/421f0b3f-81f7-481c-bc7d-9f2472087df3 => generated 941 bytes in 44 msecs (HTTP/1.1 200) 4 headers in 157 bytes (1 switches on core 0)
2026-05-05 23:26:31.533 8 WARNING neutron.scheduler.dhcp_agent_scheduler [None req-2fcb806d-6865-443f-add8-0860fc8a84dd 763cf934ef804ae990ed7da3d9b1596b c57134abcde8438286e485ac63132006 - - default default] No more DHCP agents
2026-05-05 23:26:31.535 8 WARNING neutron.api.rpc.agentnotifiers.dhcp_rpc_agent_api [None req-2fcb806d-6865-443f-add8-0860fc8a84dd 763cf934ef804ae990ed7da3d9b1596b c57134abcde8438286e485ac63132006 - - default default] Unable to schedule network 052ecdbf-997e-4d45-8c87-211e5a73f00b: no agents available; will retry on subsequent port and subnet creation events.
2026-05-05 23:26:31.712 8 INFO neutron.db.ovn_revision_numbers_db [None req-2fcb806d-6865-443f-add8-0860fc8a84dd 763cf934ef804ae990ed7da3d9b1596b c57134abcde8438286e485ac63132006 - - default default] Successfully bumped revision number for resource 9e3d51c5-9b12-42a3-bc8f-b47b9df3fe4d (type: ports) to 1 [pid: 7|app: 0|req: 753/1753] 10.0.0.134 () {32 vars in 717 bytes} [Tue May 5 23:26:32 2026] GET /v2.0/ports/91a5a00d-e926-40b4-b42b-e9d747995e7e => generated 945 bytes in 79 msecs (HTTP/1.1 200) 4 headers in 157 bytes (1 switches on core 0) [pid: 7|app: 0|req: 754/1754] 10.0.0.134 () {32 vars in 717 bytes} [Tue May 5 23:26:32 2026] GET /v2.0/ports/421f0b3f-81f7-481c-bc7d-9f2472087df3 => generated 941 bytes in 66 msecs (HTTP/1.1 200) 4 headers in 157 bytes (1 switches on core 0)
2026-05-05 23:26:32.312 8 INFO neutron.plugins.ml2.drivers.ovn.mech_driver.ovsdb.commands [-] Schedule LRP lrp-9e3d51c5-9b12-42a3-bc8f-b47b9df3fe4d on gateway 324d6431-af3e-4f34-92fd-a2e59ff6d31c with priority 1
2026-05-05 23:26:32.420 7 INFO neutron.plugins.ml2.drivers.ovn.mech_driver.ovsdb.ovsdb_monitor [None req-f760e980-1650-41d5-9293-2afa8d402946 - - - - - -] Router 646769ac-8286-4b1f-bb65-38a8a36fc5ea is bound to host instance
2026-05-05 23:26:32.486 8 INFO neutron.db.ovn_revision_numbers_db [None req-2fcb806d-6865-443f-add8-0860fc8a84dd 763cf934ef804ae990ed7da3d9b1596b c57134abcde8438286e485ac63132006 - - default default] Successfully bumped revision number for resource 9e3d51c5-9b12-42a3-bc8f-b47b9df3fe4d (type: router_ports) to 1
2026-05-05 23:26:32.552 8 INFO neutron.db.ovn_revision_numbers_db [None req-2fcb806d-6865-443f-add8-0860fc8a84dd 763cf934ef804ae990ed7da3d9b1596b c57134abcde8438286e485ac63132006 - - default default] Successfully bumped revision number for resource 646769ac-8286-4b1f-bb65-38a8a36fc5ea (type: routers) to 2 [pid: 8|app: 0|req: 1001/1755] 10.0.0.134 () {34 vars in 669 bytes} [Tue May 5 23:26:31 2026] POST /v2.0/routers => generated 944 bytes in 1447 msecs (HTTP/1.1 201) 4 headers in 162 bytes (1 switches on core 0)
2026-05-05 23:26:32.965 7 WARNING neutron.plugins.ml2.drivers.ovn.mech_driver.ovsdb.ovn_client [None req-289eab12-2140-4e29-a280-56347fdd8961 - - - - - -] No hosting information found for port 6b10eee9-b550-471b-a87b-8621070da5d4: RuntimeError: No hosting information found for port 6b10eee9-b550-471b-a87b-8621070da5d4
2026-05-05 23:26:33.222 7 INFO neutron.db.ovn_revision_numbers_db [None req-289eab12-2140-4e29-a280-56347fdd8961 - - - - - -] Successfully bumped revision number for resource 6b10eee9-b550-471b-a87b-8621070da5d4 (type: router_ports) to 2
2026-05-05 23:26:33.224 7 INFO neutron.plugins.ml2.drivers.ovn.mech_driver.mech_driver [None req-289eab12-2140-4e29-a280-56347fdd8961 - - - - - -] OVN reports status down for port: 421f0b3f-81f7-481c-bc7d-9f2472087df3
2026-05-05 23:26:33.396 8 WARNING neutron.scheduler.dhcp_agent_scheduler [None req-3086f732-514b-4fad-995c-9be13473d189 8eb35d8bc48f4946a4a3f27ad654c9bd c0c816d7a2ce474485b749fe778f835d - - default default] No more DHCP agents
2026-05-05 23:26:33.398 8 WARNING neutron.api.rpc.agentnotifiers.dhcp_rpc_agent_api [None req-3086f732-514b-4fad-995c-9be13473d189 8eb35d8bc48f4946a4a3f27ad654c9bd c0c816d7a2ce474485b749fe778f835d - - default default] Unable to schedule network 052ecdbf-997e-4d45-8c87-211e5a73f00b: no agents available; will retry on subsequent port and subnet creation events.
2026-05-05 23:26:33.439 7 WARNING neutron.plugins.ml2.drivers.ovn.mech_driver.ovsdb.ovn_client [None req-289eab12-2140-4e29-a280-56347fdd8961 - - - - - -] Logical_Switch_Port 421f0b3f-81f7-481c-bc7d-9f2472087df3 host information not removed, the port state is up
2026-05-05 23:26:33.441 7 INFO neutron.plugins.ml2.drivers.ovn.mech_driver.mech_driver [None req-289eab12-2140-4e29-a280-56347fdd8961 - - - - - -] OVN reports status up for port: 421f0b3f-81f7-481c-bc7d-9f2472087df3
2026-05-05 23:26:33.484 7 INFO neutron.plugins.ml2.plugin [None req-289eab12-2140-4e29-a280-56347fdd8961 - - - - - -] Attempt 1 to provision port 421f0b3f-81f7-481c-bc7d-9f2472087df3 [pid: 8|app: 0|req: 1002/1756] 10.0.0.134 () {34 vars in 676 bytes} [Tue May 5 23:26:33 2026] POST /v2.0/floatingips => generated 552 bytes in 588 msecs (HTTP/1.1 201) 4 headers in 162 bytes (1 switches on core 0) [pid: 8|app: 0|req: 1003/1757] 10.0.0.134 () {32 vars in 717 bytes} [Tue May 5 23:26:33 2026] GET /v2.0/ports/91a5a00d-e926-40b4-b42b-e9d747995e7e => generated 945 bytes in 63 msecs (HTTP/1.1 200) 4 headers in 157 bytes (1 switches on core 0)
2026-05-05 23:26:33.731 7 WARNING neutron.scheduler.dhcp_agent_scheduler [None req-a64a1b16-a5c1-45d1-a597-6808c197f306 763cf934ef804ae990ed7da3d9b1596b c57134abcde8438286e485ac63132006 - - default default] No more DHCP agents
2026-05-05 23:26:33.742 7 WARNING neutron.api.rpc.agentnotifiers.dhcp_rpc_agent_api [None req-a64a1b16-a5c1-45d1-a597-6808c197f306 763cf934ef804ae990ed7da3d9b1596b c57134abcde8438286e485ac63132006 - - default default] Unable to schedule network 5efe4f9b-a8c9-4007-b717-7ac1277ac38b: no agents available; will retry on subsequent port and subnet creation events. [pid: 8|app: 0|req: 1004/1758] 10.0.0.134 () {32 vars in 717 bytes} [Tue May 5 23:26:33 2026] GET /v2.0/ports/421f0b3f-81f7-481c-bc7d-9f2472087df3 => generated 941 bytes in 64 msecs (HTTP/1.1 200) 4 headers in 157 bytes (1 switches on core 0)
2026-05-05 23:26:34.024 8 WARNING neutron.scheduler.dhcp_agent_scheduler [None req-9e11428f-129e-4209-adf3-aca36651810b 8eb35d8bc48f4946a4a3f27ad654c9bd c0c816d7a2ce474485b749fe778f835d - - default default] No more DHCP agents
2026-05-05 23:26:34.025 8 WARNING neutron.api.rpc.agentnotifiers.dhcp_rpc_agent_api [None req-9e11428f-129e-4209-adf3-aca36651810b 8eb35d8bc48f4946a4a3f27ad654c9bd c0c816d7a2ce474485b749fe778f835d - - default default] Unable to schedule network 052ecdbf-997e-4d45-8c87-211e5a73f00b: no agents available; will retry on subsequent port and subnet creation events.
2026-05-05 23:26:34.131 7 INFO neutron.db.ovn_revision_numbers_db [None req-7a6b11ee-3c9d-4062-b927-9e388bcf653a - - - - - -] Successfully bumped revision number for resource 9e3d51c5-9b12-42a3-bc8f-b47b9df3fe4d (type: ports) to 4
2026-05-05 23:26:34.238 7 INFO neutron.db.ovn_revision_numbers_db [None req-a64a1b16-a5c1-45d1-a597-6808c197f306 763cf934ef804ae990ed7da3d9b1596b c57134abcde8438286e485ac63132006 - - default default] Successfully bumped revision number for resource c3b6a92f-947e-4d40-836b-7c5d8e14cc97 (type: ports) to 1 [pid: 8|app: 0|req: 1005/1759] 10.0.0.134 () {34 vars in 676 bytes} [Tue May 5 23:26:33 2026] POST /v2.0/floatingips => generated 552 bytes in 576 msecs (HTTP/1.1 201) 4 headers in 162 bytes (1 switches on core 0)
2026-05-05 23:26:34.594 8 WARNING neutron.scheduler.dhcp_agent_scheduler [None req-73891224-9100-4400-afa1-0ceddb234554 8eb35d8bc48f4946a4a3f27ad654c9bd c0c816d7a2ce474485b749fe778f835d - - default default] No more DHCP agents
2026-05-05 23:26:34.595 8 WARNING neutron.api.rpc.agentnotifiers.dhcp_rpc_agent_api [None req-73891224-9100-4400-afa1-0ceddb234554 8eb35d8bc48f4946a4a3f27ad654c9bd c0c816d7a2ce474485b749fe778f835d - - default default] Unable to schedule network 052ecdbf-997e-4d45-8c87-211e5a73f00b: no agents available; will retry on subsequent port and subnet creation events.
2026-05-05 23:26:34.708 7 INFO neutron.db.ovn_revision_numbers_db [None req-289eab12-2140-4e29-a280-56347fdd8961 - - - - - -] Successfully bumped revision number for resource 421f0b3f-81f7-481c-bc7d-9f2472087df3 (type: ports) to 2 [pid: 8|app: 0|req: 1006/1760] 10.0.0.134 () {34 vars in 676 bytes} [Tue May 5 23:26:34 2026] POST /v2.0/floatingips => generated 552 bytes in 505 msecs (HTTP/1.1 201) 4 headers in 162 bytes (1 switches on core 0) [pid: 8|app: 0|req: 1009/1763] 10.0.0.134 () {32 vars in 717 bytes} [Tue May 5 23:26:34 2026] GET /v2.0/ports/91a5a00d-e926-40b4-b42b-e9d747995e7e => generated 945 bytes in 30 msecs (HTTP/1.1 200) 4 headers in 157 bytes (1 switches on core 0) [pid: 8|app: 0|req: 1010/1764] 10.0.0.134 () {32 vars in 717 bytes} [Tue May 5 23:26:34 2026] GET /v2.0/ports/421f0b3f-81f7-481c-bc7d-9f2472087df3 => generated 943 bytes in 41 msecs (HTTP/1.1 200) 4 headers in 157 bytes (1 switches on core 0)
2026-05-05 23:26:35.210 8 WARNING neutron.scheduler.dhcp_agent_scheduler [None req-a3b68114-89a8-416e-88b7-3cb52f425275 8eb35d8bc48f4946a4a3f27ad654c9bd c0c816d7a2ce474485b749fe778f835d - - default default] No more DHCP agents
2026-05-05 23:26:35.212 8 WARNING neutron.api.rpc.agentnotifiers.dhcp_rpc_agent_api [None req-a3b68114-89a8-416e-88b7-3cb52f425275 8eb35d8bc48f4946a4a3f27ad654c9bd c0c816d7a2ce474485b749fe778f835d - - default default] Unable to schedule network 052ecdbf-997e-4d45-8c87-211e5a73f00b: no agents available; will retry on subsequent port and subnet creation events. [pid: 8|app: 0|req: 1011/1765] 10.0.0.134 () {34 vars in 676 bytes} [Tue May 5 23:26:34 2026] POST /v2.0/floatingips => generated 552 bytes in 541 msecs (HTTP/1.1 201) 4 headers in 162 bytes (1 switches on core 0)
2026-05-05 23:26:35.685 7 INFO neutron.db.ovn_revision_numbers_db [None req-7a6b11ee-3c9d-4062-b927-9e388bcf653a - - - - - -] Successfully bumped revision number for resource 9e3d51c5-9b12-42a3-bc8f-b47b9df3fe4d (type: ports) to 5
2026-05-05 23:26:36.151 7 WARNING neutron.scheduler.dhcp_agent_scheduler [None req-a64a1b16-a5c1-45d1-a597-6808c197f306 763cf934ef804ae990ed7da3d9b1596b c57134abcde8438286e485ac63132006 - - default default] No more DHCP agents
2026-05-05 23:26:36.153 7 WARNING neutron.api.rpc.agentnotifiers.dhcp_rpc_agent_api [None req-a64a1b16-a5c1-45d1-a597-6808c197f306 763cf934ef804ae990ed7da3d9b1596b c57134abcde8438286e485ac63132006 - - default default] Unable to schedule network 5efe4f9b-a8c9-4007-b717-7ac1277ac38b: no agents available; will retry on subsequent port and subnet creation events.
2026-05-05 23:26:36.217 8 INFO neutron_taas.services.taas.taas_plugin [None req-40751ef7-2fb6-4908-b90c-52b0f5c1a946 30d2ef7138fe4c5db51671019cd424ad 28e7a84d0d144e6f8752a77da03f118c - - default default] TaaS: Handle Delete Port: 421f0b3f-81f7-481c-bc7d-9f2472087df3
2026-05-05 23:26:36.220 8 INFO neutron_taas.services.taas.tap_mirror_plugin [None req-40751ef7-2fb6-4908-b90c-52b0f5c1a946 30d2ef7138fe4c5db51671019cd424ad 28e7a84d0d144e6f8752a77da03f118c - - default default] Tap Mirror: Handle Delete Port: 421f0b3f-81f7-481c-bc7d-9f2472087df3
2026-05-05 23:26:36.586 7 INFO neutron.db.ovn_revision_numbers_db [None req-a64a1b16-a5c1-45d1-a597-6808c197f306 763cf934ef804ae990ed7da3d9b1596b c57134abcde8438286e485ac63132006 - - default default] Successfully bumped revision number for resource c3b6a92f-947e-4d40-836b-7c5d8e14cc97 (type: router_ports) to 1 [pid: 7|app: 0|req: 755/1766] 10.0.0.134 () {34 vars in 783 bytes} [Tue May 5 23:26:32 2026] PUT /v2.0/routers/646769ac-8286-4b1f-bb65-38a8a36fc5ea/add_router_interface => generated 309 bytes in 4010 msecs (HTTP/1.1 200) 4 headers in 157 bytes (1 switches on core 0) [pid: 8|app: 0|req: 1012/1767] 10.0.0.134 () {34 vars in 789 bytes} [Tue May 5 23:26:35 2026] PUT /v2.0/routers/ff514779-d842-4ed2-a874-a29596e58b6f/remove_router_interface => generated 309 bytes in 1141 msecs (HTTP/1.1 200) 4 headers in 157 bytes (1 switches on core 0) /var/lib/openstack/lib/python3.12/site-packages/pycadf/identifier.py:70: UserWarning: Invalid uuid: neutron. To ensure interoperability, identifiers should be a valid uuid. warnings.warn(('Invalid uuid: %s. To ensure interoperability, ' [pid: 8|app: 0|req: 1013/1768] 10.0.0.4 () {28 vars in 597 bytes} [Tue May 5 23:26:36 2026] GET /v2.0/security-groups => generated 26109 bytes in 81 msecs (HTTP/1.1 200) 4 headers in 159 bytes (1 switches on core 0) [pid: 8|app: 0|req: 1014/1769] 10.0.0.134 () {32 vars in 717 bytes} [Tue May 5 23:26:36 2026] GET /v2.0/ports/91a5a00d-e926-40b4-b42b-e9d747995e7e => generated 945 bytes in 26 msecs (HTTP/1.1 200) 4 headers in 157 bytes (1 switches on core 0)
2026-05-05 23:26:36.838 7 WARNING neutron.scheduler.dhcp_agent_scheduler [None req-3e26fff2-4687-46b9-a74c-3392c18b3a00 8eb35d8bc48f4946a4a3f27ad654c9bd c0c816d7a2ce474485b749fe778f835d - - default default] No more DHCP agents
2026-05-05 23:26:36.839 7 WARNING neutron.api.rpc.agentnotifiers.dhcp_rpc_agent_api [None req-3e26fff2-4687-46b9-a74c-3392c18b3a00 8eb35d8bc48f4946a4a3f27ad654c9bd c0c816d7a2ce474485b749fe778f835d - - default default] Unable to schedule network 052ecdbf-997e-4d45-8c87-211e5a73f00b: no agents available; will retry on subsequent port and subnet creation events. [pid: 7|app: 0|req: 756/1770] 10.0.0.134 () {34 vars in 676 bytes} [Tue May 5 23:26:36 2026] POST /v2.0/floatingips => generated 552 bytes in 539 msecs (HTTP/1.1 201) 4 headers in 162 bytes (1 switches on core 0) [pid: 7|app: 0|req: 757/1771] 10.0.0.134 () {32 vars in 717 bytes} [Tue May 5 23:26:37 2026] GET /v2.0/ports/6b10eee9-b550-471b-a87b-8621070da5d4 => generated 943 bytes in 71 msecs (HTTP/1.1 200) 4 headers in 157 bytes (1 switches on core 0)
2026-05-05 23:26:37.241 8 WARNING neutron.scheduler.dhcp_agent_scheduler [None req-648508ec-53f8-4d73-8f35-3126783a4f04 763cf934ef804ae990ed7da3d9b1596b c57134abcde8438286e485ac63132006 - - default default] No more DHCP agents
2026-05-05 23:26:37.242 8 WARNING neutron.api.rpc.agentnotifiers.dhcp_rpc_agent_api [None req-648508ec-53f8-4d73-8f35-3126783a4f04 763cf934ef804ae990ed7da3d9b1596b c57134abcde8438286e485ac63132006 - - default default] Unable to schedule network d7aa13d5-8620-4510-b5b7-d05d37e98d69: no agents available; will retry on subsequent port and subnet creation events. [pid: 7|app: 0|req: 758/1772] 10.0.0.4 () {28 vars in 581 bytes} [Tue May 5 23:26:37 2026] GET /v2.0/routers => generated 2189 bytes in 65 msecs (HTTP/1.1 200) 4 headers in 158 bytes (1 switches on core 0) [pid: 7|app: 0|req: 759/1773] 10.0.0.134 () {34 vars in 759 bytes} [Tue May 5 23:26:37 2026] PUT /v2.0/floatingips/c183c291-bc6b-4d81-b825-681a6add1365/tags => generated 17 bytes in 82 msecs (HTTP/1.1 200) 4 headers in 156 bytes (1 switches on core 0)
2026-05-05 23:26:37.403 8 INFO neutron.db.ovn_revision_numbers_db [None req-648508ec-53f8-4d73-8f35-3126783a4f04 763cf934ef804ae990ed7da3d9b1596b c57134abcde8438286e485ac63132006 - - default default] Successfully bumped revision number for resource 60325faf-9e25-48bd-b99f-b27eee56b259 (type: ports) to 1
2026-05-05 23:26:37.635 7 INFO neutron_taas.services.taas.taas_plugin [None req-e973f4ae-45c6-4cbd-8014-02140ea68fb4 30d2ef7138fe4c5db51671019cd424ad 28e7a84d0d144e6f8752a77da03f118c - - default default] TaaS: Handle Delete Port: 6b10eee9-b550-471b-a87b-8621070da5d4
2026-05-05 23:26:37.638 7 INFO neutron_taas.services.taas.tap_mirror_plugin [None req-e973f4ae-45c6-4cbd-8014-02140ea68fb4 30d2ef7138fe4c5db51671019cd424ad 28e7a84d0d144e6f8752a77da03f118c - - default default] Tap Mirror: Handle Delete Port: 6b10eee9-b550-471b-a87b-8621070da5d4 [pid: 7|app: 0|req: 760/1774] 10.0.0.134 () {34 vars in 789 bytes} [Tue May 5 23:26:37 2026] PUT /v2.0/routers/ff514779-d842-4ed2-a874-a29596e58b6f/remove_router_interface => generated 309 bytes in 616 msecs (HTTP/1.1 200) 4 headers in 157 bytes (1 switches on core 0) /var/lib/openstack/lib/python3.12/site-packages/pycadf/identifier.py:70: UserWarning: Invalid uuid: neutron. To ensure interoperability, identifiers should be a valid uuid. warnings.warn(('Invalid uuid: %s. To ensure interoperability, ' [pid: 7|app: 0|req: 761/1775] 10.0.0.4 () {28 vars in 622 bytes} [Tue May 5 23:26:37 2026] GET /v2.0/agents?binary=ovn-controller => generated 416 bytes in 71 msecs (HTTP/1.1 200) 4 headers in 157 bytes (1 switches on core 0) [pid: 7|app: 0|req: 762/1776] 10.0.0.134 () {34 vars in 759 bytes} [Tue May 5 23:26:38 2026] PUT /v2.0/floatingips/c243e38f-45ed-44af-b3ee-26d97d498edb/tags => generated 25 bytes in 41 msecs (HTTP/1.1 200) 4 headers in 156 bytes (1 switches on core 0) [pid: 7|app: 0|req: 763/1777] 10.0.0.134 () {32 vars in 717 bytes} [Tue May 5 23:26:38 2026] GET /v2.0/ports/91a5a00d-e926-40b4-b42b-e9d747995e7e => generated 945 bytes in 101 msecs (HTTP/1.1 200) 4 headers in 157 bytes (1 switches on core 0) [pid: 7|app: 0|req: 764/1778] 10.0.0.134 () {32 vars in 736 bytes} [Tue May 5 23:26:38 2026] GET /v2.0/ports?device_id=ff514779-d842-4ed2-a874-a29596e58b6f => generated 12 bytes in 17 msecs (HTTP/1.1 200) 4 headers in 156 bytes (1 switches on core 0)
2026-05-05 23:26:38.205 8 WARNING neutron.scheduler.dhcp_agent_scheduler [None req-648508ec-53f8-4d73-8f35-3126783a4f04 763cf934ef804ae990ed7da3d9b1596b c57134abcde8438286e485ac63132006 - - default default] No more DHCP agents
2026-05-05 23:26:38.206 8 WARNING neutron.api.rpc.agentnotifiers.dhcp_rpc_agent_api [None req-648508ec-53f8-4d73-8f35-3126783a4f04 763cf934ef804ae990ed7da3d9b1596b c57134abcde8438286e485ac63132006 - - default default] Unable to schedule network d7aa13d5-8620-4510-b5b7-d05d37e98d69: no agents available; will retry on subsequent port and subnet creation events. [pid: 7|app: 0|req: 765/1779] 10.0.0.4 () {28 vars in 617 bytes} [Tue May 5 23:26:38 2026] GET /v2.0/network-ip-availabilities => generated 4463 bytes in 16 msecs (HTTP/1.1 200) 4 headers in 158 bytes (1 switches on core 0) [pid: 7|app: 0|req: 766/1780] 10.0.0.134 () {34 vars in 759 bytes} [Tue May 5 23:26:38 2026] PUT /v2.0/floatingips/95b0fe16-d575-44de-9f80-69d63777237e/tags => generated 34 bytes in 56 msecs (HTTP/1.1 200) 4 headers in 156 bytes (1 switches on core 0) [pid: 7|app: 0|req: 767/1781] 10.0.0.134 () {32 vars in 724 bytes} [Tue May 5 23:26:38 2026] DELETE /v2.0/routers/ff514779-d842-4ed2-a874-a29596e58b6f => generated 0 bytes in 211 msecs (HTTP/1.1 204) 2 headers in 112 bytes (1 switches on core 0)
2026-05-05 23:26:38.566 8 INFO neutron.db.ovn_revision_numbers_db [None req-648508ec-53f8-4d73-8f35-3126783a4f04 763cf934ef804ae990ed7da3d9b1596b c57134abcde8438286e485ac63132006 - - default default] Successfully bumped revision number for resource 60325faf-9e25-48bd-b99f-b27eee56b259 (type: router_ports) to 1 [pid: 8|app: 0|req: 1015/1782] 10.0.0.134 () {34 vars in 783 bytes} [Tue May 5 23:26:36 2026] PUT /v2.0/routers/646769ac-8286-4b1f-bb65-38a8a36fc5ea/add_router_interface => generated 309 bytes in 1822 msecs (HTTP/1.1 200) 4 headers in 157 bytes (1 switches on core 0) [pid: 7|app: 0|req: 768/1783] 10.0.0.4 () {28 vars in 581 bytes} [Tue May 5 23:26:38 2026] GET /v2.0/subnets => generated 7433 bytes in 94 msecs (HTTP/1.1 200) 4 headers in 158 bytes (1 switches on core 0) [pid: 8|app: 0|req: 1016/1784] 10.0.0.134 () {34 vars in 759 bytes} [Tue May 5 23:26:38 2026] PUT /v2.0/floatingips/bb3b3de9-5193-4951-aef8-c10a0a00b557/tags => generated 19 bytes in 61 msecs (HTTP/1.1 200) 4 headers in 156 bytes (1 switches on core 0) [pid: 7|app: 0|req: 769/1785] 10.0.0.134 () {32 vars in 724 bytes} [Tue May 5 23:26:38 2026] DELETE /v2.0/subnets/c49aefdf-6cea-47a1-91be-3119c56d395f => generated 0 bytes in 226 msecs (HTTP/1.1 204) 3 headers in 131 bytes (1 switches on core 0) [pid: 7|app: 0|req: 770/1786] 10.0.0.4 () {28 vars in 589 bytes} [Tue May 5 23:26:38 2026] GET /v2.0/subnetpools => generated 19 bytes in 8 msecs (HTTP/1.1 200) 4 headers in 156 bytes (1 switches on core 0) [pid: 7|app: 0|req: 771/1787] 10.0.0.134 () {32 vars in 672 bytes} [Tue May 5 23:26:38 2026] GET /v2.0/floatingips?tags=red => generated 1671 bytes in 43 msecs (HTTP/1.1 200) 4 headers in 158 bytes (1 switches on core 0) [pid: 7|app: 0|req: 772/1788] 10.0.0.134 () {32 vars in 724 bytes} [Tue May 5 23:26:38 2026] DELETE /v2.0/subnets/d5917832-ebd4-4f8a-8dc5-43ee27db4bba => generated 0 bytes in 165 msecs (HTTP/1.1 204) 3 headers in 131 bytes (1 switches on core 0)
2026-05-05 23:26:39.106 8 WARNING neutron.scheduler.dhcp_agent_scheduler [None req-9546fb5f-fbd5-48b9-9afa-17c869e23f1d 763cf934ef804ae990ed7da3d9b1596b c57134abcde8438286e485ac63132006 - - default default] No more DHCP agents
2026-05-05 23:26:39.108 8 WARNING neutron.api.rpc.agentnotifiers.dhcp_rpc_agent_api [None req-9546fb5f-fbd5-48b9-9afa-17c869e23f1d 763cf934ef804ae990ed7da3d9b1596b c57134abcde8438286e485ac63132006 - - default default] Unable to schedule network 1de87ef1-a50a-46e2-9c67-550d84a550a9: no agents available; will retry on subsequent port and subnet creation events. [pid: 7|app: 0|req: 773/1789] 10.0.0.4 () {28 vars in 577 bytes} [Tue May 5 23:26:39 2026] GET /v2.0/ports => generated 20164 bytes in 105 msecs (HTTP/1.1 200) 4 headers in 159 bytes (1 switches on core 0) [pid: 7|app: 0|req: 774/1790] 10.0.0.134 () {32 vars in 686 bytes} [Tue May 5 23:26:39 2026] GET /v2.0/floatingips?tags=red%2Cblue => generated 1128 bytes in 41 msecs (HTTP/1.1 200) 4 headers in 158 bytes (1 switches on core 0)
2026-05-05 23:26:39.288 8 INFO neutron.db.ovn_revision_numbers_db [None req-9546fb5f-fbd5-48b9-9afa-17c869e23f1d 763cf934ef804ae990ed7da3d9b1596b c57134abcde8438286e485ac63132006 - - default default] Successfully bumped revision number for resource 61a831b0-e190-41a1-8f1f-9fbab93ecc86 (type: ports) to 1
