2026-05-05 23:29:00.225 7 WARNING neutron.api.rpc.agentnotifiers.dhcp_rpc_agent_api [None req-fda59d5d-7b2a-420b-acec-8a16d5f4302d 0b7099d9ae884a30af0d022ff2a6edf9 0193c77f1dca4c0eac4c4da8ef42dd96 - - default default] Unable to schedule network f54a8a64-5097-4e97-b166-95b8cda45954: no agents available; will retry on subsequent port and subnet creation events.
2026-05-05 23:29:00.312 7 INFO neutron.plugins.ml2.drivers.ovn.mech_driver.mech_driver [None req-eb333698-9ee2-4509-9e39-6707da09981c - - - - - -] OVN reports status down for port: 3cfd2030-0c65-4c33-b5ad-beb72999ec51
2026-05-05 23:29:00.392 7 INFO neutron.db.ovn_revision_numbers_db [None req-fda59d5d-7b2a-420b-acec-8a16d5f4302d 0b7099d9ae884a30af0d022ff2a6edf9 0193c77f1dca4c0eac4c4da8ef42dd96 - - default default] Successfully bumped revision number for resource 3cfd2030-0c65-4c33-b5ad-beb72999ec51 (type: ports) to 1 [pid: 7|app: 0|req: 1138/2630] 10.0.0.134 () {34 vars in 664 bytes} [Tue May 5 23:28:59 2026] POST /v2.0/ports => generated 743 bytes in 571 msecs (HTTP/1.1 201) 4 headers in 162 bytes (1 switches on core 0) [pid: 8|app: 0|req: 1493/2631] 10.0.0.134 () {34 vars in 747 bytes} [Tue May 5 23:29:00 2026] PUT /v2.0/ports/f0660b81-c3ae-4d7d-a712-b437f4db8f46/tags => generated 17 bytes in 100 msecs (HTTP/1.1 200) 4 headers in 156 bytes (1 switches on core 0) /var/lib/openstack/lib/python3.12/site-packages/pycadf/identifier.py:70: UserWarning: Invalid uuid: neutron. To ensure interoperability, identifiers should be a valid uuid. warnings.warn(('Invalid uuid: %s. To ensure interoperability, ' [pid: 7|app: 0|req: 1139/2632] 10.0.0.134 () {34 vars in 747 bytes} [Tue May 5 23:29:00 2026] PUT /v2.0/ports/d9609d72-f532-47d7-8980-4c7d31442a2b/tags => generated 25 bytes in 86 msecs (HTTP/1.1 200) 4 headers in 156 bytes (1 switches on core 0) /var/lib/openstack/lib/python3.12/site-packages/pycadf/identifier.py:70: UserWarning: Invalid uuid: neutron. To ensure interoperability, identifiers should be a valid uuid. warnings.warn(('Invalid uuid: %s. To ensure interoperability, ' [pid: 8|app: 0|req: 1494/2633] 10.0.0.134 () {34 vars in 747 bytes} [Tue May 5 23:29:00 2026] PUT /v2.0/ports/53da9c80-cd30-40cb-828e-c1b17aa13a3d/tags => generated 34 bytes in 100 msecs (HTTP/1.1 200) 4 headers in 156 bytes (1 switches on core 0) /var/lib/openstack/lib/python3.12/site-packages/pycadf/identifier.py:70: UserWarning: Invalid uuid: neutron. To ensure interoperability, identifiers should be a valid uuid. warnings.warn(('Invalid uuid: %s. To ensure interoperability, ' [pid: 7|app: 0|req: 1140/2634] 10.0.0.134 () {34 vars in 747 bytes} [Tue May 5 23:29:00 2026] PUT /v2.0/ports/48a5f858-fd72-4722-bda1-7a52193a996c/tags => generated 19 bytes in 76 msecs (HTTP/1.1 200) 4 headers in 156 bytes (1 switches on core 0) /var/lib/openstack/lib/python3.12/site-packages/pycadf/identifier.py:70: UserWarning: Invalid uuid: neutron. To ensure interoperability, identifiers should be a valid uuid. warnings.warn(('Invalid uuid: %s. To ensure interoperability, ' [pid: 8|app: 0|req: 1495/2635] 10.0.0.134 () {32 vars in 660 bytes} [Tue May 5 23:29:00 2026] GET /v2.0/ports?tags=red => generated 2253 bytes in 156 msecs (HTTP/1.1 200) 4 headers in 158 bytes (1 switches on core 0) /var/lib/openstack/lib/python3.12/site-packages/pycadf/identifier.py:70: UserWarning: Invalid uuid: neutron. To ensure interoperability, identifiers should be a valid uuid. warnings.warn(('Invalid uuid: %s. To ensure interoperability, ' [pid: 7|app: 0|req: 1141/2636] 10.0.0.134 () {32 vars in 674 bytes} [Tue May 5 23:29:01 2026] GET /v2.0/ports?tags=red%2Cblue => generated 1513 bytes in 78 msecs (HTTP/1.1 200) 4 headers in 158 bytes (1 switches on core 0) [pid: 8|app: 0|req: 1496/2637] 10.0.0.134 () {32 vars in 670 bytes} [Tue May 5 23:29:01 2026] GET /v2.0/ports?tags-any=blue => generated 1513 bytes in 80 msecs (HTTP/1.1 200) 4 headers in 158 bytes (1 switches on core 0) [pid: 7|app: 0|req: 1142/2638] 10.0.0.134 () {32 vars in 682 bytes} [Tue May 5 23:29:01 2026] GET /v2.0/ports?tags-any=red%2Cblue => generated 2253 bytes in 97 msecs (HTTP/1.1 200) 4 headers in 158 bytes (1 switches on core 0) [pid: 8|app: 0|req: 1497/2639] 10.0.0.134 () {32 vars in 668 bytes} [Tue May 5 23:29:01 2026] GET /v2.0/ports?not-tags=red => generated 5268 bytes in 152 msecs (HTTP/1.1 200) 4 headers in 158 bytes (1 switches on core 0) [pid: 7|app: 0|req: 1143/2640] 10.0.0.134 () {32 vars in 682 bytes} [Tue May 5 23:29:01 2026] GET /v2.0/ports?not-tags=red%2Cblue => generated 6008 bytes in 106 msecs (HTTP/1.1 200) 4 headers in 158 bytes (1 switches on core 0) [pid: 8|app: 0|req: 1498/2641] 10.0.0.134 () {32 vars in 678 bytes} [Tue May 5 23:29:01 2026] GET /v2.0/ports?not-tags-any=blue => generated 6008 bytes in 93 msecs (HTTP/1.1 200) 4 headers in 158 bytes (1 switches on core 0) [pid: 7|app: 0|req: 1144/2642] 10.0.0.134 () {32 vars in 690 bytes} [Tue May 5 23:29:01 2026] GET /v2.0/ports?not-tags-any=red%2Cblue => generated 5268 bytes in 85 msecs (HTTP/1.1 200) 4 headers in 158 bytes (1 switches on core 0)
2026-05-05 23:29:01.879 8 INFO neutron_taas.services.taas.taas_plugin [None req-95449943-6480-424a-baa9-1ef6a10ed838 0b7099d9ae884a30af0d022ff2a6edf9 0193c77f1dca4c0eac4c4da8ef42dd96 - - default default] TaaS: Handle Delete Port: f0660b81-c3ae-4d7d-a712-b437f4db8f46
2026-05-05 23:29:01.882 8 INFO neutron_taas.services.taas.tap_mirror_plugin [None req-95449943-6480-424a-baa9-1ef6a10ed838 0b7099d9ae884a30af0d022ff2a6edf9 0193c77f1dca4c0eac4c4da8ef42dd96 - - default default] Tap Mirror: Handle Delete Port: f0660b81-c3ae-4d7d-a712-b437f4db8f46 [pid: 8|app: 0|req: 1499/2643] 10.0.0.134 () {32 vars in 720 bytes} [Tue May 5 23:29:01 2026] DELETE /v2.0/ports/f0660b81-c3ae-4d7d-a712-b437f4db8f46 => generated 0 bytes in 268 msecs (HTTP/1.1 204) 3 headers in 131 bytes (1 switches on core 0)
2026-05-05 23:29:02.173 7 INFO neutron_taas.services.taas.taas_plugin [None req-23c875af-d967-419b-a07c-6c20fd7ffd47 0b7099d9ae884a30af0d022ff2a6edf9 0193c77f1dca4c0eac4c4da8ef42dd96 - - default default] TaaS: Handle Delete Port: d9609d72-f532-47d7-8980-4c7d31442a2b
2026-05-05 23:29:02.176 7 INFO neutron_taas.services.taas.tap_mirror_plugin [None req-23c875af-d967-419b-a07c-6c20fd7ffd47 0b7099d9ae884a30af0d022ff2a6edf9 0193c77f1dca4c0eac4c4da8ef42dd96 - - default default] Tap Mirror: Handle Delete Port: d9609d72-f532-47d7-8980-4c7d31442a2b [pid: 7|app: 0|req: 1145/2644] 10.0.0.134 () {32 vars in 720 bytes} [Tue May 5 23:29:02 2026] DELETE /v2.0/ports/d9609d72-f532-47d7-8980-4c7d31442a2b => generated 0 bytes in 286 msecs (HTTP/1.1 204) 3 headers in 131 bytes (1 switches on core 0)
2026-05-05 23:29:02.433 8 INFO neutron_taas.services.taas.taas_plugin [None req-3bb3ee61-5476-43f1-99c1-b5f55fce0972 0b7099d9ae884a30af0d022ff2a6edf9 0193c77f1dca4c0eac4c4da8ef42dd96 - - default default] TaaS: Handle Delete Port: 53da9c80-cd30-40cb-828e-c1b17aa13a3d
2026-05-05 23:29:02.437 8 INFO neutron_taas.services.taas.tap_mirror_plugin [None req-3bb3ee61-5476-43f1-99c1-b5f55fce0972 0b7099d9ae884a30af0d022ff2a6edf9 0193c77f1dca4c0eac4c4da8ef42dd96 - - default default] Tap Mirror: Handle Delete Port: 53da9c80-cd30-40cb-828e-c1b17aa13a3d [pid: 8|app: 0|req: 1500/2645] 10.0.0.134 () {32 vars in 720 bytes} [Tue May 5 23:29:02 2026] DELETE /v2.0/ports/53da9c80-cd30-40cb-828e-c1b17aa13a3d => generated 0 bytes in 265 msecs (HTTP/1.1 204) 3 headers in 131 bytes (1 switches on core 0)
2026-05-05 23:29:02.756 7 INFO neutron_taas.services.taas.taas_plugin [None req-0af6d6e1-11ad-4c9f-b3d8-489934466c90 0b7099d9ae884a30af0d022ff2a6edf9 0193c77f1dca4c0eac4c4da8ef42dd96 - - default default] TaaS: Handle Delete Port: 48a5f858-fd72-4722-bda1-7a52193a996c
2026-05-05 23:29:02.760 7 INFO neutron_taas.services.taas.tap_mirror_plugin [None req-0af6d6e1-11ad-4c9f-b3d8-489934466c90 0b7099d9ae884a30af0d022ff2a6edf9 0193c77f1dca4c0eac4c4da8ef42dd96 - - default default] Tap Mirror: Handle Delete Port: 48a5f858-fd72-4722-bda1-7a52193a996c [pid: 7|app: 0|req: 1146/2646] 10.0.0.134 () {32 vars in 720 bytes} [Tue May 5 23:29:02 2026] DELETE /v2.0/ports/48a5f858-fd72-4722-bda1-7a52193a996c => generated 0 bytes in 331 msecs (HTTP/1.1 204) 3 headers in 131 bytes (1 switches on core 0)
2026-05-05 23:29:03.036 8 INFO neutron.db.ovn_revision_numbers_db [None req-0436f9ec-9fce-42f5-9b31-5d02088e56c3 cf0daefb56e74ed4819637a9fa87d277 31c0f8415e1f4d6aabb1123692544fd3 - - default default] Successfully bumped revision number for resource c2fc57aa-a0f2-4978-be47-ce4f035f3853 (type: security_groups) to 1
2026-05-05 23:29:03.046 8 INFO neutron.db.ovn_revision_numbers_db [None req-0436f9ec-9fce-42f5-9b31-5d02088e56c3 cf0daefb56e74ed4819637a9fa87d277 31c0f8415e1f4d6aabb1123692544fd3 - - default default] Successfully bumped revision number for resource 2dd6eeb1-a2e1-49d8-a7b6-a63e83abbcbc (type: security_group_rules) to 0
2026-05-05 23:29:03.057 8 INFO neutron.db.ovn_revision_numbers_db [None req-0436f9ec-9fce-42f5-9b31-5d02088e56c3 cf0daefb56e74ed4819637a9fa87d277 31c0f8415e1f4d6aabb1123692544fd3 - - default default] Successfully bumped revision number for resource 33509620-ef81-45e1-98da-53fdc890ebeb (type: security_group_rules) to 0
2026-05-05 23:29:03.069 8 INFO neutron.db.ovn_revision_numbers_db [None req-0436f9ec-9fce-42f5-9b31-5d02088e56c3 cf0daefb56e74ed4819637a9fa87d277 31c0f8415e1f4d6aabb1123692544fd3 - - default default] Successfully bumped revision number for resource 579b97b5-4a20-41c6-8c13-0a02dd828d59 (type: security_group_rules) to 0
2026-05-05 23:29:03.071 7 INFO neutron_taas.services.taas.taas_plugin [None req-0a7b98a5-6289-43a7-a775-8ee3aab8b918 0b7099d9ae884a30af0d022ff2a6edf9 0193c77f1dca4c0eac4c4da8ef42dd96 - - default default] TaaS: Handle Delete Port: 3cfd2030-0c65-4c33-b5ad-beb72999ec51
2026-05-05 23:29:03.074 7 INFO neutron_taas.services.taas.tap_mirror_plugin [None req-0a7b98a5-6289-43a7-a775-8ee3aab8b918 0b7099d9ae884a30af0d022ff2a6edf9 0193c77f1dca4c0eac4c4da8ef42dd96 - - default default] Tap Mirror: Handle Delete Port: 3cfd2030-0c65-4c33-b5ad-beb72999ec51
2026-05-05 23:29:03.080 8 INFO neutron.db.ovn_revision_numbers_db [None req-0436f9ec-9fce-42f5-9b31-5d02088e56c3 cf0daefb56e74ed4819637a9fa87d277 31c0f8415e1f4d6aabb1123692544fd3 - - default default] Successfully bumped revision number for resource b89b528e-5b4a-4403-8d92-a8ce2a3e0993 (type: security_group_rules) to 0 [pid: 8|app: 0|req: 1501/2647] 10.0.0.134 () {32 vars in 774 bytes} [Tue May 5 23:29:02 2026] GET /v2.0/security-groups?tenant_id=0a546fb5bfd24f36ae2a5817694bf3a8&name=default => generated 2925 bytes in 422 msecs (HTTP/1.1 200) 4 headers in 158 bytes (1 switches on core 0) [pid: 7|app: 0|req: 1147/2648] 10.0.0.134 () {32 vars in 720 bytes} [Tue May 5 23:29:02 2026] DELETE /v2.0/ports/3cfd2030-0c65-4c33-b5ad-beb72999ec51 => generated 0 bytes in 324 msecs (HTTP/1.1 204) 3 headers in 131 bytes (1 switches on core 0)
2026-05-05 23:29:03.416 7 INFO neutron_taas.services.taas.taas_plugin [None req-c367d6e9-1626-48b7-a3d5-2bb7103bcfdc 0b7099d9ae884a30af0d022ff2a6edf9 0193c77f1dca4c0eac4c4da8ef42dd96 - - default default] TaaS: Handle Delete Port: 9d16da74-ca5a-49d8-8cbe-356e2ab98806
2026-05-05 23:29:03.420 7 INFO neutron_taas.services.taas.tap_mirror_plugin [None req-c367d6e9-1626-48b7-a3d5-2bb7103bcfdc 0b7099d9ae884a30af0d022ff2a6edf9 0193c77f1dca4c0eac4c4da8ef42dd96 - - default default] Tap Mirror: Handle Delete Port: 9d16da74-ca5a-49d8-8cbe-356e2ab98806 [pid: 8|app: 0|req: 1502/2649] 10.0.0.134 () {32 vars in 740 bytes} [Tue May 5 23:29:03 2026] DELETE /v2.0/security-groups/c2fc57aa-a0f2-4978-be47-ce4f035f3853 => generated 0 bytes in 355 msecs (HTTP/1.1 204) 2 headers in 112 bytes (1 switches on core 0) [pid: 7|app: 0|req: 1148/2650] 10.0.0.134 () {32 vars in 726 bytes} [Tue May 5 23:29:03 2026] DELETE /v2.0/networks/905a9ed9-57d5-4647-b5ef-d300ad63cdf7 => generated 0 bytes in 402 msecs (HTTP/1.1 204) 3 headers in 131 bytes (1 switches on core 0)
2026-05-05 23:29:03.801 8 INFO neutron_taas.services.taas.taas_plugin [None req-d613ac26-e56f-488e-9c92-f2d135c2cca3 0b7099d9ae884a30af0d022ff2a6edf9 0193c77f1dca4c0eac4c4da8ef42dd96 - - default default] TaaS: Handle Delete Port: 73165028-e801-41cb-9583-503ca58728ed
2026-05-05 23:29:03.803 8 INFO neutron_taas.services.taas.tap_mirror_plugin [None req-d613ac26-e56f-488e-9c92-f2d135c2cca3 0b7099d9ae884a30af0d022ff2a6edf9 0193c77f1dca4c0eac4c4da8ef42dd96 - - default default] Tap Mirror: Handle Delete Port: 73165028-e801-41cb-9583-503ca58728ed
2026-05-05 23:29:03.864 7 INFO neutron.services.segments.plugin [-] Segment 89b089c8-bf81-432e-aa3a-b591152be88a resource provider aggregate not found
2026-05-05 23:29:03.874 7 INFO neutron.services.segments.plugin [-] Segment 89b089c8-bf81-432e-aa3a-b591152be88a resource provider aggregate not found
2026-05-05 23:29:03.880 7 INFO neutron.services.segments.plugin [-] Segment 89b089c8-bf81-432e-aa3a-b591152be88a resource provider not found; error: Placement Client Error (4xx): {"errors": [{"status": 404, "title": "Not Found", "detail": "The resource could not be found.\n\n No resource provider with uuid 89b089c8-bf81-432e-aa3a-b591152be88a found for delete ", "request_id": "req-480a36a9-b2a1-4b20-8e3f-f781a7501a1f"}]}
2026-05-05 23:29:03.894 7 INFO neutron.services.segments.plugin [-] Segment 89b089c8-bf81-432e-aa3a-b591152be88a resource provider not found; error: Placement Client Error (4xx): {"errors": [{"status": 404, "title": "Not Found", "detail": "The resource could not be found.\n\n No resource provider with uuid 89b089c8-bf81-432e-aa3a-b591152be88a found for delete ", "request_id": "req-d2b9a4e9-5f56-4615-8983-243704e77f65"}]} [pid: 8|app: 0|req: 1503/2651] 10.0.0.134 () {32 vars in 726 bytes} [Tue May 5 23:29:03 2026] DELETE /v2.0/networks/0cddaab3-8523-4a10-9dec-6c51fc5f41d3 => generated 0 bytes in 447 msecs (HTTP/1.1 204) 3 headers in 131 bytes (1 switches on core 0)
2026-05-05 23:29:04.126 8 INFO neutron.services.segments.plugin [-] Segment 2ce69467-99f9-4e02-8ca1-658b2ba88452 resource provider aggregate not found
2026-05-05 23:29:04.139 8 INFO neutron.services.segments.plugin [-] Segment 2ce69467-99f9-4e02-8ca1-658b2ba88452 resource provider not found; error: Placement Client Error (4xx): {"errors": [{"status": 404, "title": "Not Found", "detail": "The resource could not be found.\n\n No resource provider with uuid 2ce69467-99f9-4e02-8ca1-658b2ba88452 found for delete ", "request_id": "req-1eb044bc-70a4-426c-8af0-aafa94c61e97"}]}
2026-05-05 23:29:04.140 8 INFO neutron.services.segments.plugin [-] Segment 2ce69467-99f9-4e02-8ca1-658b2ba88452 resource provider aggregate not found
2026-05-05 23:29:04.156 8 INFO neutron.services.segments.plugin [-] Segment 2ce69467-99f9-4e02-8ca1-658b2ba88452 resource provider not found; error: Placement Client Error (4xx): {"errors": [{"status": 404, "title": "Not Found", "detail": "The resource could not be found.\n\n No resource provider with uuid 2ce69467-99f9-4e02-8ca1-658b2ba88452 found for delete ", "request_id": "req-a52e6254-322e-4688-95f2-fa3cb36bb9e8"}]}
2026-05-05 23:29:04.247 7 INFO neutron_taas.services.taas.taas_plugin [None req-18c2be09-52a4-4d23-a425-f30ff0a3513c 0b7099d9ae884a30af0d022ff2a6edf9 0193c77f1dca4c0eac4c4da8ef42dd96 - - default default] TaaS: Handle Delete Port: 25b1a87e-746a-4e15-a54c-981e6e0fc45b
2026-05-05 23:29:04.249 7 INFO neutron_taas.services.taas.tap_mirror_plugin [None req-18c2be09-52a4-4d23-a425-f30ff0a3513c 0b7099d9ae884a30af0d022ff2a6edf9 0193c77f1dca4c0eac4c4da8ef42dd96 - - default default] Tap Mirror: Handle Delete Port: 25b1a87e-746a-4e15-a54c-981e6e0fc45b [pid: 7|app: 0|req: 1149/2654] 10.0.0.134 () {32 vars in 726 bytes} [Tue May 5 23:29:04 2026] DELETE /v2.0/networks/8a14842d-6403-4b78-9c9c-0ec4b4584caa => generated 0 bytes in 446 msecs (HTTP/1.1 204) 3 headers in 131 bytes (1 switches on core 0)
2026-05-05 23:29:04.701 8 INFO neutron_taas.services.taas.taas_plugin [None req-36b1e87a-a2fc-4513-8f2d-b91d99c90c6f 0b7099d9ae884a30af0d022ff2a6edf9 0193c77f1dca4c0eac4c4da8ef42dd96 - - default default] TaaS: Handle Delete Port: 017dbd2a-ce4c-4e3b-a217-e1d34f0e9837
2026-05-05 23:29:04.704 8 INFO neutron_taas.services.taas.tap_mirror_plugin [None req-36b1e87a-a2fc-4513-8f2d-b91d99c90c6f 0b7099d9ae884a30af0d022ff2a6edf9 0193c77f1dca4c0eac4c4da8ef42dd96 - - default default] Tap Mirror: Handle Delete Port: 017dbd2a-ce4c-4e3b-a217-e1d34f0e9837 [pid: 8|app: 0|req: 1506/2655] 10.0.0.134 () {32 vars in 726 bytes} [Tue May 5 23:29:04 2026] DELETE /v2.0/networks/c4c2a5cd-3804-4b93-ac6b-4f50a437413a => generated 0 bytes in 421 msecs (HTTP/1.1 204) 3 headers in 131 bytes (1 switches on core 0)
2026-05-05 23:29:05.145 7 INFO neutron_taas.services.taas.taas_plugin [None req-308c9209-3080-4252-9a97-bcd1cd8a05e1 0b7099d9ae884a30af0d022ff2a6edf9 0193c77f1dca4c0eac4c4da8ef42dd96 - - default default] TaaS: Handle Delete Port: 08a143aa-aff6-4fc9-a72b-a81715be57e9
2026-05-05 23:29:05.149 7 INFO neutron_taas.services.taas.tap_mirror_plugin [None req-308c9209-3080-4252-9a97-bcd1cd8a05e1 0b7099d9ae884a30af0d022ff2a6edf9 0193c77f1dca4c0eac4c4da8ef42dd96 - - default default] Tap Mirror: Handle Delete Port: 08a143aa-aff6-4fc9-a72b-a81715be57e9 [pid: 7|app: 0|req: 1150/2656] 10.0.0.134 () {32 vars in 726 bytes} [Tue May 5 23:29:05 2026] DELETE /v2.0/networks/f54a8a64-5097-4e97-b166-95b8cda45954 => generated 0 bytes in 400 msecs (HTTP/1.1 204) 3 headers in 131 bytes (1 switches on core 0)
2026-05-05 23:29:05.902 7 INFO neutron.services.segments.plugin [-] Segment 1e6103d3-000c-4761-bf47-34b434e8b74c resource provider aggregate not found
2026-05-05 23:29:05.917 7 INFO neutron.services.segments.plugin [-] Segment 1e6103d3-000c-4761-bf47-34b434e8b74c resource provider aggregate not found
2026-05-05 23:29:05.918 7 INFO neutron.services.segments.plugin [-] Segment 1e6103d3-000c-4761-bf47-34b434e8b74c resource provider not found; error: Placement Client Error (4xx): {"errors": [{"status": 404, "title": "Not Found", "detail": "The resource could not be found.\n\n No resource provider with uuid 1e6103d3-000c-4761-bf47-34b434e8b74c found for delete ", "request_id": "req-b487eb56-6f73-4d63-92eb-253d41a81128"}]}
2026-05-05 23:29:05.936 7 INFO neutron.services.segments.plugin [-] Segment 3b1d8400-72db-43a0-86fa-2de047ab9db6 resource provider aggregate not found
2026-05-05 23:29:05.940 7 INFO neutron.services.segments.plugin [-] Segment 1e6103d3-000c-4761-bf47-34b434e8b74c resource provider not found; error: Placement Client Error (4xx): {"errors": [{"status": 404, "title": "Not Found", "detail": "The resource could not be found.\n\n No resource provider with uuid 1e6103d3-000c-4761-bf47-34b434e8b74c found for delete ", "request_id": "req-3501f277-e2a3-4721-b11f-a446e875bba3"}]}
2026-05-05 23:29:05.948 7 INFO neutron.services.segments.plugin [-] Segment 3b1d8400-72db-43a0-86fa-2de047ab9db6 resource provider not found; error: Placement Client Error (4xx): {"errors": [{"status": 404, "title": "Not Found", "detail": "The resource could not be found.\n\n No resource provider with uuid 3b1d8400-72db-43a0-86fa-2de047ab9db6 found for delete ", "request_id": "req-f9769717-bccc-4e08-aa77-59fb4a0544ef"}]}
2026-05-05 23:29:05.960 7 INFO neutron.services.segments.plugin [-] Segment 3b1d8400-72db-43a0-86fa-2de047ab9db6 resource provider aggregate not found
2026-05-05 23:29:05.979 7 INFO neutron.services.segments.plugin [-] Segment 3b1d8400-72db-43a0-86fa-2de047ab9db6 resource provider not found; error: Placement Client Error (4xx): {"errors": [{"status": 404, "title": "Not Found", "detail": "The resource could not be found.\n\n No resource provider with uuid 3b1d8400-72db-43a0-86fa-2de047ab9db6 found for delete ", "request_id": "req-2e347316-712a-4d53-99c2-4eb11405e04f"}]}
2026-05-05 23:29:06.163 8 INFO neutron.services.segments.plugin [-] Segment 5c91a87d-3875-420f-98bf-3a85e2f10b91 resource provider aggregate not found
2026-05-05 23:29:06.175 8 INFO neutron.services.segments.plugin [-] Segment 5c91a87d-3875-420f-98bf-3a85e2f10b91 resource provider not found; error: Placement Client Error (4xx): {"errors": [{"status": 404, "title": "Not Found", "detail": "The resource could not be found.\n\n No resource provider with uuid 5c91a87d-3875-420f-98bf-3a85e2f10b91 found for delete ", "request_id": "req-f111b273-4597-4420-ba12-c5722f62ede4"}]}
2026-05-05 23:29:06.178 8 INFO neutron.services.segments.plugin [-] Segment 5c91a87d-3875-420f-98bf-3a85e2f10b91 resource provider aggregate not found
2026-05-05 23:29:06.192 8 INFO neutron.services.segments.plugin [-] Segment 5c91a87d-3875-420f-98bf-3a85e2f10b91 resource provider not found; error: Placement Client Error (4xx): {"errors": [{"status": 404, "title": "Not Found", "detail": "The resource could not be found.\n\n No resource provider with uuid 5c91a87d-3875-420f-98bf-3a85e2f10b91 found for delete ", "request_id": "req-501d1dcc-1b9b-4e75-b89d-1d5428253c3a"}]} [pid: 8|app: 0|req: 1507/2657] 10.0.0.134 () {32 vars in 774 bytes} [Tue May 5 23:29:06 2026] GET /v2.0/security-groups?tenant_id=0193c77f1dca4c0eac4c4da8ef42dd96&name=default => generated 2925 bytes in 195 msecs (HTTP/1.1 200) 4 headers in 158 bytes (1 switches on core 0)
2026-05-05 23:29:06.730 7 INFO neutron.db.ovn_revision_numbers_db [None req-eed63c7b-79e7-4781-bece-522c55a46284 e91ba8294f8e4a97bc6df0b61e90359f 876d29d00f934f19b9a1a3da79112cf5 - - default default] Successfully bumped revision number for resource 99a686ab-70c3-492d-be51-dbfddcb51ffd (type: security_groups) to 1
2026-05-05 23:29:06.744 7 INFO neutron.db.ovn_revision_numbers_db [None req-eed63c7b-79e7-4781-bece-522c55a46284 e91ba8294f8e4a97bc6df0b61e90359f 876d29d00f934f19b9a1a3da79112cf5 - - default default] Successfully bumped revision number for resource 2f5b0a4a-246e-4cf1-8335-5ff6e19a2d61 (type: security_group_rules) to 0
2026-05-05 23:29:06.758 7 INFO neutron.db.ovn_revision_numbers_db [None req-eed63c7b-79e7-4781-bece-522c55a46284 e91ba8294f8e4a97bc6df0b61e90359f 876d29d00f934f19b9a1a3da79112cf5 - - default default] Successfully bumped revision number for resource 380a8f26-d70e-4430-a99d-6ebd3f85a6e4 (type: security_group_rules) to 0
2026-05-05 23:29:06.774 7 INFO neutron.db.ovn_revision_numbers_db [None req-eed63c7b-79e7-4781-bece-522c55a46284 e91ba8294f8e4a97bc6df0b61e90359f 876d29d00f934f19b9a1a3da79112cf5 - - default default] Successfully bumped revision number for resource c64f42fa-5fca-44b2-a365-b6156e423892 (type: security_group_rules) to 0 [pid: 8|app: 0|req: 1508/2658] 10.0.0.134 () {32 vars in 740 bytes} [Tue May 5 23:29:06 2026] DELETE /v2.0/security-groups/26dc5365-2ad2-4f50-af9e-2635559599bd => generated 0 bytes in 331 msecs (HTTP/1.1 204) 2 headers in 112 bytes (1 switches on core 0)
2026-05-05 23:29:06.791 7 INFO neutron.db.ovn_revision_numbers_db [None req-eed63c7b-79e7-4781-bece-522c55a46284 e91ba8294f8e4a97bc6df0b61e90359f 876d29d00f934f19b9a1a3da79112cf5 - - default default] Successfully bumped revision number for resource dafac201-8731-4422-ba90-538227382112 (type: security_group_rules) to 0
2026-05-05 23:29:06.877 7 INFO neutron.db.segments_db [None req-eed63c7b-79e7-4781-bece-522c55a46284 e91ba8294f8e4a97bc6df0b61e90359f 876d29d00f934f19b9a1a3da79112cf5 - - default default] Added segment 5e510307-58fe-4938-b6b1-31457da3dfc8 of type geneve for network 29ec1047-b223-4dce-9724-245f2b6cc3b0
2026-05-05 23:29:07.026 8 INFO neutron.db.ovn_revision_numbers_db [None req-17027162-5c93-49a1-a0e6-94939fd4523f cf0daefb56e74ed4819637a9fa87d277 31c0f8415e1f4d6aabb1123692544fd3 - - default default] Successfully bumped revision number for resource cbc4d780-fe47-4175-9a7f-67a776bace6d (type: security_groups) to 1
2026-05-05 23:29:07.058 8 INFO neutron.db.ovn_revision_numbers_db [None req-17027162-5c93-49a1-a0e6-94939fd4523f cf0daefb56e74ed4819637a9fa87d277 31c0f8415e1f4d6aabb1123692544fd3 - - default default] Successfully bumped revision number for resource 02c77b16-eb55-49ed-addb-206004a8fbda (type: security_group_rules) to 0
2026-05-05 23:29:07.071 7 INFO neutron.db.ovn_revision_numbers_db [None req-eed63c7b-79e7-4781-bece-522c55a46284 e91ba8294f8e4a97bc6df0b61e90359f 876d29d00f934f19b9a1a3da79112cf5 - - default default] Successfully bumped revision number for resource 29ec1047-b223-4dce-9724-245f2b6cc3b0 (type: networks) to 1
2026-05-05 23:29:07.072 8 INFO neutron.db.ovn_revision_numbers_db [None req-17027162-5c93-49a1-a0e6-94939fd4523f cf0daefb56e74ed4819637a9fa87d277 31c0f8415e1f4d6aabb1123692544fd3 - - default default] Successfully bumped revision number for resource 07aea761-d736-4c26-9314-96f4669f2a59 (type: security_group_rules) to 0
2026-05-05 23:29:07.085 8 INFO neutron.db.ovn_revision_numbers_db [None req-17027162-5c93-49a1-a0e6-94939fd4523f cf0daefb56e74ed4819637a9fa87d277 31c0f8415e1f4d6aabb1123692544fd3 - - default default] Successfully bumped revision number for resource 4bc69bdb-37b2-4689-9e8b-133321377840 (type: security_group_rules) to 0
2026-05-05 23:29:07.098 8 INFO neutron.db.ovn_revision_numbers_db [None req-17027162-5c93-49a1-a0e6-94939fd4523f cf0daefb56e74ed4819637a9fa87d277 31c0f8415e1f4d6aabb1123692544fd3 - - default default] Successfully bumped revision number for resource 998f3109-24e0-473a-8e14-31ba49ed3c95 (type: security_group_rules) to 0 [pid: 8|app: 0|req: 1509/2659] 10.0.0.134 () {32 vars in 774 bytes} [Tue May 5 23:29:06 2026] GET /v2.0/security-groups?tenant_id=5deee0c9069e4e869e08251a09041e0c&name=default => generated 2925 bytes in 281 msecs (HTTP/1.1 200) 4 headers in 158 bytes (1 switches on core 0)
2026-05-05 23:29:07.250 7 WARNING neutron.scheduler.dhcp_agent_scheduler [None req-eed63c7b-79e7-4781-bece-522c55a46284 e91ba8294f8e4a97bc6df0b61e90359f 876d29d00f934f19b9a1a3da79112cf5 - - default default] No more DHCP agents
2026-05-05 23:29:07.253 7 WARNING neutron.api.rpc.agentnotifiers.dhcp_rpc_agent_api [None req-eed63c7b-79e7-4781-bece-522c55a46284 e91ba8294f8e4a97bc6df0b61e90359f 876d29d00f934f19b9a1a3da79112cf5 - - default default] Unable to schedule network 29ec1047-b223-4dce-9724-245f2b6cc3b0: no agents available; will retry on subsequent port and subnet creation events.
2026-05-05 23:29:07.341 7 INFO neutron.plugins.ml2.drivers.ovn.mech_driver.mech_driver [None req-eb333698-9ee2-4509-9e39-6707da09981c - - - - - -] OVN reports status down for port: cddbd900-6df7-40d0-aba9-12db9fb3e613
2026-05-05 23:29:07.443 7 INFO neutron.db.ovn_revision_numbers_db [None req-eed63c7b-79e7-4781-bece-522c55a46284 e91ba8294f8e4a97bc6df0b61e90359f 876d29d00f934f19b9a1a3da79112cf5 - - default default] Successfully bumped revision number for resource cddbd900-6df7-40d0-aba9-12db9fb3e613 (type: ports) to 1 [pid: 8|app: 0|req: 1510/2660] 10.0.0.134 () {32 vars in 740 bytes} [Tue May 5 23:29:07 2026] DELETE /v2.0/security-groups/cbc4d780-fe47-4175-9a7f-67a776bace6d => generated 0 bytes in 338 msecs (HTTP/1.1 204) 2 headers in 112 bytes (1 switches on core 0) [pid: 7|app: 0|req: 1151/2661] 10.0.0.134 () {34 vars in 671 bytes} [Tue May 5 23:29:06 2026] POST /v2.0/networks => generated 671 bytes in 1087 msecs (HTTP/1.1 201) 4 headers in 162 bytes (1 switches on core 0)
2026-05-05 23:29:07.798 7 INFO neutron.db.ovn_revision_numbers_db [None req-eac79807-2196-49da-9025-ee268f03065e cf0daefb56e74ed4819637a9fa87d277 31c0f8415e1f4d6aabb1123692544fd3 - - default default] Successfully bumped revision number for resource 979bee70-269c-428e-a338-ad6a395337ff (type: security_groups) to 1
2026-05-05 23:29:07.809 7 INFO neutron.db.ovn_revision_numbers_db [None req-eac79807-2196-49da-9025-ee268f03065e cf0daefb56e74ed4819637a9fa87d277 31c0f8415e1f4d6aabb1123692544fd3 - - default default] Successfully bumped revision number for resource 12e77529-f70e-4b39-862c-b295410c8932 (type: security_group_rules) to 0
2026-05-05 23:29:07.822 7 INFO neutron.db.ovn_revision_numbers_db [None req-eac79807-2196-49da-9025-ee268f03065e cf0daefb56e74ed4819637a9fa87d277 31c0f8415e1f4d6aabb1123692544fd3 - - default default] Successfully bumped revision number for resource 18b97024-a9cb-4bd3-85ae-d4414c79ad06 (type: security_group_rules) to 0
2026-05-05 23:29:07.833 7 INFO neutron.db.ovn_revision_numbers_db [None req-eac79807-2196-49da-9025-ee268f03065e cf0daefb56e74ed4819637a9fa87d277 31c0f8415e1f4d6aabb1123692544fd3 - - default default] Successfully bumped revision number for resource 3e8f48f7-508a-4f79-a007-abf154df4be9 (type: security_group_rules) to 0
2026-05-05 23:29:07.845 7 INFO neutron.db.ovn_revision_numbers_db [None req-eac79807-2196-49da-9025-ee268f03065e cf0daefb56e74ed4819637a9fa87d277 31c0f8415e1f4d6aabb1123692544fd3 - - default default] Successfully bumped revision number for resource 747ad845-de32-47af-a4c8-f0acebf4cf8c (type: security_group_rules) to 0 [pid: 7|app: 0|req: 1152/2662] 10.0.0.134 () {32 vars in 774 bytes} [Tue May 5 23:29:07 2026] GET /v2.0/security-groups?tenant_id=052f28157bb140688a1b4d5bd7f0a27c&name=default => generated 2925 bytes in 258 msecs (HTTP/1.1 200) 4 headers in 158 bytes (1 switches on core 0)
2026-05-05 23:29:07.939 8 WARNING neutron.scheduler.dhcp_agent_scheduler [None req-15fddb02-d6f9-41c9-b4e5-cb279ceff664 e91ba8294f8e4a97bc6df0b61e90359f 876d29d00f934f19b9a1a3da79112cf5 - - default default] No more DHCP agents
2026-05-05 23:29:07.940 8 WARNING neutron.api.rpc.agentnotifiers.dhcp_rpc_agent_api [None req-15fddb02-d6f9-41c9-b4e5-cb279ceff664 e91ba8294f8e4a97bc6df0b61e90359f 876d29d00f934f19b9a1a3da79112cf5 - - default default] Unable to schedule network 052ecdbf-997e-4d45-8c87-211e5a73f00b: no agents available; will retry on subsequent port and subnet creation events.
2026-05-05 23:29:08.122 7 INFO neutron.plugins.ml2.drivers.ovn.mech_driver.mech_driver [None req-eb333698-9ee2-4509-9e39-6707da09981c - - - - - -] OVN reports status down for port: c20db968-b15c-4787-abec-76b8bbac9af9
2026-05-05 23:29:08.161 8 INFO neutron.db.ovn_revision_numbers_db [None req-15fddb02-d6f9-41c9-b4e5-cb279ceff664 e91ba8294f8e4a97bc6df0b61e90359f 876d29d00f934f19b9a1a3da79112cf5 - - default default] Successfully bumped revision number for resource c20db968-b15c-4787-abec-76b8bbac9af9 (type: ports) to 1 [pid: 7|app: 0|req: 1153/2663] 10.0.0.134 () {32 vars in 740 bytes} [Tue May 5 23:29:07 2026] DELETE /v2.0/security-groups/979bee70-269c-428e-a338-ad6a395337ff => generated 0 bytes in 349 msecs (HTTP/1.1 204) 2 headers in 112 bytes (1 switches on core 0)
2026-05-05 23:29:08.792 8 INFO neutron.plugins.ml2.drivers.ovn.mech_driver.ovsdb.commands [-] Schedule LRP lrp-c20db968-b15c-4787-abec-76b8bbac9af9 on gateway 324d6431-af3e-4f34-92fd-a2e59ff6d31c with priority 1
2026-05-05 23:29:08.899 7 INFO neutron.plugins.ml2.drivers.ovn.mech_driver.ovsdb.ovsdb_monitor [None req-fbf68e47-f30d-4037-8376-f6d7c569c78e - - - - - -] Router af803e65-df63-41aa-83b9-295e0bcd3533 is bound to host instance
2026-05-05 23:29:08.985 7 INFO neutron.plugins.ml2.drivers.ovn.mech_driver.mech_driver [None req-eb333698-9ee2-4509-9e39-6707da09981c - - - - - -] OVN reports status up for port: c20db968-b15c-4787-abec-76b8bbac9af9
2026-05-05 23:29:09.020 8 INFO neutron.db.ovn_revision_numbers_db [None req-15fddb02-d6f9-41c9-b4e5-cb279ceff664 e91ba8294f8e4a97bc6df0b61e90359f 876d29d00f934f19b9a1a3da79112cf5 - - default default] Successfully bumped revision number for resource c20db968-b15c-4787-abec-76b8bbac9af9 (type: router_ports) to 1
2026-05-05 23:29:09.048 7 INFO neutron.plugins.ml2.plugin [None req-eb333698-9ee2-4509-9e39-6707da09981c - - - - - -] Attempt 1 to provision port c20db968-b15c-4787-abec-76b8bbac9af9
2026-05-05 23:29:09.117 8 INFO neutron.db.ovn_revision_numbers_db [None req-15fddb02-d6f9-41c9-b4e5-cb279ceff664 e91ba8294f8e4a97bc6df0b61e90359f 876d29d00f934f19b9a1a3da79112cf5 - - default default] Successfully bumped revision number for resource af803e65-df63-41aa-83b9-295e0bcd3533 (type: routers) to 2 [pid: 8|app: 0|req: 1511/2664] 10.0.0.134 () {34 vars in 669 bytes} [Tue May 5 23:29:07 2026] POST /v2.0/routers => generated 954 bytes in 1651 msecs (HTTP/1.1 201) 4 headers in 162 bytes (1 switches on core 0) [pid: 7|app: 0|req: 1154/2665] 10.0.0.134 () {32 vars in 776 bytes} [Tue May 5 23:29:09 2026] GET /v2.0/subnets?project_id=876d29d00f934f19b9a1a3da79112cf5&cidr=10.100.0.0%2F28 => generated 14 bytes in 310 msecs (HTTP/1.1 200) 4 headers in 156 bytes (1 switches on core 0) [pid: 8|app: 0|req: 1512/2666] 10.0.0.134 () {32 vars in 694 bytes} [Tue May 5 23:29:09 2026] GET /v2.0/networks?router%3Aexternal=True => generated 791 bytes in 49 msecs (HTTP/1.1 200) 4 headers in 157 bytes (1 switches on core 0) [pid: 7|app: 0|req: 1155/2667] 10.0.0.134 () {32 vars in 784 bytes} [Tue May 5 23:29:09 2026] GET /v2.0/subnets?network_id=052ecdbf-997e-4d45-8c87-211e5a73f00b&cidr=10.100.0.0%2F28 => generated 14 bytes in 43 msecs (HTTP/1.1 200) 4 headers in 156 bytes (1 switches on core 0)
2026-05-05 23:29:09.773 8 WARNING neutron.scheduler.dhcp_agent_scheduler [None req-a3c78540-1882-4b5d-b40a-7c12c52245b8 e91ba8294f8e4a97bc6df0b61e90359f 876d29d00f934f19b9a1a3da79112cf5 - - default default] No more DHCP agents
2026-05-05 23:29:09.774 8 WARNING neutron.api.rpc.agentnotifiers.dhcp_rpc_agent_api [None req-a3c78540-1882-4b5d-b40a-7c12c52245b8 e91ba8294f8e4a97bc6df0b61e90359f 876d29d00f934f19b9a1a3da79112cf5 - - default default] Unable to schedule network 29ec1047-b223-4dce-9724-245f2b6cc3b0: no agents available; will retry on subsequent port and subnet creation events.
2026-05-05 23:29:10.275 8 INFO neutron.db.ovn_revision_numbers_db [None req-c45cc816-0b15-42ee-b752-f5301d6e3b62 - - - - - -] Successfully bumped revision number for resource cddbd900-6df7-40d0-aba9-12db9fb3e613 (type: ports) to 2
2026-05-05 23:29:10.310 8 INFO neutron.db.ovn_revision_numbers_db [None req-c45cc816-0b15-42ee-b752-f5301d6e3b62 - - - - - -] Successfully bumped revision number for resource dbf84c25-e42b-48d6-9777-fc51c1315385 (type: subnets) to 0 [pid: 8|app: 0|req: 1513/2668] 10.0.0.134 () {34 vars in 669 bytes} [Tue May 5 23:29:09 2026] POST /v2.0/subnets => generated 656 bytes in 761 msecs (HTTP/1.1 201) 4 headers in 162 bytes (1 switches on core 0)
2026-05-05 23:29:10.852 7 INFO neutron.db.ovn_revision_numbers_db [None req-bdafb44e-110a-435a-b43f-241ab8600da1 - - - - - -] Successfully bumped revision number for resource c20db968-b15c-4787-abec-76b8bbac9af9 (type: ports) to 4
2026-05-05 23:29:11.560 7 INFO neutron.db.ovn_revision_numbers_db [None req-bdafb44e-110a-435a-b43f-241ab8600da1 - - - - - -] Successfully bumped revision number for resource c20db968-b15c-4787-abec-76b8bbac9af9 (type: ports) to 5
2026-05-05 23:29:11.672 7 WARNING neutron.scheduler.dhcp_agent_scheduler [None req-3e0637fb-d30e-4905-bed2-9de1470fcee9 e91ba8294f8e4a97bc6df0b61e90359f 876d29d00f934f19b9a1a3da79112cf5 - - default default] No more DHCP agents
2026-05-05 23:29:11.676 7 WARNING neutron.api.rpc.agentnotifiers.dhcp_rpc_agent_api [None req-3e0637fb-d30e-4905-bed2-9de1470fcee9 e91ba8294f8e4a97bc6df0b61e90359f 876d29d00f934f19b9a1a3da79112cf5 - - default default] Unable to schedule network 29ec1047-b223-4dce-9724-245f2b6cc3b0: no agents available; will retry on subsequent port and subnet creation events.
2026-05-05 23:29:11.853 7 INFO neutron.plugins.ml2.drivers.ovn.mech_driver.mech_driver [None req-eb333698-9ee2-4509-9e39-6707da09981c - - - - - -] OVN reports status down for port: 3092fbb1-5ba2-4985-ba6f-0f1f3c604847
2026-05-05 23:29:11.913 7 INFO neutron.db.ovn_revision_numbers_db [None req-3e0637fb-d30e-4905-bed2-9de1470fcee9 e91ba8294f8e4a97bc6df0b61e90359f 876d29d00f934f19b9a1a3da79112cf5 - - default default] Successfully bumped revision number for resource 3092fbb1-5ba2-4985-ba6f-0f1f3c604847 (type: ports) to 1
2026-05-05 23:29:12.577 7 INFO neutron.plugins.ml2.drivers.ovn.mech_driver.mech_driver [None req-eb333698-9ee2-4509-9e39-6707da09981c - - - - - -] OVN reports status up for port: 3092fbb1-5ba2-4985-ba6f-0f1f3c604847
2026-05-05 23:29:12.602 7 INFO neutron.plugins.ml2.plugin [None req-eb333698-9ee2-4509-9e39-6707da09981c - - - - - -] Attempt 1 to provision port 3092fbb1-5ba2-4985-ba6f-0f1f3c604847
2026-05-05 23:29:12.754 8 INFO neutron.db.ovn_revision_numbers_db [None req-65524a8f-1189-498b-8408-7c48b9f43be8 ff598133eaa94e8eb46315ff49ea22c6 1641c36ae08846b1b427ff0dfebaea94 - - default default] Successfully bumped revision number for resource 0e56dbd3-8f52-49cf-b00e-9935fe361348 (type: security_groups) to 1
2026-05-05 23:29:12.765 8 INFO neutron.db.ovn_revision_numbers_db [None req-65524a8f-1189-498b-8408-7c48b9f43be8 ff598133eaa94e8eb46315ff49ea22c6 1641c36ae08846b1b427ff0dfebaea94 - - default default] Successfully bumped revision number for resource 04ac28d1-d6d8-4c60-9a3f-b82de004b882 (type: security_group_rules) to 0
2026-05-05 23:29:12.780 8 INFO neutron.db.ovn_revision_numbers_db [None req-65524a8f-1189-498b-8408-7c48b9f43be8 ff598133eaa94e8eb46315ff49ea22c6 1641c36ae08846b1b427ff0dfebaea94 - - default default] Successfully bumped revision number for resource 4094f65d-4c30-4ece-8a68-bbd7278b140c (type: security_group_rules) to 0
2026-05-05 23:29:12.793 8 INFO neutron.db.ovn_revision_numbers_db [None req-65524a8f-1189-498b-8408-7c48b9f43be8 ff598133eaa94e8eb46315ff49ea22c6 1641c36ae08846b1b427ff0dfebaea94 - - default default] Successfully bumped revision number for resource 76b663b9-f836-4c86-aa76-009b449987ef (type: security_group_rules) to 0
2026-05-05 23:29:12.803 8 INFO neutron.db.ovn_revision_numbers_db [None req-65524a8f-1189-498b-8408-7c48b9f43be8 ff598133eaa94e8eb46315ff49ea22c6 1641c36ae08846b1b427ff0dfebaea94 - - default default] Successfully bumped revision number for resource a103e297-d592-44de-a5b2-835ea72ca948 (type: security_group_rules) to 0
2026-05-05 23:29:12.830 7 WARNING neutron.scheduler.dhcp_agent_scheduler [None req-3e0637fb-d30e-4905-bed2-9de1470fcee9 e91ba8294f8e4a97bc6df0b61e90359f 876d29d00f934f19b9a1a3da79112cf5 - - default default] No more DHCP agents
2026-05-05 23:29:12.832 7 WARNING neutron.api.rpc.agentnotifiers.dhcp_rpc_agent_api [None req-3e0637fb-d30e-4905-bed2-9de1470fcee9 e91ba8294f8e4a97bc6df0b61e90359f 876d29d00f934f19b9a1a3da79112cf5 - - default default] Unable to schedule network 29ec1047-b223-4dce-9724-245f2b6cc3b0: no agents available; will retry on subsequent port and subnet creation events.
2026-05-05 23:29:12.926 8 INFO neutron.db.ovn_revision_numbers_db [None req-65524a8f-1189-498b-8408-7c48b9f43be8 ff598133eaa94e8eb46315ff49ea22c6 1641c36ae08846b1b427ff0dfebaea94 - - default default] Successfully bumped revision number for resource 2228e492-4b97-4f08-a5ec-65a7ef593b55 (type: security_groups) to 1
2026-05-05 23:29:12.939 8 INFO neutron.db.ovn_revision_numbers_db [None req-65524a8f-1189-498b-8408-7c48b9f43be8 ff598133eaa94e8eb46315ff49ea22c6 1641c36ae08846b1b427ff0dfebaea94 - - default default] Successfully bumped revision number for resource 8eb89fb8-af58-4c9b-8c9b-c09c729b4c78 (type: security_group_rules) to 0
2026-05-05 23:29:12.950 8 INFO neutron.db.ovn_revision_numbers_db [None req-65524a8f-1189-498b-8408-7c48b9f43be8 ff598133eaa94e8eb46315ff49ea22c6 1641c36ae08846b1b427ff0dfebaea94 - - default default] Successfully bumped revision number for resource a078b2f6-899c-4613-be8c-5475c2e6b215 (type: security_group_rules) to 0 [pid: 8|app: 0|req: 1514/2669] 10.0.0.134 () {34 vars in 684 bytes} [Tue May 5 23:29:12 2026] POST /v2.0/security-groups => generated 1601 bytes in 567 msecs (HTTP/1.1 201) 4 headers in 163 bytes (1 switches on core 0)
2026-05-05 23:29:13.140 8 INFO neutron.db.ovn_revision_numbers_db [None req-645cfc3c-3d16-4e65-be51-7250bbff532e ff598133eaa94e8eb46315ff49ea22c6 1641c36ae08846b1b427ff0dfebaea94 - - default default] Successfully bumped revision number for resource 17cc0798-78c6-487d-a741-4a838e229004 (type: security_groups) to 1
2026-05-05 23:29:13.150 8 INFO neutron.db.ovn_revision_numbers_db [None req-645cfc3c-3d16-4e65-be51-7250bbff532e ff598133eaa94e8eb46315ff49ea22c6 1641c36ae08846b1b427ff0dfebaea94 - - default default] Successfully bumped revision number for resource 0c4add68-a891-49e8-a28f-f405ddcd1a51 (type: security_group_rules) to 0
2026-05-05 23:29:13.162 8 INFO neutron.db.ovn_revision_numbers_db [None req-645cfc3c-3d16-4e65-be51-7250bbff532e ff598133eaa94e8eb46315ff49ea22c6 1641c36ae08846b1b427ff0dfebaea94 - - default default] Successfully bumped revision number for resource 3ef0f05d-eb0e-4ca8-a96a-5c6301938256 (type: security_group_rules) to 0 [pid: 8|app: 0|req: 1515/2670] 10.0.0.134 () {34 vars in 684 bytes} [Tue May 5 23:29:12 2026] POST /v2.0/security-groups => generated 1601 bytes in 230 msecs (HTTP/1.1 201) 4 headers in 163 bytes (1 switches on core 0)
2026-05-05 23:29:13.277 7 INFO neutron.db.ovn_revision_numbers_db [None req-eb333698-9ee2-4509-9e39-6707da09981c - - - - - -] Successfully bumped revision number for resource 3092fbb1-5ba2-4985-ba6f-0f1f3c604847 (type: ports) to 2
2026-05-05 23:29:13.520 8 INFO neutron.db.ovn_revision_numbers_db [None req-607d7592-74d0-49ea-859d-75e8349564c1 ff598133eaa94e8eb46315ff49ea22c6 1641c36ae08846b1b427ff0dfebaea94 - - default default] Successfully bumped revision number for resource 30785bba-f067-49c0-a12f-ebd795c7b0e8 (type: security_groups) to 1
2026-05-05 23:29:13.543 8 INFO neutron.db.ovn_revision_numbers_db [None req-607d7592-74d0-49ea-859d-75e8349564c1 ff598133eaa94e8eb46315ff49ea22c6 1641c36ae08846b1b427ff0dfebaea94 - - default default] Successfully bumped revision number for resource 6b4687dc-43cb-415b-8f5e-fa3481674b7f (type: security_group_rules) to 0
2026-05-05 23:29:13.557 8 INFO neutron.db.ovn_revision_numbers_db [None req-607d7592-74d0-49ea-859d-75e8349564c1 ff598133eaa94e8eb46315ff49ea22c6 1641c36ae08846b1b427ff0dfebaea94 - - default default] Successfully bumped revision number for resource 6e38fb0f-3e9e-4671-90e6-961c96d9e8d4 (type: security_group_rules) to 0
2026-05-05 23:29:13.591 7 INFO neutron.db.ovn_revision_numbers_db [None req-3e0637fb-d30e-4905-bed2-9de1470fcee9 e91ba8294f8e4a97bc6df0b61e90359f 876d29d00f934f19b9a1a3da79112cf5 - - default default] Successfully bumped revision number for resource 3092fbb1-5ba2-4985-ba6f-0f1f3c604847 (type: router_ports) to 2 [pid: 7|app: 0|req: 1156/2671] 10.0.0.134 () {34 vars in 783 bytes} [Tue May 5 23:29:10 2026] PUT /v2.0/routers/af803e65-df63-41aa-83b9-295e0bcd3533/add_router_interface => generated 309 bytes in 3269 msecs (HTTP/1.1 200) 4 headers in 157 bytes (1 switches on core 0) [pid: 8|app: 0|req: 1516/2672] 10.0.0.134 () {34 vars in 684 bytes} [Tue May 5 23:29:13 2026] POST /v2.0/security-groups => generated 1601 bytes in 379 msecs (HTTP/1.1 201) 4 headers in 163 bytes (1 switches on core 0) [pid: 7|app: 0|req: 1157/2673] 10.0.0.134 () {32 vars in 649 bytes} [Tue May 5 23:29:13 2026] GET /v2.0/networks => generated 5555 bytes in 67 msecs (HTTP/1.1 200) 4 headers in 158 bytes (1 switches on core 0) [pid: 7|app: 0|req: 1158/2674] 10.0.0.134 () {32 vars in 647 bytes} [Tue May 5 23:29:13 2026] GET /v2.0/subnets => generated 6175 bytes in 77 msecs (HTTP/1.1 200) 4 headers in 158 bytes (1 switches on core 0)
2026-05-05 23:29:13.778 8 INFO neutron.db.ovn_revision_numbers_db [None req-8e21db33-5842-4a93-85a9-c3705c875ca0 ff598133eaa94e8eb46315ff49ea22c6 1641c36ae08846b1b427ff0dfebaea94 - - default default] Successfully bumped revision number for resource bc324ac6-4208-41de-9ea1-c3b2a56b070a (type: security_groups) to 1
2026-05-05 23:29:13.793 8 INFO neutron.db.ovn_revision_numbers_db [None req-8e21db33-5842-4a93-85a9-c3705c875ca0 ff598133eaa94e8eb46315ff49ea22c6 1641c36ae08846b1b427ff0dfebaea94 - - default default] Successfully bumped revision number for resource 167d9c8b-a4e7-4c18-9fed-84b6baeef3cb (type: security_group_rules) to 0
2026-05-05 23:29:13.807 8 INFO neutron.db.ovn_revision_numbers_db [None req-8e21db33-5842-4a93-85a9-c3705c875ca0 ff598133eaa94e8eb46315ff49ea22c6 1641c36ae08846b1b427ff0dfebaea94 - - default default] Successfully bumped revision number for resource 3cdecb04-4312-4e79-967d-a31d8d2cf1c5 (type: security_group_rules) to 0 [pid: 8|app: 0|req: 1517/2675] 10.0.0.134 () {34 vars in 684 bytes} [Tue May 5 23:29:13 2026] POST /v2.0/security-groups => generated 1601 bytes in 239 msecs (HTTP/1.1 201) 4 headers in 163 bytes (1 switches on core 0) [pid: 7|app: 0|req: 1159/2676] 10.0.0.134 () {32 vars in 647 bytes} [Tue May 5 23:29:13 2026] GET /v2.0/routers => generated 1927 bytes in 113 msecs (HTTP/1.1 200) 4 headers in 158 bytes (1 switches on core 0)
2026-05-05 23:29:14.002 8 INFO neutron.db.ovn_revision_numbers_db [None req-3ed4208d-c760-4ead-ab26-4dc447d15767 ff598133eaa94e8eb46315ff49ea22c6 1641c36ae08846b1b427ff0dfebaea94 - - default default] Successfully bumped revision number for resource 546b51c3-2750-4099-a1fd-db653f4c685e (type: security_groups) to 1
2026-05-05 23:29:14.014 8 INFO neutron.db.ovn_revision_numbers_db [None req-3ed4208d-c760-4ead-ab26-4dc447d15767 ff598133eaa94e8eb46315ff49ea22c6 1641c36ae08846b1b427ff0dfebaea94 - - default default] Successfully bumped revision number for resource 230fa055-76de-4b2e-bf24-3a2c4d09d487 (type: security_group_rules) to 0
2026-05-05 23:29:14.025 8 INFO neutron.db.ovn_revision_numbers_db [None req-3ed4208d-c760-4ead-ab26-4dc447d15767 ff598133eaa94e8eb46315ff49ea22c6 1641c36ae08846b1b427ff0dfebaea94 - - default default] Successfully bumped revision number for resource 7235d53f-ffd0-4699-b71d-317d30eef802 (type: security_group_rules) to 0 [pid: 8|app: 0|req: 1518/2677] 10.0.0.134 () {34 vars in 684 bytes} [Tue May 5 23:29:13 2026] POST /v2.0/security-groups => generated 1601 bytes in 231 msecs (HTTP/1.1 201) 4 headers in 163 bytes (1 switches on core 0)
2026-05-05 23:29:14.101 7 INFO neutron.db.ovn_revision_numbers_db [None req-9aeefc99-74ac-49d0-863b-9d408db75f00 e91ba8294f8e4a97bc6df0b61e90359f 876d29d00f934f19b9a1a3da79112cf5 - - default default] Successfully bumped revision number for resource 3d1e9f39-5e0c-4948-b285-c20c741f2e87 (type: security_groups) to 1
2026-05-05 23:29:14.123 7 INFO neutron.db.ovn_revision_numbers_db [None req-9aeefc99-74ac-49d0-863b-9d408db75f00 e91ba8294f8e4a97bc6df0b61e90359f 876d29d00f934f19b9a1a3da79112cf5 - - default default] Successfully bumped revision number for resource c36b73de-c4e7-41b0-ad05-390b90f17b94 (type: security_group_rules) to 0
2026-05-05 23:29:14.136 7 INFO neutron.db.ovn_revision_numbers_db [None req-9aeefc99-74ac-49d0-863b-9d408db75f00 e91ba8294f8e4a97bc6df0b61e90359f 876d29d00f934f19b9a1a3da79112cf5 - - default default] Successfully bumped revision number for resource fc19d769-e4d5-4bf0-8034-03a5b7df8c9d (type: security_group_rules) to 0 [pid: 8|app: 0|req: 1519/2678] 10.0.0.134 () {34 vars in 767 bytes} [Tue May 5 23:29:14 2026] PUT /v2.0/security-groups/2228e492-4b97-4f08-a5ec-65a7ef593b55/tags => generated 17 bytes in 94 msecs (HTTP/1.1 200) 4 headers in 156 bytes (1 switches on core 0) [pid: 7|app: 0|req: 1160/2679] 10.0.0.134 () {34 vars in 685 bytes} [Tue May 5 23:29:13 2026] POST /v2.0/security-groups => generated 1675 bytes in 262 msecs (HTTP/1.1 201) 4 headers in 163 bytes (1 switches on core 0) [pid: 8|app: 0|req: 1520/2680] 10.0.0.134 () {34 vars in 767 bytes} [Tue May 5 23:29:14 2026] PUT /v2.0/security-groups/17cc0798-78c6-487d-a741-4a838e229004/tags => generated 25 bytes in 59 msecs (HTTP/1.1 200) 4 headers in 156 bytes (1 switches on core 0) [pid: 8|app: 0|req: 1521/2681] 10.0.0.134 () {34 vars in 767 bytes} [Tue May 5 23:29:14 2026] PUT /v2.0/security-groups/30785bba-f067-49c0-a12f-ebd795c7b0e8/tags => generated 34 bytes in 81 msecs (HTTP/1.1 200) 4 headers in 156 bytes (1 switches on core 0)
2026-05-05 23:29:14.366 7 INFO neutron.db.ovn_revision_numbers_db [None req-0632a5bf-eb4b-4b36-8ca3-46643ccb194e e91ba8294f8e4a97bc6df0b61e90359f 876d29d00f934f19b9a1a3da79112cf5 - - default default] Successfully bumped revision number for resource df506537-ce43-405e-9074-27fda9e4f5a6 (type: security_group_rules) to 0 [pid: 7|app: 0|req: 1161/2682] 10.0.0.134 () {34 vars in 695 bytes} [Tue May 5 23:29:14 2026] POST /v2.0/security-group-rules => generated 597 bytes in 214 msecs (HTTP/1.1 201) 4 headers in 162 bytes (1 switches on core 0) [pid: 8|app: 0|req: 1522/2683] 10.0.0.134 () {34 vars in 767 bytes} [Tue May 5 23:29:14 2026] PUT /v2.0/security-groups/bc324ac6-4208-41de-9ea1-c3b2a56b070a/tags => generated 19 bytes in 70 msecs (HTTP/1.1 200) 4 headers in 156 bytes (1 switches on core 0) [pid: 8|app: 0|req: 1523/2684] 10.0.0.134 () {32 vars in 680 bytes} [Tue May 5 23:29:14 2026] GET /v2.0/security-groups?tags=red => generated 4804 bytes in 43 msecs (HTTP/1.1 200) 4 headers in 158 bytes (1 switches on core 0) [pid: 8|app: 0|req: 1524/2685] 10.0.0.134 () {32 vars in 694 bytes} [Tue May 5 23:29:14 2026] GET /v2.0/security-groups?tags=red%2Cblue => generated 3218 bytes in 50 msecs (HTTP/1.1 200) 4 headers in 158 bytes (1 switches on core 0)
