2026-05-05 23:31:33.757 7 INFO neutron.notifiers.nova [-] Nova event matching ['req-0293ce1c-e4cc-4e87-a1a9-dbaeebaffdf8'] response: {'server_uuid': 'b7e05755-e06e-4c5d-bfdc-8157c5df1905', 'name': 'network-vif-deleted', 'tag': '8e87c6a8-8545-4625-b98f-a31f95b2d568', 'status': 'completed', 'code': 200} [pid: 8|app: 0|req: 1952/3508] 10.0.0.4 () {28 vars in 581 bytes} [Tue May 5 23:31:35 2026] GET /v2.0/subnets => generated 5511 bytes in 136 msecs (HTTP/1.1 200) 4 headers in 158 bytes (1 switches on core 0) [pid: 7|app: 0|req: 1557/3509] 10.0.0.4 () {28 vars in 589 bytes} [Tue May 5 23:31:35 2026] GET /v2.0/subnetpools => generated 19 bytes in 12 msecs (HTTP/1.1 200) 4 headers in 156 bytes (1 switches on core 0) [pid: 8|app: 0|req: 1953/3510] 10.0.0.4 () {28 vars in 581 bytes} [Tue May 5 23:31:35 2026] GET /v2.0/routers => generated 965 bytes in 68 msecs (HTTP/1.1 200) 4 headers in 157 bytes (1 switches on core 0) [pid: 7|app: 0|req: 1558/3511] 10.0.0.4 () {28 vars in 622 bytes} [Tue May 5 23:31:35 2026] GET /v2.0/agents?binary=ovn-controller => generated 416 bytes in 77 msecs (HTTP/1.1 200) 4 headers in 157 bytes (1 switches on core 0) [pid: 8|app: 0|req: 1954/3512] 10.0.0.4 () {28 vars in 597 bytes} [Tue May 5 23:31:35 2026] GET /v2.0/security-groups => generated 28635 bytes in 55 msecs (HTTP/1.1 200) 4 headers in 159 bytes (1 switches on core 0) [pid: 8|app: 0|req: 1955/3513] 10.0.0.112 () {34 vars in 990 bytes} [Tue May 5 23:31:36 2026] GET /v2.0/ports?device_id=b7e05755-e06e-4c5d-bfdc-8157c5df1905 => generated 12 bytes in 21 msecs (HTTP/1.1 200) 4 headers in 156 bytes (1 switches on core 0) [pid: 7|app: 0|req: 1559/3514] 10.0.0.4 () {28 vars in 577 bytes} [Tue May 5 23:31:36 2026] GET /v2.0/ports => generated 14981 bytes in 94 msecs (HTTP/1.1 200) 4 headers in 159 bytes (1 switches on core 0) [pid: 8|app: 0|req: 1956/3515] 10.0.0.4 () {28 vars in 583 bytes} [Tue May 5 23:31:36 2026] GET /v2.0/networks => generated 4771 bytes in 63 msecs (HTTP/1.1 200) 4 headers in 158 bytes (1 switches on core 0) [pid: 7|app: 0|req: 1560/3516] 10.0.0.4 () {28 vars in 579 bytes} [Tue May 5 23:31:36 2026] GET /v2.0/agents => generated 1214 bytes in 14 msecs (HTTP/1.1 200) 4 headers in 158 bytes (1 switches on core 0) [pid: 8|app: 0|req: 1957/3517] 10.0.0.4 () {28 vars in 617 bytes} [Tue May 5 23:31:36 2026] GET /v2.0/network-ip-availabilities => generated 3186 bytes in 16 msecs (HTTP/1.1 200) 4 headers in 158 bytes (1 switches on core 0) [pid: 7|app: 0|req: 1561/3518] 10.0.0.4 () {28 vars in 589 bytes} [Tue May 5 23:31:36 2026] GET /v2.0/floatingips => generated 860 bytes in 31 msecs (HTTP/1.1 200) 4 headers in 157 bytes (1 switches on core 0) [pid: 8|app: 0|req: 1958/3519] 10.0.0.4 () {28 vars in 581 bytes} [Tue May 5 23:31:36 2026] GET /v2.0/subnets => generated 5511 bytes in 51 msecs (HTTP/1.1 200) 4 headers in 158 bytes (1 switches on core 0)
2026-05-05 23:31:41.246 7 INFO neutron_taas.services.taas.taas_plugin [None req-3dec6ba3-ae13-45c1-8a07-295c0a5fcb1d 763cf934ef804ae990ed7da3d9b1596b c57134abcde8438286e485ac63132006 - - default default] TaaS: Handle Delete Port: 501558d2-82e8-4d26-9fa2-a91e6b6ea007
2026-05-05 23:31:41.250 7 INFO neutron_taas.services.taas.tap_mirror_plugin [None req-3dec6ba3-ae13-45c1-8a07-295c0a5fcb1d 763cf934ef804ae990ed7da3d9b1596b c57134abcde8438286e485ac63132006 - - default default] Tap Mirror: Handle Delete Port: 501558d2-82e8-4d26-9fa2-a91e6b6ea007
2026-05-05 23:31:41.489 7 INFO neutron.db.l3_db [None req-3dec6ba3-ae13-45c1-8a07-295c0a5fcb1d 763cf934ef804ae990ed7da3d9b1596b c57134abcde8438286e485ac63132006 - - default default] Floating IP 5cf45fb9-fcbf-4ddc-b182-6986ee0b2343 disassociated (deleted). External IP: 10.96.250.211, port: b37953d6-e646-4899-9604-873b403e3873. [pid: 7|app: 0|req: 1562/3520] 10.0.0.134 () {32 vars in 732 bytes} [Tue May 5 23:31:41 2026] DELETE /v2.0/floatingips/5cf45fb9-fcbf-4ddc-b182-6986ee0b2343 => generated 0 bytes in 418 msecs (HTTP/1.1 204) 2 headers in 112 bytes (1 switches on core 0)
2026-05-05 23:31:41.546 8 INFO neutron.api.v2.resource [None req-f27cf86d-7d94-45c6-a17b-0d244d2a8a3b 763cf934ef804ae990ed7da3d9b1596b c57134abcde8438286e485ac63132006 - - default default] show failed (client error): The resource could not be found. [pid: 8|app: 0|req: 1959/3521] 10.0.0.134 () {32 vars in 729 bytes} [Tue May 5 23:31:41 2026] GET /v2.0/floatingips/5cf45fb9-fcbf-4ddc-b182-6986ee0b2343 => generated 144 bytes in 21 msecs (HTTP/1.1 404) 4 headers in 164 bytes (1 switches on core 0)
2026-05-05 23:31:41.553 7 INFO neutron.notifiers.nova [-] Nova event matching ['req-9695db70-8553-4446-bc40-9de253e0f479'] response: {'name': 'network-changed', 'server_uuid': '33fa90ca-3f13-4cf5-b784-755c7c295381', 'tag': 'b37953d6-e646-4899-9604-873b403e3873', 'status': 'completed', 'code': 200} /var/lib/openstack/lib/python3.12/site-packages/pycadf/identifier.py:70: UserWarning: Invalid uuid: neutron. To ensure interoperability, identifiers should be a valid uuid. warnings.warn(('Invalid uuid: %s. To ensure interoperability, ' [pid: 7|app: 0|req: 1563/3522] 10.0.0.112 () {34 vars in 990 bytes} [Tue May 5 23:31:41 2026] GET /v2.0/ports?device_id=33fa90ca-3f13-4cf5-b784-755c7c295381 => generated 1200 bytes in 82 msecs (HTTP/1.1 200) 4 headers in 158 bytes (1 switches on core 0) [pid: 8|app: 0|req: 1960/3523] 10.0.0.112 () {34 vars in 1040 bytes} [Tue May 5 23:31:41 2026] GET /v2.0/security-groups?id=e8e77297-5919-4996-8d8c-8fdc7e4675af&fields=id&fields=name => generated 111 bytes in 35 msecs (HTTP/1.1 200) 4 headers in 157 bytes (1 switches on core 0) [pid: 7|app: 0|req: 1564/3524] 199.19.213.115 () {34 vars in 1080 bytes} [Tue May 5 23:31:42 2026] GET /v2.0/ports?tenant_id=c57134abcde8438286e485ac63132006&device_id=33fa90ca-3f13-4cf5-b784-755c7c295381 => generated 1438 bytes in 48 msecs (HTTP/1.1 200) 4 headers in 158 bytes (1 switches on core 0) [pid: 8|app: 0|req: 1961/3525] 199.19.213.115 () {34 vars in 986 bytes} [Tue May 5 23:31:42 2026] GET /v2.0/networks?id=d7aa13d5-8620-4510-b5b7-d05d37e98d69 => generated 841 bytes in 49 msecs (HTTP/1.1 200) 4 headers in 157 bytes (1 switches on core 0) [pid: 7|app: 0|req: 1565/3526] 199.19.213.115 () {34 vars in 1058 bytes} [Tue May 5 23:31:42 2026] GET /v2.0/floatingips?fixed_ip_address=10.2.1.114&port_id=b37953d6-e646-4899-9604-873b403e3873 => generated 19 bytes in 23 msecs (HTTP/1.1 200) 4 headers in 156 bytes (1 switches on core 0) [pid: 8|app: 0|req: 1962/3527] 199.19.213.115 () {34 vars in 1104 bytes} [Tue May 5 23:31:42 2026] GET /v2.0/floatingips?fixed_ip_address=fd7b%3Af9f7%3Afff%3A4eca%3A%3A1c4&port_id=b37953d6-e646-4899-9604-873b403e3873 => generated 19 bytes in 20 msecs (HTTP/1.1 200) 4 headers in 156 bytes (1 switches on core 0) [pid: 7|app: 0|req: 1566/3528] 199.19.213.115 () {34 vars in 1064 bytes} [Tue May 5 23:31:42 2026] GET /v2.0/subnets?id=f24ebeec-8b27-4155-ad5a-16675571b397&id=b7b6eb39-6e91-4f63-acf3-92ae348d09f6 => generated 1411 bytes in 34 msecs (HTTP/1.1 200) 4 headers in 158 bytes (1 switches on core 0) [pid: 8|app: 0|req: 1963/3529] 199.19.213.115 () {34 vars in 1052 bytes} [Tue May 5 23:31:42 2026] GET /v2.0/ports?network_id=d7aa13d5-8620-4510-b5b7-d05d37e98d69&device_owner=network%3Adhcp => generated 12 bytes in 18 msecs (HTTP/1.1 200) 4 headers in 156 bytes (1 switches on core 0) [pid: 7|app: 0|req: 1567/3530] 199.19.213.115 () {34 vars in 1052 bytes} [Tue May 5 23:31:42 2026] GET /v2.0/ports?network_id=d7aa13d5-8620-4510-b5b7-d05d37e98d69&device_owner=network%3Adhcp => generated 12 bytes in 22 msecs (HTTP/1.1 200) 4 headers in 156 bytes (1 switches on core 0) [pid: 8|app: 0|req: 1964/3531] 199.19.213.115 () {34 vars in 1012 bytes} [Tue May 5 23:31:42 2026] GET /v2.0/networks/d7aa13d5-8620-4510-b5b7-d05d37e98d69?fields=segments => generated 14 bytes in 39 msecs (HTTP/1.1 200) 4 headers in 156 bytes (1 switches on core 0) [pid: 7|app: 0|req: 1568/3532] 199.19.213.115 () {34 vars in 1112 bytes} [Tue May 5 23:31:42 2026] GET /v2.0/networks/d7aa13d5-8620-4510-b5b7-d05d37e98d69?fields=provider%3Aphysical_network&fields=provider%3Anetwork_type => generated 79 bytes in 43 msecs (HTTP/1.1 200) 4 headers in 156 bytes (1 switches on core 0)
2026-05-05 23:31:42.753 7 INFO neutron.plugins.ml2.drivers.ovn.mech_driver.mech_driver [None req-b3d7557b-c580-4627-9461-21e25fe5b671 - - - - - -] OVN reports status down for port: b37953d6-e646-4899-9604-873b403e3873
2026-05-05 23:31:42.998 7 INFO neutron.db.ovn_revision_numbers_db [None req-b3d7557b-c580-4627-9461-21e25fe5b671 - - - - - -] Successfully bumped revision number for resource b37953d6-e646-4899-9604-873b403e3873 (type: ports) to 6
2026-05-05 23:31:43.593 7 INFO neutron.notifiers.nova [-] Nova event matching ['req-f5e951d7-a412-47df-956b-2abaee496a43'] response: {'server_uuid': '33fa90ca-3f13-4cf5-b784-755c7c295381', 'name': 'network-vif-unplugged', 'status': 'completed', 'tag': 'b37953d6-e646-4899-9604-873b403e3873', 'code': 200}
2026-05-05 23:31:43.593 7 INFO neutron.notifiers.nova [-] Nova event matching ['req-f5e951d7-a412-47df-956b-2abaee496a43'] response: {'server_uuid': '33fa90ca-3f13-4cf5-b784-755c7c295381', 'name': 'network-vif-unplugged', 'status': 'completed', 'tag': 'b37953d6-e646-4899-9604-873b403e3873', 'code': 200} [pid: 8|app: 0|req: 1965/3533] 199.19.213.115 () {34 vars in 994 bytes} [Tue May 5 23:31:43 2026] GET /v2.0/ports?device_id=33fa90ca-3f13-4cf5-b784-755c7c295381 => generated 1198 bytes in 69 msecs (HTTP/1.1 200) 4 headers in 158 bytes (1 switches on core 0) /var/lib/openstack/lib/python3.12/site-packages/pycadf/identifier.py:70: UserWarning: Invalid uuid: neutron. To ensure interoperability, identifiers should be a valid uuid. warnings.warn(('Invalid uuid: %s. To ensure interoperability, '
2026-05-05 23:31:44.105 7 INFO neutron_taas.services.taas.taas_plugin [req-69078b83-44d6-4d35-a5e1-357c26ec799d req-62d56172-43c0-40e2-81c3-2f95cd1525a4 763cf934ef804ae990ed7da3d9b1596b c57134abcde8438286e485ac63132006 - - default default] TaaS: Handle Delete Port: b37953d6-e646-4899-9604-873b403e3873
2026-05-05 23:31:44.108 7 INFO neutron_taas.services.taas.tap_mirror_plugin [req-69078b83-44d6-4d35-a5e1-357c26ec799d req-62d56172-43c0-40e2-81c3-2f95cd1525a4 763cf934ef804ae990ed7da3d9b1596b c57134abcde8438286e485ac63132006 - - default default] Tap Mirror: Handle Delete Port: b37953d6-e646-4899-9604-873b403e3873 [pid: 7|app: 0|req: 1569/3534] 199.19.213.115 () {36 vars in 997 bytes} [Tue May 5 23:31:43 2026] DELETE /v2.0/ports/b37953d6-e646-4899-9604-873b403e3873 => generated 0 bytes in 342 msecs (HTTP/1.1 204) 3 headers in 131 bytes (1 switches on core 0)
2026-05-05 23:31:45.626 7 INFO neutron.notifiers.nova [-] Nova event matching ['req-552aae2d-b239-4a35-ae53-99d9d0031cc8'] response: {'server_uuid': '33fa90ca-3f13-4cf5-b784-755c7c295381', 'name': 'network-vif-deleted', 'tag': 'b37953d6-e646-4899-9604-873b403e3873', 'status': 'completed', 'code': 200} [pid: 8|app: 0|req: 1966/3535] 10.0.0.112 () {34 vars in 990 bytes} [Tue May 5 23:31:46 2026] GET /v2.0/ports?device_id=33fa90ca-3f13-4cf5-b784-755c7c295381 => generated 12 bytes in 20 msecs (HTTP/1.1 200) 4 headers in 156 bytes (1 switches on core 0) [pid: 7|app: 0|req: 1571/3538] 10.0.0.134 () {32 vars in 750 bytes} [Tue May 5 23:31:51 2026] DELETE /v2.0/security-group-rules/20d89d9a-620a-4741-aebf-8b0a93062e0d => generated 0 bytes in 182 msecs (HTTP/1.1 204) 2 headers in 112 bytes (1 switches on core 0)
2026-05-05 23:31:52.132 8 INFO neutron.api.v2.resource [None req-f177798a-298b-40cb-a2d2-e3cb9c31c4d8 763cf934ef804ae990ed7da3d9b1596b c57134abcde8438286e485ac63132006 - - default default] show failed (client error): The resource could not be found. [pid: 8|app: 0|req: 1968/3539] 10.0.0.134 () {32 vars in 747 bytes} [Tue May 5 23:31:52 2026] GET /v2.0/security-group-rules/20d89d9a-620a-4741-aebf-8b0a93062e0d => generated 155 bytes in 13 msecs (HTTP/1.1 404) 4 headers in 164 bytes (1 switches on core 0) [pid: 7|app: 0|req: 1572/3540] 10.0.0.134 () {32 vars in 750 bytes} [Tue May 5 23:31:52 2026] DELETE /v2.0/security-group-rules/38f92790-7090-4480-bc6b-e7215e29f830 => generated 0 bytes in 164 msecs (HTTP/1.1 204) 2 headers in 112 bytes (1 switches on core 0)
2026-05-05 23:31:52.319 8 INFO neutron.api.v2.resource [None req-4a750144-0ea5-4fcd-a69a-d42c3f99b827 763cf934ef804ae990ed7da3d9b1596b c57134abcde8438286e485ac63132006 - - default default] show failed (client error): The resource could not be found. [pid: 8|app: 0|req: 1969/3541] 10.0.0.134 () {32 vars in 747 bytes} [Tue May 5 23:31:52 2026] GET /v2.0/security-group-rules/38f92790-7090-4480-bc6b-e7215e29f830 => generated 155 bytes in 13 msecs (HTTP/1.1 404) 4 headers in 164 bytes (1 switches on core 0) [pid: 7|app: 0|req: 1573/3542] 10.0.0.134 () {32 vars in 750 bytes} [Tue May 5 23:31:52 2026] DELETE /v2.0/security-group-rules/18162acd-0a7f-4ea5-8e14-d190f617b859 => generated 0 bytes in 145 msecs (HTTP/1.1 204) 2 headers in 112 bytes (1 switches on core 0)
2026-05-05 23:31:52.487 8 INFO neutron.api.v2.resource [None req-d2c4e6f4-47af-4f28-b6cf-b6fac593e51c 763cf934ef804ae990ed7da3d9b1596b c57134abcde8438286e485ac63132006 - - default default] show failed (client error): The resource could not be found. [pid: 8|app: 0|req: 1970/3543] 10.0.0.134 () {32 vars in 747 bytes} [Tue May 5 23:31:52 2026] GET /v2.0/security-group-rules/18162acd-0a7f-4ea5-8e14-d190f617b859 => generated 155 bytes in 13 msecs (HTTP/1.1 404) 4 headers in 164 bytes (1 switches on core 0) [pid: 7|app: 0|req: 1574/3544] 10.0.0.134 () {32 vars in 750 bytes} [Tue May 5 23:31:52 2026] DELETE /v2.0/security-group-rules/485c274e-69d0-413e-8e60-cb9b0d9960e0 => generated 0 bytes in 144 msecs (HTTP/1.1 204) 2 headers in 112 bytes (1 switches on core 0)
2026-05-05 23:31:52.654 8 INFO neutron.api.v2.resource [None req-2f4f26ca-7f60-4aa2-a5f9-4ab79aae3816 763cf934ef804ae990ed7da3d9b1596b c57134abcde8438286e485ac63132006 - - default default] show failed (client error): The resource could not be found. [pid: 8|app: 0|req: 1971/3545] 10.0.0.134 () {32 vars in 747 bytes} [Tue May 5 23:31:52 2026] GET /v2.0/security-group-rules/485c274e-69d0-413e-8e60-cb9b0d9960e0 => generated 155 bytes in 14 msecs (HTTP/1.1 404) 4 headers in 164 bytes (1 switches on core 0) [pid: 7|app: 0|req: 1575/3546] 10.0.0.134 () {32 vars in 750 bytes} [Tue May 5 23:31:52 2026] DELETE /v2.0/security-group-rules/a1eff6d3-d7a6-4e4f-a0e3-9a22030dfec2 => generated 0 bytes in 144 msecs (HTTP/1.1 204) 2 headers in 112 bytes (1 switches on core 0)
2026-05-05 23:31:52.823 8 INFO neutron.api.v2.resource [None req-9fb775cb-92f2-41ac-803f-5b847aebb328 763cf934ef804ae990ed7da3d9b1596b c57134abcde8438286e485ac63132006 - - default default] show failed (client error): The resource could not be found. [pid: 8|app: 0|req: 1972/3547] 10.0.0.134 () {32 vars in 747 bytes} [Tue May 5 23:31:52 2026] GET /v2.0/security-group-rules/a1eff6d3-d7a6-4e4f-a0e3-9a22030dfec2 => generated 155 bytes in 15 msecs (HTTP/1.1 404) 4 headers in 164 bytes (1 switches on core 0) [pid: 7|app: 0|req: 1576/3548] 10.0.0.134 () {32 vars in 750 bytes} [Tue May 5 23:31:52 2026] DELETE /v2.0/security-group-rules/be987d84-73b4-48bd-b3b1-5bf38fd403da => generated 0 bytes in 179 msecs (HTTP/1.1 204) 2 headers in 112 bytes (1 switches on core 0)
2026-05-05 23:31:53.024 8 INFO neutron.api.v2.resource [None req-abb099b2-6188-442e-a112-3a9769c974f9 763cf934ef804ae990ed7da3d9b1596b c57134abcde8438286e485ac63132006 - - default default] show failed (client error): The resource could not be found. [pid: 8|app: 0|req: 1973/3549] 10.0.0.134 () {32 vars in 747 bytes} [Tue May 5 23:31:53 2026] GET /v2.0/security-group-rules/be987d84-73b4-48bd-b3b1-5bf38fd403da => generated 155 bytes in 15 msecs (HTTP/1.1 404) 4 headers in 164 bytes (1 switches on core 0) [pid: 7|app: 0|req: 1577/3550] 10.0.0.134 () {32 vars in 750 bytes} [Tue May 5 23:31:53 2026] DELETE /v2.0/security-group-rules/96b0b661-fb24-46ff-8ea2-8e79e783348b => generated 0 bytes in 147 msecs (HTTP/1.1 204) 2 headers in 112 bytes (1 switches on core 0)
2026-05-05 23:31:53.192 8 INFO neutron.api.v2.resource [None req-05cef2a0-cd3b-4166-a184-65ae87d4fe25 763cf934ef804ae990ed7da3d9b1596b c57134abcde8438286e485ac63132006 - - default default] show failed (client error): The resource could not be found. [pid: 8|app: 0|req: 1974/3551] 10.0.0.134 () {32 vars in 747 bytes} [Tue May 5 23:31:53 2026] GET /v2.0/security-group-rules/96b0b661-fb24-46ff-8ea2-8e79e783348b => generated 155 bytes in 10 msecs (HTTP/1.1 404) 4 headers in 164 bytes (1 switches on core 0) [pid: 7|app: 0|req: 1578/3552] 10.0.0.134 () {32 vars in 750 bytes} [Tue May 5 23:31:53 2026] DELETE /v2.0/security-group-rules/ebc03e9f-de35-41b2-8f0b-935bb0c3260c => generated 0 bytes in 147 msecs (HTTP/1.1 204) 2 headers in 112 bytes (1 switches on core 0)
2026-05-05 23:31:53.358 8 INFO neutron.api.v2.resource [None req-e9627c2b-5c2a-4861-a552-6d29d618406f 763cf934ef804ae990ed7da3d9b1596b c57134abcde8438286e485ac63132006 - - default default] show failed (client error): The resource could not be found. [pid: 8|app: 0|req: 1975/3553] 10.0.0.134 () {32 vars in 747 bytes} [Tue May 5 23:31:53 2026] GET /v2.0/security-group-rules/ebc03e9f-de35-41b2-8f0b-935bb0c3260c => generated 155 bytes in 10 msecs (HTTP/1.1 404) 4 headers in 164 bytes (1 switches on core 0) [pid: 7|app: 0|req: 1579/3554] 10.0.0.134 () {32 vars in 750 bytes} [Tue May 5 23:31:53 2026] DELETE /v2.0/security-group-rules/d5c01630-368a-4d91-8542-a5f9704e751b => generated 0 bytes in 139 msecs (HTTP/1.1 204) 2 headers in 112 bytes (1 switches on core 0)
2026-05-05 23:31:53.519 8 INFO neutron.api.v2.resource [None req-12066564-c9d2-447a-8224-b3385aaeee04 763cf934ef804ae990ed7da3d9b1596b c57134abcde8438286e485ac63132006 - - default default] show failed (client error): The resource could not be found. [pid: 8|app: 0|req: 1976/3555] 10.0.0.134 () {32 vars in 747 bytes} [Tue May 5 23:31:53 2026] GET /v2.0/security-group-rules/d5c01630-368a-4d91-8542-a5f9704e751b => generated 155 bytes in 12 msecs (HTTP/1.1 404) 4 headers in 164 bytes (1 switches on core 0) [pid: 7|app: 0|req: 1580/3556] 10.0.0.134 () {32 vars in 750 bytes} [Tue May 5 23:31:53 2026] DELETE /v2.0/security-group-rules/8bdda14d-8a96-4749-a66d-b83d3be89c8c => generated 0 bytes in 138 msecs (HTTP/1.1 204) 2 headers in 112 bytes (1 switches on core 0)
2026-05-05 23:31:53.680 8 INFO neutron.api.v2.resource [None req-c6a7f756-0828-4dc1-9c99-3100607b7899 763cf934ef804ae990ed7da3d9b1596b c57134abcde8438286e485ac63132006 - - default default] show failed (client error): The resource could not be found. [pid: 8|app: 0|req: 1977/3557] 10.0.0.134 () {32 vars in 747 bytes} [Tue May 5 23:31:53 2026] GET /v2.0/security-group-rules/8bdda14d-8a96-4749-a66d-b83d3be89c8c => generated 155 bytes in 12 msecs (HTTP/1.1 404) 4 headers in 164 bytes (1 switches on core 0) [pid: 7|app: 0|req: 1581/3558] 10.0.0.134 () {32 vars in 750 bytes} [Tue May 5 23:31:53 2026] DELETE /v2.0/security-group-rules/13c1d8b4-7c98-401d-8585-1a0c81bb7055 => generated 0 bytes in 137 msecs (HTTP/1.1 204) 2 headers in 112 bytes (1 switches on core 0)
2026-05-05 23:31:53.835 8 INFO neutron.api.v2.resource [None req-23241e51-c20e-408a-bf40-ced2d884099a 763cf934ef804ae990ed7da3d9b1596b c57134abcde8438286e485ac63132006 - - default default] show failed (client error): The resource could not be found. [pid: 8|app: 0|req: 1978/3559] 10.0.0.134 () {32 vars in 747 bytes} [Tue May 5 23:31:53 2026] GET /v2.0/security-group-rules/13c1d8b4-7c98-401d-8585-1a0c81bb7055 => generated 155 bytes in 9 msecs (HTTP/1.1 404) 4 headers in 164 bytes (1 switches on core 0) [pid: 7|app: 0|req: 1582/3560] 10.0.0.134 () {32 vars in 740 bytes} [Tue May 5 23:31:53 2026] DELETE /v2.0/security-groups/e8e77297-5919-4996-8d8c-8fdc7e4675af => generated 0 bytes in 140 msecs (HTTP/1.1 204) 2 headers in 112 bytes (1 switches on core 0)
2026-05-05 23:31:53.998 8 INFO neutron.api.v2.resource [None req-2741f30c-ded1-4dde-8412-a367de6b0f9b 763cf934ef804ae990ed7da3d9b1596b c57134abcde8438286e485ac63132006 - - default default] show failed (client error): The resource could not be found. [pid: 8|app: 0|req: 1979/3561] 10.0.0.134 () {32 vars in 737 bytes} [Tue May 5 23:31:53 2026] GET /v2.0/security-groups/e8e77297-5919-4996-8d8c-8fdc7e4675af => generated 146 bytes in 13 msecs (HTTP/1.1 404) 4 headers in 164 bytes (1 switches on core 0)
2026-05-05 23:31:54.351 7 INFO neutron_taas.services.taas.taas_plugin [None req-ef29c77e-7810-4cb2-9f3f-6875074b0649 763cf934ef804ae990ed7da3d9b1596b c57134abcde8438286e485ac63132006 - - default default] TaaS: Handle Delete Port: 61a831b0-e190-41a1-8f1f-9fbab93ecc86
2026-05-05 23:31:54.355 7 INFO neutron_taas.services.taas.tap_mirror_plugin [None req-ef29c77e-7810-4cb2-9f3f-6875074b0649 763cf934ef804ae990ed7da3d9b1596b c57134abcde8438286e485ac63132006 - - default default] Tap Mirror: Handle Delete Port: 61a831b0-e190-41a1-8f1f-9fbab93ecc86 [pid: 7|app: 0|req: 1583/3562] 10.0.0.134 () {34 vars in 789 bytes} [Tue May 5 23:31:54 2026] PUT /v2.0/routers/646769ac-8286-4b1f-bb65-38a8a36fc5ea/remove_router_interface => generated 309 bytes in 889 msecs (HTTP/1.1 200) 4 headers in 157 bytes (1 switches on core 0)
2026-05-05 23:31:55.047 8 INFO neutron.api.v2.resource [None req-e0ace1ec-daec-4324-a430-9a4b1f5182e7 763cf934ef804ae990ed7da3d9b1596b c57134abcde8438286e485ac63132006 - - default default] remove_router_interface failed (client error): The resource could not be found. [pid: 8|app: 0|req: 1980/3563] 10.0.0.134 () {34 vars in 789 bytes} [Tue May 5 23:31:54 2026] PUT /v2.0/routers/646769ac-8286-4b1f-bb65-38a8a36fc5ea/remove_router_interface => generated 198 bytes in 105 msecs (HTTP/1.1 404) 4 headers in 164 bytes (1 switches on core 0) /var/lib/openstack/lib/python3.12/site-packages/pycadf/identifier.py:70: UserWarning: Invalid uuid: neutron. To ensure interoperability, identifiers should be a valid uuid. warnings.warn(('Invalid uuid: %s. To ensure interoperability, '
2026-05-05 23:31:55.325 7 INFO neutron_taas.services.taas.taas_plugin [None req-ea71bde0-48f9-49a2-8aba-c54b5e61602c 763cf934ef804ae990ed7da3d9b1596b c57134abcde8438286e485ac63132006 - - default default] TaaS: Handle Delete Port: 60325faf-9e25-48bd-b99f-b27eee56b259
2026-05-05 23:31:55.327 7 INFO neutron_taas.services.taas.tap_mirror_plugin [None req-ea71bde0-48f9-49a2-8aba-c54b5e61602c 763cf934ef804ae990ed7da3d9b1596b c57134abcde8438286e485ac63132006 - - default default] Tap Mirror: Handle Delete Port: 60325faf-9e25-48bd-b99f-b27eee56b259 [pid: 7|app: 0|req: 1584/3564] 10.0.0.134 () {34 vars in 789 bytes} [Tue May 5 23:31:55 2026] PUT /v2.0/routers/646769ac-8286-4b1f-bb65-38a8a36fc5ea/remove_router_interface => generated 309 bytes in 870 msecs (HTTP/1.1 200) 4 headers in 157 bytes (1 switches on core 0)
2026-05-05 23:31:56.033 8 INFO neutron.api.v2.resource [None req-833001fc-148f-4238-a30a-bde9c6440efb 763cf934ef804ae990ed7da3d9b1596b c57134abcde8438286e485ac63132006 - - default default] remove_router_interface failed (client error): The resource could not be found. [pid: 8|app: 0|req: 1981/3565] 10.0.0.134 () {34 vars in 789 bytes} [Tue May 5 23:31:55 2026] PUT /v2.0/routers/646769ac-8286-4b1f-bb65-38a8a36fc5ea/remove_router_interface => generated 198 bytes in 107 msecs (HTTP/1.1 404) 4 headers in 164 bytes (1 switches on core 0) /var/lib/openstack/lib/python3.12/site-packages/pycadf/identifier.py:70: UserWarning: Invalid uuid: neutron. To ensure interoperability, identifiers should be a valid uuid. warnings.warn(('Invalid uuid: %s. To ensure interoperability, '
2026-05-05 23:31:56.329 7 INFO neutron_taas.services.taas.taas_plugin [None req-c56e4f9d-7686-4f8a-bd44-a584e704ea16 763cf934ef804ae990ed7da3d9b1596b c57134abcde8438286e485ac63132006 - - default default] TaaS: Handle Delete Port: c3b6a92f-947e-4d40-836b-7c5d8e14cc97
2026-05-05 23:31:56.336 7 INFO neutron_taas.services.taas.tap_mirror_plugin [None req-c56e4f9d-7686-4f8a-bd44-a584e704ea16 763cf934ef804ae990ed7da3d9b1596b c57134abcde8438286e485ac63132006 - - default default] Tap Mirror: Handle Delete Port: c3b6a92f-947e-4d40-836b-7c5d8e14cc97 [pid: 7|app: 0|req: 1585/3566] 10.0.0.134 () {34 vars in 789 bytes} [Tue May 5 23:31:56 2026] PUT /v2.0/routers/646769ac-8286-4b1f-bb65-38a8a36fc5ea/remove_router_interface => generated 309 bytes in 903 msecs (HTTP/1.1 200) 4 headers in 157 bytes (1 switches on core 0)
2026-05-05 23:31:57.040 8 INFO neutron.api.v2.resource [None req-b35fde56-af57-4aa6-82e0-52440af527a7 763cf934ef804ae990ed7da3d9b1596b c57134abcde8438286e485ac63132006 - - default default] remove_router_interface failed (client error): The resource could not be found. [pid: 8|app: 0|req: 1982/3567] 10.0.0.134 () {34 vars in 789 bytes} [Tue May 5 23:31:56 2026] PUT /v2.0/routers/646769ac-8286-4b1f-bb65-38a8a36fc5ea/remove_router_interface => generated 198 bytes in 95 msecs (HTTP/1.1 404) 4 headers in 164 bytes (1 switches on core 0) /var/lib/openstack/lib/python3.12/site-packages/pycadf/identifier.py:70: UserWarning: Invalid uuid: neutron. To ensure interoperability, identifiers should be a valid uuid. warnings.warn(('Invalid uuid: %s. To ensure interoperability, '
2026-05-05 23:31:57.374 7 INFO neutron_taas.services.taas.taas_plugin [None req-dca1e8e3-edfb-4898-834e-ab068f313fe6 763cf934ef804ae990ed7da3d9b1596b c57134abcde8438286e485ac63132006 - - default default] TaaS: Handle Delete Port: 9e3d51c5-9b12-42a3-bc8f-b47b9df3fe4d
2026-05-05 23:31:57.378 7 INFO neutron_taas.services.taas.tap_mirror_plugin [None req-dca1e8e3-edfb-4898-834e-ab068f313fe6 763cf934ef804ae990ed7da3d9b1596b c57134abcde8438286e485ac63132006 - - default default] Tap Mirror: Handle Delete Port: 9e3d51c5-9b12-42a3-bc8f-b47b9df3fe4d [pid: 7|app: 0|req: 1586/3568] 10.0.0.134 () {32 vars in 724 bytes} [Tue May 5 23:31:57 2026] DELETE /v2.0/routers/646769ac-8286-4b1f-bb65-38a8a36fc5ea => generated 0 bytes in 805 msecs (HTTP/1.1 204) 2 headers in 112 bytes (1 switches on core 0)
2026-05-05 23:31:57.878 8 INFO neutron.api.v2.resource [None req-f720fd8d-3f80-4a50-ac4c-481585632d92 763cf934ef804ae990ed7da3d9b1596b c57134abcde8438286e485ac63132006 - - default default] show failed (client error): The resource could not be found. [pid: 8|app: 0|req: 1983/3569] 10.0.0.134 () {32 vars in 721 bytes} [Tue May 5 23:31:57 2026] GET /v2.0/routers/646769ac-8286-4b1f-bb65-38a8a36fc5ea => generated 135 bytes in 23 msecs (HTTP/1.1 404) 4 headers in 164 bytes (1 switches on core 0) [pid: 7|app: 0|req: 1587/3570] 10.0.0.134 () {32 vars in 724 bytes} [Tue May 5 23:31:57 2026] DELETE /v2.0/subnets/6e7c46cb-3b69-4d1b-baf7-d26baa85763d => generated 0 bytes in 147 msecs (HTTP/1.1 204) 3 headers in 131 bytes (1 switches on core 0)
2026-05-05 23:31:58.055 8 INFO neutron.pecan_wsgi.hooks.translation [None req-e17a4068-388a-4c79-8775-61b0baaa0d03 763cf934ef804ae990ed7da3d9b1596b c57134abcde8438286e485ac63132006 - - default default] GET failed (client error): The resource could not be found. [pid: 8|app: 0|req: 1984/3571] 10.0.0.134 () {32 vars in 721 bytes} [Tue May 5 23:31:58 2026] GET /v2.0/subnets/6e7c46cb-3b69-4d1b-baf7-d26baa85763d => generated 136 bytes in 22 msecs (HTTP/1.1 404) 4 headers in 164 bytes (1 switches on core 0) [pid: 7|app: 0|req: 1588/3572] 10.0.0.134 () {32 vars in 724 bytes} [Tue May 5 23:31:58 2026] DELETE /v2.0/subnets/16216d12-076e-469c-a389-1917427d6f6e => generated 0 bytes in 183 msecs (HTTP/1.1 204) 3 headers in 131 bytes (1 switches on core 0)
2026-05-05 23:31:58.263 8 INFO neutron.pecan_wsgi.hooks.translation [None req-0dafa8bf-e8ad-4cf0-b457-a4f04135fab3 763cf934ef804ae990ed7da3d9b1596b c57134abcde8438286e485ac63132006 - - default default] GET failed (client error): The resource could not be found. [pid: 8|app: 0|req: 1985/3573] 10.0.0.134 () {32 vars in 721 bytes} [Tue May 5 23:31:58 2026] GET /v2.0/subnets/16216d12-076e-469c-a389-1917427d6f6e => generated 136 bytes in 14 msecs (HTTP/1.1 404) 4 headers in 164 bytes (1 switches on core 0)
2026-05-05 23:31:58.377 7 INFO neutron_taas.services.taas.taas_plugin [None req-ae0bba4c-960a-41e3-a8c1-ab87e6c5dcd4 763cf934ef804ae990ed7da3d9b1596b c57134abcde8438286e485ac63132006 - - default default] TaaS: Handle Delete Port: 2ee6e088-0be7-4ed4-b3aa-51884a947ea5
2026-05-05 23:31:58.379 7 INFO neutron_taas.services.taas.tap_mirror_plugin [None req-ae0bba4c-960a-41e3-a8c1-ab87e6c5dcd4 763cf934ef804ae990ed7da3d9b1596b c57134abcde8438286e485ac63132006 - - default default] Tap Mirror: Handle Delete Port: 2ee6e088-0be7-4ed4-b3aa-51884a947ea5
2026-05-05 23:31:58.566 7 INFO neutron.services.segments.plugin [-] Segment 37ad4bfb-0731-4fa2-aa7d-6493ab081047 resource provider aggregate not found
2026-05-05 23:31:58.568 7 INFO neutron.services.segments.plugin [-] Segment 37ad4bfb-0731-4fa2-aa7d-6493ab081047 resource provider aggregate not found
2026-05-05 23:31:58.590 7 INFO neutron.services.segments.plugin [-] Segment 37ad4bfb-0731-4fa2-aa7d-6493ab081047 resource provider not found; error: Placement Client Error (4xx): {"errors": [{"status": 404, "title": "Not Found", "detail": "The resource could not be found.\n\n No resource provider with uuid 37ad4bfb-0731-4fa2-aa7d-6493ab081047 found for delete ", "request_id": "req-210fd126-6058-48de-bc44-802fa5867fc4"}]}
2026-05-05 23:31:58.590 7 INFO neutron.services.segments.plugin [-] Segment 37ad4bfb-0731-4fa2-aa7d-6493ab081047 resource provider not found; error: Placement Client Error (4xx): {"errors": [{"status": 404, "title": "Not Found", "detail": "The resource could not be found.\n\n No resource provider with uuid 37ad4bfb-0731-4fa2-aa7d-6493ab081047 found for delete ", "request_id": "req-9a05ce63-7cbf-41ea-a89c-9cf1a6c179da"}]} [pid: 7|app: 0|req: 1589/3574] 10.0.0.134 () {32 vars in 726 bytes} [Tue May 5 23:31:58 2026] DELETE /v2.0/networks/1de87ef1-a50a-46e2-9c67-550d84a550a9 => generated 0 bytes in 362 msecs (HTTP/1.1 204) 3 headers in 131 bytes (1 switches on core 0)
2026-05-05 23:31:58.649 8 INFO neutron.pecan_wsgi.hooks.translation [None req-8285c27c-77db-445c-8724-b7ead2195194 763cf934ef804ae990ed7da3d9b1596b c57134abcde8438286e485ac63132006 - - default default] GET failed (client error): The resource could not be found. [pid: 8|app: 0|req: 1986/3575] 10.0.0.134 () {32 vars in 723 bytes} [Tue May 5 23:31:58 2026] GET /v2.0/networks/1de87ef1-a50a-46e2-9c67-550d84a550a9 => generated 138 bytes in 14 msecs (HTTP/1.1 404) 4 headers in 164 bytes (1 switches on core 0) [pid: 7|app: 0|req: 1590/3576] 10.0.0.134 () {32 vars in 724 bytes} [Tue May 5 23:31:58 2026] DELETE /v2.0/subnets/b7b6eb39-6e91-4f63-acf3-92ae348d09f6 => generated 0 bytes in 151 msecs (HTTP/1.1 204) 3 headers in 131 bytes (1 switches on core 0)
2026-05-05 23:31:58.825 8 INFO neutron.pecan_wsgi.hooks.translation [None req-52e7996e-c294-4950-80c9-fd61ef4900f0 763cf934ef804ae990ed7da3d9b1596b c57134abcde8438286e485ac63132006 - - default default] GET failed (client error): The resource could not be found. [pid: 8|app: 0|req: 1987/3577] 10.0.0.134 () {32 vars in 721 bytes} [Tue May 5 23:31:58 2026] GET /v2.0/subnets/b7b6eb39-6e91-4f63-acf3-92ae348d09f6 => generated 136 bytes in 16 msecs (HTTP/1.1 404) 4 headers in 164 bytes (1 switches on core 0) [pid: 7|app: 0|req: 1591/3578] 10.0.0.134 () {32 vars in 724 bytes} [Tue May 5 23:31:58 2026] DELETE /v2.0/subnets/f24ebeec-8b27-4155-ad5a-16675571b397 => generated 0 bytes in 172 msecs (HTTP/1.1 204) 3 headers in 131 bytes (1 switches on core 0)
2026-05-05 23:31:59.022 8 INFO neutron.pecan_wsgi.hooks.translation [None req-eb262cb2-6e5a-4db8-ad8b-fdf9a761af6f 763cf934ef804ae990ed7da3d9b1596b c57134abcde8438286e485ac63132006 - - default default] GET failed (client error): The resource could not be found. [pid: 8|app: 0|req: 1988/3579] 10.0.0.134 () {32 vars in 721 bytes} [Tue May 5 23:31:59 2026] GET /v2.0/subnets/f24ebeec-8b27-4155-ad5a-16675571b397 => generated 136 bytes in 16 msecs (HTTP/1.1 404) 4 headers in 164 bytes (1 switches on core 0)
2026-05-05 23:31:59.145 7 INFO neutron_taas.services.taas.taas_plugin [None req-f8c31b80-93b2-42ed-ac0a-5334bf244561 763cf934ef804ae990ed7da3d9b1596b c57134abcde8438286e485ac63132006 - - default default] TaaS: Handle Delete Port: 5c6e9593-a7e7-4db3-a40b-a876881e8cc0
2026-05-05 23:31:59.147 7 INFO neutron_taas.services.taas.tap_mirror_plugin [None req-f8c31b80-93b2-42ed-ac0a-5334bf244561 763cf934ef804ae990ed7da3d9b1596b c57134abcde8438286e485ac63132006 - - default default] Tap Mirror: Handle Delete Port: 5c6e9593-a7e7-4db3-a40b-a876881e8cc0 [pid: 7|app: 0|req: 1592/3580] 10.0.0.134 () {32 vars in 726 bytes} [Tue May 5 23:31:59 2026] DELETE /v2.0/networks/d7aa13d5-8620-4510-b5b7-d05d37e98d69 => generated 0 bytes in 365 msecs (HTTP/1.1 204) 3 headers in 131 bytes (1 switches on core 0)
2026-05-05 23:31:59.410 8 INFO neutron.pecan_wsgi.hooks.translation [None req-d1da8ca5-9774-4065-8338-714585975b2a 763cf934ef804ae990ed7da3d9b1596b c57134abcde8438286e485ac63132006 - - default default] GET failed (client error): The resource could not be found. [pid: 8|app: 0|req: 1989/3581] 10.0.0.134 () {32 vars in 723 bytes} [Tue May 5 23:31:59 2026] GET /v2.0/networks/d7aa13d5-8620-4510-b5b7-d05d37e98d69 => generated 138 bytes in 16 msecs (HTTP/1.1 404) 4 headers in 164 bytes (1 switches on core 0) [pid: 7|app: 0|req: 1593/3582] 10.0.0.134 () {32 vars in 724 bytes} [Tue May 5 23:31:59 2026] DELETE /v2.0/subnets/700eb2b1-2311-463b-9cfe-3f67a5d47c4f => generated 0 bytes in 156 msecs (HTTP/1.1 204) 3 headers in 131 bytes (1 switches on core 0)
2026-05-05 23:31:59.593 8 INFO neutron.pecan_wsgi.hooks.translation [None req-56802acc-c880-400a-94b3-ef2e6b5d1638 763cf934ef804ae990ed7da3d9b1596b c57134abcde8438286e485ac63132006 - - default default] GET failed (client error): The resource could not be found. [pid: 8|app: 0|req: 1990/3583] 10.0.0.134 () {32 vars in 721 bytes} [Tue May 5 23:31:59 2026] GET /v2.0/subnets/700eb2b1-2311-463b-9cfe-3f67a5d47c4f => generated 136 bytes in 17 msecs (HTTP/1.1 404) 4 headers in 164 bytes (1 switches on core 0) [pid: 7|app: 0|req: 1594/3584] 10.0.0.134 () {32 vars in 724 bytes} [Tue May 5 23:31:59 2026] DELETE /v2.0/subnets/5c53f5bd-8bb9-4c24-aa25-119632932b4b => generated 0 bytes in 186 msecs (HTTP/1.1 204) 3 headers in 131 bytes (1 switches on core 0)
2026-05-05 23:31:59.803 8 INFO neutron.pecan_wsgi.hooks.translation [None req-aa9bc106-6a8c-43ab-a107-083ec75f3206 763cf934ef804ae990ed7da3d9b1596b c57134abcde8438286e485ac63132006 - - default default] GET failed (client error): The resource could not be found. [pid: 8|app: 0|req: 1991/3585] 10.0.0.134 () {32 vars in 721 bytes} [Tue May 5 23:31:59 2026] GET /v2.0/subnets/5c53f5bd-8bb9-4c24-aa25-119632932b4b => generated 136 bytes in 15 msecs (HTTP/1.1 404) 4 headers in 164 bytes (1 switches on core 0)
2026-05-05 23:31:59.906 7 INFO neutron_taas.services.taas.taas_plugin [None req-dba0d120-7e29-431e-b6fa-3d1ea71e5136 763cf934ef804ae990ed7da3d9b1596b c57134abcde8438286e485ac63132006 - - default default] TaaS: Handle Delete Port: fefe4949-ef1a-4b6b-af11-f6c041b081a3
2026-05-05 23:31:59.909 7 INFO neutron_taas.services.taas.tap_mirror_plugin [None req-dba0d120-7e29-431e-b6fa-3d1ea71e5136 763cf934ef804ae990ed7da3d9b1596b c57134abcde8438286e485ac63132006 - - default default] Tap Mirror: Handle Delete Port: fefe4949-ef1a-4b6b-af11-f6c041b081a3 [pid: 7|app: 0|req: 1595/3586] 10.0.0.134 () {32 vars in 726 bytes} [Tue May 5 23:31:59 2026] DELETE /v2.0/networks/5efe4f9b-a8c9-4007-b717-7ac1277ac38b => generated 0 bytes in 334 msecs (HTTP/1.1 204) 3 headers in 131 bytes (1 switches on core 0)
2026-05-05 23:32:00.164 8 INFO neutron.pecan_wsgi.hooks.translation [None req-207a1e9c-59c9-4a6b-9df2-f2d903f4e230 763cf934ef804ae990ed7da3d9b1596b c57134abcde8438286e485ac63132006 - - default default] GET failed (client error): The resource could not be found. [pid: 8|app: 0|req: 1992/3587] 10.0.0.134 () {32 vars in 723 bytes} [Tue May 5 23:32:00 2026] GET /v2.0/networks/5efe4f9b-a8c9-4007-b717-7ac1277ac38b => generated 138 bytes in 18 msecs (HTTP/1.1 404) 4 headers in 164 bytes (1 switches on core 0)
2026-05-05 23:32:00.614 7 INFO neutron.services.segments.plugin [-] Segment 2280b9be-2f93-45e4-80cc-801f180fa28d resource provider aggregate not found
2026-05-05 23:32:00.617 7 INFO neutron.services.segments.plugin [-] Segment 2280b9be-2f93-45e4-80cc-801f180fa28d resource provider aggregate not found
2026-05-05 23:32:00.626 7 INFO neutron.services.segments.plugin [-] Segment 2280b9be-2f93-45e4-80cc-801f180fa28d resource provider not found; error: Placement Client Error (4xx): {"errors": [{"status": 404, "title": "Not Found", "detail": "The resource could not be found.\n\n No resource provider with uuid 2280b9be-2f93-45e4-80cc-801f180fa28d found for delete ", "request_id": "req-c8682114-ac18-4184-85a0-6fb803a7b3d8"}]}
2026-05-05 23:32:00.631 7 INFO neutron.services.segments.plugin [-] Segment 2280b9be-2f93-45e4-80cc-801f180fa28d resource provider not found; error: Placement Client Error (4xx): {"errors": [{"status": 404, "title": "Not Found", "detail": "The resource could not be found.\n\n No resource provider with uuid 2280b9be-2f93-45e4-80cc-801f180fa28d found for delete ", "request_id": "req-c45c1e9a-af3c-47a4-88a0-fde932287537"}]}
2026-05-05 23:32:00.643 7 INFO neutron.services.segments.plugin [-] Segment c372cc8c-8e54-449c-8c06-0355a1f565b1 resource provider aggregate not found
2026-05-05 23:32:00.649 7 INFO neutron.services.segments.plugin [-] Segment c372cc8c-8e54-449c-8c06-0355a1f565b1 resource provider aggregate not found
2026-05-05 23:32:00.662 7 INFO neutron.services.segments.plugin [-] Segment c372cc8c-8e54-449c-8c06-0355a1f565b1 resource provider not found; error: Placement Client Error (4xx): {"errors": [{"status": 404, "title": "Not Found", "detail": "The resource could not be found.\n\n No resource provider with uuid c372cc8c-8e54-449c-8c06-0355a1f565b1 found for delete ", "request_id": "req-c99555d8-054c-479f-9951-f533182af3cc"}]}
2026-05-05 23:32:00.663 7 INFO neutron.services.segments.plugin [-] Segment c372cc8c-8e54-449c-8c06-0355a1f565b1 resource provider not found; error: Placement Client Error (4xx): {"errors": [{"status": 404, "title": "Not Found", "detail": "The resource could not be found.\n\n No resource provider with uuid c372cc8c-8e54-449c-8c06-0355a1f565b1 found for delete ", "request_id": "req-865d8544-6df2-4019-bd18-9a514e627daf"}]} [pid: 7|app: 0|req: 1596/3588] 10.0.0.134 () {32 vars in 774 bytes} [Tue May 5 23:32:01 2026] GET /v2.0/security-groups?tenant_id=c57134abcde8438286e485ac63132006&name=default => generated 2925 bytes in 168 msecs (HTTP/1.1 200) 4 headers in 158 bytes (1 switches on core 0) [pid: 8|app: 0|req: 1993/3589] 10.0.0.134 () {32 vars in 740 bytes} [Tue May 5 23:32:02 2026] DELETE /v2.0/security-groups/bb4d8b1d-47c1-4cb0-ada7-69f4000a3d2e => generated 0 bytes in 275 msecs (HTTP/1.1 204) 2 headers in 112 bytes (1 switches on core 0)
2026-05-05 23:32:02.593 7 INFO neutron.db.ovn_revision_numbers_db [None req-f9bc465d-33eb-41b7-b6de-ad12374a333b cf0daefb56e74ed4819637a9fa87d277 31c0f8415e1f4d6aabb1123692544fd3 - - default default] Successfully bumped revision number for resource 2926451a-d7f8-4f48-aaaa-e6ddfaafc624 (type: security_groups) to 1
2026-05-05 23:32:02.602 7 INFO neutron.db.ovn_revision_numbers_db [None req-f9bc465d-33eb-41b7-b6de-ad12374a333b cf0daefb56e74ed4819637a9fa87d277 31c0f8415e1f4d6aabb1123692544fd3 - - default default] Successfully bumped revision number for resource 04568065-e9eb-43e7-b3f1-1b22bd512e98 (type: security_group_rules) to 0
2026-05-05 23:32:02.612 7 INFO neutron.db.ovn_revision_numbers_db [None req-f9bc465d-33eb-41b7-b6de-ad12374a333b cf0daefb56e74ed4819637a9fa87d277 31c0f8415e1f4d6aabb1123692544fd3 - - default default] Successfully bumped revision number for resource 25b7f9a1-d8af-4d87-adb4-ef24d1ed19f9 (type: security_group_rules) to 0
2026-05-05 23:32:02.623 7 INFO neutron.db.ovn_revision_numbers_db [None req-f9bc465d-33eb-41b7-b6de-ad12374a333b cf0daefb56e74ed4819637a9fa87d277 31c0f8415e1f4d6aabb1123692544fd3 - - default default] Successfully bumped revision number for resource 6150d81f-a3d3-4b9e-8b32-4512ac58aadd (type: security_group_rules) to 0
2026-05-05 23:32:02.634 7 INFO neutron.db.ovn_revision_numbers_db [None req-f9bc465d-33eb-41b7-b6de-ad12374a333b cf0daefb56e74ed4819637a9fa87d277 31c0f8415e1f4d6aabb1123692544fd3 - - default default] Successfully bumped revision number for resource 8324e799-b12f-4b3b-9518-08fa6815896b (type: security_group_rules) to 0 [pid: 7|app: 0|req: 1597/3590] 10.0.0.134 () {32 vars in 774 bytes} [Tue May 5 23:32:02 2026] GET /v2.0/security-groups?tenant_id=27a35c25d3e4432e9331f2212950aeb0&name=default => generated 2929 bytes in 238 msecs (HTTP/1.1 200) 4 headers in 158 bytes (1 switches on core 0) [pid: 8|app: 0|req: 1994/3591] 10.0.0.134 () {32 vars in 740 bytes} [Tue May 5 23:32:02 2026] DELETE /v2.0/security-groups/2926451a-d7f8-4f48-aaaa-e6ddfaafc624 => generated 0 bytes in 270 msecs (HTTP/1.1 204) 2 headers in 112 bytes (1 switches on core 0)
2026-05-05 23:32:03.235 7 INFO neutron.db.ovn_revision_numbers_db [None req-07acd4df-bc67-4b99-83b9-fc22f02be0aa cf0daefb56e74ed4819637a9fa87d277 31c0f8415e1f4d6aabb1123692544fd3 - - default default] Successfully bumped revision number for resource 56223b2b-5d90-482e-a3be-f7a65b9d2dc8 (type: security_groups) to 1
2026-05-05 23:32:03.246 7 INFO neutron.db.ovn_revision_numbers_db [None req-07acd4df-bc67-4b99-83b9-fc22f02be0aa cf0daefb56e74ed4819637a9fa87d277 31c0f8415e1f4d6aabb1123692544fd3 - - default default] Successfully bumped revision number for resource 160431b5-f273-46a4-aa8c-877a0571fc2b (type: security_group_rules) to 0
2026-05-05 23:32:03.256 7 INFO neutron.db.ovn_revision_numbers_db [None req-07acd4df-bc67-4b99-83b9-fc22f02be0aa cf0daefb56e74ed4819637a9fa87d277 31c0f8415e1f4d6aabb1123692544fd3 - - default default] Successfully bumped revision number for resource 46f24864-97f9-4d1d-bc04-8bcb7bb131a5 (type: security_group_rules) to 0
2026-05-05 23:32:03.267 7 INFO neutron.db.ovn_revision_numbers_db [None req-07acd4df-bc67-4b99-83b9-fc22f02be0aa cf0daefb56e74ed4819637a9fa87d277 31c0f8415e1f4d6aabb1123692544fd3 - - default default] Successfully bumped revision number for resource 64804680-fac0-4722-aae4-879580afb2a7 (type: security_group_rules) to 0
2026-05-05 23:32:03.280 7 INFO neutron.db.ovn_revision_numbers_db [None req-07acd4df-bc67-4b99-83b9-fc22f02be0aa cf0daefb56e74ed4819637a9fa87d277 31c0f8415e1f4d6aabb1123692544fd3 - - default default] Successfully bumped revision number for resource ac921de6-35ee-4ec1-b3b1-9109f5466bc2 (type: security_group_rules) to 0 [pid: 7|app: 0|req: 1598/3592] 10.0.0.134 () {32 vars in 774 bytes} [Tue May 5 23:32:03 2026] GET /v2.0/security-groups?tenant_id=32a49c7433694aa0981e238edcd2bc95&name=default => generated 2929 bytes in 246 msecs (HTTP/1.1 200) 4 headers in 158 bytes (1 switches on core 0) [pid: 8|app: 0|req: 1995/3593] 10.0.0.134 () {32 vars in 740 bytes} [Tue May 5 23:32:03 2026] DELETE /v2.0/security-groups/56223b2b-5d90-482e-a3be-f7a65b9d2dc8 => generated 0 bytes in 274 msecs (HTTP/1.1 204) 2 headers in 112 bytes (1 switches on core 0)
2026-05-05 23:32:03.884 7 INFO neutron.db.ovn_revision_numbers_db [None req-726de311-4ea5-443f-9347-1f5c4fd8b153 cf0daefb56e74ed4819637a9fa87d277 31c0f8415e1f4d6aabb1123692544fd3 - - default default] Successfully bumped revision number for resource e8a7fc8a-08ec-46bf-9475-0f553a849b4c (type: security_groups) to 1
2026-05-05 23:32:03.895 7 INFO neutron.db.ovn_revision_numbers_db [None req-726de311-4ea5-443f-9347-1f5c4fd8b153 cf0daefb56e74ed4819637a9fa87d277 31c0f8415e1f4d6aabb1123692544fd3 - - default default] Successfully bumped revision number for resource 22d306d6-faba-4d6e-a2c1-5d4eb87331b5 (type: security_group_rules) to 0
2026-05-05 23:32:03.908 7 INFO neutron.db.ovn_revision_numbers_db [None req-726de311-4ea5-443f-9347-1f5c4fd8b153 cf0daefb56e74ed4819637a9fa87d277 31c0f8415e1f4d6aabb1123692544fd3 - - default default] Successfully bumped revision number for resource 412ad30e-30ce-4e77-9193-04364753396b (type: security_group_rules) to 0
2026-05-05 23:32:03.920 7 INFO neutron.db.ovn_revision_numbers_db [None req-726de311-4ea5-443f-9347-1f5c4fd8b153 cf0daefb56e74ed4819637a9fa87d277 31c0f8415e1f4d6aabb1123692544fd3 - - default default] Successfully bumped revision number for resource 76e87b4c-c792-4cbf-8e35-3af9bcfb73c3 (type: security_group_rules) to 0
2026-05-05 23:32:03.931 7 INFO neutron.db.ovn_revision_numbers_db [None req-726de311-4ea5-443f-9347-1f5c4fd8b153 cf0daefb56e74ed4819637a9fa87d277 31c0f8415e1f4d6aabb1123692544fd3 - - default default] Successfully bumped revision number for resource e488a4eb-4664-4c77-ad3c-3a543b4ce363 (type: security_group_rules) to 0 [pid: 7|app: 0|req: 1599/3594] 10.0.0.134 () {32 vars in 774 bytes} [Tue May 5 23:32:03 2026] GET /v2.0/security-groups?tenant_id=383e0dfc7f194ddd9ba068fab7af9906&name=default => generated 2929 bytes in 251 msecs (HTTP/1.1 200) 4 headers in 158 bytes (1 switches on core 0) [pid: 8|app: 0|req: 1996/3595] 10.0.0.134 () {32 vars in 740 bytes} [Tue May 5 23:32:03 2026] DELETE /v2.0/security-groups/e8a7fc8a-08ec-46bf-9475-0f553a849b4c => generated 0 bytes in 289 msecs (HTTP/1.1 204) 2 headers in 112 bytes (1 switches on core 0)
2026-05-05 23:32:04.561 7 INFO neutron.db.ovn_revision_numbers_db [None req-1ef4431b-82f3-402c-9dc1-1205e9c35622 cf0daefb56e74ed4819637a9fa87d277 31c0f8415e1f4d6aabb1123692544fd3 - - default default] Successfully bumped revision number for resource 4a622af1-99e9-4590-9ac6-3de1fbdc6d01 (type: security_groups) to 1
2026-05-05 23:32:04.574 7 INFO neutron.db.ovn_revision_numbers_db [None req-1ef4431b-82f3-402c-9dc1-1205e9c35622 cf0daefb56e74ed4819637a9fa87d277 31c0f8415e1f4d6aabb1123692544fd3 - - default default] Successfully bumped revision number for resource a3c39790-2bab-41de-94a5-5c85751f2ebf (type: security_group_rules) to 0
2026-05-05 23:32:04.585 7 INFO neutron.db.ovn_revision_numbers_db [None req-1ef4431b-82f3-402c-9dc1-1205e9c35622 cf0daefb56e74ed4819637a9fa87d277 31c0f8415e1f4d6aabb1123692544fd3 - - default default] Successfully bumped revision number for resource b7cafd21-8ebe-408c-8a8f-695db62e835c (type: security_group_rules) to 0
2026-05-05 23:32:04.597 7 INFO neutron.db.ovn_revision_numbers_db [None req-1ef4431b-82f3-402c-9dc1-1205e9c35622 cf0daefb56e74ed4819637a9fa87d277 31c0f8415e1f4d6aabb1123692544fd3 - - default default] Successfully bumped revision number for resource c69c9c96-ec42-4baa-aac7-8b183b1dff57 (type: security_group_rules) to 0
2026-05-05 23:32:04.610 7 INFO neutron.db.ovn_revision_numbers_db [None req-1ef4431b-82f3-402c-9dc1-1205e9c35622 cf0daefb56e74ed4819637a9fa87d277 31c0f8415e1f4d6aabb1123692544fd3 - - default default] Successfully bumped revision number for resource fb2e1a64-9d94-4233-b726-5160924016b1 (type: security_group_rules) to 0 [pid: 7|app: 0|req: 1600/3598] 10.0.0.134 () {32 vars in 774 bytes} [Tue May 5 23:32:04 2026] GET /v2.0/security-groups?tenant_id=446924086a774bf1818a18ad464c3cde&name=default => generated 2929 bytes in 250 msecs (HTTP/1.1 200) 4 headers in 158 bytes (1 switches on core 0) [pid: 8|app: 0|req: 1999/3599] 10.0.0.134 () {32 vars in 740 bytes} [Tue May 5 23:32:04 2026] DELETE /v2.0/security-groups/4a622af1-99e9-4590-9ac6-3de1fbdc6d01 => generated 0 bytes in 332 msecs (HTTP/1.1 204) 2 headers in 112 bytes (1 switches on core 0)
2026-05-05 23:32:05.265 7 INFO neutron.db.ovn_revision_numbers_db [None req-a8a91e5c-38b1-4d91-ada9-e14c7bfacc4f cf0daefb56e74ed4819637a9fa87d277 31c0f8415e1f4d6aabb1123692544fd3 - - default default] Successfully bumped revision number for resource d1611445-0dd3-4769-8ea3-ce10b7924301 (type: security_groups) to 1
2026-05-05 23:32:05.279 7 INFO neutron.db.ovn_revision_numbers_db [None req-a8a91e5c-38b1-4d91-ada9-e14c7bfacc4f cf0daefb56e74ed4819637a9fa87d277 31c0f8415e1f4d6aabb1123692544fd3 - - default default] Successfully bumped revision number for resource 200c7e71-3792-4a07-a7ee-8b40dd38a680 (type: security_group_rules) to 0
2026-05-05 23:32:05.292 7 INFO neutron.db.ovn_revision_numbers_db [None req-a8a91e5c-38b1-4d91-ada9-e14c7bfacc4f cf0daefb56e74ed4819637a9fa87d277 31c0f8415e1f4d6aabb1123692544fd3 - - default default] Successfully bumped revision number for resource 51d3374c-f0f5-40f1-b395-e27ac95d13ad (type: security_group_rules) to 0
2026-05-05 23:32:05.303 7 INFO neutron.db.ovn_revision_numbers_db [None req-a8a91e5c-38b1-4d91-ada9-e14c7bfacc4f cf0daefb56e74ed4819637a9fa87d277 31c0f8415e1f4d6aabb1123692544fd3 - - default default] Successfully bumped revision number for resource 7a7c451d-a9ee-4135-9696-e228d5013edb (type: security_group_rules) to 0
2026-05-05 23:32:05.315 7 INFO neutron.db.ovn_revision_numbers_db [None req-a8a91e5c-38b1-4d91-ada9-e14c7bfacc4f cf0daefb56e74ed4819637a9fa87d277 31c0f8415e1f4d6aabb1123692544fd3 - - default default] Successfully bumped revision number for resource bd4d8071-8ca3-4564-9e08-46c4c85853ca (type: security_group_rules) to 0 [pid: 7|app: 0|req: 1601/3600] 10.0.0.134 () {32 vars in 774 bytes} [Tue May 5 23:32:05 2026] GET /v2.0/security-groups?tenant_id=2479cb918aaf4eb78b8a1c38473c2ef6&name=default => generated 2929 bytes in 242 msecs (HTTP/1.1 200) 4 headers in 158 bytes (1 switches on core 0) [pid: 8|app: 0|req: 2000/3601] 10.0.0.134 () {32 vars in 740 bytes} [Tue May 5 23:32:05 2026] DELETE /v2.0/security-groups/d1611445-0dd3-4769-8ea3-ce10b7924301 => generated 0 bytes in 258 msecs (HTTP/1.1 204) 2 headers in 112 bytes (1 switches on core 0)
2026-05-05 23:32:05.897 7 INFO neutron.db.ovn_revision_numbers_db [None req-3e6d75a5-ce9d-448d-ba76-734cb228ebf9 cf0daefb56e74ed4819637a9fa87d277 31c0f8415e1f4d6aabb1123692544fd3 - - default default] Successfully bumped revision number for resource 0f55f763-0ac4-4374-98a5-4ffa2a908ffe (type: security_groups) to 1
