2026-05-07 20:26:18.684 7 INFO neutron.db.segments_db [None req-083937a2-0051-4481-a699-fd81b35cc958 d8c46a03c35e4d5a93e26aaa7159186a 3779d92c006841698d7a0d8c50f84dd9 - - default default] Added segment 08db0f89-1899-4490-8fec-57eabeecd24e of type geneve for network a8d4e2eb-28e0-4ce4-a703-177280162375 [pid: 8|app: 0|req: 853/1583] 10.0.0.32 () {32 vars in 716 bytes} [Thu May 7 20:26:18 2026] GET /v2.0/extensions/security-groups-shared-filtering => generated 241 bytes in 4 msecs (HTTP/1.1 200) 4 headers in 157 bytes (1 switches on core 0) [pid: 8|app: 0|req: 854/1584] 10.0.0.32 () {32 vars in 680 bytes} [Thu May 7 20:26:18 2026] GET /v2.0/extensions/security-group => generated 170 bytes in 4 msecs (HTTP/1.1 200) 4 headers in 157 bytes (1 switches on core 0) [pid: 8|app: 0|req: 855/1585] 10.0.0.32 () {32 vars in 666 bytes} [Thu May 7 20:26:18 2026] GET /v2.0/extensions/segment => generated 145 bytes in 4 msecs (HTTP/1.1 200) 4 headers in 157 bytes (1 switches on core 0) [pid: 8|app: 0|req: 856/1586] 10.0.0.32 () {32 vars in 716 bytes} [Thu May 7 20:26:18 2026] GET /v2.0/extensions/segments-peer-subnet-host-routes => generated 233 bytes in 4 msecs (HTTP/1.1 200) 4 headers in 157 bytes (1 switches on core 0) [pid: 8|app: 0|req: 857/1587] 10.0.0.32 () {32 vars in 676 bytes} [Thu May 7 20:26:18 2026] GET /v2.0/extensions/service-type => generated 221 bytes in 4 msecs (HTTP/1.1 200) 4 headers in 157 bytes (1 switches on core 0) [pid: 8|app: 0|req: 858/1588] 10.0.0.32 () {32 vars in 666 bytes} [Thu May 7 20:26:18 2026] GET /v2.0/extensions/sorting => generated 183 bytes in 4 msecs (HTTP/1.1 200) 4 headers in 157 bytes (1 switches on core 0) [pid: 8|app: 0|req: 859/1589] 10.0.0.32 () {32 vars in 694 bytes} [Thu May 7 20:26:18 2026] GET /v2.0/extensions/standard-attr-segment => generated 212 bytes in 4 msecs (HTTP/1.1 200) 4 headers in 157 bytes (1 switches on core 0) [pid: 8|app: 0|req: 860/1590] 10.0.0.32 () {32 vars in 702 bytes} [Thu May 7 20:26:18 2026] GET /v2.0/extensions/standard-attr-description => generated 214 bytes in 4 msecs (HTTP/1.1 200) 4 headers in 157 bytes (1 switches on core 0) [pid: 8|app: 0|req: 861/1591] 10.0.0.32 () {32 vars in 698 bytes} [Thu May 7 20:26:18 2026] GET /v2.0/extensions/stateful-security-group => generated 208 bytes in 4 msecs (HTTP/1.1 200) 4 headers in 157 bytes (1 switches on core 0) [pid: 8|app: 0|req: 862/1592] 10.0.0.32 () {32 vars in 706 bytes} [Thu May 7 20:26:18 2026] GET /v2.0/extensions/subnet-dns-publish-fixed-ip => generated 227 bytes in 4 msecs (HTTP/1.1 200) 4 headers in 157 bytes (1 switches on core 0) [pid: 8|app: 0|req: 863/1593] 10.0.0.32 () {32 vars in 698 bytes} [Thu May 7 20:26:18 2026] GET /v2.0/extensions/subnet-external-network => generated 224 bytes in 4 msecs (HTTP/1.1 200) 4 headers in 157 bytes (1 switches on core 0) [pid: 8|app: 0|req: 864/1594] 10.0.0.32 () {32 vars in 702 bytes} [Thu May 7 20:26:18 2026] GET /v2.0/extensions/subnet-segmentid-writable => generated 227 bytes in 4 msecs (HTTP/1.1 200) 4 headers in 157 bytes (1 switches on core 0) [pid: 8|app: 0|req: 865/1595] 10.0.0.32 () {32 vars in 692 bytes} [Thu May 7 20:26:18 2026] GET /v2.0/extensions/subnet-service-types => generated 206 bytes in 5 msecs (HTTP/1.1 200) 4 headers in 157 bytes (1 switches on core 0) [pid: 8|app: 0|req: 866/1596] 10.0.0.32 () {32 vars in 686 bytes} [Thu May 7 20:26:18 2026] GET /v2.0/extensions/subnet_allocation => generated 194 bytes in 4 msecs (HTTP/1.1 200) 4 headers in 157 bytes (1 switches on core 0) [pid: 8|app: 0|req: 867/1597] 10.0.0.32 () {32 vars in 694 bytes} [Thu May 7 20:26:18 2026] GET /v2.0/extensions/subnetpool-prefix-ops => generated 224 bytes in 4 msecs (HTTP/1.1 200) 4 headers in 157 bytes (1 switches on core 0) [pid: 8|app: 0|req: 868/1598] 10.0.0.32 () {32 vars in 676 bytes} [Thu May 7 20:26:18 2026] GET /v2.0/extensions/tag-creation => generated 190 bytes in 3 msecs (HTTP/1.1 200) 4 headers in 157 bytes (1 switches on core 0) [pid: 8|app: 0|req: 869/1599] 10.0.0.32 () {32 vars in 686 bytes} [Thu May 7 20:26:18 2026] GET /v2.0/extensions/standard-attr-tag => generated 343 bytes in 3 msecs (HTTP/1.1 200) 4 headers in 157 bytes (1 switches on core 0)
2026-05-07 20:26:18.802 7 INFO neutron.db.ovn_revision_numbers_db [None req-083937a2-0051-4481-a699-fd81b35cc958 d8c46a03c35e4d5a93e26aaa7159186a 3779d92c006841698d7a0d8c50f84dd9 - - default default] Successfully bumped revision number for resource a8d4e2eb-28e0-4ce4-a703-177280162375 (type: networks) to 1 [pid: 8|app: 0|req: 870/1600] 10.0.0.32 () {32 vars in 698 bytes} [Thu May 7 20:26:18 2026] GET /v2.0/extensions/standard-attr-timestamp => generated 255 bytes in 4 msecs (HTTP/1.1 200) 4 headers in 157 bytes (1 switches on core 0) [pid: 8|app: 0|req: 871/1601] 10.0.0.32 () {32 vars in 662 bytes} [Thu May 7 20:26:18 2026] GET /v2.0/extensions/trunk => generated 164 bytes in 4 msecs (HTTP/1.1 200) 4 headers in 157 bytes (1 switches on core 0) [pid: 8|app: 0|req: 872/1602] 10.0.0.32 () {32 vars in 678 bytes} [Thu May 7 20:26:18 2026] GET /v2.0/extensions/trunk-details => generated 168 bytes in 4 msecs (HTTP/1.1 200) 4 headers in 157 bytes (1 switches on core 0) [pid: 8|app: 0|req: 873/1603] 10.0.0.32 () {32 vars in 684 bytes} [Thu May 7 20:26:18 2026] GET /v2.0/extensions/vlan-transparent => generated 177 bytes in 4 msecs (HTTP/1.1 200) 4 headers in 157 bytes (1 switches on core 0) [pid: 8|app: 0|req: 874/1604] 10.0.0.32 () {32 vars in 674 bytes} [Thu May 7 20:26:18 2026] GET /v2.0/extensions/vpn-aes-ctr => generated 195 bytes in 4 msecs (HTTP/1.1 200) 4 headers in 157 bytes (1 switches on core 0) [pid: 8|app: 0|req: 875/1605] 10.0.0.32 () {32 vars in 690 bytes} [Thu May 7 20:26:18 2026] GET /v2.0/extensions/vpn-agent-scheduler => generated 199 bytes in 7 msecs (HTTP/1.1 200) 4 headers in 157 bytes (1 switches on core 0) [pid: 8|app: 0|req: 876/1606] 10.0.0.32 () {32 vars in 690 bytes} [Thu May 7 20:26:18 2026] GET /v2.0/extensions/vpn-endpoint-groups => generated 177 bytes in 10 msecs (HTTP/1.1 200) 4 headers in 157 bytes (1 switches on core 0) [pid: 8|app: 0|req: 877/1607] 10.0.0.32 () {32 vars in 674 bytes} [Thu May 7 20:26:18 2026] GET /v2.0/extensions/vpn-flavors => generated 182 bytes in 4 msecs (HTTP/1.1 200) 4 headers in 157 bytes (1 switches on core 0) [pid: 8|app: 0|req: 878/1608] 10.0.0.32 () {32 vars in 664 bytes} [Thu May 7 20:26:18 2026] GET /v2.0/extensions/vpnaas => generated 154 bytes in 4 msecs (HTTP/1.1 200) 4 headers in 157 bytes (1 switches on core 0) [pid: 8|app: 0|req: 879/1609] 10.0.0.32 () {32 vars in 660 bytes} [Thu May 7 20:26:18 2026] GET /v2.0/extensions/taas => generated 175 bytes in 4 msecs (HTTP/1.1 200) 4 headers in 157 bytes (1 switches on core 0) [pid: 8|app: 0|req: 880/1610] 10.0.0.32 () {32 vars in 672 bytes} [Thu May 7 20:26:18 2026] GET /v2.0/extensions/tap-mirror => generated 222 bytes in 4 msecs (HTTP/1.1 200) 4 headers in 157 bytes (1 switches on core 0) [pid: 8|app: 0|req: 881/1611] 10.0.0.32 () {32 vars in 684 bytes} [Thu May 7 20:26:18 2026] GET /v2.0/extensions/taas-vlan-filter => generated 226 bytes in 4 msecs (HTTP/1.1 200) 4 headers in 157 bytes (1 switches on core 0)
2026-05-07 20:26:18.975 7 WARNING neutron.scheduler.dhcp_agent_scheduler [None req-083937a2-0051-4481-a699-fd81b35cc958 d8c46a03c35e4d5a93e26aaa7159186a 3779d92c006841698d7a0d8c50f84dd9 - - default default] No more DHCP agents
2026-05-07 20:26:18.976 7 WARNING neutron.api.rpc.agentnotifiers.dhcp_rpc_agent_api [None req-083937a2-0051-4481-a699-fd81b35cc958 d8c46a03c35e4d5a93e26aaa7159186a 3779d92c006841698d7a0d8c50f84dd9 - - default default] Unable to schedule network a8d4e2eb-28e0-4ce4-a703-177280162375: no agents available; will retry on subsequent port and subnet creation events.
2026-05-07 20:26:19.026 8 INFO neutron.plugins.ml2.drivers.ovn.mech_driver.mech_driver [None req-be430cb8-0aed-4580-b9d8-f67707a53c5f - - - - - -] OVN reports status down for port: 97112666-5ed8-486a-9628-a9ed3fc270d1
2026-05-07 20:26:19.067 7 INFO neutron.db.ovn_revision_numbers_db [None req-083937a2-0051-4481-a699-fd81b35cc958 d8c46a03c35e4d5a93e26aaa7159186a 3779d92c006841698d7a0d8c50f84dd9 - - default default] Successfully bumped revision number for resource 97112666-5ed8-486a-9628-a9ed3fc270d1 (type: ports) to 1 [pid: 7|app: 0|req: 731/1612] 10.0.0.32 () {34 vars in 667 bytes} [Thu May 7 20:26:18 2026] POST /v2.0/networks => generated 650 bytes in 488 msecs (HTTP/1.1 201) 4 headers in 162 bytes (1 switches on core 0)
2026-05-07 20:26:19.242 7 WARNING neutron.scheduler.dhcp_agent_scheduler [None req-56508466-9a57-4760-8c6e-8780d587f38b d8c46a03c35e4d5a93e26aaa7159186a 3779d92c006841698d7a0d8c50f84dd9 - - default default] No more DHCP agents
2026-05-07 20:26:19.243 7 WARNING neutron.api.rpc.agentnotifiers.dhcp_rpc_agent_api [None req-56508466-9a57-4760-8c6e-8780d587f38b d8c46a03c35e4d5a93e26aaa7159186a 3779d92c006841698d7a0d8c50f84dd9 - - default default] Unable to schedule network a8d4e2eb-28e0-4ce4-a703-177280162375: no agents available; will retry on subsequent port and subnet creation events.
2026-05-07 20:26:19.623 7 INFO neutron.db.ovn_revision_numbers_db [None req-3a79fff7-f5c8-4789-b41a-2af5b0f253c9 - - - - - -] Successfully bumped revision number for resource 97112666-5ed8-486a-9628-a9ed3fc270d1 (type: ports) to 2
2026-05-07 20:26:19.660 7 INFO neutron.db.ovn_revision_numbers_db [None req-3a79fff7-f5c8-4789-b41a-2af5b0f253c9 - - - - - -] Successfully bumped revision number for resource 82c1983b-dd47-4b7e-a714-0ce69f61282b (type: subnets) to 0 [pid: 7|app: 0|req: 733/1615] 10.0.0.32 () {34 vars in 666 bytes} [Thu May 7 20:26:19 2026] POST /v2.0/subnets => generated 626 bytes in 579 msecs (HTTP/1.1 201) 4 headers in 162 bytes (1 switches on core 0)
2026-05-07 20:26:19.675 8 INFO neutron.db.ovn_revision_numbers_db [None req-32c475da-d4b0-4fcf-9250-2bb5ab4118cb b461623715d04546ab801ada0feeb413 709837b87e78436d8240608872020c88 - - default default] Successfully bumped revision number for resource c4a4c1fe-4dfe-4ed8-8a97-11e46cdc8292 (type: security_groups) to 1
2026-05-07 20:26:19.686 8 INFO neutron.db.ovn_revision_numbers_db [None req-32c475da-d4b0-4fcf-9250-2bb5ab4118cb b461623715d04546ab801ada0feeb413 709837b87e78436d8240608872020c88 - - default default] Successfully bumped revision number for resource 002a4bad-df9a-45ee-951c-ef8435ca22e5 (type: security_group_rules) to 0
2026-05-07 20:26:19.699 8 INFO neutron.db.ovn_revision_numbers_db [None req-32c475da-d4b0-4fcf-9250-2bb5ab4118cb b461623715d04546ab801ada0feeb413 709837b87e78436d8240608872020c88 - - default default] Successfully bumped revision number for resource a0236de8-ddcd-4751-a4b0-68bcc7a0c70a (type: security_group_rules) to 0
2026-05-07 20:26:19.714 8 INFO neutron.db.ovn_revision_numbers_db [None req-32c475da-d4b0-4fcf-9250-2bb5ab4118cb b461623715d04546ab801ada0feeb413 709837b87e78436d8240608872020c88 - - default default] Successfully bumped revision number for resource bdc1f03d-3774-49ad-92d1-0efb2e1fa57e (type: security_group_rules) to 0
2026-05-07 20:26:19.725 8 INFO neutron.db.ovn_revision_numbers_db [None req-32c475da-d4b0-4fcf-9250-2bb5ab4118cb b461623715d04546ab801ada0feeb413 709837b87e78436d8240608872020c88 - - default default] Successfully bumped revision number for resource fe7551c2-317e-42ed-bc3c-7fe4e20bd607 (type: security_group_rules) to 0 [pid: 8|app: 0|req: 883/1616] 10.0.0.32 () {32 vars in 771 bytes} [Thu May 7 20:26:19 2026] GET /v2.0/security-groups?tenant_id=357f4f5dd3e74f5f9c0dec17eccebf2f&name=default => generated 2925 bytes in 390 msecs (HTTP/1.1 200) 4 headers in 158 bytes (1 switches on core 0)
2026-05-07 20:26:19.941 7 WARNING neutron.scheduler.dhcp_agent_scheduler [None req-799a4843-b96f-4f53-8722-abb9257b588b d8c46a03c35e4d5a93e26aaa7159186a 3779d92c006841698d7a0d8c50f84dd9 - - default default] No more DHCP agents
2026-05-07 20:26:19.943 7 WARNING neutron.api.rpc.agentnotifiers.dhcp_rpc_agent_api [None req-799a4843-b96f-4f53-8722-abb9257b588b d8c46a03c35e4d5a93e26aaa7159186a 3779d92c006841698d7a0d8c50f84dd9 - - default default] Unable to schedule network a8d4e2eb-28e0-4ce4-a703-177280162375: no agents available; will retry on subsequent port and subnet creation events. [pid: 8|app: 0|req: 884/1617] 10.0.0.32 () {32 vars in 737 bytes} [Thu May 7 20:26:19 2026] DELETE /v2.0/security-groups/c4a4c1fe-4dfe-4ed8-8a97-11e46cdc8292 => generated 0 bytes in 287 msecs (HTTP/1.1 204) 2 headers in 112 bytes (1 switches on core 0)
2026-05-07 20:26:20.064 8 INFO neutron.plugins.ml2.drivers.ovn.mech_driver.mech_driver [None req-be430cb8-0aed-4580-b9d8-f67707a53c5f - - - - - -] OVN reports status down for port: 8f803abf-886e-44a7-8263-bbb8b92fdde7
2026-05-07 20:26:20.081 7 INFO neutron.db.ovn_revision_numbers_db [None req-799a4843-b96f-4f53-8722-abb9257b588b d8c46a03c35e4d5a93e26aaa7159186a 3779d92c006841698d7a0d8c50f84dd9 - - default default] Successfully bumped revision number for resource 8f803abf-886e-44a7-8263-bbb8b92fdde7 (type: ports) to 1 [pid: 7|app: 0|req: 734/1618] 10.0.0.32 () {34 vars in 662 bytes} [Thu May 7 20:26:19 2026] POST /v2.0/ports => generated 953 bytes in 432 msecs (HTTP/1.1 201) 4 headers in 162 bytes (1 switches on core 0)
2026-05-07 20:26:20.314 8 INFO neutron_taas.services.taas.taas_plugin [None req-96fb1f11-9e80-4efd-a53a-dff5ca730575 d8c46a03c35e4d5a93e26aaa7159186a 3779d92c006841698d7a0d8c50f84dd9 - - default default] TaaS: Handle Delete Port: 8f803abf-886e-44a7-8263-bbb8b92fdde7
2026-05-07 20:26:20.317 8 INFO neutron_taas.services.taas.tap_mirror_plugin [None req-96fb1f11-9e80-4efd-a53a-dff5ca730575 d8c46a03c35e4d5a93e26aaa7159186a 3779d92c006841698d7a0d8c50f84dd9 - - default default] Tap Mirror: Handle Delete Port: 8f803abf-886e-44a7-8263-bbb8b92fdde7 /var/lib/openstack/lib/python3.12/site-packages/pycadf/identifier.py:70: UserWarning: Invalid uuid: neutron. To ensure interoperability, identifiers should be a valid uuid. warnings.warn(('Invalid uuid: %s. To ensure interoperability, ' [pid: 8|app: 0|req: 885/1619] 10.0.0.32 () {32 vars in 717 bytes} [Thu May 7 20:26:20 2026] DELETE /v2.0/ports/8f803abf-886e-44a7-8263-bbb8b92fdde7 => generated 0 bytes in 380 msecs (HTTP/1.1 204) 3 headers in 131 bytes (1 switches on core 0)
2026-05-07 20:26:20.525 8 INFO neutron.pecan_wsgi.hooks.translation [None req-1c47cead-982b-4410-aaf2-42b00e3a7be2 d8c46a03c35e4d5a93e26aaa7159186a 3779d92c006841698d7a0d8c50f84dd9 - - default default] DELETE failed (client error): The resource could not be found. [pid: 8|app: 0|req: 886/1620] 10.0.0.32 () {32 vars in 717 bytes} [Thu May 7 20:26:20 2026] DELETE /v2.0/ports/8f803abf-886e-44a7-8263-bbb8b92fdde7 => generated 132 bytes in 26 msecs (HTTP/1.1 404) 4 headers in 164 bytes (1 switches on core 0)
2026-05-07 20:26:20.539 7 INFO neutron.db.ovn_revision_numbers_db [None req-04c29283-2522-481e-b33b-58871532102c 41628435160b4a429ebb041af433e54f 49d7fe2f37584fa2ab6613d15eb5714c - - default default] Successfully bumped revision number for resource ebcae3cb-a4ca-468f-bfc6-91ab240394c1 (type: security_groups) to 1
2026-05-07 20:26:20.549 7 INFO neutron.db.ovn_revision_numbers_db [None req-04c29283-2522-481e-b33b-58871532102c 41628435160b4a429ebb041af433e54f 49d7fe2f37584fa2ab6613d15eb5714c - - default default] Successfully bumped revision number for resource 21ff2f94-a22e-425e-b81b-4552fffee745 (type: security_group_rules) to 0
2026-05-07 20:26:20.550 8 INFO neutron.pecan_wsgi.hooks.translation [None req-f8e5597f-4016-45b3-acba-b469c61498ee d8c46a03c35e4d5a93e26aaa7159186a 3779d92c006841698d7a0d8c50f84dd9 - - default default] GET failed (client error): The resource could not be found. [pid: 8|app: 0|req: 887/1621] 10.0.0.32 () {32 vars in 714 bytes} [Thu May 7 20:26:20 2026] GET /v2.0/ports/8f803abf-886e-44a7-8263-bbb8b92fdde7 => generated 132 bytes in 19 msecs (HTTP/1.1 404) 4 headers in 164 bytes (1 switches on core 0)
2026-05-07 20:26:20.559 7 INFO neutron.db.ovn_revision_numbers_db [None req-04c29283-2522-481e-b33b-58871532102c 41628435160b4a429ebb041af433e54f 49d7fe2f37584fa2ab6613d15eb5714c - - default default] Successfully bumped revision number for resource 4ec34e27-dffe-4110-9f11-743230679403 (type: security_group_rules) to 0
2026-05-07 20:26:20.586 7 INFO neutron.db.ovn_revision_numbers_db [None req-04c29283-2522-481e-b33b-58871532102c 41628435160b4a429ebb041af433e54f 49d7fe2f37584fa2ab6613d15eb5714c - - default default] Successfully bumped revision number for resource 70659e6e-472c-4ad4-9158-1d9b9cb99a77 (type: security_group_rules) to 0
2026-05-07 20:26:20.616 7 INFO neutron.db.ovn_revision_numbers_db [None req-04c29283-2522-481e-b33b-58871532102c 41628435160b4a429ebb041af433e54f 49d7fe2f37584fa2ab6613d15eb5714c - - default default] Successfully bumped revision number for resource a8cf4529-f968-4657-83f5-b76e5b0efcb3 (type: security_group_rules) to 0
2026-05-07 20:26:20.699 7 INFO neutron.db.segments_db [None req-04c29283-2522-481e-b33b-58871532102c 41628435160b4a429ebb041af433e54f 49d7fe2f37584fa2ab6613d15eb5714c - - default default] Added segment 0a668863-51e7-4116-b6ea-779ba83f597e of type geneve for network fd13d1fe-b354-453e-9ced-3adbea1c8e25 [pid: 8|app: 0|req: 888/1622] 10.0.0.32 () {32 vars in 721 bytes} [Thu May 7 20:26:20 2026] DELETE /v2.0/subnets/82c1983b-dd47-4b7e-a714-0ce69f61282b => generated 0 bytes in 208 msecs (HTTP/1.1 204) 3 headers in 131 bytes (1 switches on core 0)
2026-05-07 20:26:20.818 7 INFO neutron.db.ovn_revision_numbers_db [None req-04c29283-2522-481e-b33b-58871532102c 41628435160b4a429ebb041af433e54f 49d7fe2f37584fa2ab6613d15eb5714c - - default default] Successfully bumped revision number for resource fd13d1fe-b354-453e-9ced-3adbea1c8e25 (type: networks) to 1
2026-05-07 20:26:20.894 8 INFO neutron_taas.services.taas.taas_plugin [None req-b99ed9a0-9220-4a22-be59-d2a19502619f d8c46a03c35e4d5a93e26aaa7159186a 3779d92c006841698d7a0d8c50f84dd9 - - default default] TaaS: Handle Delete Port: 97112666-5ed8-486a-9628-a9ed3fc270d1
2026-05-07 20:26:20.897 8 INFO neutron_taas.services.taas.tap_mirror_plugin [None req-b99ed9a0-9220-4a22-be59-d2a19502619f d8c46a03c35e4d5a93e26aaa7159186a 3779d92c006841698d7a0d8c50f84dd9 - - default default] Tap Mirror: Handle Delete Port: 97112666-5ed8-486a-9628-a9ed3fc270d1
2026-05-07 20:26:21.011 7 WARNING neutron.scheduler.dhcp_agent_scheduler [None req-04c29283-2522-481e-b33b-58871532102c 41628435160b4a429ebb041af433e54f 49d7fe2f37584fa2ab6613d15eb5714c - - default default] No more DHCP agents
2026-05-07 20:26:21.013 7 WARNING neutron.api.rpc.agentnotifiers.dhcp_rpc_agent_api [None req-04c29283-2522-481e-b33b-58871532102c 41628435160b4a429ebb041af433e54f 49d7fe2f37584fa2ab6613d15eb5714c - - default default] Unable to schedule network fd13d1fe-b354-453e-9ced-3adbea1c8e25: no agents available; will retry on subsequent port and subnet creation events.
2026-05-07 20:26:21.074 8 INFO neutron.plugins.ml2.drivers.ovn.mech_driver.mech_driver [None req-be430cb8-0aed-4580-b9d8-f67707a53c5f - - - - - -] OVN reports status down for port: d88f8c5b-221e-47dc-a2d1-bf04db17efa6
2026-05-07 20:26:21.091 7 INFO neutron.db.ovn_revision_numbers_db [None req-04c29283-2522-481e-b33b-58871532102c 41628435160b4a429ebb041af433e54f 49d7fe2f37584fa2ab6613d15eb5714c - - default default] Successfully bumped revision number for resource d88f8c5b-221e-47dc-a2d1-bf04db17efa6 (type: ports) to 1 [pid: 7|app: 0|req: 735/1623] 10.0.0.32 () {34 vars in 668 bytes} [Thu May 7 20:26:20 2026] POST /v2.0/networks => generated 652 bytes in 956 msecs (HTTP/1.1 201) 4 headers in 162 bytes (1 switches on core 0)
2026-05-07 20:26:21.135 8 INFO neutron.services.segments.plugin [-] Segment 08db0f89-1899-4490-8fec-57eabeecd24e resource provider aggregate not found
2026-05-07 20:26:21.148 8 INFO neutron.services.segments.plugin [-] Segment 08db0f89-1899-4490-8fec-57eabeecd24e resource provider aggregate not found
2026-05-07 20:26:21.162 8 INFO neutron.services.segments.plugin [-] Segment 08db0f89-1899-4490-8fec-57eabeecd24e resource provider not found; error: Placement Client Error (4xx): {"errors": [{"status": 404, "title": "Not Found", "detail": "The resource could not be found.\n\n No resource provider with uuid 08db0f89-1899-4490-8fec-57eabeecd24e found for delete ", "request_id": "req-a6ef19c1-bf51-4a2f-9f22-fba98c8c7204"}]}
2026-05-07 20:26:21.170 8 INFO neutron.services.segments.plugin [-] Segment 08db0f89-1899-4490-8fec-57eabeecd24e resource provider not found; error: Placement Client Error (4xx): {"errors": [{"status": 404, "title": "Not Found", "detail": "The resource could not be found.\n\n No resource provider with uuid 08db0f89-1899-4490-8fec-57eabeecd24e found for delete ", "request_id": "req-19562404-be6a-4278-9c30-c17eebd422e9"}]} [pid: 8|app: 0|req: 889/1624] 10.0.0.32 () {32 vars in 723 bytes} [Thu May 7 20:26:20 2026] DELETE /v2.0/networks/a8d4e2eb-28e0-4ce4-a703-177280162375 => generated 0 bytes in 451 msecs (HTTP/1.1 204) 3 headers in 131 bytes (1 switches on core 0)
2026-05-07 20:26:21.317 8 INFO neutron.db.segments_db [None req-229cea02-2309-4e3f-b61a-13e1bd71829b d8c46a03c35e4d5a93e26aaa7159186a 3779d92c006841698d7a0d8c50f84dd9 - - default default] Added segment ffb1bd4b-ec91-44e0-8a00-28650cbb7e04 of type geneve for network e43224b4-5e6e-45c2-8671-74b0c4e48f2a
2026-05-07 20:26:21.430 8 INFO neutron.db.ovn_revision_numbers_db [None req-229cea02-2309-4e3f-b61a-13e1bd71829b d8c46a03c35e4d5a93e26aaa7159186a 3779d92c006841698d7a0d8c50f84dd9 - - default default] Successfully bumped revision number for resource e43224b4-5e6e-45c2-8671-74b0c4e48f2a (type: networks) to 1
2026-05-07 20:26:21.581 7 WARNING neutron.scheduler.dhcp_agent_scheduler [None req-f3d17ff4-6200-417b-a210-a1bf2398e6a4 41628435160b4a429ebb041af433e54f 49d7fe2f37584fa2ab6613d15eb5714c - - default default] No more DHCP agents
2026-05-07 20:26:21.583 7 WARNING neutron.api.rpc.agentnotifiers.dhcp_rpc_agent_api [None req-f3d17ff4-6200-417b-a210-a1bf2398e6a4 41628435160b4a429ebb041af433e54f 49d7fe2f37584fa2ab6613d15eb5714c - - default default] Unable to schedule network c6313b88-50a0-4324-b9c5-0b5c81b98319: no agents available; will retry on subsequent port and subnet creation events.
2026-05-07 20:26:21.597 8 WARNING neutron.scheduler.dhcp_agent_scheduler [None req-229cea02-2309-4e3f-b61a-13e1bd71829b d8c46a03c35e4d5a93e26aaa7159186a 3779d92c006841698d7a0d8c50f84dd9 - - default default] No more DHCP agents
2026-05-07 20:26:21.599 8 WARNING neutron.api.rpc.agentnotifiers.dhcp_rpc_agent_api [None req-229cea02-2309-4e3f-b61a-13e1bd71829b d8c46a03c35e4d5a93e26aaa7159186a 3779d92c006841698d7a0d8c50f84dd9 - - default default] Unable to schedule network e43224b4-5e6e-45c2-8671-74b0c4e48f2a: no agents available; will retry on subsequent port and subnet creation events.
2026-05-07 20:26:21.643 8 INFO neutron.plugins.ml2.drivers.ovn.mech_driver.mech_driver [None req-be430cb8-0aed-4580-b9d8-f67707a53c5f - - - - - -] OVN reports status down for port: ebb90df0-379f-4e39-90fa-bfc68336862a
2026-05-07 20:26:21.719 8 INFO neutron.db.ovn_revision_numbers_db [None req-229cea02-2309-4e3f-b61a-13e1bd71829b d8c46a03c35e4d5a93e26aaa7159186a 3779d92c006841698d7a0d8c50f84dd9 - - default default] Successfully bumped revision number for resource ebb90df0-379f-4e39-90fa-bfc68336862a (type: ports) to 1
2026-05-07 20:26:21.765 7 INFO neutron.db.ovn_revision_numbers_db [None req-f3d17ff4-6200-417b-a210-a1bf2398e6a4 41628435160b4a429ebb041af433e54f 49d7fe2f37584fa2ab6613d15eb5714c - - default default] Successfully bumped revision number for resource c1e6da16-c917-4acc-a01e-e99ac7c9f83f (type: ports) to 1
2026-05-07 20:26:21.776 8 INFO neutron.plugins.ml2.drivers.ovn.mech_driver.mech_driver [None req-be430cb8-0aed-4580-b9d8-f67707a53c5f - - - - - -] OVN reports status down for port: c1e6da16-c917-4acc-a01e-e99ac7c9f83f [pid: 8|app: 0|req: 890/1625] 10.0.0.32 () {34 vars in 667 bytes} [Thu May 7 20:26:21 2026] POST /v2.0/networks => generated 651 bytes in 578 msecs (HTTP/1.1 201) 4 headers in 162 bytes (1 switches on core 0)
2026-05-07 20:26:22.056 8 INFO neutron.db.ovn_revision_numbers_db [None req-f3656a89-6316-4d80-8f29-4e6f9ae40e4b 36d52f5061fe40d89e292a78042d99d0 5ab84bb7959e4bee9aae51a9b62a041e - - default default] Successfully bumped revision number for resource 618e2a64-6168-4261-b345-81ebcb6d7ceb (type: security_groups) to 1
2026-05-07 20:26:22.065 8 INFO neutron.db.ovn_revision_numbers_db [None req-f3656a89-6316-4d80-8f29-4e6f9ae40e4b 36d52f5061fe40d89e292a78042d99d0 5ab84bb7959e4bee9aae51a9b62a041e - - default default] Successfully bumped revision number for resource 0b7a4992-7cc5-47bb-b7e3-22a4a34828ec (type: security_group_rules) to 0
2026-05-07 20:26:22.078 8 INFO neutron.db.ovn_revision_numbers_db [None req-f3656a89-6316-4d80-8f29-4e6f9ae40e4b 36d52f5061fe40d89e292a78042d99d0 5ab84bb7959e4bee9aae51a9b62a041e - - default default] Successfully bumped revision number for resource 918b67f4-6eaa-4446-9cd7-409c74742374 (type: security_group_rules) to 0
2026-05-07 20:26:22.089 8 INFO neutron.db.ovn_revision_numbers_db [None req-f3656a89-6316-4d80-8f29-4e6f9ae40e4b 36d52f5061fe40d89e292a78042d99d0 5ab84bb7959e4bee9aae51a9b62a041e - - default default] Successfully bumped revision number for resource 9f0eb385-a3a0-4924-bd17-4227e3281e53 (type: security_group_rules) to 0
2026-05-07 20:26:22.101 8 INFO neutron.db.ovn_revision_numbers_db [None req-f3656a89-6316-4d80-8f29-4e6f9ae40e4b 36d52f5061fe40d89e292a78042d99d0 5ab84bb7959e4bee9aae51a9b62a041e - - default default] Successfully bumped revision number for resource aa81e112-5f9f-4c24-9e99-66fe2fa26e43 (type: security_group_rules) to 0
2026-05-07 20:26:22.197 8 INFO neutron.db.segments_db [None req-f3656a89-6316-4d80-8f29-4e6f9ae40e4b 36d52f5061fe40d89e292a78042d99d0 5ab84bb7959e4bee9aae51a9b62a041e - - default default] Added segment 2143b610-b308-4c50-8ea6-bd243f533a44 of type geneve for network 435bfc5e-51fa-48c5-af7b-4e76fcf8dfef
2026-05-07 20:26:22.284 8 INFO neutron.db.segments_db [None req-f3656a89-6316-4d80-8f29-4e6f9ae40e4b 36d52f5061fe40d89e292a78042d99d0 5ab84bb7959e4bee9aae51a9b62a041e - - default default] Added segment 2715a1d7-4545-4885-b323-7eb17a74dd77 of type geneve for network 4a33b61b-9e96-44ed-8f1d-5bdf2647cef2
2026-05-07 20:26:22.408 8 INFO neutron.db.ovn_revision_numbers_db [None req-f3656a89-6316-4d80-8f29-4e6f9ae40e4b 36d52f5061fe40d89e292a78042d99d0 5ab84bb7959e4bee9aae51a9b62a041e - - default default] Successfully bumped revision number for resource 435bfc5e-51fa-48c5-af7b-4e76fcf8dfef (type: networks) to 1
2026-05-07 20:26:22.417 7 INFO neutron.plugins.ml2.drivers.ovn.mech_driver.ovsdb.commands [None req-8bfaf611-9af9-43ce-a8b9-27a4f5154002 - - - - - -] Schedule LRP lrp-c1e6da16-c917-4acc-a01e-e99ac7c9f83f on gateway f394325d-ceef-4864-9c25-fa06028949b0 with priority 1
2026-05-07 20:26:22.484 8 INFO neutron.plugins.ml2.drivers.ovn.mech_driver.ovsdb.ovsdb_monitor [None req-dcd29508-f79f-4abd-a8c8-e0d6ce004a37 - - - - - -] Router fab7c65b-4d75-46bf-a579-823f680b55d2 is bound to host instance
2026-05-07 20:26:22.492 7 INFO neutron.db.ovn_revision_numbers_db [None req-f3d17ff4-6200-417b-a210-a1bf2398e6a4 41628435160b4a429ebb041af433e54f 49d7fe2f37584fa2ab6613d15eb5714c - - default default] Successfully bumped revision number for resource c1e6da16-c917-4acc-a01e-e99ac7c9f83f (type: router_ports) to 1
2026-05-07 20:26:22.535 8 INFO neutron.plugins.ml2.drivers.ovn.mech_driver.mech_driver [None req-be430cb8-0aed-4580-b9d8-f67707a53c5f - - - - - -] OVN reports status up for port: c1e6da16-c917-4acc-a01e-e99ac7c9f83f
2026-05-07 20:26:22.596 7 INFO neutron.db.ovn_revision_numbers_db [None req-f3d17ff4-6200-417b-a210-a1bf2398e6a4 41628435160b4a429ebb041af433e54f 49d7fe2f37584fa2ab6613d15eb5714c - - default default] Successfully bumped revision number for resource fab7c65b-4d75-46bf-a579-823f680b55d2 (type: routers) to 2 [pid: 7|app: 0|req: 736/1626] 10.0.0.32 () {34 vars in 666 bytes} [Thu May 7 20:26:21 2026] POST /v2.0/routers => generated 954 bytes in 1490 msecs (HTTP/1.1 201) 4 headers in 162 bytes (1 switches on core 0)
2026-05-07 20:26:22.637 8 INFO neutron.plugins.ml2.plugin [None req-be430cb8-0aed-4580-b9d8-f67707a53c5f - - - - - -] Attempt 1 to provision port c1e6da16-c917-4acc-a01e-e99ac7c9f83f
2026-05-07 20:26:22.786 7 WARNING neutron.scheduler.dhcp_agent_scheduler [None req-8d8c0efa-611e-433f-babf-835b3e98a247 d8c46a03c35e4d5a93e26aaa7159186a 3779d92c006841698d7a0d8c50f84dd9 - - default default] No more DHCP agents
2026-05-07 20:26:22.788 7 WARNING neutron.api.rpc.agentnotifiers.dhcp_rpc_agent_api [None req-8d8c0efa-611e-433f-babf-835b3e98a247 d8c46a03c35e4d5a93e26aaa7159186a 3779d92c006841698d7a0d8c50f84dd9 - - default default] Unable to schedule network e43224b4-5e6e-45c2-8671-74b0c4e48f2a: no agents available; will retry on subsequent port and subnet creation events.
2026-05-07 20:26:22.852 8 WARNING neutron.scheduler.dhcp_agent_scheduler [None req-f3656a89-6316-4d80-8f29-4e6f9ae40e4b 36d52f5061fe40d89e292a78042d99d0 5ab84bb7959e4bee9aae51a9b62a041e - - default default] No more DHCP agents
2026-05-07 20:26:22.857 8 WARNING neutron.api.rpc.agentnotifiers.dhcp_rpc_agent_api [None req-f3656a89-6316-4d80-8f29-4e6f9ae40e4b 36d52f5061fe40d89e292a78042d99d0 5ab84bb7959e4bee9aae51a9b62a041e - - default default] Unable to schedule network 435bfc5e-51fa-48c5-af7b-4e76fcf8dfef: no agents available; will retry on subsequent port and subnet creation events.
2026-05-07 20:26:22.947 7 INFO neutron.plugins.ml2.drivers.ovn.mech_driver.mech_driver [None req-8f69118f-4480-4e07-9e15-0b975dde0b5a - - - - - -] OVN reports status down for port: 20f081d5-a021-4ede-8ded-af0327a8e0b0
2026-05-07 20:26:23.003 8 INFO neutron.db.ovn_revision_numbers_db [None req-f3656a89-6316-4d80-8f29-4e6f9ae40e4b 36d52f5061fe40d89e292a78042d99d0 5ab84bb7959e4bee9aae51a9b62a041e - - default default] Successfully bumped revision number for resource 20f081d5-a021-4ede-8ded-af0327a8e0b0 (type: ports) to 1
2026-05-07 20:26:23.139 8 INFO neutron.db.ovn_revision_numbers_db [None req-f3656a89-6316-4d80-8f29-4e6f9ae40e4b 36d52f5061fe40d89e292a78042d99d0 5ab84bb7959e4bee9aae51a9b62a041e - - default default] Successfully bumped revision number for resource 4a33b61b-9e96-44ed-8f1d-5bdf2647cef2 (type: networks) to 1
2026-05-07 20:26:23.298 7 INFO neutron.db.ovn_revision_numbers_db [None req-b3fbb930-e753-4973-9fb4-03f67a09ae05 - - - - - -] Successfully bumped revision number for resource ebb90df0-379f-4e39-90fa-bfc68336862a (type: ports) to 2
2026-05-07 20:26:23.331 7 INFO neutron.db.ovn_revision_numbers_db [None req-b3fbb930-e753-4973-9fb4-03f67a09ae05 - - - - - -] Successfully bumped revision number for resource b46016d4-6220-4c68-877e-86e3c078391d (type: subnets) to 0 [pid: 7|app: 0|req: 737/1627] 10.0.0.32 () {34 vars in 666 bytes} [Thu May 7 20:26:22 2026] POST /v2.0/subnets => generated 626 bytes in 734 msecs (HTTP/1.1 201) 4 headers in 162 bytes (1 switches on core 0)
2026-05-07 20:26:23.469 8 WARNING neutron.scheduler.dhcp_agent_scheduler [None req-f3656a89-6316-4d80-8f29-4e6f9ae40e4b 36d52f5061fe40d89e292a78042d99d0 5ab84bb7959e4bee9aae51a9b62a041e - - default default] No more DHCP agents
2026-05-07 20:26:23.473 8 WARNING neutron.api.rpc.agentnotifiers.dhcp_rpc_agent_api [None req-f3656a89-6316-4d80-8f29-4e6f9ae40e4b 36d52f5061fe40d89e292a78042d99d0 5ab84bb7959e4bee9aae51a9b62a041e - - default default] Unable to schedule network 4a33b61b-9e96-44ed-8f1d-5bdf2647cef2: no agents available; will retry on subsequent port and subnet creation events. [pid: 7|app: 0|req: 738/1628] 10.0.0.32 () {32 vars in 773 bytes} [Thu May 7 20:26:23 2026] GET /v2.0/subnets?project_id=49d7fe2f37584fa2ab6613d15eb5714c&cidr=10.100.0.0%2F28 => generated 14 bytes in 211 msecs (HTTP/1.1 200) 4 headers in 156 bytes (1 switches on core 0)
2026-05-07 20:26:23.573 7 INFO neutron.plugins.ml2.drivers.ovn.mech_driver.mech_driver [None req-8f69118f-4480-4e07-9e15-0b975dde0b5a - - - - - -] OVN reports status down for port: ce0ccd01-eb81-400c-b776-4729199d04c6
2026-05-07 20:26:23.592 8 INFO neutron.db.ovn_revision_numbers_db [None req-f3656a89-6316-4d80-8f29-4e6f9ae40e4b 36d52f5061fe40d89e292a78042d99d0 5ab84bb7959e4bee9aae51a9b62a041e - - default default] Successfully bumped revision number for resource ce0ccd01-eb81-400c-b776-4729199d04c6 (type: ports) to 1 [pid: 8|app: 0|req: 891/1629] 10.0.0.32 () {34 vars in 667 bytes} [Thu May 7 20:26:21 2026] POST /v2.0/networks => generated 1283 bytes in 1835 msecs (HTTP/1.1 201) 4 headers in 163 bytes (1 switches on core 0)
2026-05-07 20:26:23.757 7 INFO neutron.db.ovn_revision_numbers_db [None req-632a8a37-7475-4fb5-9ff4-b6653d8d4d54 b461623715d04546ab801ada0feeb413 709837b87e78436d8240608872020c88 - - default default] Successfully bumped revision number for resource 17979541-1612-458f-9e38-c7b802dce415 (type: security_groups) to 1
2026-05-07 20:26:23.770 7 INFO neutron.db.ovn_revision_numbers_db [None req-632a8a37-7475-4fb5-9ff4-b6653d8d4d54 b461623715d04546ab801ada0feeb413 709837b87e78436d8240608872020c88 - - default default] Successfully bumped revision number for resource 179dd57b-4e08-4ea2-b8cb-ce88c3bb1086 (type: security_group_rules) to 0
2026-05-07 20:26:23.781 7 INFO neutron.db.ovn_revision_numbers_db [None req-632a8a37-7475-4fb5-9ff4-b6653d8d4d54 b461623715d04546ab801ada0feeb413 709837b87e78436d8240608872020c88 - - default default] Successfully bumped revision number for resource 2b9b41af-8970-47dc-8f99-d54c3430179f (type: security_group_rules) to 0
2026-05-07 20:26:23.792 7 INFO neutron.db.ovn_revision_numbers_db [None req-632a8a37-7475-4fb5-9ff4-b6653d8d4d54 b461623715d04546ab801ada0feeb413 709837b87e78436d8240608872020c88 - - default default] Successfully bumped revision number for resource a33d6e6e-2124-43a2-aa7c-8390f7d1a607 (type: security_group_rules) to 0
2026-05-07 20:26:23.802 7 INFO neutron.db.ovn_revision_numbers_db [None req-632a8a37-7475-4fb5-9ff4-b6653d8d4d54 b461623715d04546ab801ada0feeb413 709837b87e78436d8240608872020c88 - - default default] Successfully bumped revision number for resource cffee749-0ca3-4cb7-96ae-00e4b823c92a (type: security_group_rules) to 0 [pid: 7|app: 0|req: 739/1630] 10.0.0.32 () {32 vars in 771 bytes} [Thu May 7 20:26:23 2026] GET /v2.0/security-groups?tenant_id=1988188428354b63a51dcfaf2d034376&name=default => generated 2925 bytes in 274 msecs (HTTP/1.1 200) 4 headers in 158 bytes (1 switches on core 0) [pid: 7|app: 0|req: 740/1631] 10.0.0.32 () {32 vars in 691 bytes} [Thu May 7 20:26:23 2026] GET /v2.0/networks?router%3Aexternal=True => generated 791 bytes in 41 msecs (HTTP/1.1 200) 4 headers in 157 bytes (1 switches on core 0) [pid: 7|app: 0|req: 741/1632] 10.0.0.32 () {32 vars in 646 bytes} [Thu May 7 20:26:23 2026] GET /v2.0/networks => generated 1970 bytes in 55 msecs (HTTP/1.1 200) 4 headers in 158 bytes (1 switches on core 0)
2026-05-07 20:26:24.114 8 WARNING neutron.scheduler.dhcp_agent_scheduler [None req-8acc6f9b-2b48-4884-9207-d96ed94cdbf1 d8c46a03c35e4d5a93e26aaa7159186a 3779d92c006841698d7a0d8c50f84dd9 - - default default] No more DHCP agents
2026-05-07 20:26:24.117 8 WARNING neutron.api.rpc.agentnotifiers.dhcp_rpc_agent_api [None req-8acc6f9b-2b48-4884-9207-d96ed94cdbf1 d8c46a03c35e4d5a93e26aaa7159186a 3779d92c006841698d7a0d8c50f84dd9 - - default default] Unable to schedule network e43224b4-5e6e-45c2-8671-74b0c4e48f2a: no agents available; will retry on subsequent port and subnet creation events.
2026-05-07 20:26:24.129 8 INFO neutron.db.ovn_revision_numbers_db [None req-2671caab-0d74-4ee1-a386-b22970cce166 - - - - - -] Successfully bumped revision number for resource c1e6da16-c917-4acc-a01e-e99ac7c9f83f (type: ports) to 4 [pid: 7|app: 0|req: 742/1633] 10.0.0.32 () {32 vars in 737 bytes} [Thu May 7 20:26:23 2026] DELETE /v2.0/security-groups/17979541-1612-458f-9e38-c7b802dce415 => generated 0 bytes in 225 msecs (HTTP/1.1 204) 2 headers in 112 bytes (1 switches on core 0) [pid: 7|app: 0|req: 743/1634] 10.0.0.32 () {32 vars in 781 bytes} [Thu May 7 20:26:24 2026] GET /v2.0/subnets?network_id=c6313b88-50a0-4324-b9c5-0b5c81b98319&cidr=10.100.0.0%2F28 => generated 14 bytes in 38 msecs (HTTP/1.1 200) 4 headers in 156 bytes (1 switches on core 0)
2026-05-07 20:26:24.320 7 INFO neutron.plugins.ml2.drivers.ovn.mech_driver.mech_driver [None req-8f69118f-4480-4e07-9e15-0b975dde0b5a - - - - - -] OVN reports status down for port: 39358231-a445-49cb-94f4-b3bf48f4700d
2026-05-07 20:26:24.343 7 INFO neutron_taas.services.taas.taas_plugin [None req-c1ddb491-0e7b-4add-9255-342b2ecd871f 36d52f5061fe40d89e292a78042d99d0 5ab84bb7959e4bee9aae51a9b62a041e - - default default] TaaS: Handle Delete Port: 20f081d5-a021-4ede-8ded-af0327a8e0b0
2026-05-07 20:26:24.349 7 INFO neutron_taas.services.taas.tap_mirror_plugin [None req-c1ddb491-0e7b-4add-9255-342b2ecd871f 36d52f5061fe40d89e292a78042d99d0 5ab84bb7959e4bee9aae51a9b62a041e - - default default] Tap Mirror: Handle Delete Port: 20f081d5-a021-4ede-8ded-af0327a8e0b0
2026-05-07 20:26:24.375 8 INFO neutron.db.ovn_revision_numbers_db [None req-8acc6f9b-2b48-4884-9207-d96ed94cdbf1 d8c46a03c35e4d5a93e26aaa7159186a 3779d92c006841698d7a0d8c50f84dd9 - - default default] Successfully bumped revision number for resource 39358231-a445-49cb-94f4-b3bf48f4700d (type: ports) to 1 [pid: 8|app: 0|req: 892/1635] 10.0.0.32 () {34 vars in 662 bytes} [Thu May 7 20:26:23 2026] POST /v2.0/ports => generated 912 bytes in 816 msecs (HTTP/1.1 201) 4 headers in 162 bytes (1 switches on core 0)
2026-05-07 20:26:24.578 7 INFO neutron.services.segments.plugin [-] Segment 2143b610-b308-4c50-8ea6-bd243f533a44 resource provider aggregate not found
2026-05-07 20:26:24.582 7 INFO neutron.services.segments.plugin [-] Segment 2143b610-b308-4c50-8ea6-bd243f533a44 resource provider aggregate not found
2026-05-07 20:26:24.596 7 INFO neutron.services.segments.plugin [-] Segment 2143b610-b308-4c50-8ea6-bd243f533a44 resource provider not found; error: Placement Client Error (4xx): {"errors": [{"status": 404, "title": "Not Found", "detail": "The resource could not be found.\n\n No resource provider with uuid 2143b610-b308-4c50-8ea6-bd243f533a44 found for delete ", "request_id": "req-6bd5518f-d80d-4317-9aa6-dba33793942a"}]}
2026-05-07 20:26:24.605 7 INFO neutron.services.segments.plugin [-] Segment 2143b610-b308-4c50-8ea6-bd243f533a44 resource provider not found; error: Placement Client Error (4xx): {"errors": [{"status": 404, "title": "Not Found", "detail": "The resource could not be found.\n\n No resource provider with uuid 2143b610-b308-4c50-8ea6-bd243f533a44 found for delete ", "request_id": "req-a55281ce-9bfc-4485-b3c0-21e7ea5e529b"}]} [pid: 7|app: 0|req: 744/1636] 10.0.0.32 () {32 vars in 723 bytes} [Thu May 7 20:26:24 2026] DELETE /v2.0/networks/435bfc5e-51fa-48c5-af7b-4e76fcf8dfef => generated 0 bytes in 439 msecs (HTTP/1.1 204) 3 headers in 131 bytes (1 switches on core 0)
2026-05-07 20:26:24.681 8 INFO neutron.db.ovn_revision_numbers_db [None req-2671caab-0d74-4ee1-a386-b22970cce166 - - - - - -] Successfully bumped revision number for resource c1e6da16-c917-4acc-a01e-e99ac7c9f83f (type: ports) to 5
2026-05-07 20:26:24.763 7 INFO neutron.db.ovn_revision_numbers_db [None req-02503e9e-4739-419c-9a79-325d2b2ca90f b461623715d04546ab801ada0feeb413 709837b87e78436d8240608872020c88 - - default default] Successfully bumped revision number for resource fd46fed2-8704-41b3-862f-686a66a204d8 (type: security_groups) to 1
2026-05-07 20:26:24.774 7 INFO neutron.db.ovn_revision_numbers_db [None req-02503e9e-4739-419c-9a79-325d2b2ca90f b461623715d04546ab801ada0feeb413 709837b87e78436d8240608872020c88 - - default default] Successfully bumped revision number for resource 1f8df29d-6e6a-437c-8e4d-e0d1477cc688 (type: security_group_rules) to 0
2026-05-07 20:26:24.785 7 INFO neutron.db.ovn_revision_numbers_db [None req-02503e9e-4739-419c-9a79-325d2b2ca90f b461623715d04546ab801ada0feeb413 709837b87e78436d8240608872020c88 - - default default] Successfully bumped revision number for resource 3dec9143-2f4c-4980-90b0-1f06ab0bf6fd (type: security_group_rules) to 0
2026-05-07 20:26:24.795 7 INFO neutron.db.ovn_revision_numbers_db [None req-02503e9e-4739-419c-9a79-325d2b2ca90f b461623715d04546ab801ada0feeb413 709837b87e78436d8240608872020c88 - - default default] Successfully bumped revision number for resource 951f7686-ae13-46c3-b9d4-74026d7a2d54 (type: security_group_rules) to 0
2026-05-07 20:26:24.807 7 INFO neutron.db.ovn_revision_numbers_db [None req-02503e9e-4739-419c-9a79-325d2b2ca90f b461623715d04546ab801ada0feeb413 709837b87e78436d8240608872020c88 - - default default] Successfully bumped revision number for resource 9879854f-b5f0-4ad2-811e-d6061fd82b1b (type: security_group_rules) to 0
2026-05-07 20:26:24.827 8 WARNING neutron.scheduler.dhcp_agent_scheduler [None req-35890153-d86b-48a2-839b-e0a548296bf2 41628435160b4a429ebb041af433e54f 49d7fe2f37584fa2ab6613d15eb5714c - - default default] No more DHCP agents
2026-05-07 20:26:24.828 8 WARNING neutron.api.rpc.agentnotifiers.dhcp_rpc_agent_api [None req-35890153-d86b-48a2-839b-e0a548296bf2 41628435160b4a429ebb041af433e54f 49d7fe2f37584fa2ab6613d15eb5714c - - default default] Unable to schedule network fd13d1fe-b354-453e-9ced-3adbea1c8e25: no agents available; will retry on subsequent port and subnet creation events. [pid: 7|app: 0|req: 745/1637] 10.0.0.32 () {32 vars in 771 bytes} [Thu May 7 20:26:24 2026] GET /v2.0/security-groups?tenant_id=59f86649c1e243fba791ae6512ccf5c5&name=default => generated 2925 bytes in 205 msecs (HTTP/1.1 200) 4 headers in 158 bytes (1 switches on core 0)
2026-05-07 20:26:24.955 7 INFO neutron_taas.services.taas.taas_plugin [None req-5fdf13eb-ea56-4eea-8c61-4e3ef3bfd49a d8c46a03c35e4d5a93e26aaa7159186a 3779d92c006841698d7a0d8c50f84dd9 - - default default] TaaS: Handle Delete Port: 39358231-a445-49cb-94f4-b3bf48f4700d
2026-05-07 20:26:24.958 7 INFO neutron_taas.services.taas.tap_mirror_plugin [None req-5fdf13eb-ea56-4eea-8c61-4e3ef3bfd49a d8c46a03c35e4d5a93e26aaa7159186a 3779d92c006841698d7a0d8c50f84dd9 - - default default] Tap Mirror: Handle Delete Port: 39358231-a445-49cb-94f4-b3bf48f4700d [pid: 7|app: 0|req: 746/1638] 10.0.0.32 () {32 vars in 717 bytes} [Thu May 7 20:26:24 2026] DELETE /v2.0/ports/39358231-a445-49cb-94f4-b3bf48f4700d => generated 0 bytes in 291 msecs (HTTP/1.1 204) 3 headers in 131 bytes (1 switches on core 0)
2026-05-07 20:26:25.219 7 INFO neutron_taas.services.taas.taas_plugin [None req-e0732e9f-86c3-429c-abdd-997d2471cc5b 36d52f5061fe40d89e292a78042d99d0 5ab84bb7959e4bee9aae51a9b62a041e - - default default] TaaS: Handle Delete Port: ce0ccd01-eb81-400c-b776-4729199d04c6
2026-05-07 20:26:25.231 7 INFO neutron_taas.services.taas.tap_mirror_plugin [None req-e0732e9f-86c3-429c-abdd-997d2471cc5b 36d52f5061fe40d89e292a78042d99d0 5ab84bb7959e4bee9aae51a9b62a041e - - default default] Tap Mirror: Handle Delete Port: ce0ccd01-eb81-400c-b776-4729199d04c6
2026-05-07 20:26:25.267 8 INFO neutron.db.ovn_revision_numbers_db [None req-6a0b2fad-06fe-4142-8963-09cef744755c - - - - - -] Successfully bumped revision number for resource d88f8c5b-221e-47dc-a2d1-bf04db17efa6 (type: ports) to 2
2026-05-07 20:26:25.303 8 INFO neutron.db.ovn_revision_numbers_db [None req-6a0b2fad-06fe-4142-8963-09cef744755c - - - - - -] Successfully bumped revision number for resource 2a0e658f-960e-4be4-9997-c613c58a52e1 (type: subnets) to 0 [pid: 8|app: 0|req: 893/1639] 10.0.0.32 () {34 vars in 666 bytes} [Thu May 7 20:26:24 2026] POST /v2.0/subnets => generated 657 bytes in 860 msecs (HTTP/1.1 201) 4 headers in 162 bytes (1 switches on core 0) [pid: 7|app: 0|req: 747/1640] 10.0.0.32 () {32 vars in 723 bytes} [Thu May 7 20:26:25 2026] DELETE /v2.0/networks/4a33b61b-9e96-44ed-8f1d-5bdf2647cef2 => generated 0 bytes in 285 msecs (HTTP/1.1 204) 3 headers in 131 bytes (1 switches on core 0)
2026-05-07 20:26:25.439 7 INFO neutron.pecan_wsgi.hooks.translation [None req-35f0c30a-b0d1-4e43-ab8c-add058df0780 d8c46a03c35e4d5a93e26aaa7159186a 3779d92c006841698d7a0d8c50f84dd9 - - default default] GET failed (client error): The resource could not be found. [pid: 7|app: 0|req: 748/1641] 10.0.0.32 () {32 vars in 714 bytes} [Thu May 7 20:26:25 2026] GET /v2.0/ports/39358231-a445-49cb-94f4-b3bf48f4700d => generated 132 bytes in 21 msecs (HTTP/1.1 404) 4 headers in 164 bytes (1 switches on core 0) [pid: 8|app: 0|req: 894/1642] 10.0.0.32 () {32 vars in 737 bytes} [Thu May 7 20:26:25 2026] DELETE /v2.0/security-groups/fd46fed2-8704-41b3-862f-686a66a204d8 => generated 0 bytes in 205 msecs (HTTP/1.1 204) 2 headers in 112 bytes (1 switches on core 0) [pid: 8|app: 0|req: 895/1643] 10.0.0.32 () {32 vars in 646 bytes} [Thu May 7 20:26:25 2026] GET /v2.0/networks => generated 689 bytes in 34 msecs (HTTP/1.1 200) 4 headers in 157 bytes (1 switches on core 0) [pid: 8|app: 0|req: 896/1644] 10.0.0.32 () {32 vars in 721 bytes} [Thu May 7 20:26:25 2026] DELETE /v2.0/subnets/b46016d4-6220-4c68-877e-86e3c078391d => generated 0 bytes in 126 msecs (HTTP/1.1 204) 3 headers in 131 bytes (1 switches on core 0)
2026-05-07 20:26:25.760 8 INFO neutron.db.segments_db [None req-980cbf92-e9ed-48f4-8b47-f648e779ba90 36d52f5061fe40d89e292a78042d99d0 5ab84bb7959e4bee9aae51a9b62a041e - - default default] Added segment cf893a9a-dad4-4f1f-9cc8-04f44be5ad72 of type geneve for network 205324b8-79b9-45dd-9df2-738893ddc471
2026-05-07 20:26:25.840 8 INFO neutron.db.ovn_revision_numbers_db [None req-980cbf92-e9ed-48f4-8b47-f648e779ba90 36d52f5061fe40d89e292a78042d99d0 5ab84bb7959e4bee9aae51a9b62a041e - - default default] Successfully bumped revision number for resource 205324b8-79b9-45dd-9df2-738893ddc471 (type: networks) to 1
2026-05-07 20:26:25.899 7 WARNING neutron.scheduler.dhcp_agent_scheduler [None req-60dcb2aa-051f-4152-9f0b-4f048fbd2bc3 41628435160b4a429ebb041af433e54f 49d7fe2f37584fa2ab6613d15eb5714c - - default default] No more DHCP agents
2026-05-07 20:26:25.900 7 WARNING neutron.api.rpc.agentnotifiers.dhcp_rpc_agent_api [None req-60dcb2aa-051f-4152-9f0b-4f048fbd2bc3 41628435160b4a429ebb041af433e54f 49d7fe2f37584fa2ab6613d15eb5714c - - default default] Unable to schedule network fd13d1fe-b354-453e-9ced-3adbea1c8e25: no agents available; will retry on subsequent port and subnet creation events.
2026-05-07 20:26:25.973 8 WARNING neutron.scheduler.dhcp_agent_scheduler [None req-980cbf92-e9ed-48f4-8b47-f648e779ba90 36d52f5061fe40d89e292a78042d99d0 5ab84bb7959e4bee9aae51a9b62a041e - - default default] No more DHCP agents
2026-05-07 20:26:25.974 8 WARNING neutron.api.rpc.agentnotifiers.dhcp_rpc_agent_api [None req-980cbf92-e9ed-48f4-8b47-f648e779ba90 36d52f5061fe40d89e292a78042d99d0 5ab84bb7959e4bee9aae51a9b62a041e - - default default] Unable to schedule network 205324b8-79b9-45dd-9df2-738893ddc471: no agents available; will retry on subsequent port and subnet creation events.
2026-05-07 20:26:26.009 8 INFO neutron.plugins.ml2.drivers.ovn.mech_driver.mech_driver [None req-be430cb8-0aed-4580-b9d8-f67707a53c5f - - - - - -] OVN reports status down for port: b34923be-fef4-4841-bee0-ddbc3191dd33
2026-05-07 20:26:26.033 7 INFO neutron.db.ovn_revision_numbers_db [None req-60dcb2aa-051f-4152-9f0b-4f048fbd2bc3 41628435160b4a429ebb041af433e54f 49d7fe2f37584fa2ab6613d15eb5714c - - default default] Successfully bumped revision number for resource b34923be-fef4-4841-bee0-ddbc3191dd33 (type: ports) to 1
2026-05-07 20:26:26.073 7 INFO neutron.plugins.ml2.drivers.ovn.mech_driver.mech_driver [None req-8f69118f-4480-4e07-9e15-0b975dde0b5a - - - - - -] OVN reports status down for port: 0344df44-bd4a-4d16-b6a1-62a111322471
2026-05-07 20:26:26.132 8 INFO neutron.db.ovn_revision_numbers_db [None req-980cbf92-e9ed-48f4-8b47-f648e779ba90 36d52f5061fe40d89e292a78042d99d0 5ab84bb7959e4bee9aae51a9b62a041e - - default default] Successfully bumped revision number for resource 0344df44-bd4a-4d16-b6a1-62a111322471 (type: ports) to 1 [pid: 8|app: 0|req: 897/1645] 10.0.0.32 () {34 vars in 667 bytes} [Thu May 7 20:26:25 2026] POST /v2.0/networks => generated 668 bytes in 478 msecs (HTTP/1.1 201) 4 headers in 162 bytes (1 switches on core 0)
2026-05-07 20:26:26.295 8 INFO neutron_taas.services.taas.taas_plugin [None req-20975e6a-7c41-4734-adf6-fce90172d66b d8c46a03c35e4d5a93e26aaa7159186a 3779d92c006841698d7a0d8c50f84dd9 - - default default] TaaS: Handle Delete Port: ebb90df0-379f-4e39-90fa-bfc68336862a
2026-05-07 20:26:26.298 8 INFO neutron_taas.services.taas.tap_mirror_plugin [None req-20975e6a-7c41-4734-adf6-fce90172d66b d8c46a03c35e4d5a93e26aaa7159186a 3779d92c006841698d7a0d8c50f84dd9 - - default default] Tap Mirror: Handle Delete Port: ebb90df0-379f-4e39-90fa-bfc68336862a
2026-05-07 20:26:26.477 8 INFO neutron.services.segments.plugin [-] Segment ffb1bd4b-ec91-44e0-8a00-28650cbb7e04 resource provider aggregate not found
2026-05-07 20:26:26.486 8 INFO neutron.services.segments.plugin [-] Segment ffb1bd4b-ec91-44e0-8a00-28650cbb7e04 resource provider aggregate not found
2026-05-07 20:26:26.499 8 INFO neutron.services.segments.plugin [-] Segment ffb1bd4b-ec91-44e0-8a00-28650cbb7e04 resource provider not found; error: Placement Client Error (4xx): {"errors": [{"status": 404, "title": "Not Found", "detail": "The resource could not be found.\n\n No resource provider with uuid ffb1bd4b-ec91-44e0-8a00-28650cbb7e04 found for delete ", "request_id": "req-676661da-3e5e-4be9-bee2-d2a24504a57e"}]}
2026-05-07 20:26:26.506 8 INFO neutron.services.segments.plugin [-] Segment ffb1bd4b-ec91-44e0-8a00-28650cbb7e04 resource provider not found; error: Placement Client Error (4xx): {"errors": [{"status": 404, "title": "Not Found", "detail": "The resource could not be found.\n\n No resource provider with uuid ffb1bd4b-ec91-44e0-8a00-28650cbb7e04 found for delete ", "request_id": "req-685b04ba-a5b7-4e4e-a742-5de42805de61"}]} [pid: 8|app: 0|req: 898/1646] 10.0.0.32 () {32 vars in 723 bytes} [Thu May 7 20:26:26 2026] DELETE /v2.0/networks/e43224b4-5e6e-45c2-8671-74b0c4e48f2a => generated 0 bytes in 356 msecs (HTTP/1.1 204) 3 headers in 131 bytes (1 switches on core 0)
