2026-05-07 20:27:34.418 7 INFO neutron.db.ovn_revision_numbers_db [None req-ab7fb6b2-9496-4362-b956-f98b4c614716 13e3b62c103c45f9a3fbd5041b167fca 0864ef71ed8c410cab5540d5a4a2b992 - - default default] Successfully bumped revision number for resource 8ad2e0cb-9739-478c-b01a-fc004bc19989 (type: routers) to 5 [pid: 7|app: 0|req: 966/2171] 10.0.0.32 () {34 vars in 704 bytes} [Thu May 7 20:27:33 2026] POST /v2.0/vpn/ipsec-site-connections => generated 803 bytes in 718 msecs (HTTP/1.1 201) 4 headers in 162 bytes (1 switches on core 0) [pid: 8|app: 0|req: 1206/2172] 10.0.0.32 () {34 vars in 690 bytes} [Thu May 7 20:27:34 2026] POST /v2.0/vpn/endpoint-groups => generated 289 bytes in 49 msecs (HTTP/1.1 201) 4 headers in 162 bytes (1 switches on core 0) [pid: 7|app: 0|req: 967/2173] 10.0.0.32 () {32 vars in 745 bytes} [Thu May 7 20:27:34 2026] DELETE /v2.0/vpn/endpoint-groups/0bacb7f6-e3d5-4964-a64e-e2b864466181 => generated 0 bytes in 41 msecs (HTTP/1.1 204) 2 headers in 112 bytes (1 switches on core 0) [pid: 8|app: 0|req: 1207/2174] 10.0.0.32 () {32 vars in 668 bytes} [Thu May 7 20:27:34 2026] GET /v2.0/vpn/endpoint-groups => generated 632 bytes in 14 msecs (HTTP/1.1 200) 4 headers in 157 bytes (1 switches on core 0) [pid: 8|app: 0|req: 1208/2175] 10.0.0.32 () {32 vars in 668 bytes} [Thu May 7 20:27:34 2026] GET /v2.0/vpn/endpoint-groups => generated 632 bytes in 9 msecs (HTTP/1.1 200) 4 headers in 157 bytes (1 switches on core 0) [pid: 7|app: 0|req: 968/2176] 10.0.0.25 () {34 vars in 987 bytes} [Thu May 7 20:27:34 2026] GET /v2.0/ports?device_id=dd50e6cc-4a7c-44c7-9a02-cbb9159b8a32 => generated 975 bytes in 41 msecs (HTTP/1.1 200) 4 headers in 157 bytes (1 switches on core 0) [pid: 8|app: 0|req: 1209/2177] 10.0.0.25 () {34 vars in 1037 bytes} [Thu May 7 20:27:34 2026] GET /v2.0/security-groups?id=6b3d6507-0483-4086-b733-7f667741b836&fields=id&fields=name => generated 113 bytes in 30 msecs (HTTP/1.1 200) 4 headers in 157 bytes (1 switches on core 0) [pid: 7|app: 0|req: 969/2178] 10.0.0.32 () {34 vars in 682 bytes} [Thu May 7 20:27:34 2026] POST /v2.0/vpn/ikepolicies => generated 403 bytes in 239 msecs (HTTP/1.1 201) 4 headers in 162 bytes (1 switches on core 0) [pid: 8|app: 0|req: 1210/2179] 10.0.0.32 () {32 vars in 660 bytes} [Thu May 7 20:27:35 2026] GET /v2.0/vpn/ikepolicies => generated 797 bytes in 14 msecs (HTTP/1.1 200) 4 headers in 157 bytes (1 switches on core 0) [pid: 7|app: 0|req: 970/2180] 199.204.45.250 () {34 vars in 992 bytes} [Thu May 7 20:27:35 2026] GET /v2.0/ports?device_id=dd50e6cc-4a7c-44c7-9a02-cbb9159b8a32 => generated 975 bytes in 40 msecs (HTTP/1.1 200) 4 headers in 157 bytes (1 switches on core 0) [pid: 8|app: 0|req: 1211/2181] 10.0.0.32 () {32 vars in 737 bytes} [Thu May 7 20:27:35 2026] DELETE /v2.0/vpn/ikepolicies/2b548b8a-70e1-49b4-a8e0-9983e6845a5b => generated 0 bytes in 50 msecs (HTTP/1.1 204) 2 headers in 112 bytes (1 switches on core 0) [pid: 8|app: 0|req: 1212/2182] 10.0.0.32 () {34 vars in 686 bytes} [Thu May 7 20:27:35 2026] POST /v2.0/vpn/ipsecpolicies => generated 412 bytes in 52 msecs (HTTP/1.1 201) 4 headers in 162 bytes (1 switches on core 0) [pid: 8|app: 0|req: 1213/2183] 10.0.0.32 () {32 vars in 664 bytes} [Thu May 7 20:27:35 2026] GET /v2.0/vpn/ipsecpolicies => generated 814 bytes in 14 msecs (HTTP/1.1 200) 4 headers in 157 bytes (1 switches on core 0) [pid: 8|app: 0|req: 1214/2184] 10.0.0.32 () {32 vars in 741 bytes} [Thu May 7 20:27:35 2026] DELETE /v2.0/vpn/ipsecpolicies/73f07367-0879-475c-9930-0c541acad077 => generated 0 bytes in 42 msecs (HTTP/1.1 204) 2 headers in 112 bytes (1 switches on core 0)
2026-05-07 20:27:35.472 8 INFO neutron.db.segments_db [None req-42d0ef1b-2412-4f7f-995b-ebca20135c73 13e3b62c103c45f9a3fbd5041b167fca 0864ef71ed8c410cab5540d5a4a2b992 - - default default] Added segment 3f0ba9da-05c5-480d-a986-2c63ccd51981 of type geneve for network 2667691b-fd44-47f3-bdbf-b7d60eb34ee8
2026-05-07 20:27:35.595 8 INFO neutron.db.ovn_revision_numbers_db [None req-42d0ef1b-2412-4f7f-995b-ebca20135c73 13e3b62c103c45f9a3fbd5041b167fca 0864ef71ed8c410cab5540d5a4a2b992 - - default default] Successfully bumped revision number for resource 2667691b-fd44-47f3-bdbf-b7d60eb34ee8 (type: networks) to 1
2026-05-07 20:27:35.809 8 WARNING neutron.scheduler.dhcp_agent_scheduler [None req-42d0ef1b-2412-4f7f-995b-ebca20135c73 13e3b62c103c45f9a3fbd5041b167fca 0864ef71ed8c410cab5540d5a4a2b992 - - default default] No more DHCP agents
2026-05-07 20:27:35.810 8 WARNING neutron.api.rpc.agentnotifiers.dhcp_rpc_agent_api [None req-42d0ef1b-2412-4f7f-995b-ebca20135c73 13e3b62c103c45f9a3fbd5041b167fca 0864ef71ed8c410cab5540d5a4a2b992 - - default default] Unable to schedule network 2667691b-fd44-47f3-bdbf-b7d60eb34ee8: no agents available; will retry on subsequent port and subnet creation events.
2026-05-07 20:27:35.926 7 INFO neutron_taas.services.taas.taas_plugin [req-0de262e5-5721-4e2a-9ec2-a50bd0f8fca7 req-6472b4d0-922f-4990-95e2-826c0e79fde1 41628435160b4a429ebb041af433e54f 49d7fe2f37584fa2ab6613d15eb5714c - - default default] TaaS: Handle Delete Port: 95db10eb-e95d-4262-8184-f381f09ff846
2026-05-07 20:27:35.931 7 INFO neutron_taas.services.taas.tap_mirror_plugin [req-0de262e5-5721-4e2a-9ec2-a50bd0f8fca7 req-6472b4d0-922f-4990-95e2-826c0e79fde1 41628435160b4a429ebb041af433e54f 49d7fe2f37584fa2ab6613d15eb5714c - - default default] Tap Mirror: Handle Delete Port: 95db10eb-e95d-4262-8184-f381f09ff846
2026-05-07 20:27:35.930 8 INFO neutron.db.ovn_revision_numbers_db [None req-42d0ef1b-2412-4f7f-995b-ebca20135c73 13e3b62c103c45f9a3fbd5041b167fca 0864ef71ed8c410cab5540d5a4a2b992 - - default default] Successfully bumped revision number for resource b9cd08f7-ab4e-43d4-936b-624f0e4ffe9f (type: ports) to 1 [pid: 8|app: 0|req: 1215/2185] 10.0.0.32 () {34 vars in 667 bytes} [Thu May 7 20:27:35 2026] POST /v2.0/networks => generated 650 bytes in 598 msecs (HTTP/1.1 201) 4 headers in 162 bytes (1 switches on core 0) [pid: 8|app: 0|req: 1216/2186] 10.0.0.25 () {34 vars in 987 bytes} [Thu May 7 20:27:35 2026] GET /v2.0/ports?device_id=dd50e6cc-4a7c-44c7-9a02-cbb9159b8a32 => generated 975 bytes in 133 msecs (HTTP/1.1 200) 4 headers in 157 bytes (1 switches on core 0)
2026-05-07 20:27:36.125 7 INFO neutron.db.l3_db [req-0de262e5-5721-4e2a-9ec2-a50bd0f8fca7 req-6472b4d0-922f-4990-95e2-826c0e79fde1 41628435160b4a429ebb041af433e54f 49d7fe2f37584fa2ab6613d15eb5714c - - default default] Floating IP d5f89e0d-f8f8-4069-8457-81e8cfc4b93d disassociated. External IP: 10.96.250.208, port: 95db10eb-e95d-4262-8184-f381f09ff846. [pid: 7|app: 0|req: 971/2187] 199.204.45.250 () {36 vars in 995 bytes} [Thu May 7 20:27:35 2026] DELETE /v2.0/ports/95db10eb-e95d-4262-8184-f381f09ff846 => generated 0 bytes in 1017 msecs (HTTP/1.1 204) 3 headers in 131 bytes (1 switches on core 0)
2026-05-07 20:27:36.287 7 INFO neutron.notifiers.nova [-] Nova event matching ['req-fd1f0907-b03b-4628-9ccb-493fb8c56f2f'] response: {'server_uuid': 'dd50e6cc-4a7c-44c7-9a02-cbb9159b8a32', 'name': 'network-vif-deleted', 'tag': '95db10eb-e95d-4262-8184-f381f09ff846', 'status': 'completed', 'code': 200} [pid: 7|app: 0|req: 972/2188] 10.0.0.25 () {34 vars in 1037 bytes} [Thu May 7 20:27:36 2026] GET /v2.0/security-groups?id=6b3d6507-0483-4086-b733-7f667741b836&fields=id&fields=name => generated 113 bytes in 37 msecs (HTTP/1.1 200) 4 headers in 157 bytes (1 switches on core 0)
2026-05-07 20:27:36.294 8 WARNING neutron.scheduler.dhcp_agent_scheduler [None req-e7b4db8b-05d2-4c75-9177-2e43efa2facd 13e3b62c103c45f9a3fbd5041b167fca 0864ef71ed8c410cab5540d5a4a2b992 - - default default] No more DHCP agents
2026-05-07 20:27:36.297 8 WARNING neutron.api.rpc.agentnotifiers.dhcp_rpc_agent_api [None req-e7b4db8b-05d2-4c75-9177-2e43efa2facd 13e3b62c103c45f9a3fbd5041b167fca 0864ef71ed8c410cab5540d5a4a2b992 - - default default] Unable to schedule network 2667691b-fd44-47f3-bdbf-b7d60eb34ee8: no agents available; will retry on subsequent port and subnet creation events.
2026-05-07 20:27:36.639 8 INFO neutron.db.ovn_revision_numbers_db [None req-11fa5657-e7ac-4762-ab0e-8f505ad6f000 - - - - - -] Successfully bumped revision number for resource b9cd08f7-ab4e-43d4-936b-624f0e4ffe9f (type: ports) to 2
2026-05-07 20:27:36.658 8 INFO neutron.db.ovn_revision_numbers_db [None req-11fa5657-e7ac-4762-ab0e-8f505ad6f000 - - - - - -] Successfully bumped revision number for resource 0ce75e4d-5418-448f-8efb-bef427e1fe37 (type: subnets) to 0 [pid: 8|app: 0|req: 1217/2189] 10.0.0.32 () {34 vars in 666 bytes} [Thu May 7 20:27:36 2026] POST /v2.0/subnets => generated 629 bytes in 555 msecs (HTTP/1.1 201) 4 headers in 162 bytes (1 switches on core 0)
2026-05-07 20:27:36.868 8 WARNING neutron.plugins.ml2.drivers.ovn.mech_driver.ovsdb.ovn_client [None req-0fc3cabf-45fc-4cd0-925c-91a070a5b590 - - - - - -] No hosting information found for port 9a90cd37-5562-43bb-bd7b-87bdd995ae93: RuntimeError: No hosting information found for port 9a90cd37-5562-43bb-bd7b-87bdd995ae93
2026-05-07 20:27:36.945 8 INFO neutron.db.ovn_revision_numbers_db [None req-0fc3cabf-45fc-4cd0-925c-91a070a5b590 - - - - - -] Successfully bumped revision number for resource 9a90cd37-5562-43bb-bd7b-87bdd995ae93 (type: router_ports) to 2
2026-05-07 20:27:37.006 8 INFO neutron.plugins.ml2.drivers.ovn.mech_driver.mech_driver [None req-0fc3cabf-45fc-4cd0-925c-91a070a5b590 - - - - - -] OVN reports status down for port: 873eab77-3498-4f50-829d-7c65db0024e2
2026-05-07 20:27:37.097 8 INFO neutron.plugins.ml2.drivers.ovn.mech_driver.mech_driver [None req-0fc3cabf-45fc-4cd0-925c-91a070a5b590 - - - - - -] OVN reports status down for port: b9cd08f7-ab4e-43d4-936b-624f0e4ffe9f
2026-05-07 20:27:37.111 7 WARNING neutron.plugins.ml2.drivers.ovn.mech_driver.ovsdb.ovn_client [None req-4929557e-c755-45f7-841e-83a82aa5d039 - - - - - -] No hosting information found for port 085bf9f1-15ef-413a-88f6-38a93e4a92c9: RuntimeError: No hosting information found for port 085bf9f1-15ef-413a-88f6-38a93e4a92c9
2026-05-07 20:27:37.132 7 WARNING neutron.scheduler.dhcp_agent_scheduler [None req-8020a4f6-7bb1-4e1a-baff-067cc8151859 13e3b62c103c45f9a3fbd5041b167fca 0864ef71ed8c410cab5540d5a4a2b992 - - default default] No more DHCP agents
2026-05-07 20:27:37.136 7 WARNING neutron.api.rpc.agentnotifiers.dhcp_rpc_agent_api [None req-8020a4f6-7bb1-4e1a-baff-067cc8151859 13e3b62c103c45f9a3fbd5041b167fca 0864ef71ed8c410cab5540d5a4a2b992 - - default default] Unable to schedule network c6313b88-50a0-4324-b9c5-0b5c81b98319: no agents available; will retry on subsequent port and subnet creation events.
2026-05-07 20:27:37.294 7 INFO neutron.db.ovn_revision_numbers_db [None req-4929557e-c755-45f7-841e-83a82aa5d039 - - - - - -] Successfully bumped revision number for resource 085bf9f1-15ef-413a-88f6-38a93e4a92c9 (type: router_ports) to 2
2026-05-07 20:27:37.296 7 INFO neutron.plugins.ml2.drivers.ovn.mech_driver.mech_driver [None req-4929557e-c755-45f7-841e-83a82aa5d039 - - - - - -] OVN reports status down for port: 95db10eb-e95d-4262-8184-f381f09ff846
2026-05-07 20:27:37.348 7 INFO neutron.plugins.ml2.drivers.ovn.mech_driver.mech_driver [None req-4929557e-c755-45f7-841e-83a82aa5d039 - - - - - -] OVN reports status down for port: 2a920714-9181-4ef2-8444-9c467e440015 /var/lib/openstack/lib/python3.12/site-packages/pycadf/identifier.py:70: UserWarning: Invalid uuid: neutron. To ensure interoperability, identifiers should be a valid uuid. warnings.warn(('Invalid uuid: %s. To ensure interoperability, ' [pid: 8|app: 0|req: 1218/2190] 10.0.0.25 () {34 vars in 987 bytes} [Thu May 7 20:27:37 2026] GET /v2.0/ports?device_id=dd50e6cc-4a7c-44c7-9a02-cbb9159b8a32 => generated 12 bytes in 31 msecs (HTTP/1.1 200) 4 headers in 156 bytes (1 switches on core 0)
2026-05-07 20:27:37.429 7 INFO neutron.db.ovn_revision_numbers_db [None req-8020a4f6-7bb1-4e1a-baff-067cc8151859 13e3b62c103c45f9a3fbd5041b167fca 0864ef71ed8c410cab5540d5a4a2b992 - - default default] Successfully bumped revision number for resource 2a920714-9181-4ef2-8444-9c467e440015 (type: ports) to 1
2026-05-07 20:27:38.135 7 INFO neutron.plugins.ml2.drivers.ovn.mech_driver.ovsdb.commands [None req-8bfaf611-9af9-43ce-a8b9-27a4f5154002 - - - - - -] Schedule LRP lrp-2a920714-9181-4ef2-8444-9c467e440015 on gateway f394325d-ceef-4864-9c25-fa06028949b0 with priority 1
2026-05-07 20:27:38.194 7 INFO neutron.plugins.ml2.drivers.ovn.mech_driver.mech_driver [None req-4929557e-c755-45f7-841e-83a82aa5d039 - - - - - -] OVN reports status up for port: 2a920714-9181-4ef2-8444-9c467e440015
2026-05-07 20:27:38.203 8 WARNING neutron.scheduler.dhcp_agent_scheduler [None req-4d42ac4f-c962-4dc2-a335-7ad50deb78a3 9fb83680460d41b099e8c1b2cce8a153 2df342f130dd40cfb48f61b091c0f6ad - - default default] No more DHCP agents
2026-05-07 20:27:38.204 8 WARNING neutron.api.rpc.agentnotifiers.dhcp_rpc_agent_api [None req-4d42ac4f-c962-4dc2-a335-7ad50deb78a3 9fb83680460d41b099e8c1b2cce8a153 2df342f130dd40cfb48f61b091c0f6ad - - default default] Unable to schedule network c6313b88-50a0-4324-b9c5-0b5c81b98319: no agents available; will retry on subsequent port and subnet creation events.
2026-05-07 20:27:38.226 7 INFO neutron.plugins.ml2.plugin [None req-4929557e-c755-45f7-841e-83a82aa5d039 - - - - - -] Attempt 1 to provision port 2a920714-9181-4ef2-8444-9c467e440015
2026-05-07 20:27:38.247 7 INFO neutron.db.ovn_revision_numbers_db [None req-8020a4f6-7bb1-4e1a-baff-067cc8151859 13e3b62c103c45f9a3fbd5041b167fca 0864ef71ed8c410cab5540d5a4a2b992 - - default default] Successfully bumped revision number for resource 2a920714-9181-4ef2-8444-9c467e440015 (type: router_ports) to 1
2026-05-07 20:27:38.361 7 INFO neutron.db.ovn_revision_numbers_db [None req-8020a4f6-7bb1-4e1a-baff-067cc8151859 13e3b62c103c45f9a3fbd5041b167fca 0864ef71ed8c410cab5540d5a4a2b992 - - default default] Successfully bumped revision number for resource 2b9b1828-ba04-4164-85c6-6ed8e980cba8 (type: routers) to 2 [pid: 7|app: 0|req: 973/2191] 10.0.0.32 () {34 vars in 666 bytes} [Thu May 7 20:27:36 2026] POST /v2.0/routers => generated 936 bytes in 1707 msecs (HTTP/1.1 201) 4 headers in 162 bytes (1 switches on core 0) [pid: 8|app: 0|req: 1219/2192] 10.0.0.32 () {34 vars in 673 bytes} [Thu May 7 20:27:37 2026] POST /v2.0/floatingips => generated 552 bytes in 781 msecs (HTTP/1.1 201) 4 headers in 162 bytes (1 switches on core 0) [pid: 8|app: 0|req: 1220/2193] 10.0.0.25 () {34 vars in 987 bytes} [Thu May 7 20:27:38 2026] GET /v2.0/ports?device_id=dd50e6cc-4a7c-44c7-9a02-cbb9159b8a32 => generated 12 bytes in 18 msecs (HTTP/1.1 200) 4 headers in 156 bytes (1 switches on core 0)
2026-05-07 20:27:38.775 8 WARNING neutron.scheduler.dhcp_agent_scheduler [None req-fb244e0d-521a-4bb7-a0f2-660c05c6fb2a 9fb83680460d41b099e8c1b2cce8a153 2df342f130dd40cfb48f61b091c0f6ad - - default default] No more DHCP agents
2026-05-07 20:27:38.777 8 WARNING neutron.api.rpc.agentnotifiers.dhcp_rpc_agent_api [None req-fb244e0d-521a-4bb7-a0f2-660c05c6fb2a 9fb83680460d41b099e8c1b2cce8a153 2df342f130dd40cfb48f61b091c0f6ad - - default default] Unable to schedule network c6313b88-50a0-4324-b9c5-0b5c81b98319: no agents available; will retry on subsequent port and subnet creation events.
2026-05-07 20:27:38.899 7 WARNING neutron.scheduler.dhcp_agent_scheduler [None req-17d4edd0-f7de-4d57-b5f7-6f2f35385969 13e3b62c103c45f9a3fbd5041b167fca 0864ef71ed8c410cab5540d5a4a2b992 - - default default] No more DHCP agents
2026-05-07 20:27:38.901 7 WARNING neutron.api.rpc.agentnotifiers.dhcp_rpc_agent_api [None req-17d4edd0-f7de-4d57-b5f7-6f2f35385969 13e3b62c103c45f9a3fbd5041b167fca 0864ef71ed8c410cab5540d5a4a2b992 - - default default] Unable to schedule network 2667691b-fd44-47f3-bdbf-b7d60eb34ee8: no agents available; will retry on subsequent port and subnet creation events. [pid: 8|app: 0|req: 1221/2194] 10.0.0.32 () {34 vars in 673 bytes} [Thu May 7 20:27:38 2026] POST /v2.0/floatingips => generated 552 bytes in 553 msecs (HTTP/1.1 201) 4 headers in 162 bytes (1 switches on core 0)
2026-05-07 20:27:39.083 7 INFO neutron.db.ovn_revision_numbers_db [None req-17d4edd0-f7de-4d57-b5f7-6f2f35385969 13e3b62c103c45f9a3fbd5041b167fca 0864ef71ed8c410cab5540d5a4a2b992 - - default default] Successfully bumped revision number for resource 2b91dd01-e0aa-46d1-bea5-ed2da59b49f3 (type: ports) to 1
2026-05-07 20:27:39.324 8 WARNING neutron.scheduler.dhcp_agent_scheduler [None req-162345e5-0fb6-4b10-aba3-ba877480eecd 9fb83680460d41b099e8c1b2cce8a153 2df342f130dd40cfb48f61b091c0f6ad - - default default] No more DHCP agents
2026-05-07 20:27:39.326 8 WARNING neutron.api.rpc.agentnotifiers.dhcp_rpc_agent_api [None req-162345e5-0fb6-4b10-aba3-ba877480eecd 9fb83680460d41b099e8c1b2cce8a153 2df342f130dd40cfb48f61b091c0f6ad - - default default] Unable to schedule network c6313b88-50a0-4324-b9c5-0b5c81b98319: no agents available; will retry on subsequent port and subnet creation events. [pid: 8|app: 0|req: 1222/2195] 10.0.0.32 () {34 vars in 673 bytes} [Thu May 7 20:27:39 2026] POST /v2.0/floatingips => generated 552 bytes in 618 msecs (HTTP/1.1 201) 4 headers in 162 bytes (1 switches on core 0)
2026-05-07 20:27:39.877 7 WARNING neutron.scheduler.dhcp_agent_scheduler [None req-17d4edd0-f7de-4d57-b5f7-6f2f35385969 13e3b62c103c45f9a3fbd5041b167fca 0864ef71ed8c410cab5540d5a4a2b992 - - default default] No more DHCP agents
2026-05-07 20:27:39.879 7 WARNING neutron.api.rpc.agentnotifiers.dhcp_rpc_agent_api [None req-17d4edd0-f7de-4d57-b5f7-6f2f35385969 13e3b62c103c45f9a3fbd5041b167fca 0864ef71ed8c410cab5540d5a4a2b992 - - default default] Unable to schedule network 2667691b-fd44-47f3-bdbf-b7d60eb34ee8: no agents available; will retry on subsequent port and subnet creation events. [pid: 8|app: 0|req: 1223/2196] 10.0.0.32 () {32 vars in 737 bytes} [Thu May 7 20:27:39 2026] DELETE /v2.0/security-groups/6b3d6507-0483-4086-b733-7f667741b836 => generated 0 bytes in 212 msecs (HTTP/1.1 204) 2 headers in 112 bytes (1 switches on core 0)
2026-05-07 20:27:40.165 8 WARNING neutron.scheduler.dhcp_agent_scheduler [None req-24bd8c06-c854-4bee-80a1-a8d3b18a5195 9fb83680460d41b099e8c1b2cce8a153 2df342f130dd40cfb48f61b091c0f6ad - - default default] No more DHCP agents
2026-05-07 20:27:40.167 8 WARNING neutron.api.rpc.agentnotifiers.dhcp_rpc_agent_api [None req-24bd8c06-c854-4bee-80a1-a8d3b18a5195 9fb83680460d41b099e8c1b2cce8a153 2df342f130dd40cfb48f61b091c0f6ad - - default default] Unable to schedule network c6313b88-50a0-4324-b9c5-0b5c81b98319: no agents available; will retry on subsequent port and subnet creation events.
2026-05-07 20:27:40.243 7 INFO neutron.db.ovn_revision_numbers_db [None req-17d4edd0-f7de-4d57-b5f7-6f2f35385969 13e3b62c103c45f9a3fbd5041b167fca 0864ef71ed8c410cab5540d5a4a2b992 - - default default] Successfully bumped revision number for resource 2b91dd01-e0aa-46d1-bea5-ed2da59b49f3 (type: router_ports) to 1 [pid: 7|app: 0|req: 974/2197] 10.0.0.32 () {34 vars in 780 bytes} [Thu May 7 20:27:38 2026] PUT /v2.0/routers/2b9b1828-ba04-4164-85c6-6ed8e980cba8/add_router_interface => generated 309 bytes in 1865 msecs (HTTP/1.1 200) 4 headers in 157 bytes (1 switches on core 0) [pid: 7|app: 0|req: 975/2198] 10.0.0.25 () {34 vars in 987 bytes} [Thu May 7 20:27:40 2026] GET /v2.0/ports?device_id=99cd3713-1a92-4b11-a76e-3ec30dd35649 => generated 1014 bytes in 70 msecs (HTTP/1.1 200) 4 headers in 158 bytes (1 switches on core 0)
2026-05-07 20:27:40.426 7 INFO neutron_taas.services.taas.taas_plugin [None req-ede6a00f-744c-4d41-91f9-59a30879c387 41628435160b4a429ebb041af433e54f 49d7fe2f37584fa2ab6613d15eb5714c - - default default] TaaS: Handle Delete Port: b2340e2e-c3d6-4c00-af02-3123d8753ef3
2026-05-07 20:27:40.429 7 INFO neutron_taas.services.taas.tap_mirror_plugin [None req-ede6a00f-744c-4d41-91f9-59a30879c387 41628435160b4a429ebb041af433e54f 49d7fe2f37584fa2ab6613d15eb5714c - - default default] Tap Mirror: Handle Delete Port: b2340e2e-c3d6-4c00-af02-3123d8753ef3 [pid: 8|app: 0|req: 1224/2199] 10.0.0.32 () {34 vars in 673 bytes} [Thu May 7 20:27:39 2026] POST /v2.0/floatingips => generated 552 bytes in 582 msecs (HTTP/1.1 201) 4 headers in 162 bytes (1 switches on core 0)
2026-05-07 20:27:40.548 8 INFO neutron.plugins.ml2.drivers.ovn.mech_driver.mech_driver [None req-0fc3cabf-45fc-4cd0-925c-91a070a5b590 - - - - - -] OVN reports status up for port: 873eab77-3498-4f50-829d-7c65db0024e2
2026-05-07 20:27:40.577 8 INFO neutron.plugins.ml2.plugin [None req-0fc3cabf-45fc-4cd0-925c-91a070a5b590 - - - - - -] Attempt 1 to provision port 873eab77-3498-4f50-829d-7c65db0024e2 [pid: 7|app: 0|req: 976/2200] 10.0.0.32 () {32 vars in 729 bytes} [Thu May 7 20:27:40 2026] DELETE /v2.0/floatingips/d5f89e0d-f8f8-4069-8457-81e8cfc4b93d => generated 0 bytes in 293 msecs (HTTP/1.1 204) 2 headers in 112 bytes (1 switches on core 0) [pid: 7|app: 0|req: 977/2201] 10.0.0.25 () {34 vars in 1117 bytes} [Thu May 7 20:27:40 2026] GET /v2.0/security-groups?id=30881536-de82-4022-9249-46371a3ab305&id=d3381f65-abdd-4a85-bdd2-c512899896c7&fields=id&fields=name => generated 207 bytes in 29 msecs (HTTP/1.1 200) 4 headers in 157 bytes (1 switches on core 0)
2026-05-07 20:27:40.890 7 WARNING neutron.scheduler.dhcp_agent_scheduler [None req-07cdecee-b23f-40ef-a8f8-a998606ebe90 9fb83680460d41b099e8c1b2cce8a153 2df342f130dd40cfb48f61b091c0f6ad - - default default] No more DHCP agents
2026-05-07 20:27:40.892 7 WARNING neutron.api.rpc.agentnotifiers.dhcp_rpc_agent_api [None req-07cdecee-b23f-40ef-a8f8-a998606ebe90 9fb83680460d41b099e8c1b2cce8a153 2df342f130dd40cfb48f61b091c0f6ad - - default default] Unable to schedule network c6313b88-50a0-4324-b9c5-0b5c81b98319: no agents available; will retry on subsequent port and subnet creation events.
2026-05-07 20:27:41.019 8 INFO neutron.db.ovn_revision_numbers_db [None req-0fc3cabf-45fc-4cd0-925c-91a070a5b590 - - - - - -] Successfully bumped revision number for resource 873eab77-3498-4f50-829d-7c65db0024e2 (type: ports) to 4 [pid: 7|app: 0|req: 978/2202] 10.0.0.32 () {34 vars in 673 bytes} [Thu May 7 20:27:40 2026] POST /v2.0/floatingips => generated 552 bytes in 542 msecs (HTTP/1.1 201) 4 headers in 162 bytes (1 switches on core 0)
2026-05-07 20:27:41.317 8 WARNING neutron.scheduler.dhcp_agent_scheduler [None req-53fbed8f-3dea-421a-9caf-e972d94248c7 - - - - - -] No more DHCP agents
2026-05-07 20:27:41.318 8 WARNING neutron.api.rpc.agentnotifiers.dhcp_rpc_agent_api [None req-53fbed8f-3dea-421a-9caf-e972d94248c7 - - - - - -] Unable to schedule network c6313b88-50a0-4324-b9c5-0b5c81b98319: no agents available; will retry on subsequent port and subnet creation events. [pid: 7|app: 0|req: 979/2203] 10.0.0.32 () {32 vars in 733 bytes} [Thu May 7 20:27:41 2026] GET /v2.0/ports?device_id=99cd3713-1a92-4b11-a76e-3ec30dd35649 => generated 1252 bytes in 151 msecs (HTTP/1.1 200) 4 headers in 158 bytes (1 switches on core 0) [pid: 7|app: 0|req: 980/2204] 10.0.0.25 () {34 vars in 987 bytes} [Thu May 7 20:27:41 2026] GET /v2.0/ports?device_id=c7243399-be9b-49bb-80c2-04e26a44d059 => generated 971 bytes in 97 msecs (HTTP/1.1 200) 4 headers in 157 bytes (1 switches on core 0)
2026-05-07 20:27:41.465 8 INFO neutron.db.ovn_revision_numbers_db [None req-53fbed8f-3dea-421a-9caf-e972d94248c7 - - - - - -] Successfully bumped revision number for resource e06802d6-4d63-462e-be1e-52a95514b887 (type: ports) to 1 [pid: 7|app: 0|req: 981/2205] 10.0.0.32 () {34 vars in 756 bytes} [Thu May 7 20:27:41 2026] PUT /v2.0/floatingips/a0446112-c508-454a-8fc4-74dee0a34fda/tags => generated 17 bytes in 66 msecs (HTTP/1.1 200) 4 headers in 156 bytes (1 switches on core 0) [pid: 7|app: 0|req: 982/2206] 10.0.0.32 () {32 vars in 855 bytes} [Thu May 7 20:27:41 2026] GET /v2.0/floatingips?floating_network_id=c6313b88-50a0-4324-b9c5-0b5c81b98319&port_id=8ebfd2c4-832f-4bd7-b3d0-cda9189a9481 => generated 861 bytes in 56 msecs (HTTP/1.1 200) 4 headers in 157 bytes (1 switches on core 0) [pid: 7|app: 0|req: 983/2207] 10.0.0.25 () {34 vars in 1037 bytes} [Thu May 7 20:27:41 2026] GET /v2.0/security-groups?id=dd207f67-1170-4b1d-80b6-36f89fefa86c&fields=id&fields=name => generated 114 bytes in 27 msecs (HTTP/1.1 200) 4 headers in 157 bytes (1 switches on core 0) [pid: 7|app: 0|req: 984/2208] 10.0.0.32 () {34 vars in 756 bytes} [Thu May 7 20:27:41 2026] PUT /v2.0/floatingips/c0e1c23b-7edb-4e64-8201-8d02ec7f7c6c/tags => generated 25 bytes in 53 msecs (HTTP/1.1 200) 4 headers in 156 bytes (1 switches on core 0) [pid: 7|app: 0|req: 985/2209] 10.0.0.32 () {34 vars in 756 bytes} [Thu May 7 20:27:41 2026] PUT /v2.0/floatingips/abddd450-a1f2-466c-ad06-88b9add1deaa/tags => generated 34 bytes in 61 msecs (HTTP/1.1 200) 4 headers in 156 bytes (1 switches on core 0)
2026-05-07 20:27:41.724 8 INFO neutron.db.ovn_revision_numbers_db [None req-53fbed8f-3dea-421a-9caf-e972d94248c7 - - - - - -] Successfully bumped revision number for resource e06802d6-4d63-462e-be1e-52a95514b887 (type: ports) to 3 [pid: 7|app: 0|req: 986/2210] 10.0.0.32 () {34 vars in 756 bytes} [Thu May 7 20:27:41 2026] PUT /v2.0/floatingips/81229d3b-27da-41c8-b51b-66d48441e64d/tags => generated 19 bytes in 68 msecs (HTTP/1.1 200) 4 headers in 156 bytes (1 switches on core 0)
2026-05-07 20:27:41.783 8 INFO neutron.db.segments_db [None req-53fbed8f-3dea-421a-9caf-e972d94248c7 - - - - - -] Added segment 1f99f81b-3669-4a3f-ab9b-26f701c13966 of type geneve for network 981bdef5-141d-4147-a6aa-728309aa215c [pid: 7|app: 0|req: 987/2211] 10.0.0.4 () {34 vars in 986 bytes} [Thu May 7 20:27:41 2026] GET /v2.0/ports?device_id=99cd3713-1a92-4b11-a76e-3ec30dd35649 => generated 1252 bytes in 30 msecs (HTTP/1.1 200) 4 headers in 158 bytes (1 switches on core 0) [pid: 7|app: 0|req: 988/2212] 10.0.0.32 () {32 vars in 669 bytes} [Thu May 7 20:27:41 2026] GET /v2.0/floatingips?tags=red => generated 1671 bytes in 87 msecs (HTTP/1.1 200) 4 headers in 158 bytes (1 switches on core 0)
2026-05-07 20:27:41.937 8 INFO neutron.db.ovn_revision_numbers_db [None req-68f5fc4a-50dd-4eef-897b-847106af5a0e - - - - - -] Successfully bumped revision number for resource 981bdef5-141d-4147-a6aa-728309aa215c (type: networks) to 1 [pid: 7|app: 0|req: 989/2213] 10.0.0.4 () {34 vars in 1116 bytes} [Thu May 7 20:27:41 2026] GET /v2.0/security-groups?id=d3381f65-abdd-4a85-bdd2-c512899896c7&id=30881536-de82-4022-9249-46371a3ab305&fields=id&fields=name => generated 207 bytes in 37 msecs (HTTP/1.1 200) 4 headers in 157 bytes (1 switches on core 0) [pid: 7|app: 0|req: 990/2214] 10.0.0.32 () {32 vars in 683 bytes} [Thu May 7 20:27:41 2026] GET /v2.0/floatingips?tags=red%2Cblue => generated 1128 bytes in 68 msecs (HTTP/1.1 200) 4 headers in 158 bytes (1 switches on core 0) [pid: 7|app: 0|req: 991/2215] 10.0.0.32 () {32 vars in 679 bytes} [Thu May 7 20:27:42 2026] GET /v2.0/floatingips?tags-any=blue => generated 1128 bytes in 42 msecs (HTTP/1.1 200) 4 headers in 158 bytes (1 switches on core 0) [pid: 7|app: 0|req: 992/2216] 10.0.0.32 () {32 vars in 691 bytes} [Thu May 7 20:27:42 2026] GET /v2.0/floatingips?tags-any=red%2Cblue => generated 1671 bytes in 19 msecs (HTTP/1.1 200) 4 headers in 158 bytes (1 switches on core 0)
2026-05-07 20:27:42.085 8 WARNING neutron.scheduler.dhcp_agent_scheduler [None req-68f5fc4a-50dd-4eef-897b-847106af5a0e - - - - - -] No more DHCP agents
2026-05-07 20:27:42.086 8 WARNING neutron.api.rpc.agentnotifiers.dhcp_rpc_agent_api [None req-68f5fc4a-50dd-4eef-897b-847106af5a0e - - - - - -] Unable to schedule network 981bdef5-141d-4147-a6aa-728309aa215c: no agents available; will retry on subsequent port and subnet creation events. [pid: 7|app: 0|req: 993/2217] 10.0.0.32 () {32 vars in 677 bytes} [Thu May 7 20:27:42 2026] GET /v2.0/floatingips?not-tags=red => generated 1100 bytes in 46 msecs (HTTP/1.1 200) 4 headers in 158 bytes (1 switches on core 0)
2026-05-07 20:27:42.187 8 INFO neutron.db.ovn_revision_numbers_db [None req-68f5fc4a-50dd-4eef-897b-847106af5a0e - - - - - -] Successfully bumped revision number for resource 28a3dfe2-878f-451d-b6de-f9a10b1c874e (type: ports) to 1 [pid: 7|app: 0|req: 994/2218] 10.0.0.32 () {32 vars in 691 bytes} [Thu May 7 20:27:42 2026] GET /v2.0/floatingips?not-tags=red%2Cblue => generated 1643 bytes in 60 msecs (HTTP/1.1 200) 4 headers in 158 bytes (1 switches on core 0) [pid: 7|app: 0|req: 995/2219] 10.0.0.32 () {32 vars in 687 bytes} [Thu May 7 20:27:42 2026] GET /v2.0/floatingips?not-tags-any=blue => generated 1643 bytes in 50 msecs (HTTP/1.1 200) 4 headers in 158 bytes (1 switches on core 0) [pid: 7|app: 0|req: 996/2220] 10.0.0.32 () {32 vars in 699 bytes} [Thu May 7 20:27:42 2026] GET /v2.0/floatingips?not-tags-any=red%2Cblue => generated 1100 bytes in 28 msecs (HTTP/1.1 200) 4 headers in 158 bytes (1 switches on core 0)
2026-05-07 20:27:42.322 8 WARNING neutron.scheduler.dhcp_agent_scheduler [None req-68f5fc4a-50dd-4eef-897b-847106af5a0e - - - - - -] No more DHCP agents
2026-05-07 20:27:42.324 8 WARNING neutron.api.rpc.agentnotifiers.dhcp_rpc_agent_api [None req-68f5fc4a-50dd-4eef-897b-847106af5a0e - - - - - -] Unable to schedule network 981bdef5-141d-4147-a6aa-728309aa215c: no agents available; will retry on subsequent port and subnet creation events.
2026-05-07 20:27:42.349 8 INFO neutron.db.ovn_revision_numbers_db [None req-68f5fc4a-50dd-4eef-897b-847106af5a0e - - - - - -] Successfully bumped revision number for resource be1e0c5c-0aae-4f2c-ae6e-968bacc18c2b (type: subnets) to 0
2026-05-07 20:27:42.405 7 INFO neutron_taas.services.taas.taas_plugin [None req-e911be59-eb02-489d-8cbc-f44b18b3d744 9fb83680460d41b099e8c1b2cce8a153 2df342f130dd40cfb48f61b091c0f6ad - - default default] TaaS: Handle Delete Port: df29475a-8fef-4388-b924-6728220e1388
2026-05-07 20:27:42.408 7 INFO neutron_taas.services.taas.tap_mirror_plugin [None req-e911be59-eb02-489d-8cbc-f44b18b3d744 9fb83680460d41b099e8c1b2cce8a153 2df342f130dd40cfb48f61b091c0f6ad - - default default] Tap Mirror: Handle Delete Port: df29475a-8fef-4388-b924-6728220e1388 [pid: 7|app: 0|req: 997/2221] 10.0.0.32 () {32 vars in 729 bytes} [Thu May 7 20:27:42 2026] DELETE /v2.0/floatingips/a0446112-c508-454a-8fc4-74dee0a34fda => generated 0 bytes in 324 msecs (HTTP/1.1 204) 2 headers in 112 bytes (1 switches on core 0)
2026-05-07 20:27:42.740 7 INFO neutron_taas.services.taas.taas_plugin [None req-57ea50db-1cef-4b78-ac38-001f0e6dfcd5 9fb83680460d41b099e8c1b2cce8a153 2df342f130dd40cfb48f61b091c0f6ad - - default default] TaaS: Handle Delete Port: 96ae2c28-a400-4d6f-b48f-4a3185372f60
2026-05-07 20:27:42.744 7 INFO neutron_taas.services.taas.tap_mirror_plugin [None req-57ea50db-1cef-4b78-ac38-001f0e6dfcd5 9fb83680460d41b099e8c1b2cce8a153 2df342f130dd40cfb48f61b091c0f6ad - - default default] Tap Mirror: Handle Delete Port: 96ae2c28-a400-4d6f-b48f-4a3185372f60
2026-05-07 20:27:42.805 8 WARNING neutron.scheduler.dhcp_agent_scheduler [None req-68f5fc4a-50dd-4eef-897b-847106af5a0e - - - - - -] No more DHCP agents
2026-05-07 20:27:42.806 8 WARNING neutron.api.rpc.agentnotifiers.dhcp_rpc_agent_api [None req-68f5fc4a-50dd-4eef-897b-847106af5a0e - - - - - -] Unable to schedule network 981bdef5-141d-4147-a6aa-728309aa215c: no agents available; will retry on subsequent port and subnet creation events. [pid: 7|app: 0|req: 998/2222] 10.0.0.32 () {32 vars in 729 bytes} [Thu May 7 20:27:42 2026] DELETE /v2.0/floatingips/c0e1c23b-7edb-4e64-8201-8d02ec7f7c6c => generated 0 bytes in 311 msecs (HTTP/1.1 204) 2 headers in 112 bytes (1 switches on core 0)
2026-05-07 20:27:42.951 8 INFO neutron.db.ovn_revision_numbers_db [None req-68f5fc4a-50dd-4eef-897b-847106af5a0e - - - - - -] Successfully bumped revision number for resource 81decb32-1d30-40da-ab52-ef0d7004b6a8 (type: ports) to 1
2026-05-07 20:27:42.983 7 WARNING neutron.plugins.ml2.drivers.ovn.mech_driver.ovsdb.ovn_client [None req-4929557e-c755-45f7-841e-83a82aa5d039 - - - - - -] No hosting information found for port 2a920714-9181-4ef2-8444-9c467e440015: RuntimeError: No hosting information found for port 2a920714-9181-4ef2-8444-9c467e440015
2026-05-07 20:27:42.984 7 INFO neutron.plugins.ml2.drivers.ovn.mech_driver.mech_driver [None req-4929557e-c755-45f7-841e-83a82aa5d039 - - - - - -] OVN reports status down for port: 2b91dd01-e0aa-46d1-bea5-ed2da59b49f3 [pid: 7|app: 0|req: 999/2223] 10.0.0.25 () {34 vars in 987 bytes} [Thu May 7 20:27:42 2026] GET /v2.0/ports?device_id=c7243399-be9b-49bb-80c2-04e26a44d059 => generated 971 bytes in 65 msecs (HTTP/1.1 200) 4 headers in 157 bytes (1 switches on core 0)
2026-05-07 20:27:43.077 7 WARNING neutron.plugins.ml2.drivers.ovn.mech_driver.ovsdb.ovn_client [None req-4929557e-c755-45f7-841e-83a82aa5d039 - - - - - -] Logical_Switch_Port %s host information not removed, the port state is up
2026-05-07 20:27:43.077 7 INFO neutron.plugins.ml2.drivers.ovn.mech_driver.mech_driver [None req-4929557e-c755-45f7-841e-83a82aa5d039 - - - - - -] OVN reports status up for port: ae825334-39d2-439e-ba66-0795bbc1cab5
2026-05-07 20:27:43.091 7 INFO neutron.plugins.ml2.plugin [None req-4929557e-c755-45f7-841e-83a82aa5d039 - - - - - -] Attempt 1 to provision port ae825334-39d2-439e-ba66-0795bbc1cab5
2026-05-07 20:27:43.189 7 INFO neutron_taas.services.taas.taas_plugin [None req-7faf29e3-9a1e-4337-a375-deafc0aa21ab 9fb83680460d41b099e8c1b2cce8a153 2df342f130dd40cfb48f61b091c0f6ad - - default default] TaaS: Handle Delete Port: 1ba372ad-7147-4343-badf-dde81da8234a
2026-05-07 20:27:43.192 7 INFO neutron_taas.services.taas.tap_mirror_plugin [None req-7faf29e3-9a1e-4337-a375-deafc0aa21ab 9fb83680460d41b099e8c1b2cce8a153 2df342f130dd40cfb48f61b091c0f6ad - - default default] Tap Mirror: Handle Delete Port: 1ba372ad-7147-4343-badf-dde81da8234a [pid: 7|app: 0|req: 1000/2224] 10.0.0.32 () {32 vars in 729 bytes} [Thu May 7 20:27:42 2026] DELETE /v2.0/floatingips/abddd450-a1f2-466c-ad06-88b9add1deaa => generated 0 bytes in 470 msecs (HTTP/1.1 204) 2 headers in 112 bytes (1 switches on core 0)
2026-05-07 20:27:43.482 7 INFO neutron.db.ovn_revision_numbers_db [None req-4929557e-c755-45f7-841e-83a82aa5d039 - - - - - -] Successfully bumped revision number for resource ae825334-39d2-439e-ba66-0795bbc1cab5 (type: ports) to 4 [pid: 7|app: 0|req: 1001/2225] 10.0.0.25 () {34 vars in 1037 bytes} [Thu May 7 20:27:43 2026] GET /v2.0/security-groups?id=dd207f67-1170-4b1d-80b6-36f89fefa86c&fields=id&fields=name => generated 114 bytes in 54 msecs (HTTP/1.1 200) 4 headers in 157 bytes (1 switches on core 0) [pid: 7|app: 0|req: 1002/2226] 199.204.45.250 () {34 vars in 992 bytes} [Thu May 7 20:27:43 2026] GET /v2.0/ports?device_id=c7243399-be9b-49bb-80c2-04e26a44d059 => generated 971 bytes in 56 msecs (HTTP/1.1 200) 4 headers in 157 bytes (1 switches on core 0)
2026-05-07 20:27:43.657 8 WARNING neutron.scheduler.dhcp_agent_scheduler [None req-68f5fc4a-50dd-4eef-897b-847106af5a0e - - - - - -] No more DHCP agents
2026-05-07 20:27:43.658 8 WARNING neutron.api.rpc.agentnotifiers.dhcp_rpc_agent_api [None req-68f5fc4a-50dd-4eef-897b-847106af5a0e - - - - - -] Unable to schedule network 981bdef5-141d-4147-a6aa-728309aa215c: no agents available; will retry on subsequent port and subnet creation events.
2026-05-07 20:27:43.769 7 INFO neutron.plugins.ml2.drivers.ovn.mech_driver.mech_driver [None req-1442d2bd-7065-4ed5-95f3-90e77e993520 - - - - - -] OVN reports status up for port: 2b91dd01-e0aa-46d1-bea5-ed2da59b49f3
2026-05-07 20:27:43.799 7 INFO neutron.plugins.ml2.plugin [None req-1442d2bd-7065-4ed5-95f3-90e77e993520 - - - - - -] Attempt 1 to provision port 2b91dd01-e0aa-46d1-bea5-ed2da59b49f3
2026-05-07 20:27:43.888 7 INFO neutron_taas.services.taas.taas_plugin [None req-b61f7236-0df8-4a57-aa01-4feaf1fc14d2 9fb83680460d41b099e8c1b2cce8a153 2df342f130dd40cfb48f61b091c0f6ad - - default default] TaaS: Handle Delete Port: b14644f2-7178-4681-9cb9-f311be08ba55
2026-05-07 20:27:43.910 7 INFO neutron_taas.services.taas.tap_mirror_plugin [None req-b61f7236-0df8-4a57-aa01-4feaf1fc14d2 9fb83680460d41b099e8c1b2cce8a153 2df342f130dd40cfb48f61b091c0f6ad - - default default] Tap Mirror: Handle Delete Port: b14644f2-7178-4681-9cb9-f311be08ba55
2026-05-07 20:27:44.141 8 INFO neutron.db.ovn_revision_numbers_db [None req-68f5fc4a-50dd-4eef-897b-847106af5a0e - - - - - -] Successfully bumped revision number for resource 81decb32-1d30-40da-ab52-ef0d7004b6a8 (type: router_ports) to 1 [pid: 7|app: 0|req: 1003/2227] 10.0.0.32 () {32 vars in 729 bytes} [Thu May 7 20:27:43 2026] DELETE /v2.0/floatingips/81229d3b-27da-41c8-b51b-66d48441e64d => generated 0 bytes in 742 msecs (HTTP/1.1 204) 2 headers in 112 bytes (1 switches on core 0)
2026-05-07 20:27:44.368 8 WARNING neutron.scheduler.dhcp_agent_scheduler [None req-68f5fc4a-50dd-4eef-897b-847106af5a0e - - - - - -] No more DHCP agents
2026-05-07 20:27:44.370 8 WARNING neutron.api.rpc.agentnotifiers.dhcp_rpc_agent_api [None req-68f5fc4a-50dd-4eef-897b-847106af5a0e - - - - - -] Unable to schedule network 981bdef5-141d-4147-a6aa-728309aa215c: no agents available; will retry on subsequent port and subnet creation events.
2026-05-07 20:27:44.521 8 INFO neutron.db.ovn_revision_numbers_db [None req-68f5fc4a-50dd-4eef-897b-847106af5a0e - - - - - -] Successfully bumped revision number for resource fd6b1a55-a7de-4b54-9288-5fdc5b5103df (type: ports) to 1
2026-05-07 20:27:44.712 7 INFO neutron_taas.services.taas.taas_plugin [req-e8ea549b-ba71-4610-aff6-24372ac19a22 req-2eeb6ab2-f4e2-4de2-8a89-ca42169af8e4 41628435160b4a429ebb041af433e54f 49d7fe2f37584fa2ab6613d15eb5714c - - default default] TaaS: Handle Delete Port: 66c9e95b-6bc0-4292-b6a0-2814ef3fb4cd
2026-05-07 20:27:44.720 7 INFO neutron_taas.services.taas.tap_mirror_plugin [req-e8ea549b-ba71-4610-aff6-24372ac19a22 req-2eeb6ab2-f4e2-4de2-8a89-ca42169af8e4 41628435160b4a429ebb041af433e54f 49d7fe2f37584fa2ab6613d15eb5714c - - default default] Tap Mirror: Handle Delete Port: 66c9e95b-6bc0-4292-b6a0-2814ef3fb4cd
2026-05-07 20:27:44.756 7 INFO neutron.db.ovn_revision_numbers_db [None req-1442d2bd-7065-4ed5-95f3-90e77e993520 - - - - - -] Successfully bumped revision number for resource 2b91dd01-e0aa-46d1-bea5-ed2da59b49f3 (type: ports) to 2
2026-05-07 20:27:44.809 8 INFO neutron.db.ovn_revision_numbers_db [None req-68f5fc4a-50dd-4eef-897b-847106af5a0e - - - - - -] Successfully bumped revision number for resource fd6b1a55-a7de-4b54-9288-5fdc5b5103df (type: ports) to 3 [pid: 7|app: 0|req: 1004/2228] 199.204.45.250 () {36 vars in 995 bytes} [Thu May 7 20:27:44 2026] DELETE /v2.0/ports/66c9e95b-6bc0-4292-b6a0-2814ef3fb4cd => generated 0 bytes in 627 msecs (HTTP/1.1 204) 3 headers in 131 bytes (1 switches on core 0)
2026-05-07 20:27:44.960 8 INFO neutron.plugins.ml2.drivers.ovn.mech_driver.mech_driver [None req-4581063a-b25d-41b6-954c-52441ecd92a0 - - - - - -] OVN reports status down for port: 8ebfd2c4-832f-4bd7-b3d0-cda9189a9481 [pid: 7|app: 0|req: 1005/2229] 10.0.0.25 () {34 vars in 987 bytes} [Thu May 7 20:27:44 2026] GET /v2.0/ports?device_id=99cd3713-1a92-4b11-a76e-3ec30dd35649 => generated 1014 bytes in 71 msecs (HTTP/1.1 200) 4 headers in 158 bytes (1 switches on core 0)
2026-05-07 20:27:45.143 7 INFO neutron_taas.services.taas.taas_plugin [None req-7572ce78-6aa8-4ebd-92de-74da03ff148b 9fb83680460d41b099e8c1b2cce8a153 2df342f130dd40cfb48f61b091c0f6ad - - default default] TaaS: Handle Delete Port: 7d8a71e9-d427-407e-a4f3-217fb7294a53
2026-05-07 20:27:45.146 7 INFO neutron_taas.services.taas.tap_mirror_plugin [None req-7572ce78-6aa8-4ebd-92de-74da03ff148b 9fb83680460d41b099e8c1b2cce8a153 2df342f130dd40cfb48f61b091c0f6ad - - default default] Tap Mirror: Handle Delete Port: 7d8a71e9-d427-407e-a4f3-217fb7294a53 [pid: 8|app: 0|req: 1225/2230] 10.0.0.32 () {34 vars in 682 bytes} [Thu May 7 20:27:40 2026] POST /v2.0/vpn/vpnservices => generated 457 bytes in 4673 msecs (HTTP/1.1 201) 4 headers in 162 bytes (1 switches on core 0) [pid: 8|app: 0|req: 1226/2231] 10.0.0.25 () {34 vars in 987 bytes} [Thu May 7 20:27:45 2026] GET /v2.0/ports?device_id=c7243399-be9b-49bb-80c2-04e26a44d059 => generated 12 bytes in 33 msecs (HTTP/1.1 200) 4 headers in 156 bytes (1 switches on core 0)
2026-05-07 20:27:45.245 7 INFO neutron.notifiers.nova [-] Nova event matching ['req-61325052-9c13-4b3a-94c5-c316ae40c85d'] response: {'server_uuid': 'c7243399-be9b-49bb-80c2-04e26a44d059', 'name': 'network-vif-deleted', 'tag': '66c9e95b-6bc0-4292-b6a0-2814ef3fb4cd', 'status': 'completed', 'code': 200} [pid: 8|app: 0|req: 1227/2232] 10.0.0.25 () {34 vars in 1117 bytes} [Thu May 7 20:27:45 2026] GET /v2.0/security-groups?id=30881536-de82-4022-9249-46371a3ab305&id=d3381f65-abdd-4a85-bdd2-c512899896c7&fields=id&fields=name => generated 207 bytes in 63 msecs (HTTP/1.1 200) 4 headers in 157 bytes (1 switches on core 0) [pid: 7|app: 0|req: 1006/2233] 10.0.0.32 () {32 vars in 729 bytes} [Thu May 7 20:27:45 2026] DELETE /v2.0/floatingips/76d7f17f-0ebb-4627-8fcd-b9fc991591c1 => generated 0 bytes in 258 msecs (HTTP/1.1 204) 2 headers in 112 bytes (1 switches on core 0)
2026-05-07 20:27:45.280 8 INFO neutron.notifiers.nova [-] Nova event matching ['req-a33116f3-1333-4679-a573-01af0af738ff'] response: {'server_uuid': '99cd3713-1a92-4b11-a76e-3ec30dd35649', 'name': 'network-vif-unplugged', 'status': 'completed', 'tag': '8ebfd2c4-832f-4bd7-b3d0-cda9189a9481', 'code': 200} [pid: 8|app: 0|req: 1228/2234] 10.0.0.32 () {32 vars in 660 bytes} [Thu May 7 20:27:45 2026] GET /v2.0/vpn/vpnservices => generated 1312 bytes in 38 msecs (HTTP/1.1 200) 4 headers in 158 bytes (1 switches on core 0)
2026-05-07 20:27:45.366 8 INFO neutron.db.ovn_revision_numbers_db [None req-4581063a-b25d-41b6-954c-52441ecd92a0 - - - - - -] Successfully bumped revision number for resource 8ebfd2c4-832f-4bd7-b3d0-cda9189a9481 (type: ports) to 6
2026-05-07 20:27:45.656 7 INFO neutron_taas.services.taas.taas_plugin [None req-b53cd30b-58d9-4598-8b29-9be14ca33451 839f9622a7a04fe6b692c373b622b04e 6f608746843e4e449a5b14a18ca80510 - - default default] TaaS: Handle Delete Port: e06802d6-4d63-462e-be1e-52a95514b887
2026-05-07 20:27:45.659 7 INFO neutron_taas.services.taas.tap_mirror_plugin [None req-b53cd30b-58d9-4598-8b29-9be14ca33451 839f9622a7a04fe6b692c373b622b04e 6f608746843e4e449a5b14a18ca80510 - - default default] Tap Mirror: Handle Delete Port: e06802d6-4d63-462e-be1e-52a95514b887
2026-05-07 20:27:45.997 7 INFO neutron_taas.services.taas.taas_plugin [None req-ea577614-0e05-43d8-8fd4-8537ac7e45d4 - - - - - -] TaaS: Handle Delete Port: fd6b1a55-a7de-4b54-9288-5fdc5b5103df
2026-05-07 20:27:46.001 7 INFO neutron_taas.services.taas.tap_mirror_plugin [None req-ea577614-0e05-43d8-8fd4-8537ac7e45d4 - - - - - -] Tap Mirror: Handle Delete Port: fd6b1a55-a7de-4b54-9288-5fdc5b5103df /var/lib/openstack/lib/python3.12/site-packages/pycadf/identifier.py:70: UserWarning: Invalid uuid: neutron. To ensure interoperability, identifiers should be a valid uuid. warnings.warn(('Invalid uuid: %s. To ensure interoperability, ' [pid: 8|app: 0|req: 1229/2235] 199.204.45.250 () {34 vars in 992 bytes} [Thu May 7 20:27:46 2026] GET /v2.0/ports?device_id=99cd3713-1a92-4b11-a76e-3ec30dd35649 => generated 1012 bytes in 103 msecs (HTTP/1.1 200) 4 headers in 158 bytes (1 switches on core 0)
2026-05-07 20:27:46.420 7 INFO neutron_taas.services.taas.taas_plugin [None req-09884463-63b4-42bd-b37f-5dd1a227e9cd - - - - - -] TaaS: Handle Delete Port: 81decb32-1d30-40da-ab52-ef0d7004b6a8
2026-05-07 20:27:46.424 7 INFO neutron_taas.services.taas.tap_mirror_plugin [None req-09884463-63b4-42bd-b37f-5dd1a227e9cd - - - - - -] Tap Mirror: Handle Delete Port: 81decb32-1d30-40da-ab52-ef0d7004b6a8
2026-05-07 20:27:46.546 8 INFO neutron.db.ovn_revision_numbers_db [None req-02497bf7-236b-4eaf-803c-33c0652787da b461623715d04546ab801ada0feeb413 709837b87e78436d8240608872020c88 - - default default] Successfully bumped revision number for resource 4286536a-dbbc-40fa-a75d-6c7f05b2d4be (type: security_groups) to 1
2026-05-07 20:27:46.560 8 INFO neutron.db.ovn_revision_numbers_db [None req-02497bf7-236b-4eaf-803c-33c0652787da b461623715d04546ab801ada0feeb413 709837b87e78436d8240608872020c88 - - default default] Successfully bumped revision number for resource 3540c1c2-ddcd-47dd-a34f-ff236000c424 (type: security_group_rules) to 0
2026-05-07 20:27:46.582 8 INFO neutron.db.ovn_revision_numbers_db [None req-02497bf7-236b-4eaf-803c-33c0652787da b461623715d04546ab801ada0feeb413 709837b87e78436d8240608872020c88 - - default default] Successfully bumped revision number for resource 5186e7b5-a2d7-4a50-9b13-629638f4bda3 (type: security_group_rules) to 0
2026-05-07 20:27:46.602 8 INFO neutron.db.ovn_revision_numbers_db [None req-02497bf7-236b-4eaf-803c-33c0652787da b461623715d04546ab801ada0feeb413 709837b87e78436d8240608872020c88 - - default default] Successfully bumped revision number for resource 7ad2f79d-6dfb-4cbb-896b-77f62d2c0351 (type: security_group_rules) to 0
2026-05-07 20:27:46.616 8 INFO neutron.db.ovn_revision_numbers_db [None req-02497bf7-236b-4eaf-803c-33c0652787da b461623715d04546ab801ada0feeb413 709837b87e78436d8240608872020c88 - - default default] Successfully bumped revision number for resource 97238498-ddd0-4b87-89ec-d7d32edd64fb (type: security_group_rules) to 0 [pid: 8|app: 0|req: 1230/2236] 10.0.0.32 () {32 vars in 771 bytes} [Thu May 7 20:27:46 2026] GET /v2.0/security-groups?tenant_id=7a381b57693f4e9b9515bddc49d0adb9&name=default => generated 2925 bytes in 395 msecs (HTTP/1.1 200) 4 headers in 158 bytes (1 switches on core 0)
2026-05-07 20:27:46.790 8 INFO neutron_taas.services.taas.taas_plugin [req-e48f7690-7c18-4e95-a205-de68e7d46655 req-58e278ad-e25c-434f-ac48-07e4c9c680be fc1f2743f3774bb69e644b5beabb3d6a 1da80d2bd52b410ca46110f62398f8bf - - default default] TaaS: Handle Delete Port: 8ebfd2c4-832f-4bd7-b3d0-cda9189a9481
2026-05-07 20:27:46.794 8 INFO neutron_taas.services.taas.tap_mirror_plugin [req-e48f7690-7c18-4e95-a205-de68e7d46655 req-58e278ad-e25c-434f-ac48-07e4c9c680be fc1f2743f3774bb69e644b5beabb3d6a 1da80d2bd52b410ca46110f62398f8bf - - default default] Tap Mirror: Handle Delete Port: 8ebfd2c4-832f-4bd7-b3d0-cda9189a9481
2026-05-07 20:27:46.984 8 INFO neutron.db.l3_db [req-e48f7690-7c18-4e95-a205-de68e7d46655 req-58e278ad-e25c-434f-ac48-07e4c9c680be fc1f2743f3774bb69e644b5beabb3d6a 1da80d2bd52b410ca46110f62398f8bf - - default default] Floating IP 310dc84e-cec9-4648-a16e-6c7601e9a504 disassociated. External IP: 10.96.250.203, port: 8ebfd2c4-832f-4bd7-b3d0-cda9189a9481. [pid: 8|app: 0|req: 1231/2237] 199.204.45.250 () {36 vars in 995 bytes} [Thu May 7 20:27:46 2026] DELETE /v2.0/ports/8ebfd2c4-832f-4bd7-b3d0-cda9189a9481 => generated 0 bytes in 536 msecs (HTTP/1.1 204) 3 headers in 131 bytes (1 switches on core 0) /var/lib/openstack/lib/python3.12/site-packages/pycadf/identifier.py:70: UserWarning: Invalid uuid: neutron. To ensure interoperability, identifiers should be a valid uuid. warnings.warn(('Invalid uuid: %s. To ensure interoperability, ' [pid: 8|app: 0|req: 1232/2238] 10.0.0.25 () {34 vars in 987 bytes} [Thu May 7 20:27:47 2026] GET /v2.0/ports?device_id=c7243399-be9b-49bb-80c2-04e26a44d059 => generated 12 bytes in 32 msecs (HTTP/1.1 200) 4 headers in 156 bytes (1 switches on core 0) [pid: 8|app: 0|req: 1233/2239] 10.0.0.25 () {34 vars in 987 bytes} [Thu May 7 20:27:47 2026] GET /v2.0/ports?device_id=99cd3713-1a92-4b11-a76e-3ec30dd35649 => generated 12 bytes in 14 msecs (HTTP/1.1 200) 4 headers in 156 bytes (1 switches on core 0)
2026-05-07 20:27:47.324 8 INFO neutron.notifiers.nova [-] Nova event matching ['req-c8bbb0be-160d-4142-af28-e3e8cda8a55c'] response: {'server_uuid': '99cd3713-1a92-4b11-a76e-3ec30dd35649', 'name': 'network-vif-unplugged', 'status': 'completed', 'tag': '8ebfd2c4-832f-4bd7-b3d0-cda9189a9481', 'code': 200}
2026-05-07 20:27:47.325 8 INFO neutron.notifiers.nova [-] Nova event matching ['req-c8bbb0be-160d-4142-af28-e3e8cda8a55c'] response: {'server_uuid': '99cd3713-1a92-4b11-a76e-3ec30dd35649', 'name': 'network-vif-deleted', 'tag': '8ebfd2c4-832f-4bd7-b3d0-cda9189a9481', 'status': 'completed', 'code': 200}
2026-05-07 20:27:47.428 7 INFO neutron_taas.services.taas.taas_plugin [None req-09884463-63b4-42bd-b37f-5dd1a227e9cd - - - - - -] TaaS: Handle Delete Port: 28a3dfe2-878f-451d-b6de-f9a10b1c874e
2026-05-07 20:27:47.432 7 INFO neutron_taas.services.taas.tap_mirror_plugin [None req-09884463-63b4-42bd-b37f-5dd1a227e9cd - - - - - -] Tap Mirror: Handle Delete Port: 28a3dfe2-878f-451d-b6de-f9a10b1c874e [pid: 8|app: 0|req: 1234/2240] 10.0.0.32 () {32 vars in 737 bytes} [Thu May 7 20:27:47 2026] DELETE /v2.0/security-groups/4286536a-dbbc-40fa-a75d-6c7f05b2d4be => generated 0 bytes in 258 msecs (HTTP/1.1 204) 2 headers in 112 bytes (1 switches on core 0) [pid: 8|app: 0|req: 1235/2241] 10.0.0.23 () {28 vars in 596 bytes} [Thu May 7 20:27:47 2026] GET /v2.0/security-groups => generated 42562 bytes in 124 msecs (HTTP/1.1 200) 4 headers in 159 bytes (1 switches on core 0)
2026-05-07 20:27:47.655 7 INFO neutron.services.segments.plugin [-] Segment 1f99f81b-3669-4a3f-ab9b-26f701c13966 resource provider aggregate not found
2026-05-07 20:27:47.664 7 INFO neutron.services.segments.plugin [-] Segment 1f99f81b-3669-4a3f-ab9b-26f701c13966 resource provider aggregate not found
2026-05-07 20:27:47.675 7 INFO neutron.services.segments.plugin [-] Segment 1f99f81b-3669-4a3f-ab9b-26f701c13966 resource provider not found; error: Placement Client Error (4xx): {"errors": [{"status": 404, "title": "Not Found", "detail": "The resource could not be found.\n\n No resource provider with uuid 1f99f81b-3669-4a3f-ab9b-26f701c13966 found for delete ", "request_id": "req-396360ec-9a35-4a88-8989-a16b0244d4f6"}]}
