+ COMMAND=start + start + for KEYSTONE_WSGI_SCRIPT in keystone-wsgi-public ++ type -p keystone-wsgi-public + cp -a /var/lib/openstack/bin/keystone-wsgi-public /var/www/cgi-bin/keystone/ + '[' -f /etc/apache2/envvars ']' + source /etc/apache2/envvars ++ unset HOME ++ '[' '' '!=' '' ']' ++ SUFFIX= ++ export APACHE_RUN_USER=www-data ++ APACHE_RUN_USER=www-data ++ export APACHE_RUN_GROUP=www-data ++ APACHE_RUN_GROUP=www-data ++ export APACHE_PID_FILE=/var/run/apache2/apache2.pid ++ APACHE_PID_FILE=/var/run/apache2/apache2.pid ++ export APACHE_RUN_DIR=/var/run/apache2 ++ APACHE_RUN_DIR=/var/run/apache2 ++ export APACHE_LOCK_DIR=/var/lock/apache2 ++ APACHE_LOCK_DIR=/var/lock/apache2 ++ export APACHE_LOG_DIR=/var/log/apache2 ++ APACHE_LOG_DIR=/var/log/apache2 ++ export LANG=C ++ LANG=C ++ export LANG + '[' -f /var/run/apache2/apache2.pid ']' + exec apache2 -DFOREGROUND AH00558: apache2: Could not reliably determine the server's fully qualified domain name, using 10.0.0.16. Set the 'ServerName' directive globally to suppress this message AH00558: apache2: Could not reliably determine the server's fully qualified domain name, using 10.0.0.16. Set the 'ServerName' directive globally to suppress this message
[Sat May 16 09:32:46.263802 2026] [mpm_event:notice] [pid 1:tid 139774150289280] AH00489: Apache/2.4.58 (Ubuntu) mod_wsgi/5.0.0 Python/3.12 configured -- resuming normal operations
[Sat May 16 09:32:46.263942 2026] [core:notice] [pid 1:tid 139774150289280] AH00094: Command line: 'apache2 -D FOREGROUND'
[Sat May 16 09:33:41.583857 2026] [wsgi:error] [pid 12:tid 139773513516736] /var/lib/openstack/lib/python3.12/site-packages/oslo_utils/importutils.py:77: EventletDeprecationWarning:
[Sat May 16 09:33:41.583906 2026] [wsgi:error] [pid 12:tid 139773513516736] Eventlet is deprecated. It is currently being maintained in bugfix mode, and
[Sat May 16 09:33:41.583907 2026] [wsgi:error] [pid 12:tid 139773513516736] we strongly recommend against using it for new projects.
[Sat May 16 09:33:41.583909 2026] [wsgi:error] [pid 12:tid 139773513516736]
[Sat May 16 09:33:41.583910 2026] [wsgi:error] [pid 12:tid 139773513516736] If you are already using Eventlet, we recommend migrating to a different
[Sat May 16 09:33:41.583911 2026] [wsgi:error] [pid 12:tid 139773513516736] framework. For more detail see
[Sat May 16 09:33:41.583912 2026] [wsgi:error] [pid 12:tid 139773513516736] https://eventlet.readthedocs.io/en/latest/asyncio/migration.html
[Sat May 16 09:33:41.583913 2026] [wsgi:error] [pid 12:tid 139773513516736]
[Sat May 16 09:33:41.583914 2026] [wsgi:error] [pid 12:tid 139773513516736] __import__(import_str)
[Sat May 16 09:33:41.622022 2026] [wsgi:error] [pid 10:tid 139773513516736] /var/lib/openstack/lib/python3.12/site-packages/oslo_utils/importutils.py:77: EventletDeprecationWarning:
[Sat May 16 09:33:41.622071 2026] [wsgi:error] [pid 10:tid 139773513516736] Eventlet is deprecated. It is currently being maintained in bugfix mode, and
[Sat May 16 09:33:41.622073 2026] [wsgi:error] [pid 10:tid 139773513516736] we strongly recommend against using it for new projects.
[Sat May 16 09:33:41.622074 2026] [wsgi:error] [pid 10:tid 139773513516736]
[Sat May 16 09:33:41.622075 2026] [wsgi:error] [pid 10:tid 139773513516736] If you are already using Eventlet, we recommend migrating to a different
[Sat May 16 09:33:41.622076 2026] [wsgi:error] [pid 10:tid 139773513516736] framework. For more detail see
[Sat May 16 09:33:41.622077 2026] [wsgi:error] [pid 10:tid 139773513516736] https://eventlet.readthedocs.io/en/latest/asyncio/migration.html
[Sat May 16 09:33:41.622079 2026] [wsgi:error] [pid 10:tid 139773513516736]
[Sat May 16 09:33:41.622080 2026] [wsgi:error] [pid 10:tid 139773513516736] __import__(import_str) 10.0.0.72 - - [16/May/2026:09:33:40 +0000] "GET /v3/ HTTP/1.1" 200 249 10.0.0.72 - - [16/May/2026:09:33:40 +0000] "GET /v3/ HTTP/1.1" 200 249
[Sat May 16 09:33:47.227793 2026] [wsgi:error] [pid 9:tid 139773513516736] /var/lib/openstack/lib/python3.12/site-packages/oslo_utils/importutils.py:77: EventletDeprecationWarning:
[Sat May 16 09:33:47.227843 2026] [wsgi:error] [pid 9:tid 139773513516736] Eventlet is deprecated. It is currently being maintained in bugfix mode, and
[Sat May 16 09:33:47.227845 2026] [wsgi:error] [pid 9:tid 139773513516736] we strongly recommend against using it for new projects.
[Sat May 16 09:33:47.227846 2026] [wsgi:error] [pid 9:tid 139773513516736]
[Sat May 16 09:33:47.227847 2026] [wsgi:error] [pid 9:tid 139773513516736] If you are already using Eventlet, we recommend migrating to a different
[Sat May 16 09:33:47.227849 2026] [wsgi:error] [pid 9:tid 139773513516736] framework. For more detail see
[Sat May 16 09:33:47.227850 2026] [wsgi:error] [pid 9:tid 139773513516736] https://eventlet.readthedocs.io/en/latest/asyncio/migration.html
[Sat May 16 09:33:47.227851 2026] [wsgi:error] [pid 9:tid 139773513516736]
[Sat May 16 09:33:47.227852 2026] [wsgi:error] [pid 9:tid 139773513516736] __import__(import_str) 10.0.0.72 - - [16/May/2026:09:33:46 +0000] "GET /v3/ HTTP/1.1" 200 249
[Sat May 16 09:33:53.982112 2026] [wsgi:error] [pid 11:tid 139773513516736] /var/lib/openstack/lib/python3.12/site-packages/oslo_utils/importutils.py:77: EventletDeprecationWarning:
[Sat May 16 09:33:53.982163 2026] [wsgi:error] [pid 11:tid 139773513516736] Eventlet is deprecated. It is currently being maintained in bugfix mode, and
[Sat May 16 09:33:53.982165 2026] [wsgi:error] [pid 11:tid 139773513516736] we strongly recommend against using it for new projects.
[Sat May 16 09:33:53.982166 2026] [wsgi:error] [pid 11:tid 139773513516736]
[Sat May 16 09:33:53.982167 2026] [wsgi:error] [pid 11:tid 139773513516736] If you are already using Eventlet, we recommend migrating to a different
[Sat May 16 09:33:53.982168 2026] [wsgi:error] [pid 11:tid 139773513516736] framework. For more detail see
[Sat May 16 09:33:53.982170 2026] [wsgi:error] [pid 11:tid 139773513516736] https://eventlet.readthedocs.io/en/latest/asyncio/migration.html
[Sat May 16 09:33:53.982171 2026] [wsgi:error] [pid 11:tid 139773513516736]
[Sat May 16 09:33:53.982172 2026] [wsgi:error] [pid 11:tid 139773513516736] __import__(import_str) 10.0.0.127 - - [16/May/2026:09:33:53 +0000] "GET / HTTP/1.1" 300 295
[Sat May 16 09:33:59.125455 2026] [wsgi:error] [pid 12:tid 139773513516736] [remote 10.0.0.127:41528] 2026-05-16 09:33:59.122 12 WARNING keystone.identity.core [None req-c804a488-898a-429d-b74e-f9842262a0e9 - - - - - -] Invalid domain name (atmosphere) found in config file name: keystone.exception.DomainNotFound: Could not find domain: atmosphere.
[Sat May 16 09:33:59.183047 2026] [wsgi:error] [pid 12:tid 139773513516736] [remote 10.0.0.127:41528] 2026-05-16 09:33:59.182 12 WARNING keystone.common.password_hashing [None req-c804a488-898a-429d-b74e-f9842262a0e9 - - - - - -] Truncating password to algorithm specific maximum length 72 characters.
[Sat May 16 09:33:59.473875 2026] [wsgi:error] [pid 12:tid 139773513516736] [remote 10.0.0.127:41528] 2026-05-16 09:33:59.473 12 WARNING keystone.common.fernet_utils [None req-c804a488-898a-429d-b74e-f9842262a0e9 - - - - - -] key_repository is world readable: /etc/keystone/fernet-keys/ 10.0.0.127 - - [16/May/2026:09:33:58 +0000] "POST /v3/auth/tokens HTTP/1.1" 201 1360
[Sat May 16 09:33:59.826522 2026] [wsgi:error] [pid 10:tid 139773513516736] [remote 10.0.0.127:41528] 2026-05-16 09:33:59.823 10 WARNING keystone.identity.core [None req-73e89565-3704-4935-82d5-95120d93f60f - - - - - -] Invalid domain name (atmosphere) found in config file name: keystone.exception.DomainNotFound: Could not find domain: atmosphere. 10.0.0.127 - - [16/May/2026:09:33:59 +0000] "POST /v3/domains HTTP/1.1" 201 261 10.0.0.26 - - [16/May/2026:09:34:11 +0000] "GET / HTTP/1.1" 300 295
[Sat May 16 09:34:11.779058 2026] [wsgi:error] [pid 9:tid 139773513516736] [remote 10.0.0.26:59536] 2026-05-16 09:34:11.778 9 WARNING keystone.common.password_hashing [None req-041ed304-bf69-4ec6-a5bf-1288c8bd3967 - - - - - -] Truncating password to algorithm specific maximum length 72 characters.
[Sat May 16 09:34:12.072934 2026] [wsgi:error] [pid 9:tid 139773513516736] [remote 10.0.0.26:59536] 2026-05-16 09:34:12.072 9 WARNING keystone.common.fernet_utils [None req-041ed304-bf69-4ec6-a5bf-1288c8bd3967 - - - - - -] key_repository is world readable: /etc/keystone/fernet-keys/ 10.0.0.26 - - [16/May/2026:09:34:11 +0000] "POST /v3/auth/tokens HTTP/1.1" 201 1360 10.0.0.26 - - [16/May/2026:09:34:12 +0000] "GET /v3/roles/admin HTTP/1.1" 404 83
[Sat May 16 09:34:12.800224 2026] [wsgi:error] [pid 12:tid 139773513516736] [remote 10.0.0.26:59536] 2026-05-16 09:34:12.799 12 WARNING keystone.common.rbac_enforcer.enforcer [None req-ef0a02c0-e4c9-419b-bde5-747ec5403ce6 842180ec3fcc4ba4ab487a8bdf6ebc85 42d30fb396a94284a49d10035682b23a - - default default] Deprecated policy rules found. Use oslopolicy-policy-generator and oslopolicy-policy-upgrade to detect and resolve deprecated policies in your configuration. 10.0.0.26 - - [16/May/2026:09:34:12 +0000] "GET /v3/roles?name=admin HTTP/1.1" 200 389
[Sat May 16 09:34:12.989009 2026] [wsgi:error] [pid 10:tid 139773513516736] [remote 10.0.0.26:59536] 2026-05-16 09:34:12.988 10 WARNING keystone.common.rbac_enforcer.enforcer [None req-0f9d5723-1d83-4901-a545-f249dad90493 842180ec3fcc4ba4ab487a8bdf6ebc85 42d30fb396a94284a49d10035682b23a - - default default] Deprecated policy rules found. Use oslopolicy-policy-generator and oslopolicy-policy-upgrade to detect and resolve deprecated policies in your configuration. 10.0.0.26 - - [16/May/2026:09:34:12 +0000] "GET /v3/users/admin-RegionOne HTTP/1.1" 404 93
[Sat May 16 09:34:13.188126 2026] [wsgi:error] [pid 9:tid 139773513516736] [remote 10.0.0.26:59536] 2026-05-16 09:34:13.187 9 WARNING keystone.common.rbac_enforcer.enforcer [None req-9f958177-567f-454c-9c15-02de0a88eb12 842180ec3fcc4ba4ab487a8bdf6ebc85 42d30fb396a94284a49d10035682b23a - - default default] Deprecated policy rules found. Use oslopolicy-policy-generator and oslopolicy-policy-upgrade to detect and resolve deprecated policies in your configuration. 10.0.0.26 - - [16/May/2026:09:34:13 +0000] "GET /v3/users?name=admin-RegionOne HTTP/1.1" 200 422
[Sat May 16 09:34:13.258115 2026] [wsgi:error] [pid 11:tid 139773513516736] [remote 10.0.0.26:59536] 2026-05-16 09:34:13.257 11 WARNING keystone.common.rbac_enforcer.enforcer [None req-ea3b5719-3d29-4b66-9837-49096f7037a5 842180ec3fcc4ba4ab487a8bdf6ebc85 42d30fb396a94284a49d10035682b23a - - default default] Deprecated policy rules found. Use oslopolicy-policy-generator and oslopolicy-policy-upgrade to detect and resolve deprecated policies in your configuration. 10.0.0.26 - - [16/May/2026:09:34:13 +0000] "GET /v3/domains/default HTTP/1.1" 200 224 10.0.0.26 - - [16/May/2026:09:34:13 +0000] "PUT /v3/domains/default/users/842180ec3fcc4ba4ab487a8bdf6ebc85/roles/bca3c5b5af264edead089bd6f526475d HTTP/1.1" 204 - 10.0.0.72 - - [16/May/2026:09:34:23 +0000] "GET / HTTP/1.1" 300 281 10.0.0.72 - - [16/May/2026:09:34:25 +0000] "GET /v3 HTTP/1.1" 200 266
[Sat May 16 09:34:25.503986 2026] [wsgi:error] [pid 11:tid 139773513516736] [remote 10.0.0.72:39476] 2026-05-16 09:34:25.503 11 WARNING keystone.common.password_hashing [None req-539290a6-f0e3-482c-889f-05eb979a14e7 - - - - - -] Truncating password to algorithm specific maximum length 72 characters.
[Sat May 16 09:34:25.789855 2026] [wsgi:error] [pid 11:tid 139773513516736] [remote 10.0.0.72:39476] 2026-05-16 09:34:25.789 11 WARNING keystone.common.fernet_utils [None req-539290a6-f0e3-482c-889f-05eb979a14e7 - - - - - -] key_repository is world readable: /etc/keystone/fernet-keys/ 10.0.0.72 - - [16/May/2026:09:34:25 +0000] "POST /v3/auth/tokens HTTP/1.1" 201 1360 10.0.0.72 - - [16/May/2026:09:34:25 +0000] "GET / HTTP/1.1" 300 281 10.0.0.72 - - [16/May/2026:09:34:25 +0000] "GET /v3/domains/atmosphere HTTP/1.1" 404 90 10.0.0.72 - - [16/May/2026:09:34:25 +0000] "GET /v3/domains?name=atmosphere HTTP/1.1" 200 370 10.0.0.72 - - [16/May/2026:09:34:25 +0000] "GET /v3/domains/cf9fd1d763c3430e8fa8b5042e2e73a2 HTTP/1.1" 200 247 10.0.0.72 - - [16/May/2026:09:34:26 +0000] "GET /v3 HTTP/1.1" 200 266
[Sat May 16 09:34:26.825878 2026] [wsgi:error] [pid 10:tid 139773513516736] [remote 10.0.0.72:39474] 2026-05-16 09:34:26.825 10 WARNING keystone.common.password_hashing [None req-121d0fb5-6872-4c07-96c2-729b821dc00a - - - - - -] Truncating password to algorithm specific maximum length 72 characters.
[Sat May 16 09:34:27.110325 2026] [wsgi:error] [pid 10:tid 139773513516736] [remote 10.0.0.72:39474] 2026-05-16 09:34:27.110 10 WARNING keystone.common.fernet_utils [None req-121d0fb5-6872-4c07-96c2-729b821dc00a - - - - - -] key_repository is world readable: /etc/keystone/fernet-keys/ 10.0.0.72 - - [16/May/2026:09:34:26 +0000] "POST /v3/auth/tokens HTTP/1.1" 201 1360 10.0.0.72 - - [16/May/2026:09:34:27 +0000] "GET / HTTP/1.1" 300 281 10.0.0.72 - - [16/May/2026:09:34:27 +0000] "GET /v3/OS-FEDERATION/identity_providers/atmosphere HTTP/1.1" 404 101 10.0.0.72 - - [16/May/2026:09:34:27 +0000] "GET /v3/OS-FEDERATION/identity_providers HTTP/1.1" 200 156 10.0.0.72 - - [16/May/2026:09:34:27 +0000] "PUT /v3/OS-FEDERATION/identity_providers/atmosphere HTTP/1.1" 201 342 10.0.0.72 - - [16/May/2026:09:34:27 +0000] "GET /v3 HTTP/1.1" 200 266
[Sat May 16 09:34:27.964840 2026] [wsgi:error] [pid 11:tid 139773513516736] [remote 10.0.0.72:39474] 2026-05-16 09:34:27.964 11 WARNING keystone.common.password_hashing [None req-1ea722b9-1ed3-44c0-9f58-c29fc0ee598d - - - - - -] Truncating password to algorithm specific maximum length 72 characters.
[Sat May 16 09:34:28.251202 2026] [wsgi:error] [pid 11:tid 139773513516736] [remote 10.0.0.72:39474] 2026-05-16 09:34:28.250 11 WARNING keystone.common.fernet_utils [None req-1ea722b9-1ed3-44c0-9f58-c29fc0ee598d - - - - - -] key_repository is world readable: /etc/keystone/fernet-keys/ 10.0.0.72 - - [16/May/2026:09:34:27 +0000] "POST /v3/auth/tokens HTTP/1.1" 201 1360 10.0.0.72 - - [16/May/2026:09:34:28 +0000] "GET / HTTP/1.1" 300 281 10.0.0.72 - - [16/May/2026:09:34:28 +0000] "GET /v3/OS-FEDERATION/mappings/atmosphere-openid HTTP/1.1" 404 98 10.0.0.72 - - [16/May/2026:09:34:28 +0000] "GET /v3/OS-FEDERATION/mappings HTTP/1.1" 200 136 10.0.0.72 - - [16/May/2026:09:34:28 +0000] "PUT /v3/OS-FEDERATION/mappings/atmosphere-openid HTTP/1.1" 201 357 10.0.0.72 - - [16/May/2026:09:34:29 +0000] "GET /v3 HTTP/1.1" 200 266
[Sat May 16 09:34:29.129167 2026] [wsgi:error] [pid 10:tid 139773513516736] [remote 10.0.0.72:39474] 2026-05-16 09:34:29.128 10 WARNING keystone.common.password_hashing [None req-561363c7-a37b-41f4-8e3e-91e3fe1ca037 - - - - - -] Truncating password to algorithm specific maximum length 72 characters.
[Sat May 16 09:34:29.406639 2026] [wsgi:error] [pid 10:tid 139773513516736] [remote 10.0.0.72:39474] 2026-05-16 09:34:29.406 10 WARNING keystone.common.fernet_utils [None req-561363c7-a37b-41f4-8e3e-91e3fe1ca037 - - - - - -] key_repository is world readable: /etc/keystone/fernet-keys/ 10.0.0.72 - - [16/May/2026:09:34:29 +0000] "POST /v3/auth/tokens HTTP/1.1" 201 1360 10.0.0.72 - - [16/May/2026:09:34:29 +0000] "GET / HTTP/1.1" 300 281 10.0.0.72 - - [16/May/2026:09:34:29 +0000] "GET /v3/OS-FEDERATION/identity_providers/atmosphere/protocols/openid?idp_id=atmosphere HTTP/1.1" 404 131 10.0.0.72 - - [16/May/2026:09:34:29 +0000] "GET /v3/OS-FEDERATION/identity_providers/atmosphere/protocols HTTP/1.1" 200 168 10.0.0.72 - - [16/May/2026:09:34:29 +0000] "PUT /v3/OS-FEDERATION/identity_providers/atmosphere/protocols/openid HTTP/1.1" 201 224 10.0.0.72 - - [16/May/2026:09:34:40 +0000] "GET /v3/ HTTP/1.1" 200 249 10.0.0.72 - - [16/May/2026:09:34:40 +0000] "GET /v3/ HTTP/1.1" 200 249 10.0.0.72 - - [16/May/2026:09:35:40 +0000] "GET /v3/ HTTP/1.1" 200 249 10.0.0.72 - - [16/May/2026:09:35:40 +0000] "GET /v3/ HTTP/1.1" 200 249 10.0.0.209 - - [16/May/2026:09:35:54 +0000] "GET / HTTP/1.1" 300 295
[Sat May 16 09:35:54.196648 2026] [wsgi:error] [pid 11:tid 139773513516736] [remote 10.0.0.209:38800] 2026-05-16 09:35:54.196 11 WARNING keystone.common.password_hashing [None req-87488f3c-ff70-493e-ac1c-a00a1259d6e6 - - - - - -] Truncating password to algorithm specific maximum length 72 characters.
[Sat May 16 09:35:54.470307 2026] [wsgi:error] [pid 11:tid 139773513516736] [remote 10.0.0.209:38800] 2026-05-16 09:35:54.470 11 WARNING keystone.common.fernet_utils [None req-87488f3c-ff70-493e-ac1c-a00a1259d6e6 - - - - - -] key_repository is world readable: /etc/keystone/fernet-keys/ 10.0.0.209 - - [16/May/2026:09:35:54 +0000] "POST /v3/auth/tokens HTTP/1.1" 201 1360 10.0.0.209 - - [16/May/2026:09:35:54 +0000] "GET /v3/services HTTP/1.1" 200 355 10.0.0.209 - - [16/May/2026:09:35:58 +0000] "GET / HTTP/1.1" 300 295
[Sat May 16 09:35:58.040138 2026] [wsgi:error] [pid 9:tid 139773513516736] [remote 10.0.0.209:57856] 2026-05-16 09:35:58.039 9 WARNING keystone.common.password_hashing [None req-60c30a77-866a-4d83-8751-f3ce4bba3ff9 - - - - - -] Truncating password to algorithm specific maximum length 72 characters.
[Sat May 16 09:35:58.320694 2026] [wsgi:error] [pid 9:tid 139773513516736] [remote 10.0.0.209:57856] 2026-05-16 09:35:58.320 9 WARNING keystone.common.fernet_utils [None req-60c30a77-866a-4d83-8751-f3ce4bba3ff9 - - - - - -] key_repository is world readable: /etc/keystone/fernet-keys/ 10.0.0.209 - - [16/May/2026:09:35:58 +0000] "POST /v3/auth/tokens HTTP/1.1" 201 1360 10.0.0.209 - - [16/May/2026:09:35:58 +0000] "GET /v3/services HTTP/1.1" 200 355 10.0.0.209 - - [16/May/2026:09:36:01 +0000] "GET / HTTP/1.1" 300 295
[Sat May 16 09:36:01.904417 2026] [wsgi:error] [pid 10:tid 139773513516736] [remote 10.0.0.209:57870] 2026-05-16 09:36:01.904 10 WARNING keystone.common.password_hashing [None req-f320b738-4c52-479a-b95b-684ca3731ddb - - - - - -] Truncating password to algorithm specific maximum length 72 characters.
[Sat May 16 09:36:02.185051 2026] [wsgi:error] [pid 10:tid 139773513516736] [remote 10.0.0.209:57870] 2026-05-16 09:36:02.184 10 WARNING keystone.common.fernet_utils [None req-f320b738-4c52-479a-b95b-684ca3731ddb - - - - - -] key_repository is world readable: /etc/keystone/fernet-keys/ 10.0.0.209 - - [16/May/2026:09:36:01 +0000] "POST /v3/auth/tokens HTTP/1.1" 201 1360 10.0.0.209 - - [16/May/2026:09:36:02 +0000] "GET /v3/services HTTP/1.1" 200 355 10.0.0.209 - - [16/May/2026:09:36:05 +0000] "GET / HTTP/1.1" 300 295
[Sat May 16 09:36:05.714987 2026] [wsgi:error] [pid 12:tid 139773513516736] [remote 10.0.0.209:60688] 2026-05-16 09:36:05.714 12 WARNING keystone.common.password_hashing [None req-c64d289a-cfc0-4ecf-8215-0efa883d6b29 - - - - - -] Truncating password to algorithm specific maximum length 72 characters.
[Sat May 16 09:36:06.000017 2026] [wsgi:error] [pid 12:tid 139773513516736] [remote 10.0.0.209:60688] 2026-05-16 09:36:05.999 12 WARNING keystone.common.fernet_utils [None req-c64d289a-cfc0-4ecf-8215-0efa883d6b29 - - - - - -] key_repository is world readable: /etc/keystone/fernet-keys/ 10.0.0.209 - - [16/May/2026:09:36:05 +0000] "POST /v3/auth/tokens HTTP/1.1" 201 1360 10.0.0.209 - - [16/May/2026:09:36:06 +0000] "POST /v3/services HTTP/1.1" 201 296 10.0.0.213 - - [16/May/2026:09:36:17 +0000] "GET / HTTP/1.1" 300 295
[Sat May 16 09:36:17.671490 2026] [wsgi:error] [pid 11:tid 139773513516736] [remote 10.0.0.213:42382] 2026-05-16 09:36:17.671 11 WARNING keystone.common.password_hashing [None req-4a980664-381e-47e3-8b18-cb8ef2905c99 - - - - - -] Truncating password to algorithm specific maximum length 72 characters. 10.0.0.213 - - [16/May/2026:09:36:17 +0000] "GET / HTTP/1.1" 300 295
[Sat May 16 09:36:17.731759 2026] [wsgi:error] [pid 10:tid 139773513516736] [remote 10.0.0.213:42392] 2026-05-16 09:36:17.731 10 WARNING keystone.common.password_hashing [None req-439752de-80a3-4503-98fb-25c62f7c831a - - - - - -] Truncating password to algorithm specific maximum length 72 characters. 10.0.0.213 - - [16/May/2026:09:36:17 +0000] "GET / HTTP/1.1" 300 295
[Sat May 16 09:36:17.764375 2026] [wsgi:error] [pid 12:tid 139773513516736] [remote 10.0.0.213:42394] 2026-05-16 09:36:17.764 12 WARNING keystone.common.password_hashing [None req-8c0bf62f-2d58-437d-94e9-7780ccc584ac - - - - - -] Truncating password to algorithm specific maximum length 72 characters.
[Sat May 16 09:36:17.977961 2026] [wsgi:error] [pid 11:tid 139773513516736] [remote 10.0.0.213:42382] 2026-05-16 09:36:17.977 11 WARNING keystone.common.fernet_utils [None req-4a980664-381e-47e3-8b18-cb8ef2905c99 - - - - - -] key_repository is world readable: /etc/keystone/fernet-keys/ 10.0.0.213 - - [16/May/2026:09:36:17 +0000] "POST /v3/auth/tokens HTTP/1.1" 201 1464
[Sat May 16 09:36:18.027480 2026] [wsgi:error] [pid 10:tid 139773513516736] [remote 10.0.0.213:42392] 2026-05-16 09:36:18.027 10 WARNING keystone.common.fernet_utils [None req-439752de-80a3-4503-98fb-25c62f7c831a - - - - - -] key_repository is world readable: /etc/keystone/fernet-keys/ 10.0.0.213 - - [16/May/2026:09:36:17 +0000] "POST /v3/auth/tokens HTTP/1.1" 201 1464
[Sat May 16 09:36:18.063143 2026] [wsgi:error] [pid 12:tid 139773513516736] [remote 10.0.0.213:42394] 2026-05-16 09:36:18.062 12 WARNING keystone.common.fernet_utils [None req-8c0bf62f-2d58-437d-94e9-7780ccc584ac - - - - - -] key_repository is world readable: /etc/keystone/fernet-keys/ 10.0.0.213 - - [16/May/2026:09:36:17 +0000] "POST /v3/auth/tokens HTTP/1.1" 201 1464 10.0.0.213 - - [16/May/2026:09:36:18 +0000] "GET /v3/services HTTP/1.1" 200 639 10.0.0.213 - - [16/May/2026:09:36:18 +0000] "GET /v3/services HTTP/1.1" 200 639 10.0.0.213 - - [16/May/2026:09:36:18 +0000] "GET /v3/services HTTP/1.1" 200 639 10.0.0.213 - - [16/May/2026:09:36:19 +0000] "GET / HTTP/1.1" 300 295
[Sat May 16 09:36:19.607001 2026] [wsgi:error] [pid 9:tid 139773513516736] [remote 10.0.0.213:42398] 2026-05-16 09:36:19.606 9 WARNING keystone.common.password_hashing [None req-28157dc2-0504-49ec-92cf-21dc748d0d0e - - - - - -] Truncating password to algorithm specific maximum length 72 characters. 10.0.0.213 - - [16/May/2026:09:36:19 +0000] "GET / HTTP/1.1" 300 295 10.0.0.213 - - [16/May/2026:09:36:19 +0000] "GET / HTTP/1.1" 300 295
[Sat May 16 09:36:19.674625 2026] [wsgi:error] [pid 10:tid 139773513516736] [remote 10.0.0.213:42412] 2026-05-16 09:36:19.674 10 WARNING keystone.common.password_hashing [None req-18c8cb90-ed88-4e1c-8137-0c602f90522e - - - - - -] Truncating password to algorithm specific maximum length 72 characters.
[Sat May 16 09:36:19.686562 2026] [wsgi:error] [pid 11:tid 139773513516736] [remote 10.0.0.213:42422] 2026-05-16 09:36:19.686 11 WARNING keystone.common.password_hashing [None req-738b6627-e8fa-40d5-a3ab-ee3f0f07e980 - - - - - -] Truncating password to algorithm specific maximum length 72 characters.
[Sat May 16 09:36:19.893832 2026] [wsgi:error] [pid 9:tid 139773513516736] [remote 10.0.0.213:42398] 2026-05-16 09:36:19.893 9 WARNING keystone.common.fernet_utils [None req-28157dc2-0504-49ec-92cf-21dc748d0d0e - - - - - -] key_repository is world readable: /etc/keystone/fernet-keys/ 10.0.0.213 - - [16/May/2026:09:36:19 +0000] "POST /v3/auth/tokens HTTP/1.1" 201 1464
[Sat May 16 09:36:19.957159 2026] [wsgi:error] [pid 10:tid 139773513516736] [remote 10.0.0.213:42412] 2026-05-16 09:36:19.956 10 WARNING keystone.common.fernet_utils [None req-18c8cb90-ed88-4e1c-8137-0c602f90522e - - - - - -] key_repository is world readable: /etc/keystone/fernet-keys/ 10.0.0.213 - - [16/May/2026:09:36:19 +0000] "POST /v3/auth/tokens HTTP/1.1" 201 1464
[Sat May 16 09:36:19.973242 2026] [wsgi:error] [pid 11:tid 139773513516736] [remote 10.0.0.213:42422] 2026-05-16 09:36:19.973 11 WARNING keystone.common.fernet_utils [None req-738b6627-e8fa-40d5-a3ab-ee3f0f07e980 - - - - - -] key_repository is world readable: /etc/keystone/fernet-keys/ 10.0.0.213 - - [16/May/2026:09:36:19 +0000] "POST /v3/auth/tokens HTTP/1.1" 201 1464 10.0.0.213 - - [16/May/2026:09:36:20 +0000] "GET /v3/endpoints HTTP/1.1" 200 1227 10.0.0.213 - - [16/May/2026:09:36:20 +0000] "GET /v3/services/2b243ab8549e4d38bbf2072c92a1dccb HTTP/1.1" 200 233 10.0.0.213 - - [16/May/2026:09:36:20 +0000] "GET /v3/services/2b243ab8549e4d38bbf2072c92a1dccb HTTP/1.1" 200 233 10.0.0.213 - - [16/May/2026:09:36:20 +0000] "GET /v3/endpoints HTTP/1.1" 200 1227 10.0.0.213 - - [16/May/2026:09:36:20 +0000] "GET /v3/services/2b243ab8549e4d38bbf2072c92a1dccb HTTP/1.1" 200 233 10.0.0.213 - - [16/May/2026:09:36:20 +0000] "GET /v3/endpoints HTTP/1.1" 200 1227 10.0.0.213 - - [16/May/2026:09:36:20 +0000] "GET /v3/services/2b243ab8549e4d38bbf2072c92a1dccb HTTP/1.1" 200 233 10.0.0.213 - - [16/May/2026:09:36:20 +0000] "GET /v3/services/2b243ab8549e4d38bbf2072c92a1dccb HTTP/1.1" 200 233 10.0.0.213 - - [16/May/2026:09:36:20 +0000] "GET /v3/services/2b243ab8549e4d38bbf2072c92a1dccb HTTP/1.1" 200 233 10.0.0.213 - - [16/May/2026:09:36:20 +0000] "GET /v3/services/2b243ab8549e4d38bbf2072c92a1dccb HTTP/1.1" 200 233 10.0.0.213 - - [16/May/2026:09:36:20 +0000] "GET /v3/services/2b243ab8549e4d38bbf2072c92a1dccb HTTP/1.1" 200 233 10.0.0.213 - - [16/May/2026:09:36:20 +0000] "GET /v3/services/2b243ab8549e4d38bbf2072c92a1dccb HTTP/1.1" 200 233 10.0.0.213 - - [16/May/2026:09:36:21 +0000] "GET / HTTP/1.1" 300 295
[Sat May 16 09:36:21.523154 2026] [wsgi:error] [pid 12:tid 139773513516736] [remote 10.0.0.213:42424] 2026-05-16 09:36:21.522 12 WARNING keystone.common.password_hashing [None req-edeba725-c1ae-406b-9720-060bda964efd - - - - - -] Truncating password to algorithm specific maximum length 72 characters. 10.0.0.213 - - [16/May/2026:09:36:21 +0000] "GET / HTTP/1.1" 300 295 10.0.0.213 - - [16/May/2026:09:36:21 +0000] "GET / HTTP/1.1" 300 295
[Sat May 16 09:36:21.550659 2026] [wsgi:error] [pid 11:tid 139773513516736] [remote 10.0.0.213:42428] 2026-05-16 09:36:21.550 11 WARNING keystone.common.password_hashing [None req-45506f33-1094-44ef-9447-a235044bf532 - - - - - -] Truncating password to algorithm specific maximum length 72 characters.
[Sat May 16 09:36:21.552125 2026] [wsgi:error] [pid 10:tid 139773513516736] [remote 10.0.0.213:42432] 2026-05-16 09:36:21.551 10 WARNING keystone.common.password_hashing [None req-e82f03d6-2dd8-4622-9ee8-e03a318c748c - - - - - -] Truncating password to algorithm specific maximum length 72 characters.
[Sat May 16 09:36:21.800561 2026] [wsgi:error] [pid 12:tid 139773513516736] [remote 10.0.0.213:42424] 2026-05-16 09:36:21.800 12 WARNING keystone.common.fernet_utils [None req-edeba725-c1ae-406b-9720-060bda964efd - - - - - -] key_repository is world readable: /etc/keystone/fernet-keys/ 10.0.0.213 - - [16/May/2026:09:36:21 +0000] "POST /v3/auth/tokens HTTP/1.1" 201 1464
[Sat May 16 09:36:21.821273 2026] [wsgi:error] [pid 11:tid 139773513516736] [remote 10.0.0.213:42428] 2026-05-16 09:36:21.821 11 WARNING keystone.common.fernet_utils [None req-45506f33-1094-44ef-9447-a235044bf532 - - - - - -] key_repository is world readable: /etc/keystone/fernet-keys/ 10.0.0.213 - - [16/May/2026:09:36:21 +0000] "POST /v3/auth/tokens HTTP/1.1" 201 1464
[Sat May 16 09:36:21.854389 2026] [wsgi:error] [pid 10:tid 139773513516736] [remote 10.0.0.213:42432] 2026-05-16 09:36:21.854 10 WARNING keystone.common.fernet_utils [None req-e82f03d6-2dd8-4622-9ee8-e03a318c748c - - - - - -] key_repository is world readable: /etc/keystone/fernet-keys/ 10.0.0.213 - - [16/May/2026:09:36:21 +0000] "POST /v3/auth/tokens HTTP/1.1" 201 1464 10.0.0.213 - - [16/May/2026:09:36:21 +0000] "GET /v3/services/d76fbc09bbc74dffb1239a65b2bc22da HTTP/1.1" 200 296 10.0.0.213 - - [16/May/2026:09:36:21 +0000] "GET /v3/services/d76fbc09bbc74dffb1239a65b2bc22da HTTP/1.1" 200 296 10.0.0.213 - - [16/May/2026:09:36:21 +0000] "GET /v3/regions/RegionOne HTTP/1.1" 200 173 10.0.0.213 - - [16/May/2026:09:36:21 +0000] "GET /v3/regions/RegionOne HTTP/1.1" 200 173 10.0.0.213 - - [16/May/2026:09:36:21 +0000] "GET /v3/services/d76fbc09bbc74dffb1239a65b2bc22da HTTP/1.1" 200 296 10.0.0.213 - - [16/May/2026:09:36:21 +0000] "GET /v3/regions/RegionOne HTTP/1.1" 200 173 10.0.0.213 - - [16/May/2026:09:36:22 +0000] "POST /v3/endpoints HTTP/1.1" 201 370 10.0.0.213 - - [16/May/2026:09:36:21 +0000] "POST /v3/endpoints HTTP/1.1" 201 383 10.0.0.213 - - [16/May/2026:09:36:21 +0000] "POST /v3/endpoints HTTP/1.1" 201 380 10.0.0.213 - - [16/May/2026:09:36:23 +0000] "GET / HTTP/1.1" 300 295
[Sat May 16 09:36:23.440011 2026] [wsgi:error] [pid 12:tid 139773513516736] [remote 10.0.0.213:42440] 2026-05-16 09:36:23.439 12 WARNING keystone.common.password_hashing [None req-9cc010f0-7f3f-4245-9abd-921ff6afa5e8 - - - - - -] Truncating password to algorithm specific maximum length 72 characters. 10.0.0.213 - - [16/May/2026:09:36:23 +0000] "GET / HTTP/1.1" 300 295 10.0.0.213 - - [16/May/2026:09:36:23 +0000] "GET / HTTP/1.1" 300 295
[Sat May 16 09:36:23.533695 2026] [wsgi:error] [pid 9:tid 139773513516736] [remote 10.0.0.213:42452] 2026-05-16 09:36:23.533 9 WARNING keystone.common.password_hashing [None req-2efedf13-ea4e-4f98-8d84-5153c999f626 - - - - - -] Truncating password to algorithm specific maximum length 72 characters.
[Sat May 16 09:36:23.567358 2026] [wsgi:error] [pid 11:tid 139773513516736] [remote 10.0.0.213:42458] 2026-05-16 09:36:23.566 11 WARNING keystone.common.password_hashing [None req-ba77a29c-63c9-4aec-9e25-3d5bed6294e9 - - - - - -] Truncating password to algorithm specific maximum length 72 characters.
[Sat May 16 09:36:23.713246 2026] [wsgi:error] [pid 12:tid 139773513516736] [remote 10.0.0.213:42440] 2026-05-16 09:36:23.713 12 WARNING keystone.common.fernet_utils [None req-9cc010f0-7f3f-4245-9abd-921ff6afa5e8 - - - - - -] key_repository is world readable: /etc/keystone/fernet-keys/ 10.0.0.213 - - [16/May/2026:09:36:23 +0000] "POST /v3/auth/tokens HTTP/1.1" 201 1992
[Sat May 16 09:36:23.826235 2026] [wsgi:error] [pid 9:tid 139773513516736] [remote 10.0.0.213:42452] 2026-05-16 09:36:23.826 9 WARNING keystone.common.fernet_utils [None req-2efedf13-ea4e-4f98-8d84-5153c999f626 - - - - - -] key_repository is world readable: /etc/keystone/fernet-keys/ 10.0.0.213 - - [16/May/2026:09:36:23 +0000] "POST /v3/auth/tokens HTTP/1.1" 201 1992
[Sat May 16 09:36:23.845425 2026] [wsgi:error] [pid 11:tid 139773513516736] [remote 10.0.0.213:42458] 2026-05-16 09:36:23.845 11 WARNING keystone.common.fernet_utils [None req-ba77a29c-63c9-4aec-9e25-3d5bed6294e9 - - - - - -] key_repository is world readable: /etc/keystone/fernet-keys/ 10.0.0.213 - - [16/May/2026:09:36:23 +0000] "POST /v3/auth/tokens HTTP/1.1" 201 1992 10.0.0.213 - - [16/May/2026:09:36:23 +0000] "GET /v3/endpoints/c97c640b4322467582911f2c10d621d5 HTTP/1.1" 200 370 10.0.0.213 - - [16/May/2026:09:36:23 +0000] "GET /v3/services/d76fbc09bbc74dffb1239a65b2bc22da HTTP/1.1" 200 296 10.0.0.213 - - [16/May/2026:09:36:23 +0000] "GET /v3/endpoints/d60ec2fc8afb4b74bb8b847b07102f5b HTTP/1.1" 200 380 10.0.0.213 - - [16/May/2026:09:36:23 +0000] "GET /v3/services/d76fbc09bbc74dffb1239a65b2bc22da HTTP/1.1" 200 296 10.0.0.213 - - [16/May/2026:09:36:23 +0000] "GET /v3/endpoints/e96a314c3e234973a6790aecbd1d9ef4 HTTP/1.1" 200 383 10.0.0.213 - - [16/May/2026:09:36:23 +0000] "GET /v3/services/d76fbc09bbc74dffb1239a65b2bc22da HTTP/1.1" 200 296 10.0.0.59 - - [16/May/2026:09:36:35 +0000] "GET / HTTP/1.1" 300 295
[Sat May 16 09:36:35.588313 2026] [wsgi:error] [pid 10:tid 139773513516736] [remote 10.0.0.59:41366] 2026-05-16 09:36:35.588 10 WARNING keystone.common.password_hashing [None req-759f4a96-53f5-44fa-b42f-e3e32a032c5a - - - - - -] Truncating password to algorithm specific maximum length 72 characters.
[Sat May 16 09:36:35.873967 2026] [wsgi:error] [pid 10:tid 139773513516736] [remote 10.0.0.59:41366] 2026-05-16 09:36:35.873 10 WARNING keystone.common.fernet_utils [None req-759f4a96-53f5-44fa-b42f-e3e32a032c5a - - - - - -] key_repository is world readable: /etc/keystone/fernet-keys/ 10.0.0.59 - - [16/May/2026:09:36:35 +0000] "POST /v3/auth/tokens HTTP/1.1" 201 1992 10.0.0.59 - - [16/May/2026:09:36:36 +0000] "POST /v3/domains HTTP/1.1" 201 284 10.0.0.59 - - [16/May/2026:09:36:37 +0000] "GET / HTTP/1.1" 300 295
[Sat May 16 09:36:37.583033 2026] [wsgi:error] [pid 9:tid 139773513516736] [remote 10.0.0.59:41374] 2026-05-16 09:36:37.582 9 WARNING keystone.common.password_hashing [None req-8c064366-8d11-4b14-878f-f765622d7c3d - - - - - -] Truncating password to algorithm specific maximum length 72 characters.
[Sat May 16 09:36:37.875270 2026] [wsgi:error] [pid 9:tid 139773513516736] [remote 10.0.0.59:41374] 2026-05-16 09:36:37.875 9 WARNING keystone.common.fernet_utils [None req-8c064366-8d11-4b14-878f-f765622d7c3d - - - - - -] key_repository is world readable: /etc/keystone/fernet-keys/ 10.0.0.59 - - [16/May/2026:09:36:37 +0000] "POST /v3/auth/tokens HTTP/1.1" 201 1992
[Sat May 16 09:36:38.100976 2026] [wsgi:error] [pid 10:tid 139773513516736] [remote 10.0.0.59:41374] 2026-05-16 09:36:38.082 10 ERROR keystone.server.flask.application [None req-f09a55dc-6e56-4258-bbab-6a17be781468 842180ec3fcc4ba4ab487a8bdf6ebc85 42d30fb396a94284a49d10035682b23a - - default default] Conflict occurred attempting to store project - it is not permitted to have two projects acting as domains with the same name: service.: keystone.exception.Conflict: Conflict occurred attempting to store project - it is not permitted to have two projects acting as domains with the same name: service.
[Sat May 16 09:36:38.101011 2026] [wsgi:error] [pid 10:tid 139773513516736] [remote 10.0.0.59:41374] 2026-05-16 09:36:38.082 10 ERROR keystone.server.flask.application
Traceback (most recent call last):
[Sat May 16 09:36:38.101013 2026] [wsgi:error] [pid 10:tid 139773513516736] [remote 10.0.0.59:41374] 2026-05-16 09:36:38.082 10 ERROR keystone.server.flask.application
File "/var/lib/openstack/lib/python3.12/site-packages/sqlalchemy/engine/base.py", line 1967, in _exec_single_context
[Sat May 16 09:36:38.101015 2026] [wsgi:error] [pid 10:tid 139773513516736] [remote 10.0.0.59:41374] 2026-05-16 09:36:38.082 10 ERROR keystone.server.flask.application self.dialect.do_execute(
[Sat May 16 09:36:38.101017 2026] [wsgi:error] [pid 10:tid 139773513516736] [remote 10.0.0.59:41374] 2026-05-16 09:36:38.082 10 ERROR keystone.server.flask.application
File "/var/lib/openstack/lib/python3.12/site-packages/sqlalchemy/engine/default.py", line 952, in do_execute
[Sat May 16 09:36:38.101019 2026] [wsgi:error] [pid 10:tid 139773513516736] [remote 10.0.0.59:41374] 2026-05-16 09:36:38.082 10 ERROR keystone.server.flask.application cursor.execute(statement, parameters)
[Sat May 16 09:36:38.101020 2026] [wsgi:error] [pid 10:tid 139773513516736] [remote 10.0.0.59:41374] 2026-05-16 09:36:38.082 10 ERROR keystone.server.flask.application
File "/var/lib/openstack/lib/python3.12/site-packages/pymysql/cursors.py", line 157, in execute
[Sat May 16 09:36:38.101022 2026] [wsgi:error] [pid 10:tid 139773513516736] [remote 10.0.0.59:41374] 2026-05-16 09:36:38.082 10 ERROR keystone.server.flask.application result = self._query(query)
[Sat May 16 09:36:38.101023 2026] [wsgi:error] [pid 10:tid 139773513516736] [remote 10.0.0.59:41374] 2026-05-16 09:36:38.082 10 ERROR keystone.server.flask.application ^^^^^^^^^^^^^^^^^^
[Sat May 16 09:36:38.101025 2026] [wsgi:error] [pid 10:tid 139773513516736] [remote 10.0.0.59:41374] 2026-05-16 09:36:38.082 10 ERROR keystone.server.flask.application
File "/var/lib/openstack/lib/python3.12/site-packages/pymysql/cursors.py", line 328, in _query
[Sat May 16 09:36:38.101027 2026] [wsgi:error] [pid 10:tid 139773513516736] [remote 10.0.0.59:41374] 2026-05-16 09:36:38.082 10 ERROR keystone.server.flask.application conn.query(q)
[Sat May 16 09:36:38.101028 2026] [wsgi:error] [pid 10:tid 139773513516736] [remote 10.0.0.59:41374] 2026-05-16 09:36:38.082 10 ERROR keystone.server.flask.application
File "/var/lib/openstack/lib/python3.12/site-packages/pymysql/connections.py", line 575, in query
[Sat May 16 09:36:38.101030 2026] [wsgi:error] [pid 10:tid 139773513516736] [remote 10.0.0.59:41374] 2026-05-16 09:36:38.082 10 ERROR keystone.server.flask.application self._affected_rows = self._read_query_result(unbuffered=unbuffered)
[Sat May 16 09:36:38.101031 2026] [wsgi:error] [pid 10:tid 139773513516736] [remote 10.0.0.59:41374] 2026-05-16 09:36:38.082 10 ERROR keystone.server.flask.application ^^^^^^^^^^^^^^^^^^^^^^^^^^^^^^^^^^^^^^^^^^^^^^
[Sat May 16 09:36:38.101033 2026] [wsgi:error] [pid 10:tid 139773513516736] [remote 10.0.0.59:41374] 2026-05-16 09:36:38.082 10 ERROR keystone.server.flask.application
File "/var/lib/openstack/lib/python3.12/site-packages/pymysql/connections.py", line 826, in _read_query_result
[Sat May 16 09:36:38.101034 2026] [wsgi:error] [pid 10:tid 139773513516736] [remote 10.0.0.59:41374] 2026-05-16 09:36:38.082 10 ERROR keystone.server.flask.application result.read()
[Sat May 16 09:36:38.101037 2026] [wsgi:error] [pid 10:tid 139773513516736] [remote 10.0.0.59:41374] 2026-05-16 09:36:38.082 10 ERROR keystone.server.flask.application
File "/var/lib/openstack/lib/python3.12/site-packages/pymysql/connections.py", line 1203, in read
[Sat May 16 09:36:38.101039 2026] [wsgi:error] [pid 10:tid 139773513516736] [remote 10.0.0.59:41374] 2026-05-16 09:36:38.082 10 ERROR keystone.server.flask.application first_packet = self.connection._read_packet()
[Sat May 16 09:36:38.101040 2026] [wsgi:error] [pid 10:tid 139773513516736] [remote 10.0.0.59:41374] 2026-05-16 09:36:38.082 10 ERROR keystone.server.flask.application ^^^^^^^^^^^^^^^^^^^^^^^^^^^^^^
[Sat May 16 09:36:38.101041 2026] [wsgi:error] [pid 10:tid 139773513516736] [remote 10.0.0.59:41374] 2026-05-16 09:36:38.082 10 ERROR keystone.server.flask.application
File "/var/lib/openstack/lib/python3.12/site-packages/pymysql/connections.py", line 782, in _read_packet
[Sat May 16 09:36:38.101043 2026] [wsgi:error] [pid 10:tid 139773513516736] [remote 10.0.0.59:41374] 2026-05-16 09:36:38.082 10 ERROR keystone.server.flask.application packet.raise_for_error()
[Sat May 16 09:36:38.101044 2026] [wsgi:error] [pid 10:tid 139773513516736] [remote 10.0.0.59:41374] 2026-05-16 09:36:38.082 10 ERROR keystone.server.flask.application
File "/var/lib/openstack/lib/python3.12/site-packages/pymysql/protocol.py", line 219, in raise_for_error
[Sat May 16 09:36:38.101046 2026] [wsgi:error] [pid 10:tid 139773513516736] [remote 10.0.0.59:41374] 2026-05-16 09:36:38.082 10 ERROR keystone.server.flask.application err.raise_mysql_exception(self._data)
[Sat May 16 09:36:38.101048 2026] [wsgi:error] [pid 10:tid 139773513516736] [remote 10.0.0.59:41374] 2026-05-16 09:36:38.082 10 ERROR keystone.server.flask.application
File "/var/lib/openstack/lib/python3.12/site-packages/pymysql/err.py", line 150, in raise_mysql_exception
[Sat May 16 09:36:38.101049 2026] [wsgi:error] [pid 10:tid 139773513516736] [remote 10.0.0.59:41374] 2026-05-16 09:36:38.082 10 ERROR keystone.server.flask.application raise errorclass(errno, errval)
[Sat May 16 09:36:38.101052 2026] [wsgi:error] [pid 10:tid 139773513516736] [remote 10.0.0.59:41374] 2026-05-16 09:36:38.082 10 ERROR keystone.server.flask.application pymysql.err.IntegrityError: (1062, "Duplicate entry '<>-service' for key 'project.ixu_project_name_domain_id'")
[Sat May 16 09:36:38.101054 2026] [wsgi:error] [pid 10:tid 139773513516736] [remote 10.0.0.59:41374] 2026-05-16 09:36:38.082 10 ERROR keystone.server.flask.application
[Sat May 16 09:36:38.101056 2026] [wsgi:error] [pid 10:tid 139773513516736] [remote 10.0.0.59:41374] 2026-05-16 09:36:38.082 10 ERROR keystone.server.flask.application The above exception was the direct cause of the following exception:
[Sat May 16 09:36:38.101057 2026] [wsgi:error] [pid 10:tid 139773513516736] [remote 10.0.0.59:41374] 2026-05-16 09:36:38.082 10 ERROR keystone.server.flask.application
[Sat May 16 09:36:38.101058 2026] [wsgi:error] [pid 10:tid 139773513516736] [remote 10.0.0.59:41374] 2026-05-16 09:36:38.082 10 ERROR keystone.server.flask.application
Traceback (most recent call last):
[Sat May 16 09:36:38.101060 2026] [wsgi:error] [pid 10:tid 139773513516736] [remote 10.0.0.59:41374] 2026-05-16 09:36:38.082 10 ERROR keystone.server.flask.application
File "/var/lib/openstack/lib/python3.12/site-packages/keystone/common/sql/core.py", line 575, in wrapper
[Sat May 16 09:36:38.101061 2026] [wsgi:error] [pid 10:tid 139773513516736] [remote 10.0.0.59:41374] 2026-05-16 09:36:38.082 10 ERROR keystone.server.flask.application return method(*args, **kwargs)
[Sat May 16 09:36:38.101062 2026] [wsgi:error] [pid 10:tid 139773513516736] [remote 10.0.0.59:41374] 2026-05-16 09:36:38.082 10 ERROR keystone.server.flask.application ^^^^^^^^^^^^^^^^^^^^^^^
[Sat May 16 09:36:38.101064 2026] [wsgi:error] [pid 10:tid 139773513516736] [remote 10.0.0.59:41374] 2026-05-16 09:36:38.082 10 ERROR keystone.server.flask.application
File "/var/lib/openstack/lib/python3.12/site-packages/keystone/resource/backends/sql.py", line 278, in create_project
[Sat May 16 09:36:38.101067 2026] [wsgi:error] [pid 10:tid 139773513516736] [remote 10.0.0.59:41374] 2026-05-16 09:36:38.082 10 ERROR keystone.server.flask.application with sql.session_for_write() as session:
[Sat May 16 09:36:38.101068 2026] [wsgi:error] [pid 10:tid 139773513516736] [remote 10.0.0.59:41374] 2026-05-16 09:36:38.082 10 ERROR keystone.server.flask.application
File "/usr/lib/python3.12/contextlib.py", line 144, in __exit__
[Sat May 16 09:36:38.101069 2026] [wsgi:error] [pid 10:tid 139773513516736] [remote 10.0.0.59:41374] 2026-05-16 09:36:38.082 10 ERROR keystone.server.flask.application next(self.gen)
[Sat May 16 09:36:38.101071 2026] [wsgi:error] [pid 10:tid 139773513516736] [remote 10.0.0.59:41374] 2026-05-16 09:36:38.082 10 ERROR keystone.server.flask.application
File "/var/lib/openstack/lib/python3.12/site-packages/oslo_db/sqlalchemy/enginefacade.py", line 1175, in _transaction_scope
[Sat May 16 09:36:38.101072 2026] [wsgi:error] [pid 10:tid 139773513516736] [remote 10.0.0.59:41374] 2026-05-16 09:36:38.082 10 ERROR keystone.server.flask.application with current._produce_block(
[Sat May 16 09:36:38.101073 2026] [wsgi:error] [pid 10:tid 139773513516736] [remote 10.0.0.59:41374] 2026-05-16 09:36:38.082 10 ERROR keystone.server.flask.application
File "/usr/lib/python3.12/contextlib.py", line 144, in __exit__
[Sat May 16 09:36:38.101075 2026] [wsgi:error] [pid 10:tid 139773513516736] [remote 10.0.0.59:41374] 2026-05-16 09:36:38.082 10 ERROR keystone.server.flask.application next(self.gen)
[Sat May 16 09:36:38.101076 2026] [wsgi:error] [pid 10:tid 139773513516736] [remote 10.0.0.59:41374] 2026-05-16 09:36:38.082 10 ERROR keystone.server.flask.application
File "/var/lib/openstack/lib/python3.12/site-packages/oslo_db/sqlalchemy/enginefacade.py", line 837, in _session
[Sat May 16 09:36:38.101078 2026] [wsgi:error] [pid 10:tid 139773513516736] [remote 10.0.0.59:41374] 2026-05-16 09:36:38.082 10 ERROR keystone.server.flask.application with excutils.save_and_reraise_exception():
[Sat May 16 09:36:38.101079 2026] [wsgi:error] [pid 10:tid 139773513516736] [remote 10.0.0.59:41374] 2026-05-16 09:36:38.082 10 ERROR keystone.server.flask.application
File "/var/lib/openstack/lib/python3.12/site-packages/oslo_utils/excutils.py", line 271, in __exit__
[Sat May 16 09:36:38.101080 2026] [wsgi:error] [pid 10:tid 139773513516736] [remote 10.0.0.59:41374] 2026-05-16 09:36:38.082 10 ERROR keystone.server.flask.application self.force_reraise()
[Sat May 16 09:36:38.101082 2026] [wsgi:error] [pid 10:tid 139773513516736] [remote 10.0.0.59:41374] 2026-05-16 09:36:38.082 10 ERROR keystone.server.flask.application
File "/var/lib/openstack/lib/python3.12/site-packages/oslo_utils/excutils.py", line 233, in force_reraise
[Sat May 16 09:36:38.101083 2026] [wsgi:error] [pid 10:tid 139773513516736] [remote 10.0.0.59:41374] 2026-05-16 09:36:38.082 10 ERROR keystone.server.flask.application raise self.value
[Sat May 16 09:36:38.101084 2026] [wsgi:error] [pid 10:tid 139773513516736] [remote 10.0.0.59:41374] 2026-05-16 09:36:38.082 10 ERROR keystone.server.flask.application
File "/var/lib/openstack/lib/python3.12/site-packages/oslo_db/sqlalchemy/enginefacade.py", line 835, in _session
[Sat May 16 09:36:38.101086 2026] [wsgi:error] [pid 10:tid 139773513516736] [remote 10.0.0.59:41374] 2026-05-16 09:36:38.082 10 ERROR keystone.server.flask.application self._end_session_transaction(self.session)
[Sat May 16 09:36:38.101087 2026] [wsgi:error] [pid 10:tid 139773513516736] [remote 10.0.0.59:41374] 2026-05-16 09:36:38.082 10 ERROR keystone.server.flask.application
File "/var/lib/openstack/lib/python3.12/site-packages/oslo_db/sqlalchemy/enginefacade.py", line 748, in _end_session_transaction
[Sat May 16 09:36:38.101089 2026] [wsgi:error] [pid 10:tid 139773513516736] [remote 10.0.0.59:41374] 2026-05-16 09:36:38.082 10 ERROR keystone.server.flask.application session.commit()
[Sat May 16 09:36:38.101090 2026] [wsgi:error] [pid 10:tid 139773513516736] [remote 10.0.0.59:41374] 2026-05-16 09:36:38.082 10 ERROR keystone.server.flask.application
File "/var/lib/openstack/lib/python3.12/site-packages/sqlalchemy/orm/session.py", line 2030, in commit
[Sat May 16 09:36:38.101092 2026] [wsgi:error] [pid 10:tid 139773513516736] [remote 10.0.0.59:41374] 2026-05-16 09:36:38.082 10 ERROR keystone.server.flask.application trans.commit(_to_root=True)
[Sat May 16 09:36:38.101093 2026] [wsgi:error] [pid 10:tid 139773513516736] [remote 10.0.0.59:41374] 2026-05-16 09:36:38.082 10 ERROR keystone.server.flask.application File "", line 2, in commit
[Sat May 16 09:36:38.101095 2026] [wsgi:error] [pid 10:tid 139773513516736] [remote 10.0.0.59:41374] 2026-05-16 09:36:38.082 10 ERROR keystone.server.flask.application
File "/var/lib/openstack/lib/python3.12/site-packages/sqlalchemy/orm/state_changes.py", line 137, in _go
[Sat May 16 09:36:38.101096 2026] [wsgi:error] [pid 10:tid 139773513516736] [remote 10.0.0.59:41374] 2026-05-16 09:36:38.082 10 ERROR keystone.server.flask.application ret_value = fn(self, *arg, **kw)
[Sat May 16 09:36:38.101097 2026] [wsgi:error] [pid 10:tid 139773513516736] [remote 10.0.0.59:41374] 2026-05-16 09:36:38.082 10 ERROR keystone.server.flask.application ^^^^^^^^^^^^^^^^^^^^
[Sat May 16 09:36:38.101099 2026] [wsgi:error] [pid 10:tid 139773513516736] [remote 10.0.0.59:41374] 2026-05-16 09:36:38.082 10 ERROR keystone.server.flask.application
File "/var/lib/openstack/lib/python3.12/site-packages/sqlalchemy/orm/session.py", line 1311, in commit
[Sat May 16 09:36:38.101100 2026] [wsgi:error] [pid 10:tid 139773513516736] [remote 10.0.0.59:41374] 2026-05-16 09:36:38.082 10 ERROR keystone.server.flask.application self._prepare_impl()
[Sat May 16 09:36:38.101102 2026] [wsgi:error] [pid 10:tid 139773513516736] [remote 10.0.0.59:41374] 2026-05-16 09:36:38.082 10 ERROR keystone.server.flask.application File "", line 2, in _prepare_impl
[Sat May 16 09:36:38.101129 2026] [wsgi:error] [pid 10:tid 139773513516736] [remote 10.0.0.59:41374] 2026-05-16 09:36:38.082 10 ERROR keystone.server.flask.application
File "/var/lib/openstack/lib/python3.12/site-packages/sqlalchemy/orm/state_changes.py", line 137, in _go
[Sat May 16 09:36:38.101131 2026] [wsgi:error] [pid 10:tid 139773513516736] [remote 10.0.0.59:41374] 2026-05-16 09:36:38.082 10 ERROR keystone.server.flask.application ret_value = fn(self, *arg, **kw)
[Sat May 16 09:36:38.101133 2026] [wsgi:error] [pid 10:tid 139773513516736] [remote 10.0.0.59:41374] 2026-05-16 09:36:38.082 10 ERROR keystone.server.flask.application ^^^^^^^^^^^^^^^^^^^^
[Sat May 16 09:36:38.101136 2026] [wsgi:error] [pid 10:tid 139773513516736] [remote 10.0.0.59:41374] 2026-05-16 09:36:38.082 10 ERROR keystone.server.flask.application
File "/var/lib/openstack/lib/python3.12/site-packages/sqlalchemy/orm/session.py", line 1286, in _prepare_impl
[Sat May 16 09:36:38.101138 2026] [wsgi:error] [pid 10:tid 139773513516736] [remote 10.0.0.59:41374] 2026-05-16 09:36:38.082 10 ERROR keystone.server.flask.application self.session.flush()
[Sat May 16 09:36:38.101140 2026] [wsgi:error] [pid 10:tid 139773513516736] [remote 10.0.0.59:41374] 2026-05-16 09:36:38.082 10 ERROR keystone.server.flask.application
File "/var/lib/openstack/lib/python3.12/site-packages/sqlalchemy/orm/session.py", line 4331, in flush
[Sat May 16 09:36:38.101143 2026] [wsgi:error] [pid 10:tid 139773513516736] [remote 10.0.0.59:41374] 2026-05-16 09:36:38.082 10 ERROR keystone.server.flask.application self._flush(objects)
[Sat May 16 09:36:38.101145 2026] [wsgi:error] [pid 10:tid 139773513516736] [remote 10.0.0.59:41374] 2026-05-16 09:36:38.082 10 ERROR keystone.server.flask.application
File "/var/lib/openstack/lib/python3.12/site-packages/sqlalchemy/orm/session.py", line 4466, in _flush
[Sat May 16 09:36:38.101147 2026] [wsgi:error] [pid 10:tid 139773513516736] [remote 10.0.0.59:41374] 2026-05-16 09:36:38.082 10 ERROR keystone.server.flask.application with util.safe_reraise():
[Sat May 16 09:36:38.101149 2026] [wsgi:error] [pid 10:tid 139773513516736] [remote 10.0.0.59:41374] 2026-05-16 09:36:38.082 10 ERROR keystone.server.flask.application
File "/var/lib/openstack/lib/python3.12/site-packages/sqlalchemy/util/langhelpers.py", line 121, in __exit__
[Sat May 16 09:36:38.101152 2026] [wsgi:error] [pid 10:tid 139773513516736] [remote 10.0.0.59:41374] 2026-05-16 09:36:38.082 10 ERROR keystone.server.flask.application raise exc_value.with_traceback(exc_tb)
[Sat May 16 09:36:38.101154 2026] [wsgi:error] [pid 10:tid 139773513516736] [remote 10.0.0.59:41374] 2026-05-16 09:36:38.082 10 ERROR keystone.server.flask.application
File "/var/lib/openstack/lib/python3.12/site-packages/sqlalchemy/orm/session.py", line 4427, in _flush
[Sat May 16 09:36:38.101156 2026] [wsgi:error] [pid 10:tid 139773513516736] [remote 10.0.0.59:41374] 2026-05-16 09:36:38.082 10 ERROR keystone.server.flask.application flush_context.execute()
[Sat May 16 09:36:38.101158 2026] [wsgi:error] [pid 10:tid 139773513516736] [remote 10.0.0.59:41374] 2026-05-16 09:36:38.082 10 ERROR keystone.server.flask.application
File "/var/lib/openstack/lib/python3.12/site-packages/sqlalchemy/orm/unitofwork.py", line 466, in execute
