2026-08-10 23:49:00.486 7 INFO neutron.api.v2.resource [None req-65627ca3-12c6-4a55-8e61-bfbf24742a62 03a159f52c93463ba0ee1dafcaf3bea8 93ac442658f24b86a07ffcc3dbcb066a - - default default] show failed (client error): The resource could not be found. [pid: 7|app: 0|req: 1542/3121] 10.0.0.100 () {32 vars in 728 bytes} [Mon Aug 10 23:49:00 2026] GET /v2.0/floatingips/4566d1ed-f276-4a30-86dd-6ffbcfa84620 => generated 144 bytes in 20 msecs (HTTP/1.1 404) 4 headers in 164 bytes (1 switches on core 0)
2026-08-10 23:49:00.495 8 INFO neutron.notifiers.nova [-] Nova event matching ['req-d788b7e5-c43a-4c4d-bf3c-f14816d4e944'] response: {'name': 'network-changed', 'server_uuid': '9594cdb1-4ea5-4cba-866c-4748b994e58d', 'tag': 'b3c745bc-0839-4cfa-a0ae-345cbd5827ca', 'status': 'completed', 'code': 200} [pid: 8|app: 0|req: 1580/3122] 10.0.0.165 () {34 vars in 989 bytes} [Mon Aug 10 23:49:00 2026] GET /v2.0/ports?device_id=9594cdb1-4ea5-4cba-866c-4748b994e58d => generated 1200 bytes in 78 msecs (HTTP/1.1 200) 4 headers in 158 bytes (1 switches on core 0) [pid: 7|app: 0|req: 1543/3123] 10.0.0.165 () {34 vars in 1039 bytes} [Mon Aug 10 23:49:00 2026] GET /v2.0/security-groups?id=dc6703a3-e1e3-4d15-944f-3986fd4a482a&fields=id&fields=name => generated 112 bytes in 26 msecs (HTTP/1.1 200) 4 headers in 157 bytes (1 switches on core 0) [pid: 8|app: 0|req: 1581/3124] 199.19.213.48 () {34 vars in 1078 bytes} [Mon Aug 10 23:49:01 2026] GET /v2.0/ports?tenant_id=93ac442658f24b86a07ffcc3dbcb066a&device_id=9594cdb1-4ea5-4cba-866c-4748b994e58d => generated 1469 bytes in 34 msecs (HTTP/1.1 200) 4 headers in 158 bytes (1 switches on core 0) [pid: 7|app: 0|req: 1544/3125] 199.19.213.48 () {34 vars in 984 bytes} [Mon Aug 10 23:49:01 2026] GET /v2.0/networks?id=975b57c2-629a-4d58-9f51-1834b39f733d => generated 801 bytes in 43 msecs (HTTP/1.1 200) 4 headers in 157 bytes (1 switches on core 0) [pid: 8|app: 0|req: 1582/3126] 199.19.213.48 () {34 vars in 1054 bytes} [Mon Aug 10 23:49:01 2026] GET /v2.0/floatingips?fixed_ip_address=10.2.2.21&port_id=b3c745bc-0839-4cfa-a0ae-345cbd5827ca => generated 19 bytes in 20 msecs (HTTP/1.1 200) 4 headers in 156 bytes (1 switches on core 0) [pid: 7|app: 0|req: 1545/3127] 199.19.213.48 () {34 vars in 1104 bytes} [Mon Aug 10 23:49:01 2026] GET /v2.0/floatingips?fixed_ip_address=fd77%3A1457%3A4cf0%3A26a8%3A%3A32d&port_id=b3c745bc-0839-4cfa-a0ae-345cbd5827ca => generated 19 bytes in 21 msecs (HTTP/1.1 200) 4 headers in 156 bytes (1 switches on core 0) [pid: 8|app: 0|req: 1583/3128] 199.19.213.48 () {34 vars in 1062 bytes} [Mon Aug 10 23:49:01 2026] GET /v2.0/subnets?id=bbe9c9fc-7b87-4df0-ac74-46a7f5d2b87c&id=72f65da0-e355-4393-9e61-75c6dd659281 => generated 1415 bytes in 31 msecs (HTTP/1.1 200) 4 headers in 158 bytes (1 switches on core 0) [pid: 7|app: 0|req: 1546/3129] 199.19.213.48 () {34 vars in 1050 bytes} [Mon Aug 10 23:49:01 2026] GET /v2.0/ports?network_id=975b57c2-629a-4d58-9f51-1834b39f733d&device_owner=network%3Adhcp => generated 1461 bytes in 35 msecs (HTTP/1.1 200) 4 headers in 158 bytes (1 switches on core 0) [pid: 8|app: 0|req: 1584/3130] 199.19.213.48 () {34 vars in 1050 bytes} [Mon Aug 10 23:49:01 2026] GET /v2.0/ports?network_id=975b57c2-629a-4d58-9f51-1834b39f733d&device_owner=network%3Adhcp => generated 1461 bytes in 39 msecs (HTTP/1.1 200) 4 headers in 158 bytes (1 switches on core 0) [pid: 7|app: 0|req: 1547/3131] 199.19.213.48 () {34 vars in 1010 bytes} [Mon Aug 10 23:49:01 2026] GET /v2.0/networks/975b57c2-629a-4d58-9f51-1834b39f733d?fields=segments => generated 14 bytes in 37 msecs (HTTP/1.1 200) 4 headers in 156 bytes (1 switches on core 0) [pid: 8|app: 0|req: 1585/3132] 199.19.213.48 () {34 vars in 1110 bytes} [Mon Aug 10 23:49:01 2026] GET /v2.0/networks/975b57c2-629a-4d58-9f51-1834b39f733d?fields=provider%3Aphysical_network&fields=provider%3Anetwork_type => generated 78 bytes in 61 msecs (HTTP/1.1 200) 4 headers in 156 bytes (1 switches on core 0) [pid: 8|app: 0|req: 1587/3135] 199.19.213.48 () {34 vars in 992 bytes} [Mon Aug 10 23:49:03 2026] GET /v2.0/ports?device_id=9594cdb1-4ea5-4cba-866c-4748b994e58d => generated 1200 bytes in 46 msecs (HTTP/1.1 200) 4 headers in 158 bytes (1 switches on core 0)
2026-08-10 23:49:03.232 7 INFO neutron_taas.services.taas.taas_plugin [req-0186d602-70a7-475d-83a4-b78e2cd07e82 req-d7972bf1-76e4-4a1d-985b-340691224634 03a159f52c93463ba0ee1dafcaf3bea8 93ac442658f24b86a07ffcc3dbcb066a - - default default] TaaS: Handle Delete Port: b3c745bc-0839-4cfa-a0ae-345cbd5827ca
2026-08-10 23:49:03.235 7 INFO neutron_taas.services.taas.tap_mirror_plugin [req-0186d602-70a7-475d-83a4-b78e2cd07e82 req-d7972bf1-76e4-4a1d-985b-340691224634 03a159f52c93463ba0ee1dafcaf3bea8 93ac442658f24b86a07ffcc3dbcb066a - - default default] Tap Mirror: Handle Delete Port: b3c745bc-0839-4cfa-a0ae-345cbd5827ca [pid: 7|app: 0|req: 1549/3136] 199.19.213.48 () {36 vars in 995 bytes} [Mon Aug 10 23:49:03 2026] DELETE /v2.0/ports/b3c745bc-0839-4cfa-a0ae-345cbd5827ca => generated 0 bytes in 353 msecs (HTTP/1.1 204) 3 headers in 131 bytes (1 switches on core 0)
2026-08-10 23:49:03.467 7 INFO neutron.notifiers.nova [-] Nova event matching ['req-7c34f725-1790-416f-9713-d96475385cf2'] response: {'server_uuid': '9594cdb1-4ea5-4cba-866c-4748b994e58d', 'name': 'network-vif-deleted', 'tag': 'b3c745bc-0839-4cfa-a0ae-345cbd5827ca', 'status': 'completed', 'code': 200} [pid: 8|app: 0|req: 1588/3137] 10.0.0.165 () {34 vars in 989 bytes} [Mon Aug 10 23:49:05 2026] GET /v2.0/ports?device_id=9594cdb1-4ea5-4cba-866c-4748b994e58d => generated 12 bytes in 20 msecs (HTTP/1.1 200) 4 headers in 156 bytes (1 switches on core 0)
2026-08-10 23:49:11.024 7 INFO neutron_taas.services.taas.taas_plugin [None req-a86c30ca-881c-4fde-8457-fe855911f2d7 03a159f52c93463ba0ee1dafcaf3bea8 93ac442658f24b86a07ffcc3dbcb066a - - default default] TaaS: Handle Delete Port: 6086183a-d1a1-4bf3-b59f-65dd112ddf0f
2026-08-10 23:49:11.027 7 INFO neutron_taas.services.taas.tap_mirror_plugin [None req-a86c30ca-881c-4fde-8457-fe855911f2d7 03a159f52c93463ba0ee1dafcaf3bea8 93ac442658f24b86a07ffcc3dbcb066a - - default default] Tap Mirror: Handle Delete Port: 6086183a-d1a1-4bf3-b59f-65dd112ddf0f
2026-08-10 23:49:11.202 7 INFO neutron.db.l3_db [None req-a86c30ca-881c-4fde-8457-fe855911f2d7 03a159f52c93463ba0ee1dafcaf3bea8 93ac442658f24b86a07ffcc3dbcb066a - - default default] Floating IP c05c11b6-758d-4491-bcf6-ddd25c4402c6 disassociated (deleted). External IP: 10.96.250.207, port: 1365b42e-1b34-48e8-ac71-b361a7493dec. [pid: 7|app: 0|req: 1550/3138] 10.0.0.100 () {32 vars in 731 bytes} [Mon Aug 10 23:49:10 2026] DELETE /v2.0/floatingips/c05c11b6-758d-4491-bcf6-ddd25c4402c6 => generated 0 bytes in 632 msecs (HTTP/1.1 204) 2 headers in 112 bytes (1 switches on core 0)
2026-08-10 23:49:11.550 8 INFO neutron.api.v2.resource [None req-79fdc079-0df8-4d8c-84de-41b048980720 03a159f52c93463ba0ee1dafcaf3bea8 93ac442658f24b86a07ffcc3dbcb066a - - default default] show failed (client error): The resource could not be found. [pid: 8|app: 0|req: 1589/3139] 10.0.0.100 () {32 vars in 728 bytes} [Mon Aug 10 23:49:11 2026] GET /v2.0/floatingips/c05c11b6-758d-4491-bcf6-ddd25c4402c6 => generated 144 bytes in 20 msecs (HTTP/1.1 404) 4 headers in 164 bytes (1 switches on core 0)
2026-08-10 23:49:11.560 7 INFO neutron.notifiers.nova [-] Nova event matching ['req-f03bfc96-45e9-47f1-94b9-264c72da47e4'] response: {'name': 'network-changed', 'server_uuid': '4b54d62c-d9c4-463a-b76a-f1a096cbd43a', 'tag': '1365b42e-1b34-48e8-ac71-b361a7493dec', 'status': 'completed', 'code': 200} [pid: 7|app: 0|req: 1551/3140] 10.0.0.165 () {34 vars in 989 bytes} [Mon Aug 10 23:49:11 2026] GET /v2.0/ports?device_id=4b54d62c-d9c4-463a-b76a-f1a096cbd43a => generated 1200 bytes in 142 msecs (HTTP/1.1 200) 4 headers in 158 bytes (1 switches on core 0) [pid: 8|app: 0|req: 1590/3141] 10.0.0.165 () {34 vars in 1039 bytes} [Mon Aug 10 23:49:11 2026] GET /v2.0/security-groups?id=dc6703a3-e1e3-4d15-944f-3986fd4a482a&fields=id&fields=name => generated 112 bytes in 32 msecs (HTTP/1.1 200) 4 headers in 157 bytes (1 switches on core 0) [pid: 7|app: 0|req: 1552/3142] 199.19.213.48 () {34 vars in 1078 bytes} [Mon Aug 10 23:49:12 2026] GET /v2.0/ports?tenant_id=93ac442658f24b86a07ffcc3dbcb066a&device_id=4b54d62c-d9c4-463a-b76a-f1a096cbd43a => generated 1469 bytes in 32 msecs (HTTP/1.1 200) 4 headers in 158 bytes (1 switches on core 0) [pid: 8|app: 0|req: 1591/3143] 199.19.213.48 () {34 vars in 984 bytes} [Mon Aug 10 23:49:12 2026] GET /v2.0/networks?id=56ee6f70-ece6-40f7-ac12-3187b92d8c7c => generated 801 bytes in 42 msecs (HTTP/1.1 200) 4 headers in 157 bytes (1 switches on core 0) [pid: 7|app: 0|req: 1553/3144] 199.19.213.48 () {34 vars in 1056 bytes} [Mon Aug 10 23:49:12 2026] GET /v2.0/floatingips?fixed_ip_address=10.2.1.247&port_id=1365b42e-1b34-48e8-ac71-b361a7493dec => generated 19 bytes in 20 msecs (HTTP/1.1 200) 4 headers in 156 bytes (1 switches on core 0) [pid: 8|app: 0|req: 1592/3145] 199.19.213.48 () {34 vars in 1102 bytes} [Mon Aug 10 23:49:12 2026] GET /v2.0/floatingips?fixed_ip_address=fd7b%3Af9f7%3Afff%3A4eca%3A%3A239&port_id=1365b42e-1b34-48e8-ac71-b361a7493dec => generated 19 bytes in 23 msecs (HTTP/1.1 200) 4 headers in 156 bytes (1 switches on core 0) [pid: 7|app: 0|req: 1554/3146] 199.19.213.48 () {34 vars in 1062 bytes} [Mon Aug 10 23:49:12 2026] GET /v2.0/subnets?id=a805747a-1054-4f95-ae4b-f13e214c4208&id=3a8cf837-ea04-41b6-a833-ad1c3b9c201b => generated 1410 bytes in 65 msecs (HTTP/1.1 200) 4 headers in 158 bytes (1 switches on core 0) [pid: 8|app: 0|req: 1593/3147] 199.19.213.48 () {34 vars in 1050 bytes} [Mon Aug 10 23:49:12 2026] GET /v2.0/ports?network_id=56ee6f70-ece6-40f7-ac12-3187b92d8c7c&device_owner=network%3Adhcp => generated 1457 bytes in 38 msecs (HTTP/1.1 200) 4 headers in 158 bytes (1 switches on core 0) [pid: 7|app: 0|req: 1555/3148] 199.19.213.48 () {34 vars in 1050 bytes} [Mon Aug 10 23:49:12 2026] GET /v2.0/ports?network_id=56ee6f70-ece6-40f7-ac12-3187b92d8c7c&device_owner=network%3Adhcp => generated 1457 bytes in 43 msecs (HTTP/1.1 200) 4 headers in 158 bytes (1 switches on core 0) [pid: 8|app: 0|req: 1594/3149] 199.19.213.48 () {34 vars in 1010 bytes} [Mon Aug 10 23:49:12 2026] GET /v2.0/networks/56ee6f70-ece6-40f7-ac12-3187b92d8c7c?fields=segments => generated 14 bytes in 70 msecs (HTTP/1.1 200) 4 headers in 156 bytes (1 switches on core 0) [pid: 7|app: 0|req: 1556/3150] 199.19.213.48 () {34 vars in 1110 bytes} [Mon Aug 10 23:49:12 2026] GET /v2.0/networks/56ee6f70-ece6-40f7-ac12-3187b92d8c7c?fields=provider%3Aphysical_network&fields=provider%3Anetwork_type => generated 78 bytes in 40 msecs (HTTP/1.1 200) 4 headers in 156 bytes (1 switches on core 0) [pid: 8|app: 0|req: 1595/3151] 199.19.213.48 () {34 vars in 992 bytes} [Mon Aug 10 23:49:14 2026] GET /v2.0/ports?device_id=4b54d62c-d9c4-463a-b76a-f1a096cbd43a => generated 1200 bytes in 66 msecs (HTTP/1.1 200) 4 headers in 158 bytes (1 switches on core 0)
2026-08-10 23:49:14.291 7 INFO neutron_taas.services.taas.taas_plugin [req-dac6cbd2-b57a-4182-bfd8-278fc4283cda req-3f5df240-eaf6-4d7a-ad46-5e1d7e965678 03a159f52c93463ba0ee1dafcaf3bea8 93ac442658f24b86a07ffcc3dbcb066a - - default default] TaaS: Handle Delete Port: 1365b42e-1b34-48e8-ac71-b361a7493dec
2026-08-10 23:49:14.294 7 INFO neutron_taas.services.taas.tap_mirror_plugin [req-dac6cbd2-b57a-4182-bfd8-278fc4283cda req-3f5df240-eaf6-4d7a-ad46-5e1d7e965678 03a159f52c93463ba0ee1dafcaf3bea8 93ac442658f24b86a07ffcc3dbcb066a - - default default] Tap Mirror: Handle Delete Port: 1365b42e-1b34-48e8-ac71-b361a7493dec [pid: 7|app: 0|req: 1557/3152] 199.19.213.48 () {36 vars in 995 bytes} [Mon Aug 10 23:49:14 2026] DELETE /v2.0/ports/1365b42e-1b34-48e8-ac71-b361a7493dec => generated 0 bytes in 323 msecs (HTTP/1.1 204) 3 headers in 131 bytes (1 switches on core 0)
2026-08-10 23:49:14.554 7 INFO neutron.notifiers.nova [-] Nova event matching ['req-28d024ca-69de-40e0-8970-5cbdc1a4cdf2'] response: {'server_uuid': '4b54d62c-d9c4-463a-b76a-f1a096cbd43a', 'name': 'network-vif-deleted', 'tag': '1365b42e-1b34-48e8-ac71-b361a7493dec', 'status': 'completed', 'code': 200} [pid: 7|app: 0|req: 1559/3155] 10.0.0.165 () {34 vars in 989 bytes} [Mon Aug 10 23:49:16 2026] GET /v2.0/ports?device_id=4b54d62c-d9c4-463a-b76a-f1a096cbd43a => generated 12 bytes in 21 msecs (HTTP/1.1 200) 4 headers in 156 bytes (1 switches on core 0) [pid: 8|app: 0|req: 1597/3156] 10.0.0.100 () {32 vars in 749 bytes} [Mon Aug 10 23:49:22 2026] DELETE /v2.0/security-group-rules/03b28eef-1161-4809-b601-bca3019b818e => generated 0 bytes in 81 msecs (HTTP/1.1 204) 2 headers in 112 bytes (1 switches on core 0)
2026-08-10 23:49:22.109 7 INFO neutron.api.v2.resource [None req-e1f7e49b-6989-4fbf-b495-2ae8438eb2e8 03a159f52c93463ba0ee1dafcaf3bea8 93ac442658f24b86a07ffcc3dbcb066a - - default default] show failed (client error): The resource could not be found. [pid: 7|app: 0|req: 1560/3157] 10.0.0.100 () {32 vars in 746 bytes} [Mon Aug 10 23:49:22 2026] GET /v2.0/security-group-rules/03b28eef-1161-4809-b601-bca3019b818e => generated 155 bytes in 13 msecs (HTTP/1.1 404) 4 headers in 164 bytes (1 switches on core 0) [pid: 8|app: 0|req: 1598/3158] 10.0.0.100 () {32 vars in 749 bytes} [Mon Aug 10 23:49:22 2026] DELETE /v2.0/security-group-rules/0a62d9ba-9504-4878-a84f-7c4a4c018ed4 => generated 0 bytes in 58 msecs (HTTP/1.1 204) 2 headers in 112 bytes (1 switches on core 0)
2026-08-10 23:49:22.193 7 INFO neutron.api.v2.resource [None req-48be54ea-bf00-49db-8980-35cbeab04a34 03a159f52c93463ba0ee1dafcaf3bea8 93ac442658f24b86a07ffcc3dbcb066a - - default default] show failed (client error): The resource could not be found. [pid: 7|app: 0|req: 1561/3159] 10.0.0.100 () {32 vars in 746 bytes} [Mon Aug 10 23:49:22 2026] GET /v2.0/security-group-rules/0a62d9ba-9504-4878-a84f-7c4a4c018ed4 => generated 155 bytes in 17 msecs (HTTP/1.1 404) 4 headers in 164 bytes (1 switches on core 0) [pid: 8|app: 0|req: 1599/3160] 10.0.0.100 () {32 vars in 749 bytes} [Mon Aug 10 23:49:22 2026] DELETE /v2.0/security-group-rules/721180f4-15bb-4df5-bdbe-6b4a9411166b => generated 0 bytes in 53 msecs (HTTP/1.1 204) 2 headers in 112 bytes (1 switches on core 0)
2026-08-10 23:49:22.269 7 INFO neutron.api.v2.resource [None req-cebb7396-5add-4dca-ae63-42ebdcba55a5 03a159f52c93463ba0ee1dafcaf3bea8 93ac442658f24b86a07ffcc3dbcb066a - - default default] show failed (client error): The resource could not be found. [pid: 7|app: 0|req: 1562/3161] 10.0.0.100 () {32 vars in 746 bytes} [Mon Aug 10 23:49:22 2026] GET /v2.0/security-group-rules/721180f4-15bb-4df5-bdbe-6b4a9411166b => generated 155 bytes in 12 msecs (HTTP/1.1 404) 4 headers in 164 bytes (1 switches on core 0) [pid: 8|app: 0|req: 1600/3162] 10.0.0.100 () {32 vars in 749 bytes} [Mon Aug 10 23:49:22 2026] DELETE /v2.0/security-group-rules/1eb1cf1a-3bf3-4163-b75f-b22aa855be83 => generated 0 bytes in 83 msecs (HTTP/1.1 204) 2 headers in 112 bytes (1 switches on core 0)
2026-08-10 23:49:22.381 7 INFO neutron.api.v2.resource [None req-000a3e2c-e2cb-4c4b-b9fd-fa3cce193a93 03a159f52c93463ba0ee1dafcaf3bea8 93ac442658f24b86a07ffcc3dbcb066a - - default default] show failed (client error): The resource could not be found. [pid: 7|app: 0|req: 1563/3163] 10.0.0.100 () {32 vars in 746 bytes} [Mon Aug 10 23:49:22 2026] GET /v2.0/security-group-rules/1eb1cf1a-3bf3-4163-b75f-b22aa855be83 => generated 155 bytes in 18 msecs (HTTP/1.1 404) 4 headers in 164 bytes (1 switches on core 0) [pid: 8|app: 0|req: 1601/3164] 10.0.0.100 () {32 vars in 749 bytes} [Mon Aug 10 23:49:22 2026] DELETE /v2.0/security-group-rules/24a6008f-a16a-4cb7-98b7-12ac0098a074 => generated 0 bytes in 77 msecs (HTTP/1.1 204) 2 headers in 112 bytes (1 switches on core 0)
2026-08-10 23:49:22.482 7 INFO neutron.api.v2.resource [None req-0b033964-3444-4341-b248-21d3bb2f3b71 03a159f52c93463ba0ee1dafcaf3bea8 93ac442658f24b86a07ffcc3dbcb066a - - default default] show failed (client error): The resource could not be found. [pid: 7|app: 0|req: 1564/3165] 10.0.0.100 () {32 vars in 746 bytes} [Mon Aug 10 23:49:22 2026] GET /v2.0/security-group-rules/24a6008f-a16a-4cb7-98b7-12ac0098a074 => generated 155 bytes in 12 msecs (HTTP/1.1 404) 4 headers in 164 bytes (1 switches on core 0) [pid: 8|app: 0|req: 1602/3166] 10.0.0.100 () {32 vars in 749 bytes} [Mon Aug 10 23:49:22 2026] DELETE /v2.0/security-group-rules/9fd1873c-2865-4598-8f43-33e4fe06a1bb => generated 0 bytes in 56 msecs (HTTP/1.1 204) 2 headers in 112 bytes (1 switches on core 0)
2026-08-10 23:49:22.561 7 INFO neutron.api.v2.resource [None req-91b36186-730f-4679-9ec2-c5dd4ae03e7e 03a159f52c93463ba0ee1dafcaf3bea8 93ac442658f24b86a07ffcc3dbcb066a - - default default] show failed (client error): The resource could not be found. [pid: 7|app: 0|req: 1565/3167] 10.0.0.100 () {32 vars in 746 bytes} [Mon Aug 10 23:49:22 2026] GET /v2.0/security-group-rules/9fd1873c-2865-4598-8f43-33e4fe06a1bb => generated 155 bytes in 14 msecs (HTTP/1.1 404) 4 headers in 164 bytes (1 switches on core 0) [pid: 8|app: 0|req: 1603/3168] 10.0.0.100 () {32 vars in 749 bytes} [Mon Aug 10 23:49:22 2026] DELETE /v2.0/security-group-rules/b9507f36-442c-415a-a51d-bdd3b5df7157 => generated 0 bytes in 58 msecs (HTTP/1.1 204) 2 headers in 112 bytes (1 switches on core 0)
2026-08-10 23:49:22.641 7 INFO neutron.api.v2.resource [None req-e04e8c69-6876-4c83-aec5-0ea4bff08d8b 03a159f52c93463ba0ee1dafcaf3bea8 93ac442658f24b86a07ffcc3dbcb066a - - default default] show failed (client error): The resource could not be found. [pid: 7|app: 0|req: 1566/3169] 10.0.0.100 () {32 vars in 746 bytes} [Mon Aug 10 23:49:22 2026] GET /v2.0/security-group-rules/b9507f36-442c-415a-a51d-bdd3b5df7157 => generated 155 bytes in 12 msecs (HTTP/1.1 404) 4 headers in 164 bytes (1 switches on core 0) [pid: 8|app: 0|req: 1604/3170] 10.0.0.100 () {32 vars in 749 bytes} [Mon Aug 10 23:49:22 2026] DELETE /v2.0/security-group-rules/c8e46dd5-ec7f-4bd9-af0d-130fe1f39577 => generated 0 bytes in 57 msecs (HTTP/1.1 204) 2 headers in 112 bytes (1 switches on core 0)
2026-08-10 23:49:22.725 7 INFO neutron.api.v2.resource [None req-349078b0-7689-451a-830e-257659b78481 03a159f52c93463ba0ee1dafcaf3bea8 93ac442658f24b86a07ffcc3dbcb066a - - default default] show failed (client error): The resource could not be found. [pid: 7|app: 0|req: 1567/3171] 10.0.0.100 () {32 vars in 746 bytes} [Mon Aug 10 23:49:22 2026] GET /v2.0/security-group-rules/c8e46dd5-ec7f-4bd9-af0d-130fe1f39577 => generated 155 bytes in 15 msecs (HTTP/1.1 404) 4 headers in 164 bytes (1 switches on core 0) [pid: 8|app: 0|req: 1605/3172] 10.0.0.100 () {32 vars in 749 bytes} [Mon Aug 10 23:49:22 2026] DELETE /v2.0/security-group-rules/1e639b01-170c-46e9-ad0e-fb6df2f81573 => generated 0 bytes in 53 msecs (HTTP/1.1 204) 2 headers in 112 bytes (1 switches on core 0)
2026-08-10 23:49:22.803 7 INFO neutron.api.v2.resource [None req-79909096-f4c6-49d3-945a-4d53354c4994 03a159f52c93463ba0ee1dafcaf3bea8 93ac442658f24b86a07ffcc3dbcb066a - - default default] show failed (client error): The resource could not be found. [pid: 7|app: 0|req: 1568/3173] 10.0.0.100 () {32 vars in 746 bytes} [Mon Aug 10 23:49:22 2026] GET /v2.0/security-group-rules/1e639b01-170c-46e9-ad0e-fb6df2f81573 => generated 155 bytes in 15 msecs (HTTP/1.1 404) 4 headers in 164 bytes (1 switches on core 0) [pid: 8|app: 0|req: 1606/3174] 10.0.0.100 () {32 vars in 749 bytes} [Mon Aug 10 23:49:22 2026] DELETE /v2.0/security-group-rules/682e1bb1-0516-44eb-b7a3-50e04bc8f840 => generated 0 bytes in 55 msecs (HTTP/1.1 204) 2 headers in 112 bytes (1 switches on core 0)
2026-08-10 23:49:22.880 7 INFO neutron.api.v2.resource [None req-c1a584a9-488a-4c9b-b4fb-11c15db2114c 03a159f52c93463ba0ee1dafcaf3bea8 93ac442658f24b86a07ffcc3dbcb066a - - default default] show failed (client error): The resource could not be found. [pid: 7|app: 0|req: 1569/3175] 10.0.0.100 () {32 vars in 746 bytes} [Mon Aug 10 23:49:22 2026] GET /v2.0/security-group-rules/682e1bb1-0516-44eb-b7a3-50e04bc8f840 => generated 155 bytes in 13 msecs (HTTP/1.1 404) 4 headers in 164 bytes (1 switches on core 0) [pid: 8|app: 0|req: 1607/3176] 10.0.0.100 () {32 vars in 749 bytes} [Mon Aug 10 23:49:22 2026] DELETE /v2.0/security-group-rules/d49feca2-5bb7-4232-ad5e-bbdc56f2bd39 => generated 0 bytes in 53 msecs (HTTP/1.1 204) 2 headers in 112 bytes (1 switches on core 0)
2026-08-10 23:49:22.952 7 INFO neutron.api.v2.resource [None req-6c0c86bf-e36c-4d1e-9633-31e2e5b1ffc4 03a159f52c93463ba0ee1dafcaf3bea8 93ac442658f24b86a07ffcc3dbcb066a - - default default] show failed (client error): The resource could not be found. [pid: 7|app: 0|req: 1570/3177] 10.0.0.100 () {32 vars in 746 bytes} [Mon Aug 10 23:49:22 2026] GET /v2.0/security-group-rules/d49feca2-5bb7-4232-ad5e-bbdc56f2bd39 => generated 155 bytes in 11 msecs (HTTP/1.1 404) 4 headers in 164 bytes (1 switches on core 0) [pid: 8|app: 0|req: 1608/3178] 10.0.0.100 () {32 vars in 739 bytes} [Mon Aug 10 23:49:22 2026] DELETE /v2.0/security-groups/dc6703a3-e1e3-4d15-944f-3986fd4a482a => generated 0 bytes in 69 msecs (HTTP/1.1 204) 2 headers in 112 bytes (1 switches on core 0)
2026-08-10 23:49:23.045 7 INFO neutron.api.v2.resource [None req-bde145de-f08d-486b-97de-ea210a465dee 03a159f52c93463ba0ee1dafcaf3bea8 93ac442658f24b86a07ffcc3dbcb066a - - default default] show failed (client error): The resource could not be found. [pid: 7|app: 0|req: 1571/3179] 10.0.0.100 () {32 vars in 736 bytes} [Mon Aug 10 23:49:23 2026] GET /v2.0/security-groups/dc6703a3-e1e3-4d15-944f-3986fd4a482a => generated 146 bytes in 16 msecs (HTTP/1.1 404) 4 headers in 164 bytes (1 switches on core 0)
2026-08-10 23:49:23.461 8 INFO neutron_taas.services.taas.taas_plugin [None req-84984310-13a0-45f0-8f13-fc22ed2d1052 03a159f52c93463ba0ee1dafcaf3bea8 93ac442658f24b86a07ffcc3dbcb066a - - default default] TaaS: Handle Delete Port: 67b16ca0-544a-4ea6-a1dd-d11ba78d6e92
2026-08-10 23:49:23.464 8 INFO neutron_taas.services.taas.tap_mirror_plugin [None req-84984310-13a0-45f0-8f13-fc22ed2d1052 03a159f52c93463ba0ee1dafcaf3bea8 93ac442658f24b86a07ffcc3dbcb066a - - default default] Tap Mirror: Handle Delete Port: 67b16ca0-544a-4ea6-a1dd-d11ba78d6e92 [pid: 8|app: 0|req: 1609/3180] 10.0.0.100 () {34 vars in 788 bytes} [Mon Aug 10 23:49:23 2026] PUT /v2.0/routers/d642f337-b52d-4b9c-8e7d-3ec0d8ec482f/remove_router_interface => generated 309 bytes in 901 msecs (HTTP/1.1 200) 4 headers in 157 bytes (1 switches on core 0)
2026-08-10 23:49:24.156 7 INFO neutron.api.v2.resource [None req-f07aac79-9b6a-451f-96ff-834bbc993a7a 03a159f52c93463ba0ee1dafcaf3bea8 93ac442658f24b86a07ffcc3dbcb066a - - default default] remove_router_interface failed (client error): The resource could not be found. [pid: 7|app: 0|req: 1572/3181] 10.0.0.100 () {34 vars in 788 bytes} [Mon Aug 10 23:49:23 2026] PUT /v2.0/routers/d642f337-b52d-4b9c-8e7d-3ec0d8ec482f/remove_router_interface => generated 198 bytes in 160 msecs (HTTP/1.1 404) 4 headers in 164 bytes (1 switches on core 0)
2026-08-10 23:49:24.522 8 INFO neutron_taas.services.taas.taas_plugin [None req-e80457d7-47da-4ed3-aebe-27d8dab4d094 03a159f52c93463ba0ee1dafcaf3bea8 93ac442658f24b86a07ffcc3dbcb066a - - default default] TaaS: Handle Delete Port: 267ed8fb-94fc-464e-9b67-7868db7d0810
2026-08-10 23:49:24.524 8 INFO neutron_taas.services.taas.tap_mirror_plugin [None req-e80457d7-47da-4ed3-aebe-27d8dab4d094 03a159f52c93463ba0ee1dafcaf3bea8 93ac442658f24b86a07ffcc3dbcb066a - - default default] Tap Mirror: Handle Delete Port: 267ed8fb-94fc-464e-9b67-7868db7d0810 [pid: 8|app: 0|req: 1610/3182] 10.0.0.100 () {34 vars in 788 bytes} [Mon Aug 10 23:49:24 2026] PUT /v2.0/routers/d642f337-b52d-4b9c-8e7d-3ec0d8ec482f/remove_router_interface => generated 309 bytes in 828 msecs (HTTP/1.1 200) 4 headers in 157 bytes (1 switches on core 0)
2026-08-10 23:49:25.152 7 INFO neutron.api.v2.resource [None req-d56bdc83-7440-4070-bf7e-8c1b6e258d9b 03a159f52c93463ba0ee1dafcaf3bea8 93ac442658f24b86a07ffcc3dbcb066a - - default default] remove_router_interface failed (client error): The resource could not be found. [pid: 7|app: 0|req: 1573/3183] 10.0.0.100 () {34 vars in 788 bytes} [Mon Aug 10 23:49:24 2026] PUT /v2.0/routers/d642f337-b52d-4b9c-8e7d-3ec0d8ec482f/remove_router_interface => generated 198 bytes in 157 msecs (HTTP/1.1 404) 4 headers in 164 bytes (1 switches on core 0)
2026-08-10 23:49:25.494 8 INFO neutron_taas.services.taas.taas_plugin [None req-0554c067-ac57-4717-8407-017e4f68470b 03a159f52c93463ba0ee1dafcaf3bea8 93ac442658f24b86a07ffcc3dbcb066a - - default default] TaaS: Handle Delete Port: a4aa7e98-7328-4c6a-9c7e-ec7fa76b85f3
2026-08-10 23:49:25.497 8 INFO neutron_taas.services.taas.tap_mirror_plugin [None req-0554c067-ac57-4717-8407-017e4f68470b 03a159f52c93463ba0ee1dafcaf3bea8 93ac442658f24b86a07ffcc3dbcb066a - - default default] Tap Mirror: Handle Delete Port: a4aa7e98-7328-4c6a-9c7e-ec7fa76b85f3 [pid: 8|app: 0|req: 1611/3184] 10.0.0.100 () {34 vars in 788 bytes} [Mon Aug 10 23:49:25 2026] PUT /v2.0/routers/d642f337-b52d-4b9c-8e7d-3ec0d8ec482f/remove_router_interface => generated 309 bytes in 774 msecs (HTTP/1.1 200) 4 headers in 157 bytes (1 switches on core 0)
2026-08-10 23:49:26.071 7 INFO neutron.api.v2.resource [None req-05933a22-8bca-4682-9fa9-1d4e5cc2c3fd 03a159f52c93463ba0ee1dafcaf3bea8 93ac442658f24b86a07ffcc3dbcb066a - - default default] remove_router_interface failed (client error): The resource could not be found. [pid: 7|app: 0|req: 1574/3185] 10.0.0.100 () {34 vars in 788 bytes} [Mon Aug 10 23:49:25 2026] PUT /v2.0/routers/d642f337-b52d-4b9c-8e7d-3ec0d8ec482f/remove_router_interface => generated 198 bytes in 130 msecs (HTTP/1.1 404) 4 headers in 164 bytes (1 switches on core 0)
2026-08-10 23:49:26.267 8 INFO neutron_taas.services.taas.taas_plugin [None req-a5e677de-5b57-4815-bd05-16ccdd3a159b 03a159f52c93463ba0ee1dafcaf3bea8 93ac442658f24b86a07ffcc3dbcb066a - - default default] TaaS: Handle Delete Port: 7e98fc2b-5325-4bd2-8a1b-cd5384f8b461
2026-08-10 23:49:26.271 8 INFO neutron_taas.services.taas.tap_mirror_plugin [None req-a5e677de-5b57-4815-bd05-16ccdd3a159b 03a159f52c93463ba0ee1dafcaf3bea8 93ac442658f24b86a07ffcc3dbcb066a - - default default] Tap Mirror: Handle Delete Port: 7e98fc2b-5325-4bd2-8a1b-cd5384f8b461
2026-08-10 23:49:26.546 8 INFO neutron_taas.services.taas.taas_plugin [None req-a5e677de-5b57-4815-bd05-16ccdd3a159b 03a159f52c93463ba0ee1dafcaf3bea8 93ac442658f24b86a07ffcc3dbcb066a - - default default] TaaS: Handle Delete Port: cd78acee-262c-42fd-9b0c-efbf7026c33d
2026-08-10 23:49:26.548 8 INFO neutron_taas.services.taas.tap_mirror_plugin [None req-a5e677de-5b57-4815-bd05-16ccdd3a159b 03a159f52c93463ba0ee1dafcaf3bea8 93ac442658f24b86a07ffcc3dbcb066a - - default default] Tap Mirror: Handle Delete Port: cd78acee-262c-42fd-9b0c-efbf7026c33d
2026-08-10 23:49:27.390 8 INFO neutron.db.l3_hamode_db [None req-a5e677de-5b57-4815-bd05-16ccdd3a159b 03a159f52c93463ba0ee1dafcaf3bea8 93ac442658f24b86a07ffcc3dbcb066a - - default default] HA network 644f55f3-9187-4280-8d3b-acd227f3df00 was deleted as no HA routers are present in tenant 93ac442658f24b86a07ffcc3dbcb066a. [pid: 8|app: 0|req: 1612/3186] 10.0.0.100 () {32 vars in 723 bytes} [Mon Aug 10 23:49:26 2026] DELETE /v2.0/routers/d642f337-b52d-4b9c-8e7d-3ec0d8ec482f => generated 0 bytes in 1324 msecs (HTTP/1.1 204) 2 headers in 112 bytes (1 switches on core 0)
2026-08-10 23:49:27.437 7 INFO neutron.api.v2.resource [None req-5ca93bb2-363f-4878-ae2c-5979335eb80e 03a159f52c93463ba0ee1dafcaf3bea8 93ac442658f24b86a07ffcc3dbcb066a - - default default] show failed (client error): The resource could not be found. [pid: 7|app: 0|req: 1575/3187] 10.0.0.100 () {32 vars in 720 bytes} [Mon Aug 10 23:49:27 2026] GET /v2.0/routers/d642f337-b52d-4b9c-8e7d-3ec0d8ec482f => generated 135 bytes in 30 msecs (HTTP/1.1 404) 4 headers in 164 bytes (1 switches on core 0)
2026-08-10 23:49:27.487 8 INFO neutron.services.segments.plugin [-] Segment ebe99a7e-39b0-4903-9c0b-5849b65c0cb5 resource provider aggregate not found
2026-08-10 23:49:27.496 8 INFO neutron.services.segments.plugin [-] Segment ebe99a7e-39b0-4903-9c0b-5849b65c0cb5 resource provider aggregate not found
2026-08-10 23:49:27.516 8 INFO neutron.services.segments.plugin [-] Client error retrieving segment ebe99a7e-39b0-4903-9c0b-5849b65c0cb5 resource provider; error: Placement Client Error (4xx): {"errors": [{"status": 404, "title": "Not Found", "detail": "The resource could not be found.\n\n No resource provider with uuid ebe99a7e-39b0-4903-9c0b-5849b65c0cb5 found for delete ", "request_id": "req-19c887e3-6b78-4fce-9115-7b6faafee92a"}]}
2026-08-10 23:49:27.517 8 INFO neutron.services.segments.plugin [-] Client error retrieving segment ebe99a7e-39b0-4903-9c0b-5849b65c0cb5 resource provider; error: Placement Client Error (4xx): {"errors": [{"status": 404, "title": "Not Found", "detail": "The resource could not be found.\n\n No resource provider with uuid ebe99a7e-39b0-4903-9c0b-5849b65c0cb5 found for delete ", "request_id": "req-4a63aa81-f5a0-4a87-b5ab-008e5897f768"}]} [pid: 8|app: 0|req: 1613/3188] 10.0.0.100 () {32 vars in 723 bytes} [Mon Aug 10 23:49:27 2026] DELETE /v2.0/subnets/bbe9c9fc-7b87-4df0-ac74-46a7f5d2b87c => generated 0 bytes in 162 msecs (HTTP/1.1 204) 3 headers in 131 bytes (1 switches on core 0)
2026-08-10 23:49:27.627 7 INFO neutron.pecan_wsgi.hooks.translation [None req-69100154-8dbb-40dc-938f-e0ef3dac4d79 03a159f52c93463ba0ee1dafcaf3bea8 93ac442658f24b86a07ffcc3dbcb066a - - default default] GET failed (client error): The resource could not be found. [pid: 7|app: 0|req: 1576/3189] 10.0.0.100 () {32 vars in 720 bytes} [Mon Aug 10 23:49:27 2026] GET /v2.0/subnets/bbe9c9fc-7b87-4df0-ac74-46a7f5d2b87c => generated 136 bytes in 16 msecs (HTTP/1.1 404) 4 headers in 164 bytes (1 switches on core 0) [pid: 8|app: 0|req: 1614/3190] 10.0.0.100 () {32 vars in 723 bytes} [Mon Aug 10 23:49:27 2026] DELETE /v2.0/subnets/72f65da0-e355-4393-9e61-75c6dd659281 => generated 0 bytes in 171 msecs (HTTP/1.1 204) 3 headers in 131 bytes (1 switches on core 0)
2026-08-10 23:49:27.825 7 INFO neutron.pecan_wsgi.hooks.translation [None req-c54f65f8-04d2-4abc-9caa-6ab6190c58ec 03a159f52c93463ba0ee1dafcaf3bea8 93ac442658f24b86a07ffcc3dbcb066a - - default default] GET failed (client error): The resource could not be found. [pid: 7|app: 0|req: 1577/3191] 10.0.0.100 () {32 vars in 720 bytes} [Mon Aug 10 23:49:27 2026] GET /v2.0/subnets/72f65da0-e355-4393-9e61-75c6dd659281 => generated 136 bytes in 17 msecs (HTTP/1.1 404) 4 headers in 164 bytes (1 switches on core 0)
2026-08-10 23:49:27.925 8 INFO neutron_taas.services.taas.taas_plugin [None req-099eb3af-1709-4a2b-baa8-edc6f2738152 03a159f52c93463ba0ee1dafcaf3bea8 93ac442658f24b86a07ffcc3dbcb066a - - default default] TaaS: Handle Delete Port: a9e0ed93-9e51-4f6d-8bdf-37602ad8a8c4
2026-08-10 23:49:27.927 8 INFO neutron_taas.services.taas.tap_mirror_plugin [None req-099eb3af-1709-4a2b-baa8-edc6f2738152 03a159f52c93463ba0ee1dafcaf3bea8 93ac442658f24b86a07ffcc3dbcb066a - - default default] Tap Mirror: Handle Delete Port: a9e0ed93-9e51-4f6d-8bdf-37602ad8a8c4 [pid: 8|app: 0|req: 1615/3192] 10.0.0.100 () {32 vars in 725 bytes} [Mon Aug 10 23:49:27 2026] DELETE /v2.0/networks/975b57c2-629a-4d58-9f51-1834b39f733d => generated 0 bytes in 302 msecs (HTTP/1.1 204) 3 headers in 131 bytes (1 switches on core 0)
2026-08-10 23:49:28.159 7 INFO neutron.pecan_wsgi.hooks.translation [None req-3495d3f9-06ac-48f2-8f94-88536041f649 03a159f52c93463ba0ee1dafcaf3bea8 93ac442658f24b86a07ffcc3dbcb066a - - default default] GET failed (client error): The resource could not be found. [pid: 7|app: 0|req: 1578/3193] 10.0.0.100 () {32 vars in 722 bytes} [Mon Aug 10 23:49:28 2026] GET /v2.0/networks/975b57c2-629a-4d58-9f51-1834b39f733d => generated 138 bytes in 21 msecs (HTTP/1.1 404) 4 headers in 164 bytes (1 switches on core 0) [pid: 8|app: 0|req: 1616/3194] 10.0.0.100 () {32 vars in 723 bytes} [Mon Aug 10 23:49:28 2026] DELETE /v2.0/subnets/a805747a-1054-4f95-ae4b-f13e214c4208 => generated 0 bytes in 183 msecs (HTTP/1.1 204) 3 headers in 131 bytes (1 switches on core 0)
2026-08-10 23:49:28.371 7 INFO neutron.pecan_wsgi.hooks.translation [None req-1d69a090-c04b-486f-8b5a-fb2e8e009852 03a159f52c93463ba0ee1dafcaf3bea8 93ac442658f24b86a07ffcc3dbcb066a - - default default] GET failed (client error): The resource could not be found. [pid: 7|app: 0|req: 1579/3195] 10.0.0.100 () {32 vars in 720 bytes} [Mon Aug 10 23:49:28 2026] GET /v2.0/subnets/a805747a-1054-4f95-ae4b-f13e214c4208 => generated 136 bytes in 16 msecs (HTTP/1.1 404) 4 headers in 164 bytes (1 switches on core 0) [pid: 8|app: 0|req: 1617/3196] 10.0.0.100 () {32 vars in 723 bytes} [Mon Aug 10 23:49:28 2026] DELETE /v2.0/subnets/3a8cf837-ea04-41b6-a833-ad1c3b9c201b => generated 0 bytes in 194 msecs (HTTP/1.1 204) 3 headers in 131 bytes (1 switches on core 0)
2026-08-10 23:49:28.586 7 INFO neutron.pecan_wsgi.hooks.translation [None req-17dc519d-09ac-4076-9413-1279857a557c 03a159f52c93463ba0ee1dafcaf3bea8 93ac442658f24b86a07ffcc3dbcb066a - - default default] GET failed (client error): The resource could not be found. [pid: 7|app: 0|req: 1580/3197] 10.0.0.100 () {32 vars in 720 bytes} [Mon Aug 10 23:49:28 2026] GET /v2.0/subnets/3a8cf837-ea04-41b6-a833-ad1c3b9c201b => generated 136 bytes in 10 msecs (HTTP/1.1 404) 4 headers in 164 bytes (1 switches on core 0)
2026-08-10 23:49:28.679 8 INFO neutron_taas.services.taas.taas_plugin [None req-0ba6a73f-91d6-4b50-8e6b-f4c35fefc446 03a159f52c93463ba0ee1dafcaf3bea8 93ac442658f24b86a07ffcc3dbcb066a - - default default] TaaS: Handle Delete Port: 45358450-3f03-49a0-bcb9-bfc74fdd4e83
2026-08-10 23:49:28.682 8 INFO neutron_taas.services.taas.tap_mirror_plugin [None req-0ba6a73f-91d6-4b50-8e6b-f4c35fefc446 03a159f52c93463ba0ee1dafcaf3bea8 93ac442658f24b86a07ffcc3dbcb066a - - default default] Tap Mirror: Handle Delete Port: 45358450-3f03-49a0-bcb9-bfc74fdd4e83 [pid: 8|app: 0|req: 1618/3198] 10.0.0.100 () {32 vars in 725 bytes} [Mon Aug 10 23:49:28 2026] DELETE /v2.0/networks/56ee6f70-ece6-40f7-ac12-3187b92d8c7c => generated 0 bytes in 260 msecs (HTTP/1.1 204) 3 headers in 131 bytes (1 switches on core 0)
2026-08-10 23:49:28.871 7 INFO neutron.pecan_wsgi.hooks.translation [None req-dde9eee4-6ea4-44e4-959a-717d6a0c3b93 03a159f52c93463ba0ee1dafcaf3bea8 93ac442658f24b86a07ffcc3dbcb066a - - default default] GET failed (client error): The resource could not be found. [pid: 7|app: 0|req: 1581/3199] 10.0.0.100 () {32 vars in 722 bytes} [Mon Aug 10 23:49:28 2026] GET /v2.0/networks/56ee6f70-ece6-40f7-ac12-3187b92d8c7c => generated 138 bytes in 16 msecs (HTTP/1.1 404) 4 headers in 164 bytes (1 switches on core 0) [pid: 8|app: 0|req: 1619/3200] 10.0.0.100 () {32 vars in 723 bytes} [Mon Aug 10 23:49:28 2026] DELETE /v2.0/subnets/15832def-ee57-45d4-9450-1c3158e75ab4 => generated 0 bytes in 155 msecs (HTTP/1.1 204) 3 headers in 131 bytes (1 switches on core 0)
2026-08-10 23:49:29.054 7 INFO neutron.pecan_wsgi.hooks.translation [None req-fea7fc89-8a9d-436e-849c-a3bdd7e983cb 03a159f52c93463ba0ee1dafcaf3bea8 93ac442658f24b86a07ffcc3dbcb066a - - default default] GET failed (client error): The resource could not be found. [pid: 7|app: 0|req: 1582/3201] 10.0.0.100 () {32 vars in 720 bytes} [Mon Aug 10 23:49:29 2026] GET /v2.0/subnets/15832def-ee57-45d4-9450-1c3158e75ab4 => generated 136 bytes in 18 msecs (HTTP/1.1 404) 4 headers in 164 bytes (1 switches on core 0) [pid: 8|app: 0|req: 1620/3202] 10.0.0.100 () {32 vars in 723 bytes} [Mon Aug 10 23:49:29 2026] DELETE /v2.0/subnets/6d993956-e21b-421f-a201-af871d26ffe7 => generated 0 bytes in 142 msecs (HTTP/1.1 204) 3 headers in 131 bytes (1 switches on core 0)
2026-08-10 23:49:29.223 7 INFO neutron.pecan_wsgi.hooks.translation [None req-1b42099e-f7c7-4f02-b6ab-012f131a94c5 03a159f52c93463ba0ee1dafcaf3bea8 93ac442658f24b86a07ffcc3dbcb066a - - default default] GET failed (client error): The resource could not be found. [pid: 7|app: 0|req: 1583/3203] 10.0.0.100 () {32 vars in 720 bytes} [Mon Aug 10 23:49:29 2026] GET /v2.0/subnets/6d993956-e21b-421f-a201-af871d26ffe7 => generated 136 bytes in 19 msecs (HTTP/1.1 404) 4 headers in 164 bytes (1 switches on core 0)
2026-08-10 23:49:29.342 8 INFO neutron_taas.services.taas.taas_plugin [None req-7cdfeda7-e75e-48e7-81fa-911d16dd7654 03a159f52c93463ba0ee1dafcaf3bea8 93ac442658f24b86a07ffcc3dbcb066a - - default default] TaaS: Handle Delete Port: 7c4e026d-1f00-4e34-b396-da784850750f
2026-08-10 23:49:29.348 8 INFO neutron_taas.services.taas.tap_mirror_plugin [None req-7cdfeda7-e75e-48e7-81fa-911d16dd7654 03a159f52c93463ba0ee1dafcaf3bea8 93ac442658f24b86a07ffcc3dbcb066a - - default default] Tap Mirror: Handle Delete Port: 7c4e026d-1f00-4e34-b396-da784850750f
2026-08-10 23:49:29.540 8 INFO neutron.services.segments.plugin [-] Segment 5a6f0414-eab5-443d-82e3-db69f02c670f resource provider aggregate not found
2026-08-10 23:49:29.542 8 INFO neutron.services.segments.plugin [-] Segment 5a6f0414-eab5-443d-82e3-db69f02c670f resource provider aggregate not found
2026-08-10 23:49:29.562 8 INFO neutron.services.segments.plugin [-] Client error retrieving segment 5a6f0414-eab5-443d-82e3-db69f02c670f resource provider; error: Placement Client Error (4xx): {"errors": [{"status": 404, "title": "Not Found", "detail": "The resource could not be found.\n\n No resource provider with uuid 5a6f0414-eab5-443d-82e3-db69f02c670f found for delete ", "request_id": "req-981ecd9f-e6ce-47c9-9169-37b8250ba2a4"}]}
2026-08-10 23:49:29.568 8 INFO neutron.services.segments.plugin [-] Client error retrieving segment 5a6f0414-eab5-443d-82e3-db69f02c670f resource provider; error: Placement Client Error (4xx): {"errors": [{"status": 404, "title": "Not Found", "detail": "The resource could not be found.\n\n No resource provider with uuid 5a6f0414-eab5-443d-82e3-db69f02c670f found for delete ", "request_id": "req-8a895def-b176-4596-a5f6-430f81d3a878"}]}
2026-08-10 23:49:29.583 8 INFO neutron.services.segments.plugin [-] Segment 1d974cda-5815-4eb0-809b-beb5e3f2eb4a resource provider aggregate not found
2026-08-10 23:49:29.597 8 INFO neutron.services.segments.plugin [-] Segment 1d974cda-5815-4eb0-809b-beb5e3f2eb4a resource provider aggregate not found
2026-08-10 23:49:29.606 8 INFO neutron.services.segments.plugin [-] Client error retrieving segment 1d974cda-5815-4eb0-809b-beb5e3f2eb4a resource provider; error: Placement Client Error (4xx): {"errors": [{"status": 404, "title": "Not Found", "detail": "The resource could not be found.\n\n No resource provider with uuid 1d974cda-5815-4eb0-809b-beb5e3f2eb4a found for delete ", "request_id": "req-1c880985-2c3c-474c-8dbb-79fa71fb388d"}]}
2026-08-10 23:49:29.613 8 INFO neutron.services.segments.plugin [-] Client error retrieving segment 1d974cda-5815-4eb0-809b-beb5e3f2eb4a resource provider; error: Placement Client Error (4xx): {"errors": [{"status": 404, "title": "Not Found", "detail": "The resource could not be found.\n\n No resource provider with uuid 1d974cda-5815-4eb0-809b-beb5e3f2eb4a found for delete ", "request_id": "req-11c9369b-d417-46f7-8f98-8ee6c0ca06f9"}]} [pid: 8|app: 0|req: 1621/3204] 10.0.0.100 () {32 vars in 725 bytes} [Mon Aug 10 23:49:29 2026] DELETE /v2.0/networks/e1671c7a-4729-4d2b-8edb-f125c744018e => generated 0 bytes in 396 msecs (HTTP/1.1 204) 3 headers in 131 bytes (1 switches on core 0)
2026-08-10 23:49:29.642 7 INFO neutron.pecan_wsgi.hooks.translation [None req-995cd768-c60e-4d5e-88b5-0cf503707679 03a159f52c93463ba0ee1dafcaf3bea8 93ac442658f24b86a07ffcc3dbcb066a - - default default] GET failed (client error): The resource could not be found. [pid: 7|app: 0|req: 1584/3205] 10.0.0.100 () {32 vars in 722 bytes} [Mon Aug 10 23:49:29 2026] GET /v2.0/networks/e1671c7a-4729-4d2b-8edb-f125c744018e => generated 138 bytes in 14 msecs (HTTP/1.1 404) 4 headers in 164 bytes (1 switches on core 0)
2026-08-10 23:49:31.626 8 INFO neutron.services.segments.plugin [-] Segment d189c518-566b-4887-a4ca-270836290ba9 resource provider aggregate not found
2026-08-10 23:49:31.634 8 INFO neutron.services.segments.plugin [-] Segment d189c518-566b-4887-a4ca-270836290ba9 resource provider aggregate not found
2026-08-10 23:49:31.639 8 INFO neutron.services.segments.plugin [-] Client error retrieving segment d189c518-566b-4887-a4ca-270836290ba9 resource provider; error: Placement Client Error (4xx): {"errors": [{"status": 404, "title": "Not Found", "detail": "The resource could not be found.\n\n No resource provider with uuid d189c518-566b-4887-a4ca-270836290ba9 found for delete ", "request_id": "req-081b27fc-e929-441a-87ca-36ff222be9b2"}]}
