May 06 15:07:08.736616 np0000172281 systemd[1]: Starting devstack@n-api-meta.service - Devstack devstack@n-api-meta.service...
May 06 15:07:08.747140 np0000172281 devstack@n-api-meta.service[108240]: [uWSGI] getting INI configuration from /etc/nova/nova-metadata-uwsgi.ini
May 06 15:07:08.750311 np0000172281 devstack@n-api-meta.service[108240]: *** Starting uWSGI 2.0.24-debian (64bit) on [Wed May 6 15:07:08 2026] ***
May 06 15:07:08.750311 np0000172281 devstack@n-api-meta.service[108240]: compiled with version: 13.2.0 on 17 April 2024 16:23:48
May 06 15:07:08.750311 np0000172281 devstack@n-api-meta.service[108240]: os: Linux-6.8.0-110-generic #110-Ubuntu SMP PREEMPT_DYNAMIC Thu Mar 19 15:09:20 UTC 2026
May 06 15:07:08.750311 np0000172281 devstack@n-api-meta.service[108240]: nodename: np0000172281
May 06 15:07:08.750311 np0000172281 devstack@n-api-meta.service[108240]: machine: x86_64
May 06 15:07:08.750311 np0000172281 devstack@n-api-meta.service[108240]: clock source: unix
May 06 15:07:08.750311 np0000172281 devstack@n-api-meta.service[108240]: pcre jit disabled
May 06 15:07:08.750311 np0000172281 devstack@n-api-meta.service[108240]: detected number of CPU cores: 16
May 06 15:07:08.750311 np0000172281 devstack@n-api-meta.service[108240]: current working directory: /
May 06 15:07:08.750311 np0000172281 devstack@n-api-meta.service[108240]: detected binary path: /usr/bin/uwsgi-core
May 06 15:07:08.750311 np0000172281 devstack@n-api-meta.service[108240]: your processes number limit is 256917
May 06 15:07:08.750311 np0000172281 devstack@n-api-meta.service[108240]: your memory page size is 4096 bytes
May 06 15:07:08.750311 np0000172281 devstack@n-api-meta.service[108240]: detected max file descriptor number: 2048
May 06 15:07:08.750311 np0000172281 devstack@n-api-meta.service[108240]: lock engine: pthread robust mutexes
May 06 15:07:08.751217 np0000172281 devstack@n-api-meta.service[108240]: thunder lock: enabled
May 06 15:07:08.751217 np0000172281 devstack@n-api-meta.service[108240]: uWSGI http bound on 0.0.0.0:8775 fd 5
May 06 15:07:08.751217 np0000172281 devstack@n-api-meta.service[108240]: uwsgi socket 0 bound to TCP address 127.0.0.1:41045 (port auto-assigned) fd 4
May 06 15:07:08.751217 np0000172281 devstack@n-api-meta.service[108240]: Python version: 3.12.3 (main, Mar 23 2026, 19:04:32) [GCC 13.3.0]
May 06 15:07:08.751217 np0000172281 devstack@n-api-meta.service[108240]: PEP 405 virtualenv detected: /opt/stack/data/venv
May 06 15:07:08.751217 np0000172281 devstack@n-api-meta.service[108240]: Set PythonHome to /opt/stack/data/venv
May 06 15:07:08.789385 np0000172281 devstack@n-api-meta.service[108240]: Python main interpreter initialized at 0x7bbcf92a3668
May 06 15:07:08.789385 np0000172281 devstack@n-api-meta.service[108240]: python threads support enabled
May 06 15:07:08.789385 np0000172281 devstack@n-api-meta.service[108240]: your server socket listen backlog is limited to 100 connections
May 06 15:07:08.789385 np0000172281 devstack@n-api-meta.service[108240]: your mercy for graceful operations on workers is 80 seconds
May 06 15:07:08.789844 np0000172281 devstack@n-api-meta.service[108240]: mapped 671795 bytes (656 KB) for 4 cores
May 06 15:07:08.790011 np0000172281 devstack@n-api-meta.service[108240]: *** Operational MODE: preforking ***
May 06 15:07:08.790230 np0000172281 devstack@n-api-meta.service[108240]: *** uWSGI is running in multiple interpreter mode ***
May 06 15:07:08.790230 np0000172281 devstack@n-api-meta.service[108240]: spawned uWSGI master process (pid: 108240)
May 06 15:07:08.790321 np0000172281 systemd[1]: Started devstack@n-api-meta.service - Devstack devstack@n-api-meta.service.
May 06 15:07:08.790895 np0000172281 devstack@n-api-meta.service[108240]: spawned uWSGI worker 1 (pid: 108241, cores: 1)
May 06 15:07:08.791414 np0000172281 devstack@n-api-meta.service[108240]: spawned uWSGI worker 2 (pid: 108242, cores: 1)
May 06 15:07:08.791871 np0000172281 devstack@n-api-meta.service[108240]: spawned uWSGI worker 3 (pid: 108243, cores: 1)
May 06 15:07:08.792366 np0000172281 devstack@n-api-meta.service[108240]: spawned uWSGI worker 4 (pid: 108244, cores: 1)
May 06 15:07:08.792870 np0000172281 devstack@n-api-meta.service[108240]: spawned uWSGI http 1 (pid: 108245)
May 06 15:07:08.792870 np0000172281 devstack@n-api-meta.service[108240]: running "unix_signal:15 gracefully_kill_them_all" (master-start)...
May 06 15:07:09.111132 np0000172281 devstack@n-api-meta.service[108242]: /opt/stack/data/venv/lib/python3.12/site-packages/oslo_concurrency/lockutils.py:41: EventletDeprecationWarning:
May 06 15:07:09.111132 np0000172281 devstack@n-api-meta.service[108242]: Eventlet is deprecated. It is currently being maintained in bugfix mode, and
May 06 15:07:09.111132 np0000172281 devstack@n-api-meta.service[108242]: we strongly recommend against using it for new projects.
May 06 15:07:09.111132 np0000172281 devstack@n-api-meta.service[108242]: If you are already using Eventlet, we recommend migrating to a different
May 06 15:07:09.111132 np0000172281 devstack@n-api-meta.service[108242]: framework. For more detail see
May 06 15:07:09.111132 np0000172281 devstack@n-api-meta.service[108242]: https://eventlet.readthedocs.io/en/latest/asyncio/migration.html
May 06 15:07:09.111132 np0000172281 devstack@n-api-meta.service[108242]: import eventlet
May 06 15:07:09.114152 np0000172281 devstack@n-api-meta.service[108241]: /opt/stack/data/venv/lib/python3.12/site-packages/oslo_concurrency/lockutils.py:41: EventletDeprecationWarning:
May 06 15:07:09.114152 np0000172281 devstack@n-api-meta.service[108241]: Eventlet is deprecated. It is currently being maintained in bugfix mode, and
May 06 15:07:09.114152 np0000172281 devstack@n-api-meta.service[108241]: we strongly recommend against using it for new projects.
May 06 15:07:09.114152 np0000172281 devstack@n-api-meta.service[108241]: If you are already using Eventlet, we recommend migrating to a different
May 06 15:07:09.114152 np0000172281 devstack@n-api-meta.service[108241]: framework. For more detail see
May 06 15:07:09.114152 np0000172281 devstack@n-api-meta.service[108241]: https://eventlet.readthedocs.io/en/latest/asyncio/migration.html
May 06 15:07:09.114152 np0000172281 devstack@n-api-meta.service[108241]: import eventlet
May 06 15:07:09.125519 np0000172281 devstack@n-api-meta.service[108243]: /opt/stack/data/venv/lib/python3.12/site-packages/oslo_concurrency/lockutils.py:41: EventletDeprecationWarning:
May 06 15:07:09.125519 np0000172281 devstack@n-api-meta.service[108243]: Eventlet is deprecated. It is currently being maintained in bugfix mode, and
May 06 15:07:09.125519 np0000172281 devstack@n-api-meta.service[108243]: we strongly recommend against using it for new projects.
May 06 15:07:09.125519 np0000172281 devstack@n-api-meta.service[108243]: If you are already using Eventlet, we recommend migrating to a different
May 06 15:07:09.125519 np0000172281 devstack@n-api-meta.service[108243]: framework. For more detail see
May 06 15:07:09.125519 np0000172281 devstack@n-api-meta.service[108243]: https://eventlet.readthedocs.io/en/latest/asyncio/migration.html
May 06 15:07:09.125519 np0000172281 devstack@n-api-meta.service[108243]: import eventlet
May 06 15:07:09.147350 np0000172281 devstack@n-api-meta.service[108244]: /opt/stack/data/venv/lib/python3.12/site-packages/oslo_concurrency/lockutils.py:41: EventletDeprecationWarning:
May 06 15:07:09.147350 np0000172281 devstack@n-api-meta.service[108244]: Eventlet is deprecated. It is currently being maintained in bugfix mode, and
May 06 15:07:09.147350 np0000172281 devstack@n-api-meta.service[108244]: we strongly recommend against using it for new projects.
May 06 15:07:09.147350 np0000172281 devstack@n-api-meta.service[108244]: If you are already using Eventlet, we recommend migrating to a different
May 06 15:07:09.147350 np0000172281 devstack@n-api-meta.service[108244]: framework. For more detail see
May 06 15:07:09.147350 np0000172281 devstack@n-api-meta.service[108244]: https://eventlet.readthedocs.io/en/latest/asyncio/migration.html
May 06 15:07:09.147350 np0000172281 devstack@n-api-meta.service[108244]: import eventlet
May 06 15:07:09.159646 np0000172281 devstack@n-api-meta.service[108242]: Service is starting with native threading. This is currently experimental. Do not use it in production without first testing it in pre-production.
May 06 15:07:09.161567 np0000172281 devstack@n-api-meta.service[108241]: Service is starting with native threading. This is currently experimental. Do not use it in production without first testing it in pre-production.
May 06 15:07:09.175429 np0000172281 devstack@n-api-meta.service[108243]: Service is starting with native threading. This is currently experimental. Do not use it in production without first testing it in pre-production.
May 06 15:07:09.194686 np0000172281 devstack@n-api-meta.service[108244]: Service is starting with native threading. This is currently experimental. Do not use it in production without first testing it in pre-production.
May 06 15:07:10.551234 np0000172281 devstack@n-api-meta.service[108242]: INFO dbcounter [None req-f9ab5dea-1b04-4c64-a00e-19e4efeee033 None None] Registered counter for database nova_api
May 06 15:07:10.570578 np0000172281 devstack@n-api-meta.service[108242]: DEBUG oslo_db.sqlalchemy.engines [None req-f9ab5dea-1b04-4c64-a00e-19e4efeee033 None None] MySQL server mode set to STRICT_TRANS_TABLES,STRICT_ALL_TABLES,NO_ZERO_IN_DATE,NO_ZERO_DATE,ERROR_FOR_DIVISION_BY_ZERO,TRADITIONAL,NO_ENGINE_SUBSTITUTION {{(pid=108242) _check_effective_sql_mode /opt/stack/data/venv/lib/python3.12/site-packages/oslo_db/sqlalchemy/engines.py:325}}
May 06 15:07:10.598194 np0000172281 devstack@n-api-meta.service[108241]: INFO dbcounter [None req-7b6d58a8-ecf8-4336-afaa-501719b4416a None None] Registered counter for database nova_api
May 06 15:07:10.605590 np0000172281 devstack@n-api-meta.service[108242]: DEBUG dbcounter [-] [108242] Writer thread running {{(pid=108242) stat_writer /opt/stack/data/venv/lib/python3.12/site-packages/dbcounter.py:102}}
May 06 15:07:10.608091 np0000172281 devstack@n-api-meta.service[108242]: DEBUG nova.context [None req-f9ab5dea-1b04-4c64-a00e-19e4efeee033 None None] Found 2 cells: 00000000-0000-0000-0000-000000000000(cell0),7ac8bb2b-8202-476e-b4ef-d50fc88515f7(cell1) {{(pid=108242) load_cells /opt/stack/nova/nova/context.py:509}}
May 06 15:07:10.608310 np0000172281 devstack@n-api-meta.service[108242]: INFO nova.utils [None req-f9ab5dea-1b04-4c64-a00e-19e4efeee033 None None] The cell worker thread pool MainProcess.cell_worker is initialized
May 06 15:07:10.608798 np0000172281 devstack@n-api-meta.service[108244]: INFO dbcounter [None req-24cc6be7-38d9-48bd-b032-267ca5b4ba0f None None] Registered counter for database nova_api
May 06 15:07:10.610043 np0000172281 devstack@n-api-meta.service[108242]: DEBUG oslo_concurrency.lockutils [None req-f9ab5dea-1b04-4c64-a00e-19e4efeee033 None None] Acquiring lock "00000000-0000-0000-0000-000000000000" by "nova.context.set_target_cell..get_or_set_cached_cell_and_set_connections" {{(pid=108242) inner /opt/stack/data/venv/lib/python3.12/site-packages/oslo_concurrency/lockutils.py:506}}
May 06 15:07:10.610225 np0000172281 devstack@n-api-meta.service[108242]: DEBUG oslo_concurrency.lockutils [None req-f9ab5dea-1b04-4c64-a00e-19e4efeee033 None None] Lock "00000000-0000-0000-0000-000000000000" acquired by "nova.context.set_target_cell..get_or_set_cached_cell_and_set_connections" :: waited 0.000s {{(pid=108242) inner /opt/stack/data/venv/lib/python3.12/site-packages/oslo_concurrency/lockutils.py:519}}
May 06 15:07:10.610558 np0000172281 devstack@n-api-meta.service[108242]: DEBUG oslo_concurrency.lockutils [None req-f9ab5dea-1b04-4c64-a00e-19e4efeee033 None None] Lock "00000000-0000-0000-0000-000000000000" "released" by "nova.context.set_target_cell..get_or_set_cached_cell_and_set_connections" :: held 0.000s {{(pid=108242) inner /opt/stack/data/venv/lib/python3.12/site-packages/oslo_concurrency/lockutils.py:538}}
May 06 15:07:10.611147 np0000172281 devstack@n-api-meta.service[108242]: DEBUG oslo_concurrency.lockutils [None req-f9ab5dea-1b04-4c64-a00e-19e4efeee033 None None] Acquiring lock "7ac8bb2b-8202-476e-b4ef-d50fc88515f7" by "nova.context.set_target_cell..get_or_set_cached_cell_and_set_connections" {{(pid=108242) inner /opt/stack/data/venv/lib/python3.12/site-packages/oslo_concurrency/lockutils.py:506}}
May 06 15:07:10.611286 np0000172281 devstack@n-api-meta.service[108242]: DEBUG oslo_concurrency.lockutils [None req-f9ab5dea-1b04-4c64-a00e-19e4efeee033 None None] Lock "7ac8bb2b-8202-476e-b4ef-d50fc88515f7" acquired by "nova.context.set_target_cell..get_or_set_cached_cell_and_set_connections" :: waited 0.000s {{(pid=108242) inner /opt/stack/data/venv/lib/python3.12/site-packages/oslo_concurrency/lockutils.py:519}}
May 06 15:07:10.614207 np0000172281 devstack@n-api-meta.service[108242]: INFO dbcounter [None req-f9ab5dea-1b04-4c64-a00e-19e4efeee033 None None] Registered counter for database nova_cell0
May 06 15:07:10.616496 np0000172281 devstack@n-api-meta.service[108242]: DEBUG oslo_concurrency.lockutils [None req-f9ab5dea-1b04-4c64-a00e-19e4efeee033 None None] Lock "7ac8bb2b-8202-476e-b4ef-d50fc88515f7" "released" by "nova.context.set_target_cell..get_or_set_cached_cell_and_set_connections" :: held 0.002s {{(pid=108242) inner /opt/stack/data/venv/lib/python3.12/site-packages/oslo_concurrency/lockutils.py:538}}
May 06 15:07:10.617561 np0000172281 devstack@n-api-meta.service[108243]: INFO dbcounter [None req-6437b2d8-d584-468e-8f6d-e9e4b2380b15 None None] Registered counter for database nova_api
May 06 15:07:10.620138 np0000172281 devstack@n-api-meta.service[108242]: INFO dbcounter [None req-f9ab5dea-1b04-4c64-a00e-19e4efeee033 None None] Registered counter for database nova_cell1
May 06 15:07:10.621502 np0000172281 devstack@n-api-meta.service[108241]: DEBUG oslo_db.sqlalchemy.engines [None req-7b6d58a8-ecf8-4336-afaa-501719b4416a None None] MySQL server mode set to STRICT_TRANS_TABLES,STRICT_ALL_TABLES,NO_ZERO_IN_DATE,NO_ZERO_DATE,ERROR_FOR_DIVISION_BY_ZERO,TRADITIONAL,NO_ENGINE_SUBSTITUTION {{(pid=108241) _check_effective_sql_mode /opt/stack/data/venv/lib/python3.12/site-packages/oslo_db/sqlalchemy/engines.py:325}}
May 06 15:07:10.625475 np0000172281 devstack@n-api-meta.service[108244]: DEBUG oslo_db.sqlalchemy.engines [None req-24cc6be7-38d9-48bd-b032-267ca5b4ba0f None None] MySQL server mode set to STRICT_TRANS_TABLES,STRICT_ALL_TABLES,NO_ZERO_IN_DATE,NO_ZERO_DATE,ERROR_FOR_DIVISION_BY_ZERO,TRADITIONAL,NO_ENGINE_SUBSTITUTION {{(pid=108244) _check_effective_sql_mode /opt/stack/data/venv/lib/python3.12/site-packages/oslo_db/sqlalchemy/engines.py:325}}
May 06 15:07:10.630824 np0000172281 devstack@n-api-meta.service[108242]: DEBUG oslo_db.sqlalchemy.engines [None req-f9ab5dea-1b04-4c64-a00e-19e4efeee033 None None] MySQL server mode set to STRICT_TRANS_TABLES,STRICT_ALL_TABLES,NO_ZERO_IN_DATE,NO_ZERO_DATE,ERROR_FOR_DIVISION_BY_ZERO,TRADITIONAL,NO_ENGINE_SUBSTITUTION {{(pid=108242) _check_effective_sql_mode /opt/stack/data/venv/lib/python3.12/site-packages/oslo_db/sqlalchemy/engines.py:325}}
May 06 15:07:10.643616 np0000172281 devstack@n-api-meta.service[108243]: DEBUG oslo_db.sqlalchemy.engines [None req-6437b2d8-d584-468e-8f6d-e9e4b2380b15 None None] MySQL server mode set to STRICT_TRANS_TABLES,STRICT_ALL_TABLES,NO_ZERO_IN_DATE,NO_ZERO_DATE,ERROR_FOR_DIVISION_BY_ZERO,TRADITIONAL,NO_ENGINE_SUBSTITUTION {{(pid=108243) _check_effective_sql_mode /opt/stack/data/venv/lib/python3.12/site-packages/oslo_db/sqlalchemy/engines.py:325}}
May 06 15:07:10.648470 np0000172281 devstack@n-api-meta.service[108242]: DEBUG oslo_db.sqlalchemy.engines [None req-f9ab5dea-1b04-4c64-a00e-19e4efeee033 None None] MySQL server mode set to STRICT_TRANS_TABLES,STRICT_ALL_TABLES,NO_ZERO_IN_DATE,NO_ZERO_DATE,ERROR_FOR_DIVISION_BY_ZERO,TRADITIONAL,NO_ENGINE_SUBSTITUTION {{(pid=108242) _check_effective_sql_mode /opt/stack/data/venv/lib/python3.12/site-packages/oslo_db/sqlalchemy/engines.py:325}}
May 06 15:07:10.657821 np0000172281 devstack@n-api-meta.service[108244]: DEBUG dbcounter [-] [108244] Writer thread running {{(pid=108244) stat_writer /opt/stack/data/venv/lib/python3.12/site-packages/dbcounter.py:102}}
May 06 15:07:10.658224 np0000172281 devstack@n-api-meta.service[108241]: DEBUG dbcounter [-] [108241] Writer thread running {{(pid=108241) stat_writer /opt/stack/data/venv/lib/python3.12/site-packages/dbcounter.py:102}}
May 06 15:07:10.660188 np0000172281 devstack@n-api-meta.service[108244]: DEBUG nova.context [None req-24cc6be7-38d9-48bd-b032-267ca5b4ba0f None None] Found 2 cells: 00000000-0000-0000-0000-000000000000(cell0),7ac8bb2b-8202-476e-b4ef-d50fc88515f7(cell1) {{(pid=108244) load_cells /opt/stack/nova/nova/context.py:509}}
May 06 15:07:10.660399 np0000172281 devstack@n-api-meta.service[108244]: INFO nova.utils [None req-24cc6be7-38d9-48bd-b032-267ca5b4ba0f None None] The cell worker thread pool MainProcess.cell_worker is initialized
May 06 15:07:10.660647 np0000172281 devstack@n-api-meta.service[108241]: DEBUG nova.context [None req-7b6d58a8-ecf8-4336-afaa-501719b4416a None None] Found 2 cells: 00000000-0000-0000-0000-000000000000(cell0),7ac8bb2b-8202-476e-b4ef-d50fc88515f7(cell1) {{(pid=108241) load_cells /opt/stack/nova/nova/context.py:509}}
May 06 15:07:10.660879 np0000172281 devstack@n-api-meta.service[108241]: INFO nova.utils [None req-7b6d58a8-ecf8-4336-afaa-501719b4416a None None] The cell worker thread pool MainProcess.cell_worker is initialized
May 06 15:07:10.662113 np0000172281 devstack@n-api-meta.service[108244]: DEBUG oslo_concurrency.lockutils [None req-24cc6be7-38d9-48bd-b032-267ca5b4ba0f None None] Acquiring lock "00000000-0000-0000-0000-000000000000" by "nova.context.set_target_cell..get_or_set_cached_cell_and_set_connections" {{(pid=108244) inner /opt/stack/data/venv/lib/python3.12/site-packages/oslo_concurrency/lockutils.py:506}}
May 06 15:07:10.662267 np0000172281 devstack@n-api-meta.service[108244]: DEBUG oslo_concurrency.lockutils [None req-24cc6be7-38d9-48bd-b032-267ca5b4ba0f None None] Lock "00000000-0000-0000-0000-000000000000" acquired by "nova.context.set_target_cell..get_or_set_cached_cell_and_set_connections" :: waited 0.000s {{(pid=108244) inner /opt/stack/data/venv/lib/python3.12/site-packages/oslo_concurrency/lockutils.py:519}}
May 06 15:07:10.662610 np0000172281 devstack@n-api-meta.service[108241]: DEBUG oslo_concurrency.lockutils [None req-7b6d58a8-ecf8-4336-afaa-501719b4416a None None] Acquiring lock "00000000-0000-0000-0000-000000000000" by "nova.context.set_target_cell..get_or_set_cached_cell_and_set_connections" {{(pid=108241) inner /opt/stack/data/venv/lib/python3.12/site-packages/oslo_concurrency/lockutils.py:506}}
May 06 15:07:10.662697 np0000172281 devstack@n-api-meta.service[108244]: DEBUG oslo_concurrency.lockutils [None req-24cc6be7-38d9-48bd-b032-267ca5b4ba0f None None] Lock "00000000-0000-0000-0000-000000000000" "released" by "nova.context.set_target_cell..get_or_set_cached_cell_and_set_connections" :: held 0.000s {{(pid=108244) inner /opt/stack/data/venv/lib/python3.12/site-packages/oslo_concurrency/lockutils.py:538}}
May 06 15:07:10.662782 np0000172281 devstack@n-api-meta.service[108241]: DEBUG oslo_concurrency.lockutils [None req-7b6d58a8-ecf8-4336-afaa-501719b4416a None None] Lock "00000000-0000-0000-0000-000000000000" acquired by "nova.context.set_target_cell..get_or_set_cached_cell_and_set_connections" :: waited 0.000s {{(pid=108241) inner /opt/stack/data/venv/lib/python3.12/site-packages/oslo_concurrency/lockutils.py:519}}
May 06 15:07:10.663147 np0000172281 devstack@n-api-meta.service[108241]: DEBUG oslo_concurrency.lockutils [None req-7b6d58a8-ecf8-4336-afaa-501719b4416a None None] Lock "00000000-0000-0000-0000-000000000000" "released" by "nova.context.set_target_cell..get_or_set_cached_cell_and_set_connections" :: held 0.000s {{(pid=108241) inner /opt/stack/data/venv/lib/python3.12/site-packages/oslo_concurrency/lockutils.py:538}}
May 06 15:07:10.663337 np0000172281 devstack@n-api-meta.service[108244]: DEBUG oslo_concurrency.lockutils [None req-24cc6be7-38d9-48bd-b032-267ca5b4ba0f None None] Acquiring lock "7ac8bb2b-8202-476e-b4ef-d50fc88515f7" by "nova.context.set_target_cell..get_or_set_cached_cell_and_set_connections" {{(pid=108244) inner /opt/stack/data/venv/lib/python3.12/site-packages/oslo_concurrency/lockutils.py:506}}
May 06 15:07:10.663470 np0000172281 devstack@n-api-meta.service[108244]: DEBUG oslo_concurrency.lockutils [None req-24cc6be7-38d9-48bd-b032-267ca5b4ba0f None None] Lock "7ac8bb2b-8202-476e-b4ef-d50fc88515f7" acquired by "nova.context.set_target_cell..get_or_set_cached_cell_and_set_connections" :: waited 0.000s {{(pid=108244) inner /opt/stack/data/venv/lib/python3.12/site-packages/oslo_concurrency/lockutils.py:519}}
May 06 15:07:10.663894 np0000172281 devstack@n-api-meta.service[108241]: DEBUG oslo_concurrency.lockutils [None req-7b6d58a8-ecf8-4336-afaa-501719b4416a None None] Acquiring lock "7ac8bb2b-8202-476e-b4ef-d50fc88515f7" by "nova.context.set_target_cell..get_or_set_cached_cell_and_set_connections" {{(pid=108241) inner /opt/stack/data/venv/lib/python3.12/site-packages/oslo_concurrency/lockutils.py:506}}
May 06 15:07:10.664027 np0000172281 devstack@n-api-meta.service[108241]: DEBUG oslo_concurrency.lockutils [None req-7b6d58a8-ecf8-4336-afaa-501719b4416a None None] Lock "7ac8bb2b-8202-476e-b4ef-d50fc88515f7" acquired by "nova.context.set_target_cell..get_or_set_cached_cell_and_set_connections" :: waited 0.000s {{(pid=108241) inner /opt/stack/data/venv/lib/python3.12/site-packages/oslo_concurrency/lockutils.py:519}}
May 06 15:07:10.664336 np0000172281 devstack@n-api-meta.service[108244]: DEBUG oslo_concurrency.lockutils [None req-24cc6be7-38d9-48bd-b032-267ca5b4ba0f None None] Lock "7ac8bb2b-8202-476e-b4ef-d50fc88515f7" "released" by "nova.context.set_target_cell..get_or_set_cached_cell_and_set_connections" :: held 0.001s {{(pid=108244) inner /opt/stack/data/venv/lib/python3.12/site-packages/oslo_concurrency/lockutils.py:538}}
May 06 15:07:10.664917 np0000172281 devstack@n-api-meta.service[108241]: DEBUG oslo_concurrency.lockutils [None req-7b6d58a8-ecf8-4336-afaa-501719b4416a None None] Lock "7ac8bb2b-8202-476e-b4ef-d50fc88515f7" "released" by "nova.context.set_target_cell..get_or_set_cached_cell_and_set_connections" :: held 0.001s {{(pid=108241) inner /opt/stack/data/venv/lib/python3.12/site-packages/oslo_concurrency/lockutils.py:538}}
May 06 15:07:10.667323 np0000172281 devstack@n-api-meta.service[108244]: INFO dbcounter [None req-24cc6be7-38d9-48bd-b032-267ca5b4ba0f None None] Registered counter for database nova_cell0
May 06 15:07:10.667965 np0000172281 devstack@n-api-meta.service[108241]: INFO dbcounter [None req-7b6d58a8-ecf8-4336-afaa-501719b4416a None None] Registered counter for database nova_cell0
May 06 15:07:10.673049 np0000172281 devstack@n-api-meta.service[108244]: INFO dbcounter [None req-24cc6be7-38d9-48bd-b032-267ca5b4ba0f None None] Registered counter for database nova_cell1
May 06 15:07:10.673214 np0000172281 devstack@n-api-meta.service[108241]: INFO dbcounter [None req-7b6d58a8-ecf8-4336-afaa-501719b4416a None None] Registered counter for database nova_cell1
May 06 15:07:10.678576 np0000172281 devstack@n-api-meta.service[108243]: DEBUG dbcounter [-] [108243] Writer thread running {{(pid=108243) stat_writer /opt/stack/data/venv/lib/python3.12/site-packages/dbcounter.py:102}}
May 06 15:07:10.680993 np0000172281 devstack@n-api-meta.service[108243]: DEBUG nova.context [None req-6437b2d8-d584-468e-8f6d-e9e4b2380b15 None None] Found 2 cells: 00000000-0000-0000-0000-000000000000(cell0),7ac8bb2b-8202-476e-b4ef-d50fc88515f7(cell1) {{(pid=108243) load_cells /opt/stack/nova/nova/context.py:509}}
May 06 15:07:10.681238 np0000172281 devstack@n-api-meta.service[108243]: INFO nova.utils [None req-6437b2d8-d584-468e-8f6d-e9e4b2380b15 None None] The cell worker thread pool MainProcess.cell_worker is initialized
May 06 15:07:10.682658 np0000172281 devstack@n-api-meta.service[108241]: DEBUG oslo_db.sqlalchemy.engines [None req-7b6d58a8-ecf8-4336-afaa-501719b4416a None None] MySQL server mode set to STRICT_TRANS_TABLES,STRICT_ALL_TABLES,NO_ZERO_IN_DATE,NO_ZERO_DATE,ERROR_FOR_DIVISION_BY_ZERO,TRADITIONAL,NO_ENGINE_SUBSTITUTION {{(pid=108241) _check_effective_sql_mode /opt/stack/data/venv/lib/python3.12/site-packages/oslo_db/sqlalchemy/engines.py:325}}
May 06 15:07:10.682987 np0000172281 devstack@n-api-meta.service[108243]: DEBUG oslo_concurrency.lockutils [None req-6437b2d8-d584-468e-8f6d-e9e4b2380b15 None None] Acquiring lock "00000000-0000-0000-0000-000000000000" by "nova.context.set_target_cell..get_or_set_cached_cell_and_set_connections" {{(pid=108243) inner /opt/stack/data/venv/lib/python3.12/site-packages/oslo_concurrency/lockutils.py:506}}
May 06 15:07:10.683169 np0000172281 devstack@n-api-meta.service[108243]: DEBUG oslo_concurrency.lockutils [None req-6437b2d8-d584-468e-8f6d-e9e4b2380b15 None None] Lock "00000000-0000-0000-0000-000000000000" acquired by "nova.context.set_target_cell..get_or_set_cached_cell_and_set_connections" :: waited 0.000s {{(pid=108243) inner /opt/stack/data/venv/lib/python3.12/site-packages/oslo_concurrency/lockutils.py:519}}
May 06 15:07:10.683570 np0000172281 devstack@n-api-meta.service[108243]: DEBUG oslo_concurrency.lockutils [None req-6437b2d8-d584-468e-8f6d-e9e4b2380b15 None None] Lock "00000000-0000-0000-0000-000000000000" "released" by "nova.context.set_target_cell..get_or_set_cached_cell_and_set_connections" :: held 0.000s {{(pid=108243) inner /opt/stack/data/venv/lib/python3.12/site-packages/oslo_concurrency/lockutils.py:538}}
May 06 15:07:10.684205 np0000172281 devstack@n-api-meta.service[108243]: DEBUG oslo_concurrency.lockutils [None req-6437b2d8-d584-468e-8f6d-e9e4b2380b15 None None] Acquiring lock "7ac8bb2b-8202-476e-b4ef-d50fc88515f7" by "nova.context.set_target_cell..get_or_set_cached_cell_and_set_connections" {{(pid=108243) inner /opt/stack/data/venv/lib/python3.12/site-packages/oslo_concurrency/lockutils.py:506}}
May 06 15:07:10.684340 np0000172281 devstack@n-api-meta.service[108243]: DEBUG oslo_concurrency.lockutils [None req-6437b2d8-d584-468e-8f6d-e9e4b2380b15 None None] Lock "7ac8bb2b-8202-476e-b4ef-d50fc88515f7" acquired by "nova.context.set_target_cell..get_or_set_cached_cell_and_set_connections" :: waited 0.000s {{(pid=108243) inner /opt/stack/data/venv/lib/python3.12/site-packages/oslo_concurrency/lockutils.py:519}}
May 06 15:07:10.685168 np0000172281 devstack@n-api-meta.service[108243]: DEBUG oslo_concurrency.lockutils [None req-6437b2d8-d584-468e-8f6d-e9e4b2380b15 None None] Lock "7ac8bb2b-8202-476e-b4ef-d50fc88515f7" "released" by "nova.context.set_target_cell..get_or_set_cached_cell_and_set_connections" :: held 0.001s {{(pid=108243) inner /opt/stack/data/venv/lib/python3.12/site-packages/oslo_concurrency/lockutils.py:538}}
May 06 15:07:10.689112 np0000172281 devstack@n-api-meta.service[108243]: INFO dbcounter [None req-6437b2d8-d584-468e-8f6d-e9e4b2380b15 None None] Registered counter for database nova_cell0
May 06 15:07:10.693473 np0000172281 devstack@n-api-meta.service[108244]: DEBUG oslo_db.sqlalchemy.engines [None req-24cc6be7-38d9-48bd-b032-267ca5b4ba0f None None] MySQL server mode set to STRICT_TRANS_TABLES,STRICT_ALL_TABLES,NO_ZERO_IN_DATE,NO_ZERO_DATE,ERROR_FOR_DIVISION_BY_ZERO,TRADITIONAL,NO_ENGINE_SUBSTITUTION {{(pid=108244) _check_effective_sql_mode /opt/stack/data/venv/lib/python3.12/site-packages/oslo_db/sqlalchemy/engines.py:325}}
May 06 15:07:10.694899 np0000172281 devstack@n-api-meta.service[108243]: INFO dbcounter [None req-6437b2d8-d584-468e-8f6d-e9e4b2380b15 None None] Registered counter for database nova_cell1
May 06 15:07:10.695779 np0000172281 devstack@n-api-meta.service[108241]: DEBUG oslo_db.sqlalchemy.engines [None req-7b6d58a8-ecf8-4336-afaa-501719b4416a None None] MySQL server mode set to STRICT_TRANS_TABLES,STRICT_ALL_TABLES,NO_ZERO_IN_DATE,NO_ZERO_DATE,ERROR_FOR_DIVISION_BY_ZERO,TRADITIONAL,NO_ENGINE_SUBSTITUTION {{(pid=108241) _check_effective_sql_mode /opt/stack/data/venv/lib/python3.12/site-packages/oslo_db/sqlalchemy/engines.py:325}}
May 06 15:07:10.697765 np0000172281 devstack@n-api-meta.service[108244]: DEBUG oslo_db.sqlalchemy.engines [None req-24cc6be7-38d9-48bd-b032-267ca5b4ba0f None None] MySQL server mode set to STRICT_TRANS_TABLES,STRICT_ALL_TABLES,NO_ZERO_IN_DATE,NO_ZERO_DATE,ERROR_FOR_DIVISION_BY_ZERO,TRADITIONAL,NO_ENGINE_SUBSTITUTION {{(pid=108244) _check_effective_sql_mode /opt/stack/data/venv/lib/python3.12/site-packages/oslo_db/sqlalchemy/engines.py:325}}
May 06 15:07:10.706792 np0000172281 devstack@n-api-meta.service[108243]: DEBUG oslo_db.sqlalchemy.engines [None req-6437b2d8-d584-468e-8f6d-e9e4b2380b15 None None] MySQL server mode set to STRICT_TRANS_TABLES,STRICT_ALL_TABLES,NO_ZERO_IN_DATE,NO_ZERO_DATE,ERROR_FOR_DIVISION_BY_ZERO,TRADITIONAL,NO_ENGINE_SUBSTITUTION {{(pid=108243) _check_effective_sql_mode /opt/stack/data/venv/lib/python3.12/site-packages/oslo_db/sqlalchemy/engines.py:325}}
May 06 15:07:10.722797 np0000172281 devstack@n-api-meta.service[108243]: DEBUG oslo_db.sqlalchemy.engines [None req-6437b2d8-d584-468e-8f6d-e9e4b2380b15 None None] MySQL server mode set to STRICT_TRANS_TABLES,STRICT_ALL_TABLES,NO_ZERO_IN_DATE,NO_ZERO_DATE,ERROR_FOR_DIVISION_BY_ZERO,TRADITIONAL,NO_ENGINE_SUBSTITUTION {{(pid=108243) _check_effective_sql_mode /opt/stack/data/venv/lib/python3.12/site-packages/oslo_db/sqlalchemy/engines.py:325}}
May 06 15:07:10.730294 np0000172281 devstack@n-api-meta.service[108242]: DEBUG dbcounter [-] [108242] Writer thread running {{(pid=108242) stat_writer /opt/stack/data/venv/lib/python3.12/site-packages/dbcounter.py:102}}
May 06 15:07:10.738581 np0000172281 devstack@n-api-meta.service[108242]: DEBUG dbcounter [-] [108242] Writer thread running {{(pid=108242) stat_writer /opt/stack/data/venv/lib/python3.12/site-packages/dbcounter.py:102}}
May 06 15:07:10.744043 np0000172281 devstack@n-api-meta.service[108242]: INFO dbcounter [None req-f9ab5dea-1b04-4c64-a00e-19e4efeee033 None None] Registered counter for database nova_cell0
May 06 15:07:10.755174 np0000172281 devstack@n-api-meta.service[108242]: DEBUG oslo_db.sqlalchemy.engines [None req-f9ab5dea-1b04-4c64-a00e-19e4efeee033 None None] MySQL server mode set to STRICT_TRANS_TABLES,STRICT_ALL_TABLES,NO_ZERO_IN_DATE,NO_ZERO_DATE,ERROR_FOR_DIVISION_BY_ZERO,TRADITIONAL,NO_ENGINE_SUBSTITUTION {{(pid=108242) _check_effective_sql_mode /opt/stack/data/venv/lib/python3.12/site-packages/oslo_db/sqlalchemy/engines.py:325}}
May 06 15:07:10.765878 np0000172281 devstack@n-api-meta.service[108242]: DEBUG dbcounter [-] [108242] Writer thread running {{(pid=108242) stat_writer /opt/stack/data/venv/lib/python3.12/site-packages/dbcounter.py:102}}
May 06 15:07:10.794258 np0000172281 devstack@n-api-meta.service[108244]: DEBUG dbcounter [-] [108244] Writer thread running {{(pid=108244) stat_writer /opt/stack/data/venv/lib/python3.12/site-packages/dbcounter.py:102}}
May 06 15:07:10.795724 np0000172281 devstack@n-api-meta.service[108241]: DEBUG dbcounter [-] [108241] Writer thread running {{(pid=108241) stat_writer /opt/stack/data/venv/lib/python3.12/site-packages/dbcounter.py:102}}
May 06 15:07:10.796257 np0000172281 devstack@n-api-meta.service[108244]: DEBUG dbcounter [-] [108244] Writer thread running {{(pid=108244) stat_writer /opt/stack/data/venv/lib/python3.12/site-packages/dbcounter.py:102}}
May 06 15:07:10.796490 np0000172281 devstack@n-api-meta.service[108241]: DEBUG dbcounter [-] [108241] Writer thread running {{(pid=108241) stat_writer /opt/stack/data/venv/lib/python3.12/site-packages/dbcounter.py:102}}
May 06 15:07:10.801663 np0000172281 devstack@n-api-meta.service[108244]: INFO dbcounter [None req-24cc6be7-38d9-48bd-b032-267ca5b4ba0f None None] Registered counter for database nova_cell0
May 06 15:07:10.801810 np0000172281 devstack@n-api-meta.service[108241]: INFO dbcounter [None req-7b6d58a8-ecf8-4336-afaa-501719b4416a None None] Registered counter for database nova_cell0
May 06 15:07:10.808650 np0000172281 devstack@n-api-meta.service[108243]: DEBUG dbcounter [-] [108243] Writer thread running {{(pid=108243) stat_writer /opt/stack/data/venv/lib/python3.12/site-packages/dbcounter.py:102}}
May 06 15:07:10.813622 np0000172281 devstack@n-api-meta.service[108242]: WARNING nova.api.metadata.handler [None req-f9ab5dea-1b04-4c64-a00e-19e4efeee033 None None] metadata_proxy_shared_secret is not configured, the metadata information returned by the proxy cannot be trusted
May 06 15:07:10.813783 np0000172281 devstack@n-api-meta.service[108244]: DEBUG oslo_db.sqlalchemy.engines [None req-24cc6be7-38d9-48bd-b032-267ca5b4ba0f None None] MySQL server mode set to STRICT_TRANS_TABLES,STRICT_ALL_TABLES,NO_ZERO_IN_DATE,NO_ZERO_DATE,ERROR_FOR_DIVISION_BY_ZERO,TRADITIONAL,NO_ENGINE_SUBSTITUTION {{(pid=108244) _check_effective_sql_mode /opt/stack/data/venv/lib/python3.12/site-packages/oslo_db/sqlalchemy/engines.py:325}}
May 06 15:07:10.813874 np0000172281 devstack@n-api-meta.service[108243]: DEBUG dbcounter [-] [108243] Writer thread running {{(pid=108243) stat_writer /opt/stack/data/venv/lib/python3.12/site-packages/dbcounter.py:102}}
May 06 15:07:10.815908 np0000172281 devstack@n-api-meta.service[108242]: DEBUG nova.api.openstack.wsgi_app [None req-f9ab5dea-1b04-4c64-a00e-19e4efeee033 None None] ******************************************************************************** {{(pid=108242) log_opt_values /opt/stack/data/venv/lib/python3.12/site-packages/oslo_config/cfg.py:2979}}
May 06 15:07:10.816037 np0000172281 devstack@n-api-meta.service[108242]: DEBUG nova.api.openstack.wsgi_app [None req-f9ab5dea-1b04-4c64-a00e-19e4efeee033 None None] Configuration options gathered from: {{(pid=108242) log_opt_values /opt/stack/data/venv/lib/python3.12/site-packages/oslo_config/cfg.py:2980}}
May 06 15:07:10.816221 np0000172281 devstack@n-api-meta.service[108242]: DEBUG nova.api.openstack.wsgi_app [None req-f9ab5dea-1b04-4c64-a00e-19e4efeee033 None None] command line args: [] {{(pid=108242) log_opt_values /opt/stack/data/venv/lib/python3.12/site-packages/oslo_config/cfg.py:2981}}
May 06 15:07:10.816318 np0000172281 devstack@n-api-meta.service[108242]: DEBUG nova.api.openstack.wsgi_app [None req-f9ab5dea-1b04-4c64-a00e-19e4efeee033 None None] config files: ['/etc/nova/api-paste.ini', '/etc/nova/nova.conf'] {{(pid=108242) log_opt_values /opt/stack/data/venv/lib/python3.12/site-packages/oslo_config/cfg.py:2982}}
May 06 15:07:10.816407 np0000172281 devstack@n-api-meta.service[108242]: DEBUG nova.api.openstack.wsgi_app [None req-f9ab5dea-1b04-4c64-a00e-19e4efeee033 None None] ================================================================================ {{(pid=108242) log_opt_values /opt/stack/data/venv/lib/python3.12/site-packages/oslo_config/cfg.py:2987}}
May 06 15:07:10.816544 np0000172281 devstack@n-api-meta.service[108242]: DEBUG nova.api.openstack.wsgi_app [None req-f9ab5dea-1b04-4c64-a00e-19e4efeee033 None None] allow_resize_to_same_host = True {{(pid=108242) log_opt_values /opt/stack/data/venv/lib/python3.12/site-packages/oslo_config/cfg.py:2995}}
May 06 15:07:10.816687 np0000172281 devstack@n-api-meta.service[108242]: DEBUG nova.api.openstack.wsgi_app [None req-f9ab5dea-1b04-4c64-a00e-19e4efeee033 None None] arq_binding_timeout = 300 {{(pid=108242) log_opt_values /opt/stack/data/venv/lib/python3.12/site-packages/oslo_config/cfg.py:2995}}
May 06 15:07:10.816806 np0000172281 devstack@n-api-meta.service[108242]: DEBUG nova.api.openstack.wsgi_app [None req-f9ab5dea-1b04-4c64-a00e-19e4efeee033 None None] block_device_allocate_retries = 60 {{(pid=108242) log_opt_values /opt/stack/data/venv/lib/python3.12/site-packages/oslo_config/cfg.py:2995}}
May 06 15:07:10.816981 np0000172281 devstack@n-api-meta.service[108242]: DEBUG nova.api.openstack.wsgi_app [None req-f9ab5dea-1b04-4c64-a00e-19e4efeee033 None None] block_device_allocate_retries_interval = 3 {{(pid=108242) log_opt_values /opt/stack/data/venv/lib/python3.12/site-packages/oslo_config/cfg.py:2995}}
May 06 15:07:10.817133 np0000172281 devstack@n-api-meta.service[108242]: DEBUG nova.api.openstack.wsgi_app [None req-f9ab5dea-1b04-4c64-a00e-19e4efeee033 None None] cell_worker_thread_pool_size = 5 {{(pid=108242) log_opt_values /opt/stack/data/venv/lib/python3.12/site-packages/oslo_config/cfg.py:2995}}
May 06 15:07:10.817227 np0000172281 devstack@n-api-meta.service[108242]: DEBUG nova.api.openstack.wsgi_app [None req-f9ab5dea-1b04-4c64-a00e-19e4efeee033 None None] cert = self.pem {{(pid=108242) log_opt_values /opt/stack/data/venv/lib/python3.12/site-packages/oslo_config/cfg.py:2995}}
May 06 15:07:10.817402 np0000172281 devstack@n-api-meta.service[108242]: DEBUG nova.api.openstack.wsgi_app [None req-f9ab5dea-1b04-4c64-a00e-19e4efeee033 None None] compute_driver = libvirt.LibvirtDriver {{(pid=108242) log_opt_values /opt/stack/data/venv/lib/python3.12/site-packages/oslo_config/cfg.py:2995}}
May 06 15:07:10.817504 np0000172281 devstack@n-api-meta.service[108242]: DEBUG nova.api.openstack.wsgi_app [None req-f9ab5dea-1b04-4c64-a00e-19e4efeee033 None None] compute_monitors = [] {{(pid=108242) log_opt_values /opt/stack/data/venv/lib/python3.12/site-packages/oslo_config/cfg.py:2995}}
May 06 15:07:10.817646 np0000172281 devstack@n-api-meta.service[108242]: DEBUG nova.api.openstack.wsgi_app [None req-f9ab5dea-1b04-4c64-a00e-19e4efeee033 None None] config_dir = [] {{(pid=108242) log_opt_values /opt/stack/data/venv/lib/python3.12/site-packages/oslo_config/cfg.py:2995}}
May 06 15:07:10.817779 np0000172281 devstack@n-api-meta.service[108242]: DEBUG nova.api.openstack.wsgi_app [None req-f9ab5dea-1b04-4c64-a00e-19e4efeee033 None None] config_drive_format = iso9660 {{(pid=108242) log_opt_values /opt/stack/data/venv/lib/python3.12/site-packages/oslo_config/cfg.py:2995}}
May 06 15:07:10.817872 np0000172281 devstack@n-api-meta.service[108242]: DEBUG nova.api.openstack.wsgi_app [None req-f9ab5dea-1b04-4c64-a00e-19e4efeee033 None None] config_file = ['/etc/nova/api-paste.ini', '/etc/nova/nova.conf'] {{(pid=108242) log_opt_values /opt/stack/data/venv/lib/python3.12/site-packages/oslo_config/cfg.py:2995}}
May 06 15:07:10.818012 np0000172281 devstack@n-api-meta.service[108242]: DEBUG nova.api.openstack.wsgi_app [None req-f9ab5dea-1b04-4c64-a00e-19e4efeee033 None None] config_source = [] {{(pid=108242) log_opt_values /opt/stack/data/venv/lib/python3.12/site-packages/oslo_config/cfg.py:2995}}
May 06 15:07:10.818157 np0000172281 devstack@n-api-meta.service[108242]: DEBUG nova.api.openstack.wsgi_app [None req-f9ab5dea-1b04-4c64-a00e-19e4efeee033 None None] console_host = np0000172281 {{(pid=108242) log_opt_values /opt/stack/data/venv/lib/python3.12/site-packages/oslo_config/cfg.py:2995}}
May 06 15:07:10.818291 np0000172281 devstack@n-api-meta.service[108242]: DEBUG nova.api.openstack.wsgi_app [None req-f9ab5dea-1b04-4c64-a00e-19e4efeee033 None None] control_exchange = nova {{(pid=108242) log_opt_values /opt/stack/data/venv/lib/python3.12/site-packages/oslo_config/cfg.py:2995}}
May 06 15:07:10.818405 np0000172281 devstack@n-api-meta.service[108242]: DEBUG nova.api.openstack.wsgi_app [None req-f9ab5dea-1b04-4c64-a00e-19e4efeee033 None None] cpu_allocation_ratio = None {{(pid=108242) log_opt_values /opt/stack/data/venv/lib/python3.12/site-packages/oslo_config/cfg.py:2995}}
May 06 15:07:10.818556 np0000172281 devstack@n-api-meta.service[108242]: DEBUG nova.api.openstack.wsgi_app [None req-f9ab5dea-1b04-4c64-a00e-19e4efeee033 None None] daemon = False {{(pid=108242) log_opt_values /opt/stack/data/venv/lib/python3.12/site-packages/oslo_config/cfg.py:2995}}
May 06 15:07:10.818682 np0000172281 devstack@n-api-meta.service[108242]: DEBUG nova.api.openstack.wsgi_app [None req-f9ab5dea-1b04-4c64-a00e-19e4efeee033 None None] debug = True {{(pid=108242) log_opt_values /opt/stack/data/venv/lib/python3.12/site-packages/oslo_config/cfg.py:2995}}
May 06 15:07:10.818808 np0000172281 devstack@n-api-meta.service[108242]: DEBUG nova.api.openstack.wsgi_app [None req-f9ab5dea-1b04-4c64-a00e-19e4efeee033 None None] default_access_ip_network_name = None {{(pid=108242) log_opt_values /opt/stack/data/venv/lib/python3.12/site-packages/oslo_config/cfg.py:2995}}
May 06 15:07:10.818911 np0000172281 devstack@n-api-meta.service[108242]: DEBUG nova.api.openstack.wsgi_app [None req-f9ab5dea-1b04-4c64-a00e-19e4efeee033 None None] default_availability_zone = nova {{(pid=108242) log_opt_values /opt/stack/data/venv/lib/python3.12/site-packages/oslo_config/cfg.py:2995}}
May 06 15:07:10.819012 np0000172281 devstack@n-api-meta.service[108243]: INFO dbcounter [None req-6437b2d8-d584-468e-8f6d-e9e4b2380b15 None None] Registered counter for database nova_cell0
May 06 15:07:10.819143 np0000172281 devstack@n-api-meta.service[108242]: DEBUG nova.api.openstack.wsgi_app [None req-f9ab5dea-1b04-4c64-a00e-19e4efeee033 None None] default_ephemeral_format = ext4 {{(pid=108242) log_opt_values /opt/stack/data/venv/lib/python3.12/site-packages/oslo_config/cfg.py:2995}}
May 06 15:07:10.819413 np0000172281 devstack@n-api-meta.service[108242]: DEBUG nova.api.openstack.wsgi_app [None req-f9ab5dea-1b04-4c64-a00e-19e4efeee033 None None] default_green_pool_size = 1000 {{(pid=108242) log_opt_values /opt/stack/data/venv/lib/python3.12/site-packages/oslo_config/cfg.py:2995}}
May 06 15:07:10.819413 np0000172281 devstack@n-api-meta.service[108242]: DEBUG nova.api.openstack.wsgi_app [None req-f9ab5dea-1b04-4c64-a00e-19e4efeee033 None None] default_log_levels = ['amqp=WARN', 'boto=WARN', 'sqlalchemy=WARN', 'suds=INFO', 'oslo.messaging=INFO', 'oslo_messaging=INFO', 'iso8601=WARN', 'requests.packages.urllib3.connectionpool=WARN', 'urllib3.connectionpool=WARN', 'websocket=WARN', 'requests.packages.urllib3.util.retry=WARN', 'urllib3.util.retry=WARN', 'keystonemiddleware=WARN', 'routes.middleware=WARN', 'stevedore=WARN', 'taskflow=WARN', 'keystoneauth=WARN', 'oslo.cache=INFO', 'oslo_policy=INFO', 'dogpile.core.dogpile=INFO', 'glanceclient=WARN', 'oslo.privsep.daemon=INFO'] {{(pid=108242) log_opt_values /opt/stack/data/venv/lib/python3.12/site-packages/oslo_config/cfg.py:2995}}
May 06 15:07:10.819742 np0000172281 devstack@n-api-meta.service[108242]: DEBUG nova.api.openstack.wsgi_app [None req-f9ab5dea-1b04-4c64-a00e-19e4efeee033 None None] default_schedule_zone = None {{(pid=108242) log_opt_values /opt/stack/data/venv/lib/python3.12/site-packages/oslo_config/cfg.py:2995}}
May 06 15:07:10.819742 np0000172281 devstack@n-api-meta.service[108242]: DEBUG nova.api.openstack.wsgi_app [None req-f9ab5dea-1b04-4c64-a00e-19e4efeee033 None None] default_thread_pool_size = 10 {{(pid=108242) log_opt_values /opt/stack/data/venv/lib/python3.12/site-packages/oslo_config/cfg.py:2995}}
May 06 15:07:10.819917 np0000172281 devstack@n-api-meta.service[108242]: DEBUG nova.api.openstack.wsgi_app [None req-f9ab5dea-1b04-4c64-a00e-19e4efeee033 None None] disk_allocation_ratio = None {{(pid=108242) log_opt_values /opt/stack/data/venv/lib/python3.12/site-packages/oslo_config/cfg.py:2995}}
May 06 15:07:10.819917 np0000172281 devstack@n-api-meta.service[108242]: DEBUG nova.api.openstack.wsgi_app [None req-f9ab5dea-1b04-4c64-a00e-19e4efeee033 None None] enable_new_services = True {{(pid=108242) log_opt_values /opt/stack/data/venv/lib/python3.12/site-packages/oslo_config/cfg.py:2995}}
May 06 15:07:10.820127 np0000172281 devstack@n-api-meta.service[108242]: DEBUG nova.api.openstack.wsgi_app [None req-f9ab5dea-1b04-4c64-a00e-19e4efeee033 None None] flat_injected = False {{(pid=108242) log_opt_values /opt/stack/data/venv/lib/python3.12/site-packages/oslo_config/cfg.py:2995}}
May 06 15:07:10.820237 np0000172281 devstack@n-api-meta.service[108242]: DEBUG nova.api.openstack.wsgi_app [None req-f9ab5dea-1b04-4c64-a00e-19e4efeee033 None None] force_config_drive = False {{(pid=108242) log_opt_values /opt/stack/data/venv/lib/python3.12/site-packages/oslo_config/cfg.py:2995}}
May 06 15:07:10.820325 np0000172281 devstack@n-api-meta.service[108242]: DEBUG nova.api.openstack.wsgi_app [None req-f9ab5dea-1b04-4c64-a00e-19e4efeee033 None None] force_raw_images = True {{(pid=108242) log_opt_values /opt/stack/data/venv/lib/python3.12/site-packages/oslo_config/cfg.py:2995}}
May 06 15:07:10.820459 np0000172281 devstack@n-api-meta.service[108242]: DEBUG nova.api.openstack.wsgi_app [None req-f9ab5dea-1b04-4c64-a00e-19e4efeee033 None None] graceful_shutdown_timeout = 5 {{(pid=108242) log_opt_values /opt/stack/data/venv/lib/python3.12/site-packages/oslo_config/cfg.py:2995}}
May 06 15:07:10.820577 np0000172281 devstack@n-api-meta.service[108242]: DEBUG nova.api.openstack.wsgi_app [None req-f9ab5dea-1b04-4c64-a00e-19e4efeee033 None None] heal_instance_info_cache_interval = -1 {{(pid=108242) log_opt_values /opt/stack/data/venv/lib/python3.12/site-packages/oslo_config/cfg.py:2995}}
May 06 15:07:10.820765 np0000172281 devstack@n-api-meta.service[108242]: DEBUG nova.api.openstack.wsgi_app [None req-f9ab5dea-1b04-4c64-a00e-19e4efeee033 None None] host = np0000172281 {{(pid=108242) log_opt_values /opt/stack/data/venv/lib/python3.12/site-packages/oslo_config/cfg.py:2995}}
May 06 15:07:10.820890 np0000172281 devstack@n-api-meta.service[108242]: DEBUG nova.api.openstack.wsgi_app [None req-f9ab5dea-1b04-4c64-a00e-19e4efeee033 None None] initial_cpu_allocation_ratio = 4.0 {{(pid=108242) log_opt_values /opt/stack/data/venv/lib/python3.12/site-packages/oslo_config/cfg.py:2995}}
May 06 15:07:10.821016 np0000172281 devstack@n-api-meta.service[108242]: DEBUG nova.api.openstack.wsgi_app [None req-f9ab5dea-1b04-4c64-a00e-19e4efeee033 None None] initial_disk_allocation_ratio = 1.0 {{(pid=108242) log_opt_values /opt/stack/data/venv/lib/python3.12/site-packages/oslo_config/cfg.py:2995}}
May 06 15:07:10.821162 np0000172281 devstack@n-api-meta.service[108242]: DEBUG nova.api.openstack.wsgi_app [None req-f9ab5dea-1b04-4c64-a00e-19e4efeee033 None None] initial_ram_allocation_ratio = 1.0 {{(pid=108242) log_opt_values /opt/stack/data/venv/lib/python3.12/site-packages/oslo_config/cfg.py:2995}}
May 06 15:07:10.821308 np0000172281 devstack@n-api-meta.service[108244]: DEBUG dbcounter [-] [108244] Writer thread running {{(pid=108244) stat_writer /opt/stack/data/venv/lib/python3.12/site-packages/dbcounter.py:102}}
May 06 15:07:10.821360 np0000172281 devstack@n-api-meta.service[108242]: DEBUG nova.api.openstack.wsgi_app [None req-f9ab5dea-1b04-4c64-a00e-19e4efeee033 None None] injected_network_template = /opt/stack/nova/nova/virt/interfaces.template {{(pid=108242) log_opt_values /opt/stack/data/venv/lib/python3.12/site-packages/oslo_config/cfg.py:2995}}
May 06 15:07:10.821468 np0000172281 devstack@n-api-meta.service[108242]: DEBUG nova.api.openstack.wsgi_app [None req-f9ab5dea-1b04-4c64-a00e-19e4efeee033 None None] instance_build_timeout = 0 {{(pid=108242) log_opt_values /opt/stack/data/venv/lib/python3.12/site-packages/oslo_config/cfg.py:2995}}
May 06 15:07:10.821596 np0000172281 devstack@n-api-meta.service[108242]: DEBUG nova.api.openstack.wsgi_app [None req-f9ab5dea-1b04-4c64-a00e-19e4efeee033 None None] instance_delete_interval = 300 {{(pid=108242) log_opt_values /opt/stack/data/venv/lib/python3.12/site-packages/oslo_config/cfg.py:2995}}
May 06 15:07:10.821644 np0000172281 devstack@n-api-meta.service[108241]: DEBUG oslo_db.sqlalchemy.engines [None req-7b6d58a8-ecf8-4336-afaa-501719b4416a None None] MySQL server mode set to STRICT_TRANS_TABLES,STRICT_ALL_TABLES,NO_ZERO_IN_DATE,NO_ZERO_DATE,ERROR_FOR_DIVISION_BY_ZERO,TRADITIONAL,NO_ENGINE_SUBSTITUTION {{(pid=108241) _check_effective_sql_mode /opt/stack/data/venv/lib/python3.12/site-packages/oslo_db/sqlalchemy/engines.py:325}}
May 06 15:07:10.821735 np0000172281 devstack@n-api-meta.service[108242]: DEBUG nova.api.openstack.wsgi_app [None req-f9ab5dea-1b04-4c64-a00e-19e4efeee033 None None] instance_format = [instance: %(uuid)s] {{(pid=108242) log_opt_values /opt/stack/data/venv/lib/python3.12/site-packages/oslo_config/cfg.py:2995}}
May 06 15:07:10.821871 np0000172281 devstack@n-api-meta.service[108242]: DEBUG nova.api.openstack.wsgi_app [None req-f9ab5dea-1b04-4c64-a00e-19e4efeee033 None None] instance_name_template = instance-%08x {{(pid=108242) log_opt_values /opt/stack/data/venv/lib/python3.12/site-packages/oslo_config/cfg.py:2995}}
May 06 15:07:10.821992 np0000172281 devstack@n-api-meta.service[108242]: DEBUG nova.api.openstack.wsgi_app [None req-f9ab5dea-1b04-4c64-a00e-19e4efeee033 None None] instance_usage_audit = False {{(pid=108242) log_opt_values /opt/stack/data/venv/lib/python3.12/site-packages/oslo_config/cfg.py:2995}}
May 06 15:07:10.822153 np0000172281 devstack@n-api-meta.service[108242]: DEBUG nova.api.openstack.wsgi_app [None req-f9ab5dea-1b04-4c64-a00e-19e4efeee033 None None] instance_usage_audit_period = month {{(pid=108242) log_opt_values /opt/stack/data/venv/lib/python3.12/site-packages/oslo_config/cfg.py:2995}}
May 06 15:07:10.822285 np0000172281 devstack@n-api-meta.service[108242]: DEBUG nova.api.openstack.wsgi_app [None req-f9ab5dea-1b04-4c64-a00e-19e4efeee033 None None] instance_uuid_format = [instance: %(uuid)s] {{(pid=108242) log_opt_values /opt/stack/data/venv/lib/python3.12/site-packages/oslo_config/cfg.py:2995}}
May 06 15:07:10.822450 np0000172281 devstack@n-api-meta.service[108242]: DEBUG nova.api.openstack.wsgi_app [None req-f9ab5dea-1b04-4c64-a00e-19e4efeee033 None None] instances_path = /opt/stack/data/nova/instances {{(pid=108242) log_opt_values /opt/stack/data/venv/lib/python3.12/site-packages/oslo_config/cfg.py:2995}}
May 06 15:07:10.822590 np0000172281 devstack@n-api-meta.service[108242]: DEBUG nova.api.openstack.wsgi_app [None req-f9ab5dea-1b04-4c64-a00e-19e4efeee033 None None] internal_service_availability_zone = internal {{(pid=108242) log_opt_values /opt/stack/data/venv/lib/python3.12/site-packages/oslo_config/cfg.py:2995}}
