2026-08-24 16:59:54.825 8 INFO neutron_taas.services.taas.tap_mirror_plugin [None req-64b1cf33-b597-46af-abf0-7ba3263aa44b 3e38141b49404150b2353168e9fbeffd b9bbf5681dfb4a3e973f0d3fbd33586a - - default default] Tap Mirror: Handle Delete Port: 0823303e-0625-4107-9eb6-e3b13d0e2460 [pid: 7|app: 0|req: 903/1826] 10.0.0.54 () {30 vars in 723 bytes} [Mon Aug 24 16:59:54 2026] GET /v2.0/quotas/540c20bb151d4a3ba3d8583524a9d870/details => generated 847 bytes in 115 msecs (HTTP/1.1 200) 4 headers in 157 bytes (1 switches on core 0) [pid: 7|app: 0|req: 904/1827] 10.0.0.7 () {32 vars in 738 bytes} [Mon Aug 24 16:59:54 2026] DELETE /v2.0/security-groups/da5153ef-5efb-4514-8810-e8e4cd33c6b4 => generated 0 bytes in 412 msecs (HTTP/1.1 204) 2 headers in 112 bytes (1 switches on core 0) [pid: 8|app: 0|req: 924/1828] 10.0.0.7 () {34 vars in 787 bytes} [Mon Aug 24 16:59:54 2026] PUT /v2.0/routers/11077a0e-9cd7-4be9-a374-faffeba77228/remove_router_interface => generated 309 bytes in 866 msecs (HTTP/1.1 200) 4 headers in 157 bytes (1 switches on core 0) [pid: 7|app: 0|req: 905/1829] 10.0.0.7 () {32 vars in 734 bytes} [Mon Aug 24 16:59:55 2026] GET /v2.0/ports?device_id=11077a0e-9cd7-4be9-a374-faffeba77228 => generated 12 bytes in 23 msecs (HTTP/1.1 200) 4 headers in 156 bytes (1 switches on core 0) /var/lib/openstack/lib/python3.12/site-packages/pycadf/identifier.py:70: UserWarning: Invalid uuid: neutron. To ensure interoperability, identifiers should be a valid uuid. warnings.warn(('Invalid uuid: %s. To ensure interoperability, ' [pid: 8|app: 0|req: 925/1830] 10.0.0.7 () {32 vars in 722 bytes} [Mon Aug 24 16:59:55 2026] DELETE /v2.0/routers/11077a0e-9cd7-4be9-a374-faffeba77228 => generated 0 bytes in 232 msecs (HTTP/1.1 204) 2 headers in 112 bytes (1 switches on core 0) [pid: 7|app: 0|req: 906/1831] 10.0.0.7 () {32 vars in 722 bytes} [Mon Aug 24 16:59:55 2026] DELETE /v2.0/subnets/34a0e1be-05cc-4545-bc76-baa32d982de0 => generated 0 bytes in 186 msecs (HTTP/1.1 204) 3 headers in 131 bytes (1 switches on core 0)
2026-08-24 16:59:55.896 8 INFO neutron_taas.services.taas.taas_plugin [None req-8feed3ff-49a0-41a0-8d91-b97f114d0e9d 3e38141b49404150b2353168e9fbeffd b9bbf5681dfb4a3e973f0d3fbd33586a - - default default] TaaS: Handle Delete Port: 4c56461e-8334-4c10-95b7-33abe4069f13
2026-08-24 16:59:55.901 8 INFO neutron_taas.services.taas.tap_mirror_plugin [None req-8feed3ff-49a0-41a0-8d91-b97f114d0e9d 3e38141b49404150b2353168e9fbeffd b9bbf5681dfb4a3e973f0d3fbd33586a - - default default] Tap Mirror: Handle Delete Port: 4c56461e-8334-4c10-95b7-33abe4069f13
2026-08-24 16:59:56.151 8 INFO neutron.services.segments.plugin [-] Segment 079044a6-08f1-4059-8de0-29c9f000e94e resource provider aggregate not found
2026-08-24 16:59:56.158 8 INFO neutron.services.segments.plugin [-] Segment 079044a6-08f1-4059-8de0-29c9f000e94e resource provider aggregate not found
2026-08-24 16:59:56.177 8 INFO neutron.services.segments.plugin [-] Segment 079044a6-08f1-4059-8de0-29c9f000e94e resource provider not found; error: Placement Client Error (4xx): {"errors": [{"status": 404, "title": "Not Found", "detail": "The resource could not be found.\n\n No resource provider with uuid 079044a6-08f1-4059-8de0-29c9f000e94e found for delete ", "request_id": "req-39fef81d-283a-48ea-bdb8-a8b3672e2424"}]}
2026-08-24 16:59:56.180 8 INFO neutron.services.segments.plugin [-] Segment 079044a6-08f1-4059-8de0-29c9f000e94e resource provider not found; error: Placement Client Error (4xx): {"errors": [{"status": 404, "title": "Not Found", "detail": "The resource could not be found.\n\n No resource provider with uuid 079044a6-08f1-4059-8de0-29c9f000e94e found for delete ", "request_id": "req-8dc9bf89-52ba-4c47-b09e-43886e1698d8"}]} [pid: 8|app: 0|req: 926/1832] 10.0.0.7 () {32 vars in 724 bytes} [Mon Aug 24 16:59:55 2026] DELETE /v2.0/networks/27e851e8-4a28-4f22-a276-9dde4593dbc1 => generated 0 bytes in 452 msecs (HTTP/1.1 204) 3 headers in 131 bytes (1 switches on core 0) [pid: 7|app: 0|req: 907/1833] 10.0.0.1 () {28 vars in 581 bytes} [Mon Aug 24 16:59:56 2026] GET /v2.0/routers => generated 618 bytes in 241 msecs (HTTP/1.1 200) 4 headers in 157 bytes (1 switches on core 0) [pid: 7|app: 0|req: 908/1834] 10.0.0.1 () {28 vars in 622 bytes} [Mon Aug 24 16:59:56 2026] GET /v2.0/agents?binary=ovn-controller => generated 416 bytes in 11 msecs (HTTP/1.1 200) 4 headers in 157 bytes (1 switches on core 0) [pid: 7|app: 0|req: 909/1835] 10.0.0.1 () {28 vars in 579 bytes} [Mon Aug 24 16:59:56 2026] GET /v2.0/agents => generated 1214 bytes in 12 msecs (HTTP/1.1 200) 4 headers in 158 bytes (1 switches on core 0) [pid: 7|app: 0|req: 910/1836] 10.0.0.1 () {28 vars in 581 bytes} [Mon Aug 24 16:59:56 2026] GET /v2.0/subnets => generated 1308 bytes in 29 msecs (HTTP/1.1 200) 4 headers in 158 bytes (1 switches on core 0) [pid: 7|app: 0|req: 911/1837] 10.0.0.1 () {28 vars in 589 bytes} [Mon Aug 24 16:59:56 2026] GET /v2.0/subnetpools => generated 19 bytes in 9 msecs (HTTP/1.1 200) 4 headers in 156 bytes (1 switches on core 0) [pid: 7|app: 0|req: 912/1838] 10.0.0.1 () {28 vars in 597 bytes} [Mon Aug 24 16:59:56 2026] GET /v2.0/security-groups => generated 20305 bytes in 41 msecs (HTTP/1.1 200) 4 headers in 159 bytes (1 switches on core 0) [pid: 7|app: 0|req: 913/1839] 10.0.0.1 () {28 vars in 581 bytes} [Mon Aug 24 16:59:56 2026] GET /v2.0/subnets => generated 1308 bytes in 40 msecs (HTTP/1.1 200) 4 headers in 158 bytes (1 switches on core 0) [pid: 7|app: 0|req: 914/1840] 10.0.0.1 () {28 vars in 589 bytes} [Mon Aug 24 16:59:56 2026] GET /v2.0/floatingips => generated 19 bytes in 26 msecs (HTTP/1.1 200) 4 headers in 156 bytes (1 switches on core 0) [pid: 7|app: 0|req: 915/1841] 10.0.0.1 () {28 vars in 583 bytes} [Mon Aug 24 16:59:56 2026] GET /v2.0/networks => generated 2288 bytes in 57 msecs (HTTP/1.1 200) 4 headers in 158 bytes (1 switches on core 0)
2026-08-24 16:59:56.711 8 WARNING neutron.scheduler.dhcp_agent_scheduler [None req-fd5e64a8-d52a-4d52-a663-7b2a619e6462 3e38141b49404150b2353168e9fbeffd b9bbf5681dfb4a3e973f0d3fbd33586a - - default default] No more DHCP agents
2026-08-24 16:59:56.712 8 WARNING neutron.api.rpc.agentnotifiers.dhcp_rpc_agent_api [None req-fd5e64a8-d52a-4d52-a663-7b2a619e6462 3e38141b49404150b2353168e9fbeffd b9bbf5681dfb4a3e973f0d3fbd33586a - - default default] Unable to schedule network 2fa7074a-8978-472c-8dfb-9c053e39a13e: no agents available; will retry on subsequent port and subnet creation events. [pid: 7|app: 0|req: 916/1842] 10.0.0.1 () {28 vars in 577 bytes} [Mon Aug 24 16:59:56 2026] GET /v2.0/ports => generated 6174 bytes in 70 msecs (HTTP/1.1 200) 4 headers in 158 bytes (1 switches on core 0) [pid: 7|app: 0|req: 917/1843] 10.0.0.1 () {28 vars in 617 bytes} [Mon Aug 24 16:59:56 2026] GET /v2.0/network-ip-availabilities => generated 1104 bytes in 17 msecs (HTTP/1.1 200) 4 headers in 158 bytes (1 switches on core 0)
2026-08-24 16:59:56.924 8 INFO neutron.db.ovn_revision_numbers_db [None req-fd5e64a8-d52a-4d52-a663-7b2a619e6462 3e38141b49404150b2353168e9fbeffd b9bbf5681dfb4a3e973f0d3fbd33586a - - default default] Successfully bumped revision number for resource d15af0bf-778c-4c7c-8541-3b1089869108 (type: ports) to 1
2026-08-24 16:59:57.272 7 INFO neutron.db.ovn_revision_numbers_db [None req-65c5615b-26e2-4c65-8253-037ef332f429 cc814d780fb2402ab94a414a62fa2abb 004bc218ddf24590bc9d911088a4b45e - - default default] Successfully bumped revision number for resource 94e25db5-4dd7-47fd-a346-2d8c68ecf5a0 (type: security_groups) to 1
2026-08-24 16:59:57.304 7 INFO neutron.db.ovn_revision_numbers_db [None req-65c5615b-26e2-4c65-8253-037ef332f429 cc814d780fb2402ab94a414a62fa2abb 004bc218ddf24590bc9d911088a4b45e - - default default] Successfully bumped revision number for resource 29295819-8650-48d2-ae75-d809ac3b5afe (type: security_group_rules) to 0
2026-08-24 16:59:57.316 7 INFO neutron.db.ovn_revision_numbers_db [None req-65c5615b-26e2-4c65-8253-037ef332f429 cc814d780fb2402ab94a414a62fa2abb 004bc218ddf24590bc9d911088a4b45e - - default default] Successfully bumped revision number for resource ac742896-b21b-4b68-bc4c-e5a5ef3db3fc (type: security_group_rules) to 0
2026-08-24 16:59:57.331 7 INFO neutron.db.ovn_revision_numbers_db [None req-65c5615b-26e2-4c65-8253-037ef332f429 cc814d780fb2402ab94a414a62fa2abb 004bc218ddf24590bc9d911088a4b45e - - default default] Successfully bumped revision number for resource ca8735eb-fa75-4eeb-ab6b-d7979a2fc2b5 (type: security_group_rules) to 0
2026-08-24 16:59:57.344 7 INFO neutron.db.ovn_revision_numbers_db [None req-65c5615b-26e2-4c65-8253-037ef332f429 cc814d780fb2402ab94a414a62fa2abb 004bc218ddf24590bc9d911088a4b45e - - default default] Successfully bumped revision number for resource d29c63fe-834f-41d0-ae37-ffc7a3ec1e90 (type: security_group_rules) to 0
2026-08-24 16:59:57.428 7 INFO neutron.db.segments_db [None req-65c5615b-26e2-4c65-8253-037ef332f429 cc814d780fb2402ab94a414a62fa2abb 004bc218ddf24590bc9d911088a4b45e - - default default] Added segment 579ebf88-56ad-44e3-90ca-69b03963aa15 of type geneve for network 9d479bfe-f677-4fc3-a226-469621be010e
2026-08-24 16:59:57.596 7 INFO neutron.db.ovn_revision_numbers_db [None req-65c5615b-26e2-4c65-8253-037ef332f429 cc814d780fb2402ab94a414a62fa2abb 004bc218ddf24590bc9d911088a4b45e - - default default] Successfully bumped revision number for resource 9d479bfe-f677-4fc3-a226-469621be010e (type: networks) to 1
2026-08-24 16:59:57.693 8 INFO neutron.plugins.ml2.drivers.ovn.mech_driver.ovsdb.commands [-] Schedule LRP lrp-d15af0bf-778c-4c7c-8541-3b1089869108 on gateway b4044d4a-7e0d-4d2e-b49e-b07f99fbd95d with priority 1
2026-08-24 16:59:57.818 8 INFO neutron.db.ovn_revision_numbers_db [None req-fd5e64a8-d52a-4d52-a663-7b2a619e6462 3e38141b49404150b2353168e9fbeffd b9bbf5681dfb4a3e973f0d3fbd33586a - - default default] Successfully bumped revision number for resource d15af0bf-778c-4c7c-8541-3b1089869108 (type: router_ports) to 1
2026-08-24 16:59:57.836 7 WARNING neutron.scheduler.dhcp_agent_scheduler [None req-65c5615b-26e2-4c65-8253-037ef332f429 cc814d780fb2402ab94a414a62fa2abb 004bc218ddf24590bc9d911088a4b45e - - default default] No more DHCP agents
2026-08-24 16:59:57.839 7 WARNING neutron.api.rpc.agentnotifiers.dhcp_rpc_agent_api [None req-65c5615b-26e2-4c65-8253-037ef332f429 cc814d780fb2402ab94a414a62fa2abb 004bc218ddf24590bc9d911088a4b45e - - default default] Unable to schedule network 9d479bfe-f677-4fc3-a226-469621be010e: no agents available; will retry on subsequent port and subnet creation events.
2026-08-24 16:59:57.895 8 INFO neutron.db.ovn_revision_numbers_db [None req-fd5e64a8-d52a-4d52-a663-7b2a619e6462 3e38141b49404150b2353168e9fbeffd b9bbf5681dfb4a3e973f0d3fbd33586a - - default default] Successfully bumped revision number for resource 714af30a-2abe-44fd-96d8-0155aede4efe (type: routers) to 2 [pid: 8|app: 0|req: 927/1844] 10.0.0.7 () {34 vars in 667 bytes} [Mon Aug 24 16:59:56 2026] POST /v2.0/routers => generated 948 bytes in 1717 msecs (HTTP/1.1 201) 4 headers in 162 bytes (1 switches on core 0)
2026-08-24 16:59:57.992 7 INFO neutron.db.ovn_revision_numbers_db [None req-65c5615b-26e2-4c65-8253-037ef332f429 cc814d780fb2402ab94a414a62fa2abb 004bc218ddf24590bc9d911088a4b45e - - default default] Successfully bumped revision number for resource ef9e00c4-f68c-4581-9232-90600724dc3f (type: ports) to 1 [pid: 7|app: 0|req: 918/1845] 10.0.0.7 () {34 vars in 668 bytes} [Mon Aug 24 16:59:56 2026] POST /v2.0/networks => generated 748 bytes in 1129 msecs (HTTP/1.1 201) 4 headers in 162 bytes (1 switches on core 0) [pid: 7|app: 0|req: 919/1846] 10.0.0.7 () {32 vars in 719 bytes} [Mon Aug 24 16:59:58 2026] GET /v2.0/routers/714af30a-2abe-44fd-96d8-0155aede4efe => generated 954 bytes in 56 msecs (HTTP/1.1 200) 4 headers in 157 bytes (1 switches on core 0)
2026-08-24 16:59:58.198 7 WARNING neutron.scheduler.dhcp_agent_scheduler [None req-847df433-3f01-4945-bb20-fd0581bb7ef3 cc814d780fb2402ab94a414a62fa2abb 004bc218ddf24590bc9d911088a4b45e - - default default] No more DHCP agents
2026-08-24 16:59:58.200 7 WARNING neutron.api.rpc.agentnotifiers.dhcp_rpc_agent_api [None req-847df433-3f01-4945-bb20-fd0581bb7ef3 cc814d780fb2402ab94a414a62fa2abb 004bc218ddf24590bc9d911088a4b45e - - default default] Unable to schedule network 9d479bfe-f677-4fc3-a226-469621be010e: no agents available; will retry on subsequent port and subnet creation events.
2026-08-24 16:59:58.283 8 INFO neutron.db.ovn_revision_numbers_db [None req-9be5f542-d210-4333-a7d5-9e2e73013c97 4d6edf3dae384c0ab1e6f8d739a25f74 fb04ca99dc9843b59309bcf0f02a9272 - - default default] Successfully bumped revision number for resource 75fde5ed-1f95-420e-a26a-788e7253aa6f (type: security_groups) to 1
2026-08-24 16:59:58.294 8 INFO neutron.db.ovn_revision_numbers_db [None req-9be5f542-d210-4333-a7d5-9e2e73013c97 4d6edf3dae384c0ab1e6f8d739a25f74 fb04ca99dc9843b59309bcf0f02a9272 - - default default] Successfully bumped revision number for resource 3d787314-011a-4372-9628-4e551d7b38ae (type: security_group_rules) to 0
2026-08-24 16:59:58.309 8 INFO neutron.db.ovn_revision_numbers_db [None req-9be5f542-d210-4333-a7d5-9e2e73013c97 4d6edf3dae384c0ab1e6f8d739a25f74 fb04ca99dc9843b59309bcf0f02a9272 - - default default] Successfully bumped revision number for resource be52d740-523d-4c59-8a19-92b9cf86ef7a (type: security_group_rules) to 0
2026-08-24 16:59:58.325 8 INFO neutron.db.ovn_revision_numbers_db [None req-9be5f542-d210-4333-a7d5-9e2e73013c97 4d6edf3dae384c0ab1e6f8d739a25f74 fb04ca99dc9843b59309bcf0f02a9272 - - default default] Successfully bumped revision number for resource c4ca69c2-fed2-497e-95fc-cbd7c05dc3f6 (type: security_group_rules) to 0
2026-08-24 16:59:58.340 8 INFO neutron.db.ovn_revision_numbers_db [None req-9be5f542-d210-4333-a7d5-9e2e73013c97 4d6edf3dae384c0ab1e6f8d739a25f74 fb04ca99dc9843b59309bcf0f02a9272 - - default default] Successfully bumped revision number for resource da286329-ca89-48e7-984d-06982f2d9d0b (type: security_group_rules) to 0 [pid: 8|app: 0|req: 928/1847] 10.0.0.7 () {32 vars in 772 bytes} [Mon Aug 24 16:59:57 2026] GET /v2.0/security-groups?tenant_id=900f2c4f85574c0c8b581aad079f6b39&name=default => generated 2925 bytes in 436 msecs (HTTP/1.1 200) 4 headers in 158 bytes (1 switches on core 0) [pid: 8|app: 0|req: 929/1848] 10.0.0.7 () {32 vars in 645 bytes} [Mon Aug 24 16:59:58 2026] GET /v2.0/routers => generated 957 bytes in 72 msecs (HTTP/1.1 200) 4 headers in 157 bytes (1 switches on core 0) [pid: 8|app: 0|req: 930/1849] 10.0.0.54 () {32 vars in 799 bytes} [Mon Aug 24 16:59:58 2026] GET /v2.0/extensions => generated 20541 bytes in 5 msecs (HTTP/1.1 200) 4 headers in 159 bytes (1 switches on core 0)
2026-08-24 16:59:58.806 7 INFO neutron.db.ovn_revision_numbers_db [None req-bab21c3b-b57a-44af-a994-f5abada86cb5 - - - - - -] Successfully bumped revision number for resource ef9e00c4-f68c-4581-9232-90600724dc3f (type: ports) to 2 [pid: 8|app: 0|req: 931/1850] 10.0.0.7 () {32 vars in 738 bytes} [Mon Aug 24 16:59:58 2026] DELETE /v2.0/security-groups/75fde5ed-1f95-420e-a26a-788e7253aa6f => generated 0 bytes in 375 msecs (HTTP/1.1 204) 2 headers in 112 bytes (1 switches on core 0)
2026-08-24 16:59:58.862 7 INFO neutron.db.ovn_revision_numbers_db [None req-bab21c3b-b57a-44af-a994-f5abada86cb5 - - - - - -] Successfully bumped revision number for resource ca92aa9c-98fe-423b-b9e1-5bdc1d7da263 (type: subnets) to 0 [pid: 7|app: 0|req: 920/1851] 10.0.0.7 () {34 vars in 667 bytes} [Mon Aug 24 16:59:58 2026] POST /v2.0/subnets => generated 644 bytes in 810 msecs (HTTP/1.1 201) 4 headers in 162 bytes (1 switches on core 0) [pid: 7|app: 0|req: 921/1852] 10.0.0.54 () {30 vars in 723 bytes} [Mon Aug 24 16:59:58 2026] GET /v2.0/quotas/540c20bb151d4a3ba3d8583524a9d870/details => generated 847 bytes in 115 msecs (HTTP/1.1 200) 4 headers in 157 bytes (1 switches on core 0)
2026-08-24 16:59:59.005 7 WARNING neutron.api.v2.base [None req-b8b0b4de-0e87-4fac-a295-01816a228947 cc814d780fb2402ab94a414a62fa2abb 004bc218ddf24590bc9d911088a4b45e - - default default] An exception happened while processing the request body. The exception message is [Invalid input for target_tenant. Reason: 'None' is not a valid string.].: webob.exc.HTTPBadRequest: Invalid input for target_tenant. Reason: 'None' is not a valid string.
2026-08-24 16:59:59.006 7 INFO neutron.api.v2.resource [None req-b8b0b4de-0e87-4fac-a295-01816a228947 cc814d780fb2402ab94a414a62fa2abb 004bc218ddf24590bc9d911088a4b45e - - default default] create failed (client error): Invalid input for target_tenant. Reason: 'None' is not a valid string. [pid: 7|app: 0|req: 922/1853] 10.0.0.7 () {34 vars in 679 bytes} [Mon Aug 24 16:59:58 2026] POST /v2.0/rbac-policies => generated 143 bytes in 9 msecs (HTTP/1.1 400) 4 headers in 166 bytes (1 switches on core 0)
2026-08-24 16:59:59.170 7 INFO neutron_taas.services.taas.taas_plugin [None req-390a9524-2f65-4dc1-abbd-9f4f62020183 cc814d780fb2402ab94a414a62fa2abb 004bc218ddf24590bc9d911088a4b45e - - default default] TaaS: Handle Delete Port: ef9e00c4-f68c-4581-9232-90600724dc3f
2026-08-24 16:59:59.174 7 INFO neutron_taas.services.taas.tap_mirror_plugin [None req-390a9524-2f65-4dc1-abbd-9f4f62020183 cc814d780fb2402ab94a414a62fa2abb 004bc218ddf24590bc9d911088a4b45e - - default default] Tap Mirror: Handle Delete Port: ef9e00c4-f68c-4581-9232-90600724dc3f
2026-08-24 16:59:59.316 8 INFO neutron.db.ovn_revision_numbers_db [None req-0a101881-22b8-4624-b5d6-bb2977620ef1 3e38141b49404150b2353168e9fbeffd b9bbf5681dfb4a3e973f0d3fbd33586a - - default default] Successfully bumped revision number for resource 714af30a-2abe-44fd-96d8-0155aede4efe (type: routers) to 3 [pid: 8|app: 0|req: 932/1854] 10.0.0.7 () {34 vars in 739 bytes} [Mon Aug 24 16:59:58 2026] PUT /v2.0/routers/714af30a-2abe-44fd-96d8-0155aede4efe => generated 961 bytes in 488 msecs (HTTP/1.1 200) 4 headers in 157 bytes (1 switches on core 0)
2026-08-24 16:59:59.513 7 INFO neutron.services.segments.plugin [-] Segment 579ebf88-56ad-44e3-90ca-69b03963aa15 resource provider aggregate not found
2026-08-24 16:59:59.528 7 INFO neutron.services.segments.plugin [-] Segment 579ebf88-56ad-44e3-90ca-69b03963aa15 resource provider aggregate not found
2026-08-24 16:59:59.545 7 INFO neutron.services.segments.plugin [-] Segment 579ebf88-56ad-44e3-90ca-69b03963aa15 resource provider not found; error: Placement Client Error (4xx): {"errors": [{"status": 404, "title": "Not Found", "detail": "The resource could not be found.\n\n No resource provider with uuid 579ebf88-56ad-44e3-90ca-69b03963aa15 found for delete ", "request_id": "req-277727e4-f0ec-4970-b6a2-922d062335bd"}]}
2026-08-24 16:59:59.554 7 INFO neutron.services.segments.plugin [-] Segment 579ebf88-56ad-44e3-90ca-69b03963aa15 resource provider not found; error: Placement Client Error (4xx): {"errors": [{"status": 404, "title": "Not Found", "detail": "The resource could not be found.\n\n No resource provider with uuid 579ebf88-56ad-44e3-90ca-69b03963aa15 found for delete ", "request_id": "req-fa2470c6-b568-4320-b598-db49f85f3a73"}]} [pid: 7|app: 0|req: 923/1855] 10.0.0.7 () {32 vars in 724 bytes} [Mon Aug 24 16:59:59 2026] DELETE /v2.0/networks/9d479bfe-f677-4fc3-a226-469621be010e => generated 0 bytes in 587 msecs (HTTP/1.1 204) 3 headers in 131 bytes (1 switches on core 0)
2026-08-24 16:59:59.699 7 INFO neutron.db.segments_db [None req-b153268c-a5d1-437c-84ad-5a7fb2391ca0 cc814d780fb2402ab94a414a62fa2abb 004bc218ddf24590bc9d911088a4b45e - - default default] Added segment 724088c4-4700-4799-a186-e00ccabcabec of type geneve for network e8b19a72-ed56-4ae4-b696-4c3e61ee7f00
2026-08-24 16:59:59.827 7 INFO neutron.db.ovn_revision_numbers_db [None req-b153268c-a5d1-437c-84ad-5a7fb2391ca0 cc814d780fb2402ab94a414a62fa2abb 004bc218ddf24590bc9d911088a4b45e - - default default] Successfully bumped revision number for resource e8b19a72-ed56-4ae4-b696-4c3e61ee7f00 (type: networks) to 1 [pid: 8|app: 0|req: 933/1856] 10.0.0.7 () {32 vars in 719 bytes} [Mon Aug 24 16:59:59 2026] GET /v2.0/routers/714af30a-2abe-44fd-96d8-0155aede4efe => generated 961 bytes in 607 msecs (HTTP/1.1 200) 4 headers in 157 bytes (1 switches on core 0) [pid: 8|app: 0|req: 934/1857] 10.0.0.7 () {32 vars in 734 bytes} [Mon Aug 24 16:59:59 2026] GET /v2.0/ports?device_id=714af30a-2abe-44fd-96d8-0155aede4efe => generated 12 bytes in 18 msecs (HTTP/1.1 200) 4 headers in 156 bytes (1 switches on core 0)
2026-08-24 17:00:00.001 7 WARNING neutron.scheduler.dhcp_agent_scheduler [None req-b153268c-a5d1-437c-84ad-5a7fb2391ca0 cc814d780fb2402ab94a414a62fa2abb 004bc218ddf24590bc9d911088a4b45e - - default default] No more DHCP agents
2026-08-24 17:00:00.003 7 WARNING neutron.api.rpc.agentnotifiers.dhcp_rpc_agent_api [None req-b153268c-a5d1-437c-84ad-5a7fb2391ca0 cc814d780fb2402ab94a414a62fa2abb 004bc218ddf24590bc9d911088a4b45e - - default default] Unable to schedule network e8b19a72-ed56-4ae4-b696-4c3e61ee7f00: no agents available; will retry on subsequent port and subnet creation events.
2026-08-24 17:00:00.117 7 INFO neutron.db.ovn_revision_numbers_db [None req-b153268c-a5d1-437c-84ad-5a7fb2391ca0 cc814d780fb2402ab94a414a62fa2abb 004bc218ddf24590bc9d911088a4b45e - - default default] Successfully bumped revision number for resource 3f992c1d-3676-4a06-88e8-8a68a975ef6d (type: ports) to 1 [pid: 7|app: 0|req: 924/1858] 10.0.0.7 () {34 vars in 668 bytes} [Mon Aug 24 16:59:59 2026] POST /v2.0/networks => generated 748 bytes in 550 msecs (HTTP/1.1 201) 4 headers in 162 bytes (1 switches on core 0)
2026-08-24 17:00:00.323 7 WARNING neutron.scheduler.dhcp_agent_scheduler [None req-b7bdea05-e115-4d19-bf6b-2cc113bc057c cc814d780fb2402ab94a414a62fa2abb 004bc218ddf24590bc9d911088a4b45e - - default default] No more DHCP agents
2026-08-24 17:00:00.324 7 WARNING neutron.api.rpc.agentnotifiers.dhcp_rpc_agent_api [None req-b7bdea05-e115-4d19-bf6b-2cc113bc057c cc814d780fb2402ab94a414a62fa2abb 004bc218ddf24590bc9d911088a4b45e - - default default] Unable to schedule network e8b19a72-ed56-4ae4-b696-4c3e61ee7f00: no agents available; will retry on subsequent port and subnet creation events.
2026-08-24 17:00:00.374 7 WARNING neutron.plugins.ml2.drivers.ovn.mech_driver.ovsdb.ovn_client [None req-1efe5ed2-c1df-4435-92a6-c0f4c31b405a - - - - - -] No port found with ID 0823303e-0625-4107-9eb6-e3b13d0e2460: RuntimeError: No port found with ID 0823303e-0625-4107-9eb6-e3b13d0e2460
2026-08-24 17:00:00.396 7 INFO neutron.plugins.ml2.drivers.ovn.mech_driver.mech_driver [None req-1efe5ed2-c1df-4435-92a6-c0f4c31b405a - - - - - -] OVN reports status down for port: d15af0bf-778c-4c7c-8541-3b1089869108
2026-08-24 17:00:00.432 8 INFO neutron_taas.services.taas.taas_plugin [None req-72413edc-5265-4078-8e1e-c1ffe41e9f6f 3e38141b49404150b2353168e9fbeffd b9bbf5681dfb4a3e973f0d3fbd33586a - - default default] TaaS: Handle Delete Port: d15af0bf-778c-4c7c-8541-3b1089869108
2026-08-24 17:00:00.435 8 INFO neutron_taas.services.taas.tap_mirror_plugin [None req-72413edc-5265-4078-8e1e-c1ffe41e9f6f 3e38141b49404150b2353168e9fbeffd b9bbf5681dfb4a3e973f0d3fbd33586a - - default default] Tap Mirror: Handle Delete Port: d15af0bf-778c-4c7c-8541-3b1089869108
2026-08-24 17:00:00.485 7 WARNING neutron.plugins.ml2.drivers.ovn.mech_driver.ovsdb.ovn_client [None req-1efe5ed2-c1df-4435-92a6-c0f4c31b405a - - - - - -] Logical_Switch_Port %s host information not removed, the port state is up
2026-08-24 17:00:00.486 7 INFO neutron.plugins.ml2.drivers.ovn.mech_driver.mech_driver [None req-1efe5ed2-c1df-4435-92a6-c0f4c31b405a - - - - - -] OVN reports status up for port: d15af0bf-778c-4c7c-8541-3b1089869108 /var/lib/openstack/lib/python3.12/site-packages/oslo_db/sqlalchemy/enginefacade.py:865: SAWarning: DELETE statement on table 'provisioningblocks' expected to delete 1 row(s); 0 were matched. Please set confirm_deleted_rows=False within the mapper configuration to prevent this warning. self.session.flush()
2026-08-24 17:00:00.577 7 INFO neutron.plugins.ml2.drivers.ovn.mech_driver.mech_driver [None req-1efe5ed2-c1df-4435-92a6-c0f4c31b405a - - - - - -] OVN reports status down for port: ef9e00c4-f68c-4581-9232-90600724dc3f
2026-08-24 17:00:00.598 7 INFO neutron.plugins.ml2.drivers.ovn.mech_driver.mech_driver [None req-1efe5ed2-c1df-4435-92a6-c0f4c31b405a - - - - - -] OVN reports status down for port: 3f992c1d-3676-4a06-88e8-8a68a975ef6d [pid: 8|app: 0|req: 935/1859] 10.0.0.7 () {32 vars in 722 bytes} [Mon Aug 24 16:59:59 2026] DELETE /v2.0/routers/714af30a-2abe-44fd-96d8-0155aede4efe => generated 0 bytes in 923 msecs (HTTP/1.1 204) 2 headers in 112 bytes (1 switches on core 0)
2026-08-24 17:00:01.087 7 INFO neutron.db.ovn_revision_numbers_db [None req-2c754093-7b49-4ff9-9455-7b217110bb89 - - - - - -] Successfully bumped revision number for resource 3f992c1d-3676-4a06-88e8-8a68a975ef6d (type: ports) to 2
2026-08-24 17:00:01.122 7 INFO neutron.db.ovn_revision_numbers_db [None req-2c754093-7b49-4ff9-9455-7b217110bb89 - - - - - -] Successfully bumped revision number for resource 3a970089-71ed-440c-9cd5-de5b7ad683bb (type: subnets) to 0 [pid: 7|app: 0|req: 925/1860] 10.0.0.7 () {34 vars in 667 bytes} [Mon Aug 24 17:00:00 2026] POST /v2.0/subnets => generated 647 bytes in 984 msecs (HTTP/1.1 201) 4 headers in 162 bytes (1 switches on core 0) [pid: 7|app: 0|req: 926/1861] 10.0.0.7 () {32 vars in 734 bytes} [Mon Aug 24 17:00:01 2026] GET /v2.0/ports?device_id=714af30a-2abe-44fd-96d8-0155aede4efe => generated 12 bytes in 17 msecs (HTTP/1.1 200) 4 headers in 156 bytes (1 switches on core 0)
2026-08-24 17:00:01.174 7 WARNING neutron.api.v2.base [None req-c7a349bb-bd43-47d9-a7d8-cfc2a346dc87 cc814d780fb2402ab94a414a62fa2abb 004bc218ddf24590bc9d911088a4b45e - - default default] An exception happened while processing the request body. The exception message is [Invalid input for target_tenant. Reason: '1234123412341234123412341234123412341234123412341234123412341234123412341234123412341234123412341234123412341234123412341234123412341234123412341234123412341234123412341234123412341234123412341234123412341234123412341234123412341234123412341234123412341234123412341234123412341234123412341234123412341234123412341234123412341234123412341234123412341234123412341234123412341234123412341234123412341234' exceeds maximum length of 255.].: webob.exc.HTTPBadRequest: Invalid input for target_tenant. Reason: '1234123412341234123412341234123412341234123412341234123412341234123412341234123412341234123412341234123412341234123412341234123412341234123412341234123412341234123412341234123412341234123412341234123412341234123412341234123412341234123412341234123412341234123412341234123412341234123412341234123412341234123412341234123412341234123412341234123412341234123412341234123412341234123412341234123412341234' exceeds maximum length of 255.
2026-08-24 17:00:01.174 7 INFO neutron.api.v2.resource [None req-c7a349bb-bd43-47d9-a7d8-cfc2a346dc87 cc814d780fb2402ab94a414a62fa2abb 004bc218ddf24590bc9d911088a4b45e - - default default] create failed (client error): Invalid input for target_tenant. Reason: '1234123412341234123412341234123412341234123412341234123412341234123412341234123412341234123412341234123412341234123412341234123412341234123412341234123412341234123412341234123412341234123412341234123412341234123412341234123412341234123412341234123412341234123412341234123412341234123412341234123412341234123412341234123412341234123412341234123412341234123412341234123412341234123412341234123412341234' exceeds maximum length of 255. [pid: 7|app: 0|req: 927/1862] 10.0.0.7 () {34 vars in 679 bytes} [Mon Aug 24 17:00:01 2026] POST /v2.0/rbac-policies => generated 547 bytes in 5 msecs (HTTP/1.1 400) 4 headers in 166 bytes (1 switches on core 0)
2026-08-24 17:00:01.192 7 INFO neutron.api.v2.resource [None req-7de7da6e-8a30-45a4-bc54-d821babeeb25 3e38141b49404150b2353168e9fbeffd b9bbf5681dfb4a3e973f0d3fbd33586a - - default default] delete failed (client error): The resource could not be found. [pid: 7|app: 0|req: 928/1863] 10.0.0.7 () {32 vars in 722 bytes} [Mon Aug 24 17:00:01 2026] DELETE /v2.0/routers/714af30a-2abe-44fd-96d8-0155aede4efe => generated 135 bytes in 18 msecs (HTTP/1.1 404) 4 headers in 164 bytes (1 switches on core 0)
2026-08-24 17:00:01.331 8 INFO neutron.db.ovn_revision_numbers_db [None req-3c7d9115-2522-4275-94c9-a506035e6f05 d4f62ee3b0254b3794270ed46d068241 7f253e65c88740e58897ec3d40b5f10b - - default default] Successfully bumped revision number for resource 09d9a820-afd7-46e3-8b77-ab9912c580a0 (type: security_groups) to 1
2026-08-24 17:00:01.343 8 INFO neutron.db.ovn_revision_numbers_db [None req-3c7d9115-2522-4275-94c9-a506035e6f05 d4f62ee3b0254b3794270ed46d068241 7f253e65c88740e58897ec3d40b5f10b - - default default] Successfully bumped revision number for resource 25a97e0f-39c2-487d-bfe5-f6eb4b415151 (type: security_group_rules) to 0
2026-08-24 17:00:01.360 8 INFO neutron.db.ovn_revision_numbers_db [None req-3c7d9115-2522-4275-94c9-a506035e6f05 d4f62ee3b0254b3794270ed46d068241 7f253e65c88740e58897ec3d40b5f10b - - default default] Successfully bumped revision number for resource 99235534-dd9b-4d41-9611-ec6c63e6d02d (type: security_group_rules) to 0
2026-08-24 17:00:01.374 8 INFO neutron.db.ovn_revision_numbers_db [None req-3c7d9115-2522-4275-94c9-a506035e6f05 d4f62ee3b0254b3794270ed46d068241 7f253e65c88740e58897ec3d40b5f10b - - default default] Successfully bumped revision number for resource 9bb93131-4395-4c37-88a5-50e200733f82 (type: security_group_rules) to 0
2026-08-24 17:00:01.391 7 INFO neutron_taas.services.taas.taas_plugin [None req-0a030f9b-cc6f-4d8f-a583-966f370b4a82 cc814d780fb2402ab94a414a62fa2abb 004bc218ddf24590bc9d911088a4b45e - - default default] TaaS: Handle Delete Port: 3f992c1d-3676-4a06-88e8-8a68a975ef6d
2026-08-24 17:00:01.392 8 INFO neutron.db.ovn_revision_numbers_db [None req-3c7d9115-2522-4275-94c9-a506035e6f05 d4f62ee3b0254b3794270ed46d068241 7f253e65c88740e58897ec3d40b5f10b - - default default] Successfully bumped revision number for resource d5b49282-1856-4f33-a32e-2c495c2c2fa6 (type: security_group_rules) to 0
2026-08-24 17:00:01.395 7 INFO neutron_taas.services.taas.tap_mirror_plugin [None req-0a030f9b-cc6f-4d8f-a583-966f370b4a82 cc814d780fb2402ab94a414a62fa2abb 004bc218ddf24590bc9d911088a4b45e - - default default] Tap Mirror: Handle Delete Port: 3f992c1d-3676-4a06-88e8-8a68a975ef6d
2026-08-24 17:00:01.493 8 INFO neutron.db.segments_db [None req-3c7d9115-2522-4275-94c9-a506035e6f05 d4f62ee3b0254b3794270ed46d068241 7f253e65c88740e58897ec3d40b5f10b - - default default] Added segment 75319c34-ac46-434b-b96f-38a18d61064c of type geneve for network 2cb3318c-8c81-4cdd-a7a3-7d5e81c1be80
2026-08-24 17:00:01.746 8 INFO neutron.db.ovn_revision_numbers_db [None req-3c7d9115-2522-4275-94c9-a506035e6f05 d4f62ee3b0254b3794270ed46d068241 7f253e65c88740e58897ec3d40b5f10b - - default default] Successfully bumped revision number for resource 2cb3318c-8c81-4cdd-a7a3-7d5e81c1be80 (type: networks) to 1
2026-08-24 17:00:01.933 7 INFO neutron.services.segments.plugin [-] Segment 724088c4-4700-4799-a186-e00ccabcabec resource provider aggregate not found
2026-08-24 17:00:01.946 7 INFO neutron.services.segments.plugin [-] Segment 724088c4-4700-4799-a186-e00ccabcabec resource provider aggregate not found
2026-08-24 17:00:01.956 7 INFO neutron.services.segments.plugin [-] Segment 724088c4-4700-4799-a186-e00ccabcabec resource provider not found; error: Placement Client Error (4xx): {"errors": [{"status": 404, "title": "Not Found", "detail": "The resource could not be found.\n\n No resource provider with uuid 724088c4-4700-4799-a186-e00ccabcabec found for delete ", "request_id": "req-5e59a809-1c12-4b5d-bbca-6cf54d35a53f"}]}
2026-08-24 17:00:01.986 7 INFO neutron.services.segments.plugin [-] Segment 724088c4-4700-4799-a186-e00ccabcabec resource provider not found; error: Placement Client Error (4xx): {"errors": [{"status": 404, "title": "Not Found", "detail": "The resource could not be found.\n\n No resource provider with uuid 724088c4-4700-4799-a186-e00ccabcabec found for delete ", "request_id": "req-dfca9bd9-9990-4556-8f8a-85d8707a9042"}]}
2026-08-24 17:00:02.017 8 WARNING neutron.scheduler.dhcp_agent_scheduler [None req-3c7d9115-2522-4275-94c9-a506035e6f05 d4f62ee3b0254b3794270ed46d068241 7f253e65c88740e58897ec3d40b5f10b - - default default] No more DHCP agents
2026-08-24 17:00:02.019 8 WARNING neutron.api.rpc.agentnotifiers.dhcp_rpc_agent_api [None req-3c7d9115-2522-4275-94c9-a506035e6f05 d4f62ee3b0254b3794270ed46d068241 7f253e65c88740e58897ec3d40b5f10b - - default default] Unable to schedule network 2cb3318c-8c81-4cdd-a7a3-7d5e81c1be80: no agents available; will retry on subsequent port and subnet creation events. [pid: 7|app: 0|req: 929/1864] 10.0.0.7 () {32 vars in 724 bytes} [Mon Aug 24 17:00:01 2026] DELETE /v2.0/networks/e8b19a72-ed56-4ae4-b696-4c3e61ee7f00 => generated 0 bytes in 834 msecs (HTTP/1.1 204) 3 headers in 131 bytes (1 switches on core 0) [pid: 7|app: 0|req: 930/1865] 10.0.0.7 () {32 vars in 734 bytes} [Mon Aug 24 17:00:02 2026] GET /v2.0/ports?device_id=11077a0e-9cd7-4be9-a374-faffeba77228 => generated 12 bytes in 23 msecs (HTTP/1.1 200) 4 headers in 156 bytes (1 switches on core 0)
2026-08-24 17:00:02.149 7 INFO neutron.plugins.ml2.drivers.ovn.mech_driver.mech_driver [None req-1efe5ed2-c1df-4435-92a6-c0f4c31b405a - - - - - -] OVN reports status down for port: 36e86d7b-dbdf-42ec-8a37-8a7ccc234225
2026-08-24 17:00:02.195 8 INFO neutron.db.ovn_revision_numbers_db [None req-3c7d9115-2522-4275-94c9-a506035e6f05 d4f62ee3b0254b3794270ed46d068241 7f253e65c88740e58897ec3d40b5f10b - - default default] Successfully bumped revision number for resource 36e86d7b-dbdf-42ec-8a37-8a7ccc234225 (type: ports) to 1
2026-08-24 17:00:02.199 7 INFO neutron.db.segments_db [None req-088158a8-303a-4229-ac56-4ed3bf979754 cc814d780fb2402ab94a414a62fa2abb 004bc218ddf24590bc9d911088a4b45e - - default default] Added segment 229f0dc1-b33a-48e6-adbd-57a376e7048b of type geneve for network 61dd52d2-1833-42ff-a8a7-6f16cf68239c [pid: 8|app: 0|req: 936/1866] 10.0.0.7 () {34 vars in 668 bytes} [Mon Aug 24 17:00:00 2026] POST /v2.0/networks => generated 669 bytes in 1330 msecs (HTTP/1.1 201) 4 headers in 162 bytes (1 switches on core 0)
2026-08-24 17:00:02.253 8 INFO neutron.api.v2.resource [None req-a1f59c71-ee61-4e8d-8db1-dd4b18a61326 3e38141b49404150b2353168e9fbeffd b9bbf5681dfb4a3e973f0d3fbd33586a - - default default] delete failed (client error): The resource could not be found. [pid: 8|app: 0|req: 937/1867] 10.0.0.7 () {32 vars in 722 bytes} [Mon Aug 24 17:00:02 2026] DELETE /v2.0/routers/11077a0e-9cd7-4be9-a374-faffeba77228 => generated 135 bytes in 34 msecs (HTTP/1.1 404) 4 headers in 164 bytes (1 switches on core 0)
2026-08-24 17:00:02.400 7 INFO neutron.db.ovn_revision_numbers_db [None req-088158a8-303a-4229-ac56-4ed3bf979754 cc814d780fb2402ab94a414a62fa2abb 004bc218ddf24590bc9d911088a4b45e - - default default] Successfully bumped revision number for resource 61dd52d2-1833-42ff-a8a7-6f16cf68239c (type: networks) to 1
2026-08-24 17:00:02.509 8 WARNING neutron.scheduler.dhcp_agent_scheduler [None req-8c25d307-44f1-442c-9163-999b64557e1d d4f62ee3b0254b3794270ed46d068241 7f253e65c88740e58897ec3d40b5f10b - - default default] No more DHCP agents
2026-08-24 17:00:02.511 8 WARNING neutron.api.rpc.agentnotifiers.dhcp_rpc_agent_api [None req-8c25d307-44f1-442c-9163-999b64557e1d d4f62ee3b0254b3794270ed46d068241 7f253e65c88740e58897ec3d40b5f10b - - default default] Unable to schedule network 2cb3318c-8c81-4cdd-a7a3-7d5e81c1be80: no agents available; will retry on subsequent port and subnet creation events.
2026-08-24 17:00:02.537 8 INFO neutron.db.ovn_revision_numbers_db [None req-8c25d307-44f1-442c-9163-999b64557e1d d4f62ee3b0254b3794270ed46d068241 7f253e65c88740e58897ec3d40b5f10b - - default default] Successfully bumped revision number for resource 940adf67-8210-477f-82f2-d2a9d8bd889d (type: subnets) to 0 [pid: 8|app: 0|req: 938/1868] 10.0.0.7 () {34 vars in 667 bytes} [Mon Aug 24 17:00:02 2026] POST /v2.0/subnets => generated 627 bytes in 298 msecs (HTTP/1.1 201) 4 headers in 162 bytes (1 switches on core 0)
2026-08-24 17:00:02.569 8 INFO neutron.pecan_wsgi.hooks.translation [None req-2a3c3e61-cf52-4705-ab3f-1c246d71f622 3e38141b49404150b2353168e9fbeffd b9bbf5681dfb4a3e973f0d3fbd33586a - - default default] DELETE failed (client error): The resource could not be found. [pid: 8|app: 0|req: 939/1869] 10.0.0.7 () {32 vars in 722 bytes} [Mon Aug 24 17:00:02 2026] DELETE /v2.0/subnets/34a0e1be-05cc-4545-bc76-baa32d982de0 => generated 136 bytes in 17 msecs (HTTP/1.1 404) 4 headers in 164 bytes (1 switches on core 0)
2026-08-24 17:00:02.595 7 WARNING neutron.scheduler.dhcp_agent_scheduler [None req-088158a8-303a-4229-ac56-4ed3bf979754 cc814d780fb2402ab94a414a62fa2abb 004bc218ddf24590bc9d911088a4b45e - - default default] No more DHCP agents
2026-08-24 17:00:02.597 7 WARNING neutron.api.rpc.agentnotifiers.dhcp_rpc_agent_api [None req-088158a8-303a-4229-ac56-4ed3bf979754 cc814d780fb2402ab94a414a62fa2abb 004bc218ddf24590bc9d911088a4b45e - - default default] Unable to schedule network 61dd52d2-1833-42ff-a8a7-6f16cf68239c: no agents available; will retry on subsequent port and subnet creation events.
2026-08-24 17:00:02.689 7 INFO neutron.plugins.ml2.drivers.ovn.mech_driver.mech_driver [None req-1efe5ed2-c1df-4435-92a6-c0f4c31b405a - - - - - -] OVN reports status down for port: 34028ad4-b6af-4445-990c-f6a42f57989a
2026-08-24 17:00:02.755 7 INFO neutron.db.ovn_revision_numbers_db [None req-088158a8-303a-4229-ac56-4ed3bf979754 cc814d780fb2402ab94a414a62fa2abb 004bc218ddf24590bc9d911088a4b45e - - default default] Successfully bumped revision number for resource 34028ad4-b6af-4445-990c-f6a42f57989a (type: ports) to 1 [pid: 7|app: 0|req: 931/1870] 10.0.0.7 () {34 vars in 668 bytes} [Mon Aug 24 17:00:02 2026] POST /v2.0/networks => generated 749 bytes in 757 msecs (HTTP/1.1 201) 4 headers in 162 bytes (1 switches on core 0)
2026-08-24 17:00:02.898 8 INFO neutron.db.ovn_revision_numbers_db [None req-34602b44-dc7d-462a-8408-e6dec98519c0 4d6edf3dae384c0ab1e6f8d739a25f74 fb04ca99dc9843b59309bcf0f02a9272 - - default default] Successfully bumped revision number for resource caef5242-983c-4079-b81e-ed14948c0e23 (type: security_groups) to 1
2026-08-24 17:00:02.912 8 INFO neutron.db.ovn_revision_numbers_db [None req-34602b44-dc7d-462a-8408-e6dec98519c0 4d6edf3dae384c0ab1e6f8d739a25f74 fb04ca99dc9843b59309bcf0f02a9272 - - default default] Successfully bumped revision number for resource 3b833a85-bb11-407e-a88f-8fd006328cf4 (type: security_group_rules) to 0
2026-08-24 17:00:02.925 8 INFO neutron.db.ovn_revision_numbers_db [None req-34602b44-dc7d-462a-8408-e6dec98519c0 4d6edf3dae384c0ab1e6f8d739a25f74 fb04ca99dc9843b59309bcf0f02a9272 - - default default] Successfully bumped revision number for resource 3d08c393-de16-4d13-9da6-d148b42b5358 (type: security_group_rules) to 0
2026-08-24 17:00:02.938 8 INFO neutron.db.ovn_revision_numbers_db [None req-34602b44-dc7d-462a-8408-e6dec98519c0 4d6edf3dae384c0ab1e6f8d739a25f74 fb04ca99dc9843b59309bcf0f02a9272 - - default default] Successfully bumped revision number for resource 51e6f9cf-aadb-47f9-a37d-b9c4c0c51fe2 (type: security_group_rules) to 0
2026-08-24 17:00:02.949 8 INFO neutron.db.ovn_revision_numbers_db [None req-34602b44-dc7d-462a-8408-e6dec98519c0 4d6edf3dae384c0ab1e6f8d739a25f74 fb04ca99dc9843b59309bcf0f02a9272 - - default default] Successfully bumped revision number for resource 9be3574d-2b67-4378-9227-10d8a5992404 (type: security_group_rules) to 0 [pid: 8|app: 0|req: 940/1871] 10.0.0.7 () {32 vars in 772 bytes} [Mon Aug 24 17:00:02 2026] GET /v2.0/security-groups?tenant_id=540c20bb151d4a3ba3d8583524a9d870&name=default => generated 2925 bytes in 415 msecs (HTTP/1.1 200) 4 headers in 158 bytes (1 switches on core 0) [pid: 8|app: 0|req: 941/1872] 10.0.0.7 () {32 vars in 734 bytes} [Mon Aug 24 17:00:02 2026] GET /v2.0/ports?device_id=2f32e406-da3c-49d2-bee0-071d26727662 => generated 12 bytes in 18 msecs (HTTP/1.1 200) 4 headers in 156 bytes (1 switches on core 0)
2026-08-24 17:00:03.187 8 WARNING neutron.scheduler.dhcp_agent_scheduler [None req-71311b5f-158c-46bc-be59-a4ab63f99225 cc814d780fb2402ab94a414a62fa2abb 004bc218ddf24590bc9d911088a4b45e - - default default] No more DHCP agents
2026-08-24 17:00:03.190 8 WARNING neutron.api.rpc.agentnotifiers.dhcp_rpc_agent_api [None req-71311b5f-158c-46bc-be59-a4ab63f99225 cc814d780fb2402ab94a414a62fa2abb 004bc218ddf24590bc9d911088a4b45e - - default default] Unable to schedule network 61dd52d2-1833-42ff-a8a7-6f16cf68239c: no agents available; will retry on subsequent port and subnet creation events.
2026-08-24 17:00:03.364 7 WARNING neutron.scheduler.dhcp_agent_scheduler [None req-486dd2d3-93b9-40ae-8bf9-7230489c16ab d4f62ee3b0254b3794270ed46d068241 7f253e65c88740e58897ec3d40b5f10b - - default default] No more DHCP agents
2026-08-24 17:00:03.365 7 WARNING neutron.api.rpc.agentnotifiers.dhcp_rpc_agent_api [None req-486dd2d3-93b9-40ae-8bf9-7230489c16ab d4f62ee3b0254b3794270ed46d068241 7f253e65c88740e58897ec3d40b5f10b - - default default] Unable to schedule network 2fa7074a-8978-472c-8dfb-9c053e39a13e: no agents available; will retry on subsequent port and subnet creation events.
2026-08-24 17:00:03.499 7 INFO neutron.plugins.ml2.drivers.ovn.mech_driver.mech_driver [None req-1efe5ed2-c1df-4435-92a6-c0f4c31b405a - - - - - -] OVN reports status down for port: c5b7f0f7-8b64-4fdb-9149-ead0c2625023
2026-08-24 17:00:03.581 7 INFO neutron.db.ovn_revision_numbers_db [None req-486dd2d3-93b9-40ae-8bf9-7230489c16ab d4f62ee3b0254b3794270ed46d068241 7f253e65c88740e58897ec3d40b5f10b - - default default] Successfully bumped revision number for resource c5b7f0f7-8b64-4fdb-9149-ead0c2625023 (type: ports) to 1
2026-08-24 17:00:03.713 8 INFO neutron.db.ovn_revision_numbers_db [None req-6741f66e-7150-4d18-b349-5b4dc1d194bf - - - - - -] Successfully bumped revision number for resource 34028ad4-b6af-4445-990c-f6a42f57989a (type: ports) to 2
2026-08-24 17:00:03.766 8 INFO neutron.db.ovn_revision_numbers_db [None req-6741f66e-7150-4d18-b349-5b4dc1d194bf - - - - - -] Successfully bumped revision number for resource 288ebe4e-a1fb-47b7-9fe4-e5b7ac2c91bd (type: subnets) to 0 [pid: 8|app: 0|req: 942/1873] 10.0.0.7 () {34 vars in 667 bytes} [Mon Aug 24 17:00:03 2026] POST /v2.0/subnets => generated 647 bytes in 781 msecs (HTTP/1.1 201) 4 headers in 162 bytes (1 switches on core 0) [pid: 8|app: 0|req: 943/1874] 10.0.0.7 () {32 vars in 738 bytes} [Mon Aug 24 17:00:03 2026] DELETE /v2.0/security-groups/caef5242-983c-4079-b81e-ed14948c0e23 => generated 0 bytes in 336 msecs (HTTP/1.1 204) 2 headers in 112 bytes (1 switches on core 0)
2026-08-24 17:00:04.178 8 INFO neutron.api.v2.resource [None req-406fd7ea-c2cb-4469-87e2-99d77ffa236c 3e38141b49404150b2353168e9fbeffd b9bbf5681dfb4a3e973f0d3fbd33586a - - default default] delete failed (client error): The resource could not be found. [pid: 8|app: 0|req: 944/1875] 10.0.0.7 () {32 vars in 722 bytes} [Mon Aug 24 17:00:04 2026] DELETE /v2.0/routers/2f32e406-da3c-49d2-bee0-071d26727662 => generated 135 bytes in 56 msecs (HTTP/1.1 404) 4 headers in 164 bytes (1 switches on core 0) [pid: 8|app: 0|req: 947/1878] 10.0.0.7 () {34 vars in 679 bytes} [Mon Aug 24 17:00:04 2026] POST /v2.0/rbac-policies => generated 324 bytes in 213 msecs (HTTP/1.1 201) 4 headers in 162 bytes (1 switches on core 0)
2026-08-24 17:00:04.409 8 INFO neutron.pecan_wsgi.hooks.translation [None req-82fa9cd6-03c8-457b-88f3-f1225cd6429a 3e38141b49404150b2353168e9fbeffd b9bbf5681dfb4a3e973f0d3fbd33586a - - default default] DELETE failed (client error): The resource could not be found. [pid: 8|app: 0|req: 948/1879] 10.0.0.7 () {32 vars in 722 bytes} [Mon Aug 24 17:00:04 2026] DELETE /v2.0/subnets/1ea2577f-0668-46be-8543-01b992fa2e1d => generated 136 bytes in 14 msecs (HTTP/1.1 404) 4 headers in 164 bytes (1 switches on core 0) [pid: 8|app: 0|req: 949/1880] 10.0.0.7 () {32 vars in 734 bytes} [Mon Aug 24 17:00:04 2026] GET /v2.0/ports?device_id=b4e03a43-cb59-455b-a262-02ca5e4a3d02 => generated 12 bytes in 14 msecs (HTTP/1.1 200) 4 headers in 156 bytes (1 switches on core 0)
2026-08-24 17:00:04.453 8 INFO neutron.api.v2.resource [None req-8ee4506d-06a3-4f87-b424-9d7fd72213fb 3e38141b49404150b2353168e9fbeffd b9bbf5681dfb4a3e973f0d3fbd33586a - - default default] delete failed (client error): The resource could not be found. [pid: 8|app: 0|req: 950/1881] 10.0.0.7 () {32 vars in 722 bytes} [Mon Aug 24 17:00:04 2026] DELETE /v2.0/routers/b4e03a43-cb59-455b-a262-02ca5e4a3d02 => generated 135 bytes in 18 msecs (HTTP/1.1 404) 4 headers in 164 bytes (1 switches on core 0)
2026-08-24 17:00:04.469 8 INFO neutron.pecan_wsgi.hooks.translation [None req-7efa284c-e595-44cc-860c-97f2ac612b16 3e38141b49404150b2353168e9fbeffd b9bbf5681dfb4a3e973f0d3fbd33586a - - default default] DELETE failed (client error): The resource could not be found. [pid: 8|app: 0|req: 951/1882] 10.0.0.7 () {32 vars in 722 bytes} [Mon Aug 24 17:00:04 2026] DELETE /v2.0/subnets/f401925c-be97-4a54-bbb4-3e99fb1b8e94 => generated 136 bytes in 12 msecs (HTTP/1.1 404) 4 headers in 164 bytes (1 switches on core 0)
2026-08-24 17:00:04.487 8 INFO neutron.pecan_wsgi.hooks.translation [None req-1d96b7c1-18a3-4ed5-a9c5-5a711fc53864 3e38141b49404150b2353168e9fbeffd b9bbf5681dfb4a3e973f0d3fbd33586a - - default default] DELETE failed (client error): The resource could not be found. [pid: 8|app: 0|req: 952/1883] 10.0.0.7 () {32 vars in 722 bytes} [Mon Aug 24 17:00:04 2026] DELETE /v2.0/subnets/462aaa36-bbdb-4caa-a5f9-cd0b60fd90b9 => generated 136 bytes in 13 msecs (HTTP/1.1 404) 4 headers in 164 bytes (1 switches on core 0)
2026-08-24 17:00:04.583 7 INFO neutron.plugins.ml2.drivers.ovn.mech_driver.ovsdb.commands [None req-1404a186-d79d-45c8-9200-badf28d6f05a - - - - - -] Schedule LRP lrp-c5b7f0f7-8b64-4fdb-9149-ead0c2625023 on gateway b4044d4a-7e0d-4d2e-b49e-b07f99fbd95d with priority 1
2026-08-24 17:00:04.700 7 INFO neutron.plugins.ml2.drivers.ovn.mech_driver.mech_driver [None req-1efe5ed2-c1df-4435-92a6-c0f4c31b405a - - - - - -] OVN reports status up for port: c5b7f0f7-8b64-4fdb-9149-ead0c2625023
2026-08-24 17:00:04.725 7 INFO neutron.plugins.ml2.plugin [None req-1efe5ed2-c1df-4435-92a6-c0f4c31b405a - - - - - -] Attempt 1 to provision port c5b7f0f7-8b64-4fdb-9149-ead0c2625023
2026-08-24 17:00:04.748 7 INFO neutron.db.ovn_revision_numbers_db [None req-486dd2d3-93b9-40ae-8bf9-7230489c16ab d4f62ee3b0254b3794270ed46d068241 7f253e65c88740e58897ec3d40b5f10b - - default default] Successfully bumped revision number for resource c5b7f0f7-8b64-4fdb-9149-ead0c2625023 (type: router_ports) to 1
2026-08-24 17:00:04.868 7 INFO neutron.db.ovn_revision_numbers_db [None req-486dd2d3-93b9-40ae-8bf9-7230489c16ab d4f62ee3b0254b3794270ed46d068241 7f253e65c88740e58897ec3d40b5f10b - - default default] Successfully bumped revision number for resource cf31c43f-3fc2-4966-9d49-efab1583c063 (type: routers) to 2 [pid: 7|app: 0|req: 932/1884] 10.0.0.7 () {34 vars in 667 bytes} [Mon Aug 24 17:00:02 2026] POST /v2.0/routers => generated 954 bytes in 2082 msecs (HTTP/1.1 201) 4 headers in 162 bytes (1 switches on core 0) [pid: 8|app: 0|req: 953/1885] 10.0.0.7 () {32 vars in 721 bytes} [Mon Aug 24 17:00:04 2026] GET /v2.0/networks/61dd52d2-1833-42ff-a8a7-6f16cf68239c => generated 693 bytes in 215 msecs (HTTP/1.1 200) 4 headers in 157 bytes (1 switches on core 0) [pid: 8|app: 0|req: 954/1886] 10.0.0.7 () {32 vars in 772 bytes} [Mon Aug 24 17:00:05 2026] GET /v2.0/security-groups?tenant_id=b9bbf5681dfb4a3e973f0d3fbd33586a&name=default => generated 2925 bytes in 57 msecs (HTTP/1.1 200) 4 headers in 158 bytes (1 switches on core 0) [pid: 8|app: 0|req: 955/1887] 10.0.0.7 () {32 vars in 738 bytes} [Mon Aug 24 17:00:05 2026] DELETE /v2.0/security-groups/3aabe4b4-e5f4-4db7-beaa-69dbf8723de9 => generated 0 bytes in 339 msecs (HTTP/1.1 204) 2 headers in 112 bytes (1 switches on core 0)
2026-08-24 17:00:05.509 7 WARNING neutron.scheduler.dhcp_agent_scheduler [None req-522ef65b-c966-4069-bb1a-67ca9ab82d23 d4f62ee3b0254b3794270ed46d068241 7f253e65c88740e58897ec3d40b5f10b - - default default] No more DHCP agents
2026-08-24 17:00:05.510 7 WARNING neutron.api.rpc.agentnotifiers.dhcp_rpc_agent_api [None req-522ef65b-c966-4069-bb1a-67ca9ab82d23 d4f62ee3b0254b3794270ed46d068241 7f253e65c88740e58897ec3d40b5f10b - - default default] Unable to schedule network 2cb3318c-8c81-4cdd-a7a3-7d5e81c1be80: no agents available; will retry on subsequent port and subnet creation events.
2026-08-24 17:00:05.616 8 INFO neutron.pecan_wsgi.hooks.translation [None req-4596c8ff-4912-4e3e-8ecd-2fc62fe20dd1 5935fe7e2d524e609b0d6787b744408f 91578c30c64046058e78ee39df4262ae - - default default] GET failed (client error): The resource could not be found. [pid: 8|app: 0|req: 956/1888] 10.0.0.7 () {32 vars in 721 bytes} [Mon Aug 24 17:00:05 2026] GET /v2.0/networks/61dd52d2-1833-42ff-a8a7-6f16cf68239c => generated 138 bytes in 138 msecs (HTTP/1.1 404) 4 headers in 164 bytes (1 switches on core 0)
2026-08-24 17:00:05.736 7 INFO neutron.db.ovn_revision_numbers_db [None req-522ef65b-c966-4069-bb1a-67ca9ab82d23 d4f62ee3b0254b3794270ed46d068241 7f253e65c88740e58897ec3d40b5f10b - - default default] Successfully bumped revision number for resource 3ea215ad-358a-4b33-9582-65a0806389e6 (type: ports) to 1
2026-08-24 17:00:05.865 8 INFO neutron_taas.services.taas.taas_plugin [None req-abe443f7-50d2-4c7d-a5a2-3e849b7cf499 cc814d780fb2402ab94a414a62fa2abb 004bc218ddf24590bc9d911088a4b45e - - default default] TaaS: Handle Delete Port: 34028ad4-b6af-4445-990c-f6a42f57989a
2026-08-24 17:00:05.867 8 INFO neutron_taas.services.taas.tap_mirror_plugin [None req-abe443f7-50d2-4c7d-a5a2-3e849b7cf499 cc814d780fb2402ab94a414a62fa2abb 004bc218ddf24590bc9d911088a4b45e - - default default] Tap Mirror: Handle Delete Port: 34028ad4-b6af-4445-990c-f6a42f57989a
2026-08-24 17:00:06.289 8 INFO neutron.services.segments.plugin [-] Segment 229f0dc1-b33a-48e6-adbd-57a376e7048b resource provider aggregate not found
