2026-08-24 17:02:38.484 7 INFO neutron.db.ovn_revision_numbers_db [None req-cdae95be-4298-4038-bec1-1baa1c2560e2 4d6edf3dae384c0ab1e6f8d739a25f74 fb04ca99dc9843b59309bcf0f02a9272 - - default default] Successfully bumped revision number for resource 961caa3a-2cec-4249-b550-27da3464f12c (type: security_group_rules) to 0
2026-08-24 17:02:38.503 7 INFO neutron.db.ovn_revision_numbers_db [None req-cdae95be-4298-4038-bec1-1baa1c2560e2 4d6edf3dae384c0ab1e6f8d739a25f74 fb04ca99dc9843b59309bcf0f02a9272 - - default default] Successfully bumped revision number for resource f52b82be-37f9-4e86-b8bd-3fa48d936fde (type: security_group_rules) to 0 [pid: 7|app: 0|req: 1428/2893] 10.0.0.7 () {32 vars in 772 bytes} [Mon Aug 24 17:02:38 2026] GET /v2.0/security-groups?tenant_id=5b4d34e742734723b877c26f916ac431&name=default => generated 2929 bytes in 298 msecs (HTTP/1.1 200) 4 headers in 158 bytes (1 switches on core 0) [pid: 8|app: 0|req: 1466/2894] 10.0.0.7 () {34 vars in 787 bytes} [Mon Aug 24 17:02:37 2026] PUT /v2.0/routers/5be9812b-eb2d-4cae-81b2-75b8c2802aae/remove_router_interface => generated 309 bytes in 1039 msecs (HTTP/1.1 200) 4 headers in 157 bytes (1 switches on core 0) /var/lib/openstack/lib/python3.12/site-packages/pycadf/identifier.py:70: UserWarning: Invalid uuid: neutron. To ensure interoperability, identifiers should be a valid uuid. warnings.warn(('Invalid uuid: %s. To ensure interoperability, ' [pid: 7|app: 0|req: 1429/2895] 10.0.0.7 () {32 vars in 720 bytes} [Mon Aug 24 17:02:38 2026] GET /v2.0/subnetpools?name=shared-default-subnetpool-v6 => generated 19 bytes in 192 msecs (HTTP/1.1 200) 4 headers in 156 bytes (1 switches on core 0) [pid: 8|app: 0|req: 1467/2896] 10.0.0.7 () {32 vars in 738 bytes} [Mon Aug 24 17:02:38 2026] DELETE /v2.0/security-groups/eed6a913-f2df-4a88-8f66-21c1d8e3d136 => generated 0 bytes in 264 msecs (HTTP/1.1 204) 2 headers in 112 bytes (1 switches on core 0)
2026-08-24 17:02:39.122 7 INFO neutron_taas.services.taas.taas_plugin [None req-540146e8-3fe8-406b-adc1-ae8140199461 6fb5c30908b04667b1e0ecf6611351b4 744a54c0b43a4a19be1a218b3525cbda - - default default] TaaS: Handle Delete Port: e9221a0a-b288-447d-9128-8fb6db44af5a
2026-08-24 17:02:39.126 7 INFO neutron_taas.services.taas.tap_mirror_plugin [None req-540146e8-3fe8-406b-adc1-ae8140199461 6fb5c30908b04667b1e0ecf6611351b4 744a54c0b43a4a19be1a218b3525cbda - - default default] Tap Mirror: Handle Delete Port: e9221a0a-b288-447d-9128-8fb6db44af5a
2026-08-24 17:02:39.172 8 WARNING neutron.scheduler.dhcp_agent_scheduler [None req-4b6e52f0-c6cd-468c-8189-665ad9fc7e54 7309da287cb7467c952451de2df7ece3 96334ada1b9e47f5b29d25525a34e526 - - default default] No more DHCP agents
2026-08-24 17:02:39.173 8 WARNING neutron.api.rpc.agentnotifiers.dhcp_rpc_agent_api [None req-4b6e52f0-c6cd-468c-8189-665ad9fc7e54 7309da287cb7467c952451de2df7ece3 96334ada1b9e47f5b29d25525a34e526 - - default default] Unable to schedule network 2f3e48a1-f224-4dde-b49b-c9e39164f48b: no agents available; will retry on subsequent port and subnet creation events.
2026-08-24 17:02:39.215 8 INFO neutron.db.ovn_revision_numbers_db [None req-4b6e52f0-c6cd-468c-8189-665ad9fc7e54 7309da287cb7467c952451de2df7ece3 96334ada1b9e47f5b29d25525a34e526 - - default default] Successfully bumped revision number for resource 8d0756c4-5f22-40c7-8195-2001e24dd5de (type: subnets) to 0 [pid: 8|app: 0|req: 1468/2897] 10.0.0.7 () {34 vars in 667 bytes} [Mon Aug 24 17:02:38 2026] POST /v2.0/subnets => generated 732 bytes in 292 msecs (HTTP/1.1 201) 4 headers in 162 bytes (1 switches on core 0)
2026-08-24 17:02:39.337 8 INFO neutron.db.segments_db [None req-f6ee886a-d58c-4067-a230-b8a4ba4a5fe0 7309da287cb7467c952451de2df7ece3 96334ada1b9e47f5b29d25525a34e526 - - default default] Added segment 8a17ccd0-534b-45b5-863f-0ad1fb7642ac of type geneve for network fb425aa6-5be3-4e65-b60f-df76ba971c12
2026-08-24 17:02:39.463 8 INFO neutron.db.ovn_revision_numbers_db [None req-f6ee886a-d58c-4067-a230-b8a4ba4a5fe0 7309da287cb7467c952451de2df7ece3 96334ada1b9e47f5b29d25525a34e526 - - default default] Successfully bumped revision number for resource fb425aa6-5be3-4e65-b60f-df76ba971c12 (type: networks) to 1 [pid: 7|app: 0|req: 1430/2898] 10.0.0.7 () {32 vars in 722 bytes} [Mon Aug 24 17:02:38 2026] DELETE /v2.0/routers/5be9812b-eb2d-4cae-81b2-75b8c2802aae => generated 0 bytes in 944 msecs (HTTP/1.1 204) 2 headers in 112 bytes (1 switches on core 0)
2026-08-24 17:02:39.716 7 INFO neutron.api.v2.resource [None req-f23e1fe6-7e5e-4e7f-a88a-484abd1daed9 6fb5c30908b04667b1e0ecf6611351b4 744a54c0b43a4a19be1a218b3525cbda - - default default] show failed (client error): The resource could not be found. [pid: 7|app: 0|req: 1431/2899] 10.0.0.7 () {32 vars in 719 bytes} [Mon Aug 24 17:02:39 2026] GET /v2.0/routers/b90c982d-c2b7-4eb8-8f9f-334a2a864d32 => generated 135 bytes in 21 msecs (HTTP/1.1 404) 4 headers in 164 bytes (1 switches on core 0)
2026-08-24 17:02:39.723 8 WARNING neutron.scheduler.dhcp_agent_scheduler [None req-f6ee886a-d58c-4067-a230-b8a4ba4a5fe0 7309da287cb7467c952451de2df7ece3 96334ada1b9e47f5b29d25525a34e526 - - default default] No more DHCP agents
2026-08-24 17:02:39.724 8 WARNING neutron.api.rpc.agentnotifiers.dhcp_rpc_agent_api [None req-f6ee886a-d58c-4067-a230-b8a4ba4a5fe0 7309da287cb7467c952451de2df7ece3 96334ada1b9e47f5b29d25525a34e526 - - default default] Unable to schedule network fb425aa6-5be3-4e65-b60f-df76ba971c12: no agents available; will retry on subsequent port and subnet creation events.
2026-08-24 17:02:39.856 7 INFO neutron.plugins.ml2.drivers.ovn.mech_driver.mech_driver [None req-8f16c1c9-ee30-4021-b9fc-f172d392efb3 - - - - - -] OVN reports status down for port: ac01464b-b90c-46df-a2d2-c746fccad12c
2026-08-24 17:02:39.858 8 INFO neutron.db.ovn_revision_numbers_db [None req-f6ee886a-d58c-4067-a230-b8a4ba4a5fe0 7309da287cb7467c952451de2df7ece3 96334ada1b9e47f5b29d25525a34e526 - - default default] Successfully bumped revision number for resource ac01464b-b90c-46df-a2d2-c746fccad12c (type: ports) to 1 [pid: 8|app: 0|req: 1469/2900] 10.0.0.7 () {34 vars in 668 bytes} [Mon Aug 24 17:02:39 2026] POST /v2.0/networks => generated 656 bytes in 647 msecs (HTTP/1.1 201) 4 headers in 162 bytes (1 switches on core 0) [pid: 7|app: 0|req: 1432/2901] 10.0.0.7 () {32 vars in 722 bytes} [Mon Aug 24 17:02:39 2026] DELETE /v2.0/subnets/31626718-161a-4ed8-8ce6-3bc916eae61f => generated 0 bytes in 273 msecs (HTTP/1.1 204) 3 headers in 131 bytes (1 switches on core 0)
2026-08-24 17:02:40.095 8 WARNING neutron.scheduler.dhcp_agent_scheduler [None req-0da2c0aa-de8f-40be-b016-0a0ea5781fc2 7309da287cb7467c952451de2df7ece3 96334ada1b9e47f5b29d25525a34e526 - - default default] No more DHCP agents
2026-08-24 17:02:40.097 8 WARNING neutron.api.rpc.agentnotifiers.dhcp_rpc_agent_api [None req-0da2c0aa-de8f-40be-b016-0a0ea5781fc2 7309da287cb7467c952451de2df7ece3 96334ada1b9e47f5b29d25525a34e526 - - default default] Unable to schedule network fb425aa6-5be3-4e65-b60f-df76ba971c12: no agents available; will retry on subsequent port and subnet creation events. [pid: 7|app: 0|req: 1433/2902] 10.0.0.7 () {32 vars in 722 bytes} [Mon Aug 24 17:02:39 2026] DELETE /v2.0/subnets/e9959ba6-d931-40b0-ac0a-df58ef7d9484 => generated 0 bytes in 184 msecs (HTTP/1.1 204) 3 headers in 131 bytes (1 switches on core 0) [pid: 7|app: 0|req: 1434/2903] 10.0.0.7 () {32 vars in 722 bytes} [Mon Aug 24 17:02:40 2026] DELETE /v2.0/subnets/7782b0d6-1910-4617-b606-e77f26c36a3e => generated 0 bytes in 177 msecs (HTTP/1.1 204) 3 headers in 131 bytes (1 switches on core 0)
2026-08-24 17:02:40.389 7 INFO neutron.pecan_wsgi.hooks.translation [None req-859bc01d-37f5-460c-afc7-83a33407c290 6fb5c30908b04667b1e0ecf6611351b4 744a54c0b43a4a19be1a218b3525cbda - - default default] DELETE failed (client error): The resource could not be found. [pid: 7|app: 0|req: 1435/2904] 10.0.0.7 () {32 vars in 722 bytes} [Mon Aug 24 17:02:40 2026] DELETE /v2.0/subnets/b13d6a02-e5ec-4fea-8582-d7748aafc337 => generated 136 bytes in 18 msecs (HTTP/1.1 404) 4 headers in 164 bytes (1 switches on core 0)
2026-08-24 17:02:40.519 7 INFO neutron_taas.services.taas.taas_plugin [None req-b2cf36fe-a4ff-40de-acdd-fc850e8d7bff 6fb5c30908b04667b1e0ecf6611351b4 744a54c0b43a4a19be1a218b3525cbda - - default default] TaaS: Handle Delete Port: 8704e0c6-b8c6-4438-9a2f-8496802f08e1
2026-08-24 17:02:40.522 7 INFO neutron_taas.services.taas.tap_mirror_plugin [None req-b2cf36fe-a4ff-40de-acdd-fc850e8d7bff 6fb5c30908b04667b1e0ecf6611351b4 744a54c0b43a4a19be1a218b3525cbda - - default default] Tap Mirror: Handle Delete Port: 8704e0c6-b8c6-4438-9a2f-8496802f08e1
2026-08-24 17:02:40.628 8 INFO neutron.db.ovn_revision_numbers_db [None req-dcb1c70e-ac65-4ac7-a3e8-3e448d9b7828 - - - - - -] Successfully bumped revision number for resource ac01464b-b90c-46df-a2d2-c746fccad12c (type: ports) to 2
2026-08-24 17:02:40.676 8 INFO neutron.db.ovn_revision_numbers_db [None req-dcb1c70e-ac65-4ac7-a3e8-3e448d9b7828 - - - - - -] Successfully bumped revision number for resource b95757eb-c425-42df-8695-49fa338fe75e (type: subnets) to 0 [pid: 8|app: 0|req: 1470/2905] 10.0.0.7 () {34 vars in 667 bytes} [Mon Aug 24 17:02:39 2026] POST /v2.0/subnets => generated 656 bytes in 832 msecs (HTTP/1.1 201) 4 headers in 162 bytes (1 switches on core 0)
2026-08-24 17:02:40.852 7 INFO neutron.services.segments.plugin [-] Segment 807f94e4-11db-4206-a7db-f8cb6e16c7de resource provider aggregate not found
2026-08-24 17:02:40.853 7 INFO neutron.services.segments.plugin [-] Segment 807f94e4-11db-4206-a7db-f8cb6e16c7de resource provider aggregate not found
2026-08-24 17:02:40.886 7 INFO neutron.services.segments.plugin [-] Segment 807f94e4-11db-4206-a7db-f8cb6e16c7de resource provider not found; error: Placement Client Error (4xx): {"errors": [{"status": 404, "title": "Not Found", "detail": "The resource could not be found.\n\n No resource provider with uuid 807f94e4-11db-4206-a7db-f8cb6e16c7de found for delete ", "request_id": "req-afd92ae0-ff83-4b9a-b48b-3178de71d026"}]}
2026-08-24 17:02:40.887 7 INFO neutron.services.segments.plugin [-] Segment 807f94e4-11db-4206-a7db-f8cb6e16c7de resource provider not found; error: Placement Client Error (4xx): {"errors": [{"status": 404, "title": "Not Found", "detail": "The resource could not be found.\n\n No resource provider with uuid 807f94e4-11db-4206-a7db-f8cb6e16c7de found for delete ", "request_id": "req-b6a5e128-daac-420f-830b-73776b3a9cdc"}]} [pid: 7|app: 0|req: 1436/2906] 10.0.0.7 () {32 vars in 724 bytes} [Mon Aug 24 17:02:40 2026] DELETE /v2.0/networks/8d2a01f4-ea27-4f53-bed3-aa26f4300406 => generated 0 bytes in 530 msecs (HTTP/1.1 204) 3 headers in 131 bytes (1 switches on core 0)
2026-08-24 17:02:40.984 8 WARNING neutron.scheduler.dhcp_agent_scheduler [None req-63126231-f638-4e5f-8119-11dc57e36030 7309da287cb7467c952451de2df7ece3 96334ada1b9e47f5b29d25525a34e526 - - default default] No more DHCP agents
2026-08-24 17:02:40.985 8 WARNING neutron.api.rpc.agentnotifiers.dhcp_rpc_agent_api [None req-63126231-f638-4e5f-8119-11dc57e36030 7309da287cb7467c952451de2df7ece3 96334ada1b9e47f5b29d25525a34e526 - - default default] Unable to schedule network fb425aa6-5be3-4e65-b60f-df76ba971c12: no agents available; will retry on subsequent port and subnet creation events.
2026-08-24 17:02:41.021 8 INFO neutron.db.ovn_revision_numbers_db [None req-63126231-f638-4e5f-8119-11dc57e36030 7309da287cb7467c952451de2df7ece3 96334ada1b9e47f5b29d25525a34e526 - - default default] Successfully bumped revision number for resource 84d7d3e0-0c42-4750-b2cd-3235dd797c7d (type: subnets) to 0 [pid: 8|app: 0|req: 1471/2907] 10.0.0.7 () {34 vars in 667 bytes} [Mon Aug 24 17:02:40 2026] POST /v2.0/subnets => generated 725 bytes in 312 msecs (HTTP/1.1 201) 4 headers in 162 bytes (1 switches on core 0)
2026-08-24 17:02:41.054 7 INFO neutron_taas.services.taas.taas_plugin [None req-b3ecadae-5f03-48f3-abe1-1d0c363e9616 6fb5c30908b04667b1e0ecf6611351b4 744a54c0b43a4a19be1a218b3525cbda - - default default] TaaS: Handle Delete Port: bfa52897-74f4-4f1a-b723-68b97ee92a27
2026-08-24 17:02:41.056 7 INFO neutron_taas.services.taas.tap_mirror_plugin [None req-b3ecadae-5f03-48f3-abe1-1d0c363e9616 6fb5c30908b04667b1e0ecf6611351b4 744a54c0b43a4a19be1a218b3525cbda - - default default] Tap Mirror: Handle Delete Port: bfa52897-74f4-4f1a-b723-68b97ee92a27
2026-08-24 17:02:41.125 8 INFO neutron.db.segments_db [None req-0448b5d8-94d7-44bf-8535-361a1bac4dae 7309da287cb7467c952451de2df7ece3 96334ada1b9e47f5b29d25525a34e526 - - default default] Added segment 911f5da3-aba1-45d4-aa7b-366fc1330402 of type geneve for network e91f377d-b1d2-4d69-bef1-39cd62bc77a1
2026-08-24 17:02:41.322 8 INFO neutron.db.ovn_revision_numbers_db [None req-0448b5d8-94d7-44bf-8535-361a1bac4dae 7309da287cb7467c952451de2df7ece3 96334ada1b9e47f5b29d25525a34e526 - - default default] Successfully bumped revision number for resource e91f377d-b1d2-4d69-bef1-39cd62bc77a1 (type: networks) to 1 [pid: 7|app: 0|req: 1437/2908] 10.0.0.7 () {32 vars in 724 bytes} [Mon Aug 24 17:02:40 2026] DELETE /v2.0/networks/7f778be7-31a0-4466-a125-4e3189eff2a0 => generated 0 bytes in 393 msecs (HTTP/1.1 204) 3 headers in 131 bytes (1 switches on core 0)
2026-08-24 17:02:41.457 7 INFO neutron_taas.services.taas.taas_plugin [None req-1b804340-0355-4d56-986d-285d341de96b 6fb5c30908b04667b1e0ecf6611351b4 744a54c0b43a4a19be1a218b3525cbda - - default default] TaaS: Handle Delete Port: ce9a2eb8-bb8a-46f3-9986-b1eae6a7e874
2026-08-24 17:02:41.461 7 INFO neutron_taas.services.taas.tap_mirror_plugin [None req-1b804340-0355-4d56-986d-285d341de96b 6fb5c30908b04667b1e0ecf6611351b4 744a54c0b43a4a19be1a218b3525cbda - - default default] Tap Mirror: Handle Delete Port: ce9a2eb8-bb8a-46f3-9986-b1eae6a7e874
2026-08-24 17:02:41.498 8 WARNING neutron.scheduler.dhcp_agent_scheduler [None req-0448b5d8-94d7-44bf-8535-361a1bac4dae 7309da287cb7467c952451de2df7ece3 96334ada1b9e47f5b29d25525a34e526 - - default default] No more DHCP agents
2026-08-24 17:02:41.499 8 WARNING neutron.api.rpc.agentnotifiers.dhcp_rpc_agent_api [None req-0448b5d8-94d7-44bf-8535-361a1bac4dae 7309da287cb7467c952451de2df7ece3 96334ada1b9e47f5b29d25525a34e526 - - default default] Unable to schedule network e91f377d-b1d2-4d69-bef1-39cd62bc77a1: no agents available; will retry on subsequent port and subnet creation events.
2026-08-24 17:02:41.630 7 INFO neutron.plugins.ml2.drivers.ovn.mech_driver.mech_driver [None req-8f16c1c9-ee30-4021-b9fc-f172d392efb3 - - - - - -] OVN reports status down for port: de00db2a-5e84-42b8-b434-eb513f9c7ee1
2026-08-24 17:02:41.707 8 INFO neutron.db.ovn_revision_numbers_db [None req-0448b5d8-94d7-44bf-8535-361a1bac4dae 7309da287cb7467c952451de2df7ece3 96334ada1b9e47f5b29d25525a34e526 - - default default] Successfully bumped revision number for resource de00db2a-5e84-42b8-b434-eb513f9c7ee1 (type: ports) to 1 [pid: 8|app: 0|req: 1472/2909] 10.0.0.7 () {34 vars in 668 bytes} [Mon Aug 24 17:02:41 2026] POST /v2.0/networks => generated 655 bytes in 693 msecs (HTTP/1.1 201) 4 headers in 162 bytes (1 switches on core 0) [pid: 7|app: 0|req: 1438/2910] 10.0.0.7 () {32 vars in 724 bytes} [Mon Aug 24 17:02:41 2026] DELETE /v2.0/networks/5195f6e6-57f1-425f-b933-b7b099d5bee2 => generated 0 bytes in 580 msecs (HTTP/1.1 204) 3 headers in 131 bytes (1 switches on core 0)
2026-08-24 17:02:41.931 7 INFO neutron.pecan_wsgi.hooks.translation [None req-dc070e42-5480-41fe-b805-577a93fa2be6 6fb5c30908b04667b1e0ecf6611351b4 744a54c0b43a4a19be1a218b3525cbda - - default default] DELETE failed (client error): The resource could not be found. [pid: 7|app: 0|req: 1439/2911] 10.0.0.7 () {32 vars in 724 bytes} [Mon Aug 24 17:02:41 2026] DELETE /v2.0/networks/95da469c-00f8-4c36-9368-036d81177641 => generated 138 bytes in 15 msecs (HTTP/1.1 404) 4 headers in 164 bytes (1 switches on core 0)
2026-08-24 17:02:41.956 8 WARNING neutron.scheduler.dhcp_agent_scheduler [None req-37aa1c70-838e-4b73-9521-8cd851c64023 7309da287cb7467c952451de2df7ece3 96334ada1b9e47f5b29d25525a34e526 - - default default] No more DHCP agents
2026-08-24 17:02:41.957 8 WARNING neutron.api.rpc.agentnotifiers.dhcp_rpc_agent_api [None req-37aa1c70-838e-4b73-9521-8cd851c64023 7309da287cb7467c952451de2df7ece3 96334ada1b9e47f5b29d25525a34e526 - - default default] Unable to schedule network e91f377d-b1d2-4d69-bef1-39cd62bc77a1: no agents available; will retry on subsequent port and subnet creation events.
2026-08-24 17:02:42.518 8 INFO neutron.db.ovn_revision_numbers_db [None req-8043e8de-b4cc-4e68-b7bd-dc7b11fb4bff - - - - - -] Successfully bumped revision number for resource de00db2a-5e84-42b8-b434-eb513f9c7ee1 (type: ports) to 2
2026-08-24 17:02:42.559 8 INFO neutron.db.ovn_revision_numbers_db [None req-8043e8de-b4cc-4e68-b7bd-dc7b11fb4bff - - - - - -] Successfully bumped revision number for resource e7b23946-fc99-41f2-a80d-33b315b0b720 (type: subnets) to 0 [pid: 8|app: 0|req: 1473/2912] 10.0.0.7 () {34 vars in 667 bytes} [Mon Aug 24 17:02:41 2026] POST /v2.0/subnets => generated 656 bytes in 842 msecs (HTTP/1.1 201) 4 headers in 162 bytes (1 switches on core 0) [pid: 7|app: 0|req: 1440/2913] 10.0.0.7 () {34 vars in 674 bytes} [Mon Aug 24 17:02:42 2026] POST /v2.0/subnetpools => generated 516 bytes in 368 msecs (HTTP/1.1 201) 4 headers in 162 bytes (1 switches on core 0) [pid: 7|app: 0|req: 1441/2914] 10.0.0.7 () {34 vars in 757 bytes} [Mon Aug 24 17:02:42 2026] PUT /v2.0/subnetpools/9c25c7df-3669-4ec0-b8d5-77aaf6b39aff/tags => generated 25 bytes in 64 msecs (HTTP/1.1 200) 4 headers in 156 bytes (1 switches on core 0) [pid: 7|app: 0|req: 1442/2915] 10.0.0.7 () {32 vars in 737 bytes} [Mon Aug 24 17:02:42 2026] GET /v2.0/subnetpools/9c25c7df-3669-4ec0-b8d5-77aaf6b39aff/tags => generated 25 bytes in 39 msecs (HTTP/1.1 200) 4 headers in 156 bytes (1 switches on core 0)
2026-08-24 17:02:42.823 8 WARNING neutron.scheduler.dhcp_agent_scheduler [None req-f31fd2fb-8785-4172-8dd3-945a853b21d0 7309da287cb7467c952451de2df7ece3 96334ada1b9e47f5b29d25525a34e526 - - default default] No more DHCP agents
2026-08-24 17:02:42.824 8 WARNING neutron.api.rpc.agentnotifiers.dhcp_rpc_agent_api [None req-f31fd2fb-8785-4172-8dd3-945a853b21d0 7309da287cb7467c952451de2df7ece3 96334ada1b9e47f5b29d25525a34e526 - - default default] Unable to schedule network e91f377d-b1d2-4d69-bef1-39cd62bc77a1: no agents available; will retry on subsequent port and subnet creation events. [pid: 7|app: 0|req: 1443/2916] 10.0.0.7 () {32 vars in 772 bytes} [Mon Aug 24 17:02:42 2026] GET /v2.0/security-groups?tenant_id=744a54c0b43a4a19be1a218b3525cbda&name=default => generated 2925 bytes in 144 msecs (HTTP/1.1 200) 4 headers in 158 bytes (1 switches on core 0)
2026-08-24 17:02:42.862 8 INFO neutron.db.ovn_revision_numbers_db [None req-f31fd2fb-8785-4172-8dd3-945a853b21d0 7309da287cb7467c952451de2df7ece3 96334ada1b9e47f5b29d25525a34e526 - - default default] Successfully bumped revision number for resource 369add2c-0afc-44a4-83bf-5e2666fa2db6 (type: subnets) to 0 [pid: 8|app: 0|req: 1474/2917] 10.0.0.7 () {34 vars in 667 bytes} [Mon Aug 24 17:02:42 2026] POST /v2.0/subnets => generated 729 bytes in 285 msecs (HTTP/1.1 201) 4 headers in 162 bytes (1 switches on core 0)
2026-08-24 17:02:42.913 7 INFO neutron.services.segments.plugin [-] Segment 16e93221-5020-4efe-a610-84b5062feada resource provider aggregate not found
2026-08-24 17:02:42.915 7 INFO neutron.services.segments.plugin [-] Segment 16e93221-5020-4efe-a610-84b5062feada resource provider aggregate not found
2026-08-24 17:02:42.937 7 INFO neutron.services.segments.plugin [-] Segment 16e93221-5020-4efe-a610-84b5062feada resource provider not found; error: Placement Client Error (4xx): {"errors": [{"status": 404, "title": "Not Found", "detail": "The resource could not be found.\n\n No resource provider with uuid 16e93221-5020-4efe-a610-84b5062feada found for delete ", "request_id": "req-cfb92c7b-8d48-4391-85ea-e9c89579186f"}]}
2026-08-24 17:02:42.942 7 INFO neutron.services.segments.plugin [-] Segment 16e93221-5020-4efe-a610-84b5062feada resource provider not found; error: Placement Client Error (4xx): {"errors": [{"status": 404, "title": "Not Found", "detail": "The resource could not be found.\n\n No resource provider with uuid 16e93221-5020-4efe-a610-84b5062feada found for delete ", "request_id": "req-b21f9042-7360-4436-b607-1b4d29e52245"}]} [pid: 7|app: 0|req: 1444/2918] 10.0.0.7 () {34 vars in 768 bytes} [Mon Aug 24 17:02:42 2026] PUT /v2.0/subnetpools/9c25c7df-3669-4ec0-b8d5-77aaf6b39aff/tags/green => generated 4 bytes in 92 msecs (HTTP/1.1 201) 4 headers in 160 bytes (1 switches on core 0)
2026-08-24 17:02:42.958 7 INFO neutron.services.segments.plugin [-] Segment 06e50ec5-1903-41fd-9b92-606d58528581 resource provider aggregate not found
2026-08-24 17:02:42.965 7 INFO neutron.services.segments.plugin [-] Segment 06e50ec5-1903-41fd-9b92-606d58528581 resource provider aggregate not found
2026-08-24 17:02:42.981 7 INFO neutron.services.segments.plugin [-] Segment 06e50ec5-1903-41fd-9b92-606d58528581 resource provider not found; error: Placement Client Error (4xx): {"errors": [{"status": 404, "title": "Not Found", "detail": "The resource could not be found.\n\n No resource provider with uuid 06e50ec5-1903-41fd-9b92-606d58528581 found for delete ", "request_id": "req-df50eef7-4fdc-464e-ae59-1663667d912e"}]}
2026-08-24 17:02:42.992 7 INFO neutron.services.segments.plugin [-] Segment 06e50ec5-1903-41fd-9b92-606d58528581 resource provider not found; error: Placement Client Error (4xx): {"errors": [{"status": 404, "title": "Not Found", "detail": "The resource could not be found.\n\n No resource provider with uuid 06e50ec5-1903-41fd-9b92-606d58528581 found for delete ", "request_id": "req-28ff5d50-fe0c-4123-8245-d1107834e178"}]} [pid: 8|app: 0|req: 1475/2919] 10.0.0.7 () {32 vars in 738 bytes} [Mon Aug 24 17:02:42 2026] DELETE /v2.0/security-groups/454a8898-62da-4887-8442-30b44c344648 => generated 0 bytes in 301 msecs (HTTP/1.1 204) 2 headers in 112 bytes (1 switches on core 0) [pid: 8|app: 0|req: 1476/2920] 10.0.0.7 () {32 vars in 737 bytes} [Mon Aug 24 17:02:43 2026] GET /v2.0/subnetpools/9c25c7df-3669-4ec0-b8d5-77aaf6b39aff/tags => generated 34 bytes in 27 msecs (HTTP/1.1 200) 4 headers in 156 bytes (1 switches on core 0) [pid: 8|app: 0|req: 1477/2921] 10.0.0.7 () {34 vars in 764 bytes} [Mon Aug 24 17:02:43 2026] PUT /v2.0/subnetpools/9c25c7df-3669-4ec0-b8d5-77aaf6b39aff/tags/red => generated 4 bytes in 41 msecs (HTTP/1.1 201) 4 headers in 160 bytes (1 switches on core 0)
2026-08-24 17:02:43.483 8 INFO neutron.db.ovn_revision_numbers_db [None req-df001658-e2fa-4458-ab2e-f1e7ed3bea91 4d6edf3dae384c0ab1e6f8d739a25f74 fb04ca99dc9843b59309bcf0f02a9272 - - default default] Successfully bumped revision number for resource 0cfe32f5-884d-4776-b343-4b4d99f3431a (type: security_groups) to 1
2026-08-24 17:02:43.502 8 INFO neutron.db.ovn_revision_numbers_db [None req-df001658-e2fa-4458-ab2e-f1e7ed3bea91 4d6edf3dae384c0ab1e6f8d739a25f74 fb04ca99dc9843b59309bcf0f02a9272 - - default default] Successfully bumped revision number for resource 1304ee57-e6f8-4104-ba1e-a03127fbdfd5 (type: security_group_rules) to 0
2026-08-24 17:02:43.502 7 WARNING neutron.scheduler.dhcp_agent_scheduler [None req-a38b9ea9-f40d-4245-bd17-54137e4303d3 7309da287cb7467c952451de2df7ece3 96334ada1b9e47f5b29d25525a34e526 - - default default] No more DHCP agents
2026-08-24 17:02:43.505 7 WARNING neutron.api.rpc.agentnotifiers.dhcp_rpc_agent_api [None req-a38b9ea9-f40d-4245-bd17-54137e4303d3 7309da287cb7467c952451de2df7ece3 96334ada1b9e47f5b29d25525a34e526 - - default default] Unable to schedule network 2fa7074a-8978-472c-8dfb-9c053e39a13e: no agents available; will retry on subsequent port and subnet creation events.
2026-08-24 17:02:43.518 8 INFO neutron.db.ovn_revision_numbers_db [None req-df001658-e2fa-4458-ab2e-f1e7ed3bea91 4d6edf3dae384c0ab1e6f8d739a25f74 fb04ca99dc9843b59309bcf0f02a9272 - - default default] Successfully bumped revision number for resource 772c13a5-278f-4ced-a1f1-59ebeaf7ec9c (type: security_group_rules) to 0
2026-08-24 17:02:43.534 8 INFO neutron.db.ovn_revision_numbers_db [None req-df001658-e2fa-4458-ab2e-f1e7ed3bea91 4d6edf3dae384c0ab1e6f8d739a25f74 fb04ca99dc9843b59309bcf0f02a9272 - - default default] Successfully bumped revision number for resource c8e30382-0686-4cff-bb19-e88ca4bd7a8d (type: security_group_rules) to 0
2026-08-24 17:02:43.550 8 INFO neutron.db.ovn_revision_numbers_db [None req-df001658-e2fa-4458-ab2e-f1e7ed3bea91 4d6edf3dae384c0ab1e6f8d739a25f74 fb04ca99dc9843b59309bcf0f02a9272 - - default default] Successfully bumped revision number for resource d3a30a8e-f223-4657-bbd7-9428b9782dbd (type: security_group_rules) to 0 [pid: 8|app: 0|req: 1478/2922] 10.0.0.7 () {32 vars in 772 bytes} [Mon Aug 24 17:02:43 2026] GET /v2.0/security-groups?tenant_id=f6ea51883dd64047b0e11fd8a20ff8e1&name=default => generated 2929 bytes in 330 msecs (HTTP/1.1 200) 4 headers in 158 bytes (1 switches on core 0)
2026-08-24 17:02:43.666 7 INFO neutron.plugins.ml2.drivers.ovn.mech_driver.mech_driver [None req-8f16c1c9-ee30-4021-b9fc-f172d392efb3 - - - - - -] OVN reports status down for port: 563b9b04-c617-4e83-a3d7-0f78dd2ba434 [pid: 8|app: 0|req: 1479/2923] 10.0.0.7 () {32 vars in 737 bytes} [Mon Aug 24 17:02:43 2026] GET /v2.0/subnetpools/9c25c7df-3669-4ec0-b8d5-77aaf6b39aff/tags => generated 34 bytes in 89 msecs (HTTP/1.1 200) 4 headers in 156 bytes (1 switches on core 0)
2026-08-24 17:02:43.742 7 INFO neutron.db.ovn_revision_numbers_db [None req-a38b9ea9-f40d-4245-bd17-54137e4303d3 7309da287cb7467c952451de2df7ece3 96334ada1b9e47f5b29d25525a34e526 - - default default] Successfully bumped revision number for resource 563b9b04-c617-4e83-a3d7-0f78dd2ba434 (type: ports) to 1 [pid: 8|app: 0|req: 1480/2924] 10.0.0.7 () {32 vars in 738 bytes} [Mon Aug 24 17:02:43 2026] DELETE /v2.0/security-groups/0cfe32f5-884d-4776-b343-4b4d99f3431a => generated 0 bytes in 317 msecs (HTTP/1.1 204) 2 headers in 112 bytes (1 switches on core 0) [pid: 8|app: 0|req: 1481/2925] 10.0.0.7 () {34 vars in 786 bytes} [Mon Aug 24 17:02:44 2026] PUT /v2.0/subnetpools/9c25c7df-3669-4ec0-b8d5-77aaf6b39aff/tags/black.or.white => generated 4 bytes in 71 msecs (HTTP/1.1 201) 4 headers in 160 bytes (1 switches on core 0) [pid: 8|app: 0|req: 1482/2926] 10.0.0.7 () {32 vars in 737 bytes} [Mon Aug 24 17:02:44 2026] GET /v2.0/subnetpools/9c25c7df-3669-4ec0-b8d5-77aaf6b39aff/tags => generated 52 bytes in 25 msecs (HTTP/1.1 200) 4 headers in 156 bytes (1 switches on core 0) [pid: 8|app: 0|req: 1483/2927] 10.0.0.7 () {34 vars in 757 bytes} [Mon Aug 24 17:02:44 2026] PUT /v2.0/subnetpools/9c25c7df-3669-4ec0-b8d5-77aaf6b39aff/tags => generated 37 bytes in 35 msecs (HTTP/1.1 200) 4 headers in 156 bytes (1 switches on core 0) [pid: 8|app: 0|req: 1484/2928] 10.0.0.7 () {32 vars in 737 bytes} [Mon Aug 24 17:02:44 2026] GET /v2.0/subnetpools/9c25c7df-3669-4ec0-b8d5-77aaf6b39aff/tags => generated 37 bytes in 22 msecs (HTTP/1.1 200) 4 headers in 156 bytes (1 switches on core 0) [pid: 8|app: 0|req: 1485/2929] 10.0.0.7 () {32 vars in 745 bytes} [Mon Aug 24 17:02:44 2026] GET /v2.0/subnetpools/9c25c7df-3669-4ec0-b8d5-77aaf6b39aff/tags/red => generated 0 bytes in 40 msecs (HTTP/1.1 204) 2 headers in 112 bytes (1 switches on core 0)
2026-08-24 17:02:44.248 8 INFO neutron.api.v2.resource [None req-3e1fe2fd-f57b-4d5f-b4b3-41235b597a31 f438ff161f914efbb8f42cc2a7aed00f 29f4c488e60b4f2d8ee630e2e4530d26 - - default default] show failed (client error): The resource could not be found. [pid: 8|app: 0|req: 1486/2930] 10.0.0.7 () {32 vars in 749 bytes} [Mon Aug 24 17:02:44 2026] GET /v2.0/subnetpools/9c25c7df-3669-4ec0-b8d5-77aaf6b39aff/tags/green => generated 99 bytes in 22 msecs (HTTP/1.1 404) 4 headers in 163 bytes (1 switches on core 0) [pid: 8|app: 0|req: 1487/2931] 10.0.0.7 () {32 vars in 748 bytes} [Mon Aug 24 17:02:44 2026] DELETE /v2.0/subnetpools/9c25c7df-3669-4ec0-b8d5-77aaf6b39aff/tags/red => generated 0 bytes in 30 msecs (HTTP/1.1 204) 2 headers in 112 bytes (1 switches on core 0) [pid: 8|app: 0|req: 1488/2932] 10.0.0.7 () {32 vars in 737 bytes} [Mon Aug 24 17:02:44 2026] GET /v2.0/subnetpools/9c25c7df-3669-4ec0-b8d5-77aaf6b39aff/tags => generated 30 bytes in 26 msecs (HTTP/1.1 200) 4 headers in 156 bytes (1 switches on core 0)
2026-08-24 17:02:44.349 8 INFO neutron.api.v2.resource [None req-cf91ed31-9c35-4877-afa6-5d656f537dc8 f438ff161f914efbb8f42cc2a7aed00f 29f4c488e60b4f2d8ee630e2e4530d26 - - default default] delete failed (client error): The resource could not be found. [pid: 8|app: 0|req: 1489/2933] 10.0.0.7 () {32 vars in 752 bytes} [Mon Aug 24 17:02:44 2026] DELETE /v2.0/subnetpools/9c25c7df-3669-4ec0-b8d5-77aaf6b39aff/tags/green => generated 99 bytes in 32 msecs (HTTP/1.1 404) 4 headers in 163 bytes (1 switches on core 0) [pid: 8|app: 0|req: 1490/2934] 10.0.0.7 () {32 vars in 740 bytes} [Mon Aug 24 17:02:44 2026] DELETE /v2.0/subnetpools/9c25c7df-3669-4ec0-b8d5-77aaf6b39aff/tags => generated 0 bytes in 44 msecs (HTTP/1.1 204) 2 headers in 112 bytes (1 switches on core 0) [pid: 8|app: 0|req: 1491/2935] 10.0.0.7 () {32 vars in 737 bytes} [Mon Aug 24 17:02:44 2026] GET /v2.0/subnetpools/9c25c7df-3669-4ec0-b8d5-77aaf6b39aff/tags => generated 12 bytes in 28 msecs (HTTP/1.1 200) 4 headers in 156 bytes (1 switches on core 0) [pid: 8|app: 0|req: 1492/2936] 10.0.0.7 () {32 vars in 730 bytes} [Mon Aug 24 17:02:44 2026] DELETE /v2.0/subnetpools/9c25c7df-3669-4ec0-b8d5-77aaf6b39aff => generated 0 bytes in 65 msecs (HTTP/1.1 204) 2 headers in 112 bytes (1 switches on core 0)
2026-08-24 17:02:44.551 7 INFO neutron.plugins.ml2.drivers.ovn.mech_driver.ovsdb.commands [None req-1404a186-d79d-45c8-9200-badf28d6f05a - - - - - -] Schedule LRP lrp-563b9b04-c617-4e83-a3d7-0f78dd2ba434 on gateway b4044d4a-7e0d-4d2e-b49e-b07f99fbd95d with priority 1
2026-08-24 17:02:44.708 7 INFO neutron.plugins.ml2.drivers.ovn.mech_driver.ovsdb.ovsdb_monitor [None req-b8bf23f7-ea45-4164-a17f-007a0c22b239 - - - - - -] Router 42e102ac-7d3a-40a9-9432-a1066cfeb09f is bound to host instance
2026-08-24 17:02:44.763 7 INFO neutron.plugins.ml2.drivers.ovn.mech_driver.mech_driver [None req-8f16c1c9-ee30-4021-b9fc-f172d392efb3 - - - - - -] OVN reports status up for port: 563b9b04-c617-4e83-a3d7-0f78dd2ba434
2026-08-24 17:02:44.836 7 INFO neutron.plugins.ml2.plugin [None req-8f16c1c9-ee30-4021-b9fc-f172d392efb3 - - - - - -] Attempt 1 to provision port 563b9b04-c617-4e83-a3d7-0f78dd2ba434
2026-08-24 17:02:44.857 7 INFO neutron.db.ovn_revision_numbers_db [None req-a38b9ea9-f40d-4245-bd17-54137e4303d3 7309da287cb7467c952451de2df7ece3 96334ada1b9e47f5b29d25525a34e526 - - default default] Successfully bumped revision number for resource 563b9b04-c617-4e83-a3d7-0f78dd2ba434 (type: router_ports) to 1
2026-08-24 17:02:45.103 7 INFO neutron.db.ovn_revision_numbers_db [None req-a38b9ea9-f40d-4245-bd17-54137e4303d3 7309da287cb7467c952451de2df7ece3 96334ada1b9e47f5b29d25525a34e526 - - default default] Successfully bumped revision number for resource 42e102ac-7d3a-40a9-9432-a1066cfeb09f (type: routers) to 2 [pid: 7|app: 0|req: 1445/2937] 10.0.0.7 () {34 vars in 667 bytes} [Mon Aug 24 17:02:42 2026] POST /v2.0/routers => generated 944 bytes in 2193 msecs (HTTP/1.1 201) 4 headers in 162 bytes (1 switches on core 0)
2026-08-24 17:02:45.722 7 INFO neutron.db.ovn_revision_numbers_db [None req-9e9ba7e4-30c1-453a-821f-175b51dca8a9 4d6edf3dae384c0ab1e6f8d739a25f74 fb04ca99dc9843b59309bcf0f02a9272 - - default default] Successfully bumped revision number for resource 46a95ef6-8a9e-4a7b-983e-26bcc1dd640b (type: security_groups) to 1
2026-08-24 17:02:45.750 7 INFO neutron.db.ovn_revision_numbers_db [None req-9e9ba7e4-30c1-453a-821f-175b51dca8a9 4d6edf3dae384c0ab1e6f8d739a25f74 fb04ca99dc9843b59309bcf0f02a9272 - - default default] Successfully bumped revision number for resource 11584a46-5c23-4eef-8620-ee9276cc3c0b (type: security_group_rules) to 0
2026-08-24 17:02:45.787 7 INFO neutron.db.ovn_revision_numbers_db [None req-9e9ba7e4-30c1-453a-821f-175b51dca8a9 4d6edf3dae384c0ab1e6f8d739a25f74 fb04ca99dc9843b59309bcf0f02a9272 - - default default] Successfully bumped revision number for resource 71a7fc4d-014a-4c9f-8522-58647eea8f15 (type: security_group_rules) to 0
2026-08-24 17:02:45.788 8 WARNING neutron.scheduler.dhcp_agent_scheduler [None req-d6135d25-4b48-4c48-9ec8-c19be253aeae 7309da287cb7467c952451de2df7ece3 96334ada1b9e47f5b29d25525a34e526 - - default default] No more DHCP agents
2026-08-24 17:02:45.791 8 WARNING neutron.api.rpc.agentnotifiers.dhcp_rpc_agent_api [None req-d6135d25-4b48-4c48-9ec8-c19be253aeae 7309da287cb7467c952451de2df7ece3 96334ada1b9e47f5b29d25525a34e526 - - default default] Unable to schedule network 2f3e48a1-f224-4dde-b49b-c9e39164f48b: no agents available; will retry on subsequent port and subnet creation events.
2026-08-24 17:02:45.825 7 INFO neutron.db.ovn_revision_numbers_db [None req-9e9ba7e4-30c1-453a-821f-175b51dca8a9 4d6edf3dae384c0ab1e6f8d739a25f74 fb04ca99dc9843b59309bcf0f02a9272 - - default default] Successfully bumped revision number for resource cf7d2e08-a4b4-425c-b9cd-f8ddac444e71 (type: security_group_rules) to 0
2026-08-24 17:02:45.852 7 INFO neutron.db.ovn_revision_numbers_db [None req-9e9ba7e4-30c1-453a-821f-175b51dca8a9 4d6edf3dae384c0ab1e6f8d739a25f74 fb04ca99dc9843b59309bcf0f02a9272 - - default default] Successfully bumped revision number for resource de6be301-642c-42da-8c4e-32fe0a62eeb8 (type: security_group_rules) to 0
2026-08-24 17:02:45.964 8 INFO neutron.db.ovn_revision_numbers_db [None req-d6135d25-4b48-4c48-9ec8-c19be253aeae 7309da287cb7467c952451de2df7ece3 96334ada1b9e47f5b29d25525a34e526 - - default default] Successfully bumped revision number for resource 852d36d8-c124-4aa0-8611-0df90a3a0f49 (type: ports) to 1 [pid: 7|app: 0|req: 1446/2938] 10.0.0.7 () {32 vars in 772 bytes} [Mon Aug 24 17:02:45 2026] GET /v2.0/security-groups?tenant_id=29f4c488e60b4f2d8ee630e2e4530d26&name=default => generated 2929 bytes in 785 msecs (HTTP/1.1 200) 4 headers in 158 bytes (1 switches on core 0)
2026-08-24 17:02:46.370 7 INFO neutron.db.ovn_revision_numbers_db [None req-3fc2e627-0a6f-4c35-86e5-65ffd91ce7b0 - - - - - -] Successfully bumped revision number for resource 563b9b04-c617-4e83-a3d7-0f78dd2ba434 (type: ports) to 4 [pid: 7|app: 0|req: 1447/2939] 10.0.0.7 () {32 vars in 738 bytes} [Mon Aug 24 17:02:46 2026] DELETE /v2.0/security-groups/46a95ef6-8a9e-4a7b-983e-26bcc1dd640b => generated 0 bytes in 637 msecs (HTTP/1.1 204) 2 headers in 112 bytes (1 switches on core 0)
2026-08-24 17:02:46.892 8 WARNING neutron.scheduler.dhcp_agent_scheduler [None req-d6135d25-4b48-4c48-9ec8-c19be253aeae 7309da287cb7467c952451de2df7ece3 96334ada1b9e47f5b29d25525a34e526 - - default default] No more DHCP agents
2026-08-24 17:02:46.896 8 WARNING neutron.api.rpc.agentnotifiers.dhcp_rpc_agent_api [None req-d6135d25-4b48-4c48-9ec8-c19be253aeae 7309da287cb7467c952451de2df7ece3 96334ada1b9e47f5b29d25525a34e526 - - default default] Unable to schedule network 2f3e48a1-f224-4dde-b49b-c9e39164f48b: no agents available; will retry on subsequent port and subnet creation events.
2026-08-24 17:02:47.006 7 INFO neutron.db.ovn_revision_numbers_db [None req-3fc2e627-0a6f-4c35-86e5-65ffd91ce7b0 - - - - - -] Successfully bumped revision number for resource 563b9b04-c617-4e83-a3d7-0f78dd2ba434 (type: ports) to 5
2026-08-24 17:02:47.166 7 INFO neutron.db.ovn_revision_numbers_db [None req-f31cf22d-438f-496b-bba7-1f4bce4cb59a 4d6edf3dae384c0ab1e6f8d739a25f74 fb04ca99dc9843b59309bcf0f02a9272 - - default default] Successfully bumped revision number for resource cf3d4204-7573-4e57-9ee7-08b17d2fcf08 (type: security_groups) to 1
2026-08-24 17:02:47.182 7 INFO neutron.db.ovn_revision_numbers_db [None req-f31cf22d-438f-496b-bba7-1f4bce4cb59a 4d6edf3dae384c0ab1e6f8d739a25f74 fb04ca99dc9843b59309bcf0f02a9272 - - default default] Successfully bumped revision number for resource 33e46958-c520-4202-9eb0-1f6714c8a261 (type: security_group_rules) to 0
2026-08-24 17:02:47.196 7 INFO neutron.db.ovn_revision_numbers_db [None req-f31cf22d-438f-496b-bba7-1f4bce4cb59a 4d6edf3dae384c0ab1e6f8d739a25f74 fb04ca99dc9843b59309bcf0f02a9272 - - default default] Successfully bumped revision number for resource 5beb18d7-f26a-4b92-9af6-46dfc2ac4132 (type: security_group_rules) to 0
2026-08-24 17:02:47.208 7 INFO neutron.db.ovn_revision_numbers_db [None req-f31cf22d-438f-496b-bba7-1f4bce4cb59a 4d6edf3dae384c0ab1e6f8d739a25f74 fb04ca99dc9843b59309bcf0f02a9272 - - default default] Successfully bumped revision number for resource cadd4a5e-eaff-48a7-a2a4-9e8e40e440ca (type: security_group_rules) to 0
2026-08-24 17:02:47.222 7 INFO neutron.db.ovn_revision_numbers_db [None req-f31cf22d-438f-496b-bba7-1f4bce4cb59a 4d6edf3dae384c0ab1e6f8d739a25f74 fb04ca99dc9843b59309bcf0f02a9272 - - default default] Successfully bumped revision number for resource d7ad509f-db58-4051-9ea4-bfc3dc4a7080 (type: security_group_rules) to 0 [pid: 7|app: 0|req: 1448/2940] 10.0.0.7 () {32 vars in 772 bytes} [Mon Aug 24 17:02:46 2026] GET /v2.0/security-groups?tenant_id=1e4d8fe62044468c9d4c5832c217e4fc&name=default => generated 2929 bytes in 534 msecs (HTTP/1.1 200) 4 headers in 158 bytes (1 switches on core 0)
2026-08-24 17:02:47.404 8 INFO neutron.db.ovn_revision_numbers_db [None req-d6135d25-4b48-4c48-9ec8-c19be253aeae 7309da287cb7467c952451de2df7ece3 96334ada1b9e47f5b29d25525a34e526 - - default default] Successfully bumped revision number for resource 852d36d8-c124-4aa0-8611-0df90a3a0f49 (type: router_ports) to 1 [pid: 8|app: 0|req: 1493/2941] 10.0.0.7 () {34 vars in 781 bytes} [Mon Aug 24 17:02:45 2026] PUT /v2.0/routers/42e102ac-7d3a-40a9-9432-a1066cfeb09f/add_router_interface => generated 309 bytes in 2259 msecs (HTTP/1.1 200) 4 headers in 157 bytes (1 switches on core 0) [pid: 7|app: 0|req: 1449/2942] 10.0.0.7 () {32 vars in 738 bytes} [Mon Aug 24 17:02:47 2026] DELETE /v2.0/security-groups/cf3d4204-7573-4e57-9ee7-08b17d2fcf08 => generated 0 bytes in 462 msecs (HTTP/1.1 204) 2 headers in 112 bytes (1 switches on core 0)
2026-08-24 17:02:48.008 7 INFO neutron.plugins.ml2.drivers.ovn.mech_driver.mech_driver [None req-8f16c1c9-ee30-4021-b9fc-f172d392efb3 - - - - - -] OVN reports status down for port: 852d36d8-c124-4aa0-8611-0df90a3a0f49
2026-08-24 17:02:48.038 8 WARNING neutron.scheduler.dhcp_agent_scheduler [None req-6699eeb6-ca6c-4e18-98e3-95b3ed6b28c3 7309da287cb7467c952451de2df7ece3 96334ada1b9e47f5b29d25525a34e526 - - default default] No more DHCP agents
2026-08-24 17:02:48.040 8 WARNING neutron.api.rpc.agentnotifiers.dhcp_rpc_agent_api [None req-6699eeb6-ca6c-4e18-98e3-95b3ed6b28c3 7309da287cb7467c952451de2df7ece3 96334ada1b9e47f5b29d25525a34e526 - - default default] Unable to schedule network fb425aa6-5be3-4e65-b60f-df76ba971c12: no agents available; will retry on subsequent port and subnet creation events.
2026-08-24 17:02:48.080 7 WARNING neutron.plugins.ml2.drivers.ovn.mech_driver.ovsdb.ovn_client [None req-8f16c1c9-ee30-4021-b9fc-f172d392efb3 - - - - - -] Logical_Switch_Port %s host information not removed, the port state is up
2026-08-24 17:02:48.080 7 INFO neutron.plugins.ml2.drivers.ovn.mech_driver.mech_driver [None req-8f16c1c9-ee30-4021-b9fc-f172d392efb3 - - - - - -] OVN reports status up for port: 852d36d8-c124-4aa0-8611-0df90a3a0f49
2026-08-24 17:02:48.094 7 INFO neutron.plugins.ml2.plugin [None req-8f16c1c9-ee30-4021-b9fc-f172d392efb3 - - - - - -] Attempt 1 to provision port 852d36d8-c124-4aa0-8611-0df90a3a0f49
2026-08-24 17:02:48.222 8 INFO neutron.db.ovn_revision_numbers_db [None req-6699eeb6-ca6c-4e18-98e3-95b3ed6b28c3 7309da287cb7467c952451de2df7ece3 96334ada1b9e47f5b29d25525a34e526 - - default default] Successfully bumped revision number for resource aebe4e11-991c-409b-904c-330ea1fb80ae (type: ports) to 1
2026-08-24 17:02:48.630 7 INFO neutron.db.ovn_revision_numbers_db [None req-8f16c1c9-ee30-4021-b9fc-f172d392efb3 - - - - - -] Successfully bumped revision number for resource 852d36d8-c124-4aa0-8611-0df90a3a0f49 (type: ports) to 2
2026-08-24 17:02:48.959 8 WARNING neutron.scheduler.dhcp_agent_scheduler [None req-6699eeb6-ca6c-4e18-98e3-95b3ed6b28c3 7309da287cb7467c952451de2df7ece3 96334ada1b9e47f5b29d25525a34e526 - - default default] No more DHCP agents
2026-08-24 17:02:48.960 8 WARNING neutron.api.rpc.agentnotifiers.dhcp_rpc_agent_api [None req-6699eeb6-ca6c-4e18-98e3-95b3ed6b28c3 7309da287cb7467c952451de2df7ece3 96334ada1b9e47f5b29d25525a34e526 - - default default] Unable to schedule network fb425aa6-5be3-4e65-b60f-df76ba971c12: no agents available; will retry on subsequent port and subnet creation events.
2026-08-24 17:02:49.337 8 INFO neutron.db.ovn_revision_numbers_db [None req-6699eeb6-ca6c-4e18-98e3-95b3ed6b28c3 7309da287cb7467c952451de2df7ece3 96334ada1b9e47f5b29d25525a34e526 - - default default] Successfully bumped revision number for resource aebe4e11-991c-409b-904c-330ea1fb80ae (type: router_ports) to 1 [pid: 8|app: 0|req: 1494/2945] 10.0.0.7 () {34 vars in 781 bytes} [Mon Aug 24 17:02:47 2026] PUT /v2.0/routers/42e102ac-7d3a-40a9-9432-a1066cfeb09f/add_router_interface => generated 309 bytes in 1926 msecs (HTTP/1.1 200) 4 headers in 157 bytes (1 switches on core 0)
2026-08-24 17:02:49.929 7 WARNING neutron.scheduler.dhcp_agent_scheduler [None req-185d5e85-8041-47a6-a6ed-9ae59d6fc46d 7309da287cb7467c952451de2df7ece3 96334ada1b9e47f5b29d25525a34e526 - - default default] No more DHCP agents
2026-08-24 17:02:49.930 7 WARNING neutron.api.rpc.agentnotifiers.dhcp_rpc_agent_api [None req-185d5e85-8041-47a6-a6ed-9ae59d6fc46d 7309da287cb7467c952451de2df7ece3 96334ada1b9e47f5b29d25525a34e526 - - default default] Unable to schedule network e91f377d-b1d2-4d69-bef1-39cd62bc77a1: no agents available; will retry on subsequent port and subnet creation events.
2026-08-24 17:02:50.109 7 INFO neutron.db.ovn_revision_numbers_db [None req-185d5e85-8041-47a6-a6ed-9ae59d6fc46d 7309da287cb7467c952451de2df7ece3 96334ada1b9e47f5b29d25525a34e526 - - default default] Successfully bumped revision number for resource 1fcb4231-d97f-40e0-b4f4-4f93c43ab120 (type: ports) to 1
2026-08-24 17:02:51.084 7 WARNING neutron.scheduler.dhcp_agent_scheduler [None req-185d5e85-8041-47a6-a6ed-9ae59d6fc46d 7309da287cb7467c952451de2df7ece3 96334ada1b9e47f5b29d25525a34e526 - - default default] No more DHCP agents
2026-08-24 17:02:51.085 7 WARNING neutron.api.rpc.agentnotifiers.dhcp_rpc_agent_api [None req-185d5e85-8041-47a6-a6ed-9ae59d6fc46d 7309da287cb7467c952451de2df7ece3 96334ada1b9e47f5b29d25525a34e526 - - default default] Unable to schedule network e91f377d-b1d2-4d69-bef1-39cd62bc77a1: no agents available; will retry on subsequent port and subnet creation events.
2026-08-24 17:02:51.553 7 INFO neutron.db.ovn_revision_numbers_db [None req-185d5e85-8041-47a6-a6ed-9ae59d6fc46d 7309da287cb7467c952451de2df7ece3 96334ada1b9e47f5b29d25525a34e526 - - default default] Successfully bumped revision number for resource 1fcb4231-d97f-40e0-b4f4-4f93c43ab120 (type: router_ports) to 1 [pid: 7|app: 0|req: 1452/2946] 10.0.0.7 () {34 vars in 781 bytes} [Mon Aug 24 17:02:49 2026] PUT /v2.0/routers/42e102ac-7d3a-40a9-9432-a1066cfeb09f/add_router_interface => generated 309 bytes in 2214 msecs (HTTP/1.1 200) 4 headers in 157 bytes (1 switches on core 0)
2026-08-24 17:02:51.774 8 INFO neutron.db.ovn_revision_numbers_db [None req-641c12fc-5b48-4193-bec2-c7f2c83662e5 7309da287cb7467c952451de2df7ece3 96334ada1b9e47f5b29d25525a34e526 - - default default] Successfully bumped revision number for resource cc9bdc80-cc9c-46ac-95bd-6c2bb0687917 (type: security_groups) to 1
2026-08-24 17:02:51.785 8 INFO neutron.db.ovn_revision_numbers_db [None req-641c12fc-5b48-4193-bec2-c7f2c83662e5 7309da287cb7467c952451de2df7ece3 96334ada1b9e47f5b29d25525a34e526 - - default default] Successfully bumped revision number for resource 8d0a9541-50b7-48cd-af5e-07de87d16dcb (type: security_group_rules) to 0
2026-08-24 17:02:51.797 8 INFO neutron.db.ovn_revision_numbers_db [None req-641c12fc-5b48-4193-bec2-c7f2c83662e5 7309da287cb7467c952451de2df7ece3 96334ada1b9e47f5b29d25525a34e526 - - default default] Successfully bumped revision number for resource bff6b4a7-1474-4d99-9dd0-b4332354b110 (type: security_group_rules) to 0 [pid: 8|app: 0|req: 1495/2947] 10.0.0.7 () {34 vars in 682 bytes} [Mon Aug 24 17:02:51 2026] POST /v2.0/security-groups => generated 1629 bytes in 303 msecs (HTTP/1.1 201) 4 headers in 163 bytes (1 switches on core 0)
2026-08-24 17:02:52.092 7 INFO neutron.db.ovn_revision_numbers_db [None req-50fe73e2-8374-4017-9f92-cf77d4e43802 7309da287cb7467c952451de2df7ece3 96334ada1b9e47f5b29d25525a34e526 - - default default] Successfully bumped revision number for resource 06b43c2d-b66d-4f3c-90a6-263563636f7d (type: security_group_rules) to 0 [pid: 7|app: 0|req: 1453/2948] 10.0.0.7 () {34 vars in 693 bytes} [Mon Aug 24 17:02:51 2026] POST /v2.0/security-group-rules => generated 597 bytes in 192 msecs (HTTP/1.1 201) 4 headers in 162 bytes (1 switches on core 0)
2026-08-24 17:02:52.302 8 INFO neutron.db.ovn_revision_numbers_db [None req-4ede1ce7-f41b-4613-a36d-0173efcab684 7309da287cb7467c952451de2df7ece3 96334ada1b9e47f5b29d25525a34e526 - - default default] Successfully bumped revision number for resource 97c939c5-7e7a-4d3e-bda3-4b1bbd91800e (type: security_group_rules) to 0 [pid: 8|app: 0|req: 1496/2949] 10.0.0.7 () {34 vars in 693 bytes} [Mon Aug 24 17:02:52 2026] POST /v2.0/security-group-rules => generated 597 bytes in 202 msecs (HTTP/1.1 201) 4 headers in 162 bytes (1 switches on core 0)
2026-08-24 17:02:52.505 7 INFO neutron.db.ovn_revision_numbers_db [None req-0592f8c4-b65c-42b0-8cad-cee97b3da718 7309da287cb7467c952451de2df7ece3 96334ada1b9e47f5b29d25525a34e526 - - default default] Successfully bumped revision number for resource d802bd2a-6edf-4988-9262-00e7998e3665 (type: security_group_rules) to 0 [pid: 7|app: 0|req: 1454/2950] 10.0.0.7 () {34 vars in 693 bytes} [Mon Aug 24 17:02:52 2026] POST /v2.0/security-group-rules => generated 599 bytes in 220 msecs (HTTP/1.1 201) 4 headers in 162 bytes (1 switches on core 0)
2026-08-24 17:02:52.771 8 INFO neutron.db.ovn_revision_numbers_db [None req-c18bef01-62ce-453b-b028-be716e9d879a 7309da287cb7467c952451de2df7ece3 96334ada1b9e47f5b29d25525a34e526 - - default default] Successfully bumped revision number for resource 7f225805-3592-4b0c-a4c7-7c1916fb0cdd (type: security_group_rules) to 0 [pid: 8|app: 0|req: 1497/2951] 10.0.0.7 () {34 vars in 693 bytes} [Mon Aug 24 17:02:52 2026] POST /v2.0/security-group-rules => generated 601 bytes in 233 msecs (HTTP/1.1 201) 4 headers in 162 bytes (1 switches on core 0)
2026-08-24 17:02:52.972 7 INFO neutron.db.ovn_revision_numbers_db [None req-4c048429-e96a-4ac1-a064-d891ff9e8a82 7309da287cb7467c952451de2df7ece3 96334ada1b9e47f5b29d25525a34e526 - - default default] Successfully bumped revision number for resource 9ecc30c3-65dc-4ee6-b39b-0174b237574b (type: security_group_rules) to 0 [pid: 7|app: 0|req: 1455/2952] 10.0.0.7 () {34 vars in 693 bytes} [Mon Aug 24 17:02:52 2026] POST /v2.0/security-group-rules => generated 601 bytes in 195 msecs (HTTP/1.1 201) 4 headers in 162 bytes (1 switches on core 0)
2026-08-24 17:02:53.192 8 INFO neutron.db.ovn_revision_numbers_db [None req-87827925-d121-4023-8138-f268ef2f2f07 7309da287cb7467c952451de2df7ece3 96334ada1b9e47f5b29d25525a34e526 - - default default] Successfully bumped revision number for resource 3ef48287-7c42-48fd-be68-612e4fabadce (type: security_group_rules) to 0 [pid: 8|app: 0|req: 1498/2953] 10.0.0.7 () {34 vars in 693 bytes} [Mon Aug 24 17:02:53 2026] POST /v2.0/security-group-rules => generated 597 bytes in 217 msecs (HTTP/1.1 201) 4 headers in 162 bytes (1 switches on core 0)
2026-08-24 17:02:53.258 7 WARNING neutron.plugins.ml2.drivers.ovn.mech_driver.ovsdb.ovn_client [None req-ee3d3790-b246-47c9-a9a5-e19475d916e7 - - - - - -] No hosting information found for port 852d36d8-c124-4aa0-8611-0df90a3a0f49: RuntimeError: No hosting information found for port 852d36d8-c124-4aa0-8611-0df90a3a0f49
2026-08-24 17:02:53.447 7 INFO neutron.db.ovn_revision_numbers_db [None req-ee3d3790-b246-47c9-a9a5-e19475d916e7 - - - - - -] Successfully bumped revision number for resource 852d36d8-c124-4aa0-8611-0df90a3a0f49 (type: router_ports) to 2
2026-08-24 17:02:53.450 7 INFO neutron.plugins.ml2.drivers.ovn.mech_driver.mech_driver [None req-ee3d3790-b246-47c9-a9a5-e19475d916e7 - - - - - -] OVN reports status down for port: aebe4e11-991c-409b-904c-330ea1fb80ae
2026-08-24 17:02:53.551 7 WARNING neutron.plugins.ml2.drivers.ovn.mech_driver.ovsdb.ovn_client [None req-ee3d3790-b246-47c9-a9a5-e19475d916e7 - - - - - -] Logical_Switch_Port %s host information not removed, the port state is up
2026-08-24 17:02:53.585 7 INFO neutron.db.ovn_revision_numbers_db [None req-c1cf5ada-778b-4493-b9f8-6c31fb02b618 7309da287cb7467c952451de2df7ece3 96334ada1b9e47f5b29d25525a34e526 - - default default] Successfully bumped revision number for resource 22643253-efb2-4808-aae8-15222c5e97e9 (type: security_group_rules) to 0
2026-08-24 17:02:53.624 7 INFO neutron.plugins.ml2.drivers.ovn.mech_driver.mech_driver [None req-ee3d3790-b246-47c9-a9a5-e19475d916e7 - - - - - -] OVN reports status up for port: aebe4e11-991c-409b-904c-330ea1fb80ae [pid: 7|app: 0|req: 1456/2954] 10.0.0.7 () {34 vars in 693 bytes} [Mon Aug 24 17:02:53 2026] POST /v2.0/security-group-rules => generated 597 bytes in 423 msecs (HTTP/1.1 201) 4 headers in 162 bytes (1 switches on core 0)
2026-08-24 17:02:53.655 7 INFO neutron.plugins.ml2.plugin [None req-ee3d3790-b246-47c9-a9a5-e19475d916e7 - - - - - -] Attempt 1 to provision port aebe4e11-991c-409b-904c-330ea1fb80ae
