Mar 26 01:04:58.692546 np0000160861 devstack@n-api-meta.service[108448]: DEBUG nova.api.openstack.wsgi_app [None req-ab75a0d9-ed66-40ea-8065-d3e3aef4bbc8 None None] oslo_limit.timeout = None {{(pid=108448) log_opt_values /opt/stack/data/venv/lib/python3.12/site-packages/oslo_config/cfg.py:3006}}
Mar 26 01:04:58.692669 np0000160861 devstack@n-api-meta.service[108448]: DEBUG nova.api.openstack.wsgi_app [None req-ab75a0d9-ed66-40ea-8065-d3e3aef4bbc8 None None] oslo_limit.valid_interfaces = None {{(pid=108448) log_opt_values /opt/stack/data/venv/lib/python3.12/site-packages/oslo_config/cfg.py:3006}}
Mar 26 01:04:58.692820 np0000160861 devstack@n-api-meta.service[108448]: DEBUG nova.api.openstack.wsgi_app [None req-ab75a0d9-ed66-40ea-8065-d3e3aef4bbc8 None None] oslo_limit.version = None {{(pid=108448) log_opt_values /opt/stack/data/venv/lib/python3.12/site-packages/oslo_config/cfg.py:3006}}
Mar 26 01:04:58.692954 np0000160861 devstack@n-api-meta.service[108448]: DEBUG nova.api.openstack.wsgi_app [None req-ab75a0d9-ed66-40ea-8065-d3e3aef4bbc8 None None] oslo_messaging_rabbit.amqp_auto_delete = False {{(pid=108448) log_opt_values /opt/stack/data/venv/lib/python3.12/site-packages/oslo_config/cfg.py:3006}}
Mar 26 01:04:58.693084 np0000160861 devstack@n-api-meta.service[108448]: DEBUG nova.api.openstack.wsgi_app [None req-ab75a0d9-ed66-40ea-8065-d3e3aef4bbc8 None None] oslo_messaging_rabbit.amqp_durable_queues = False {{(pid=108448) log_opt_values /opt/stack/data/venv/lib/python3.12/site-packages/oslo_config/cfg.py:3006}}
Mar 26 01:04:58.693213 np0000160861 devstack@n-api-meta.service[108448]: DEBUG nova.api.openstack.wsgi_app [None req-ab75a0d9-ed66-40ea-8065-d3e3aef4bbc8 None None] oslo_messaging_rabbit.conn_pool_min_size = 2 {{(pid=108448) log_opt_values /opt/stack/data/venv/lib/python3.12/site-packages/oslo_config/cfg.py:3006}}
Mar 26 01:04:58.693343 np0000160861 devstack@n-api-meta.service[108448]: DEBUG nova.api.openstack.wsgi_app [None req-ab75a0d9-ed66-40ea-8065-d3e3aef4bbc8 None None] oslo_messaging_rabbit.conn_pool_ttl = 1200 {{(pid=108448) log_opt_values /opt/stack/data/venv/lib/python3.12/site-packages/oslo_config/cfg.py:3006}}
Mar 26 01:04:58.693472 np0000160861 devstack@n-api-meta.service[108448]: DEBUG nova.api.openstack.wsgi_app [None req-ab75a0d9-ed66-40ea-8065-d3e3aef4bbc8 None None] oslo_messaging_rabbit.direct_mandatory_flag = True {{(pid=108448) log_opt_values /opt/stack/data/venv/lib/python3.12/site-packages/oslo_config/cfg.py:3006}}
Mar 26 01:04:58.693600 np0000160861 devstack@n-api-meta.service[108448]: DEBUG nova.api.openstack.wsgi_app [None req-ab75a0d9-ed66-40ea-8065-d3e3aef4bbc8 None None] oslo_messaging_rabbit.enable_cancel_on_failover = False {{(pid=108448) log_opt_values /opt/stack/data/venv/lib/python3.12/site-packages/oslo_config/cfg.py:3006}}
Mar 26 01:04:58.693752 np0000160861 devstack@n-api-meta.service[108448]: DEBUG nova.api.openstack.wsgi_app [None req-ab75a0d9-ed66-40ea-8065-d3e3aef4bbc8 None None] oslo_messaging_rabbit.heartbeat_in_pthread = False {{(pid=108448) log_opt_values /opt/stack/data/venv/lib/python3.12/site-packages/oslo_config/cfg.py:3006}}
Mar 26 01:04:58.693880 np0000160861 devstack@n-api-meta.service[108448]: DEBUG nova.api.openstack.wsgi_app [None req-ab75a0d9-ed66-40ea-8065-d3e3aef4bbc8 None None] oslo_messaging_rabbit.heartbeat_rate = 3 {{(pid=108448) log_opt_values /opt/stack/data/venv/lib/python3.12/site-packages/oslo_config/cfg.py:3006}}
Mar 26 01:04:58.694010 np0000160861 devstack@n-api-meta.service[108448]: DEBUG nova.api.openstack.wsgi_app [None req-ab75a0d9-ed66-40ea-8065-d3e3aef4bbc8 None None] oslo_messaging_rabbit.heartbeat_timeout_threshold = 60 {{(pid=108448) log_opt_values /opt/stack/data/venv/lib/python3.12/site-packages/oslo_config/cfg.py:3006}}
Mar 26 01:04:58.694147 np0000160861 devstack@n-api-meta.service[108448]: DEBUG nova.api.openstack.wsgi_app [None req-ab75a0d9-ed66-40ea-8065-d3e3aef4bbc8 None None] oslo_messaging_rabbit.hostname = np0000160861 {{(pid=108448) log_opt_values /opt/stack/data/venv/lib/python3.12/site-packages/oslo_config/cfg.py:3006}}
Mar 26 01:04:58.694274 np0000160861 devstack@n-api-meta.service[108448]: DEBUG nova.api.openstack.wsgi_app [None req-ab75a0d9-ed66-40ea-8065-d3e3aef4bbc8 None None] oslo_messaging_rabbit.kombu_compression = None {{(pid=108448) log_opt_values /opt/stack/data/venv/lib/python3.12/site-packages/oslo_config/cfg.py:3006}}
Mar 26 01:04:58.694456 np0000160861 devstack@n-api-meta.service[108448]: DEBUG nova.api.openstack.wsgi_app [None req-ab75a0d9-ed66-40ea-8065-d3e3aef4bbc8 None None] oslo_messaging_rabbit.kombu_failover_strategy = round-robin {{(pid=108448) log_opt_values /opt/stack/data/venv/lib/python3.12/site-packages/oslo_config/cfg.py:3006}}
Mar 26 01:04:58.694618 np0000160861 devstack@n-api-meta.service[108448]: DEBUG nova.api.openstack.wsgi_app [None req-ab75a0d9-ed66-40ea-8065-d3e3aef4bbc8 None None] oslo_messaging_rabbit.kombu_missing_consumer_retry_timeout = 60 {{(pid=108448) log_opt_values /opt/stack/data/venv/lib/python3.12/site-packages/oslo_config/cfg.py:3006}}
Mar 26 01:04:58.694790 np0000160861 devstack@n-api-meta.service[108448]: DEBUG nova.api.openstack.wsgi_app [None req-ab75a0d9-ed66-40ea-8065-d3e3aef4bbc8 None None] oslo_messaging_rabbit.kombu_reconnect_delay = 1.0 {{(pid=108448) log_opt_values /opt/stack/data/venv/lib/python3.12/site-packages/oslo_config/cfg.py:3006}}
Mar 26 01:04:58.694937 np0000160861 devstack@n-api-meta.service[108448]: DEBUG nova.api.openstack.wsgi_app [None req-ab75a0d9-ed66-40ea-8065-d3e3aef4bbc8 None None] oslo_messaging_rabbit.kombu_reconnect_splay = 0.0 {{(pid=108448) log_opt_values /opt/stack/data/venv/lib/python3.12/site-packages/oslo_config/cfg.py:3006}}
Mar 26 01:04:58.695073 np0000160861 devstack@n-api-meta.service[108448]: DEBUG nova.api.openstack.wsgi_app [None req-ab75a0d9-ed66-40ea-8065-d3e3aef4bbc8 None None] oslo_messaging_rabbit.processname = uwsgi {{(pid=108448) log_opt_values /opt/stack/data/venv/lib/python3.12/site-packages/oslo_config/cfg.py:3006}}
Mar 26 01:04:58.695205 np0000160861 devstack@n-api-meta.service[108448]: DEBUG nova.api.openstack.wsgi_app [None req-ab75a0d9-ed66-40ea-8065-d3e3aef4bbc8 None None] oslo_messaging_rabbit.rabbit_ha_queues = False {{(pid=108448) log_opt_values /opt/stack/data/venv/lib/python3.12/site-packages/oslo_config/cfg.py:3006}}
Mar 26 01:04:58.695337 np0000160861 devstack@n-api-meta.service[108448]: DEBUG nova.api.openstack.wsgi_app [None req-ab75a0d9-ed66-40ea-8065-d3e3aef4bbc8 None None] oslo_messaging_rabbit.rabbit_interval_max = 30 {{(pid=108448) log_opt_values /opt/stack/data/venv/lib/python3.12/site-packages/oslo_config/cfg.py:3006}}
Mar 26 01:04:58.695473 np0000160861 devstack@n-api-meta.service[108448]: DEBUG nova.api.openstack.wsgi_app [None req-ab75a0d9-ed66-40ea-8065-d3e3aef4bbc8 None None] oslo_messaging_rabbit.rabbit_login_method = AMQPLAIN {{(pid=108448) log_opt_values /opt/stack/data/venv/lib/python3.12/site-packages/oslo_config/cfg.py:3006}}
Mar 26 01:04:58.695605 np0000160861 devstack@n-api-meta.service[108448]: DEBUG nova.api.openstack.wsgi_app [None req-ab75a0d9-ed66-40ea-8065-d3e3aef4bbc8 None None] oslo_messaging_rabbit.rabbit_qos_prefetch_count = 0 {{(pid=108448) log_opt_values /opt/stack/data/venv/lib/python3.12/site-packages/oslo_config/cfg.py:3006}}
Mar 26 01:04:58.695757 np0000160861 devstack@n-api-meta.service[108448]: DEBUG nova.api.openstack.wsgi_app [None req-ab75a0d9-ed66-40ea-8065-d3e3aef4bbc8 None None] oslo_messaging_rabbit.rabbit_quorum_delivery_limit = 0 {{(pid=108448) log_opt_values /opt/stack/data/venv/lib/python3.12/site-packages/oslo_config/cfg.py:3006}}
Mar 26 01:04:58.695886 np0000160861 devstack@n-api-meta.service[108448]: DEBUG nova.api.openstack.wsgi_app [None req-ab75a0d9-ed66-40ea-8065-d3e3aef4bbc8 None None] oslo_messaging_rabbit.rabbit_quorum_max_memory_bytes = 0 {{(pid=108448) log_opt_values /opt/stack/data/venv/lib/python3.12/site-packages/oslo_config/cfg.py:3006}}
Mar 26 01:04:58.696017 np0000160861 devstack@n-api-meta.service[108448]: DEBUG nova.api.openstack.wsgi_app [None req-ab75a0d9-ed66-40ea-8065-d3e3aef4bbc8 None None] oslo_messaging_rabbit.rabbit_quorum_max_memory_length = 0 {{(pid=108448) log_opt_values /opt/stack/data/venv/lib/python3.12/site-packages/oslo_config/cfg.py:3006}}
Mar 26 01:04:58.696151 np0000160861 devstack@n-api-meta.service[108448]: DEBUG nova.api.openstack.wsgi_app [None req-ab75a0d9-ed66-40ea-8065-d3e3aef4bbc8 None None] oslo_messaging_rabbit.rabbit_quorum_queue = False {{(pid=108448) log_opt_values /opt/stack/data/venv/lib/python3.12/site-packages/oslo_config/cfg.py:3006}}
Mar 26 01:04:58.696291 np0000160861 devstack@n-api-meta.service[108448]: DEBUG nova.api.openstack.wsgi_app [None req-ab75a0d9-ed66-40ea-8065-d3e3aef4bbc8 None None] oslo_messaging_rabbit.rabbit_retry_backoff = 2 {{(pid=108448) log_opt_values /opt/stack/data/venv/lib/python3.12/site-packages/oslo_config/cfg.py:3006}}
Mar 26 01:04:58.696423 np0000160861 devstack@n-api-meta.service[108448]: DEBUG nova.api.openstack.wsgi_app [None req-ab75a0d9-ed66-40ea-8065-d3e3aef4bbc8 None None] oslo_messaging_rabbit.rabbit_retry_interval = 1 {{(pid=108448) log_opt_values /opt/stack/data/venv/lib/python3.12/site-packages/oslo_config/cfg.py:3006}}
Mar 26 01:04:58.696553 np0000160861 devstack@n-api-meta.service[108448]: DEBUG nova.api.openstack.wsgi_app [None req-ab75a0d9-ed66-40ea-8065-d3e3aef4bbc8 None None] oslo_messaging_rabbit.rabbit_stream_fanout = False {{(pid=108448) log_opt_values /opt/stack/data/venv/lib/python3.12/site-packages/oslo_config/cfg.py:3006}}
Mar 26 01:04:58.696702 np0000160861 devstack@n-api-meta.service[108448]: DEBUG nova.api.openstack.wsgi_app [None req-ab75a0d9-ed66-40ea-8065-d3e3aef4bbc8 None None] oslo_messaging_rabbit.rabbit_transient_queues_ttl = 1800 {{(pid=108448) log_opt_values /opt/stack/data/venv/lib/python3.12/site-packages/oslo_config/cfg.py:3006}}
Mar 26 01:04:58.696835 np0000160861 devstack@n-api-meta.service[108448]: DEBUG nova.api.openstack.wsgi_app [None req-ab75a0d9-ed66-40ea-8065-d3e3aef4bbc8 None None] oslo_messaging_rabbit.rabbit_transient_quorum_queue = False {{(pid=108448) log_opt_values /opt/stack/data/venv/lib/python3.12/site-packages/oslo_config/cfg.py:3006}}
Mar 26 01:04:58.696968 np0000160861 devstack@n-api-meta.service[108448]: DEBUG nova.api.openstack.wsgi_app [None req-ab75a0d9-ed66-40ea-8065-d3e3aef4bbc8 None None] oslo_messaging_rabbit.rpc_conn_pool_size = 30 {{(pid=108448) log_opt_values /opt/stack/data/venv/lib/python3.12/site-packages/oslo_config/cfg.py:3006}}
Mar 26 01:04:58.697095 np0000160861 devstack@n-api-meta.service[108448]: DEBUG nova.api.openstack.wsgi_app [None req-ab75a0d9-ed66-40ea-8065-d3e3aef4bbc8 None None] oslo_messaging_rabbit.ssl = False {{(pid=108448) log_opt_values /opt/stack/data/venv/lib/python3.12/site-packages/oslo_config/cfg.py:3006}}
Mar 26 01:04:58.697232 np0000160861 devstack@n-api-meta.service[108448]: DEBUG nova.api.openstack.wsgi_app [None req-ab75a0d9-ed66-40ea-8065-d3e3aef4bbc8 None None] oslo_messaging_rabbit.ssl_ca_file = {{(pid=108448) log_opt_values /opt/stack/data/venv/lib/python3.12/site-packages/oslo_config/cfg.py:3006}}
Mar 26 01:04:58.697366 np0000160861 devstack@n-api-meta.service[108448]: DEBUG nova.api.openstack.wsgi_app [None req-ab75a0d9-ed66-40ea-8065-d3e3aef4bbc8 None None] oslo_messaging_rabbit.ssl_cert_file = {{(pid=108448) log_opt_values /opt/stack/data/venv/lib/python3.12/site-packages/oslo_config/cfg.py:3006}}
Mar 26 01:04:58.697495 np0000160861 devstack@n-api-meta.service[108448]: DEBUG nova.api.openstack.wsgi_app [None req-ab75a0d9-ed66-40ea-8065-d3e3aef4bbc8 None None] oslo_messaging_rabbit.ssl_enforce_fips_mode = False {{(pid=108448) log_opt_values /opt/stack/data/venv/lib/python3.12/site-packages/oslo_config/cfg.py:3006}}
Mar 26 01:04:58.697632 np0000160861 devstack@n-api-meta.service[108448]: DEBUG nova.api.openstack.wsgi_app [None req-ab75a0d9-ed66-40ea-8065-d3e3aef4bbc8 None None] oslo_messaging_rabbit.ssl_key_file = {{(pid=108448) log_opt_values /opt/stack/data/venv/lib/python3.12/site-packages/oslo_config/cfg.py:3006}}
Mar 26 01:04:58.697794 np0000160861 devstack@n-api-meta.service[108448]: DEBUG nova.api.openstack.wsgi_app [None req-ab75a0d9-ed66-40ea-8065-d3e3aef4bbc8 None None] oslo_messaging_rabbit.ssl_version = {{(pid=108448) log_opt_values /opt/stack/data/venv/lib/python3.12/site-packages/oslo_config/cfg.py:3006}}
Mar 26 01:04:58.697928 np0000160861 devstack@n-api-meta.service[108448]: DEBUG nova.api.openstack.wsgi_app [None req-ab75a0d9-ed66-40ea-8065-d3e3aef4bbc8 None None] oslo_messaging_rabbit.use_queue_manager = False {{(pid=108448) log_opt_values /opt/stack/data/venv/lib/python3.12/site-packages/oslo_config/cfg.py:3006}}
Mar 26 01:04:58.698077 np0000160861 devstack@n-api-meta.service[108448]: DEBUG nova.api.openstack.wsgi_app [None req-ab75a0d9-ed66-40ea-8065-d3e3aef4bbc8 None None] oslo_messaging_notifications.driver = ['messagingv2'] {{(pid=108448) log_opt_values /opt/stack/data/venv/lib/python3.12/site-packages/oslo_config/cfg.py:3006}}
Mar 26 01:04:58.698209 np0000160861 devstack@n-api-meta.service[108448]: DEBUG nova.api.openstack.wsgi_app [None req-ab75a0d9-ed66-40ea-8065-d3e3aef4bbc8 None None] oslo_messaging_notifications.retry = -1 {{(pid=108448) log_opt_values /opt/stack/data/venv/lib/python3.12/site-packages/oslo_config/cfg.py:3006}}
Mar 26 01:04:58.698400 np0000160861 devstack@n-api-meta.service[108448]: DEBUG nova.api.openstack.wsgi_app [None req-ab75a0d9-ed66-40ea-8065-d3e3aef4bbc8 None None] oslo_messaging_notifications.topics = ['notifications'] {{(pid=108448) log_opt_values /opt/stack/data/venv/lib/python3.12/site-packages/oslo_config/cfg.py:3006}}
Mar 26 01:04:58.698535 np0000160861 devstack@n-api-meta.service[108448]: DEBUG nova.api.openstack.wsgi_app [None req-ab75a0d9-ed66-40ea-8065-d3e3aef4bbc8 None None] oslo_messaging_notifications.transport_url = **** {{(pid=108448) log_opt_values /opt/stack/data/venv/lib/python3.12/site-packages/oslo_config/cfg.py:3006}}
Mar 26 01:04:58.698680 np0000160861 devstack@n-api-meta.service[108448]: DEBUG nova.api.openstack.wsgi_app [None req-ab75a0d9-ed66-40ea-8065-d3e3aef4bbc8 None None] oslo_reports.file_event_handler = None {{(pid=108448) log_opt_values /opt/stack/data/venv/lib/python3.12/site-packages/oslo_config/cfg.py:3006}}
Mar 26 01:04:58.698831 np0000160861 devstack@n-api-meta.service[108448]: DEBUG nova.api.openstack.wsgi_app [None req-ab75a0d9-ed66-40ea-8065-d3e3aef4bbc8 None None] oslo_reports.file_event_handler_interval = 1 {{(pid=108448) log_opt_values /opt/stack/data/venv/lib/python3.12/site-packages/oslo_config/cfg.py:3006}}
Mar 26 01:04:58.698959 np0000160861 devstack@n-api-meta.service[108448]: DEBUG nova.api.openstack.wsgi_app [None req-ab75a0d9-ed66-40ea-8065-d3e3aef4bbc8 None None] oslo_reports.log_dir = None {{(pid=108448) log_opt_values /opt/stack/data/venv/lib/python3.12/site-packages/oslo_config/cfg.py:3006}}
Mar 26 01:04:58.699070 np0000160861 devstack@n-api-meta.service[108448]: DEBUG nova.api.openstack.wsgi_app [None req-ab75a0d9-ed66-40ea-8065-d3e3aef4bbc8 None None] ******************************************************************************** {{(pid=108448) log_opt_values /opt/stack/data/venv/lib/python3.12/site-packages/oslo_config/cfg.py:3013}}
Mar 26 01:04:58.699233 np0000160861 devstack@n-api-meta.service[108448]: WSGI app 0 (mountpoint='') ready in 2 seconds on interpreter 0x736a9aca3668 pid: 108448 (default app)
Mar 26 01:05:08.247229 np0000160861 devstack@n-api-meta.service[108449]: DEBUG dbcounter [-] [108449] Writing DB stats nova_api:SELECT=1 {{(pid=108449) stat_writer /opt/stack/data/venv/lib/python3.12/site-packages/dbcounter.py:115}}
Mar 26 01:05:08.278235 np0000160861 devstack@n-api-meta.service[108447]: DEBUG dbcounter [-] [108447] Writing DB stats nova_api:SELECT=1 {{(pid=108447) stat_writer /opt/stack/data/venv/lib/python3.12/site-packages/dbcounter.py:115}}
Mar 26 01:05:08.326338 np0000160861 devstack@n-api-meta.service[108450]: DEBUG dbcounter [-] [108450] Writing DB stats nova_api:SELECT=1 {{(pid=108450) stat_writer /opt/stack/data/venv/lib/python3.12/site-packages/dbcounter.py:115}}
Mar 26 01:05:08.332303 np0000160861 devstack@n-api-meta.service[108448]: DEBUG dbcounter [-] [108448] Writing DB stats nova_api:SELECT=1 {{(pid=108448) stat_writer /opt/stack/data/venv/lib/python3.12/site-packages/dbcounter.py:115}}
Mar 26 01:05:08.388359 np0000160861 devstack@n-api-meta.service[108449]: DEBUG dbcounter [-] [108449] Writing DB stats nova_cell0:SELECT=1 {{(pid=108449) stat_writer /opt/stack/data/venv/lib/python3.12/site-packages/dbcounter.py:115}}
Mar 26 01:05:08.389307 np0000160861 devstack@n-api-meta.service[108449]: DEBUG dbcounter [-] [108449] Writing DB stats nova_cell1:SELECT=1 {{(pid=108449) stat_writer /opt/stack/data/venv/lib/python3.12/site-packages/dbcounter.py:115}}
Mar 26 01:05:08.412699 np0000160861 devstack@n-api-meta.service[108447]: DEBUG dbcounter [-] [108447] Writing DB stats nova_cell0:SELECT=1 {{(pid=108447) stat_writer /opt/stack/data/venv/lib/python3.12/site-packages/dbcounter.py:115}}
Mar 26 01:05:08.413424 np0000160861 devstack@n-api-meta.service[108447]: DEBUG dbcounter [-] [108447] Writing DB stats nova_cell1:SELECT=1 {{(pid=108447) stat_writer /opt/stack/data/venv/lib/python3.12/site-packages/dbcounter.py:115}}
Mar 26 01:05:08.419902 np0000160861 devstack@n-api-meta.service[108449]: DEBUG dbcounter [-] [108449] Writing DB stats nova_cell0:SELECT=2,nova_cell0:INSERT=1 {{(pid=108449) stat_writer /opt/stack/data/venv/lib/python3.12/site-packages/dbcounter.py:115}}
Mar 26 01:05:08.437844 np0000160861 devstack@n-api-meta.service[108447]: DEBUG dbcounter [-] [108447] Writing DB stats nova_cell0:SELECT=1 {{(pid=108447) stat_writer /opt/stack/data/venv/lib/python3.12/site-packages/dbcounter.py:115}}
Mar 26 01:05:08.480564 np0000160861 devstack@n-api-meta.service[108450]: DEBUG dbcounter [-] [108450] Writing DB stats nova_cell0:SELECT=1 {{(pid=108450) stat_writer /opt/stack/data/venv/lib/python3.12/site-packages/dbcounter.py:115}}
Mar 26 01:05:08.481350 np0000160861 devstack@n-api-meta.service[108450]: DEBUG dbcounter [-] [108450] Writing DB stats nova_cell1:SELECT=1 {{(pid=108450) stat_writer /opt/stack/data/venv/lib/python3.12/site-packages/dbcounter.py:115}}
Mar 26 01:05:08.488395 np0000160861 devstack@n-api-meta.service[108448]: DEBUG dbcounter [-] [108448] Writing DB stats nova_cell0:SELECT=1 {{(pid=108448) stat_writer /opt/stack/data/venv/lib/python3.12/site-packages/dbcounter.py:115}}
Mar 26 01:05:08.489136 np0000160861 devstack@n-api-meta.service[108448]: DEBUG dbcounter [-] [108448] Writing DB stats nova_cell1:SELECT=1 {{(pid=108448) stat_writer /opt/stack/data/venv/lib/python3.12/site-packages/dbcounter.py:115}}
Mar 26 01:05:08.506085 np0000160861 devstack@n-api-meta.service[108450]: DEBUG dbcounter [-] [108450] Writing DB stats nova_cell0:SELECT=1 {{(pid=108450) stat_writer /opt/stack/data/venv/lib/python3.12/site-packages/dbcounter.py:115}}
Mar 26 01:05:08.531540 np0000160861 devstack@n-api-meta.service[108448]: DEBUG dbcounter [-] [108448] Writing DB stats nova_cell0:SELECT=1 {{(pid=108448) stat_writer /opt/stack/data/venv/lib/python3.12/site-packages/dbcounter.py:115}}
Mar 26 01:11:39.976345 np0000160861 devstack@n-api-meta.service[108449]: DEBUG nova.api.metadata.handler [None req-321362a4-87eb-4b9c-a03d-80c5192a0acb None None] Metadata request headers: {'Host': '162.253.55.204:8775', 'User-Agent': 'python-requests/2.32.5', 'Accept-Encoding': 'gzip, deflate', 'Accept': '*/*', 'Connection': 'keep-alive', 'X-Forwarded-For': '192.168.24.79', 'X-Instance-Id': '7b6237f1-4a10-4b0e-a643-3b3063fe19b4', 'X-Tenant-Id': '7943c02debc14d8ca85a3770c1986017', 'X-Instance-Id-Signature': '5f34163278592c729349e7c00f83517785c74271d327b2c2fb6ee5f95c01d089'} {{(pid=108449) __call__ /opt/stack/nova/nova/api/metadata/handler.py:109}}
Mar 26 01:11:39.989407 np0000160861 devstack@n-api-meta.service[108449]: DEBUG oslo_concurrency.lockutils [None req-eda9629a-fdcf-4f02-8d2a-063129e96847 None None] Acquiring lock "4154e360-ae95-4014-b856-1b2ede9faf67" by "nova.context.set_target_cell..get_or_set_cached_cell_and_set_connections" {{(pid=108449) inner /opt/stack/data/venv/lib/python3.12/site-packages/oslo_concurrency/lockutils.py:506}}
Mar 26 01:11:39.989733 np0000160861 devstack@n-api-meta.service[108449]: DEBUG oslo_concurrency.lockutils [None req-eda9629a-fdcf-4f02-8d2a-063129e96847 None None] Lock "4154e360-ae95-4014-b856-1b2ede9faf67" acquired by "nova.context.set_target_cell..get_or_set_cached_cell_and_set_connections" :: waited 0.000s {{(pid=108449) inner /opt/stack/data/venv/lib/python3.12/site-packages/oslo_concurrency/lockutils.py:519}}
Mar 26 01:11:39.989733 np0000160861 devstack@n-api-meta.service[108449]: DEBUG oslo_concurrency.lockutils [None req-eda9629a-fdcf-4f02-8d2a-063129e96847 None None] Lock "4154e360-ae95-4014-b856-1b2ede9faf67" "released" by "nova.context.set_target_cell..get_or_set_cached_cell_and_set_connections" :: held 0.000s {{(pid=108449) inner /opt/stack/data/venv/lib/python3.12/site-packages/oslo_concurrency/lockutils.py:538}}
Mar 26 01:11:40.049769 np0000160861 devstack@n-api-meta.service[108449]: WARNING neutronclient.v2_0.client [None req-eda9629a-fdcf-4f02-8d2a-063129e96847 None None] The python binding code in neutronclient is deprecated in favor of OpenstackSDK, please use that as this will be removed in a future release.
Mar 26 01:11:40.484697 np0000160861 devstack@n-api-meta.service[108449]: [pid: 108449|app: 0|req: 1/1] 162.253.55.204 () {40 vars in 642 bytes} [Thu Mar 26 01:11:39 2026] GET /openstack => generated 116 bytes in 514 msecs (HTTP/1.1 200) 3 headers in 100 bytes (1 switches on core 0)
Mar 26 01:11:40.497175 np0000160861 devstack@n-api-meta.service[108447]: DEBUG nova.api.metadata.handler [None req-d127f314-3623-48d2-809b-75ae8f5a621a None None] Metadata request headers: {'Host': '162.253.55.204:8775', 'User-Agent': 'python-requests/2.32.5', 'Accept-Encoding': 'gzip, deflate', 'Accept': '*/*', 'Connection': 'keep-alive', 'X-Forwarded-For': '192.168.24.79', 'X-Instance-Id': '7b6237f1-4a10-4b0e-a643-3b3063fe19b4', 'X-Tenant-Id': '7943c02debc14d8ca85a3770c1986017', 'X-Instance-Id-Signature': '5f34163278592c729349e7c00f83517785c74271d327b2c2fb6ee5f95c01d089'} {{(pid=108447) __call__ /opt/stack/nova/nova/api/metadata/handler.py:109}}
Mar 26 01:11:40.502375 np0000160861 devstack@n-api-meta.service[108447]: DEBUG nova.api.metadata.handler [None req-d127f314-3623-48d2-809b-75ae8f5a621a None None] Using cached metadata for instance 7b6237f1-4a10-4b0e-a643-3b3063fe19b4 {{(pid=108447) get_metadata_by_instance_id /opt/stack/nova/nova/api/metadata/handler.py:84}}
Mar 26 01:11:40.503025 np0000160861 devstack@n-api-meta.service[108447]: [pid: 108447|app: 0|req: 1/2] 162.253.55.204 () {40 vars in 642 bytes} [Thu Mar 26 01:11:40 2026] GET /openstack => generated 116 bytes in 6 msecs (HTTP/1.1 200) 3 headers in 100 bytes (1 switches on core 0)
Mar 26 01:11:40.512944 np0000160861 devstack@n-api-meta.service[108450]: DEBUG nova.api.metadata.handler [None req-a5c791f4-6f1a-455d-8222-f8d3872cf84a None None] Metadata request headers: {'Host': '162.253.55.204:8775', 'User-Agent': 'python-requests/2.32.5', 'Accept-Encoding': 'gzip, deflate', 'Accept': '*/*', 'Connection': 'keep-alive', 'X-Forwarded-For': '192.168.24.79', 'X-Instance-Id': '7b6237f1-4a10-4b0e-a643-3b3063fe19b4', 'X-Tenant-Id': '7943c02debc14d8ca85a3770c1986017', 'X-Instance-Id-Signature': '5f34163278592c729349e7c00f83517785c74271d327b2c2fb6ee5f95c01d089'} {{(pid=108450) __call__ /opt/stack/nova/nova/api/metadata/handler.py:109}}
Mar 26 01:11:40.517923 np0000160861 devstack@n-api-meta.service[108450]: DEBUG nova.api.metadata.handler [None req-a5c791f4-6f1a-455d-8222-f8d3872cf84a None None] Using cached metadata for instance 7b6237f1-4a10-4b0e-a643-3b3063fe19b4 {{(pid=108450) get_metadata_by_instance_id /opt/stack/nova/nova/api/metadata/handler.py:84}}
Mar 26 01:11:40.518526 np0000160861 devstack@n-api-meta.service[108450]: [pid: 108450|app: 0|req: 1/3] 162.253.55.204 () {40 vars in 694 bytes} [Thu Mar 26 01:11:40 2026] GET /openstack/2018-08-27/meta_data.json => generated 946 bytes in 7 msecs (HTTP/1.1 200) 3 headers in 91 bytes (1 switches on core 0)
Mar 26 01:11:40.530600 np0000160861 devstack@n-api-meta.service[108448]: DEBUG nova.api.metadata.handler [None req-ab75a0d9-ed66-40ea-8065-d3e3aef4bbc8 None None] Metadata request headers: {'Host': '162.253.55.204:8775', 'User-Agent': 'python-requests/2.32.5', 'Accept-Encoding': 'gzip, deflate', 'Accept': '*/*', 'Connection': 'keep-alive', 'X-Forwarded-For': '192.168.24.79', 'X-Instance-Id': '7b6237f1-4a10-4b0e-a643-3b3063fe19b4', 'X-Tenant-Id': '7943c02debc14d8ca85a3770c1986017', 'X-Instance-Id-Signature': '5f34163278592c729349e7c00f83517785c74271d327b2c2fb6ee5f95c01d089'} {{(pid=108448) __call__ /opt/stack/nova/nova/api/metadata/handler.py:109}}
Mar 26 01:11:40.535591 np0000160861 devstack@n-api-meta.service[108448]: DEBUG nova.api.metadata.handler [None req-ab75a0d9-ed66-40ea-8065-d3e3aef4bbc8 None None] Using cached metadata for instance 7b6237f1-4a10-4b0e-a643-3b3063fe19b4 {{(pid=108448) get_metadata_by_instance_id /opt/stack/nova/nova/api/metadata/handler.py:84}}
Mar 26 01:11:40.536120 np0000160861 devstack@n-api-meta.service[108448]: [pid: 108448|app: 0|req: 1/4] 162.253.55.204 () {40 vars in 684 bytes} [Thu Mar 26 01:11:40 2026] GET /openstack/2018-08-27/user_data => generated 26363 bytes in 8 msecs (HTTP/1.1 200) 3 headers in 102 bytes (1 switches on core 0)
Mar 26 01:11:40.547235 np0000160861 devstack@n-api-meta.service[108449]: DEBUG nova.api.metadata.handler [None req-eda9629a-fdcf-4f02-8d2a-063129e96847 None None] Metadata request headers: {'Host': '162.253.55.204:8775', 'User-Agent': 'python-requests/2.32.5', 'Accept-Encoding': 'gzip, deflate', 'Accept': '*/*', 'Connection': 'keep-alive', 'X-Forwarded-For': '192.168.24.79', 'X-Instance-Id': '7b6237f1-4a10-4b0e-a643-3b3063fe19b4', 'X-Tenant-Id': '7943c02debc14d8ca85a3770c1986017', 'X-Instance-Id-Signature': '5f34163278592c729349e7c00f83517785c74271d327b2c2fb6ee5f95c01d089'} {{(pid=108449) __call__ /opt/stack/nova/nova/api/metadata/handler.py:109}}
Mar 26 01:11:40.551038 np0000160861 devstack@n-api-meta.service[108449]: DEBUG nova.api.metadata.handler [None req-eda9629a-fdcf-4f02-8d2a-063129e96847 None None] Using cached metadata for instance 7b6237f1-4a10-4b0e-a643-3b3063fe19b4 {{(pid=108449) get_metadata_by_instance_id /opt/stack/nova/nova/api/metadata/handler.py:84}}
Mar 26 01:11:40.551786 np0000160861 devstack@n-api-meta.service[108449]: [pid: 108449|app: 0|req: 2/5] 162.253.55.204 () {40 vars in 698 bytes} [Thu Mar 26 01:11:40 2026] GET /openstack/2018-08-27/vendor_data.json => generated 2 bytes in 5 msecs (HTTP/1.1 200) 3 headers in 89 bytes (1 switches on core 0)
Mar 26 01:11:40.561018 np0000160861 devstack@n-api-meta.service[108447]: DEBUG nova.api.metadata.handler [None req-d127f314-3623-48d2-809b-75ae8f5a621a None None] Metadata request headers: {'Host': '162.253.55.204:8775', 'User-Agent': 'python-requests/2.32.5', 'Accept-Encoding': 'gzip, deflate', 'Accept': '*/*', 'Connection': 'keep-alive', 'X-Forwarded-For': '192.168.24.79', 'X-Instance-Id': '7b6237f1-4a10-4b0e-a643-3b3063fe19b4', 'X-Tenant-Id': '7943c02debc14d8ca85a3770c1986017', 'X-Instance-Id-Signature': '5f34163278592c729349e7c00f83517785c74271d327b2c2fb6ee5f95c01d089'} {{(pid=108447) __call__ /opt/stack/nova/nova/api/metadata/handler.py:109}}
Mar 26 01:11:40.564448 np0000160861 devstack@n-api-meta.service[108447]: DEBUG nova.api.metadata.handler [None req-d127f314-3623-48d2-809b-75ae8f5a621a None None] Using cached metadata for instance 7b6237f1-4a10-4b0e-a643-3b3063fe19b4 {{(pid=108447) get_metadata_by_instance_id /opt/stack/nova/nova/api/metadata/handler.py:84}}
Mar 26 01:11:40.565420 np0000160861 devstack@n-api-meta.service[108447]: [pid: 108447|app: 0|req: 2/6] 162.253.55.204 () {40 vars in 700 bytes} [Thu Mar 26 01:11:40 2026] GET /openstack/2018-08-27/vendor_data2.json => generated 14 bytes in 5 msecs (HTTP/1.1 200) 3 headers in 90 bytes (1 switches on core 0)
Mar 26 01:11:40.572007 np0000160861 devstack@n-api-meta.service[108450]: DEBUG nova.api.metadata.handler [None req-a5c791f4-6f1a-455d-8222-f8d3872cf84a None None] Metadata request headers: {'Host': '162.253.55.204:8775', 'User-Agent': 'python-requests/2.32.5', 'Accept-Encoding': 'gzip, deflate', 'Accept': '*/*', 'Connection': 'keep-alive', 'X-Forwarded-For': '192.168.24.79', 'X-Instance-Id': '7b6237f1-4a10-4b0e-a643-3b3063fe19b4', 'X-Tenant-Id': '7943c02debc14d8ca85a3770c1986017', 'X-Instance-Id-Signature': '5f34163278592c729349e7c00f83517785c74271d327b2c2fb6ee5f95c01d089'} {{(pid=108450) __call__ /opt/stack/nova/nova/api/metadata/handler.py:109}}
Mar 26 01:11:40.574837 np0000160861 devstack@n-api-meta.service[108450]: DEBUG nova.api.metadata.handler [None req-a5c791f4-6f1a-455d-8222-f8d3872cf84a None None] Using cached metadata for instance 7b6237f1-4a10-4b0e-a643-3b3063fe19b4 {{(pid=108450) get_metadata_by_instance_id /opt/stack/nova/nova/api/metadata/handler.py:84}}
Mar 26 01:11:40.575467 np0000160861 devstack@n-api-meta.service[108450]: [pid: 108450|app: 0|req: 2/7] 162.253.55.204 () {40 vars in 700 bytes} [Thu Mar 26 01:11:40 2026] GET /openstack/2018-08-27/network_data.json => generated 348 bytes in 4 msecs (HTTP/1.1 200) 3 headers in 100 bytes (1 switches on core 0)
Mar 26 01:11:40.583825 np0000160861 devstack@n-api-meta.service[108448]: DEBUG nova.api.metadata.handler [None req-ab75a0d9-ed66-40ea-8065-d3e3aef4bbc8 None None] Metadata request headers: {'Host': '162.253.55.204:8775', 'User-Agent': 'python-requests/2.32.5', 'Accept-Encoding': 'gzip, deflate', 'Accept': '*/*', 'Connection': 'keep-alive', 'X-Forwarded-For': '192.168.24.79', 'X-Instance-Id': '7b6237f1-4a10-4b0e-a643-3b3063fe19b4', 'X-Tenant-Id': '7943c02debc14d8ca85a3770c1986017', 'X-Instance-Id-Signature': '5f34163278592c729349e7c00f83517785c74271d327b2c2fb6ee5f95c01d089'} {{(pid=108448) __call__ /opt/stack/nova/nova/api/metadata/handler.py:109}}
Mar 26 01:11:40.587223 np0000160861 devstack@n-api-meta.service[108448]: DEBUG nova.api.metadata.handler [None req-ab75a0d9-ed66-40ea-8065-d3e3aef4bbc8 None None] Using cached metadata for instance 7b6237f1-4a10-4b0e-a643-3b3063fe19b4 {{(pid=108448) get_metadata_by_instance_id /opt/stack/nova/nova/api/metadata/handler.py:84}}
Mar 26 01:11:40.588185 np0000160861 devstack@n-api-meta.service[108448]: [pid: 108448|app: 0|req: 2/8] 162.253.55.204 () {40 vars in 658 bytes} [Thu Mar 26 01:11:40 2026] GET /latest/meta-data/ => generated 210 bytes in 5 msecs (HTTP/1.1 200) 3 headers in 100 bytes (1 switches on core 0)
Mar 26 01:11:40.595778 np0000160861 devstack@n-api-meta.service[108449]: DEBUG nova.api.metadata.handler [None req-eda9629a-fdcf-4f02-8d2a-063129e96847 None None] Metadata request headers: {'Host': '162.253.55.204:8775', 'User-Agent': 'python-requests/2.32.5', 'Accept-Encoding': 'gzip, deflate', 'Accept': '*/*', 'Connection': 'keep-alive', 'X-Forwarded-For': '192.168.24.79', 'X-Instance-Id': '7b6237f1-4a10-4b0e-a643-3b3063fe19b4', 'X-Tenant-Id': '7943c02debc14d8ca85a3770c1986017', 'X-Instance-Id-Signature': '5f34163278592c729349e7c00f83517785c74271d327b2c2fb6ee5f95c01d089'} {{(pid=108449) __call__ /opt/stack/nova/nova/api/metadata/handler.py:109}}
Mar 26 01:11:40.598494 np0000160861 devstack@n-api-meta.service[108449]: DEBUG nova.api.metadata.handler [None req-eda9629a-fdcf-4f02-8d2a-063129e96847 None None] Using cached metadata for instance 7b6237f1-4a10-4b0e-a643-3b3063fe19b4 {{(pid=108449) get_metadata_by_instance_id /opt/stack/nova/nova/api/metadata/handler.py:84}}
Mar 26 01:11:40.599425 np0000160861 devstack@n-api-meta.service[108449]: [pid: 108449|app: 0|req: 3/9] 162.253.55.204 () {40 vars in 700 bytes} [Thu Mar 26 01:11:40 2026] GET /latest/meta-data/block-device-mapping/ => generated 8 bytes in 4 msecs (HTTP/1.1 200) 3 headers in 98 bytes (1 switches on core 0)
Mar 26 01:11:40.608316 np0000160861 devstack@n-api-meta.service[108447]: DEBUG nova.api.metadata.handler [None req-d127f314-3623-48d2-809b-75ae8f5a621a None None] Metadata request headers: {'Host': '162.253.55.204:8775', 'User-Agent': 'python-requests/2.32.5', 'Accept-Encoding': 'gzip, deflate', 'Accept': '*/*', 'Connection': 'keep-alive', 'X-Forwarded-For': '192.168.24.79', 'X-Instance-Id': '7b6237f1-4a10-4b0e-a643-3b3063fe19b4', 'X-Tenant-Id': '7943c02debc14d8ca85a3770c1986017', 'X-Instance-Id-Signature': '5f34163278592c729349e7c00f83517785c74271d327b2c2fb6ee5f95c01d089'} {{(pid=108447) __call__ /opt/stack/nova/nova/api/metadata/handler.py:109}}
Mar 26 01:11:40.610178 np0000160861 devstack@n-api-meta.service[108447]: DEBUG nova.api.metadata.handler [None req-d127f314-3623-48d2-809b-75ae8f5a621a None None] Using cached metadata for instance 7b6237f1-4a10-4b0e-a643-3b3063fe19b4 {{(pid=108447) get_metadata_by_instance_id /opt/stack/nova/nova/api/metadata/handler.py:84}}
Mar 26 01:11:40.610953 np0000160861 devstack@n-api-meta.service[108447]: [pid: 108447|app: 0|req: 3/10] 162.253.55.204 () {40 vars in 706 bytes} [Thu Mar 26 01:11:40 2026] GET /latest/meta-data/block-device-mapping/ami => generated 3 bytes in 3 msecs (HTTP/1.1 200) 3 headers in 98 bytes (1 switches on core 0)
Mar 26 01:11:40.617976 np0000160861 devstack@n-api-meta.service[108450]: DEBUG nova.api.metadata.handler [None req-a5c791f4-6f1a-455d-8222-f8d3872cf84a None None] Metadata request headers: {'Host': '162.253.55.204:8775', 'User-Agent': 'python-requests/2.32.5', 'Accept-Encoding': 'gzip, deflate', 'Accept': '*/*', 'Connection': 'keep-alive', 'X-Forwarded-For': '192.168.24.79', 'X-Instance-Id': '7b6237f1-4a10-4b0e-a643-3b3063fe19b4', 'X-Tenant-Id': '7943c02debc14d8ca85a3770c1986017', 'X-Instance-Id-Signature': '5f34163278592c729349e7c00f83517785c74271d327b2c2fb6ee5f95c01d089'} {{(pid=108450) __call__ /opt/stack/nova/nova/api/metadata/handler.py:109}}
Mar 26 01:11:40.620804 np0000160861 devstack@n-api-meta.service[108450]: DEBUG nova.api.metadata.handler [None req-a5c791f4-6f1a-455d-8222-f8d3872cf84a None None] Using cached metadata for instance 7b6237f1-4a10-4b0e-a643-3b3063fe19b4 {{(pid=108450) get_metadata_by_instance_id /opt/stack/nova/nova/api/metadata/handler.py:84}}
Mar 26 01:11:40.621447 np0000160861 devstack@n-api-meta.service[108450]: [pid: 108450|app: 0|req: 3/11] 162.253.55.204 () {40 vars in 708 bytes} [Thu Mar 26 01:11:40 2026] GET /latest/meta-data/block-device-mapping/root => generated 8 bytes in 4 msecs (HTTP/1.1 200) 3 headers in 98 bytes (1 switches on core 0)
Mar 26 01:11:40.628515 np0000160861 devstack@n-api-meta.service[108448]: DEBUG nova.api.metadata.handler [None req-ab75a0d9-ed66-40ea-8065-d3e3aef4bbc8 None None] Metadata request headers: {'Host': '162.253.55.204:8775', 'User-Agent': 'python-requests/2.32.5', 'Accept-Encoding': 'gzip, deflate', 'Accept': '*/*', 'Connection': 'keep-alive', 'X-Forwarded-For': '192.168.24.79', 'X-Instance-Id': '7b6237f1-4a10-4b0e-a643-3b3063fe19b4', 'X-Tenant-Id': '7943c02debc14d8ca85a3770c1986017', 'X-Instance-Id-Signature': '5f34163278592c729349e7c00f83517785c74271d327b2c2fb6ee5f95c01d089'} {{(pid=108448) __call__ /opt/stack/nova/nova/api/metadata/handler.py:109}}
Mar 26 01:11:40.631382 np0000160861 devstack@n-api-meta.service[108448]: DEBUG nova.api.metadata.handler [None req-ab75a0d9-ed66-40ea-8065-d3e3aef4bbc8 None None] Using cached metadata for instance 7b6237f1-4a10-4b0e-a643-3b3063fe19b4 {{(pid=108448) get_metadata_by_instance_id /opt/stack/nova/nova/api/metadata/handler.py:84}}
Mar 26 01:11:40.632279 np0000160861 devstack@n-api-meta.service[108448]: [pid: 108448|app: 0|req: 3/12] 162.253.55.204 () {40 vars in 678 bytes} [Thu Mar 26 01:11:40 2026] GET /latest/meta-data/placement/ => generated 17 bytes in 4 msecs (HTTP/1.1 200) 3 headers in 99 bytes (1 switches on core 0)
Mar 26 01:11:40.639180 np0000160861 devstack@n-api-meta.service[108449]: DEBUG nova.api.metadata.handler [None req-eda9629a-fdcf-4f02-8d2a-063129e96847 None None] Metadata request headers: {'Host': '162.253.55.204:8775', 'User-Agent': 'python-requests/2.32.5', 'Accept-Encoding': 'gzip, deflate', 'Accept': '*/*', 'Connection': 'keep-alive', 'X-Forwarded-For': '192.168.24.79', 'X-Instance-Id': '7b6237f1-4a10-4b0e-a643-3b3063fe19b4', 'X-Tenant-Id': '7943c02debc14d8ca85a3770c1986017', 'X-Instance-Id-Signature': '5f34163278592c729349e7c00f83517785c74271d327b2c2fb6ee5f95c01d089'} {{(pid=108449) __call__ /opt/stack/nova/nova/api/metadata/handler.py:109}}
Mar 26 01:11:40.641898 np0000160861 devstack@n-api-meta.service[108449]: DEBUG nova.api.metadata.handler [None req-eda9629a-fdcf-4f02-8d2a-063129e96847 None None] Using cached metadata for instance 7b6237f1-4a10-4b0e-a643-3b3063fe19b4 {{(pid=108449) get_metadata_by_instance_id /opt/stack/nova/nova/api/metadata/handler.py:84}}
Mar 26 01:11:40.642591 np0000160861 devstack@n-api-meta.service[108449]: [pid: 108449|app: 0|req: 4/13] 162.253.55.204 () {40 vars in 712 bytes} [Thu Mar 26 01:11:40 2026] GET /latest/meta-data/placement/availability-zone => generated 4 bytes in 4 msecs (HTTP/1.1 200) 3 headers in 98 bytes (1 switches on core 0)
Mar 26 01:11:40.651589 np0000160861 devstack@n-api-meta.service[108447]: DEBUG nova.api.metadata.handler [None req-d127f314-3623-48d2-809b-75ae8f5a621a None None] Metadata request headers: {'Host': '162.253.55.204:8775', 'User-Agent': 'python-requests/2.32.5', 'Accept-Encoding': 'gzip, deflate', 'Accept': '*/*', 'Connection': 'keep-alive', 'X-Forwarded-For': '192.168.24.79', 'X-Instance-Id': '7b6237f1-4a10-4b0e-a643-3b3063fe19b4', 'X-Tenant-Id': '7943c02debc14d8ca85a3770c1986017', 'X-Instance-Id-Signature': '5f34163278592c729349e7c00f83517785c74271d327b2c2fb6ee5f95c01d089'} {{(pid=108447) __call__ /opt/stack/nova/nova/api/metadata/handler.py:109}}
Mar 26 01:11:40.653866 np0000160861 devstack@n-api-meta.service[108447]: DEBUG nova.api.metadata.handler [None req-d127f314-3623-48d2-809b-75ae8f5a621a None None] Using cached metadata for instance 7b6237f1-4a10-4b0e-a643-3b3063fe19b4 {{(pid=108447) get_metadata_by_instance_id /opt/stack/nova/nova/api/metadata/handler.py:84}}
Mar 26 01:11:40.654386 np0000160861 devstack@n-api-meta.service[108447]: [pid: 108447|app: 0|req: 4/14] 162.253.55.204 () {40 vars in 670 bytes} [Thu Mar 26 01:11:40 2026] GET /latest/meta-data/ami-id => generated 12 bytes in 3 msecs (HTTP/1.1 200) 3 headers in 99 bytes (1 switches on core 0)
Mar 26 01:11:40.660687 np0000160861 devstack@n-api-meta.service[108450]: DEBUG nova.api.metadata.handler [None req-a5c791f4-6f1a-455d-8222-f8d3872cf84a None None] Metadata request headers: {'Host': '162.253.55.204:8775', 'User-Agent': 'python-requests/2.32.5', 'Accept-Encoding': 'gzip, deflate', 'Accept': '*/*', 'Connection': 'keep-alive', 'X-Forwarded-For': '192.168.24.79', 'X-Instance-Id': '7b6237f1-4a10-4b0e-a643-3b3063fe19b4', 'X-Tenant-Id': '7943c02debc14d8ca85a3770c1986017', 'X-Instance-Id-Signature': '5f34163278592c729349e7c00f83517785c74271d327b2c2fb6ee5f95c01d089'} {{(pid=108450) __call__ /opt/stack/nova/nova/api/metadata/handler.py:109}}
Mar 26 01:11:40.663540 np0000160861 devstack@n-api-meta.service[108450]: DEBUG nova.api.metadata.handler [None req-a5c791f4-6f1a-455d-8222-f8d3872cf84a None None] Using cached metadata for instance 7b6237f1-4a10-4b0e-a643-3b3063fe19b4 {{(pid=108450) get_metadata_by_instance_id /opt/stack/nova/nova/api/metadata/handler.py:84}}
Mar 26 01:11:40.664216 np0000160861 devstack@n-api-meta.service[108450]: [pid: 108450|app: 0|req: 4/15] 162.253.55.204 () {40 vars in 690 bytes} [Thu Mar 26 01:11:40 2026] GET /latest/meta-data/ami-launch-index => generated 1 bytes in 4 msecs (HTTP/1.1 200) 3 headers in 98 bytes (1 switches on core 0)
Mar 26 01:11:40.671693 np0000160861 devstack@n-api-meta.service[108448]: DEBUG nova.api.metadata.handler [None req-ab75a0d9-ed66-40ea-8065-d3e3aef4bbc8 None None] Metadata request headers: {'Host': '162.253.55.204:8775', 'User-Agent': 'python-requests/2.32.5', 'Accept-Encoding': 'gzip, deflate', 'Accept': '*/*', 'Connection': 'keep-alive', 'X-Forwarded-For': '192.168.24.79', 'X-Instance-Id': '7b6237f1-4a10-4b0e-a643-3b3063fe19b4', 'X-Tenant-Id': '7943c02debc14d8ca85a3770c1986017', 'X-Instance-Id-Signature': '5f34163278592c729349e7c00f83517785c74271d327b2c2fb6ee5f95c01d089'} {{(pid=108448) __call__ /opt/stack/nova/nova/api/metadata/handler.py:109}}
Mar 26 01:11:40.674835 np0000160861 devstack@n-api-meta.service[108448]: DEBUG nova.api.metadata.handler [None req-ab75a0d9-ed66-40ea-8065-d3e3aef4bbc8 None None] Using cached metadata for instance 7b6237f1-4a10-4b0e-a643-3b3063fe19b4 {{(pid=108448) get_metadata_by_instance_id /opt/stack/nova/nova/api/metadata/handler.py:84}}
Mar 26 01:11:40.675901 np0000160861 devstack@n-api-meta.service[108448]: [pid: 108448|app: 0|req: 4/16] 162.253.55.204 () {40 vars in 692 bytes} [Thu Mar 26 01:11:40 2026] GET /latest/meta-data/ami-manifest-path => generated 5 bytes in 5 msecs (HTTP/1.1 200) 3 headers in 98 bytes (1 switches on core 0)
Mar 26 01:11:40.684287 np0000160861 devstack@n-api-meta.service[108449]: DEBUG nova.api.metadata.handler [None req-eda9629a-fdcf-4f02-8d2a-063129e96847 None None] Metadata request headers: {'Host': '162.253.55.204:8775', 'User-Agent': 'python-requests/2.32.5', 'Accept-Encoding': 'gzip, deflate', 'Accept': '*/*', 'Connection': 'keep-alive', 'X-Forwarded-For': '192.168.24.79', 'X-Instance-Id': '7b6237f1-4a10-4b0e-a643-3b3063fe19b4', 'X-Tenant-Id': '7943c02debc14d8ca85a3770c1986017', 'X-Instance-Id-Signature': '5f34163278592c729349e7c00f83517785c74271d327b2c2fb6ee5f95c01d089'} {{(pid=108449) __call__ /opt/stack/nova/nova/api/metadata/handler.py:109}}
Mar 26 01:11:40.687404 np0000160861 devstack@n-api-meta.service[108449]: DEBUG nova.api.metadata.handler [None req-eda9629a-fdcf-4f02-8d2a-063129e96847 None None] Using cached metadata for instance 7b6237f1-4a10-4b0e-a643-3b3063fe19b4 {{(pid=108449) get_metadata_by_instance_id /opt/stack/nova/nova/api/metadata/handler.py:84}}
Mar 26 01:11:40.688072 np0000160861 devstack@n-api-meta.service[108449]: [pid: 108449|app: 0|req: 5/17] 162.253.55.204 () {40 vars in 674 bytes} [Thu Mar 26 01:11:40 2026] GET /latest/meta-data/hostname => generated 32 bytes in 4 msecs (HTTP/1.1 200) 3 headers in 99 bytes (1 switches on core 0)
Mar 26 01:11:40.695360 np0000160861 devstack@n-api-meta.service[108447]: DEBUG nova.api.metadata.handler [None req-d127f314-3623-48d2-809b-75ae8f5a621a None None] Metadata request headers: {'Host': '162.253.55.204:8775', 'User-Agent': 'python-requests/2.32.5', 'Accept-Encoding': 'gzip, deflate', 'Accept': '*/*', 'Connection': 'keep-alive', 'X-Forwarded-For': '192.168.24.79', 'X-Instance-Id': '7b6237f1-4a10-4b0e-a643-3b3063fe19b4', 'X-Tenant-Id': '7943c02debc14d8ca85a3770c1986017', 'X-Instance-Id-Signature': '5f34163278592c729349e7c00f83517785c74271d327b2c2fb6ee5f95c01d089'} {{(pid=108447) __call__ /opt/stack/nova/nova/api/metadata/handler.py:109}}
Mar 26 01:11:40.697580 np0000160861 devstack@n-api-meta.service[108447]: DEBUG nova.api.metadata.handler [None req-d127f314-3623-48d2-809b-75ae8f5a621a None None] Using cached metadata for instance 7b6237f1-4a10-4b0e-a643-3b3063fe19b4 {{(pid=108447) get_metadata_by_instance_id /opt/stack/nova/nova/api/metadata/handler.py:84}}
Mar 26 01:11:40.698019 np0000160861 devstack@n-api-meta.service[108447]: [pid: 108447|app: 0|req: 5/18] 162.253.55.204 () {40 vars in 688 bytes} [Thu Mar 26 01:11:40 2026] GET /latest/meta-data/instance-action => generated 4 bytes in 3 msecs (HTTP/1.1 200) 3 headers in 98 bytes (1 switches on core 0)
Mar 26 01:11:40.703871 np0000160861 devstack@n-api-meta.service[108450]: DEBUG nova.api.metadata.handler [None req-a5c791f4-6f1a-455d-8222-f8d3872cf84a None None] Metadata request headers: {'Host': '162.253.55.204:8775', 'User-Agent': 'python-requests/2.32.5', 'Accept-Encoding': 'gzip, deflate', 'Accept': '*/*', 'Connection': 'keep-alive', 'X-Forwarded-For': '192.168.24.79', 'X-Instance-Id': '7b6237f1-4a10-4b0e-a643-3b3063fe19b4', 'X-Tenant-Id': '7943c02debc14d8ca85a3770c1986017', 'X-Instance-Id-Signature': '5f34163278592c729349e7c00f83517785c74271d327b2c2fb6ee5f95c01d089'} {{(pid=108450) __call__ /opt/stack/nova/nova/api/metadata/handler.py:109}}
Mar 26 01:11:40.705768 np0000160861 devstack@n-api-meta.service[108450]: DEBUG nova.api.metadata.handler [None req-a5c791f4-6f1a-455d-8222-f8d3872cf84a None None] Using cached metadata for instance 7b6237f1-4a10-4b0e-a643-3b3063fe19b4 {{(pid=108450) get_metadata_by_instance_id /opt/stack/nova/nova/api/metadata/handler.py:84}}
Mar 26 01:11:40.706215 np0000160861 devstack@n-api-meta.service[108450]: [pid: 108450|app: 0|req: 5/19] 162.253.55.204 () {40 vars in 680 bytes} [Thu Mar 26 01:11:40 2026] GET /latest/meta-data/instance-id => generated 10 bytes in 3 msecs (HTTP/1.1 200) 3 headers in 99 bytes (1 switches on core 0)
Mar 26 01:11:40.715169 np0000160861 devstack@n-api-meta.service[108448]: DEBUG nova.api.metadata.handler [None req-ab75a0d9-ed66-40ea-8065-d3e3aef4bbc8 None None] Metadata request headers: {'Host': '162.253.55.204:8775', 'User-Agent': 'python-requests/2.32.5', 'Accept-Encoding': 'gzip, deflate', 'Accept': '*/*', 'Connection': 'keep-alive', 'X-Forwarded-For': '192.168.24.79', 'X-Instance-Id': '7b6237f1-4a10-4b0e-a643-3b3063fe19b4', 'X-Tenant-Id': '7943c02debc14d8ca85a3770c1986017', 'X-Instance-Id-Signature': '5f34163278592c729349e7c00f83517785c74271d327b2c2fb6ee5f95c01d089'} {{(pid=108448) __call__ /opt/stack/nova/nova/api/metadata/handler.py:109}}
Mar 26 01:11:40.719034 np0000160861 devstack@n-api-meta.service[108448]: DEBUG nova.api.metadata.handler [None req-ab75a0d9-ed66-40ea-8065-d3e3aef4bbc8 None None] Using cached metadata for instance 7b6237f1-4a10-4b0e-a643-3b3063fe19b4 {{(pid=108448) get_metadata_by_instance_id /opt/stack/nova/nova/api/metadata/handler.py:84}}
Mar 26 01:11:40.719533 np0000160861 devstack@n-api-meta.service[108448]: [pid: 108448|app: 0|req: 5/20] 162.253.55.204 () {40 vars in 684 bytes} [Thu Mar 26 01:11:40 2026] GET /latest/meta-data/instance-type => generated 8 bytes in 5 msecs (HTTP/1.1 200) 3 headers in 98 bytes (1 switches on core 0)
Mar 26 01:11:40.730635 np0000160861 devstack@n-api-meta.service[108449]: DEBUG nova.api.metadata.handler [None req-eda9629a-fdcf-4f02-8d2a-063129e96847 None None] Metadata request headers: {'Host': '162.253.55.204:8775', 'User-Agent': 'python-requests/2.32.5', 'Accept-Encoding': 'gzip, deflate', 'Accept': '*/*', 'Connection': 'keep-alive', 'X-Forwarded-For': '192.168.24.79', 'X-Instance-Id': '7b6237f1-4a10-4b0e-a643-3b3063fe19b4', 'X-Tenant-Id': '7943c02debc14d8ca85a3770c1986017', 'X-Instance-Id-Signature': '5f34163278592c729349e7c00f83517785c74271d327b2c2fb6ee5f95c01d089'} {{(pid=108449) __call__ /opt/stack/nova/nova/api/metadata/handler.py:109}}
Mar 26 01:11:40.732803 np0000160861 devstack@n-api-meta.service[108449]: DEBUG nova.api.metadata.handler [None req-eda9629a-fdcf-4f02-8d2a-063129e96847 None None] Using cached metadata for instance 7b6237f1-4a10-4b0e-a643-3b3063fe19b4 {{(pid=108449) get_metadata_by_instance_id /opt/stack/nova/nova/api/metadata/handler.py:84}}
Mar 26 01:11:40.733353 np0000160861 devstack@n-api-meta.service[108449]: [pid: 108449|app: 0|req: 6/21] 162.253.55.204 () {40 vars in 686 bytes} [Thu Mar 26 01:11:40 2026] GET /latest/meta-data/local-hostname => generated 32 bytes in 3 msecs (HTTP/1.1 200) 3 headers in 99 bytes (1 switches on core 0)
Mar 26 01:11:40.741930 np0000160861 devstack@n-api-meta.service[108447]: DEBUG nova.api.metadata.handler [None req-d127f314-3623-48d2-809b-75ae8f5a621a None None] Metadata request headers: {'Host': '162.253.55.204:8775', 'User-Agent': 'python-requests/2.32.5', 'Accept-Encoding': 'gzip, deflate', 'Accept': '*/*', 'Connection': 'keep-alive', 'X-Forwarded-For': '192.168.24.79', 'X-Instance-Id': '7b6237f1-4a10-4b0e-a643-3b3063fe19b4', 'X-Tenant-Id': '7943c02debc14d8ca85a3770c1986017', 'X-Instance-Id-Signature': '5f34163278592c729349e7c00f83517785c74271d327b2c2fb6ee5f95c01d089'} {{(pid=108447) __call__ /opt/stack/nova/nova/api/metadata/handler.py:109}}
Mar 26 01:11:40.745212 np0000160861 devstack@n-api-meta.service[108447]: DEBUG nova.api.metadata.handler [None req-d127f314-3623-48d2-809b-75ae8f5a621a None None] Using cached metadata for instance 7b6237f1-4a10-4b0e-a643-3b3063fe19b4 {{(pid=108447) get_metadata_by_instance_id /opt/stack/nova/nova/api/metadata/handler.py:84}}
Mar 26 01:11:40.746311 np0000160861 devstack@n-api-meta.service[108447]: [pid: 108447|app: 0|req: 6/22] 162.253.55.204 () {40 vars in 676 bytes} [Thu Mar 26 01:11:40 2026] GET /latest/meta-data/local-ipv4 => generated 13 bytes in 5 msecs (HTTP/1.1 200) 3 headers in 99 bytes (1 switches on core 0)
Mar 26 01:11:40.754135 np0000160861 devstack@n-api-meta.service[108450]: DEBUG nova.api.metadata.handler [None req-a5c791f4-6f1a-455d-8222-f8d3872cf84a None None] Metadata request headers: {'Host': '162.253.55.204:8775', 'User-Agent': 'python-requests/2.32.5', 'Accept-Encoding': 'gzip, deflate', 'Accept': '*/*', 'Connection': 'keep-alive', 'X-Forwarded-For': '192.168.24.79', 'X-Instance-Id': '7b6237f1-4a10-4b0e-a643-3b3063fe19b4', 'X-Tenant-Id': '7943c02debc14d8ca85a3770c1986017', 'X-Instance-Id-Signature': '5f34163278592c729349e7c00f83517785c74271d327b2c2fb6ee5f95c01d089'} {{(pid=108450) __call__ /opt/stack/nova/nova/api/metadata/handler.py:109}}
Mar 26 01:11:40.757116 np0000160861 devstack@n-api-meta.service[108450]: DEBUG nova.api.metadata.handler [None req-a5c791f4-6f1a-455d-8222-f8d3872cf84a None None] Using cached metadata for instance 7b6237f1-4a10-4b0e-a643-3b3063fe19b4 {{(pid=108450) get_metadata_by_instance_id /opt/stack/nova/nova/api/metadata/handler.py:84}}
