+ COMMAND=start + start + for KEYSTONE_WSGI_SCRIPT in keystone-wsgi-public ++ type -p keystone-wsgi-public + cp -a /var/lib/openstack/bin/keystone-wsgi-public /var/www/cgi-bin/keystone/ + '[' -f /etc/apache2/envvars ']' + source /etc/apache2/envvars ++ unset HOME ++ '[' '' '!=' '' ']' ++ SUFFIX= ++ export APACHE_RUN_USER=www-data ++ APACHE_RUN_USER=www-data ++ export APACHE_RUN_GROUP=www-data ++ APACHE_RUN_GROUP=www-data ++ export APACHE_PID_FILE=/var/run/apache2/apache2.pid ++ APACHE_PID_FILE=/var/run/apache2/apache2.pid ++ export APACHE_RUN_DIR=/var/run/apache2 ++ APACHE_RUN_DIR=/var/run/apache2 ++ export APACHE_LOCK_DIR=/var/lock/apache2 ++ APACHE_LOCK_DIR=/var/lock/apache2 ++ export APACHE_LOG_DIR=/var/log/apache2 ++ APACHE_LOG_DIR=/var/log/apache2 ++ export LANG=C ++ LANG=C ++ export LANG + '[' -f /var/run/apache2/apache2.pid ']' + exec apache2 -DFOREGROUND AH00558: apache2: Could not reliably determine the server's fully qualified domain name, using 10.0.0.109. Set the 'ServerName' directive globally to suppress this message AH00558: apache2: Could not reliably determine the server's fully qualified domain name, using 10.0.0.109. Set the 'ServerName' directive globally to suppress this message
[Wed Jun 03 22:00:25.390549 2026] [mpm_event:notice] [pid 1:tid 140303050483584] AH00489: Apache/2.4.58 (Ubuntu) mod_wsgi/5.0.0 Python/3.12 configured -- resuming normal operations
[Wed Jun 03 22:00:25.390696 2026] [core:notice] [pid 1:tid 140303050483584] AH00094: Command line: 'apache2 -D FOREGROUND'
[Wed Jun 03 22:01:23.091780 2026] [wsgi:error] [pid 12:tid 140302412662464] /var/lib/openstack/lib/python3.12/site-packages/oslo_utils/importutils.py:77: EventletDeprecationWarning:
[Wed Jun 03 22:01:23.091819 2026] [wsgi:error] [pid 12:tid 140302412662464] Eventlet is deprecated. It is currently being maintained in bugfix mode, and
[Wed Jun 03 22:01:23.091821 2026] [wsgi:error] [pid 12:tid 140302412662464] we strongly recommend against using it for new projects.
[Wed Jun 03 22:01:23.091822 2026] [wsgi:error] [pid 12:tid 140302412662464]
[Wed Jun 03 22:01:23.091823 2026] [wsgi:error] [pid 12:tid 140302412662464] If you are already using Eventlet, we recommend migrating to a different
[Wed Jun 03 22:01:23.091824 2026] [wsgi:error] [pid 12:tid 140302412662464] framework. For more detail see
[Wed Jun 03 22:01:23.091826 2026] [wsgi:error] [pid 12:tid 140302412662464] https://eventlet.readthedocs.io/en/latest/asyncio/migration.html
[Wed Jun 03 22:01:23.091827 2026] [wsgi:error] [pid 12:tid 140302412662464]
[Wed Jun 03 22:01:23.091828 2026] [wsgi:error] [pid 12:tid 140302412662464] __import__(import_str)
[Wed Jun 03 22:01:23.116673 2026] [wsgi:error] [pid 10:tid 140302412662464] /var/lib/openstack/lib/python3.12/site-packages/oslo_utils/importutils.py:77: EventletDeprecationWarning:
[Wed Jun 03 22:01:23.116805 2026] [wsgi:error] [pid 10:tid 140302412662464] Eventlet is deprecated. It is currently being maintained in bugfix mode, and
[Wed Jun 03 22:01:23.116820 2026] [wsgi:error] [pid 10:tid 140302412662464] we strongly recommend against using it for new projects.
[Wed Jun 03 22:01:23.116831 2026] [wsgi:error] [pid 10:tid 140302412662464]
[Wed Jun 03 22:01:23.116841 2026] [wsgi:error] [pid 10:tid 140302412662464] If you are already using Eventlet, we recommend migrating to a different
[Wed Jun 03 22:01:23.116852 2026] [wsgi:error] [pid 10:tid 140302412662464] framework. For more detail see
[Wed Jun 03 22:01:23.116861 2026] [wsgi:error] [pid 10:tid 140302412662464] https://eventlet.readthedocs.io/en/latest/asyncio/migration.html
[Wed Jun 03 22:01:23.116872 2026] [wsgi:error] [pid 10:tid 140302412662464]
[Wed Jun 03 22:01:23.116882 2026] [wsgi:error] [pid 10:tid 140302412662464] __import__(import_str) 10.0.0.51 - - [03/Jun/2026:22:01:22 +0000] "GET /v3/ HTTP/1.1" 200 250 10.0.0.51 - - [03/Jun/2026:22:01:22 +0000] "GET /v3/ HTTP/1.1" 200 250
[Wed Jun 03 22:01:36.239679 2026] [wsgi:error] [pid 9:tid 140302412662464] /var/lib/openstack/lib/python3.12/site-packages/oslo_utils/importutils.py:77: EventletDeprecationWarning:
[Wed Jun 03 22:01:36.239739 2026] [wsgi:error] [pid 9:tid 140302412662464] Eventlet is deprecated. It is currently being maintained in bugfix mode, and
[Wed Jun 03 22:01:36.239741 2026] [wsgi:error] [pid 9:tid 140302412662464] we strongly recommend against using it for new projects.
[Wed Jun 03 22:01:36.239743 2026] [wsgi:error] [pid 9:tid 140302412662464]
[Wed Jun 03 22:01:36.239744 2026] [wsgi:error] [pid 9:tid 140302412662464] If you are already using Eventlet, we recommend migrating to a different
[Wed Jun 03 22:01:36.239745 2026] [wsgi:error] [pid 9:tid 140302412662464] framework. For more detail see
[Wed Jun 03 22:01:36.239746 2026] [wsgi:error] [pid 9:tid 140302412662464] https://eventlet.readthedocs.io/en/latest/asyncio/migration.html
[Wed Jun 03 22:01:36.239748 2026] [wsgi:error] [pid 9:tid 140302412662464]
[Wed Jun 03 22:01:36.239749 2026] [wsgi:error] [pid 9:tid 140302412662464] __import__(import_str) 10.0.0.172 - - [03/Jun/2026:22:01:35 +0000] "GET / HTTP/1.1" 300 295
[Wed Jun 03 22:01:41.725888 2026] [wsgi:error] [pid 11:tid 140302412662464] /var/lib/openstack/lib/python3.12/site-packages/oslo_utils/importutils.py:77: EventletDeprecationWarning:
[Wed Jun 03 22:01:41.725925 2026] [wsgi:error] [pid 11:tid 140302412662464] Eventlet is deprecated. It is currently being maintained in bugfix mode, and
[Wed Jun 03 22:01:41.725927 2026] [wsgi:error] [pid 11:tid 140302412662464] we strongly recommend against using it for new projects.
[Wed Jun 03 22:01:41.725928 2026] [wsgi:error] [pid 11:tid 140302412662464]
[Wed Jun 03 22:01:41.725930 2026] [wsgi:error] [pid 11:tid 140302412662464] If you are already using Eventlet, we recommend migrating to a different
[Wed Jun 03 22:01:41.725931 2026] [wsgi:error] [pid 11:tid 140302412662464] framework. For more detail see
[Wed Jun 03 22:01:41.725932 2026] [wsgi:error] [pid 11:tid 140302412662464] https://eventlet.readthedocs.io/en/latest/asyncio/migration.html
[Wed Jun 03 22:01:41.725933 2026] [wsgi:error] [pid 11:tid 140302412662464]
[Wed Jun 03 22:01:41.725934 2026] [wsgi:error] [pid 11:tid 140302412662464] __import__(import_str)
[Wed Jun 03 22:01:46.512983 2026] [wsgi:error] [pid 11:tid 140302412662464] [remote 10.0.0.172:42288] 2026-06-03 22:01:46.509 11 WARNING keystone.identity.core [None req-f0f21343-d426-4aee-b054-e1cea44ead90 - - - - - -] Invalid domain name (atmosphere) found in config file name: keystone.exception.DomainNotFound: Could not find domain: atmosphere.
[Wed Jun 03 22:01:46.567861 2026] [wsgi:error] [pid 11:tid 140302412662464] [remote 10.0.0.172:42288] 2026-06-03 22:01:46.567 11 WARNING keystone.common.password_hashing [None req-f0f21343-d426-4aee-b054-e1cea44ead90 - - - - - -] Truncating password to algorithm specific maximum length 72 characters.
[Wed Jun 03 22:01:46.867506 2026] [wsgi:error] [pid 11:tid 140302412662464] [remote 10.0.0.172:42288] 2026-06-03 22:01:46.867 11 WARNING keystone.common.fernet_utils [None req-f0f21343-d426-4aee-b054-e1cea44ead90 - - - - - -] key_repository is world readable: /etc/keystone/fernet-keys/ 10.0.0.172 - - [03/Jun/2026:22:01:40 +0000] "POST /v3/auth/tokens HTTP/1.1" 201 1360
[Wed Jun 03 22:01:47.240905 2026] [wsgi:error] [pid 12:tid 140302412662464] [remote 10.0.0.172:42288] 2026-06-03 22:01:47.238 12 WARNING keystone.identity.core [None req-4a4b9f57-6e02-4ef2-a583-ad578241039a - - - - - -] Invalid domain name (atmosphere) found in config file name: keystone.exception.DomainNotFound: Could not find domain: atmosphere. 10.0.0.172 - - [03/Jun/2026:22:01:47 +0000] "POST /v3/domains HTTP/1.1" 201 261 10.0.0.166 - - [03/Jun/2026:22:01:59 +0000] "GET / HTTP/1.1" 300 295
[Wed Jun 03 22:02:00.014531 2026] [wsgi:error] [pid 9:tid 140302412662464] [remote 10.0.0.166:34836] 2026-06-03 22:02:00.013 9 WARNING keystone.common.password_hashing [None req-670969e1-6890-4b3e-b96a-d61ba70788e8 - - - - - -] Truncating password to algorithm specific maximum length 72 characters.
[Wed Jun 03 22:02:00.298611 2026] [wsgi:error] [pid 9:tid 140302412662464] [remote 10.0.0.166:34836] 2026-06-03 22:02:00.297 9 WARNING keystone.common.fernet_utils [None req-670969e1-6890-4b3e-b96a-d61ba70788e8 - - - - - -] key_repository is world readable: /etc/keystone/fernet-keys/ 10.0.0.166 - - [03/Jun/2026:22:01:59 +0000] "POST /v3/auth/tokens HTTP/1.1" 201 1360 10.0.0.166 - - [03/Jun/2026:22:02:00 +0000] "GET /v3/roles/admin HTTP/1.1" 404 83
[Wed Jun 03 22:02:00.570549 2026] [wsgi:error] [pid 12:tid 140302412662464] [remote 10.0.0.166:34836] 2026-06-03 22:02:00.570 12 WARNING keystone.common.rbac_enforcer.enforcer [None req-ffdbed17-29da-49c6-9be6-5f2a7d22a7dd ee3d88b352594d10b4139e2674f6d7ba 599c90a5b98446a692593054ad39aaf9 - - default default] Deprecated policy rules found. Use oslopolicy-policy-generator and oslopolicy-policy-upgrade to detect and resolve deprecated policies in your configuration. 10.0.0.166 - - [03/Jun/2026:22:02:00 +0000] "GET /v3/roles?name=admin HTTP/1.1" 200 389
[Wed Jun 03 22:02:01.145909 2026] [wsgi:error] [pid 10:tid 140302412662464] [remote 10.0.0.166:34836] 2026-06-03 22:02:01.145 10 WARNING keystone.common.rbac_enforcer.enforcer [None req-41309593-658c-46ca-842d-13cfd1b1c394 ee3d88b352594d10b4139e2674f6d7ba 599c90a5b98446a692593054ad39aaf9 - - default default] Deprecated policy rules found. Use oslopolicy-policy-generator and oslopolicy-policy-upgrade to detect and resolve deprecated policies in your configuration. 10.0.0.166 - - [03/Jun/2026:22:02:00 +0000] "GET /v3/users/admin-RegionOne HTTP/1.1" 404 93
[Wed Jun 03 22:02:01.333543 2026] [wsgi:error] [pid 9:tid 140302412662464] [remote 10.0.0.166:34836] 2026-06-03 22:02:01.333 9 WARNING keystone.common.rbac_enforcer.enforcer [None req-e9620eae-abf5-4bed-835f-0525e40cea77 ee3d88b352594d10b4139e2674f6d7ba 599c90a5b98446a692593054ad39aaf9 - - default default] Deprecated policy rules found. Use oslopolicy-policy-generator and oslopolicy-policy-upgrade to detect and resolve deprecated policies in your configuration. 10.0.0.166 - - [03/Jun/2026:22:02:01 +0000] "GET /v3/users?name=admin-RegionOne HTTP/1.1" 200 422
[Wed Jun 03 22:02:01.523074 2026] [wsgi:error] [pid 11:tid 140302412662464] [remote 10.0.0.166:34836] 2026-06-03 22:02:01.522 11 WARNING keystone.common.rbac_enforcer.enforcer [None req-858e7a49-bb38-437e-9705-9f3f9d2dba39 ee3d88b352594d10b4139e2674f6d7ba 599c90a5b98446a692593054ad39aaf9 - - default default] Deprecated policy rules found. Use oslopolicy-policy-generator and oslopolicy-policy-upgrade to detect and resolve deprecated policies in your configuration. 10.0.0.166 - - [03/Jun/2026:22:02:01 +0000] "GET /v3/domains/default HTTP/1.1" 200 224 10.0.0.166 - - [03/Jun/2026:22:02:01 +0000] "PUT /v3/domains/default/users/ee3d88b352594d10b4139e2674f6d7ba/roles/3cde01693ccc4be595e842db5efc781a HTTP/1.1" 204 - 10.0.0.51 - - [03/Jun/2026:22:02:12 +0000] "GET / HTTP/1.1" 300 281 10.0.0.51 - - [03/Jun/2026:22:02:13 +0000] "GET /v3 HTTP/1.1" 200 266
[Wed Jun 03 22:02:13.986950 2026] [wsgi:error] [pid 11:tid 140302412662464] [remote 10.0.0.51:57048] 2026-06-03 22:02:13.986 11 WARNING keystone.common.password_hashing [None req-0e61e73f-4950-4092-85c1-802ea6847f8d - - - - - -] Truncating password to algorithm specific maximum length 72 characters.
[Wed Jun 03 22:02:14.259591 2026] [wsgi:error] [pid 11:tid 140302412662464] [remote 10.0.0.51:57048] 2026-06-03 22:02:14.259 11 WARNING keystone.common.fernet_utils [None req-0e61e73f-4950-4092-85c1-802ea6847f8d - - - - - -] key_repository is world readable: /etc/keystone/fernet-keys/ 10.0.0.51 - - [03/Jun/2026:22:02:13 +0000] "POST /v3/auth/tokens HTTP/1.1" 201 1360 10.0.0.51 - - [03/Jun/2026:22:02:14 +0000] "GET / HTTP/1.1" 300 281 10.0.0.51 - - [03/Jun/2026:22:02:14 +0000] "GET /v3/domains/atmosphere HTTP/1.1" 404 90 10.0.0.51 - - [03/Jun/2026:22:02:14 +0000] "GET /v3/domains?name=atmosphere HTTP/1.1" 200 370 10.0.0.51 - - [03/Jun/2026:22:02:14 +0000] "GET /v3/domains/98c2af920d5247d0a8306bb928993e1c HTTP/1.1" 200 247 10.0.0.51 - - [03/Jun/2026:22:02:15 +0000] "GET /v3 HTTP/1.1" 200 266
[Wed Jun 03 22:02:15.457763 2026] [wsgi:error] [pid 10:tid 140302412662464] [remote 10.0.0.51:57064] 2026-06-03 22:02:15.457 10 WARNING keystone.common.password_hashing [None req-7e77be2f-fa4d-46c1-885a-4596c2eed698 - - - - - -] Truncating password to algorithm specific maximum length 72 characters.
[Wed Jun 03 22:02:15.738757 2026] [wsgi:error] [pid 10:tid 140302412662464] [remote 10.0.0.51:57064] 2026-06-03 22:02:15.738 10 WARNING keystone.common.fernet_utils [None req-7e77be2f-fa4d-46c1-885a-4596c2eed698 - - - - - -] key_repository is world readable: /etc/keystone/fernet-keys/ 10.0.0.51 - - [03/Jun/2026:22:02:15 +0000] "POST /v3/auth/tokens HTTP/1.1" 201 1360 10.0.0.51 - - [03/Jun/2026:22:02:15 +0000] "GET / HTTP/1.1" 300 281 10.0.0.51 - - [03/Jun/2026:22:02:15 +0000] "GET /v3/OS-FEDERATION/identity_providers/atmosphere HTTP/1.1" 404 101 10.0.0.51 - - [03/Jun/2026:22:02:15 +0000] "GET /v3/OS-FEDERATION/identity_providers HTTP/1.1" 200 156 10.0.0.51 - - [03/Jun/2026:22:02:15 +0000] "PUT /v3/OS-FEDERATION/identity_providers/atmosphere HTTP/1.1" 201 342 10.0.0.51 - - [03/Jun/2026:22:02:16 +0000] "GET /v3 HTTP/1.1" 200 266
[Wed Jun 03 22:02:16.648891 2026] [wsgi:error] [pid 11:tid 140302412662464] [remote 10.0.0.51:57048] 2026-06-03 22:02:16.648 11 WARNING keystone.common.password_hashing [None req-b16e40d0-7735-477b-864e-8d861c53d353 - - - - - -] Truncating password to algorithm specific maximum length 72 characters.
[Wed Jun 03 22:02:16.930899 2026] [wsgi:error] [pid 11:tid 140302412662464] [remote 10.0.0.51:57048] 2026-06-03 22:02:16.930 11 WARNING keystone.common.fernet_utils [None req-b16e40d0-7735-477b-864e-8d861c53d353 - - - - - -] key_repository is world readable: /etc/keystone/fernet-keys/ 10.0.0.51 - - [03/Jun/2026:22:02:16 +0000] "POST /v3/auth/tokens HTTP/1.1" 201 1360 10.0.0.51 - - [03/Jun/2026:22:02:16 +0000] "GET / HTTP/1.1" 300 281 10.0.0.51 - - [03/Jun/2026:22:02:16 +0000] "GET /v3/OS-FEDERATION/mappings/atmosphere-openid HTTP/1.1" 404 98 10.0.0.51 - - [03/Jun/2026:22:02:16 +0000] "GET /v3/OS-FEDERATION/mappings HTTP/1.1" 200 136 10.0.0.51 - - [03/Jun/2026:22:02:16 +0000] "PUT /v3/OS-FEDERATION/mappings/atmosphere-openid HTTP/1.1" 201 357 10.0.0.51 - - [03/Jun/2026:22:02:17 +0000] "GET /v3 HTTP/1.1" 200 266
[Wed Jun 03 22:02:17.800322 2026] [wsgi:error] [pid 10:tid 140302412662464] [remote 10.0.0.51:57048] 2026-06-03 22:02:17.800 10 WARNING keystone.common.password_hashing [None req-e1b36df9-0cab-4574-8f15-a9ea906b6031 - - - - - -] Truncating password to algorithm specific maximum length 72 characters.
[Wed Jun 03 22:02:18.072041 2026] [wsgi:error] [pid 10:tid 140302412662464] [remote 10.0.0.51:57048] 2026-06-03 22:02:18.071 10 WARNING keystone.common.fernet_utils [None req-e1b36df9-0cab-4574-8f15-a9ea906b6031 - - - - - -] key_repository is world readable: /etc/keystone/fernet-keys/ 10.0.0.51 - - [03/Jun/2026:22:02:17 +0000] "POST /v3/auth/tokens HTTP/1.1" 201 1360 10.0.0.51 - - [03/Jun/2026:22:02:18 +0000] "GET / HTTP/1.1" 300 281 10.0.0.51 - - [03/Jun/2026:22:02:18 +0000] "GET /v3/OS-FEDERATION/identity_providers/atmosphere/protocols/openid?idp_id=atmosphere HTTP/1.1" 404 131 10.0.0.51 - - [03/Jun/2026:22:02:18 +0000] "GET /v3/OS-FEDERATION/identity_providers/atmosphere/protocols HTTP/1.1" 200 168 10.0.0.51 - - [03/Jun/2026:22:02:18 +0000] "PUT /v3/OS-FEDERATION/identity_providers/atmosphere/protocols/openid HTTP/1.1" 201 224 10.0.0.51 - - [03/Jun/2026:22:02:22 +0000] "GET /v3/ HTTP/1.1" 200 250 10.0.0.51 - - [03/Jun/2026:22:02:22 +0000] "GET /v3/ HTTP/1.1" 200 250 10.0.0.51 - - [03/Jun/2026:22:03:22 +0000] "GET /v3/ HTTP/1.1" 200 250 10.0.0.51 - - [03/Jun/2026:22:03:22 +0000] "GET /v3/ HTTP/1.1" 200 250 10.0.0.136 - - [03/Jun/2026:22:03:43 +0000] "GET / HTTP/1.1" 300 295
[Wed Jun 03 22:03:43.693211 2026] [wsgi:error] [pid 11:tid 140302412662464] [remote 10.0.0.136:52014] 2026-06-03 22:03:43.692 11 WARNING keystone.common.password_hashing [None req-df24f0c5-e82a-4166-9587-fd4f70579e74 - - - - - -] Truncating password to algorithm specific maximum length 72 characters.
[Wed Jun 03 22:03:43.974659 2026] [wsgi:error] [pid 11:tid 140302412662464] [remote 10.0.0.136:52014] 2026-06-03 22:03:43.974 11 WARNING keystone.common.fernet_utils [None req-df24f0c5-e82a-4166-9587-fd4f70579e74 - - - - - -] key_repository is world readable: /etc/keystone/fernet-keys/ 10.0.0.136 - - [03/Jun/2026:22:03:43 +0000] "POST /v3/auth/tokens HTTP/1.1" 201 1360 10.0.0.136 - - [03/Jun/2026:22:03:44 +0000] "GET /v3/services HTTP/1.1" 200 355 10.0.0.136 - - [03/Jun/2026:22:03:47 +0000] "GET / HTTP/1.1" 300 295
[Wed Jun 03 22:03:47.719692 2026] [wsgi:error] [pid 9:tid 140302412662464] [remote 10.0.0.136:52030] 2026-06-03 22:03:47.718 9 WARNING keystone.common.password_hashing [None req-85b49911-aae3-4bfb-aae7-a368b83513b8 - - - - - -] Truncating password to algorithm specific maximum length 72 characters.
[Wed Jun 03 22:03:48.000601 2026] [wsgi:error] [pid 9:tid 140302412662464] [remote 10.0.0.136:52030] 2026-06-03 22:03:48.000 9 WARNING keystone.common.fernet_utils [None req-85b49911-aae3-4bfb-aae7-a368b83513b8 - - - - - -] key_repository is world readable: /etc/keystone/fernet-keys/ 10.0.0.136 - - [03/Jun/2026:22:03:47 +0000] "POST /v3/auth/tokens HTTP/1.1" 201 1360 10.0.0.136 - - [03/Jun/2026:22:03:48 +0000] "GET /v3/services HTTP/1.1" 200 355 10.0.0.136 - - [03/Jun/2026:22:03:51 +0000] "GET / HTTP/1.1" 300 295
[Wed Jun 03 22:03:51.664880 2026] [wsgi:error] [pid 10:tid 140302412662464] [remote 10.0.0.136:60196] 2026-06-03 22:03:51.664 10 WARNING keystone.common.password_hashing [None req-37718fea-a0f0-4d73-b329-a4e803f63380 - - - - - -] Truncating password to algorithm specific maximum length 72 characters.
[Wed Jun 03 22:03:51.969659 2026] [wsgi:error] [pid 10:tid 140302412662464] [remote 10.0.0.136:60196] 2026-06-03 22:03:51.969 10 WARNING keystone.common.fernet_utils [None req-37718fea-a0f0-4d73-b329-a4e803f63380 - - - - - -] key_repository is world readable: /etc/keystone/fernet-keys/ 10.0.0.136 - - [03/Jun/2026:22:03:51 +0000] "POST /v3/auth/tokens HTTP/1.1" 201 1360 10.0.0.136 - - [03/Jun/2026:22:03:52 +0000] "GET /v3/services HTTP/1.1" 200 355 10.0.0.136 - - [03/Jun/2026:22:03:55 +0000] "GET / HTTP/1.1" 300 295
[Wed Jun 03 22:03:55.691359 2026] [wsgi:error] [pid 12:tid 140302412662464] [remote 10.0.0.136:60212] 2026-06-03 22:03:55.690 12 WARNING keystone.common.password_hashing [None req-fbf5f216-91bd-41f1-ba32-cc3ad77b69b3 - - - - - -] Truncating password to algorithm specific maximum length 72 characters.
[Wed Jun 03 22:03:55.977576 2026] [wsgi:error] [pid 12:tid 140302412662464] [remote 10.0.0.136:60212] 2026-06-03 22:03:55.977 12 WARNING keystone.common.fernet_utils [None req-fbf5f216-91bd-41f1-ba32-cc3ad77b69b3 - - - - - -] key_repository is world readable: /etc/keystone/fernet-keys/ 10.0.0.136 - - [03/Jun/2026:22:03:55 +0000] "POST /v3/auth/tokens HTTP/1.1" 201 1360 10.0.0.136 - - [03/Jun/2026:22:03:56 +0000] "POST /v3/services HTTP/1.1" 201 296 10.0.0.179 - - [03/Jun/2026:22:04:06 +0000] "GET / HTTP/1.1" 300 295
[Wed Jun 03 22:04:06.883551 2026] [wsgi:error] [pid 11:tid 140302412662464] [remote 10.0.0.179:50594] 2026-06-03 22:04:06.883 11 WARNING keystone.common.password_hashing [None req-e6e26db1-47ca-491b-8891-1bf414e95d87 - - - - - -] Truncating password to algorithm specific maximum length 72 characters. 10.0.0.179 - - [03/Jun/2026:22:04:07 +0000] "GET / HTTP/1.1" 300 295
[Wed Jun 03 22:04:07.076776 2026] [wsgi:error] [pid 10:tid 140302412662464] [remote 10.0.0.179:50608] 2026-06-03 22:04:07.076 10 WARNING keystone.common.password_hashing [None req-8736d6c1-8627-4552-ba27-97c602472f87 - - - - - -] Truncating password to algorithm specific maximum length 72 characters.
[Wed Jun 03 22:04:07.172526 2026] [wsgi:error] [pid 11:tid 140302412662464] [remote 10.0.0.179:50594] 2026-06-03 22:04:07.172 11 WARNING keystone.common.fernet_utils [None req-e6e26db1-47ca-491b-8891-1bf414e95d87 - - - - - -] key_repository is world readable: /etc/keystone/fernet-keys/ 10.0.0.179 - - [03/Jun/2026:22:04:06 +0000] "POST /v3/auth/tokens HTTP/1.1" 201 1464 10.0.0.179 - - [03/Jun/2026:22:04:07 +0000] "GET / HTTP/1.1" 300 295
[Wed Jun 03 22:04:07.226487 2026] [wsgi:error] [pid 12:tid 140302412662464] [remote 10.0.0.179:50610] 2026-06-03 22:04:07.226 12 WARNING keystone.common.password_hashing [None req-2dfe209b-4f2e-4a39-94f4-3106b0aeb5af - - - - - -] Truncating password to algorithm specific maximum length 72 characters. 10.0.0.179 - - [03/Jun/2026:22:04:07 +0000] "GET /v3/services HTTP/1.1" 200 639
[Wed Jun 03 22:04:07.356367 2026] [wsgi:error] [pid 10:tid 140302412662464] [remote 10.0.0.179:50608] 2026-06-03 22:04:07.356 10 WARNING keystone.common.fernet_utils [None req-8736d6c1-8627-4552-ba27-97c602472f87 - - - - - -] key_repository is world readable: /etc/keystone/fernet-keys/ 10.0.0.179 - - [03/Jun/2026:22:04:07 +0000] "POST /v3/auth/tokens HTTP/1.1" 201 1464 10.0.0.179 - - [03/Jun/2026:22:04:07 +0000] "GET /v3/services HTTP/1.1" 200 639
[Wed Jun 03 22:04:07.505628 2026] [wsgi:error] [pid 12:tid 140302412662464] [remote 10.0.0.179:50610] 2026-06-03 22:04:07.505 12 WARNING keystone.common.fernet_utils [None req-2dfe209b-4f2e-4a39-94f4-3106b0aeb5af - - - - - -] key_repository is world readable: /etc/keystone/fernet-keys/ 10.0.0.179 - - [03/Jun/2026:22:04:07 +0000] "POST /v3/auth/tokens HTTP/1.1" 201 1464 10.0.0.179 - - [03/Jun/2026:22:04:07 +0000] "GET /v3/services HTTP/1.1" 200 639 10.0.0.179 - - [03/Jun/2026:22:04:09 +0000] "GET / HTTP/1.1" 300 295
[Wed Jun 03 22:04:09.034019 2026] [wsgi:error] [pid 9:tid 140302412662464] [remote 10.0.0.179:56776] 2026-06-03 22:04:09.033 9 WARNING keystone.common.password_hashing [None req-9ba6ab6b-7f51-4481-a5b3-ed9b8f00455a - - - - - -] Truncating password to algorithm specific maximum length 72 characters. 10.0.0.179 - - [03/Jun/2026:22:04:09 +0000] "GET / HTTP/1.1" 300 295
[Wed Jun 03 22:04:09.073737 2026] [wsgi:error] [pid 11:tid 140302412662464] [remote 10.0.0.179:56792] 2026-06-03 22:04:09.073 11 WARNING keystone.common.password_hashing [None req-59c91d17-b013-47f4-8ab8-418a75ead909 - - - - - -] Truncating password to algorithm specific maximum length 72 characters. 10.0.0.179 - - [03/Jun/2026:22:04:09 +0000] "GET / HTTP/1.1" 300 295
[Wed Jun 03 22:04:09.308497 2026] [wsgi:error] [pid 12:tid 140302412662464] [remote 10.0.0.179:56794] 2026-06-03 22:04:09.308 12 WARNING keystone.common.password_hashing [None req-2459a47b-be77-4bc3-9bd5-dfdc5c4dc369 - - - - - -] Truncating password to algorithm specific maximum length 72 characters.
[Wed Jun 03 22:04:09.309797 2026] [wsgi:error] [pid 9:tid 140302412662464] [remote 10.0.0.179:56776] 2026-06-03 22:04:09.309 9 WARNING keystone.common.fernet_utils [None req-9ba6ab6b-7f51-4481-a5b3-ed9b8f00455a - - - - - -] key_repository is world readable: /etc/keystone/fernet-keys/ 10.0.0.179 - - [03/Jun/2026:22:04:09 +0000] "POST /v3/auth/tokens HTTP/1.1" 201 1464
[Wed Jun 03 22:04:09.345099 2026] [wsgi:error] [pid 11:tid 140302412662464] [remote 10.0.0.179:56792] 2026-06-03 22:04:09.344 11 WARNING keystone.common.fernet_utils [None req-59c91d17-b013-47f4-8ab8-418a75ead909 - - - - - -] key_repository is world readable: /etc/keystone/fernet-keys/ 10.0.0.179 - - [03/Jun/2026:22:04:09 +0000] "POST /v3/auth/tokens HTTP/1.1" 201 1464 10.0.0.179 - - [03/Jun/2026:22:04:09 +0000] "GET /v3/endpoints HTTP/1.1" 200 1227 10.0.0.179 - - [03/Jun/2026:22:04:09 +0000] "GET /v3/endpoints HTTP/1.1" 200 1227 10.0.0.179 - - [03/Jun/2026:22:04:09 +0000] "GET /v3/services/7afbd95f9f7c4edf8ffaa6cabc35efc1 HTTP/1.1" 200 233 10.0.0.179 - - [03/Jun/2026:22:04:09 +0000] "GET /v3/services/7afbd95f9f7c4edf8ffaa6cabc35efc1 HTTP/1.1" 200 233 10.0.0.179 - - [03/Jun/2026:22:04:09 +0000] "GET /v3/services/7afbd95f9f7c4edf8ffaa6cabc35efc1 HTTP/1.1" 200 233 10.0.0.179 - - [03/Jun/2026:22:04:09 +0000] "GET /v3/services/7afbd95f9f7c4edf8ffaa6cabc35efc1 HTTP/1.1" 200 233 10.0.0.179 - - [03/Jun/2026:22:04:09 +0000] "GET /v3/services/7afbd95f9f7c4edf8ffaa6cabc35efc1 HTTP/1.1" 200 233 10.0.0.179 - - [03/Jun/2026:22:04:09 +0000] "GET /v3/services/7afbd95f9f7c4edf8ffaa6cabc35efc1 HTTP/1.1" 200 233
[Wed Jun 03 22:04:09.584879 2026] [wsgi:error] [pid 12:tid 140302412662464] [remote 10.0.0.179:56794] 2026-06-03 22:04:09.584 12 WARNING keystone.common.fernet_utils [None req-2459a47b-be77-4bc3-9bd5-dfdc5c4dc369 - - - - - -] key_repository is world readable: /etc/keystone/fernet-keys/ 10.0.0.179 - - [03/Jun/2026:22:04:09 +0000] "POST /v3/auth/tokens HTTP/1.1" 201 1464 10.0.0.179 - - [03/Jun/2026:22:04:09 +0000] "GET /v3/endpoints HTTP/1.1" 200 1227 10.0.0.179 - - [03/Jun/2026:22:04:09 +0000] "GET /v3/services/7afbd95f9f7c4edf8ffaa6cabc35efc1 HTTP/1.1" 200 233 10.0.0.179 - - [03/Jun/2026:22:04:09 +0000] "GET /v3/services/7afbd95f9f7c4edf8ffaa6cabc35efc1 HTTP/1.1" 200 233 10.0.0.179 - - [03/Jun/2026:22:04:09 +0000] "GET /v3/services/7afbd95f9f7c4edf8ffaa6cabc35efc1 HTTP/1.1" 200 233 10.0.0.179 - - [03/Jun/2026:22:04:11 +0000] "GET / HTTP/1.1" 300 295
[Wed Jun 03 22:04:11.084304 2026] [wsgi:error] [pid 10:tid 140302412662464] [remote 10.0.0.179:56806] 2026-06-03 22:04:11.083 10 WARNING keystone.common.password_hashing [None req-b887f35c-ffd2-4fff-add7-e3ba7987d802 - - - - - -] Truncating password to algorithm specific maximum length 72 characters. 10.0.0.179 - - [03/Jun/2026:22:04:11 +0000] "GET / HTTP/1.1" 300 295
[Wed Jun 03 22:04:11.186401 2026] [wsgi:error] [pid 12:tid 140302412662464] [remote 10.0.0.179:56820] 2026-06-03 22:04:11.186 12 WARNING keystone.common.password_hashing [None req-5c75a88c-1d7b-4f75-920a-0fe302916b64 - - - - - -] Truncating password to algorithm specific maximum length 72 characters. 10.0.0.179 - - [03/Jun/2026:22:04:11 +0000] "GET / HTTP/1.1" 300 295
[Wed Jun 03 22:04:11.316990 2026] [wsgi:error] [pid 9:tid 140302412662464] [remote 10.0.0.179:56834] 2026-06-03 22:04:11.316 9 WARNING keystone.common.password_hashing [None req-e1bea401-c7da-4026-a5a1-76bdcffbfc09 - - - - - -] Truncating password to algorithm specific maximum length 72 characters.
[Wed Jun 03 22:04:11.376771 2026] [wsgi:error] [pid 10:tid 140302412662464] [remote 10.0.0.179:56806] 2026-06-03 22:04:11.376 10 WARNING keystone.common.fernet_utils [None req-b887f35c-ffd2-4fff-add7-e3ba7987d802 - - - - - -] key_repository is world readable: /etc/keystone/fernet-keys/ 10.0.0.179 - - [03/Jun/2026:22:04:11 +0000] "POST /v3/auth/tokens HTTP/1.1" 201 1464
[Wed Jun 03 22:04:11.455582 2026] [wsgi:error] [pid 12:tid 140302412662464] [remote 10.0.0.179:56820] 2026-06-03 22:04:11.455 12 WARNING keystone.common.fernet_utils [None req-5c75a88c-1d7b-4f75-920a-0fe302916b64 - - - - - -] key_repository is world readable: /etc/keystone/fernet-keys/ 10.0.0.179 - - [03/Jun/2026:22:04:11 +0000] "POST /v3/auth/tokens HTTP/1.1" 201 1464 10.0.0.179 - - [03/Jun/2026:22:04:11 +0000] "GET /v3/services/2737938c2b6241b2a5bd9bc2b8036ff6 HTTP/1.1" 200 296 10.0.0.179 - - [03/Jun/2026:22:04:11 +0000] "GET /v3/regions/RegionOne HTTP/1.1" 200 173 10.0.0.179 - - [03/Jun/2026:22:04:11 +0000] "POST /v3/endpoints HTTP/1.1" 201 383
[Wed Jun 03 22:04:11.594807 2026] [wsgi:error] [pid 9:tid 140302412662464] [remote 10.0.0.179:56834] 2026-06-03 22:04:11.594 9 WARNING keystone.common.fernet_utils [None req-e1bea401-c7da-4026-a5a1-76bdcffbfc09 - - - - - -] key_repository is world readable: /etc/keystone/fernet-keys/ 10.0.0.179 - - [03/Jun/2026:22:04:11 +0000] "GET /v3/services/2737938c2b6241b2a5bd9bc2b8036ff6 HTTP/1.1" 200 296 10.0.0.179 - - [03/Jun/2026:22:04:11 +0000] "POST /v3/auth/tokens HTTP/1.1" 201 1644 10.0.0.179 - - [03/Jun/2026:22:04:11 +0000] "GET /v3/regions/RegionOne HTTP/1.1" 200 173 10.0.0.179 - - [03/Jun/2026:22:04:11 +0000] "POST /v3/endpoints HTTP/1.1" 201 380 10.0.0.179 - - [03/Jun/2026:22:04:11 +0000] "GET /v3/services/2737938c2b6241b2a5bd9bc2b8036ff6 HTTP/1.1" 200 296 10.0.0.179 - - [03/Jun/2026:22:04:11 +0000] "GET /v3/regions/RegionOne HTTP/1.1" 200 173 10.0.0.179 - - [03/Jun/2026:22:04:11 +0000] "POST /v3/endpoints HTTP/1.1" 201 370 10.0.0.179 - - [03/Jun/2026:22:04:13 +0000] "GET / HTTP/1.1" 300 295 10.0.0.179 - - [03/Jun/2026:22:04:13 +0000] "GET / HTTP/1.1" 300 295
[Wed Jun 03 22:04:13.081837 2026] [wsgi:error] [pid 11:tid 140302412662464] [remote 10.0.0.179:56840] 2026-06-03 22:04:13.081 11 WARNING keystone.common.password_hashing [None req-7cf67e1e-748d-43ed-a5bb-117341777949 - - - - - -] Truncating password to algorithm specific maximum length 72 characters.
[Wed Jun 03 22:04:13.100286 2026] [wsgi:error] [pid 9:tid 140302412662464] [remote 10.0.0.179:56848] 2026-06-03 22:04:13.100 9 WARNING keystone.common.password_hashing [None req-b2111cdf-0ad2-4f56-b6eb-d3806160db6a - - - - - -] Truncating password to algorithm specific maximum length 72 characters. 10.0.0.179 - - [03/Jun/2026:22:04:13 +0000] "GET / HTTP/1.1" 300 295
[Wed Jun 03 22:04:13.305127 2026] [wsgi:error] [pid 12:tid 140302412662464] [remote 10.0.0.179:56864] 2026-06-03 22:04:13.304 12 WARNING keystone.common.password_hashing [None req-98ab66a5-5039-40c4-a623-5937b8f34a55 - - - - - -] Truncating password to algorithm specific maximum length 72 characters.
[Wed Jun 03 22:04:13.362171 2026] [wsgi:error] [pid 11:tid 140302412662464] [remote 10.0.0.179:56840] 2026-06-03 22:04:13.361 11 WARNING keystone.common.fernet_utils [None req-7cf67e1e-748d-43ed-a5bb-117341777949 - - - - - -] key_repository is world readable: /etc/keystone/fernet-keys/ 10.0.0.179 - - [03/Jun/2026:22:04:13 +0000] "POST /v3/auth/tokens HTTP/1.1" 201 1992
[Wed Jun 03 22:04:13.385656 2026] [wsgi:error] [pid 9:tid 140302412662464] [remote 10.0.0.179:56848] 2026-06-03 22:04:13.385 9 WARNING keystone.common.fernet_utils [None req-b2111cdf-0ad2-4f56-b6eb-d3806160db6a - - - - - -] key_repository is world readable: /etc/keystone/fernet-keys/ 10.0.0.179 - - [03/Jun/2026:22:04:13 +0000] "POST /v3/auth/tokens HTTP/1.1" 201 1992 10.0.0.179 - - [03/Jun/2026:22:04:13 +0000] "GET /v3/endpoints/889651e4554f44dfa7856f50066b275e HTTP/1.1" 200 383 10.0.0.179 - - [03/Jun/2026:22:04:13 +0000] "GET /v3/endpoints/b7d3ec391214474a989a9c4b0b46ccc8 HTTP/1.1" 200 380 10.0.0.179 - - [03/Jun/2026:22:04:13 +0000] "GET /v3/services/2737938c2b6241b2a5bd9bc2b8036ff6 HTTP/1.1" 200 296 10.0.0.179 - - [03/Jun/2026:22:04:13 +0000] "GET /v3/services/2737938c2b6241b2a5bd9bc2b8036ff6 HTTP/1.1" 200 296
[Wed Jun 03 22:04:13.578828 2026] [wsgi:error] [pid 12:tid 140302412662464] [remote 10.0.0.179:56864] 2026-06-03 22:04:13.578 12 WARNING keystone.common.fernet_utils [None req-98ab66a5-5039-40c4-a623-5937b8f34a55 - - - - - -] key_repository is world readable: /etc/keystone/fernet-keys/ 10.0.0.179 - - [03/Jun/2026:22:04:13 +0000] "POST /v3/auth/tokens HTTP/1.1" 201 1992 10.0.0.179 - - [03/Jun/2026:22:04:13 +0000] "GET /v3/endpoints/29523713c8624886957928b473f7c8bc HTTP/1.1" 200 370 10.0.0.179 - - [03/Jun/2026:22:04:13 +0000] "GET /v3/services/2737938c2b6241b2a5bd9bc2b8036ff6 HTTP/1.1" 200 296 10.0.0.51 - - [03/Jun/2026:22:04:22 +0000] "GET /v3/ HTTP/1.1" 200 250 10.0.0.51 - - [03/Jun/2026:22:04:22 +0000] "GET /v3/ HTTP/1.1" 200 250 10.0.0.125 - - [03/Jun/2026:22:04:26 +0000] "GET / HTTP/1.1" 300 295
[Wed Jun 03 22:04:26.210859 2026] [wsgi:error] [pid 11:tid 140302412662464] [remote 10.0.0.125:38284] 2026-06-03 22:04:26.210 11 WARNING keystone.common.password_hashing [None req-b0c7816a-3870-4b3c-8d49-ac17213bf55c - - - - - -] Truncating password to algorithm specific maximum length 72 characters.
[Wed Jun 03 22:04:26.490803 2026] [wsgi:error] [pid 11:tid 140302412662464] [remote 10.0.0.125:38284] 2026-06-03 22:04:26.490 11 WARNING keystone.common.fernet_utils [None req-b0c7816a-3870-4b3c-8d49-ac17213bf55c - - - - - -] key_repository is world readable: /etc/keystone/fernet-keys/ 10.0.0.125 - - [03/Jun/2026:22:04:26 +0000] "POST /v3/auth/tokens HTTP/1.1" 201 1992 10.0.0.125 - - [03/Jun/2026:22:04:26 +0000] "POST /v3/domains HTTP/1.1" 201 284 10.0.0.125 - - [03/Jun/2026:22:04:28 +0000] "GET / HTTP/1.1" 300 295
[Wed Jun 03 22:04:28.571084 2026] [wsgi:error] [pid 12:tid 140302412662464] [remote 10.0.0.125:59746] 2026-06-03 22:04:28.570 12 WARNING keystone.common.password_hashing [None req-7c31cf2b-7e0b-4d53-9aad-1ba3ca071e81 - - - - - -] Truncating password to algorithm specific maximum length 72 characters.
[Wed Jun 03 22:04:28.860273 2026] [wsgi:error] [pid 12:tid 140302412662464] [remote 10.0.0.125:59746] 2026-06-03 22:04:28.860 12 WARNING keystone.common.fernet_utils [None req-7c31cf2b-7e0b-4d53-9aad-1ba3ca071e81 - - - - - -] key_repository is world readable: /etc/keystone/fernet-keys/ 10.0.0.125 - - [03/Jun/2026:22:04:28 +0000] "POST /v3/auth/tokens HTTP/1.1" 201 1992
[Wed Jun 03 22:04:29.045267 2026] [wsgi:error] [pid 11:tid 140302412662464] [remote 10.0.0.125:59746] 2026-06-03 22:04:29.033 11 ERROR keystone.server.flask.application [None req-d0bc4aea-604f-4e9e-81ac-2f3f1753ebbe ee3d88b352594d10b4139e2674f6d7ba 599c90a5b98446a692593054ad39aaf9 - - default default] Conflict occurred attempting to store project - it is not permitted to have two projects acting as domains with the same name: service.: keystone.exception.Conflict: Conflict occurred attempting to store project - it is not permitted to have two projects acting as domains with the same name: service.
[Wed Jun 03 22:04:29.045290 2026] [wsgi:error] [pid 11:tid 140302412662464] [remote 10.0.0.125:59746] 2026-06-03 22:04:29.033 11 ERROR keystone.server.flask.application
Traceback (most recent call last):
[Wed Jun 03 22:04:29.045292 2026] [wsgi:error] [pid 11:tid 140302412662464] [remote 10.0.0.125:59746] 2026-06-03 22:04:29.033 11 ERROR keystone.server.flask.application
File "/var/lib/openstack/lib/python3.12/site-packages/sqlalchemy/engine/base.py", line 1969, in _exec_single_context
[Wed Jun 03 22:04:29.045294 2026] [wsgi:error] [pid 11:tid 140302412662464] [remote 10.0.0.125:59746] 2026-06-03 22:04:29.033 11 ERROR keystone.server.flask.application self.dialect.do_execute(
[Wed Jun 03 22:04:29.045295 2026] [wsgi:error] [pid 11:tid 140302412662464] [remote 10.0.0.125:59746] 2026-06-03 22:04:29.033 11 ERROR keystone.server.flask.application
File "/var/lib/openstack/lib/python3.12/site-packages/sqlalchemy/engine/default.py", line 952, in do_execute
[Wed Jun 03 22:04:29.045297 2026] [wsgi:error] [pid 11:tid 140302412662464] [remote 10.0.0.125:59746] 2026-06-03 22:04:29.033 11 ERROR keystone.server.flask.application cursor.execute(statement, parameters)
[Wed Jun 03 22:04:29.045299 2026] [wsgi:error] [pid 11:tid 140302412662464] [remote 10.0.0.125:59746] 2026-06-03 22:04:29.033 11 ERROR keystone.server.flask.application
File "/var/lib/openstack/lib/python3.12/site-packages/pymysql/cursors.py", line 159, in execute
[Wed Jun 03 22:04:29.045300 2026] [wsgi:error] [pid 11:tid 140302412662464] [remote 10.0.0.125:59746] 2026-06-03 22:04:29.033 11 ERROR keystone.server.flask.application result = self._query(query)
[Wed Jun 03 22:04:29.045302 2026] [wsgi:error] [pid 11:tid 140302412662464] [remote 10.0.0.125:59746] 2026-06-03 22:04:29.033 11 ERROR keystone.server.flask.application ^^^^^^^^^^^^^^^^^^
[Wed Jun 03 22:04:29.045303 2026] [wsgi:error] [pid 11:tid 140302412662464] [remote 10.0.0.125:59746] 2026-06-03 22:04:29.033 11 ERROR keystone.server.flask.application
File "/var/lib/openstack/lib/python3.12/site-packages/pymysql/cursors.py", line 330, in _query
[Wed Jun 03 22:04:29.045305 2026] [wsgi:error] [pid 11:tid 140302412662464] [remote 10.0.0.125:59746] 2026-06-03 22:04:29.033 11 ERROR keystone.server.flask.application conn.query(q)
[Wed Jun 03 22:04:29.045306 2026] [wsgi:error] [pid 11:tid 140302412662464] [remote 10.0.0.125:59746] 2026-06-03 22:04:29.033 11 ERROR keystone.server.flask.application
File "/var/lib/openstack/lib/python3.12/site-packages/pymysql/connections.py", line 582, in query
[Wed Jun 03 22:04:29.045308 2026] [wsgi:error] [pid 11:tid 140302412662464] [remote 10.0.0.125:59746] 2026-06-03 22:04:29.033 11 ERROR keystone.server.flask.application self._affected_rows = self._read_query_result(unbuffered=unbuffered)
[Wed Jun 03 22:04:29.045309 2026] [wsgi:error] [pid 11:tid 140302412662464] [remote 10.0.0.125:59746] 2026-06-03 22:04:29.033 11 ERROR keystone.server.flask.application ^^^^^^^^^^^^^^^^^^^^^^^^^^^^^^^^^^^^^^^^^^^^^^
[Wed Jun 03 22:04:29.045311 2026] [wsgi:error] [pid 11:tid 140302412662464] [remote 10.0.0.125:59746] 2026-06-03 22:04:29.033 11 ERROR keystone.server.flask.application
File "/var/lib/openstack/lib/python3.12/site-packages/pymysql/connections.py", line 847, in _read_query_result
[Wed Jun 03 22:04:29.045313 2026] [wsgi:error] [pid 11:tid 140302412662464] [remote 10.0.0.125:59746] 2026-06-03 22:04:29.033 11 ERROR keystone.server.flask.application result.read()
[Wed Jun 03 22:04:29.045316 2026] [wsgi:error] [pid 11:tid 140302412662464] [remote 10.0.0.125:59746] 2026-06-03 22:04:29.033 11 ERROR keystone.server.flask.application
File "/var/lib/openstack/lib/python3.12/site-packages/pymysql/connections.py", line 1245, in read
[Wed Jun 03 22:04:29.045317 2026] [wsgi:error] [pid 11:tid 140302412662464] [remote 10.0.0.125:59746] 2026-06-03 22:04:29.033 11 ERROR keystone.server.flask.application first_packet = self.connection._read_packet()
[Wed Jun 03 22:04:29.045319 2026] [wsgi:error] [pid 11:tid 140302412662464] [remote 10.0.0.125:59746] 2026-06-03 22:04:29.033 11 ERROR keystone.server.flask.application ^^^^^^^^^^^^^^^^^^^^^^^^^^^^^^
[Wed Jun 03 22:04:29.045320 2026] [wsgi:error] [pid 11:tid 140302412662464] [remote 10.0.0.125:59746] 2026-06-03 22:04:29.033 11 ERROR keystone.server.flask.application
File "/var/lib/openstack/lib/python3.12/site-packages/pymysql/connections.py", line 803, in _read_packet
[Wed Jun 03 22:04:29.045322 2026] [wsgi:error] [pid 11:tid 140302412662464] [remote 10.0.0.125:59746] 2026-06-03 22:04:29.033 11 ERROR keystone.server.flask.application packet.raise_for_error()
[Wed Jun 03 22:04:29.045323 2026] [wsgi:error] [pid 11:tid 140302412662464] [remote 10.0.0.125:59746] 2026-06-03 22:04:29.033 11 ERROR keystone.server.flask.application
File "/var/lib/openstack/lib/python3.12/site-packages/pymysql/protocol.py", line 219, in raise_for_error
[Wed Jun 03 22:04:29.045324 2026] [wsgi:error] [pid 11:tid 140302412662464] [remote 10.0.0.125:59746] 2026-06-03 22:04:29.033 11 ERROR keystone.server.flask.application err.raise_mysql_exception(self._data)
[Wed Jun 03 22:04:29.045326 2026] [wsgi:error] [pid 11:tid 140302412662464] [remote 10.0.0.125:59746] 2026-06-03 22:04:29.033 11 ERROR keystone.server.flask.application
File "/var/lib/openstack/lib/python3.12/site-packages/pymysql/err.py", line 154, in raise_mysql_exception
[Wed Jun 03 22:04:29.045327 2026] [wsgi:error] [pid 11:tid 140302412662464] [remote 10.0.0.125:59746] 2026-06-03 22:04:29.033 11 ERROR keystone.server.flask.application raise errorclass(errno, errval, sqlstate=sqlstate)
[Wed Jun 03 22:04:29.045329 2026] [wsgi:error] [pid 11:tid 140302412662464] [remote 10.0.0.125:59746] 2026-06-03 22:04:29.033 11 ERROR keystone.server.flask.application pymysql.err.IntegrityError: (1062, "Duplicate entry '<>-service' for key 'project.ixu_project_name_domain_id'")
[Wed Jun 03 22:04:29.045330 2026] [wsgi:error] [pid 11:tid 140302412662464] [remote 10.0.0.125:59746] 2026-06-03 22:04:29.033 11 ERROR keystone.server.flask.application
[Wed Jun 03 22:04:29.045332 2026] [wsgi:error] [pid 11:tid 140302412662464] [remote 10.0.0.125:59746] 2026-06-03 22:04:29.033 11 ERROR keystone.server.flask.application The above exception was the direct cause of the following exception:
[Wed Jun 03 22:04:29.045333 2026] [wsgi:error] [pid 11:tid 140302412662464] [remote 10.0.0.125:59746] 2026-06-03 22:04:29.033 11 ERROR keystone.server.flask.application
[Wed Jun 03 22:04:29.045334 2026] [wsgi:error] [pid 11:tid 140302412662464] [remote 10.0.0.125:59746] 2026-06-03 22:04:29.033 11 ERROR keystone.server.flask.application
Traceback (most recent call last):
[Wed Jun 03 22:04:29.045336 2026] [wsgi:error] [pid 11:tid 140302412662464] [remote 10.0.0.125:59746] 2026-06-03 22:04:29.033 11 ERROR keystone.server.flask.application
File "/var/lib/openstack/lib/python3.12/site-packages/keystone/common/sql/core.py", line 575, in wrapper
[Wed Jun 03 22:04:29.045337 2026] [wsgi:error] [pid 11:tid 140302412662464] [remote 10.0.0.125:59746] 2026-06-03 22:04:29.033 11 ERROR keystone.server.flask.application return method(*args, **kwargs)
[Wed Jun 03 22:04:29.045338 2026] [wsgi:error] [pid 11:tid 140302412662464] [remote 10.0.0.125:59746] 2026-06-03 22:04:29.033 11 ERROR keystone.server.flask.application ^^^^^^^^^^^^^^^^^^^^^^^
[Wed Jun 03 22:04:29.045365 2026] [wsgi:error] [pid 11:tid 140302412662464] [remote 10.0.0.125:59746] 2026-06-03 22:04:29.033 11 ERROR keystone.server.flask.application
File "/var/lib/openstack/lib/python3.12/site-packages/keystone/resource/backends/sql.py", line 278, in create_project
[Wed Jun 03 22:04:29.045366 2026] [wsgi:error] [pid 11:tid 140302412662464] [remote 10.0.0.125:59746] 2026-06-03 22:04:29.033 11 ERROR keystone.server.flask.application with sql.session_for_write() as session:
[Wed Jun 03 22:04:29.045368 2026] [wsgi:error] [pid 11:tid 140302412662464] [remote 10.0.0.125:59746] 2026-06-03 22:04:29.033 11 ERROR keystone.server.flask.application
File "/usr/lib/python3.12/contextlib.py", line 144, in __exit__
[Wed Jun 03 22:04:29.045370 2026] [wsgi:error] [pid 11:tid 140302412662464] [remote 10.0.0.125:59746] 2026-06-03 22:04:29.033 11 ERROR keystone.server.flask.application next(self.gen)
[Wed Jun 03 22:04:29.045371 2026] [wsgi:error] [pid 11:tid 140302412662464] [remote 10.0.0.125:59746] 2026-06-03 22:04:29.033 11 ERROR keystone.server.flask.application
File "/var/lib/openstack/lib/python3.12/site-packages/oslo_db/sqlalchemy/enginefacade.py", line 1175, in _transaction_scope
[Wed Jun 03 22:04:29.045373 2026] [wsgi:error] [pid 11:tid 140302412662464] [remote 10.0.0.125:59746] 2026-06-03 22:04:29.033 11 ERROR keystone.server.flask.application with current._produce_block(
[Wed Jun 03 22:04:29.045375 2026] [wsgi:error] [pid 11:tid 140302412662464] [remote 10.0.0.125:59746] 2026-06-03 22:04:29.033 11 ERROR keystone.server.flask.application
File "/usr/lib/python3.12/contextlib.py", line 144, in __exit__
[Wed Jun 03 22:04:29.045376 2026] [wsgi:error] [pid 11:tid 140302412662464] [remote 10.0.0.125:59746] 2026-06-03 22:04:29.033 11 ERROR keystone.server.flask.application next(self.gen)
[Wed Jun 03 22:04:29.045378 2026] [wsgi:error] [pid 11:tid 140302412662464] [remote 10.0.0.125:59746] 2026-06-03 22:04:29.033 11 ERROR keystone.server.flask.application
File "/var/lib/openstack/lib/python3.12/site-packages/oslo_db/sqlalchemy/enginefacade.py", line 837, in _session
[Wed Jun 03 22:04:29.045380 2026] [wsgi:error] [pid 11:tid 140302412662464] [remote 10.0.0.125:59746] 2026-06-03 22:04:29.033 11 ERROR keystone.server.flask.application with excutils.save_and_reraise_exception():
[Wed Jun 03 22:04:29.045381 2026] [wsgi:error] [pid 11:tid 140302412662464] [remote 10.0.0.125:59746] 2026-06-03 22:04:29.033 11 ERROR keystone.server.flask.application
File "/var/lib/openstack/lib/python3.12/site-packages/oslo_utils/excutils.py", line 266, in __exit__
[Wed Jun 03 22:04:29.045383 2026] [wsgi:error] [pid 11:tid 140302412662464] [remote 10.0.0.125:59746] 2026-06-03 22:04:29.033 11 ERROR keystone.server.flask.application self.force_reraise()
[Wed Jun 03 22:04:29.045385 2026] [wsgi:error] [pid 11:tid 140302412662464] [remote 10.0.0.125:59746] 2026-06-03 22:04:29.033 11 ERROR keystone.server.flask.application
File "/var/lib/openstack/lib/python3.12/site-packages/oslo_utils/excutils.py", line 232, in force_reraise
[Wed Jun 03 22:04:29.045386 2026] [wsgi:error] [pid 11:tid 140302412662464] [remote 10.0.0.125:59746] 2026-06-03 22:04:29.033 11 ERROR keystone.server.flask.application raise self.value
[Wed Jun 03 22:04:29.045388 2026] [wsgi:error] [pid 11:tid 140302412662464] [remote 10.0.0.125:59746] 2026-06-03 22:04:29.033 11 ERROR keystone.server.flask.application
File "/var/lib/openstack/lib/python3.12/site-packages/oslo_db/sqlalchemy/enginefacade.py", line 835, in _session
[Wed Jun 03 22:04:29.045390 2026] [wsgi:error] [pid 11:tid 140302412662464] [remote 10.0.0.125:59746] 2026-06-03 22:04:29.033 11 ERROR keystone.server.flask.application self._end_session_transaction(self.session)
[Wed Jun 03 22:04:29.045392 2026] [wsgi:error] [pid 11:tid 140302412662464] [remote 10.0.0.125:59746] 2026-06-03 22:04:29.033 11 ERROR keystone.server.flask.application
File "/var/lib/openstack/lib/python3.12/site-packages/oslo_db/sqlalchemy/enginefacade.py", line 748, in _end_session_transaction
[Wed Jun 03 22:04:29.045395 2026] [wsgi:error] [pid 11:tid 140302412662464] [remote 10.0.0.125:59746] 2026-06-03 22:04:29.033 11 ERROR keystone.server.flask.application session.commit()
[Wed Jun 03 22:04:29.045396 2026] [wsgi:error] [pid 11:tid 140302412662464] [remote 10.0.0.125:59746] 2026-06-03 22:04:29.033 11 ERROR keystone.server.flask.application
File "/var/lib/openstack/lib/python3.12/site-packages/sqlalchemy/orm/session.py", line 2034, in commit
[Wed Jun 03 22:04:29.045398 2026] [wsgi:error] [pid 11:tid 140302412662464] [remote 10.0.0.125:59746] 2026-06-03 22:04:29.033 11 ERROR keystone.server.flask.application trans.commit(_to_root=True)
[Wed Jun 03 22:04:29.045400 2026] [wsgi:error] [pid 11:tid 140302412662464] [remote 10.0.0.125:59746] 2026-06-03 22:04:29.033 11 ERROR keystone.server.flask.application File "", line 2, in commit
[Wed Jun 03 22:04:29.045402 2026] [wsgi:error] [pid 11:tid 140302412662464] [remote 10.0.0.125:59746] 2026-06-03 22:04:29.033 11 ERROR keystone.server.flask.application
File "/var/lib/openstack/lib/python3.12/site-packages/sqlalchemy/orm/state_changes.py", line 137, in _go
[Wed Jun 03 22:04:29.045405 2026] [wsgi:error] [pid 11:tid 140302412662464] [remote 10.0.0.125:59746] 2026-06-03 22:04:29.033 11 ERROR keystone.server.flask.application ret_value = fn(self, *arg, **kw)
[Wed Jun 03 22:04:29.045408 2026] [wsgi:error] [pid 11:tid 140302412662464] [remote 10.0.0.125:59746] 2026-06-03 22:04:29.033 11 ERROR keystone.server.flask.application ^^^^^^^^^^^^^^^^^^^^
[Wed Jun 03 22:04:29.045410 2026] [wsgi:error] [pid 11:tid 140302412662464] [remote 10.0.0.125:59746] 2026-06-03 22:04:29.033 11 ERROR keystone.server.flask.application
File "/var/lib/openstack/lib/python3.12/site-packages/sqlalchemy/orm/session.py", line 1315, in commit
[Wed Jun 03 22:04:29.045412 2026] [wsgi:error] [pid 11:tid 140302412662464] [remote 10.0.0.125:59746] 2026-06-03 22:04:29.033 11 ERROR keystone.server.flask.application self._prepare_impl()
[Wed Jun 03 22:04:29.045414 2026] [wsgi:error] [pid 11:tid 140302412662464] [remote 10.0.0.125:59746] 2026-06-03 22:04:29.033 11 ERROR keystone.server.flask.application File "", line 2, in _prepare_impl
[Wed Jun 03 22:04:29.045416 2026] [wsgi:error] [pid 11:tid 140302412662464] [remote 10.0.0.125:59746] 2026-06-03 22:04:29.033 11 ERROR keystone.server.flask.application
File "/var/lib/openstack/lib/python3.12/site-packages/sqlalchemy/orm/state_changes.py", line 137, in _go
[Wed Jun 03 22:04:29.045420 2026] [wsgi:error] [pid 11:tid 140302412662464] [remote 10.0.0.125:59746] 2026-06-03 22:04:29.033 11 ERROR keystone.server.flask.application ret_value = fn(self, *arg, **kw)
[Wed Jun 03 22:04:29.045422 2026] [wsgi:error] [pid 11:tid 140302412662464] [remote 10.0.0.125:59746] 2026-06-03 22:04:29.033 11 ERROR keystone.server.flask.application ^^^^^^^^^^^^^^^^^^^^
[Wed Jun 03 22:04:29.045424 2026] [wsgi:error] [pid 11:tid 140302412662464] [remote 10.0.0.125:59746] 2026-06-03 22:04:29.033 11 ERROR keystone.server.flask.application
File "/var/lib/openstack/lib/python3.12/site-packages/sqlalchemy/orm/session.py", line 1290, in _prepare_impl
[Wed Jun 03 22:04:29.045426 2026] [wsgi:error] [pid 11:tid 140302412662464] [remote 10.0.0.125:59746] 2026-06-03 22:04:29.033 11 ERROR keystone.server.flask.application self.session.flush()
[Wed Jun 03 22:04:29.045430 2026] [wsgi:error] [pid 11:tid 140302412662464] [remote 10.0.0.125:59746] 2026-06-03 22:04:29.033 11 ERROR keystone.server.flask.application
File "/var/lib/openstack/lib/python3.12/site-packages/sqlalchemy/orm/session.py", line 4352, in flush
[Wed Jun 03 22:04:29.045433 2026] [wsgi:error] [pid 11:tid 140302412662464] [remote 10.0.0.125:59746] 2026-06-03 22:04:29.033 11 ERROR keystone.server.flask.application self._flush(objects)
[Wed Jun 03 22:04:29.045434 2026] [wsgi:error] [pid 11:tid 140302412662464] [remote 10.0.0.125:59746] 2026-06-03 22:04:29.033 11 ERROR keystone.server.flask.application
File "/var/lib/openstack/lib/python3.12/site-packages/sqlalchemy/orm/session.py", line 4487, in _flush
[Wed Jun 03 22:04:29.045437 2026] [wsgi:error] [pid 11:tid 140302412662464] [remote 10.0.0.125:59746] 2026-06-03 22:04:29.033 11 ERROR keystone.server.flask.application with util.safe_reraise():
[Wed Jun 03 22:04:29.045438 2026] [wsgi:error] [pid 11:tid 140302412662464] [remote 10.0.0.125:59746] 2026-06-03 22:04:29.033 11 ERROR keystone.server.flask.application
File "/var/lib/openstack/lib/python3.12/site-packages/sqlalchemy/util/langhelpers.py", line 122, in __exit__
[Wed Jun 03 22:04:29.045442 2026] [wsgi:error] [pid 11:tid 140302412662464] [remote 10.0.0.125:59746] 2026-06-03 22:04:29.033 11 ERROR keystone.server.flask.application raise exc_value.with_traceback(exc_tb)
[Wed Jun 03 22:04:29.045444 2026] [wsgi:error] [pid 11:tid 140302412662464] [remote 10.0.0.125:59746] 2026-06-03 22:04:29.033 11 ERROR keystone.server.flask.application
File "/var/lib/openstack/lib/python3.12/site-packages/sqlalchemy/orm/session.py", line 4448, in _flush
[Wed Jun 03 22:04:29.045447 2026] [wsgi:error] [pid 11:tid 140302412662464] [remote 10.0.0.125:59746] 2026-06-03 22:04:29.033 11 ERROR keystone.server.flask.application flush_context.execute()
