Aug 24 15:45:52.768908 np0000190840 devstack@neutron-api.service[102470]: DEBUG neutron_lib.callbacks.manager [None req-9b5aa801-bf07-4dca-aa75-da20bc429a40 None None] Subscribe: > security_group after_create 55550000, False {{(pid=102470) subscribe /opt/stack/data/venv/lib/python3.12/site-packages/neutron_lib/callbacks/manager.py:52}}
Aug 24 15:45:52.769081 np0000190840 devstack@neutron-api.service[102468]: INFO neutron.api.extensions [None req-0e60a92e-7409-4d98-b5aa-f0fe9f5f942f None None] Extension floating-ip-port-forwarding-description not supported by any of loaded plugins
Aug 24 15:45:52.769192 np0000190840 devstack@neutron-api.service[102470]: DEBUG neutron_lib.callbacks.manager [None req-9b5aa801-bf07-4dca-aa75-da20bc429a40 None None] Subscribe: > security_group after_update 55550000, False {{(pid=102470) subscribe /opt/stack/data/venv/lib/python3.12/site-packages/neutron_lib/callbacks/manager.py:52}}
Aug 24 15:45:52.769298 np0000190840 devstack@neutron-api.service[102468]: DEBUG neutron.api.extensions [None req-0e60a92e-7409-4d98-b5aa-f0fe9f5f942f None None] Loading extension file: fip_pf_detail.py {{(pid=102468) _load_all_extensions_from_path /opt/stack/neutron/neutron/api/extensions.py:449}}
Aug 24 15:45:52.769399 np0000190840 devstack@neutron-api.service[102470]: DEBUG neutron_lib.callbacks.manager [None req-9b5aa801-bf07-4dca-aa75-da20bc429a40 None None] Subscribe: > security_group after_delete 55550000, False {{(pid=102470) subscribe /opt/stack/data/venv/lib/python3.12/site-packages/neutron_lib/callbacks/manager.py:52}}
Aug 24 15:45:52.769399 np0000190840 devstack@neutron-api.service[102470]: DEBUG neutron_lib.callbacks.manager [None req-9b5aa801-bf07-4dca-aa75-da20bc429a40 None None] Subscribe: > security_group_rule after_create 55550000, False {{(pid=102470) subscribe /opt/stack/data/venv/lib/python3.12/site-packages/neutron_lib/callbacks/manager.py:52}}
Aug 24 15:45:52.769464 np0000190840 devstack@neutron-api.service[102468]: DEBUG neutron.api.extensions [None req-0e60a92e-7409-4d98-b5aa-f0fe9f5f942f None None] Ext name="Floating IP port forwarding detail" alias="floating-ip-port-forwarding-detail" description="Allow list floating ip return more port forwarding data, include'id' and 'internal_port_id'" updated="2022-05-06T10:00:00-00:00" {{(pid=102468) _check_extension /opt/stack/neutron/neutron/api/extensions.py:415}}
Aug 24 15:45:52.769566 np0000190840 devstack@neutron-api.service[102470]: DEBUG neutron_lib.callbacks.manager [None req-9b5aa801-bf07-4dca-aa75-da20bc429a40 None None] Subscribe: > security_group_rule after_update 55550000, False {{(pid=102470) subscribe /opt/stack/data/venv/lib/python3.12/site-packages/neutron_lib/callbacks/manager.py:52}}
Aug 24 15:45:52.769566 np0000190840 devstack@neutron-api.service[102470]: DEBUG neutron_lib.callbacks.manager [None req-9b5aa801-bf07-4dca-aa75-da20bc429a40 None None] Subscribe: > security_group_rule after_delete 55550000, False {{(pid=102470) subscribe /opt/stack/data/venv/lib/python3.12/site-packages/neutron_lib/callbacks/manager.py:52}}
Aug 24 15:45:52.769706 np0000190840 devstack@neutron-api.service[102468]: INFO neutron.api.extensions [None req-0e60a92e-7409-4d98-b5aa-f0fe9f5f942f None None] Loaded extension: floating-ip-port-forwarding-detail
Aug 24 15:45:52.769810 np0000190840 devstack@neutron-api.service[102470]: DEBUG neutron_lib.callbacks.manager [None req-9b5aa801-bf07-4dca-aa75-da20bc429a40 None None] Subscribe: > address_group after_create 55550000, False {{(pid=102470) subscribe /opt/stack/data/venv/lib/python3.12/site-packages/neutron_lib/callbacks/manager.py:52}}
Aug 24 15:45:52.769891 np0000190840 devstack@neutron-api.service[102468]: DEBUG neutron.api.extensions [None req-0e60a92e-7409-4d98-b5aa-f0fe9f5f942f None None] Loading extension file: fip_pf_port_range.py {{(pid=102468) _load_all_extensions_from_path /opt/stack/neutron/neutron/api/extensions.py:449}}
Aug 24 15:45:52.770030 np0000190840 devstack@neutron-api.service[102470]: DEBUG neutron_lib.callbacks.manager [None req-9b5aa801-bf07-4dca-aa75-da20bc429a40 None None] Subscribe: > address_group after_update 55550000, False {{(pid=102470) subscribe /opt/stack/data/venv/lib/python3.12/site-packages/neutron_lib/callbacks/manager.py:52}}
Aug 24 15:45:52.770030 np0000190840 devstack@neutron-api.service[102470]: DEBUG neutron_lib.callbacks.manager [None req-9b5aa801-bf07-4dca-aa75-da20bc429a40 None None] Subscribe: > address_group after_delete 55550000, False {{(pid=102470) subscribe /opt/stack/data/venv/lib/python3.12/site-packages/neutron_lib/callbacks/manager.py:52}}
Aug 24 15:45:52.770030 np0000190840 devstack@neutron-api.service[102470]: DEBUG neutron.plugins.ml2.ovo_rpc [None req-9b5aa801-bf07-4dca-aa75-da20bc429a40 None None] ML2 OVO RPC backend initialized. {{(pid=102470) __init__ /opt/stack/neutron/neutron/plugins/ml2/ovo_rpc.py:117}}
Aug 24 15:45:52.770381 np0000190840 devstack@neutron-api.service[102468]: DEBUG neutron.api.extensions [None req-0e60a92e-7409-4d98-b5aa-f0fe9f5f942f None None] Ext name="Floating IP Port Forwarding support port ranges" alias="floating-ip-port-forwarding-port-ranges" description="Add support to port ranges" updated="2020-07-01T10:00:00-00:00" {{(pid=102468) _check_extension /opt/stack/neutron/neutron/api/extensions.py:415}}
Aug 24 15:45:52.770381 np0000190840 devstack@neutron-api.service[102468]: INFO neutron.api.extensions [None req-0e60a92e-7409-4d98-b5aa-f0fe9f5f942f None None] Extension floating-ip-port-forwarding-port-ranges not supported by any of loaded plugins
Aug 24 15:45:52.770381 np0000190840 devstack@neutron-api.service[102468]: DEBUG neutron.api.extensions [None req-0e60a92e-7409-4d98-b5aa-f0fe9f5f942f None None] Loading extension file: fip_port_details.py {{(pid=102468) _load_all_extensions_from_path /opt/stack/neutron/neutron/api/extensions.py:449}}
Aug 24 15:45:52.770381 np0000190840 devstack@neutron-api.service[102468]: DEBUG neutron.api.extensions [None req-0e60a92e-7409-4d98-b5aa-f0fe9f5f942f None None] Ext name="Floating IP Port Details Extension" alias="fip-port-details" description="Add port_details attribute to Floating IP resource" updated="2018-04-09T10:00:00-00:00" {{(pid=102468) _check_extension /opt/stack/neutron/neutron/api/extensions.py:415}}
Aug 24 15:45:52.770691 np0000190840 devstack@neutron-api.service[102468]: INFO neutron.api.extensions [None req-0e60a92e-7409-4d98-b5aa-f0fe9f5f942f None None] Loaded extension: fip-port-details
Aug 24 15:45:52.770691 np0000190840 devstack@neutron-api.service[102468]: DEBUG neutron.api.extensions [None req-0e60a92e-7409-4d98-b5aa-f0fe9f5f942f None None] Loading extension file: flavors.py {{(pid=102468) _load_all_extensions_from_path /opt/stack/neutron/neutron/api/extensions.py:449}}
Aug 24 15:45:52.770859 np0000190840 devstack@neutron-api.service[102470]: INFO neutron.quota [None req-9b5aa801-bf07-4dca-aa75-da20bc429a40 None None] Loaded quota_driver: .
Aug 24 15:45:52.770859 np0000190840 devstack@neutron-api.service[102470]: INFO neutron.plugins.ml2.plugin [None req-9b5aa801-bf07-4dca-aa75-da20bc429a40 None None] Modular L2 Plugin initialization complete
Aug 24 15:45:52.771015 np0000190840 devstack@neutron-api.service[102468]: DEBUG neutron.api.extensions [None req-0e60a92e-7409-4d98-b5aa-f0fe9f5f942f None None] Ext name="Neutron Service Flavors" alias="flavors" description="Flavor specification for Neutron advanced services." updated="2015-09-17T10:00:00-00:00" {{(pid=102468) _check_extension /opt/stack/neutron/neutron/api/extensions.py:415}}
Aug 24 15:45:52.771133 np0000190840 devstack@neutron-api.service[102470]: DEBUG neutron.manager [None req-9b5aa801-bf07-4dca-aa75-da20bc429a40 None None] Loading services supported by the core plugin {{(pid=102470) _load_services_from_core_plugin /opt/stack/neutron/neutron/manager.py:167}}
Aug 24 15:45:52.771189 np0000190840 devstack@neutron-api.service[102468]: INFO neutron.api.extensions [None req-0e60a92e-7409-4d98-b5aa-f0fe9f5f942f None None] Loaded extension: flavors
Aug 24 15:45:52.771266 np0000190840 devstack@neutron-api.service[102470]: INFO neutron.plugins.ml2.managers [None req-9b5aa801-bf07-4dca-aa75-da20bc429a40 None None] Got port-security extension from driver 'port_security'
Aug 24 15:45:52.771372 np0000190840 devstack@neutron-api.service[102468]: DEBUG neutron.api.extensions [None req-0e60a92e-7409-4d98-b5aa-f0fe9f5f942f None None] Loading extension file: floating_ip_port_forwarding.py {{(pid=102468) _load_all_extensions_from_path /opt/stack/neutron/neutron/api/extensions.py:449}}
Aug 24 15:45:52.771418 np0000190840 devstack@neutron-api.service[102470]: DEBUG neutron.manager [None req-9b5aa801-bf07-4dca-aa75-da20bc429a40 None None] Loading service plugins: ['ovn-router', 'auto_allocate', 'tag', 'timestamp', 'network_ip_availability', 'flavors', 'revisions'] {{(pid=102470) _load_service_plugins /opt/stack/neutron/neutron/manager.py:192}}
Aug 24 15:45:52.771535 np0000190840 devstack@neutron-api.service[102468]: DEBUG neutron.api.extensions [None req-0e60a92e-7409-4d98-b5aa-f0fe9f5f942f None None] Ext name="Floating IP Port Forwarding" alias="floating-ip-port-forwarding" description="Allow port forwarding from floating IP port to an internal port" updated="2018-01-19T10:00:00-00:00" {{(pid=102468) _check_extension /opt/stack/neutron/neutron/api/extensions.py:415}}
Aug 24 15:45:52.771646 np0000190840 devstack@neutron-api.service[102470]: INFO neutron.manager [None req-9b5aa801-bf07-4dca-aa75-da20bc429a40 None None] Loading Plugin: ovn-router
Aug 24 15:45:52.771723 np0000190840 devstack@neutron-api.service[102468]: INFO neutron.api.extensions [None req-0e60a92e-7409-4d98-b5aa-f0fe9f5f942f None None] Extension floating-ip-port-forwarding not supported by any of loaded plugins
Aug 24 15:45:52.771723 np0000190840 devstack@neutron-api.service[102468]: DEBUG neutron.api.extensions [None req-0e60a92e-7409-4d98-b5aa-f0fe9f5f942f None None] Loading extension file: floatingip_pools.py {{(pid=102468) _load_all_extensions_from_path /opt/stack/neutron/neutron/api/extensions.py:449}}
Aug 24 15:45:52.772037 np0000190840 devstack@neutron-api.service[102468]: DEBUG neutron.api.extensions [None req-0e60a92e-7409-4d98-b5aa-f0fe9f5f942f None None] Ext name="Floating IP Pools Extension" alias="floatingip-pools" description="Provides a floating IP pools API." updated="2018-03-21T10:00:00-00:00" {{(pid=102468) _check_extension /opt/stack/neutron/neutron/api/extensions.py:415}}
Aug 24 15:45:52.772146 np0000190840 devstack@neutron-api.service[102468]: INFO neutron.api.extensions [None req-0e60a92e-7409-4d98-b5aa-f0fe9f5f942f None None] Loaded extension: floatingip-pools
Aug 24 15:45:52.772223 np0000190840 devstack@neutron-api.service[102468]: DEBUG neutron.api.extensions [None req-0e60a92e-7409-4d98-b5aa-f0fe9f5f942f None None] Loading extension file: ip_allocation.py {{(pid=102468) _load_all_extensions_from_path /opt/stack/neutron/neutron/api/extensions.py:449}}
Aug 24 15:45:52.772421 np0000190840 devstack@neutron-api.service[102468]: DEBUG neutron.api.extensions [None req-0e60a92e-7409-4d98-b5aa-f0fe9f5f942f None None] Ext name="IP Allocation" alias="ip_allocation" description="IP allocation extension." updated="2016-06-10T23:00:00-00:00" {{(pid=102468) _check_extension /opt/stack/neutron/neutron/api/extensions.py:415}}
Aug 24 15:45:52.772638 np0000190840 devstack@neutron-api.service[102468]: INFO neutron.api.extensions [None req-0e60a92e-7409-4d98-b5aa-f0fe9f5f942f None None] Extension ip_allocation not supported by any of loaded plugins
Aug 24 15:45:52.772683 np0000190840 devstack@neutron-api.service[102468]: DEBUG neutron.api.extensions [None req-0e60a92e-7409-4d98-b5aa-f0fe9f5f942f None None] Loading extension file: ip_substring_port_filtering.py {{(pid=102468) _load_all_extensions_from_path /opt/stack/neutron/neutron/api/extensions.py:449}}
Aug 24 15:45:52.772933 np0000190840 devstack@neutron-api.service[102468]: DEBUG neutron.api.extensions [None req-0e60a92e-7409-4d98-b5aa-f0fe9f5f942f None None] Ext name="IP address substring filtering" alias="ip-substring-filtering" description="Provides IP address substring filtering when listing ports" updated="2017-11-28T09:00:00-00:00" {{(pid=102468) _check_extension /opt/stack/neutron/neutron/api/extensions.py:415}}
Aug 24 15:45:52.773178 np0000190840 devstack@neutron-api.service[102468]: INFO neutron.api.extensions [None req-0e60a92e-7409-4d98-b5aa-f0fe9f5f942f None None] Extension ip-substring-filtering not supported by any of loaded plugins
Aug 24 15:45:52.773178 np0000190840 devstack@neutron-api.service[102468]: DEBUG neutron.api.extensions [None req-0e60a92e-7409-4d98-b5aa-f0fe9f5f942f None None] Loading extension file: l2_adjacency.py {{(pid=102468) _load_all_extensions_from_path /opt/stack/neutron/neutron/api/extensions.py:449}}
Aug 24 15:45:52.773418 np0000190840 devstack@neutron-api.service[102468]: DEBUG neutron.api.extensions [None req-0e60a92e-7409-4d98-b5aa-f0fe9f5f942f None None] Ext name="L2 Adjacency" alias="l2_adjacency" description="Display L2 Adjacency for Neutron Networks." updated="2016-04-12T16:00:00-00:00" {{(pid=102468) _check_extension /opt/stack/neutron/neutron/api/extensions.py:415}}
Aug 24 15:45:52.773644 np0000190840 devstack@neutron-api.service[102468]: INFO neutron.api.extensions [None req-0e60a92e-7409-4d98-b5aa-f0fe9f5f942f None None] Extension l2_adjacency not supported by any of loaded plugins
Aug 24 15:45:52.773644 np0000190840 devstack@neutron-api.service[102468]: DEBUG neutron.api.extensions [None req-0e60a92e-7409-4d98-b5aa-f0fe9f5f942f None None] Loading extension file: l3.py {{(pid=102468) _load_all_extensions_from_path /opt/stack/neutron/neutron/api/extensions.py:449}}
Aug 24 15:45:52.774121 np0000190840 devstack@neutron-api.service[102468]: DEBUG neutron.api.extensions [None req-0e60a92e-7409-4d98-b5aa-f0fe9f5f942f None None] Ext name="Neutron L3 Router" alias="router" description="Router abstraction for basic L3 forwarding between L2 Neutron networks and access to external networks via a NAT gateway." updated="2012-07-20T10:00:00-00:00" {{(pid=102468) _check_extension /opt/stack/neutron/neutron/api/extensions.py:415}}
Aug 24 15:45:52.774295 np0000190840 devstack@neutron-api.service[102468]: INFO neutron.api.extensions [None req-0e60a92e-7409-4d98-b5aa-f0fe9f5f942f None None] Loaded extension: router
Aug 24 15:45:52.774394 np0000190840 devstack@neutron-api.service[102468]: DEBUG neutron.api.extensions [None req-0e60a92e-7409-4d98-b5aa-f0fe9f5f942f None None] Loading extension file: l3_agent_scheduler_ha_chassis_priority.py {{(pid=102468) _load_all_extensions_from_path /opt/stack/neutron/neutron/api/extensions.py:449}}
Aug 24 15:45:52.774601 np0000190840 devstack@neutron-api.service[102468]: DEBUG neutron.api.extensions [None req-0e60a92e-7409-4d98-b5aa-f0fe9f5f942f None None] Ext name="L3 Agent Scheduler HA Chassis Priority" alias="l3-agent-scheduler-ha-chassis-priority" description="Exposes the HA_Chassis priority in the L3 Agent Scheduler API responses and allows setting priority when scheduling a router to a chassis." updated="2026-03-31T00:00:00-00:00" {{(pid=102468) _check_extension /opt/stack/neutron/neutron/api/extensions.py:415}}
Aug 24 15:45:52.774795 np0000190840 devstack@neutron-api.service[102468]: INFO neutron.api.extensions [None req-0e60a92e-7409-4d98-b5aa-f0fe9f5f942f None None] Loaded extension: l3-agent-scheduler-ha-chassis-priority
Aug 24 15:45:52.774795 np0000190840 devstack@neutron-api.service[102468]: DEBUG neutron.api.extensions [None req-0e60a92e-7409-4d98-b5aa-f0fe9f5f942f None None] Loading extension file: l3_conntrack_helper.py {{(pid=102468) _load_all_extensions_from_path /opt/stack/neutron/neutron/api/extensions.py:449}}
Aug 24 15:45:52.775558 np0000190840 devstack@neutron-api.service[102468]: DEBUG neutron.api.extensions [None req-0e60a92e-7409-4d98-b5aa-f0fe9f5f942f None None] Ext name="L3 Conntrack helper" alias="l3-conntrack-helper" description="Allow adding CT target rules for conntrack helper" updated="2019-04-04T10:00:00-00:00" {{(pid=102468) _check_extension /opt/stack/neutron/neutron/api/extensions.py:415}}
Aug 24 15:45:52.775558 np0000190840 devstack@neutron-api.service[102468]: INFO neutron.api.extensions [None req-0e60a92e-7409-4d98-b5aa-f0fe9f5f942f None None] Extension l3-conntrack-helper not supported by any of loaded plugins
Aug 24 15:45:52.775948 np0000190840 devstack@neutron-api.service[102468]: DEBUG neutron.api.extensions [None req-0e60a92e-7409-4d98-b5aa-f0fe9f5f942f None None] Loading extension file: l3_enable_default_route_bfd.py {{(pid=102468) _load_all_extensions_from_path /opt/stack/neutron/neutron/api/extensions.py:449}}
Aug 24 15:45:52.775948 np0000190840 devstack@neutron-api.service[102468]: DEBUG neutron.api.extensions [None req-0e60a92e-7409-4d98-b5aa-f0fe9f5f942f None None] Ext name="Enable Default Route BFD" alias="enable-default-route-bfd" description="Enables configurable BFD behavior for default routes" updated="2023-02-27T00:00:00-00:00" {{(pid=102468) _check_extension /opt/stack/neutron/neutron/api/extensions.py:415}}
Aug 24 15:45:52.776241 np0000190840 devstack@neutron-api.service[102468]: INFO neutron.api.extensions [None req-0e60a92e-7409-4d98-b5aa-f0fe9f5f942f None None] Loaded extension: enable-default-route-bfd
Aug 24 15:45:52.776241 np0000190840 devstack@neutron-api.service[102468]: DEBUG neutron.api.extensions [None req-0e60a92e-7409-4d98-b5aa-f0fe9f5f942f None None] Loading extension file: l3_enable_default_route_ecmp.py {{(pid=102468) _load_all_extensions_from_path /opt/stack/neutron/neutron/api/extensions.py:449}}
Aug 24 15:45:52.776544 np0000190840 devstack@neutron-api.service[102468]: DEBUG neutron.api.extensions [None req-0e60a92e-7409-4d98-b5aa-f0fe9f5f942f None None] Ext name="Enable Default Route ECMP" alias="enable-default-route-ecmp" description="Enables configurable ECMP behavior for default routes" updated="2023-02-27T00:00:00-00:00" {{(pid=102468) _check_extension /opt/stack/neutron/neutron/api/extensions.py:415}}
Aug 24 15:45:52.776544 np0000190840 devstack@neutron-api.service[102468]: INFO neutron.api.extensions [None req-0e60a92e-7409-4d98-b5aa-f0fe9f5f942f None None] Loaded extension: enable-default-route-ecmp
Aug 24 15:45:52.776841 np0000190840 devstack@neutron-api.service[102468]: DEBUG neutron.api.extensions [None req-0e60a92e-7409-4d98-b5aa-f0fe9f5f942f None None] Loading extension file: l3_ext_gw_mode.py {{(pid=102468) _load_all_extensions_from_path /opt/stack/neutron/neutron/api/extensions.py:449}}
Aug 24 15:45:52.776841 np0000190840 devstack@neutron-api.service[102468]: DEBUG neutron.api.extensions [None req-0e60a92e-7409-4d98-b5aa-f0fe9f5f942f None None] Ext name="Neutron L3 Configurable external gateway mode" alias="ext-gw-mode" description="Extension of the router abstraction for specifying whether SNAT should occur on the external gateway" updated="2013-03-28T10:00:00-00:00" {{(pid=102468) _check_extension /opt/stack/neutron/neutron/api/extensions.py:415}}
Aug 24 15:45:52.777101 np0000190840 devstack@neutron-api.service[102468]: INFO neutron.api.extensions [None req-0e60a92e-7409-4d98-b5aa-f0fe9f5f942f None None] Loaded extension: ext-gw-mode
Aug 24 15:45:52.777182 np0000190840 devstack@neutron-api.service[102468]: DEBUG neutron.api.extensions [None req-0e60a92e-7409-4d98-b5aa-f0fe9f5f942f None None] Loading extension file: l3_ext_ha_mode.py {{(pid=102468) _load_all_extensions_from_path /opt/stack/neutron/neutron/api/extensions.py:449}}
Aug 24 15:45:52.777395 np0000190840 devstack@neutron-api.service[102468]: DEBUG neutron.api.extensions [None req-0e60a92e-7409-4d98-b5aa-f0fe9f5f942f None None] Ext name="HA Router extension" alias="l3-ha" description="Adds HA capability to routers." updated="2014-04-26T00:00:00-00:00" {{(pid=102468) _check_extension /opt/stack/neutron/neutron/api/extensions.py:415}}
Aug 24 15:45:52.777536 np0000190840 devstack@neutron-api.service[102468]: INFO neutron.api.extensions [None req-0e60a92e-7409-4d98-b5aa-f0fe9f5f942f None None] Loaded extension: l3-ha
Aug 24 15:45:52.777608 np0000190840 devstack@neutron-api.service[102468]: DEBUG neutron.api.extensions [None req-0e60a92e-7409-4d98-b5aa-f0fe9f5f942f None None] Loading extension file: l3_ext_ndp_proxy.py {{(pid=102468) _load_all_extensions_from_path /opt/stack/neutron/neutron/api/extensions.py:449}}
Aug 24 15:45:52.777849 np0000190840 devstack@neutron-api.service[102468]: DEBUG neutron.api.extensions [None req-0e60a92e-7409-4d98-b5aa-f0fe9f5f942f None None] Ext name="Router support to enable NDP proxy" alias="l3-ext-ndp-proxy" description="Router extension to enable ndp proxy" updated="2020-08-25T00:00:00-00:00" {{(pid=102468) _check_extension /opt/stack/neutron/neutron/api/extensions.py:415}}
Aug 24 15:45:52.778135 np0000190840 devstack@neutron-api.service[102468]: INFO neutron.api.extensions [None req-0e60a92e-7409-4d98-b5aa-f0fe9f5f942f None None] Extension l3-ext-ndp-proxy not supported by any of loaded plugins
Aug 24 15:45:52.778259 np0000190840 devstack@neutron-api.service[102468]: DEBUG neutron.api.extensions [None req-0e60a92e-7409-4d98-b5aa-f0fe9f5f942f None None] Loading extension file: l3_extra_gws.py {{(pid=102468) _load_all_extensions_from_path /opt/stack/neutron/neutron/api/extensions.py:449}}
Aug 24 15:45:52.778446 np0000190840 devstack@neutron-api.service[102468]: DEBUG neutron.api.extensions [None req-0e60a92e-7409-4d98-b5aa-f0fe9f5f942f None None] Ext name="Neutron L3 External Gateway Multihoming" alias="external-gateway-multihoming" description="Allow multiple external gateway ports per router" updated="2023-01-18T00:00:00-00:00" {{(pid=102468) _check_extension /opt/stack/neutron/neutron/api/extensions.py:415}}
Aug 24 15:45:52.778603 np0000190840 devstack@neutron-api.service[102468]: INFO neutron.api.extensions [None req-0e60a92e-7409-4d98-b5aa-f0fe9f5f942f None None] Loaded extension: external-gateway-multihoming
Aug 24 15:45:52.778677 np0000190840 devstack@neutron-api.service[102468]: DEBUG neutron.api.extensions [None req-0e60a92e-7409-4d98-b5aa-f0fe9f5f942f None None] Loading extension file: l3_flavors.py {{(pid=102468) _load_all_extensions_from_path /opt/stack/neutron/neutron/api/extensions.py:449}}
Aug 24 15:45:52.779083 np0000190840 devstack@neutron-api.service[102468]: DEBUG neutron.api.extensions [None req-0e60a92e-7409-4d98-b5aa-f0fe9f5f942f None None] Ext name="Router Flavor Extension" alias="l3-flavors" description="Flavor support for routers." updated="2016-05-17T00:00:00-00:00" {{(pid=102468) _check_extension /opt/stack/neutron/neutron/api/extensions.py:415}}
Aug 24 15:45:52.779330 np0000190840 devstack@neutron-api.service[102468]: INFO neutron.api.extensions [None req-0e60a92e-7409-4d98-b5aa-f0fe9f5f942f None None] Loaded extension: l3-flavors
Aug 24 15:45:52.779330 np0000190840 devstack@neutron-api.service[102468]: DEBUG neutron.api.extensions [None req-0e60a92e-7409-4d98-b5aa-f0fe9f5f942f None None] Loading extension file: l3_ndp_proxy.py {{(pid=102468) _load_all_extensions_from_path /opt/stack/neutron/neutron/api/extensions.py:449}}
Aug 24 15:45:52.779643 np0000190840 devstack@neutron-api.service[102468]: DEBUG neutron.api.extensions [None req-0e60a92e-7409-4d98-b5aa-f0fe9f5f942f None None] Ext name="name" alias="l3-ndp-proxy" description="description" updated="2021-06-29T10:00:00-00:00" {{(pid=102468) _check_extension /opt/stack/neutron/neutron/api/extensions.py:415}}
Aug 24 15:45:52.780167 np0000190840 devstack@neutron-api.service[102468]: INFO neutron.api.extensions [None req-0e60a92e-7409-4d98-b5aa-f0fe9f5f942f None None] Extension l3-ndp-proxy not supported by any of loaded plugins
Aug 24 15:45:52.780167 np0000190840 devstack@neutron-api.service[102468]: DEBUG neutron.api.extensions [None req-0e60a92e-7409-4d98-b5aa-f0fe9f5f942f None None] Loading extension file: l3_port_ip_change_not_allowed.py {{(pid=102468) _load_all_extensions_from_path /opt/stack/neutron/neutron/api/extensions.py:449}}
Aug 24 15:45:52.780460 np0000190840 devstack@neutron-api.service[102468]: DEBUG neutron.api.extensions [None req-0e60a92e-7409-4d98-b5aa-f0fe9f5f942f None None] Ext name="Prevent L3 router ports IP address change extension" alias="l3-port-ip-change-not-allowed" description="Prevent change of IP address for some L3 router ports" updated="2018-10-09T10:00:00-00:00" {{(pid=102468) _check_extension /opt/stack/neutron/neutron/api/extensions.py:415}}
Aug 24 15:45:52.780817 np0000190840 devstack@neutron-api.service[102468]: INFO neutron.api.extensions [None req-0e60a92e-7409-4d98-b5aa-f0fe9f5f942f None None] Extension l3-port-ip-change-not-allowed not supported by any of loaded plugins
Aug 24 15:45:52.781038 np0000190840 devstack@neutron-api.service[102468]: DEBUG neutron.api.extensions [None req-0e60a92e-7409-4d98-b5aa-f0fe9f5f942f None None] Loading extension file: l3agentscheduler.py {{(pid=102468) _load_all_extensions_from_path /opt/stack/neutron/neutron/api/extensions.py:449}}
Aug 24 15:45:52.782370 np0000190840 devstack@neutron-api.service[102468]: DEBUG neutron.api.extensions [None req-0e60a92e-7409-4d98-b5aa-f0fe9f5f942f None None] Ext name="L3 Agent Scheduler" alias="l3_agent_scheduler" description="Schedule routers among l3 agents" updated="2013-02-07T10:00:00-00:00" {{(pid=102468) _check_extension /opt/stack/neutron/neutron/api/extensions.py:415}}
Aug 24 15:45:52.782794 np0000190840 devstack@neutron-api.service[102468]: INFO neutron.api.extensions [None req-0e60a92e-7409-4d98-b5aa-f0fe9f5f942f None None] Loaded extension: l3_agent_scheduler
Aug 24 15:45:52.783118 np0000190840 devstack@neutron-api.service[102470]: DEBUG neutron_lib.callbacks.manager [None req-9b5aa801-bf07-4dca-aa75-da20bc429a40 None None] Subscribe: > router before_delete 55550000, False {{(pid=102470) subscribe /opt/stack/data/venv/lib/python3.12/site-packages/neutron_lib/callbacks/manager.py:52}}
Aug 24 15:45:52.783471 np0000190840 devstack@neutron-api.service[102468]: DEBUG neutron.api.extensions [None req-0e60a92e-7409-4d98-b5aa-f0fe9f5f942f None None] Loading extension file: local_ip.py {{(pid=102468) _load_all_extensions_from_path /opt/stack/neutron/neutron/api/extensions.py:449}}
Aug 24 15:45:52.787286 np0000190840 devstack@neutron-api.service[102470]: DEBUG neutron_lib.callbacks.manager [None req-9b5aa801-bf07-4dca-aa75-da20bc429a40 None None] Subscribe: port before_update 55550000, False {{(pid=102470) subscribe /opt/stack/data/venv/lib/python3.12/site-packages/neutron_lib/callbacks/manager.py:52}}
Aug 24 15:45:52.787286 np0000190840 devstack@neutron-api.service[102470]: DEBUG neutron_lib.callbacks.manager [None req-9b5aa801-bf07-4dca-aa75-da20bc429a40 None None] Subscribe: port after_update 55550000, False {{(pid=102470) subscribe /opt/stack/data/venv/lib/python3.12/site-packages/neutron_lib/callbacks/manager.py:52}}
Aug 24 15:45:52.787286 np0000190840 devstack@neutron-api.service[102470]: DEBUG neutron_lib.callbacks.manager [None req-9b5aa801-bf07-4dca-aa75-da20bc429a40 None None] Subscribe: > port precommit_delete 55550000, False {{(pid=102470) subscribe /opt/stack/data/venv/lib/python3.12/site-packages/neutron_lib/callbacks/manager.py:52}}
Aug 24 15:45:52.787286 np0000190840 devstack@neutron-api.service[102470]: DEBUG neutron_lib.callbacks.manager [None req-9b5aa801-bf07-4dca-aa75-da20bc429a40 None None] Subscribe: port before_update 55550000, False {{(pid=102470) subscribe /opt/stack/data/venv/lib/python3.12/site-packages/neutron_lib/callbacks/manager.py:52}}
Aug 24 15:45:52.787286 np0000190840 devstack@neutron-api.service[102470]: DEBUG neutron_lib.callbacks.manager [None req-9b5aa801-bf07-4dca-aa75-da20bc429a40 None None] Subscribe: port before_delete 55550000, False {{(pid=102470) subscribe /opt/stack/data/venv/lib/python3.12/site-packages/neutron_lib/callbacks/manager.py:52}}
Aug 24 15:45:52.787600 np0000190840 devstack@neutron-api.service[102470]: DEBUG neutron_lib.callbacks.manager [None req-9b5aa801-bf07-4dca-aa75-da20bc429a40 None None] Subscribe: > router precommit_create 55550000, False {{(pid=102470) subscribe /opt/stack/data/venv/lib/python3.12/site-packages/neutron_lib/callbacks/manager.py:52}}
Aug 24 15:45:52.787600 np0000190840 devstack@neutron-api.service[102470]: DEBUG neutron_lib.callbacks.manager [None req-9b5aa801-bf07-4dca-aa75-da20bc429a40 None None] Subscribe: > router precommit_create 55550000, False {{(pid=102470) subscribe /opt/stack/data/venv/lib/python3.12/site-packages/neutron_lib/callbacks/manager.py:52}}
Aug 24 15:45:52.787719 np0000190840 devstack@neutron-api.service[102468]: DEBUG neutron.api.extensions [None req-0e60a92e-7409-4d98-b5aa-f0fe9f5f942f None None] Ext name="Local IP" alias="local_ip" description="Support Node Local Virtual IP" updated="2021-07-26T10:00:00-00:00" {{(pid=102468) _check_extension /opt/stack/neutron/neutron/api/extensions.py:415}}
Aug 24 15:45:52.787811 np0000190840 devstack@neutron-api.service[102470]: DEBUG neutron_lib.callbacks.manager [None req-9b5aa801-bf07-4dca-aa75-da20bc429a40 None None] Subscribe: > router precommit_update 55550000, False {{(pid=102470) subscribe /opt/stack/data/venv/lib/python3.12/site-packages/neutron_lib/callbacks/manager.py:52}}
Aug 24 15:45:52.787811 np0000190840 devstack@neutron-api.service[102470]: DEBUG neutron_lib.callbacks.manager [None req-9b5aa801-bf07-4dca-aa75-da20bc429a40 None None] Subscribe: subnet after_update 55550000, False {{(pid=102470) subscribe /opt/stack/data/venv/lib/python3.12/site-packages/neutron_lib/callbacks/manager.py:52}}
Aug 24 15:45:52.787945 np0000190840 devstack@neutron-api.service[102468]: INFO neutron.api.extensions [None req-0e60a92e-7409-4d98-b5aa-f0fe9f5f942f None None] Extension local_ip not supported by any of loaded plugins
Aug 24 15:45:52.787945 np0000190840 devstack@neutron-api.service[102468]: DEBUG neutron.api.extensions [None req-0e60a92e-7409-4d98-b5aa-f0fe9f5f942f None None] Loading extension file: logging.py {{(pid=102468) _load_all_extensions_from_path /opt/stack/neutron/neutron/api/extensions.py:449}}
Aug 24 15:45:52.788086 np0000190840 devstack@neutron-api.service[102470]: DEBUG neutron.quota.resource_registry [None req-9b5aa801-bf07-4dca-aa75-da20bc429a40 None None] Tracking information for resource: router configured {{(pid=102470) set_tracked_resource /opt/stack/neutron/neutron/quota/resource_registry.py:203}}
Aug 24 15:45:52.788086 np0000190840 devstack@neutron-api.service[102470]: DEBUG neutron.quota.resource_registry [None req-9b5aa801-bf07-4dca-aa75-da20bc429a40 None None] Tracking information for resource: floatingip configured {{(pid=102470) set_tracked_resource /opt/stack/neutron/neutron/quota/resource_registry.py:203}}
Aug 24 15:45:52.788086 np0000190840 devstack@neutron-api.service[102470]: INFO neutron.services.ovn_l3.plugin [None req-9b5aa801-bf07-4dca-aa75-da20bc429a40 None None] Starting OVNL3RouterPlugin
Aug 24 15:45:52.788245 np0000190840 devstack@neutron-api.service[102468]: DEBUG neutron.api.extensions [None req-0e60a92e-7409-4d98-b5aa-f0fe9f5f942f None None] Ext name="Logging API Extension" alias="logging" description="Provides a logging API for resources such as security group and firewall." updated="2017-01-01T10:00:00-00:00" {{(pid=102468) _check_extension /opt/stack/neutron/neutron/api/extensions.py:415}}
Aug 24 15:45:52.788326 np0000190840 devstack@neutron-api.service[102470]: DEBUG neutron_lib.callbacks.manager [None req-9b5aa801-bf07-4dca-aa75-da20bc429a40 None None] Subscribe: > port_forwarding_plugin after_init 55550000, False {{(pid=102470) subscribe /opt/stack/data/venv/lib/python3.12/site-packages/neutron_lib/callbacks/manager.py:52}}
Aug 24 15:45:52.788415 np0000190840 devstack@neutron-api.service[102468]: INFO neutron.api.extensions [None req-0e60a92e-7409-4d98-b5aa-f0fe9f5f942f None None] Extension logging not supported by any of loaded plugins
Aug 24 15:45:52.788415 np0000190840 devstack@neutron-api.service[102468]: DEBUG neutron.api.extensions [None req-0e60a92e-7409-4d98-b5aa-f0fe9f5f942f None None] Loading extension file: metering.py {{(pid=102468) _load_all_extensions_from_path /opt/stack/neutron/neutron/api/extensions.py:449}}
Aug 24 15:45:52.788535 np0000190840 devstack@neutron-api.service[102470]: DEBUG neutron_lib.callbacks.manager [None req-9b5aa801-bf07-4dca-aa75-da20bc429a40 None None] Subscribe: > router before_create 55550100, False {{(pid=102470) subscribe /opt/stack/data/venv/lib/python3.12/site-packages/neutron_lib/callbacks/manager.py:52}}
Aug 24 15:45:52.788535 np0000190840 devstack@neutron-api.service[102470]: DEBUG neutron_lib.callbacks.manager [None req-9b5aa801-bf07-4dca-aa75-da20bc429a40 None None] Subscribe: > router precommit_delete 55550100, False {{(pid=102470) subscribe /opt/stack/data/venv/lib/python3.12/site-packages/neutron_lib/callbacks/manager.py:52}}
Aug 24 15:45:52.788535 np0000190840 devstack@neutron-api.service[102470]: DEBUG neutron_lib.callbacks.manager [None req-9b5aa801-bf07-4dca-aa75-da20bc429a40 None None] Subscribe: > router precommit_create 55550100, False {{(pid=102470) subscribe /opt/stack/data/venv/lib/python3.12/site-packages/neutron_lib/callbacks/manager.py:52}}
Aug 24 15:45:52.788535 np0000190840 devstack@neutron-api.service[102470]: DEBUG neutron_lib.callbacks.manager [None req-9b5aa801-bf07-4dca-aa75-da20bc429a40 None None] Subscribe: > router precommit_update 55550100, False {{(pid=102470) subscribe /opt/stack/data/venv/lib/python3.12/site-packages/neutron_lib/callbacks/manager.py:52}}
Aug 24 15:45:52.788727 np0000190840 devstack@neutron-api.service[102468]: DEBUG neutron.api.extensions [None req-0e60a92e-7409-4d98-b5aa-f0fe9f5f942f None None] Ext name="Neutron Metering" alias="metering" description="Neutron Metering extension." updated="2013-06-12T10:00:00-00:00" {{(pid=102468) _check_extension /opt/stack/neutron/neutron/api/extensions.py:415}}
Aug 24 15:45:52.788727 np0000190840 devstack@neutron-api.service[102468]: INFO neutron.api.extensions [None req-0e60a92e-7409-4d98-b5aa-f0fe9f5f942f None None] Extension metering not supported by any of loaded plugins
Aug 24 15:45:52.788727 np0000190840 devstack@neutron-api.service[102468]: DEBUG neutron.api.extensions [None req-0e60a92e-7409-4d98-b5aa-f0fe9f5f942f None None] Loading extension file: metering_source_and_destination_fields.py {{(pid=102468) _load_all_extensions_from_path /opt/stack/neutron/neutron/api/extensions.py:449}}
Aug 24 15:45:52.788727 np0000190840 devstack@neutron-api.service[102468]: DEBUG neutron.api.extensions [None req-0e60a92e-7409-4d98-b5aa-f0fe9f5f942f None None] Ext name="Neutron Metering with source and destination filtering" alias="metering_source_and_destination_fields" description="Neutron Metering extension that enables the use of source and destination IP prefixes to create metering label rules." updated="2020-08-21T08:12:00-00:00" {{(pid=102468) _check_extension /opt/stack/neutron/neutron/api/extensions.py:415}}
Aug 24 15:45:52.788727 np0000190840 devstack@neutron-api.service[102468]: INFO neutron.api.extensions [None req-0e60a92e-7409-4d98-b5aa-f0fe9f5f942f None None] Extension metering_source_and_destination_fields not supported by any of loaded plugins
Aug 24 15:45:52.788727 np0000190840 devstack@neutron-api.service[102468]: DEBUG neutron.api.extensions [None req-0e60a92e-7409-4d98-b5aa-f0fe9f5f942f None None] Loading extension file: multiprovidernet.py {{(pid=102468) _load_all_extensions_from_path /opt/stack/neutron/neutron/api/extensions.py:449}}
Aug 24 15:45:52.788992 np0000190840 devstack@neutron-api.service[102468]: DEBUG neutron.api.extensions [None req-0e60a92e-7409-4d98-b5aa-f0fe9f5f942f None None] Ext name="Multi Provider Network" alias="multi-provider" description="Expose mapping of virtual networks to multiple physical networks" updated="2013-06-27T10:00:00-00:00" {{(pid=102468) _check_extension /opt/stack/neutron/neutron/api/extensions.py:415}}
Aug 24 15:45:52.788992 np0000190840 devstack@neutron-api.service[102468]: INFO neutron.api.extensions [None req-0e60a92e-7409-4d98-b5aa-f0fe9f5f942f None None] Loaded extension: multi-provider
Aug 24 15:45:52.788992 np0000190840 devstack@neutron-api.service[102468]: DEBUG neutron.api.extensions [None req-0e60a92e-7409-4d98-b5aa-f0fe9f5f942f None None] Loading extension file: netmtu.py {{(pid=102468) _load_all_extensions_from_path /opt/stack/neutron/neutron/api/extensions.py:449}}
Aug 24 15:45:52.788992 np0000190840 devstack@neutron-api.service[102468]: DEBUG neutron.api.extensions [None req-0e60a92e-7409-4d98-b5aa-f0fe9f5f942f None None] Ext name="Network MTU" alias="net-mtu" description="Provides MTU attribute for a network resource." updated="2015-03-25T10:00:00-00:00" {{(pid=102468) _check_extension /opt/stack/neutron/neutron/api/extensions.py:415}}
Aug 24 15:45:52.788992 np0000190840 devstack@neutron-api.service[102468]: INFO neutron.api.extensions [None req-0e60a92e-7409-4d98-b5aa-f0fe9f5f942f None None] Loaded extension: net-mtu
Aug 24 15:45:52.788992 np0000190840 devstack@neutron-api.service[102468]: DEBUG neutron.api.extensions [None req-0e60a92e-7409-4d98-b5aa-f0fe9f5f942f None None] Loading extension file: netmtu_writable.py {{(pid=102468) _load_all_extensions_from_path /opt/stack/neutron/neutron/api/extensions.py:449}}
Aug 24 15:45:52.788992 np0000190840 devstack@neutron-api.service[102468]: DEBUG neutron.api.extensions [None req-0e60a92e-7409-4d98-b5aa-f0fe9f5f942f None None] Ext name="Network MTU (writable)" alias="net-mtu-writable" description="Provides a writable MTU attribute for a network resource." updated="2017-07-12T00:00:00-00:00" {{(pid=102468) _check_extension /opt/stack/neutron/neutron/api/extensions.py:415}}
Aug 24 15:45:52.789299 np0000190840 devstack@neutron-api.service[102468]: INFO neutron.api.extensions [None req-0e60a92e-7409-4d98-b5aa-f0fe9f5f942f None None] Loaded extension: net-mtu-writable
Aug 24 15:45:52.789299 np0000190840 devstack@neutron-api.service[102468]: DEBUG neutron.api.extensions [None req-0e60a92e-7409-4d98-b5aa-f0fe9f5f942f None None] Loading extension file: network_availability_zone.py {{(pid=102468) _load_all_extensions_from_path /opt/stack/neutron/neutron/api/extensions.py:449}}
Aug 24 15:45:52.789299 np0000190840 devstack@neutron-api.service[102468]: DEBUG neutron.api.extensions [None req-0e60a92e-7409-4d98-b5aa-f0fe9f5f942f None None] Ext name="Network Availability Zone" alias="network_availability_zone" description="Availability zone support for network." updated="2015-01-01T10:00:00-00:00" {{(pid=102468) _check_extension /opt/stack/neutron/neutron/api/extensions.py:415}}
Aug 24 15:45:52.789299 np0000190840 devstack@neutron-api.service[102468]: INFO neutron.api.extensions [None req-0e60a92e-7409-4d98-b5aa-f0fe9f5f942f None None] Loaded extension: network_availability_zone
Aug 24 15:45:52.789299 np0000190840 devstack@neutron-api.service[102468]: DEBUG neutron.api.extensions [None req-0e60a92e-7409-4d98-b5aa-f0fe9f5f942f None None] Loading extension file: network_ha.py {{(pid=102468) _load_all_extensions_from_path /opt/stack/neutron/neutron/api/extensions.py:449}}
Aug 24 15:45:52.789299 np0000190840 devstack@neutron-api.service[102468]: DEBUG neutron.api.extensions [None req-0e60a92e-7409-4d98-b5aa-f0fe9f5f942f None None] Ext name="Network HA creation flag" alias="network_ha" description="Network high availability creation flag." updated="2023-04-27T10:00:00-00:00" {{(pid=102468) _check_extension /opt/stack/neutron/neutron/api/extensions.py:415}}
Aug 24 15:45:52.789548 np0000190840 devstack@neutron-api.service[102470]: DEBUG neutron.services.provider_configuration [None req-9b5aa801-bf07-4dca-aa75-da20bc429a40 None None] Service providers = [] {{(pid=102470) parse_service_provider_opt /opt/stack/neutron/neutron/services/provider_configuration.py:170}}
Aug 24 15:45:52.789741 np0000190840 devstack@neutron-api.service[102468]: INFO neutron.api.extensions [None req-0e60a92e-7409-4d98-b5aa-f0fe9f5f942f None None] Extension network_ha not supported by any of loaded plugins
Aug 24 15:45:52.789741 np0000190840 devstack@neutron-api.service[102468]: DEBUG neutron.api.extensions [None req-0e60a92e-7409-4d98-b5aa-f0fe9f5f942f None None] Loading extension file: network_ip_availability.py {{(pid=102468) _load_all_extensions_from_path /opt/stack/neutron/neutron/api/extensions.py:449}}
Aug 24 15:45:52.789875 np0000190840 devstack@neutron-api.service[102470]: DEBUG neutron.db.servicetype_db [None req-9b5aa801-bf07-4dca-aa75-da20bc429a40 None None] Adding provider configuration for service L3_ROUTER_NAT {{(pid=102470) add_provider_configuration /opt/stack/neutron/neutron/db/servicetype_db.py:45}}
Aug 24 15:45:52.790005 np0000190840 devstack@neutron-api.service[102468]: DEBUG neutron.api.extensions [None req-0e60a92e-7409-4d98-b5aa-f0fe9f5f942f None None] Ext name="Network IP Availability" alias="network-ip-availability" description="Provides IP availability data for each network and subnet." updated="2015-09-24T00:00:00-00:00" {{(pid=102468) _check_extension /opt/stack/neutron/neutron/api/extensions.py:415}}
Aug 24 15:45:52.790005 np0000190840 devstack@neutron-api.service[102468]: INFO neutron.api.extensions [None req-0e60a92e-7409-4d98-b5aa-f0fe9f5f942f None None] Loaded extension: network-ip-availability
Aug 24 15:45:52.790005 np0000190840 devstack@neutron-api.service[102468]: DEBUG neutron.api.extensions [None req-0e60a92e-7409-4d98-b5aa-f0fe9f5f942f None None] Loading extension file: network_ip_availability_details.py {{(pid=102468) _load_all_extensions_from_path /opt/stack/neutron/neutron/api/extensions.py:449}}
Aug 24 15:45:52.790255 np0000190840 devstack@neutron-api.service[102468]: DEBUG neutron.api.extensions [None req-0e60a92e-7409-4d98-b5aa-f0fe9f5f942f None None] Ext name="Network IP Availability Details Extension" alias="network-ip-availability-details" description="Add ip_availability_details attribute to network-ip-availabilities resource." updated="2025-10-31T00:00:00-00:00" {{(pid=102468) _check_extension /opt/stack/neutron/neutron/api/extensions.py:415}}
Aug 24 15:45:52.790453 np0000190840 devstack@neutron-api.service[102468]: INFO neutron.api.extensions [None req-0e60a92e-7409-4d98-b5aa-f0fe9f5f942f None None] Loaded extension: network-ip-availability-details
Aug 24 15:45:52.790626 np0000190840 devstack@neutron-api.service[102468]: DEBUG neutron.api.extensions [None req-0e60a92e-7409-4d98-b5aa-f0fe9f5f942f None None] Loading extension file: network_segment_range.py {{(pid=102468) _load_all_extensions_from_path /opt/stack/neutron/neutron/api/extensions.py:449}}
Aug 24 15:45:52.791129 np0000190840 devstack@neutron-api.service[102468]: DEBUG neutron.api.extensions [None req-0e60a92e-7409-4d98-b5aa-f0fe9f5f942f None None] Ext name="Neutron Network Segment Range" alias="network-segment-range" description="Provides support for the network segment range management" updated="2018-11-29T00:00:00-00:00" {{(pid=102468) _check_extension /opt/stack/neutron/neutron/api/extensions.py:415}}
Aug 24 15:45:52.791221 np0000190840 devstack@neutron-api.service[102468]: INFO neutron.api.extensions [None req-0e60a92e-7409-4d98-b5aa-f0fe9f5f942f None None] Extension network-segment-range not supported by any of loaded plugins
Aug 24 15:45:52.794516 np0000190840 devstack@neutron-api.service[102470]: DEBUG neutron_lib.callbacks.manager [None req-9b5aa801-bf07-4dca-aa75-da20bc429a40 None None] Subscribe: > router precommit_create 55549900, False {{(pid=102470) subscribe /opt/stack/data/venv/lib/python3.12/site-packages/neutron_lib/callbacks/manager.py:52}}
Aug 24 15:45:52.795175 np0000190840 devstack@neutron-api.service[102468]: DEBUG neutron.api.extensions [None req-0e60a92e-7409-4d98-b5aa-f0fe9f5f942f None None] Loading extension file: ovn_bgp.py {{(pid=102468) _load_all_extensions_from_path /opt/stack/neutron/neutron/api/extensions.py:449}}
Aug 24 15:45:52.795664 np0000190840 devstack@neutron-api.service[102470]: DEBUG neutron_lib.callbacks.manager [None req-9b5aa801-bf07-4dca-aa75-da20bc429a40 None None] Subscribe: > router_interface after_create 55550000, False {{(pid=102470) subscribe /opt/stack/data/venv/lib/python3.12/site-packages/neutron_lib/callbacks/manager.py:52}}
Aug 24 15:45:52.795802 np0000190840 devstack@neutron-api.service[102468]: DEBUG neutron.api.extensions [None req-0e60a92e-7409-4d98-b5aa-f0fe9f5f942f None None] Ext name="OVN BGP" alias="ovn-bgp" description="Subnet extension to support OVN BGP route leaking" updated="2026-07-20T00:00:00-00:00" {{(pid=102468) _check_extension /opt/stack/neutron/neutron/api/extensions.py:415}}
Aug 24 15:45:52.795894 np0000190840 devstack@neutron-api.service[102470]: DEBUG neutron_lib.callbacks.manager [None req-9b5aa801-bf07-4dca-aa75-da20bc429a40 None None] Subscribe: > floatingip after_create 55550000, False {{(pid=102470) subscribe /opt/stack/data/venv/lib/python3.12/site-packages/neutron_lib/callbacks/manager.py:52}}
Aug 24 15:45:52.795894 np0000190840 devstack@neutron-api.service[102470]: DEBUG neutron_lib.callbacks.manager [None req-9b5aa801-bf07-4dca-aa75-da20bc429a40 None None] Subscribe: > floatingip precommit_create 55550000, False {{(pid=102470) subscribe /opt/stack/data/venv/lib/python3.12/site-packages/neutron_lib/callbacks/manager.py:52}}
Aug 24 15:45:52.796485 np0000190840 devstack@neutron-api.service[102468]: INFO neutron.api.extensions [None req-0e60a92e-7409-4d98-b5aa-f0fe9f5f942f None None] Extension ovn-bgp not supported by any of loaded plugins
Aug 24 15:45:52.796485 np0000190840 devstack@neutron-api.service[102468]: DEBUG neutron.api.extensions [None req-0e60a92e-7409-4d98-b5aa-f0fe9f5f942f None None] Loading extension file: pagination.py {{(pid=102468) _load_all_extensions_from_path /opt/stack/neutron/neutron/api/extensions.py:449}}
Aug 24 15:45:52.796857 np0000190840 devstack@neutron-api.service[102470]: DEBUG neutron_lib.callbacks.manager [None req-9b5aa801-bf07-4dca-aa75-da20bc429a40 None None] Subscribe: > floatingip precommit_update 55550000, False {{(pid=102470) subscribe /opt/stack/data/venv/lib/python3.12/site-packages/neutron_lib/callbacks/manager.py:52}}
Aug 24 15:45:52.796857 np0000190840 devstack@neutron-api.service[102470]: DEBUG neutron_lib.callbacks.manager [None req-9b5aa801-bf07-4dca-aa75-da20bc429a40 None None] Subscribe: > floatingip after_delete 55550000, False {{(pid=102470) subscribe /opt/stack/data/venv/lib/python3.12/site-packages/neutron_lib/callbacks/manager.py:52}}
Aug 24 15:45:52.796857 np0000190840 devstack@neutron-api.service[102470]: DEBUG neutron_lib.callbacks.manager [None req-9b5aa801-bf07-4dca-aa75-da20bc429a40 None None] Subscribe: > floatingip after_status_update 55550000, False {{(pid=102470) subscribe /opt/stack/data/venv/lib/python3.12/site-packages/neutron_lib/callbacks/manager.py:52}}
Aug 24 15:45:52.797323 np0000190840 devstack@neutron-api.service[102468]: DEBUG neutron.api.extensions [None req-0e60a92e-7409-4d98-b5aa-f0fe9f5f942f None None] Ext name="Pagination support" alias="pagination" description="Extension that indicates that pagination is enabled." updated="2016-06-12T00:00:00-00:00" {{(pid=102468) _check_extension /opt/stack/neutron/neutron/api/extensions.py:415}}
Aug 24 15:45:52.797650 np0000190840 devstack@neutron-api.service[102470]: DEBUG neutron_lib.callbacks.manager [None req-9b5aa801-bf07-4dca-aa75-da20bc429a40 None None] Subscribe: > floatingip after_update 55550000, False {{(pid=102470) subscribe /opt/stack/data/venv/lib/python3.12/site-packages/neutron_lib/callbacks/manager.py:52}}
Aug 24 15:45:52.797869 np0000190840 devstack@neutron-api.service[102468]: INFO neutron.api.extensions [None req-0e60a92e-7409-4d98-b5aa-f0fe9f5f942f None None] Loaded extension: pagination
Aug 24 15:45:52.797869 np0000190840 devstack@neutron-api.service[102468]: DEBUG neutron.api.extensions [None req-0e60a92e-7409-4d98-b5aa-f0fe9f5f942f None None] Loading extension file: port_device_profile.py {{(pid=102468) _load_all_extensions_from_path /opt/stack/neutron/neutron/api/extensions.py:449}}
Aug 24 15:45:52.798123 np0000190840 devstack@neutron-api.service[102470]: DEBUG neutron_lib.callbacks.manager [None req-9b5aa801-bf07-4dca-aa75-da20bc429a40 None None] Subscribe: > port_forwarding after_create 55550000, False {{(pid=102470) subscribe /opt/stack/data/venv/lib/python3.12/site-packages/neutron_lib/callbacks/manager.py:52}}
Aug 24 15:45:52.798123 np0000190840 devstack@neutron-api.service[102470]: DEBUG neutron_lib.callbacks.manager [None req-9b5aa801-bf07-4dca-aa75-da20bc429a40 None None] Subscribe: > router_interface after_delete 55550000, False {{(pid=102470) subscribe /opt/stack/data/venv/lib/python3.12/site-packages/neutron_lib/callbacks/manager.py:52}}
Aug 24 15:45:52.798625 np0000190840 devstack@neutron-api.service[102468]: DEBUG neutron.api.extensions [None req-0e60a92e-7409-4d98-b5aa-f0fe9f5f942f None None] Ext name="Port device profile" alias="port-device-profile" description="Expose the port device profile (Cyborg)" updated="2020-12-17T10:00:00-00:00" {{(pid=102468) _check_extension /opt/stack/neutron/neutron/api/extensions.py:415}}
Aug 24 15:45:52.799083 np0000190840 devstack@neutron-api.service[102470]: DEBUG neutron_lib.callbacks.manager [None req-9b5aa801-bf07-4dca-aa75-da20bc429a40 None None] Subscribe: > router after_create 55550000, False {{(pid=102470) subscribe /opt/stack/data/venv/lib/python3.12/site-packages/neutron_lib/callbacks/manager.py:52}}
Aug 24 15:45:52.799485 np0000190840 devstack@neutron-api.service[102468]: INFO neutron.api.extensions [None req-0e60a92e-7409-4d98-b5aa-f0fe9f5f942f None None] Loaded extension: port-device-profile
Aug 24 15:45:52.799862 np0000190840 devstack@neutron-api.service[102470]: DEBUG neutron_lib.callbacks.manager [None req-9b5aa801-bf07-4dca-aa75-da20bc429a40 None None] Subscribe: > router precommit_create 55550000, False {{(pid=102470) subscribe /opt/stack/data/venv/lib/python3.12/site-packages/neutron_lib/callbacks/manager.py:52}}
