May 21 23:15:04.763170 np0000176056 systemd[1]: Starting devstack@n-api.service - Devstack devstack@n-api.service...
May 21 23:15:04.769106 np0000176056 devstack@n-api.service[100120]: [uWSGI] getting INI configuration from /etc/nova/nova-api-uwsgi.ini
May 21 23:15:04.771607 np0000176056 devstack@n-api.service[100120]: *** Starting uWSGI 2.0.24-debian (64bit) on [Thu May 21 23:15:04 2026] ***
May 21 23:15:04.771607 np0000176056 devstack@n-api.service[100120]: compiled with version: 13.2.0 on 17 April 2024 16:23:48
May 21 23:15:04.771607 np0000176056 devstack@n-api.service[100120]: os: Linux-6.8.0-117-generic #117-Ubuntu SMP PREEMPT_DYNAMIC Tue May 5 19:26:24 UTC 2026
May 21 23:15:04.771607 np0000176056 devstack@n-api.service[100120]: nodename: np0000176056
May 21 23:15:04.771607 np0000176056 devstack@n-api.service[100120]: machine: x86_64
May 21 23:15:04.771607 np0000176056 devstack@n-api.service[100120]: clock source: unix
May 21 23:15:04.771607 np0000176056 devstack@n-api.service[100120]: pcre jit disabled
May 21 23:15:04.771607 np0000176056 devstack@n-api.service[100120]: detected number of CPU cores: 16
May 21 23:15:04.771607 np0000176056 devstack@n-api.service[100120]: current working directory: /
May 21 23:15:04.771607 np0000176056 devstack@n-api.service[100120]: detected binary path: /usr/bin/uwsgi-core
May 21 23:15:04.771607 np0000176056 devstack@n-api.service[100120]: your processes number limit is 256917
May 21 23:15:04.771607 np0000176056 devstack@n-api.service[100120]: your memory page size is 4096 bytes
May 21 23:15:04.771607 np0000176056 devstack@n-api.service[100120]: detected max file descriptor number: 2048
May 21 23:15:04.771607 np0000176056 devstack@n-api.service[100120]: lock engine: pthread robust mutexes
May 21 23:15:04.772457 np0000176056 devstack@n-api.service[100120]: thunder lock: enabled
May 21 23:15:04.772457 np0000176056 devstack@n-api.service[100120]: uwsgi socket 0 bound to UNIX address /var/run/uwsgi/nova-api.socket fd 4
May 21 23:15:04.772457 np0000176056 devstack@n-api.service[100120]: Python version: 3.12.3 (main, Mar 23 2026, 19:04:32) [GCC 13.3.0]
May 21 23:15:04.772457 np0000176056 devstack@n-api.service[100120]: PEP 405 virtualenv detected: /opt/stack/data/venv
May 21 23:15:04.772457 np0000176056 devstack@n-api.service[100120]: Set PythonHome to /opt/stack/data/venv
May 21 23:15:04.807663 np0000176056 devstack@n-api.service[100120]: Python main interpreter initialized at 0x7feeabaa3668
May 21 23:15:04.807663 np0000176056 devstack@n-api.service[100120]: python threads support enabled
May 21 23:15:04.807663 np0000176056 devstack@n-api.service[100120]: your server socket listen backlog is limited to 100 connections
May 21 23:15:04.807663 np0000176056 devstack@n-api.service[100120]: your mercy for graceful operations on workers is 80 seconds
May 21 23:15:04.808367 np0000176056 devstack@n-api.service[100120]: mapped 671795 bytes (656 KB) for 4 cores
May 21 23:15:04.808477 np0000176056 devstack@n-api.service[100120]: *** Operational MODE: preforking ***
May 21 23:15:04.808586 np0000176056 devstack@n-api.service[100120]: *** uWSGI is running in multiple interpreter mode ***
May 21 23:15:04.808586 np0000176056 devstack@n-api.service[100120]: spawned uWSGI master process (pid: 100120)
May 21 23:15:04.808791 np0000176056 systemd[1]: Started devstack@n-api.service - Devstack devstack@n-api.service.
May 21 23:15:04.809619 np0000176056 devstack@n-api.service[100120]: spawned uWSGI worker 1 (pid: 100121, cores: 1)
May 21 23:15:04.810154 np0000176056 devstack@n-api.service[100120]: spawned uWSGI worker 2 (pid: 100122, cores: 1)
May 21 23:15:04.810699 np0000176056 devstack@n-api.service[100120]: spawned uWSGI worker 3 (pid: 100123, cores: 1)
May 21 23:15:04.811801 np0000176056 devstack@n-api.service[100120]: spawned uWSGI worker 4 (pid: 100124, cores: 1)
May 21 23:15:04.811801 np0000176056 devstack@n-api.service[100120]: running "unix_signal:15 gracefully_kill_them_all" (master-start)...
May 21 23:15:06.702458 np0000176056 devstack@n-api.service[100124]: INFO dbcounter [None req-1957aebd-428a-48f0-9208-5d511c102a9c None None] Registered counter for database nova_api
May 21 23:15:06.703899 np0000176056 devstack@n-api.service[100123]: INFO dbcounter [None req-c0b7895e-311b-4f4c-8bd6-d813b505f543 None None] Registered counter for database nova_api
May 21 23:15:06.714550 np0000176056 devstack@n-api.service[100124]: DEBUG oslo_db.sqlalchemy.engines [None req-1957aebd-428a-48f0-9208-5d511c102a9c None None] MySQL server mode set to STRICT_TRANS_TABLES,STRICT_ALL_TABLES,NO_ZERO_IN_DATE,NO_ZERO_DATE,ERROR_FOR_DIVISION_BY_ZERO,TRADITIONAL,NO_ENGINE_SUBSTITUTION {{(pid=100124) _check_effective_sql_mode /opt/stack/data/venv/lib/python3.12/site-packages/oslo_db/sqlalchemy/engines.py:325}}
May 21 23:15:06.717888 np0000176056 devstack@n-api.service[100123]: DEBUG oslo_db.sqlalchemy.engines [None req-c0b7895e-311b-4f4c-8bd6-d813b505f543 None None] MySQL server mode set to STRICT_TRANS_TABLES,STRICT_ALL_TABLES,NO_ZERO_IN_DATE,NO_ZERO_DATE,ERROR_FOR_DIVISION_BY_ZERO,TRADITIONAL,NO_ENGINE_SUBSTITUTION {{(pid=100123) _check_effective_sql_mode /opt/stack/data/venv/lib/python3.12/site-packages/oslo_db/sqlalchemy/engines.py:325}}
May 21 23:15:06.745279 np0000176056 devstack@n-api.service[100121]: INFO dbcounter [None req-e01c121f-5401-4b52-b007-b02122dc2303 None None] Registered counter for database nova_api
May 21 23:15:06.746266 np0000176056 devstack@n-api.service[100124]: DEBUG dbcounter [-] [100124] Writer thread running {{(pid=100124) stat_writer /opt/stack/data/venv/lib/python3.12/site-packages/dbcounter.py:102}}
May 21 23:15:06.748268 np0000176056 devstack@n-api.service[100123]: DEBUG dbcounter [-] [100123] Writer thread running {{(pid=100123) stat_writer /opt/stack/data/venv/lib/python3.12/site-packages/dbcounter.py:102}}
May 21 23:15:06.749519 np0000176056 devstack@n-api.service[100124]: DEBUG nova.context [None req-1957aebd-428a-48f0-9208-5d511c102a9c None None] Found 2 cells: 00000000-0000-0000-0000-000000000000(cell0),7c448821-8b22-4d4e-beb8-fa1fec54146c(cell1) {{(pid=100124) load_cells /opt/stack/nova/nova/context.py:509}}
May 21 23:15:06.750281 np0000176056 devstack@n-api.service[100124]: INFO nova.utils [None req-1957aebd-428a-48f0-9208-5d511c102a9c None None] The cell worker thread pool MainProcess.cell_worker is initialized
May 21 23:15:06.750625 np0000176056 devstack@n-api.service[100123]: DEBUG nova.context [None req-c0b7895e-311b-4f4c-8bd6-d813b505f543 None None] Found 2 cells: 00000000-0000-0000-0000-000000000000(cell0),7c448821-8b22-4d4e-beb8-fa1fec54146c(cell1) {{(pid=100123) load_cells /opt/stack/nova/nova/context.py:509}}
May 21 23:15:06.750939 np0000176056 devstack@n-api.service[100123]: INFO nova.utils [None req-c0b7895e-311b-4f4c-8bd6-d813b505f543 None None] The cell worker thread pool MainProcess.cell_worker is initialized
May 21 23:15:06.753071 np0000176056 devstack@n-api.service[100123]: DEBUG oslo_concurrency.lockutils [None req-c0b7895e-311b-4f4c-8bd6-d813b505f543 None None] Acquiring lock "00000000-0000-0000-0000-000000000000" by "nova.context.set_target_cell..get_or_set_cached_cell_and_set_connections" {{(pid=100123) inner /opt/stack/data/venv/lib/python3.12/site-packages/oslo_concurrency/lockutils.py:511}}
May 21 23:15:06.753256 np0000176056 devstack@n-api.service[100123]: DEBUG oslo_concurrency.lockutils [None req-c0b7895e-311b-4f4c-8bd6-d813b505f543 None None] Lock "00000000-0000-0000-0000-000000000000" acquired by "nova.context.set_target_cell..get_or_set_cached_cell_and_set_connections" :: waited 0.000s {{(pid=100123) inner /opt/stack/data/venv/lib/python3.12/site-packages/oslo_concurrency/lockutils.py:524}}
May 21 23:15:06.753660 np0000176056 devstack@n-api.service[100123]: DEBUG oslo_concurrency.lockutils [None req-c0b7895e-311b-4f4c-8bd6-d813b505f543 None None] Lock "00000000-0000-0000-0000-000000000000" "released" by "nova.context.set_target_cell..get_or_set_cached_cell_and_set_connections" :: held 0.000s {{(pid=100123) inner /opt/stack/data/venv/lib/python3.12/site-packages/oslo_concurrency/lockutils.py:543}}
May 21 23:15:06.754658 np0000176056 devstack@n-api.service[100123]: DEBUG oslo_concurrency.lockutils [None req-c0b7895e-311b-4f4c-8bd6-d813b505f543 None None] Acquiring lock "7c448821-8b22-4d4e-beb8-fa1fec54146c" by "nova.context.set_target_cell..get_or_set_cached_cell_and_set_connections" {{(pid=100123) inner /opt/stack/data/venv/lib/python3.12/site-packages/oslo_concurrency/lockutils.py:511}}
May 21 23:15:06.754843 np0000176056 devstack@n-api.service[100123]: DEBUG oslo_concurrency.lockutils [None req-c0b7895e-311b-4f4c-8bd6-d813b505f543 None None] Lock "7c448821-8b22-4d4e-beb8-fa1fec54146c" acquired by "nova.context.set_target_cell..get_or_set_cached_cell_and_set_connections" :: waited 0.000s {{(pid=100123) inner /opt/stack/data/venv/lib/python3.12/site-packages/oslo_concurrency/lockutils.py:524}}
May 21 23:15:06.755291 np0000176056 devstack@n-api.service[100124]: DEBUG oslo_concurrency.lockutils [None req-1957aebd-428a-48f0-9208-5d511c102a9c None None] Acquiring lock "00000000-0000-0000-0000-000000000000" by "nova.context.set_target_cell..get_or_set_cached_cell_and_set_connections" {{(pid=100124) inner /opt/stack/data/venv/lib/python3.12/site-packages/oslo_concurrency/lockutils.py:511}}
May 21 23:15:06.755798 np0000176056 devstack@n-api.service[100124]: DEBUG oslo_concurrency.lockutils [None req-1957aebd-428a-48f0-9208-5d511c102a9c None None] Lock "00000000-0000-0000-0000-000000000000" acquired by "nova.context.set_target_cell..get_or_set_cached_cell_and_set_connections" :: waited 0.001s {{(pid=100124) inner /opt/stack/data/venv/lib/python3.12/site-packages/oslo_concurrency/lockutils.py:524}}
May 21 23:15:06.755849 np0000176056 devstack@n-api.service[100123]: DEBUG oslo_concurrency.lockutils [None req-c0b7895e-311b-4f4c-8bd6-d813b505f543 None None] Lock "7c448821-8b22-4d4e-beb8-fa1fec54146c" "released" by "nova.context.set_target_cell..get_or_set_cached_cell_and_set_connections" :: held 0.001s {{(pid=100123) inner /opt/stack/data/venv/lib/python3.12/site-packages/oslo_concurrency/lockutils.py:543}}
May 21 23:15:06.756841 np0000176056 devstack@n-api.service[100124]: DEBUG oslo_concurrency.lockutils [None req-1957aebd-428a-48f0-9208-5d511c102a9c None None] Lock "00000000-0000-0000-0000-000000000000" "released" by "nova.context.set_target_cell..get_or_set_cached_cell_and_set_connections" :: held 0.001s {{(pid=100124) inner /opt/stack/data/venv/lib/python3.12/site-packages/oslo_concurrency/lockutils.py:543}}
May 21 23:15:06.758349 np0000176056 devstack@n-api.service[100124]: DEBUG oslo_concurrency.lockutils [None req-1957aebd-428a-48f0-9208-5d511c102a9c None None] Acquiring lock "7c448821-8b22-4d4e-beb8-fa1fec54146c" by "nova.context.set_target_cell..get_or_set_cached_cell_and_set_connections" {{(pid=100124) inner /opt/stack/data/venv/lib/python3.12/site-packages/oslo_concurrency/lockutils.py:511}}
May 21 23:15:06.758522 np0000176056 devstack@n-api.service[100124]: DEBUG oslo_concurrency.lockutils [None req-1957aebd-428a-48f0-9208-5d511c102a9c None None] Lock "7c448821-8b22-4d4e-beb8-fa1fec54146c" acquired by "nova.context.set_target_cell..get_or_set_cached_cell_and_set_connections" :: waited 0.000s {{(pid=100124) inner /opt/stack/data/venv/lib/python3.12/site-packages/oslo_concurrency/lockutils.py:524}}
May 21 23:15:06.759644 np0000176056 devstack@n-api.service[100123]: INFO dbcounter [None req-c0b7895e-311b-4f4c-8bd6-d813b505f543 None None] Registered counter for database nova_cell0
May 21 23:15:06.759703 np0000176056 devstack@n-api.service[100124]: DEBUG oslo_concurrency.lockutils [None req-1957aebd-428a-48f0-9208-5d511c102a9c None None] Lock "7c448821-8b22-4d4e-beb8-fa1fec54146c" "released" by "nova.context.set_target_cell..get_or_set_cached_cell_and_set_connections" :: held 0.001s {{(pid=100124) inner /opt/stack/data/venv/lib/python3.12/site-packages/oslo_concurrency/lockutils.py:543}}
May 21 23:15:06.761007 np0000176056 devstack@n-api.service[100121]: DEBUG oslo_db.sqlalchemy.engines [None req-e01c121f-5401-4b52-b007-b02122dc2303 None None] MySQL server mode set to STRICT_TRANS_TABLES,STRICT_ALL_TABLES,NO_ZERO_IN_DATE,NO_ZERO_DATE,ERROR_FOR_DIVISION_BY_ZERO,TRADITIONAL,NO_ENGINE_SUBSTITUTION {{(pid=100121) _check_effective_sql_mode /opt/stack/data/venv/lib/python3.12/site-packages/oslo_db/sqlalchemy/engines.py:325}}
May 21 23:15:06.763798 np0000176056 devstack@n-api.service[100124]: INFO dbcounter [None req-1957aebd-428a-48f0-9208-5d511c102a9c None None] Registered counter for database nova_cell0
May 21 23:15:06.765223 np0000176056 devstack@n-api.service[100123]: INFO dbcounter [None req-c0b7895e-311b-4f4c-8bd6-d813b505f543 None None] Registered counter for database nova_cell1
May 21 23:15:06.769524 np0000176056 devstack@n-api.service[100124]: INFO dbcounter [None req-1957aebd-428a-48f0-9208-5d511c102a9c None None] Registered counter for database nova_cell1
May 21 23:15:06.777346 np0000176056 devstack@n-api.service[100123]: DEBUG oslo_db.sqlalchemy.engines [None req-c0b7895e-311b-4f4c-8bd6-d813b505f543 None None] MySQL server mode set to STRICT_TRANS_TABLES,STRICT_ALL_TABLES,NO_ZERO_IN_DATE,NO_ZERO_DATE,ERROR_FOR_DIVISION_BY_ZERO,TRADITIONAL,NO_ENGINE_SUBSTITUTION {{(pid=100123) _check_effective_sql_mode /opt/stack/data/venv/lib/python3.12/site-packages/oslo_db/sqlalchemy/engines.py:325}}
May 21 23:15:06.783671 np0000176056 devstack@n-api.service[100123]: DEBUG oslo_db.sqlalchemy.engines [None req-c0b7895e-311b-4f4c-8bd6-d813b505f543 None None] MySQL server mode set to STRICT_TRANS_TABLES,STRICT_ALL_TABLES,NO_ZERO_IN_DATE,NO_ZERO_DATE,ERROR_FOR_DIVISION_BY_ZERO,TRADITIONAL,NO_ENGINE_SUBSTITUTION {{(pid=100123) _check_effective_sql_mode /opt/stack/data/venv/lib/python3.12/site-packages/oslo_db/sqlalchemy/engines.py:325}}
May 21 23:15:06.784896 np0000176056 devstack@n-api.service[100124]: DEBUG oslo_db.sqlalchemy.engines [None req-1957aebd-428a-48f0-9208-5d511c102a9c None None] MySQL server mode set to STRICT_TRANS_TABLES,STRICT_ALL_TABLES,NO_ZERO_IN_DATE,NO_ZERO_DATE,ERROR_FOR_DIVISION_BY_ZERO,TRADITIONAL,NO_ENGINE_SUBSTITUTION {{(pid=100124) _check_effective_sql_mode /opt/stack/data/venv/lib/python3.12/site-packages/oslo_db/sqlalchemy/engines.py:325}}
May 21 23:15:06.785750 np0000176056 devstack@n-api.service[100122]: INFO dbcounter [None req-3ff0454a-1664-436c-9edd-db547fe9140b None None] Registered counter for database nova_api
May 21 23:15:06.797737 np0000176056 devstack@n-api.service[100124]: DEBUG oslo_db.sqlalchemy.engines [None req-1957aebd-428a-48f0-9208-5d511c102a9c None None] MySQL server mode set to STRICT_TRANS_TABLES,STRICT_ALL_TABLES,NO_ZERO_IN_DATE,NO_ZERO_DATE,ERROR_FOR_DIVISION_BY_ZERO,TRADITIONAL,NO_ENGINE_SUBSTITUTION {{(pid=100124) _check_effective_sql_mode /opt/stack/data/venv/lib/python3.12/site-packages/oslo_db/sqlalchemy/engines.py:325}}
May 21 23:15:06.798338 np0000176056 devstack@n-api.service[100121]: DEBUG dbcounter [-] [100121] Writer thread running {{(pid=100121) stat_writer /opt/stack/data/venv/lib/python3.12/site-packages/dbcounter.py:102}}
May 21 23:15:06.801549 np0000176056 devstack@n-api.service[100121]: DEBUG nova.context [None req-e01c121f-5401-4b52-b007-b02122dc2303 None None] Found 2 cells: 00000000-0000-0000-0000-000000000000(cell0),7c448821-8b22-4d4e-beb8-fa1fec54146c(cell1) {{(pid=100121) load_cells /opt/stack/nova/nova/context.py:509}}
May 21 23:15:06.801869 np0000176056 devstack@n-api.service[100121]: INFO nova.utils [None req-e01c121f-5401-4b52-b007-b02122dc2303 None None] The cell worker thread pool MainProcess.cell_worker is initialized
May 21 23:15:06.803695 np0000176056 devstack@n-api.service[100122]: DEBUG oslo_db.sqlalchemy.engines [None req-3ff0454a-1664-436c-9edd-db547fe9140b None None] MySQL server mode set to STRICT_TRANS_TABLES,STRICT_ALL_TABLES,NO_ZERO_IN_DATE,NO_ZERO_DATE,ERROR_FOR_DIVISION_BY_ZERO,TRADITIONAL,NO_ENGINE_SUBSTITUTION {{(pid=100122) _check_effective_sql_mode /opt/stack/data/venv/lib/python3.12/site-packages/oslo_db/sqlalchemy/engines.py:325}}
May 21 23:15:06.804007 np0000176056 devstack@n-api.service[100121]: DEBUG oslo_concurrency.lockutils [None req-e01c121f-5401-4b52-b007-b02122dc2303 None None] Acquiring lock "00000000-0000-0000-0000-000000000000" by "nova.context.set_target_cell..get_or_set_cached_cell_and_set_connections" {{(pid=100121) inner /opt/stack/data/venv/lib/python3.12/site-packages/oslo_concurrency/lockutils.py:511}}
May 21 23:15:06.804233 np0000176056 devstack@n-api.service[100121]: DEBUG oslo_concurrency.lockutils [None req-e01c121f-5401-4b52-b007-b02122dc2303 None None] Lock "00000000-0000-0000-0000-000000000000" acquired by "nova.context.set_target_cell..get_or_set_cached_cell_and_set_connections" :: waited 0.000s {{(pid=100121) inner /opt/stack/data/venv/lib/python3.12/site-packages/oslo_concurrency/lockutils.py:524}}
May 21 23:15:06.804678 np0000176056 devstack@n-api.service[100121]: DEBUG oslo_concurrency.lockutils [None req-e01c121f-5401-4b52-b007-b02122dc2303 None None] Lock "00000000-0000-0000-0000-000000000000" "released" by "nova.context.set_target_cell..get_or_set_cached_cell_and_set_connections" :: held 0.000s {{(pid=100121) inner /opt/stack/data/venv/lib/python3.12/site-packages/oslo_concurrency/lockutils.py:543}}
May 21 23:15:06.805648 np0000176056 devstack@n-api.service[100121]: DEBUG oslo_concurrency.lockutils [None req-e01c121f-5401-4b52-b007-b02122dc2303 None None] Acquiring lock "7c448821-8b22-4d4e-beb8-fa1fec54146c" by "nova.context.set_target_cell..get_or_set_cached_cell_and_set_connections" {{(pid=100121) inner /opt/stack/data/venv/lib/python3.12/site-packages/oslo_concurrency/lockutils.py:511}}
May 21 23:15:06.805849 np0000176056 devstack@n-api.service[100121]: DEBUG oslo_concurrency.lockutils [None req-e01c121f-5401-4b52-b007-b02122dc2303 None None] Lock "7c448821-8b22-4d4e-beb8-fa1fec54146c" acquired by "nova.context.set_target_cell..get_or_set_cached_cell_and_set_connections" :: waited 0.000s {{(pid=100121) inner /opt/stack/data/venv/lib/python3.12/site-packages/oslo_concurrency/lockutils.py:524}}
May 21 23:15:06.807026 np0000176056 devstack@n-api.service[100121]: DEBUG oslo_concurrency.lockutils [None req-e01c121f-5401-4b52-b007-b02122dc2303 None None] Lock "7c448821-8b22-4d4e-beb8-fa1fec54146c" "released" by "nova.context.set_target_cell..get_or_set_cached_cell_and_set_connections" :: held 0.001s {{(pid=100121) inner /opt/stack/data/venv/lib/python3.12/site-packages/oslo_concurrency/lockutils.py:543}}
May 21 23:15:06.810061 np0000176056 devstack@n-api.service[100121]: INFO dbcounter [None req-e01c121f-5401-4b52-b007-b02122dc2303 None None] Registered counter for database nova_cell0
May 21 23:15:06.816064 np0000176056 devstack@n-api.service[100121]: INFO dbcounter [None req-e01c121f-5401-4b52-b007-b02122dc2303 None None] Registered counter for database nova_cell1
May 21 23:15:06.829144 np0000176056 devstack@n-api.service[100121]: DEBUG oslo_db.sqlalchemy.engines [None req-e01c121f-5401-4b52-b007-b02122dc2303 None None] MySQL server mode set to STRICT_TRANS_TABLES,STRICT_ALL_TABLES,NO_ZERO_IN_DATE,NO_ZERO_DATE,ERROR_FOR_DIVISION_BY_ZERO,TRADITIONAL,NO_ENGINE_SUBSTITUTION {{(pid=100121) _check_effective_sql_mode /opt/stack/data/venv/lib/python3.12/site-packages/oslo_db/sqlalchemy/engines.py:325}}
May 21 23:15:06.834767 np0000176056 devstack@n-api.service[100122]: DEBUG dbcounter [-] [100122] Writer thread running {{(pid=100122) stat_writer /opt/stack/data/venv/lib/python3.12/site-packages/dbcounter.py:102}}
May 21 23:15:06.835511 np0000176056 devstack@n-api.service[100121]: DEBUG oslo_db.sqlalchemy.engines [None req-e01c121f-5401-4b52-b007-b02122dc2303 None None] MySQL server mode set to STRICT_TRANS_TABLES,STRICT_ALL_TABLES,NO_ZERO_IN_DATE,NO_ZERO_DATE,ERROR_FOR_DIVISION_BY_ZERO,TRADITIONAL,NO_ENGINE_SUBSTITUTION {{(pid=100121) _check_effective_sql_mode /opt/stack/data/venv/lib/python3.12/site-packages/oslo_db/sqlalchemy/engines.py:325}}
May 21 23:15:06.837706 np0000176056 devstack@n-api.service[100122]: DEBUG nova.context [None req-3ff0454a-1664-436c-9edd-db547fe9140b None None] Found 2 cells: 00000000-0000-0000-0000-000000000000(cell0),7c448821-8b22-4d4e-beb8-fa1fec54146c(cell1) {{(pid=100122) load_cells /opt/stack/nova/nova/context.py:509}}
May 21 23:15:06.837951 np0000176056 devstack@n-api.service[100122]: INFO nova.utils [None req-3ff0454a-1664-436c-9edd-db547fe9140b None None] The cell worker thread pool MainProcess.cell_worker is initialized
May 21 23:15:06.839927 np0000176056 devstack@n-api.service[100122]: DEBUG oslo_concurrency.lockutils [None req-3ff0454a-1664-436c-9edd-db547fe9140b None None] Acquiring lock "00000000-0000-0000-0000-000000000000" by "nova.context.set_target_cell..get_or_set_cached_cell_and_set_connections" {{(pid=100122) inner /opt/stack/data/venv/lib/python3.12/site-packages/oslo_concurrency/lockutils.py:511}}
May 21 23:15:06.840100 np0000176056 devstack@n-api.service[100122]: DEBUG oslo_concurrency.lockutils [None req-3ff0454a-1664-436c-9edd-db547fe9140b None None] Lock "00000000-0000-0000-0000-000000000000" acquired by "nova.context.set_target_cell..get_or_set_cached_cell_and_set_connections" :: waited 0.000s {{(pid=100122) inner /opt/stack/data/venv/lib/python3.12/site-packages/oslo_concurrency/lockutils.py:524}}
May 21 23:15:06.840477 np0000176056 devstack@n-api.service[100122]: DEBUG oslo_concurrency.lockutils [None req-3ff0454a-1664-436c-9edd-db547fe9140b None None] Lock "00000000-0000-0000-0000-000000000000" "released" by "nova.context.set_target_cell..get_or_set_cached_cell_and_set_connections" :: held 0.000s {{(pid=100122) inner /opt/stack/data/venv/lib/python3.12/site-packages/oslo_concurrency/lockutils.py:543}}
May 21 23:15:06.841405 np0000176056 devstack@n-api.service[100122]: DEBUG oslo_concurrency.lockutils [None req-3ff0454a-1664-436c-9edd-db547fe9140b None None] Acquiring lock "7c448821-8b22-4d4e-beb8-fa1fec54146c" by "nova.context.set_target_cell..get_or_set_cached_cell_and_set_connections" {{(pid=100122) inner /opt/stack/data/venv/lib/python3.12/site-packages/oslo_concurrency/lockutils.py:511}}
May 21 23:15:06.841516 np0000176056 devstack@n-api.service[100122]: DEBUG oslo_concurrency.lockutils [None req-3ff0454a-1664-436c-9edd-db547fe9140b None None] Lock "7c448821-8b22-4d4e-beb8-fa1fec54146c" acquired by "nova.context.set_target_cell..get_or_set_cached_cell_and_set_connections" :: waited 0.000s {{(pid=100122) inner /opt/stack/data/venv/lib/python3.12/site-packages/oslo_concurrency/lockutils.py:524}}
May 21 23:15:06.842461 np0000176056 devstack@n-api.service[100122]: DEBUG oslo_concurrency.lockutils [None req-3ff0454a-1664-436c-9edd-db547fe9140b None None] Lock "7c448821-8b22-4d4e-beb8-fa1fec54146c" "released" by "nova.context.set_target_cell..get_or_set_cached_cell_and_set_connections" :: held 0.001s {{(pid=100122) inner /opt/stack/data/venv/lib/python3.12/site-packages/oslo_concurrency/lockutils.py:543}}
May 21 23:15:06.846101 np0000176056 devstack@n-api.service[100122]: INFO dbcounter [None req-3ff0454a-1664-436c-9edd-db547fe9140b None None] Registered counter for database nova_cell0
May 21 23:15:06.853438 np0000176056 devstack@n-api.service[100122]: INFO dbcounter [None req-3ff0454a-1664-436c-9edd-db547fe9140b None None] Registered counter for database nova_cell1
May 21 23:15:06.862603 np0000176056 devstack@n-api.service[100122]: DEBUG oslo_db.sqlalchemy.engines [None req-3ff0454a-1664-436c-9edd-db547fe9140b None None] MySQL server mode set to STRICT_TRANS_TABLES,STRICT_ALL_TABLES,NO_ZERO_IN_DATE,NO_ZERO_DATE,ERROR_FOR_DIVISION_BY_ZERO,TRADITIONAL,NO_ENGINE_SUBSTITUTION {{(pid=100122) _check_effective_sql_mode /opt/stack/data/venv/lib/python3.12/site-packages/oslo_db/sqlalchemy/engines.py:325}}
May 21 23:15:06.867936 np0000176056 devstack@n-api.service[100122]: DEBUG oslo_db.sqlalchemy.engines [None req-3ff0454a-1664-436c-9edd-db547fe9140b None None] MySQL server mode set to STRICT_TRANS_TABLES,STRICT_ALL_TABLES,NO_ZERO_IN_DATE,NO_ZERO_DATE,ERROR_FOR_DIVISION_BY_ZERO,TRADITIONAL,NO_ENGINE_SUBSTITUTION {{(pid=100122) _check_effective_sql_mode /opt/stack/data/venv/lib/python3.12/site-packages/oslo_db/sqlalchemy/engines.py:325}}
May 21 23:15:06.895855 np0000176056 devstack@n-api.service[100123]: DEBUG dbcounter [-] [100123] Writer thread running {{(pid=100123) stat_writer /opt/stack/data/venv/lib/python3.12/site-packages/dbcounter.py:102}}
May 21 23:15:06.896758 np0000176056 devstack@n-api.service[100123]: DEBUG dbcounter [-] [100123] Writer thread running {{(pid=100123) stat_writer /opt/stack/data/venv/lib/python3.12/site-packages/dbcounter.py:102}}
May 21 23:15:06.903902 np0000176056 devstack@n-api.service[100123]: INFO dbcounter [None req-c0b7895e-311b-4f4c-8bd6-d813b505f543 None None] Registered counter for database nova_cell0
May 21 23:15:06.909059 np0000176056 devstack@n-api.service[100124]: DEBUG dbcounter [-] [100124] Writer thread running {{(pid=100124) stat_writer /opt/stack/data/venv/lib/python3.12/site-packages/dbcounter.py:102}}
May 21 23:15:06.910295 np0000176056 devstack@n-api.service[100124]: DEBUG dbcounter [-] [100124] Writer thread running {{(pid=100124) stat_writer /opt/stack/data/venv/lib/python3.12/site-packages/dbcounter.py:102}}
May 21 23:15:06.915681 np0000176056 devstack@n-api.service[100123]: DEBUG oslo_db.sqlalchemy.engines [None req-c0b7895e-311b-4f4c-8bd6-d813b505f543 None None] MySQL server mode set to STRICT_TRANS_TABLES,STRICT_ALL_TABLES,NO_ZERO_IN_DATE,NO_ZERO_DATE,ERROR_FOR_DIVISION_BY_ZERO,TRADITIONAL,NO_ENGINE_SUBSTITUTION {{(pid=100123) _check_effective_sql_mode /opt/stack/data/venv/lib/python3.12/site-packages/oslo_db/sqlalchemy/engines.py:325}}
May 21 23:15:06.917435 np0000176056 devstack@n-api.service[100124]: INFO dbcounter [None req-1957aebd-428a-48f0-9208-5d511c102a9c None None] Registered counter for database nova_cell0
May 21 23:15:06.924768 np0000176056 devstack@n-api.service[100123]: DEBUG dbcounter [-] [100123] Writer thread running {{(pid=100123) stat_writer /opt/stack/data/venv/lib/python3.12/site-packages/dbcounter.py:102}}
May 21 23:15:06.928656 np0000176056 devstack@n-api.service[100124]: DEBUG oslo_db.sqlalchemy.engines [None req-1957aebd-428a-48f0-9208-5d511c102a9c None None] MySQL server mode set to STRICT_TRANS_TABLES,STRICT_ALL_TABLES,NO_ZERO_IN_DATE,NO_ZERO_DATE,ERROR_FOR_DIVISION_BY_ZERO,TRADITIONAL,NO_ENGINE_SUBSTITUTION {{(pid=100124) _check_effective_sql_mode /opt/stack/data/venv/lib/python3.12/site-packages/oslo_db/sqlalchemy/engines.py:325}}
May 21 23:15:06.940591 np0000176056 devstack@n-api.service[100124]: DEBUG dbcounter [-] [100124] Writer thread running {{(pid=100124) stat_writer /opt/stack/data/venv/lib/python3.12/site-packages/dbcounter.py:102}}
May 21 23:15:06.942609 np0000176056 devstack@n-api.service[100121]: DEBUG dbcounter [-] [100121] Writer thread running {{(pid=100121) stat_writer /opt/stack/data/venv/lib/python3.12/site-packages/dbcounter.py:102}}
May 21 23:15:06.944100 np0000176056 devstack@n-api.service[100121]: DEBUG dbcounter [-] [100121] Writer thread running {{(pid=100121) stat_writer /opt/stack/data/venv/lib/python3.12/site-packages/dbcounter.py:102}}
May 21 23:15:06.973593 np0000176056 devstack@n-api.service[100122]: DEBUG dbcounter [-] [100122] Writer thread running {{(pid=100122) stat_writer /opt/stack/data/venv/lib/python3.12/site-packages/dbcounter.py:102}}
May 21 23:15:06.974782 np0000176056 devstack@n-api.service[100122]: DEBUG dbcounter [-] [100122] Writer thread running {{(pid=100122) stat_writer /opt/stack/data/venv/lib/python3.12/site-packages/dbcounter.py:102}}
May 21 23:15:06.985869 np0000176056 devstack@n-api.service[100121]: INFO dbcounter [None req-e01c121f-5401-4b52-b007-b02122dc2303 None None] Registered counter for database nova_cell0
May 21 23:15:06.986879 np0000176056 devstack@n-api.service[100122]: INFO dbcounter [None req-3ff0454a-1664-436c-9edd-db547fe9140b None None] Registered counter for database nova_cell0
May 21 23:15:06.997816 np0000176056 devstack@n-api.service[100121]: DEBUG oslo_db.sqlalchemy.engines [None req-e01c121f-5401-4b52-b007-b02122dc2303 None None] MySQL server mode set to STRICT_TRANS_TABLES,STRICT_ALL_TABLES,NO_ZERO_IN_DATE,NO_ZERO_DATE,ERROR_FOR_DIVISION_BY_ZERO,TRADITIONAL,NO_ENGINE_SUBSTITUTION {{(pid=100121) _check_effective_sql_mode /opt/stack/data/venv/lib/python3.12/site-packages/oslo_db/sqlalchemy/engines.py:325}}
May 21 23:15:07.001434 np0000176056 devstack@n-api.service[100122]: DEBUG oslo_db.sqlalchemy.engines [None req-3ff0454a-1664-436c-9edd-db547fe9140b None None] MySQL server mode set to STRICT_TRANS_TABLES,STRICT_ALL_TABLES,NO_ZERO_IN_DATE,NO_ZERO_DATE,ERROR_FOR_DIVISION_BY_ZERO,TRADITIONAL,NO_ENGINE_SUBSTITUTION {{(pid=100122) _check_effective_sql_mode /opt/stack/data/venv/lib/python3.12/site-packages/oslo_db/sqlalchemy/engines.py:325}}
May 21 23:15:07.008858 np0000176056 devstack@n-api.service[100121]: DEBUG dbcounter [-] [100121] Writer thread running {{(pid=100121) stat_writer /opt/stack/data/venv/lib/python3.12/site-packages/dbcounter.py:102}}
May 21 23:15:07.013111 np0000176056 devstack@n-api.service[100122]: DEBUG dbcounter [-] [100122] Writer thread running {{(pid=100122) stat_writer /opt/stack/data/venv/lib/python3.12/site-packages/dbcounter.py:102}}
May 21 23:15:07.511075 np0000176056 devstack@n-api.service[100124]: DEBUG oslo_concurrency.processutils [None req-1957aebd-428a-48f0-9208-5d511c102a9c None None] Running cmd (subprocess): grep -F node.session.scan /sbin/iscsiadm {{(pid=100124) execute /opt/stack/data/venv/lib/python3.12/site-packages/oslo_concurrency/processutils.py:440}}
May 21 23:15:07.518645 np0000176056 devstack@n-api.service[100122]: DEBUG oslo_concurrency.processutils [None req-3ff0454a-1664-436c-9edd-db547fe9140b None None] Running cmd (subprocess): grep -F node.session.scan /sbin/iscsiadm {{(pid=100122) execute /opt/stack/data/venv/lib/python3.12/site-packages/oslo_concurrency/processutils.py:440}}
May 21 23:15:07.521556 np0000176056 devstack@n-api.service[100123]: DEBUG oslo_concurrency.processutils [None req-c0b7895e-311b-4f4c-8bd6-d813b505f543 None None] Running cmd (subprocess): grep -F node.session.scan /sbin/iscsiadm {{(pid=100123) execute /opt/stack/data/venv/lib/python3.12/site-packages/oslo_concurrency/processutils.py:440}}
May 21 23:15:07.532493 np0000176056 devstack@n-api.service[100121]: DEBUG oslo_concurrency.processutils [None req-e01c121f-5401-4b52-b007-b02122dc2303 None None] Running cmd (subprocess): grep -F node.session.scan /sbin/iscsiadm {{(pid=100121) execute /opt/stack/data/venv/lib/python3.12/site-packages/oslo_concurrency/processutils.py:440}}
May 21 23:15:07.533893 np0000176056 devstack@n-api.service[100124]: DEBUG oslo_concurrency.processutils [None req-1957aebd-428a-48f0-9208-5d511c102a9c None None] CMD "grep -F node.session.scan /sbin/iscsiadm" returned: 0 in 0.023s {{(pid=100124) execute /opt/stack/data/venv/lib/python3.12/site-packages/oslo_concurrency/processutils.py:468}}
May 21 23:15:07.540566 np0000176056 devstack@n-api.service[100122]: DEBUG oslo_concurrency.processutils [None req-3ff0454a-1664-436c-9edd-db547fe9140b None None] CMD "grep -F node.session.scan /sbin/iscsiadm" returned: 0 in 0.022s {{(pid=100122) execute /opt/stack/data/venv/lib/python3.12/site-packages/oslo_concurrency/processutils.py:468}}
May 21 23:15:07.544301 np0000176056 devstack@n-api.service[100123]: DEBUG oslo_concurrency.processutils [None req-c0b7895e-311b-4f4c-8bd6-d813b505f543 None None] CMD "grep -F node.session.scan /sbin/iscsiadm" returned: 0 in 0.023s {{(pid=100123) execute /opt/stack/data/venv/lib/python3.12/site-packages/oslo_concurrency/processutils.py:468}}
May 21 23:15:07.551365 np0000176056 devstack@n-api.service[100121]: DEBUG oslo_concurrency.processutils [None req-e01c121f-5401-4b52-b007-b02122dc2303 None None] CMD "grep -F node.session.scan /sbin/iscsiadm" returned: 0 in 0.019s {{(pid=100121) execute /opt/stack/data/venv/lib/python3.12/site-packages/oslo_concurrency/processutils.py:468}}
May 21 23:15:08.243208 np0000176056 devstack@n-api.service[100124]: DEBUG nova.api.openstack.wsgi_app [None req-1957aebd-428a-48f0-9208-5d511c102a9c None None] ******************************************************************************** {{(pid=100124) log_opt_values /opt/stack/data/venv/lib/python3.12/site-packages/oslo_config/cfg.py:3229}}
May 21 23:15:08.244312 np0000176056 devstack@n-api.service[100124]: DEBUG nova.api.openstack.wsgi_app [None req-1957aebd-428a-48f0-9208-5d511c102a9c None None] Configuration options gathered from: {{(pid=100124) log_opt_values /opt/stack/data/venv/lib/python3.12/site-packages/oslo_config/cfg.py:3230}}
May 21 23:15:08.244312 np0000176056 devstack@n-api.service[100124]: DEBUG nova.api.openstack.wsgi_app [None req-1957aebd-428a-48f0-9208-5d511c102a9c None None] command line args: [] {{(pid=100124) log_opt_values /opt/stack/data/venv/lib/python3.12/site-packages/oslo_config/cfg.py:3231}}
May 21 23:15:08.244312 np0000176056 devstack@n-api.service[100124]: DEBUG nova.api.openstack.wsgi_app [None req-1957aebd-428a-48f0-9208-5d511c102a9c None None] config files: ['/etc/nova/api-paste.ini', '/etc/nova/nova.conf'] {{(pid=100124) log_opt_values /opt/stack/data/venv/lib/python3.12/site-packages/oslo_config/cfg.py:3232}}
May 21 23:15:08.244312 np0000176056 devstack@n-api.service[100124]: DEBUG nova.api.openstack.wsgi_app [None req-1957aebd-428a-48f0-9208-5d511c102a9c None None] ================================================================================ {{(pid=100124) log_opt_values /opt/stack/data/venv/lib/python3.12/site-packages/oslo_config/cfg.py:3237}}
May 21 23:15:08.244312 np0000176056 devstack@n-api.service[100124]: DEBUG nova.api.openstack.wsgi_app [None req-1957aebd-428a-48f0-9208-5d511c102a9c None None] allow_resize_to_same_host = True {{(pid=100124) log_opt_values /opt/stack/data/venv/lib/python3.12/site-packages/oslo_config/cfg.py:3245}}
May 21 23:15:08.244312 np0000176056 devstack@n-api.service[100124]: DEBUG nova.api.openstack.wsgi_app [None req-1957aebd-428a-48f0-9208-5d511c102a9c None None] arq_binding_timeout = 300 {{(pid=100124) log_opt_values /opt/stack/data/venv/lib/python3.12/site-packages/oslo_config/cfg.py:3245}}
May 21 23:15:08.244924 np0000176056 devstack@n-api.service[100124]: DEBUG nova.api.openstack.wsgi_app [None req-1957aebd-428a-48f0-9208-5d511c102a9c None None] block_device_allocate_retries = 60 {{(pid=100124) log_opt_values /opt/stack/data/venv/lib/python3.12/site-packages/oslo_config/cfg.py:3245}}
May 21 23:15:08.244924 np0000176056 devstack@n-api.service[100124]: DEBUG nova.api.openstack.wsgi_app [None req-1957aebd-428a-48f0-9208-5d511c102a9c None None] block_device_allocate_retries_interval = 3 {{(pid=100124) log_opt_values /opt/stack/data/venv/lib/python3.12/site-packages/oslo_config/cfg.py:3245}}
May 21 23:15:08.244924 np0000176056 devstack@n-api.service[100124]: DEBUG nova.api.openstack.wsgi_app [None req-1957aebd-428a-48f0-9208-5d511c102a9c None None] cell_worker_thread_pool_size = 5 {{(pid=100124) log_opt_values /opt/stack/data/venv/lib/python3.12/site-packages/oslo_config/cfg.py:3245}}
May 21 23:15:08.244924 np0000176056 devstack@n-api.service[100124]: DEBUG nova.api.openstack.wsgi_app [None req-1957aebd-428a-48f0-9208-5d511c102a9c None None] cert = self.pem {{(pid=100124) log_opt_values /opt/stack/data/venv/lib/python3.12/site-packages/oslo_config/cfg.py:3245}}
May 21 23:15:08.244924 np0000176056 devstack@n-api.service[100124]: DEBUG nova.api.openstack.wsgi_app [None req-1957aebd-428a-48f0-9208-5d511c102a9c None None] compute_driver = libvirt.LibvirtDriver {{(pid=100124) log_opt_values /opt/stack/data/venv/lib/python3.12/site-packages/oslo_config/cfg.py:3245}}
May 21 23:15:08.245315 np0000176056 devstack@n-api.service[100124]: DEBUG nova.api.openstack.wsgi_app [None req-1957aebd-428a-48f0-9208-5d511c102a9c None None] compute_monitors = [] {{(pid=100124) log_opt_values /opt/stack/data/venv/lib/python3.12/site-packages/oslo_config/cfg.py:3245}}
May 21 23:15:08.245315 np0000176056 devstack@n-api.service[100124]: DEBUG nova.api.openstack.wsgi_app [None req-1957aebd-428a-48f0-9208-5d511c102a9c None None] config_dir = [] {{(pid=100124) log_opt_values /opt/stack/data/venv/lib/python3.12/site-packages/oslo_config/cfg.py:3245}}
May 21 23:15:08.245485 np0000176056 devstack@n-api.service[100124]: DEBUG nova.api.openstack.wsgi_app [None req-1957aebd-428a-48f0-9208-5d511c102a9c None None] config_drive_format = iso9660 {{(pid=100124) log_opt_values /opt/stack/data/venv/lib/python3.12/site-packages/oslo_config/cfg.py:3245}}
May 21 23:15:08.245485 np0000176056 devstack@n-api.service[100124]: DEBUG nova.api.openstack.wsgi_app [None req-1957aebd-428a-48f0-9208-5d511c102a9c None None] config_file = ['/etc/nova/api-paste.ini', '/etc/nova/nova.conf'] {{(pid=100124) log_opt_values /opt/stack/data/venv/lib/python3.12/site-packages/oslo_config/cfg.py:3245}}
May 21 23:15:08.245685 np0000176056 devstack@n-api.service[100124]: DEBUG nova.api.openstack.wsgi_app [None req-1957aebd-428a-48f0-9208-5d511c102a9c None None] config_source = [] {{(pid=100124) log_opt_values /opt/stack/data/venv/lib/python3.12/site-packages/oslo_config/cfg.py:3245}}
May 21 23:15:08.245786 np0000176056 devstack@n-api.service[100124]: DEBUG nova.api.openstack.wsgi_app [None req-1957aebd-428a-48f0-9208-5d511c102a9c None None] console_host = np0000176056 {{(pid=100124) log_opt_values /opt/stack/data/venv/lib/python3.12/site-packages/oslo_config/cfg.py:3245}}
May 21 23:15:08.245864 np0000176056 devstack@n-api.service[100124]: DEBUG nova.api.openstack.wsgi_app [None req-1957aebd-428a-48f0-9208-5d511c102a9c None None] control_exchange = nova {{(pid=100124) log_opt_values /opt/stack/data/venv/lib/python3.12/site-packages/oslo_config/cfg.py:3245}}
May 21 23:15:08.246473 np0000176056 devstack@n-api.service[100124]: DEBUG nova.api.openstack.wsgi_app [None req-1957aebd-428a-48f0-9208-5d511c102a9c None None] cpu_allocation_ratio = None {{(pid=100124) log_opt_values /opt/stack/data/venv/lib/python3.12/site-packages/oslo_config/cfg.py:3245}}
May 21 23:15:08.246473 np0000176056 devstack@n-api.service[100124]: DEBUG nova.api.openstack.wsgi_app [None req-1957aebd-428a-48f0-9208-5d511c102a9c None None] daemon = False {{(pid=100124) log_opt_values /opt/stack/data/venv/lib/python3.12/site-packages/oslo_config/cfg.py:3245}}
May 21 23:15:08.246473 np0000176056 devstack@n-api.service[100124]: DEBUG nova.api.openstack.wsgi_app [None req-1957aebd-428a-48f0-9208-5d511c102a9c None None] debug = True {{(pid=100124) log_opt_values /opt/stack/data/venv/lib/python3.12/site-packages/oslo_config/cfg.py:3245}}
May 21 23:15:08.246473 np0000176056 devstack@n-api.service[100124]: DEBUG nova.api.openstack.wsgi_app [None req-1957aebd-428a-48f0-9208-5d511c102a9c None None] default_access_ip_network_name = None {{(pid=100124) log_opt_values /opt/stack/data/venv/lib/python3.12/site-packages/oslo_config/cfg.py:3245}}
May 21 23:15:08.247102 np0000176056 devstack@n-api.service[100124]: DEBUG nova.api.openstack.wsgi_app [None req-1957aebd-428a-48f0-9208-5d511c102a9c None None] default_availability_zone = nova {{(pid=100124) log_opt_values /opt/stack/data/venv/lib/python3.12/site-packages/oslo_config/cfg.py:3245}}
May 21 23:15:08.247102 np0000176056 devstack@n-api.service[100124]: DEBUG nova.api.openstack.wsgi_app [None req-1957aebd-428a-48f0-9208-5d511c102a9c None None] default_ephemeral_format = ext4 {{(pid=100124) log_opt_values /opt/stack/data/venv/lib/python3.12/site-packages/oslo_config/cfg.py:3245}}
May 21 23:15:08.247102 np0000176056 devstack@n-api.service[100124]: DEBUG nova.api.openstack.wsgi_app [None req-1957aebd-428a-48f0-9208-5d511c102a9c None None] default_green_pool_size = 1000 {{(pid=100124) log_opt_values /opt/stack/data/venv/lib/python3.12/site-packages/oslo_config/cfg.py:3245}}
May 21 23:15:08.247102 np0000176056 devstack@n-api.service[100124]: DEBUG nova.api.openstack.wsgi_app [None req-1957aebd-428a-48f0-9208-5d511c102a9c None None] default_log_levels = ['amqp=WARN', 'boto=WARN', 'sqlalchemy=WARN', 'suds=INFO', 'oslo.messaging=INFO', 'oslo_messaging=INFO', 'iso8601=WARN', 'requests.packages.urllib3.connectionpool=WARN', 'urllib3.connectionpool=WARN', 'websocket=WARN', 'requests.packages.urllib3.util.retry=WARN', 'urllib3.util.retry=WARN', 'keystonemiddleware=WARN', 'routes.middleware=WARN', 'stevedore=WARN', 'taskflow=WARN', 'keystoneauth=WARN', 'oslo.cache=INFO', 'oslo_policy=INFO', 'dogpile.core.dogpile=INFO', 'glanceclient=WARN', 'oslo.privsep.daemon=INFO'] {{(pid=100124) log_opt_values /opt/stack/data/venv/lib/python3.12/site-packages/oslo_config/cfg.py:3245}}
May 21 23:15:08.247773 np0000176056 devstack@n-api.service[100124]: DEBUG nova.api.openstack.wsgi_app [None req-1957aebd-428a-48f0-9208-5d511c102a9c None None] default_schedule_zone = None {{(pid=100124) log_opt_values /opt/stack/data/venv/lib/python3.12/site-packages/oslo_config/cfg.py:3245}}
May 21 23:15:08.247773 np0000176056 devstack@n-api.service[100124]: DEBUG nova.api.openstack.wsgi_app [None req-1957aebd-428a-48f0-9208-5d511c102a9c None None] default_thread_pool_size = 10 {{(pid=100124) log_opt_values /opt/stack/data/venv/lib/python3.12/site-packages/oslo_config/cfg.py:3245}}
May 21 23:15:08.247773 np0000176056 devstack@n-api.service[100124]: DEBUG nova.api.openstack.wsgi_app [None req-1957aebd-428a-48f0-9208-5d511c102a9c None None] disk_allocation_ratio = None {{(pid=100124) log_opt_values /opt/stack/data/venv/lib/python3.12/site-packages/oslo_config/cfg.py:3245}}
May 21 23:15:08.247773 np0000176056 devstack@n-api.service[100124]: DEBUG nova.api.openstack.wsgi_app [None req-1957aebd-428a-48f0-9208-5d511c102a9c None None] enable_new_services = True {{(pid=100124) log_opt_values /opt/stack/data/venv/lib/python3.12/site-packages/oslo_config/cfg.py:3245}}
May 21 23:15:08.248309 np0000176056 devstack@n-api.service[100124]: DEBUG nova.api.openstack.wsgi_app [None req-1957aebd-428a-48f0-9208-5d511c102a9c None None] flat_injected = False {{(pid=100124) log_opt_values /opt/stack/data/venv/lib/python3.12/site-packages/oslo_config/cfg.py:3245}}
May 21 23:15:08.248309 np0000176056 devstack@n-api.service[100124]: DEBUG nova.api.openstack.wsgi_app [None req-1957aebd-428a-48f0-9208-5d511c102a9c None None] force_config_drive = False {{(pid=100124) log_opt_values /opt/stack/data/venv/lib/python3.12/site-packages/oslo_config/cfg.py:3245}}
May 21 23:15:08.248309 np0000176056 devstack@n-api.service[100124]: DEBUG nova.api.openstack.wsgi_app [None req-1957aebd-428a-48f0-9208-5d511c102a9c None None] force_raw_images = True {{(pid=100124) log_opt_values /opt/stack/data/venv/lib/python3.12/site-packages/oslo_config/cfg.py:3245}}
May 21 23:15:08.248309 np0000176056 devstack@n-api.service[100124]: DEBUG nova.api.openstack.wsgi_app [None req-1957aebd-428a-48f0-9208-5d511c102a9c None None] graceful_shutdown_timeout = 5 {{(pid=100124) log_opt_values /opt/stack/data/venv/lib/python3.12/site-packages/oslo_config/cfg.py:3245}}
May 21 23:15:08.248899 np0000176056 devstack@n-api.service[100124]: DEBUG nova.api.openstack.wsgi_app [None req-1957aebd-428a-48f0-9208-5d511c102a9c None None] heal_instance_info_cache_interval = -1 {{(pid=100124) log_opt_values /opt/stack/data/venv/lib/python3.12/site-packages/oslo_config/cfg.py:3245}}
May 21 23:15:08.248899 np0000176056 devstack@n-api.service[100124]: DEBUG nova.api.openstack.wsgi_app [None req-1957aebd-428a-48f0-9208-5d511c102a9c None None] host = np0000176056 {{(pid=100124) log_opt_values /opt/stack/data/venv/lib/python3.12/site-packages/oslo_config/cfg.py:3245}}
May 21 23:15:08.248899 np0000176056 devstack@n-api.service[100124]: DEBUG nova.api.openstack.wsgi_app [None req-1957aebd-428a-48f0-9208-5d511c102a9c None None] initial_cpu_allocation_ratio = 4.0 {{(pid=100124) log_opt_values /opt/stack/data/venv/lib/python3.12/site-packages/oslo_config/cfg.py:3245}}
May 21 23:15:08.248899 np0000176056 devstack@n-api.service[100124]: DEBUG nova.api.openstack.wsgi_app [None req-1957aebd-428a-48f0-9208-5d511c102a9c None None] initial_disk_allocation_ratio = 1.0 {{(pid=100124) log_opt_values /opt/stack/data/venv/lib/python3.12/site-packages/oslo_config/cfg.py:3245}}
May 21 23:15:08.249355 np0000176056 devstack@n-api.service[100124]: DEBUG nova.api.openstack.wsgi_app [None req-1957aebd-428a-48f0-9208-5d511c102a9c None None] initial_ram_allocation_ratio = 1.0 {{(pid=100124) log_opt_values /opt/stack/data/venv/lib/python3.12/site-packages/oslo_config/cfg.py:3245}}
May 21 23:15:08.249355 np0000176056 devstack@n-api.service[100124]: DEBUG nova.api.openstack.wsgi_app [None req-1957aebd-428a-48f0-9208-5d511c102a9c None None] injected_network_template = /opt/stack/nova/nova/virt/interfaces.template {{(pid=100124) log_opt_values /opt/stack/data/venv/lib/python3.12/site-packages/oslo_config/cfg.py:3245}}
May 21 23:15:08.249355 np0000176056 devstack@n-api.service[100124]: DEBUG nova.api.openstack.wsgi_app [None req-1957aebd-428a-48f0-9208-5d511c102a9c None None] instance_build_timeout = 0 {{(pid=100124) log_opt_values /opt/stack/data/venv/lib/python3.12/site-packages/oslo_config/cfg.py:3245}}
May 21 23:15:08.249355 np0000176056 devstack@n-api.service[100124]: DEBUG nova.api.openstack.wsgi_app [None req-1957aebd-428a-48f0-9208-5d511c102a9c None None] instance_delete_interval = 300 {{(pid=100124) log_opt_values /opt/stack/data/venv/lib/python3.12/site-packages/oslo_config/cfg.py:3245}}
May 21 23:15:08.249584 np0000176056 devstack@n-api.service[100124]: DEBUG nova.api.openstack.wsgi_app [None req-1957aebd-428a-48f0-9208-5d511c102a9c None None] instance_format = [instance: %(uuid)s] {{(pid=100124) log_opt_values /opt/stack/data/venv/lib/python3.12/site-packages/oslo_config/cfg.py:3245}}
May 21 23:15:08.249673 np0000176056 devstack@n-api.service[100124]: DEBUG nova.api.openstack.wsgi_app [None req-1957aebd-428a-48f0-9208-5d511c102a9c None None] instance_name_template = instance-%08x {{(pid=100124) log_opt_values /opt/stack/data/venv/lib/python3.12/site-packages/oslo_config/cfg.py:3245}}
May 21 23:15:08.249867 np0000176056 devstack@n-api.service[100124]: DEBUG nova.api.openstack.wsgi_app [None req-1957aebd-428a-48f0-9208-5d511c102a9c None None] instance_usage_audit = False {{(pid=100124) log_opt_values /opt/stack/data/venv/lib/python3.12/site-packages/oslo_config/cfg.py:3245}}
May 21 23:15:08.250003 np0000176056 devstack@n-api.service[100124]: DEBUG nova.api.openstack.wsgi_app [None req-1957aebd-428a-48f0-9208-5d511c102a9c None None] instance_usage_audit_period = month {{(pid=100124) log_opt_values /opt/stack/data/venv/lib/python3.12/site-packages/oslo_config/cfg.py:3245}}
May 21 23:15:08.250226 np0000176056 devstack@n-api.service[100124]: DEBUG nova.api.openstack.wsgi_app [None req-1957aebd-428a-48f0-9208-5d511c102a9c None None] instance_uuid_format = [instance: %(uuid)s] {{(pid=100124) log_opt_values /opt/stack/data/venv/lib/python3.12/site-packages/oslo_config/cfg.py:3245}}
May 21 23:15:08.250226 np0000176056 devstack@n-api.service[100124]: DEBUG nova.api.openstack.wsgi_app [None req-1957aebd-428a-48f0-9208-5d511c102a9c None None] instances_path = /opt/stack/data/nova/instances {{(pid=100124) log_opt_values /opt/stack/data/venv/lib/python3.12/site-packages/oslo_config/cfg.py:3245}}
May 21 23:15:08.250540 np0000176056 devstack@n-api.service[100124]: DEBUG nova.api.openstack.wsgi_app [None req-1957aebd-428a-48f0-9208-5d511c102a9c None None] internal_service_availability_zone = internal {{(pid=100124) log_opt_values /opt/stack/data/venv/lib/python3.12/site-packages/oslo_config/cfg.py:3245}}
May 21 23:15:08.250540 np0000176056 devstack@n-api.service[100124]: DEBUG nova.api.openstack.wsgi_app [None req-1957aebd-428a-48f0-9208-5d511c102a9c None None] key = None {{(pid=100124) log_opt_values /opt/stack/data/venv/lib/python3.12/site-packages/oslo_config/cfg.py:3245}}
May 21 23:15:08.250856 np0000176056 devstack@n-api.service[100124]: DEBUG nova.api.openstack.wsgi_app [None req-1957aebd-428a-48f0-9208-5d511c102a9c None None] live_migration_retry_count = 30 {{(pid=100124) log_opt_values /opt/stack/data/venv/lib/python3.12/site-packages/oslo_config/cfg.py:3245}}
May 21 23:15:08.250856 np0000176056 devstack@n-api.service[100124]: DEBUG nova.api.openstack.wsgi_app [None req-1957aebd-428a-48f0-9208-5d511c102a9c None None] log_color = False {{(pid=100124) log_opt_values /opt/stack/data/venv/lib/python3.12/site-packages/oslo_config/cfg.py:3245}}
May 21 23:15:08.250856 np0000176056 devstack@n-api.service[100124]: DEBUG nova.api.openstack.wsgi_app [None req-1957aebd-428a-48f0-9208-5d511c102a9c None None] log_config_append = None {{(pid=100124) log_opt_values /opt/stack/data/venv/lib/python3.12/site-packages/oslo_config/cfg.py:3245}}
May 21 23:15:08.251055 np0000176056 devstack@n-api.service[100124]: DEBUG nova.api.openstack.wsgi_app [None req-1957aebd-428a-48f0-9208-5d511c102a9c None None] log_date_format = %Y-%m-%d %H:%M:%S {{(pid=100124) log_opt_values /opt/stack/data/venv/lib/python3.12/site-packages/oslo_config/cfg.py:3245}}
May 21 23:15:08.251132 np0000176056 devstack@n-api.service[100124]: DEBUG nova.api.openstack.wsgi_app [None req-1957aebd-428a-48f0-9208-5d511c102a9c None None] log_dir = None {{(pid=100124) log_opt_values /opt/stack/data/venv/lib/python3.12/site-packages/oslo_config/cfg.py:3245}}
May 21 23:15:08.251318 np0000176056 devstack@n-api.service[100124]: DEBUG nova.api.openstack.wsgi_app [None req-1957aebd-428a-48f0-9208-5d511c102a9c None None] log_file = None {{(pid=100124) log_opt_values /opt/stack/data/venv/lib/python3.12/site-packages/oslo_config/cfg.py:3245}}
May 21 23:15:08.251413 np0000176056 devstack@n-api.service[100124]: DEBUG nova.api.openstack.wsgi_app [None req-1957aebd-428a-48f0-9208-5d511c102a9c None None] log_options = True {{(pid=100124) log_opt_values /opt/stack/data/venv/lib/python3.12/site-packages/oslo_config/cfg.py:3245}}
