2026-05-08 06:37:16.976 7 INFO neutron.notifiers.nova [-] Nova event matching ['req-62b99ce0-86fa-4f62-8563-d705d2ca7ead'] response: {'name': 'network-changed', 'server_uuid': 'd716102e-0df4-4f60-adcb-282567ba50f6', 'tag': '96326acd-8338-4c1d-bb18-3f34e8659337', 'status': 'completed', 'code': 200}
2026-05-08 06:37:17.223 7 INFO neutron.db.ovn_revision_numbers_db [None req-dcaf7e61-9970-47c0-a24d-3d6d5a5c594e - - - - - -] Successfully bumped revision number for resource 96326acd-8338-4c1d-bb18-3f34e8659337 (type: ports) to 6 /var/lib/openstack/lib/python3.12/site-packages/pycadf/identifier.py:70: UserWarning: Invalid uuid: neutron. To ensure interoperability, identifiers should be a valid uuid. warnings.warn(('Invalid uuid: %s. To ensure interoperability, ' [pid: 7|app: 0|req: 1672/3447] 199.204.45.132 () {34 vars in 1080 bytes} [Fri May 8 06:37:17 2026] GET /v2.0/ports?tenant_id=fbbb816c75424f438930a310ac73d743&device_id=d716102e-0df4-4f60-adcb-282567ba50f6 => generated 1463 bytes in 31 msecs (HTTP/1.1 200) 4 headers in 158 bytes (1 switches on core 0) [pid: 8|app: 0|req: 1776/3448] 199.204.45.132 () {34 vars in 986 bytes} [Fri May 8 06:37:17 2026] GET /v2.0/networks?id=7927bd4c-f8d0-4d08-865f-ae31c2f27cc5 => generated 842 bytes in 37 msecs (HTTP/1.1 200) 4 headers in 157 bytes (1 switches on core 0) [pid: 7|app: 0|req: 1673/3449] 199.204.45.132 () {34 vars in 1058 bytes} [Fri May 8 06:37:17 2026] GET /v2.0/floatingips?fixed_ip_address=10.2.2.141&port_id=96326acd-8338-4c1d-bb18-3f34e8659337 => generated 19 bytes in 21 msecs (HTTP/1.1 200) 4 headers in 156 bytes (1 switches on core 0) [pid: 8|app: 0|req: 1777/3450] 199.204.45.132 () {34 vars in 1106 bytes} [Fri May 8 06:37:17 2026] GET /v2.0/floatingips?fixed_ip_address=fd77%3A1457%3A4cf0%3A26a8%3A%3A339&port_id=96326acd-8338-4c1d-bb18-3f34e8659337 => generated 19 bytes in 20 msecs (HTTP/1.1 200) 4 headers in 156 bytes (1 switches on core 0) [pid: 7|app: 0|req: 1674/3451] 199.204.45.132 () {34 vars in 1064 bytes} [Fri May 8 06:37:17 2026] GET /v2.0/subnets?id=31f39c0e-a6b8-44b9-9e25-d41c86822ecf&id=6fcec822-e69b-4a3c-92ee-99f398e4ac72 => generated 1415 bytes in 35 msecs (HTTP/1.1 200) 4 headers in 158 bytes (1 switches on core 0) [pid: 8|app: 0|req: 1778/3452] 199.204.45.132 () {34 vars in 1052 bytes} [Fri May 8 06:37:17 2026] GET /v2.0/ports?network_id=7927bd4c-f8d0-4d08-865f-ae31c2f27cc5&device_owner=network%3Adhcp => generated 12 bytes in 26 msecs (HTTP/1.1 200) 4 headers in 156 bytes (1 switches on core 0) [pid: 7|app: 0|req: 1675/3453] 199.204.45.132 () {34 vars in 1052 bytes} [Fri May 8 06:37:17 2026] GET /v2.0/ports?network_id=7927bd4c-f8d0-4d08-865f-ae31c2f27cc5&device_owner=network%3Adhcp => generated 12 bytes in 17 msecs (HTTP/1.1 200) 4 headers in 156 bytes (1 switches on core 0) [pid: 8|app: 0|req: 1779/3454] 199.204.45.132 () {34 vars in 1012 bytes} [Fri May 8 06:37:17 2026] GET /v2.0/networks/7927bd4c-f8d0-4d08-865f-ae31c2f27cc5?fields=segments => generated 14 bytes in 49 msecs (HTTP/1.1 200) 4 headers in 156 bytes (1 switches on core 0) [pid: 7|app: 0|req: 1676/3455] 199.204.45.132 () {34 vars in 1112 bytes} [Fri May 8 06:37:17 2026] GET /v2.0/networks/7927bd4c-f8d0-4d08-865f-ae31c2f27cc5?fields=provider%3Aphysical_network&fields=provider%3Anetwork_type => generated 79 bytes in 43 msecs (HTTP/1.1 200) 4 headers in 156 bytes (1 switches on core 0) [pid: 8|app: 0|req: 1780/3456] 199.204.45.132 () {34 vars in 994 bytes} [Fri May 8 06:37:18 2026] GET /v2.0/ports?device_id=d716102e-0df4-4f60-adcb-282567ba50f6 => generated 1202 bytes in 99 msecs (HTTP/1.1 200) 4 headers in 158 bytes (1 switches on core 0)
2026-05-08 06:37:18.373 7 INFO neutron_taas.services.taas.taas_plugin [req-009ca8a8-b766-454c-baf8-d8cffcfdf2f2 req-be578e55-740a-44e6-9e1b-2e1c8fcb1dc9 9691bb450e6d4ea5b5648703bc7c156a fbbb816c75424f438930a310ac73d743 - - default default] TaaS: Handle Delete Port: 96326acd-8338-4c1d-bb18-3f34e8659337
2026-05-08 06:37:18.375 7 INFO neutron_taas.services.taas.tap_mirror_plugin [req-009ca8a8-b766-454c-baf8-d8cffcfdf2f2 req-be578e55-740a-44e6-9e1b-2e1c8fcb1dc9 9691bb450e6d4ea5b5648703bc7c156a fbbb816c75424f438930a310ac73d743 - - default default] Tap Mirror: Handle Delete Port: 96326acd-8338-4c1d-bb18-3f34e8659337 [pid: 7|app: 0|req: 1677/3457] 199.204.45.132 () {36 vars in 997 bytes} [Fri May 8 06:37:18 2026] DELETE /v2.0/ports/96326acd-8338-4c1d-bb18-3f34e8659337 => generated 0 bytes in 262 msecs (HTTP/1.1 204) 3 headers in 131 bytes (1 switches on core 0)
2026-05-08 06:37:19.011 7 INFO neutron.notifiers.nova [-] Nova event matching ['req-e433de5a-a2f0-48d0-bdc6-e9f25ca627bc'] response: {'server_uuid': 'd716102e-0df4-4f60-adcb-282567ba50f6', 'name': 'network-vif-unplugged', 'status': 'completed', 'tag': '96326acd-8338-4c1d-bb18-3f34e8659337', 'code': 200}
2026-05-08 06:37:19.011 7 INFO neutron.notifiers.nova [-] Nova event matching ['req-e433de5a-a2f0-48d0-bdc6-e9f25ca627bc'] response: {'server_uuid': 'd716102e-0df4-4f60-adcb-282567ba50f6', 'name': 'network-vif-unplugged', 'status': 'completed', 'tag': '96326acd-8338-4c1d-bb18-3f34e8659337', 'code': 200}
2026-05-08 06:37:19.011 7 INFO neutron.notifiers.nova [-] Nova event matching ['req-e433de5a-a2f0-48d0-bdc6-e9f25ca627bc'] response: {'server_uuid': 'd716102e-0df4-4f60-adcb-282567ba50f6', 'name': 'network-vif-deleted', 'tag': '96326acd-8338-4c1d-bb18-3f34e8659337', 'status': 'completed', 'code': 200} [pid: 8|app: 0|req: 1781/3458] 10.0.0.129 () {34 vars in 990 bytes} [Fri May 8 06:37:21 2026] GET /v2.0/ports?device_id=d716102e-0df4-4f60-adcb-282567ba50f6 => generated 12 bytes in 24 msecs (HTTP/1.1 200) 4 headers in 156 bytes (1 switches on core 0)
2026-05-08 06:37:26.389 7 INFO neutron_taas.services.taas.taas_plugin [None req-93812a47-7227-458b-90de-720bde79b4d5 9691bb450e6d4ea5b5648703bc7c156a fbbb816c75424f438930a310ac73d743 - - default default] TaaS: Handle Delete Port: 3339f9e7-6179-44b0-8d9f-be5eb1740e40
2026-05-08 06:37:26.392 7 INFO neutron_taas.services.taas.tap_mirror_plugin [None req-93812a47-7227-458b-90de-720bde79b4d5 9691bb450e6d4ea5b5648703bc7c156a fbbb816c75424f438930a310ac73d743 - - default default] Tap Mirror: Handle Delete Port: 3339f9e7-6179-44b0-8d9f-be5eb1740e40
2026-05-08 06:37:26.608 7 INFO neutron.db.l3_db [None req-93812a47-7227-458b-90de-720bde79b4d5 9691bb450e6d4ea5b5648703bc7c156a fbbb816c75424f438930a310ac73d743 - - default default] Floating IP c9078f68-6ec7-4f55-ae14-3bf96fe625a0 disassociated (deleted). External IP: 10.96.250.208, port: 3af71404-26a1-4156-81f1-7a5668680044. [pid: 7|app: 0|req: 1678/3459] 10.0.0.181 () {32 vars in 732 bytes} [Fri May 8 06:37:26 2026] DELETE /v2.0/floatingips/c9078f68-6ec7-4f55-ae14-3bf96fe625a0 => generated 0 bytes in 421 msecs (HTTP/1.1 204) 2 headers in 112 bytes (1 switches on core 0)
2026-05-08 06:37:26.669 8 INFO neutron.api.v2.resource [None req-cd07efb2-7403-44b3-a902-ea693b37822c 9691bb450e6d4ea5b5648703bc7c156a fbbb816c75424f438930a310ac73d743 - - default default] show failed (client error): The resource could not be found. [pid: 8|app: 0|req: 1782/3460] 10.0.0.181 () {32 vars in 729 bytes} [Fri May 8 06:37:26 2026] GET /v2.0/floatingips/c9078f68-6ec7-4f55-ae14-3bf96fe625a0 => generated 144 bytes in 20 msecs (HTTP/1.1 404) 4 headers in 164 bytes (1 switches on core 0)
2026-05-08 06:37:26.675 7 INFO neutron.notifiers.nova [-] Nova event matching ['req-a67fd42e-5570-4697-a1e4-6acfe9c871b2'] response: {'name': 'network-changed', 'server_uuid': 'ce41e90d-46e9-4b04-b052-0978e40c73c6', 'tag': '3af71404-26a1-4156-81f1-7a5668680044', 'status': 'completed', 'code': 200} /var/lib/openstack/lib/python3.12/site-packages/pycadf/identifier.py:70: UserWarning: Invalid uuid: neutron. To ensure interoperability, identifiers should be a valid uuid. warnings.warn(('Invalid uuid: %s. To ensure interoperability, ' [pid: 7|app: 0|req: 1679/3461] 10.0.0.129 () {34 vars in 990 bytes} [Fri May 8 06:37:26 2026] GET /v2.0/ports?device_id=ce41e90d-46e9-4b04-b052-0978e40c73c6 => generated 1200 bytes in 94 msecs (HTTP/1.1 200) 4 headers in 158 bytes (1 switches on core 0) [pid: 8|app: 0|req: 1783/3462] 10.0.0.129 () {34 vars in 1040 bytes} [Fri May 8 06:37:26 2026] GET /v2.0/security-groups?id=6d6f35a7-9d0b-44c4-bd3d-030931d33f0b&fields=id&fields=name => generated 112 bytes in 31 msecs (HTTP/1.1 200) 4 headers in 157 bytes (1 switches on core 0) [pid: 7|app: 0|req: 1680/3463] 199.204.45.132 () {34 vars in 1080 bytes} [Fri May 8 06:37:27 2026] GET /v2.0/ports?tenant_id=fbbb816c75424f438930a310ac73d743&device_id=ce41e90d-46e9-4b04-b052-0978e40c73c6 => generated 1461 bytes in 37 msecs (HTTP/1.1 200) 4 headers in 158 bytes (1 switches on core 0) [pid: 8|app: 0|req: 1784/3464] 199.204.45.132 () {34 vars in 986 bytes} [Fri May 8 06:37:27 2026] GET /v2.0/networks?id=739494de-6e82-4d8c-be2e-0aca6036f450 => generated 842 bytes in 48 msecs (HTTP/1.1 200) 4 headers in 157 bytes (1 switches on core 0) [pid: 7|app: 0|req: 1681/3465] 199.204.45.132 () {34 vars in 1058 bytes} [Fri May 8 06:37:27 2026] GET /v2.0/floatingips?fixed_ip_address=10.2.1.207&port_id=3af71404-26a1-4156-81f1-7a5668680044 => generated 19 bytes in 27 msecs (HTTP/1.1 200) 4 headers in 156 bytes (1 switches on core 0) [pid: 8|app: 0|req: 1785/3466] 199.204.45.132 () {34 vars in 1104 bytes} [Fri May 8 06:37:27 2026] GET /v2.0/floatingips?fixed_ip_address=fd7b%3Af9f7%3Afff%3A4eca%3A%3A2e8&port_id=3af71404-26a1-4156-81f1-7a5668680044 => generated 19 bytes in 20 msecs (HTTP/1.1 200) 4 headers in 156 bytes (1 switches on core 0) [pid: 7|app: 0|req: 1682/3467] 199.204.45.132 () {34 vars in 1064 bytes} [Fri May 8 06:37:27 2026] GET /v2.0/subnets?id=009d1666-0855-427b-abee-da4df1c8c1ee&id=aa10cd38-f06f-44f7-ad09-cb39dd60a3e9 => generated 1411 bytes in 32 msecs (HTTP/1.1 200) 4 headers in 158 bytes (1 switches on core 0) [pid: 8|app: 0|req: 1786/3468] 199.204.45.132 () {34 vars in 1052 bytes} [Fri May 8 06:37:27 2026] GET /v2.0/ports?network_id=739494de-6e82-4d8c-be2e-0aca6036f450&device_owner=network%3Adhcp => generated 12 bytes in 20 msecs (HTTP/1.1 200) 4 headers in 156 bytes (1 switches on core 0) [pid: 7|app: 0|req: 1683/3469] 199.204.45.132 () {34 vars in 1052 bytes} [Fri May 8 06:37:27 2026] GET /v2.0/ports?network_id=739494de-6e82-4d8c-be2e-0aca6036f450&device_owner=network%3Adhcp => generated 12 bytes in 24 msecs (HTTP/1.1 200) 4 headers in 156 bytes (1 switches on core 0) [pid: 8|app: 0|req: 1787/3470] 199.204.45.132 () {34 vars in 1012 bytes} [Fri May 8 06:37:27 2026] GET /v2.0/networks/739494de-6e82-4d8c-be2e-0aca6036f450?fields=segments => generated 14 bytes in 42 msecs (HTTP/1.1 200) 4 headers in 156 bytes (1 switches on core 0) [pid: 7|app: 0|req: 1684/3471] 199.204.45.132 () {34 vars in 1112 bytes} [Fri May 8 06:37:27 2026] GET /v2.0/networks/739494de-6e82-4d8c-be2e-0aca6036f450?fields=provider%3Aphysical_network&fields=provider%3Anetwork_type => generated 79 bytes in 42 msecs (HTTP/1.1 200) 4 headers in 156 bytes (1 switches on core 0)
2026-05-08 06:37:27.860 8 INFO neutron.plugins.ml2.drivers.ovn.mech_driver.mech_driver [None req-b9e9aeff-bf62-4b9a-9c5f-0006729c13d6 - - - - - -] OVN reports status down for port: 3af71404-26a1-4156-81f1-7a5668680044
2026-05-08 06:37:27.985 8 INFO neutron.notifiers.nova [-] Nova event matching ['req-26630053-4569-4191-b87f-e732123e0962'] response: {'server_uuid': 'ce41e90d-46e9-4b04-b052-0978e40c73c6', 'name': 'network-vif-unplugged', 'status': 'completed', 'tag': '3af71404-26a1-4156-81f1-7a5668680044', 'code': 200}
2026-05-08 06:37:28.095 8 INFO neutron.db.ovn_revision_numbers_db [None req-b9e9aeff-bf62-4b9a-9c5f-0006729c13d6 - - - - - -] Successfully bumped revision number for resource 3af71404-26a1-4156-81f1-7a5668680044 (type: ports) to 6 /var/lib/openstack/lib/python3.12/site-packages/pycadf/identifier.py:70: UserWarning: Invalid uuid: neutron. To ensure interoperability, identifiers should be a valid uuid. warnings.warn(('Invalid uuid: %s. To ensure interoperability, ' [pid: 8|app: 0|req: 1788/3472] 199.204.45.132 () {34 vars in 994 bytes} [Fri May 8 06:37:29 2026] GET /v2.0/ports?device_id=ce41e90d-46e9-4b04-b052-0978e40c73c6 => generated 1198 bytes in 642 msecs (HTTP/1.1 200) 4 headers in 158 bytes (1 switches on core 0)
2026-05-08 06:37:29.836 7 INFO neutron_taas.services.taas.taas_plugin [req-c97e849a-76cb-4248-9f9b-3e637e7566f2 req-34c52633-9388-4487-9cea-56ace042390c 9691bb450e6d4ea5b5648703bc7c156a fbbb816c75424f438930a310ac73d743 - - default default] TaaS: Handle Delete Port: 3af71404-26a1-4156-81f1-7a5668680044
2026-05-08 06:37:29.839 7 INFO neutron_taas.services.taas.tap_mirror_plugin [req-c97e849a-76cb-4248-9f9b-3e637e7566f2 req-34c52633-9388-4487-9cea-56ace042390c 9691bb450e6d4ea5b5648703bc7c156a fbbb816c75424f438930a310ac73d743 - - default default] Tap Mirror: Handle Delete Port: 3af71404-26a1-4156-81f1-7a5668680044 [pid: 7|app: 0|req: 1685/3473] 199.204.45.132 () {36 vars in 997 bytes} [Fri May 8 06:37:29 2026] DELETE /v2.0/ports/3af71404-26a1-4156-81f1-7a5668680044 => generated 0 bytes in 291 msecs (HTTP/1.1 204) 3 headers in 131 bytes (1 switches on core 0)
2026-05-08 06:37:30.028 8 INFO neutron.notifiers.nova [-] Nova event matching ['req-d2df2f5b-835a-443a-a8bd-0c03557bb32d'] response: {'server_uuid': 'ce41e90d-46e9-4b04-b052-0978e40c73c6', 'name': 'network-vif-unplugged', 'status': 'completed', 'tag': '3af71404-26a1-4156-81f1-7a5668680044', 'code': 200}
2026-05-08 06:37:30.033 7 INFO neutron.notifiers.nova [-] Nova event matching ['req-6a8d9bf6-2622-4821-ab0a-b9f5d4e22502'] response: {'server_uuid': 'ce41e90d-46e9-4b04-b052-0978e40c73c6', 'name': 'network-vif-deleted', 'tag': '3af71404-26a1-4156-81f1-7a5668680044', 'status': 'completed', 'code': 200} [pid: 8|app: 0|req: 1790/3476] 10.0.0.129 () {34 vars in 990 bytes} [Fri May 8 06:37:32 2026] GET /v2.0/ports?device_id=ce41e90d-46e9-4b04-b052-0978e40c73c6 => generated 12 bytes in 20 msecs (HTTP/1.1 200) 4 headers in 156 bytes (1 switches on core 0) [pid: 7|app: 0|req: 1687/3477] 10.0.0.181 () {32 vars in 750 bytes} [Fri May 8 06:37:37 2026] DELETE /v2.0/security-group-rules/7b545aef-c982-4be2-89ac-448e135d90e2 => generated 0 bytes in 111 msecs (HTTP/1.1 204) 2 headers in 112 bytes (1 switches on core 0)
2026-05-08 06:37:37.252 8 INFO neutron.api.v2.resource [None req-bdf54b6a-31de-4096-b429-560d86f6fc26 9691bb450e6d4ea5b5648703bc7c156a fbbb816c75424f438930a310ac73d743 - - default default] show failed (client error): The resource could not be found. [pid: 8|app: 0|req: 1791/3478] 10.0.0.181 () {32 vars in 747 bytes} [Fri May 8 06:37:37 2026] GET /v2.0/security-group-rules/7b545aef-c982-4be2-89ac-448e135d90e2 => generated 155 bytes in 14 msecs (HTTP/1.1 404) 4 headers in 164 bytes (1 switches on core 0) [pid: 7|app: 0|req: 1688/3479] 10.0.0.181 () {32 vars in 750 bytes} [Fri May 8 06:37:37 2026] DELETE /v2.0/security-group-rules/d5d263e2-8bd7-4980-9052-33451c982b81 => generated 0 bytes in 107 msecs (HTTP/1.1 204) 2 headers in 112 bytes (1 switches on core 0)
2026-05-08 06:37:37.375 8 INFO neutron.api.v2.resource [None req-58bbb44b-e414-4d89-9b58-3d607da77961 9691bb450e6d4ea5b5648703bc7c156a fbbb816c75424f438930a310ac73d743 - - default default] show failed (client error): The resource could not be found. [pid: 8|app: 0|req: 1792/3480] 10.0.0.181 () {32 vars in 747 bytes} [Fri May 8 06:37:37 2026] GET /v2.0/security-group-rules/d5d263e2-8bd7-4980-9052-33451c982b81 => generated 155 bytes in 8 msecs (HTTP/1.1 404) 4 headers in 164 bytes (1 switches on core 0) [pid: 7|app: 0|req: 1689/3481] 10.0.0.181 () {32 vars in 750 bytes} [Fri May 8 06:37:37 2026] DELETE /v2.0/security-group-rules/d2113c76-4d40-403f-9aa4-06a5ac2fc653 => generated 0 bytes in 106 msecs (HTTP/1.1 204) 2 headers in 112 bytes (1 switches on core 0)
2026-05-08 06:37:37.503 8 INFO neutron.api.v2.resource [None req-fcb059b4-a545-4fac-a339-9d371a7aed9a 9691bb450e6d4ea5b5648703bc7c156a fbbb816c75424f438930a310ac73d743 - - default default] show failed (client error): The resource could not be found. [pid: 8|app: 0|req: 1793/3482] 10.0.0.181 () {32 vars in 747 bytes} [Fri May 8 06:37:37 2026] GET /v2.0/security-group-rules/d2113c76-4d40-403f-9aa4-06a5ac2fc653 => generated 155 bytes in 13 msecs (HTTP/1.1 404) 4 headers in 164 bytes (1 switches on core 0) [pid: 7|app: 0|req: 1690/3483] 10.0.0.181 () {32 vars in 750 bytes} [Fri May 8 06:37:37 2026] DELETE /v2.0/security-group-rules/c9f3360f-2019-4e96-8550-21d80cf9bd2f => generated 0 bytes in 98 msecs (HTTP/1.1 204) 2 headers in 112 bytes (1 switches on core 0)
2026-05-08 06:37:37.621 8 INFO neutron.api.v2.resource [None req-01c9256c-2376-4427-bed0-094fa3c67a35 9691bb450e6d4ea5b5648703bc7c156a fbbb816c75424f438930a310ac73d743 - - default default] show failed (client error): The resource could not be found. [pid: 8|app: 0|req: 1794/3484] 10.0.0.181 () {32 vars in 747 bytes} [Fri May 8 06:37:37 2026] GET /v2.0/security-group-rules/c9f3360f-2019-4e96-8550-21d80cf9bd2f => generated 155 bytes in 11 msecs (HTTP/1.1 404) 4 headers in 164 bytes (1 switches on core 0) [pid: 7|app: 0|req: 1691/3485] 10.0.0.181 () {32 vars in 750 bytes} [Fri May 8 06:37:37 2026] DELETE /v2.0/security-group-rules/77e21f4d-1c44-475d-b74f-9f508912c905 => generated 0 bytes in 97 msecs (HTTP/1.1 204) 2 headers in 112 bytes (1 switches on core 0)
2026-05-08 06:37:37.737 8 INFO neutron.api.v2.resource [None req-0c68269c-490c-4fd3-92ad-b813ff88819b 9691bb450e6d4ea5b5648703bc7c156a fbbb816c75424f438930a310ac73d743 - - default default] show failed (client error): The resource could not be found. [pid: 8|app: 0|req: 1795/3486] 10.0.0.181 () {32 vars in 747 bytes} [Fri May 8 06:37:37 2026] GET /v2.0/security-group-rules/77e21f4d-1c44-475d-b74f-9f508912c905 => generated 155 bytes in 9 msecs (HTTP/1.1 404) 4 headers in 164 bytes (1 switches on core 0) [pid: 7|app: 0|req: 1692/3487] 10.0.0.181 () {32 vars in 750 bytes} [Fri May 8 06:37:37 2026] DELETE /v2.0/security-group-rules/6cc414cd-b924-45ba-91ba-6e29c1350383 => generated 0 bytes in 100 msecs (HTTP/1.1 204) 2 headers in 112 bytes (1 switches on core 0)
2026-05-08 06:37:37.858 8 INFO neutron.api.v2.resource [None req-75f03801-4360-4c1e-a3bb-34c9a0ee5a19 9691bb450e6d4ea5b5648703bc7c156a fbbb816c75424f438930a310ac73d743 - - default default] show failed (client error): The resource could not be found. [pid: 8|app: 0|req: 1796/3488] 10.0.0.181 () {32 vars in 747 bytes} [Fri May 8 06:37:37 2026] GET /v2.0/security-group-rules/6cc414cd-b924-45ba-91ba-6e29c1350383 => generated 155 bytes in 13 msecs (HTTP/1.1 404) 4 headers in 164 bytes (1 switches on core 0) [pid: 7|app: 0|req: 1693/3489] 10.0.0.181 () {32 vars in 750 bytes} [Fri May 8 06:37:37 2026] DELETE /v2.0/security-group-rules/751a328c-7436-491e-afd1-fdb3cb47d683 => generated 0 bytes in 97 msecs (HTTP/1.1 204) 2 headers in 112 bytes (1 switches on core 0)
2026-05-08 06:37:37.976 8 INFO neutron.api.v2.resource [None req-ab919087-f9ad-45ec-bf4a-32746423b377 9691bb450e6d4ea5b5648703bc7c156a fbbb816c75424f438930a310ac73d743 - - default default] show failed (client error): The resource could not be found. [pid: 8|app: 0|req: 1797/3490] 10.0.0.181 () {32 vars in 747 bytes} [Fri May 8 06:37:37 2026] GET /v2.0/security-group-rules/751a328c-7436-491e-afd1-fdb3cb47d683 => generated 155 bytes in 13 msecs (HTTP/1.1 404) 4 headers in 164 bytes (1 switches on core 0) [pid: 7|app: 0|req: 1694/3491] 10.0.0.181 () {32 vars in 750 bytes} [Fri May 8 06:37:37 2026] DELETE /v2.0/security-group-rules/6d72aa1d-2b50-4dae-86b4-05812a2dcd14 => generated 0 bytes in 114 msecs (HTTP/1.1 204) 2 headers in 112 bytes (1 switches on core 0)
2026-05-08 06:37:38.110 8 INFO neutron.api.v2.resource [None req-8a36376c-c8de-4027-9a77-f875ff3b837f 9691bb450e6d4ea5b5648703bc7c156a fbbb816c75424f438930a310ac73d743 - - default default] show failed (client error): The resource could not be found. [pid: 8|app: 0|req: 1798/3492] 10.0.0.181 () {32 vars in 747 bytes} [Fri May 8 06:37:38 2026] GET /v2.0/security-group-rules/6d72aa1d-2b50-4dae-86b4-05812a2dcd14 => generated 155 bytes in 12 msecs (HTTP/1.1 404) 4 headers in 164 bytes (1 switches on core 0) [pid: 7|app: 0|req: 1695/3493] 10.0.0.181 () {32 vars in 750 bytes} [Fri May 8 06:37:38 2026] DELETE /v2.0/security-group-rules/b2f03112-f3fa-4f11-a295-ec5e200cd538 => generated 0 bytes in 115 msecs (HTTP/1.1 204) 2 headers in 112 bytes (1 switches on core 0)
2026-05-08 06:37:38.248 8 INFO neutron.api.v2.resource [None req-d7921fc3-a993-48b0-8cc3-d21c13193b53 9691bb450e6d4ea5b5648703bc7c156a fbbb816c75424f438930a310ac73d743 - - default default] show failed (client error): The resource could not be found. [pid: 8|app: 0|req: 1799/3494] 10.0.0.181 () {32 vars in 747 bytes} [Fri May 8 06:37:38 2026] GET /v2.0/security-group-rules/b2f03112-f3fa-4f11-a295-ec5e200cd538 => generated 155 bytes in 13 msecs (HTTP/1.1 404) 4 headers in 164 bytes (1 switches on core 0) [pid: 7|app: 0|req: 1696/3495] 10.0.0.181 () {32 vars in 750 bytes} [Fri May 8 06:37:38 2026] DELETE /v2.0/security-group-rules/fdb6bc03-6260-46e9-969c-acca38673a33 => generated 0 bytes in 100 msecs (HTTP/1.1 204) 2 headers in 112 bytes (1 switches on core 0)
2026-05-08 06:37:38.371 8 INFO neutron.api.v2.resource [None req-cd88ba67-ffbc-45e9-818d-cd42a11cfa61 9691bb450e6d4ea5b5648703bc7c156a fbbb816c75424f438930a310ac73d743 - - default default] show failed (client error): The resource could not be found. [pid: 8|app: 0|req: 1800/3496] 10.0.0.181 () {32 vars in 747 bytes} [Fri May 8 06:37:38 2026] GET /v2.0/security-group-rules/fdb6bc03-6260-46e9-969c-acca38673a33 => generated 155 bytes in 14 msecs (HTTP/1.1 404) 4 headers in 164 bytes (1 switches on core 0) [pid: 7|app: 0|req: 1697/3497] 10.0.0.181 () {32 vars in 750 bytes} [Fri May 8 06:37:38 2026] DELETE /v2.0/security-group-rules/67bff2f4-359e-423b-be40-d8af21465089 => generated 0 bytes in 95 msecs (HTTP/1.1 204) 2 headers in 112 bytes (1 switches on core 0)
2026-05-08 06:37:38.488 8 INFO neutron.api.v2.resource [None req-4282961c-b0d2-49ca-bd79-84540fb72b5b 9691bb450e6d4ea5b5648703bc7c156a fbbb816c75424f438930a310ac73d743 - - default default] show failed (client error): The resource could not be found. [pid: 8|app: 0|req: 1801/3498] 10.0.0.181 () {32 vars in 747 bytes} [Fri May 8 06:37:38 2026] GET /v2.0/security-group-rules/67bff2f4-359e-423b-be40-d8af21465089 => generated 155 bytes in 12 msecs (HTTP/1.1 404) 4 headers in 164 bytes (1 switches on core 0) [pid: 7|app: 0|req: 1698/3499] 10.0.0.181 () {32 vars in 740 bytes} [Fri May 8 06:37:38 2026] DELETE /v2.0/security-groups/6d6f35a7-9d0b-44c4-bd3d-030931d33f0b => generated 0 bytes in 116 msecs (HTTP/1.1 204) 2 headers in 112 bytes (1 switches on core 0)
2026-05-08 06:37:38.626 8 INFO neutron.api.v2.resource [None req-23ae8790-afcb-4d72-96e4-38db858b4fb3 9691bb450e6d4ea5b5648703bc7c156a fbbb816c75424f438930a310ac73d743 - - default default] show failed (client error): The resource could not be found. [pid: 8|app: 0|req: 1802/3500] 10.0.0.181 () {32 vars in 737 bytes} [Fri May 8 06:37:38 2026] GET /v2.0/security-groups/6d6f35a7-9d0b-44c4-bd3d-030931d33f0b => generated 146 bytes in 13 msecs (HTTP/1.1 404) 4 headers in 164 bytes (1 switches on core 0)
2026-05-08 06:37:38.972 7 INFO neutron_taas.services.taas.taas_plugin [None req-23668080-66f6-41fc-8727-c1e65b969484 9691bb450e6d4ea5b5648703bc7c156a fbbb816c75424f438930a310ac73d743 - - default default] TaaS: Handle Delete Port: a9d75346-eda6-48f2-b598-528ab4f13c55
2026-05-08 06:37:38.975 7 INFO neutron_taas.services.taas.tap_mirror_plugin [None req-23668080-66f6-41fc-8727-c1e65b969484 9691bb450e6d4ea5b5648703bc7c156a fbbb816c75424f438930a310ac73d743 - - default default] Tap Mirror: Handle Delete Port: a9d75346-eda6-48f2-b598-528ab4f13c55 [pid: 7|app: 0|req: 1699/3501] 10.0.0.181 () {34 vars in 789 bytes} [Fri May 8 06:37:38 2026] PUT /v2.0/routers/65aa3bd8-15c5-429a-b4aa-6d0b90d91199/remove_router_interface => generated 310 bytes in 790 msecs (HTTP/1.1 200) 4 headers in 157 bytes (1 switches on core 0)
2026-05-08 06:37:39.559 8 INFO neutron.api.v2.resource [None req-f7e9747f-1827-4527-8c78-1712a6bc7218 9691bb450e6d4ea5b5648703bc7c156a fbbb816c75424f438930a310ac73d743 - - default default] remove_router_interface failed (client error): The resource could not be found. [pid: 8|app: 0|req: 1803/3502] 10.0.0.181 () {34 vars in 789 bytes} [Fri May 8 06:37:39 2026] PUT /v2.0/routers/65aa3bd8-15c5-429a-b4aa-6d0b90d91199/remove_router_interface => generated 198 bytes in 90 msecs (HTTP/1.1 404) 4 headers in 164 bytes (1 switches on core 0) /var/lib/openstack/lib/python3.12/site-packages/pycadf/identifier.py:70: UserWarning: Invalid uuid: neutron. To ensure interoperability, identifiers should be a valid uuid. warnings.warn(('Invalid uuid: %s. To ensure interoperability, '
2026-05-08 06:37:39.839 7 INFO neutron_taas.services.taas.taas_plugin [None req-7699fc0d-2914-4c79-814e-431b091da45d 9691bb450e6d4ea5b5648703bc7c156a fbbb816c75424f438930a310ac73d743 - - default default] TaaS: Handle Delete Port: cdf3711a-8668-4696-a170-0f7923d9a011
2026-05-08 06:37:39.842 7 INFO neutron_taas.services.taas.tap_mirror_plugin [None req-7699fc0d-2914-4c79-814e-431b091da45d 9691bb450e6d4ea5b5648703bc7c156a fbbb816c75424f438930a310ac73d743 - - default default] Tap Mirror: Handle Delete Port: cdf3711a-8668-4696-a170-0f7923d9a011 [pid: 7|app: 0|req: 1700/3503] 10.0.0.181 () {34 vars in 789 bytes} [Fri May 8 06:37:39 2026] PUT /v2.0/routers/65aa3bd8-15c5-429a-b4aa-6d0b90d91199/remove_router_interface => generated 310 bytes in 831 msecs (HTTP/1.1 200) 4 headers in 157 bytes (1 switches on core 0)
2026-05-08 06:37:40.494 8 INFO neutron.api.v2.resource [None req-af2438e5-7709-4532-9244-4222af05fd3d 9691bb450e6d4ea5b5648703bc7c156a fbbb816c75424f438930a310ac73d743 - - default default] remove_router_interface failed (client error): The resource could not be found. [pid: 8|app: 0|req: 1804/3504] 10.0.0.181 () {34 vars in 789 bytes} [Fri May 8 06:37:40 2026] PUT /v2.0/routers/65aa3bd8-15c5-429a-b4aa-6d0b90d91199/remove_router_interface => generated 198 bytes in 95 msecs (HTTP/1.1 404) 4 headers in 164 bytes (1 switches on core 0) /var/lib/openstack/lib/python3.12/site-packages/pycadf/identifier.py:70: UserWarning: Invalid uuid: neutron. To ensure interoperability, identifiers should be a valid uuid. warnings.warn(('Invalid uuid: %s. To ensure interoperability, '
2026-05-08 06:37:40.810 7 INFO neutron_taas.services.taas.taas_plugin [None req-326fd8e5-3fcd-494e-8477-67e988e9d928 9691bb450e6d4ea5b5648703bc7c156a fbbb816c75424f438930a310ac73d743 - - default default] TaaS: Handle Delete Port: 6df0aadd-71f1-442d-ac91-be5f74209372
2026-05-08 06:37:40.813 7 INFO neutron_taas.services.taas.tap_mirror_plugin [None req-326fd8e5-3fcd-494e-8477-67e988e9d928 9691bb450e6d4ea5b5648703bc7c156a fbbb816c75424f438930a310ac73d743 - - default default] Tap Mirror: Handle Delete Port: 6df0aadd-71f1-442d-ac91-be5f74209372 [pid: 7|app: 0|req: 1701/3505] 10.0.0.181 () {34 vars in 789 bytes} [Fri May 8 06:37:40 2026] PUT /v2.0/routers/65aa3bd8-15c5-429a-b4aa-6d0b90d91199/remove_router_interface => generated 310 bytes in 813 msecs (HTTP/1.1 200) 4 headers in 157 bytes (1 switches on core 0)
2026-05-08 06:37:41.409 8 INFO neutron.api.v2.resource [None req-93df9bf5-da4e-4024-961c-ccf9496a5639 9691bb450e6d4ea5b5648703bc7c156a fbbb816c75424f438930a310ac73d743 - - default default] remove_router_interface failed (client error): The resource could not be found. [pid: 8|app: 0|req: 1805/3506] 10.0.0.181 () {34 vars in 789 bytes} [Fri May 8 06:37:41 2026] PUT /v2.0/routers/65aa3bd8-15c5-429a-b4aa-6d0b90d91199/remove_router_interface => generated 198 bytes in 95 msecs (HTTP/1.1 404) 4 headers in 164 bytes (1 switches on core 0) /var/lib/openstack/lib/python3.12/site-packages/pycadf/identifier.py:70: UserWarning: Invalid uuid: neutron. To ensure interoperability, identifiers should be a valid uuid. warnings.warn(('Invalid uuid: %s. To ensure interoperability, '
2026-05-08 06:37:41.753 7 INFO neutron_taas.services.taas.taas_plugin [None req-d5a47041-bbcd-4cc6-a713-5a99f360f743 9691bb450e6d4ea5b5648703bc7c156a fbbb816c75424f438930a310ac73d743 - - default default] TaaS: Handle Delete Port: b40b1c26-27b0-4048-ac1a-c8f44e039cba
2026-05-08 06:37:41.756 7 INFO neutron_taas.services.taas.tap_mirror_plugin [None req-d5a47041-bbcd-4cc6-a713-5a99f360f743 9691bb450e6d4ea5b5648703bc7c156a fbbb816c75424f438930a310ac73d743 - - default default] Tap Mirror: Handle Delete Port: b40b1c26-27b0-4048-ac1a-c8f44e039cba [pid: 7|app: 0|req: 1702/3507] 10.0.0.181 () {32 vars in 724 bytes} [Fri May 8 06:37:41 2026] DELETE /v2.0/routers/65aa3bd8-15c5-429a-b4aa-6d0b90d91199 => generated 0 bytes in 751 msecs (HTTP/1.1 204) 2 headers in 112 bytes (1 switches on core 0)
2026-05-08 06:37:42.203 8 INFO neutron.api.v2.resource [None req-61164818-f1f5-48e3-8cf4-aa66301a39ad 9691bb450e6d4ea5b5648703bc7c156a fbbb816c75424f438930a310ac73d743 - - default default] show failed (client error): The resource could not be found. [pid: 8|app: 0|req: 1806/3508] 10.0.0.181 () {32 vars in 721 bytes} [Fri May 8 06:37:42 2026] GET /v2.0/routers/65aa3bd8-15c5-429a-b4aa-6d0b90d91199 => generated 135 bytes in 21 msecs (HTTP/1.1 404) 4 headers in 164 bytes (1 switches on core 0) [pid: 7|app: 0|req: 1703/3509] 10.0.0.181 () {32 vars in 724 bytes} [Fri May 8 06:37:42 2026] DELETE /v2.0/subnets/6fcec822-e69b-4a3c-92ee-99f398e4ac72 => generated 0 bytes in 141 msecs (HTTP/1.1 204) 3 headers in 131 bytes (1 switches on core 0)
2026-05-08 06:37:42.366 8 INFO neutron.pecan_wsgi.hooks.translation [None req-02f098ca-6786-4050-81cb-1a638880de01 9691bb450e6d4ea5b5648703bc7c156a fbbb816c75424f438930a310ac73d743 - - default default] GET failed (client error): The resource could not be found. [pid: 8|app: 0|req: 1807/3510] 10.0.0.181 () {32 vars in 721 bytes} [Fri May 8 06:37:42 2026] GET /v2.0/subnets/6fcec822-e69b-4a3c-92ee-99f398e4ac72 => generated 136 bytes in 14 msecs (HTTP/1.1 404) 4 headers in 164 bytes (1 switches on core 0) [pid: 7|app: 0|req: 1704/3511] 10.0.0.181 () {32 vars in 724 bytes} [Fri May 8 06:37:42 2026] DELETE /v2.0/subnets/31f39c0e-a6b8-44b9-9e25-d41c86822ecf => generated 0 bytes in 156 msecs (HTTP/1.1 204) 3 headers in 131 bytes (1 switches on core 0)
2026-05-08 06:37:42.545 8 INFO neutron.pecan_wsgi.hooks.translation [None req-4bc748b4-ea60-497f-a7b3-e4e4d86e706d 9691bb450e6d4ea5b5648703bc7c156a fbbb816c75424f438930a310ac73d743 - - default default] GET failed (client error): The resource could not be found. [pid: 8|app: 0|req: 1808/3512] 10.0.0.181 () {32 vars in 721 bytes} [Fri May 8 06:37:42 2026] GET /v2.0/subnets/31f39c0e-a6b8-44b9-9e25-d41c86822ecf => generated 136 bytes in 15 msecs (HTTP/1.1 404) 4 headers in 164 bytes (1 switches on core 0)
2026-05-08 06:37:42.665 7 INFO neutron_taas.services.taas.taas_plugin [None req-bb64dcc8-bf4e-458c-84a3-85a6939b7c3a 9691bb450e6d4ea5b5648703bc7c156a fbbb816c75424f438930a310ac73d743 - - default default] TaaS: Handle Delete Port: 58018d7a-b17a-49fc-9a35-6e7fddf98877
2026-05-08 06:37:42.669 7 INFO neutron_taas.services.taas.tap_mirror_plugin [None req-bb64dcc8-bf4e-458c-84a3-85a6939b7c3a 9691bb450e6d4ea5b5648703bc7c156a fbbb816c75424f438930a310ac73d743 - - default default] Tap Mirror: Handle Delete Port: 58018d7a-b17a-49fc-9a35-6e7fddf98877 [pid: 7|app: 0|req: 1705/3513] 10.0.0.181 () {32 vars in 726 bytes} [Fri May 8 06:37:42 2026] DELETE /v2.0/networks/7927bd4c-f8d0-4d08-865f-ae31c2f27cc5 => generated 0 bytes in 328 msecs (HTTP/1.1 204) 3 headers in 131 bytes (1 switches on core 0)
2026-05-08 06:37:42.885 7 INFO neutron.services.segments.plugin [-] Segment 9e001251-00f0-4416-b4fc-e56b492955f1 resource provider aggregate not found
2026-05-08 06:37:42.896 7 INFO neutron.services.segments.plugin [-] Segment 9e001251-00f0-4416-b4fc-e56b492955f1 resource provider aggregate not found
2026-05-08 06:37:42.899 8 INFO neutron.pecan_wsgi.hooks.translation [None req-4496f1e9-9c37-45c7-9538-09b96487e565 9691bb450e6d4ea5b5648703bc7c156a fbbb816c75424f438930a310ac73d743 - - default default] GET failed (client error): The resource could not be found. [pid: 8|app: 0|req: 1809/3514] 10.0.0.181 () {32 vars in 723 bytes} [Fri May 8 06:37:42 2026] GET /v2.0/networks/7927bd4c-f8d0-4d08-865f-ae31c2f27cc5 => generated 138 bytes in 15 msecs (HTTP/1.1 404) 4 headers in 164 bytes (1 switches on core 0)
2026-05-08 06:37:42.902 7 INFO neutron.services.segments.plugin [-] Segment 9e001251-00f0-4416-b4fc-e56b492955f1 resource provider not found; error: Placement Client Error (4xx): {"errors": [{"status": 404, "title": "Not Found", "detail": "The resource could not be found.\n\n No resource provider with uuid 9e001251-00f0-4416-b4fc-e56b492955f1 found for delete ", "request_id": "req-5db37b7e-9678-4bf9-bbd5-3ff94323f053"}]}
2026-05-08 06:37:42.913 7 INFO neutron.services.segments.plugin [-] Segment 9e001251-00f0-4416-b4fc-e56b492955f1 resource provider not found; error: Placement Client Error (4xx): {"errors": [{"status": 404, "title": "Not Found", "detail": "The resource could not be found.\n\n No resource provider with uuid 9e001251-00f0-4416-b4fc-e56b492955f1 found for delete ", "request_id": "req-70a4d591-62fc-4434-b7cc-9d5129361d1f"}]} [pid: 7|app: 0|req: 1706/3515] 10.0.0.181 () {32 vars in 724 bytes} [Fri May 8 06:37:42 2026] DELETE /v2.0/subnets/aa10cd38-f06f-44f7-ad09-cb39dd60a3e9 => generated 0 bytes in 134 msecs (HTTP/1.1 204) 3 headers in 131 bytes (1 switches on core 0)
2026-05-08 06:37:43.052 8 INFO neutron.pecan_wsgi.hooks.translation [None req-c87c5d7e-af1c-4cdf-9437-1e4e3d8272fc 9691bb450e6d4ea5b5648703bc7c156a fbbb816c75424f438930a310ac73d743 - - default default] GET failed (client error): The resource could not be found. [pid: 8|app: 0|req: 1810/3516] 10.0.0.181 () {32 vars in 721 bytes} [Fri May 8 06:37:43 2026] GET /v2.0/subnets/aa10cd38-f06f-44f7-ad09-cb39dd60a3e9 => generated 136 bytes in 12 msecs (HTTP/1.1 404) 4 headers in 164 bytes (1 switches on core 0) [pid: 7|app: 0|req: 1707/3517] 10.0.0.181 () {32 vars in 724 bytes} [Fri May 8 06:37:43 2026] DELETE /v2.0/subnets/009d1666-0855-427b-abee-da4df1c8c1ee => generated 0 bytes in 164 msecs (HTTP/1.1 204) 3 headers in 131 bytes (1 switches on core 0)
2026-05-08 06:37:43.239 8 INFO neutron.pecan_wsgi.hooks.translation [None req-6a736b4f-92dc-46c9-8919-1b15a5fc37cd 9691bb450e6d4ea5b5648703bc7c156a fbbb816c75424f438930a310ac73d743 - - default default] GET failed (client error): The resource could not be found. [pid: 8|app: 0|req: 1811/3518] 10.0.0.181 () {32 vars in 721 bytes} [Fri May 8 06:37:43 2026] GET /v2.0/subnets/009d1666-0855-427b-abee-da4df1c8c1ee => generated 136 bytes in 16 msecs (HTTP/1.1 404) 4 headers in 164 bytes (1 switches on core 0)
2026-05-08 06:37:43.364 7 INFO neutron_taas.services.taas.taas_plugin [None req-9bfda976-97da-4dc3-bf10-967c550e2388 9691bb450e6d4ea5b5648703bc7c156a fbbb816c75424f438930a310ac73d743 - - default default] TaaS: Handle Delete Port: 551b73a5-cecc-4234-aa4f-1bb0c632327c
2026-05-08 06:37:43.367 7 INFO neutron_taas.services.taas.tap_mirror_plugin [None req-9bfda976-97da-4dc3-bf10-967c550e2388 9691bb450e6d4ea5b5648703bc7c156a fbbb816c75424f438930a310ac73d743 - - default default] Tap Mirror: Handle Delete Port: 551b73a5-cecc-4234-aa4f-1bb0c632327c [pid: 7|app: 0|req: 1708/3519] 10.0.0.181 () {32 vars in 726 bytes} [Fri May 8 06:37:43 2026] DELETE /v2.0/networks/739494de-6e82-4d8c-be2e-0aca6036f450 => generated 0 bytes in 328 msecs (HTTP/1.1 204) 3 headers in 131 bytes (1 switches on core 0)
2026-05-08 06:37:43.594 8 INFO neutron.pecan_wsgi.hooks.translation [None req-610d8473-248a-491d-a909-658bf5da93ef 9691bb450e6d4ea5b5648703bc7c156a fbbb816c75424f438930a310ac73d743 - - default default] GET failed (client error): The resource could not be found. [pid: 8|app: 0|req: 1812/3520] 10.0.0.181 () {32 vars in 723 bytes} [Fri May 8 06:37:43 2026] GET /v2.0/networks/739494de-6e82-4d8c-be2e-0aca6036f450 => generated 138 bytes in 17 msecs (HTTP/1.1 404) 4 headers in 164 bytes (1 switches on core 0) [pid: 7|app: 0|req: 1709/3521] 10.0.0.181 () {32 vars in 724 bytes} [Fri May 8 06:37:43 2026] DELETE /v2.0/subnets/e14f6f88-fe3f-4642-adae-3eb39cc6769b => generated 0 bytes in 141 msecs (HTTP/1.1 204) 3 headers in 131 bytes (1 switches on core 0)
2026-05-08 06:37:43.755 8 INFO neutron.pecan_wsgi.hooks.translation [None req-c29fbf08-4712-4642-8a8d-a8c7e8d6fb91 9691bb450e6d4ea5b5648703bc7c156a fbbb816c75424f438930a310ac73d743 - - default default] GET failed (client error): The resource could not be found. [pid: 8|app: 0|req: 1813/3522] 10.0.0.181 () {32 vars in 721 bytes} [Fri May 8 06:37:43 2026] GET /v2.0/subnets/e14f6f88-fe3f-4642-adae-3eb39cc6769b => generated 136 bytes in 11 msecs (HTTP/1.1 404) 4 headers in 164 bytes (1 switches on core 0) [pid: 7|app: 0|req: 1710/3523] 10.0.0.181 () {32 vars in 724 bytes} [Fri May 8 06:37:43 2026] DELETE /v2.0/subnets/c2ce9449-62d4-491d-8739-58a10f4c3064 => generated 0 bytes in 199 msecs (HTTP/1.1 204) 3 headers in 131 bytes (1 switches on core 0)
2026-05-08 06:37:43.979 8 INFO neutron.pecan_wsgi.hooks.translation [None req-e3cb80f4-8ab5-48d6-bb20-554815bb9d0c 9691bb450e6d4ea5b5648703bc7c156a fbbb816c75424f438930a310ac73d743 - - default default] GET failed (client error): The resource could not be found. [pid: 8|app: 0|req: 1814/3524] 10.0.0.181 () {32 vars in 721 bytes} [Fri May 8 06:37:43 2026] GET /v2.0/subnets/c2ce9449-62d4-491d-8739-58a10f4c3064 => generated 136 bytes in 16 msecs (HTTP/1.1 404) 4 headers in 164 bytes (1 switches on core 0)
2026-05-08 06:37:44.091 7 INFO neutron_taas.services.taas.taas_plugin [None req-d80195cf-7c47-4e23-b475-ff023d3eedd7 9691bb450e6d4ea5b5648703bc7c156a fbbb816c75424f438930a310ac73d743 - - default default] TaaS: Handle Delete Port: c1ce4ca3-bcd2-49dc-9a47-b3eb79b0887e
2026-05-08 06:37:44.094 7 INFO neutron_taas.services.taas.tap_mirror_plugin [None req-d80195cf-7c47-4e23-b475-ff023d3eedd7 9691bb450e6d4ea5b5648703bc7c156a fbbb816c75424f438930a310ac73d743 - - default default] Tap Mirror: Handle Delete Port: c1ce4ca3-bcd2-49dc-9a47-b3eb79b0887e [pid: 7|app: 0|req: 1711/3525] 10.0.0.181 () {32 vars in 726 bytes} [Fri May 8 06:37:43 2026] DELETE /v2.0/networks/4ec3caf1-ed11-4ff1-bd4c-94f9c9f1d214 => generated 0 bytes in 340 msecs (HTTP/1.1 204) 3 headers in 131 bytes (1 switches on core 0)
2026-05-08 06:37:44.343 8 INFO neutron.pecan_wsgi.hooks.translation [None req-03e22dd6-8b32-41b4-b470-402509ec38a8 9691bb450e6d4ea5b5648703bc7c156a fbbb816c75424f438930a310ac73d743 - - default default] GET failed (client error): The resource could not be found. [pid: 8|app: 0|req: 1815/3526] 10.0.0.181 () {32 vars in 723 bytes} [Fri May 8 06:37:44 2026] GET /v2.0/networks/4ec3caf1-ed11-4ff1-bd4c-94f9c9f1d214 => generated 138 bytes in 16 msecs (HTTP/1.1 404) 4 headers in 164 bytes (1 switches on core 0)
2026-05-08 06:37:44.919 7 INFO neutron.services.segments.plugin [-] Segment 186fbdb7-15a5-4c9b-92ec-0c6c7335ed0c resource provider aggregate not found
2026-05-08 06:37:44.933 7 INFO neutron.services.segments.plugin [-] Segment 186fbdb7-15a5-4c9b-92ec-0c6c7335ed0c resource provider not found; error: Placement Client Error (4xx): {"errors": [{"status": 404, "title": "Not Found", "detail": "The resource could not be found.\n\n No resource provider with uuid 186fbdb7-15a5-4c9b-92ec-0c6c7335ed0c found for delete ", "request_id": "req-0cd36395-0d40-47c4-8f8c-11a8a51c6f21"}]}
2026-05-08 06:37:44.936 7 INFO neutron.services.segments.plugin [-] Segment 186fbdb7-15a5-4c9b-92ec-0c6c7335ed0c resource provider aggregate not found
2026-05-08 06:37:44.945 7 INFO neutron.services.segments.plugin [-] Segment e63d83a1-ed60-46bf-a61a-8409c81787f2 resource provider aggregate not found
2026-05-08 06:37:44.948 7 INFO neutron.services.segments.plugin [-] Segment 186fbdb7-15a5-4c9b-92ec-0c6c7335ed0c resource provider not found; error: Placement Client Error (4xx): {"errors": [{"status": 404, "title": "Not Found", "detail": "The resource could not be found.\n\n No resource provider with uuid 186fbdb7-15a5-4c9b-92ec-0c6c7335ed0c found for delete ", "request_id": "req-caafcd34-73d3-4740-af08-2359de084504"}]}
2026-05-08 06:37:44.963 7 INFO neutron.services.segments.plugin [-] Segment e63d83a1-ed60-46bf-a61a-8409c81787f2 resource provider not found; error: Placement Client Error (4xx): {"errors": [{"status": 404, "title": "Not Found", "detail": "The resource could not be found.\n\n No resource provider with uuid e63d83a1-ed60-46bf-a61a-8409c81787f2 found for delete ", "request_id": "req-2c98dfa2-143f-42b9-ab13-5c0cdd6cfe85"}]}
2026-05-08 06:37:44.967 7 INFO neutron.services.segments.plugin [-] Segment e63d83a1-ed60-46bf-a61a-8409c81787f2 resource provider aggregate not found
2026-05-08 06:37:44.984 7 INFO neutron.services.segments.plugin [-] Segment e63d83a1-ed60-46bf-a61a-8409c81787f2 resource provider not found; error: Placement Client Error (4xx): {"errors": [{"status": 404, "title": "Not Found", "detail": "The resource could not be found.\n\n No resource provider with uuid e63d83a1-ed60-46bf-a61a-8409c81787f2 found for delete "