2026-05-08 06:28:57.141 8 INFO neutron_taas.services.taas.tap_mirror_plugin [None req-8886f596-b3ff-415f-b954-bb0df364e2de b193f3f560a7485eb54ffb5d371fe95d 39f65d6a1c2542f7bb2f53de277917b9 - - default default] Tap Mirror: Handle Delete Port: 783128c4-1d86-4539-b998-020dc2ba72f4 [pid: 7|app: 0|req: 515/1062] 10.0.0.181 () {32 vars in 774 bytes} [Fri May 8 06:28:56 2026] GET /v2.0/security-groups?tenant_id=ee607176e5c34084b719edf95cdf5620&name=default => generated 2925 bytes in 241 msecs (HTTP/1.1 200) 4 headers in 158 bytes (1 switches on core 0) [pid: 7|app: 0|req: 516/1063] 10.0.0.233 () {28 vars in 585 bytes} [Fri May 8 06:28:57 2026] GET /v2.0/networks => generated 3892 bytes in 263 msecs (HTTP/1.1 200) 4 headers in 158 bytes (1 switches on core 0) [pid: 8|app: 0|req: 548/1064] 10.0.0.181 () {32 vars in 724 bytes} [Fri May 8 06:28:56 2026] DELETE /v2.0/routers/5f1bafc9-9592-45ca-b930-021d722af71b => generated 0 bytes in 674 msecs (HTTP/1.1 204) 2 headers in 112 bytes (1 switches on core 0) [pid: 8|app: 0|req: 549/1065] 10.0.0.233 () {28 vars in 619 bytes} [Fri May 8 06:28:57 2026] GET /v2.0/network-ip-availabilities => generated 3441 bytes in 18 msecs (HTTP/1.1 200) 4 headers in 158 bytes (1 switches on core 0) [pid: 7|app: 0|req: 517/1066] 10.0.0.181 () {32 vars in 740 bytes} [Fri May 8 06:28:57 2026] DELETE /v2.0/security-groups/e3434096-a328-41a0-9656-db71ded60c40 => generated 0 bytes in 161 msecs (HTTP/1.1 204) 2 headers in 112 bytes (1 switches on core 0) [pid: 7|app: 0|req: 518/1067] 10.0.0.233 () {28 vars in 591 bytes} [Fri May 8 06:28:57 2026] GET /v2.0/floatingips => generated 861 bytes in 39 msecs (HTTP/1.1 200) 4 headers in 157 bytes (1 switches on core 0) [pid: 8|app: 0|req: 550/1068] 10.0.0.181 () {32 vars in 724 bytes} [Fri May 8 06:28:57 2026] DELETE /v2.0/subnets/32ec779e-e9c0-4524-9e2c-cb2c9f90e1c5 => generated 0 bytes in 138 msecs (HTTP/1.1 204) 3 headers in 131 bytes (1 switches on core 0) [pid: 7|app: 0|req: 519/1069] 10.0.0.233 () {28 vars in 599 bytes} [Fri May 8 06:28:57 2026] GET /v2.0/security-groups => generated 26066 bytes in 36 msecs (HTTP/1.1 200) 4 headers in 159 bytes (1 switches on core 0) [pid: 7|app: 0|req: 520/1070] 10.0.0.233 () {28 vars in 583 bytes} [Fri May 8 06:28:57 2026] GET /v2.0/subnets => generated 1988 bytes in 31 msecs (HTTP/1.1 200) 4 headers in 158 bytes (1 switches on core 0) [pid: 7|app: 0|req: 521/1071] 10.0.0.233 () {28 vars in 591 bytes} [Fri May 8 06:28:57 2026] GET /v2.0/subnetpools => generated 19 bytes in 6 msecs (HTTP/1.1 200) 4 headers in 156 bytes (1 switches on core 0)
2026-05-08 06:28:57.762 8 INFO neutron_taas.services.taas.taas_plugin [None req-9c43dfd8-8a92-4769-9ae1-017922147887 b193f3f560a7485eb54ffb5d371fe95d 39f65d6a1c2542f7bb2f53de277917b9 - - default default] TaaS: Handle Delete Port: 511743c7-cd54-4d26-9cbe-62d8f1272752
2026-05-08 06:28:57.766 8 INFO neutron_taas.services.taas.tap_mirror_plugin [None req-9c43dfd8-8a92-4769-9ae1-017922147887 b193f3f560a7485eb54ffb5d371fe95d 39f65d6a1c2542f7bb2f53de277917b9 - - default default] Tap Mirror: Handle Delete Port: 511743c7-cd54-4d26-9cbe-62d8f1272752 [pid: 7|app: 0|req: 522/1072] 10.0.0.233 () {28 vars in 583 bytes} [Fri May 8 06:28:57 2026] GET /v2.0/routers => generated 998 bytes in 59 msecs (HTTP/1.1 200) 4 headers in 157 bytes (1 switches on core 0) [pid: 7|app: 0|req: 523/1073] 10.0.0.233 () {28 vars in 624 bytes} [Fri May 8 06:28:57 2026] GET /v2.0/agents?binary=ovn-controller => generated 416 bytes in 11 msecs (HTTP/1.1 200) 4 headers in 157 bytes (1 switches on core 0) [pid: 7|app: 0|req: 524/1074] 10.0.0.233 () {28 vars in 581 bytes} [Fri May 8 06:28:57 2026] GET /v2.0/agents => generated 1214 bytes in 10 msecs (HTTP/1.1 200) 4 headers in 158 bytes (1 switches on core 0) [pid: 7|app: 0|req: 525/1075] 10.0.0.233 () {28 vars in 583 bytes} [Fri May 8 06:28:57 2026] GET /v2.0/subnets => generated 1988 bytes in 31 msecs (HTTP/1.1 200) 4 headers in 158 bytes (1 switches on core 0) [pid: 7|app: 0|req: 526/1076] 10.0.0.233 () {28 vars in 579 bytes} [Fri May 8 06:28:57 2026] GET /v2.0/ports => generated 10684 bytes in 64 msecs (HTTP/1.1 200) 4 headers in 159 bytes (1 switches on core 0)
2026-05-08 06:28:57.933 8 INFO neutron.services.segments.plugin [-] Segment d340ae11-1be0-4771-bef3-52509960684c resource provider aggregate not found
2026-05-08 06:28:57.937 8 INFO neutron.services.segments.plugin [-] Segment d340ae11-1be0-4771-bef3-52509960684c resource provider aggregate not found
2026-05-08 06:28:57.951 8 INFO neutron.services.segments.plugin [-] Segment d340ae11-1be0-4771-bef3-52509960684c resource provider not found; error: Placement Client Error (4xx): {"errors": [{"status": 404, "title": "Not Found", "detail": "The resource could not be found.\n\n No resource provider with uuid d340ae11-1be0-4771-bef3-52509960684c found for delete ", "request_id": "req-a4f93c0e-67e8-4598-b371-bec4a94bc9bb"}]}
2026-05-08 06:28:57.956 8 INFO neutron.services.segments.plugin [-] Segment d340ae11-1be0-4771-bef3-52509960684c resource provider not found; error: Placement Client Error (4xx): {"errors": [{"status": 404, "title": "Not Found", "detail": "The resource could not be found.\n\n No resource provider with uuid d340ae11-1be0-4771-bef3-52509960684c found for delete ", "request_id": "req-708f67d7-c2c9-4ef7-81b1-2ad2b9e53d13"}]} [pid: 8|app: 0|req: 551/1077] 10.0.0.181 () {32 vars in 726 bytes} [Fri May 8 06:28:57 2026] DELETE /v2.0/networks/8871ab6b-8651-46ff-9958-f1f5332210e8 => generated 0 bytes in 318 msecs (HTTP/1.1 204) 3 headers in 131 bytes (1 switches on core 0)
2026-05-08 06:28:58.113 7 WARNING neutron.db.securitygroups_db [None req-4d7a1df2-4680-42f3-9a07-c7daca1829b2 b193f3f560a7485eb54ffb5d371fe95d 39f65d6a1c2542f7bb2f53de277917b9 - - default default] project_id key not found in filters, using tenant_id instead. This support has been deprecated and will be removed in a future release. [pid: 7|app: 0|req: 527/1078] 10.0.0.181 () {32 vars in 774 bytes} [Fri May 8 06:28:58 2026] GET /v2.0/security-groups?tenant_id=11385ef41e014802bd0afd045d948e35&name=default => generated 2925 bytes in 29 msecs (HTTP/1.1 200) 4 headers in 158 bytes (1 switches on core 0) [pid: 8|app: 0|req: 552/1079] 10.0.0.181 () {32 vars in 740 bytes} [Fri May 8 06:28:58 2026] DELETE /v2.0/security-groups/f90d8972-3686-458e-9232-c7742862e63d => generated 0 bytes in 176 msecs (HTTP/1.1 204) 2 headers in 112 bytes (1 switches on core 0)
2026-05-08 06:28:59.534 8 WARNING neutron.db.securitygroups_db [None req-09f85b4a-5dbb-42f4-a742-2d12efb64605 b193f3f560a7485eb54ffb5d371fe95d 39f65d6a1c2542f7bb2f53de277917b9 - - default default] project_id key not found in filters, using tenant_id instead. This support has been deprecated and will be removed in a future release.
2026-05-08 06:28:59.635 7 INFO neutron.db.ovn_revision_numbers_db [None req-4701915a-7e4c-49ca-bd03-b18595f7568a 7176d1320528467bb7613ad9603c9e95 bfb7943f36694c02b8bc9c66ddb0b67d - - default default] Successfully bumped revision number for resource e907d084-7519-460c-9c39-35c1fb5849d7 (type: security_groups) to 1
2026-05-08 06:28:59.636 8 INFO neutron.db.ovn_revision_numbers_db [None req-09f85b4a-5dbb-42f4-a742-2d12efb64605 b193f3f560a7485eb54ffb5d371fe95d 39f65d6a1c2542f7bb2f53de277917b9 - - default default] Successfully bumped revision number for resource 678fe273-a8c5-4881-a8e2-91b74a5afd1c (type: security_groups) to 1
2026-05-08 06:28:59.646 8 INFO neutron.db.ovn_revision_numbers_db [None req-09f85b4a-5dbb-42f4-a742-2d12efb64605 b193f3f560a7485eb54ffb5d371fe95d 39f65d6a1c2542f7bb2f53de277917b9 - - default default] Successfully bumped revision number for resource 2443fc2f-0579-4b20-b16d-74ecd85494e3 (type: security_group_rules) to 0
2026-05-08 06:28:59.647 7 INFO neutron.db.ovn_revision_numbers_db [None req-4701915a-7e4c-49ca-bd03-b18595f7568a 7176d1320528467bb7613ad9603c9e95 bfb7943f36694c02b8bc9c66ddb0b67d - - default default] Successfully bumped revision number for resource 1ce0abd4-7dd1-4ac6-aba0-c3583d61c03b (type: security_group_rules) to 0
2026-05-08 06:28:59.656 8 INFO neutron.db.ovn_revision_numbers_db [None req-09f85b4a-5dbb-42f4-a742-2d12efb64605 b193f3f560a7485eb54ffb5d371fe95d 39f65d6a1c2542f7bb2f53de277917b9 - - default default] Successfully bumped revision number for resource c93e451f-b3da-4b04-afe5-614277ccdd26 (type: security_group_rules) to 0
2026-05-08 06:28:59.663 7 INFO neutron.db.ovn_revision_numbers_db [None req-4701915a-7e4c-49ca-bd03-b18595f7568a 7176d1320528467bb7613ad9603c9e95 bfb7943f36694c02b8bc9c66ddb0b67d - - default default] Successfully bumped revision number for resource 20828a3c-df73-4474-8b94-ecf3d21e3e0d (type: security_group_rules) to 0
2026-05-08 06:28:59.667 8 INFO neutron.db.ovn_revision_numbers_db [None req-09f85b4a-5dbb-42f4-a742-2d12efb64605 b193f3f560a7485eb54ffb5d371fe95d 39f65d6a1c2542f7bb2f53de277917b9 - - default default] Successfully bumped revision number for resource e36241e6-3244-4528-9cda-911bea88df80 (type: security_group_rules) to 0
2026-05-08 06:28:59.678 7 INFO neutron.db.ovn_revision_numbers_db [None req-4701915a-7e4c-49ca-bd03-b18595f7568a 7176d1320528467bb7613ad9603c9e95 bfb7943f36694c02b8bc9c66ddb0b67d - - default default] Successfully bumped revision number for resource 60bdd0dc-5cf7-4281-a966-0833cd0aeb52 (type: security_group_rules) to 0
2026-05-08 06:28:59.679 8 INFO neutron.db.ovn_revision_numbers_db [None req-09f85b4a-5dbb-42f4-a742-2d12efb64605 b193f3f560a7485eb54ffb5d371fe95d 39f65d6a1c2542f7bb2f53de277917b9 - - default default] Successfully bumped revision number for resource f2251aaa-8030-4928-abf0-3b5e5e7b2b82 (type: security_group_rules) to 0
2026-05-08 06:28:59.691 7 INFO neutron.db.ovn_revision_numbers_db [None req-4701915a-7e4c-49ca-bd03-b18595f7568a 7176d1320528467bb7613ad9603c9e95 bfb7943f36694c02b8bc9c66ddb0b67d - - default default] Successfully bumped revision number for resource 863f9efd-d0e5-4755-a623-46c6d8cbf8de (type: security_group_rules) to 0 [pid: 8|app: 0|req: 553/1080] 10.0.0.181 () {32 vars in 774 bytes} [Fri May 8 06:28:59 2026] GET /v2.0/security-groups?tenant_id=71b0f4408550489ba041ccdee872907d&name=default => generated 2925 bytes in 237 msecs (HTTP/1.1 200) 4 headers in 158 bytes (1 switches on core 0)
2026-05-08 06:28:59.783 7 INFO neutron.db.segments_db [None req-4701915a-7e4c-49ca-bd03-b18595f7568a 7176d1320528467bb7613ad9603c9e95 bfb7943f36694c02b8bc9c66ddb0b67d - - default default] Added segment 6f8b90bd-42d0-4f8c-8f2a-a6cc62492b15 of type geneve for network 317ac39d-f885-4fc0-a1fc-8d6358ff090a [pid: 8|app: 0|req: 554/1081] 10.0.0.181 () {32 vars in 740 bytes} [Fri May 8 06:28:59 2026] DELETE /v2.0/security-groups/678fe273-a8c5-4881-a8e2-91b74a5afd1c => generated 0 bytes in 132 msecs (HTTP/1.1 204) 2 headers in 112 bytes (1 switches on core 0)
2026-05-08 06:28:59.895 7 INFO neutron.db.segments_db [None req-4701915a-7e4c-49ca-bd03-b18595f7568a 7176d1320528467bb7613ad9603c9e95 bfb7943f36694c02b8bc9c66ddb0b67d - - default default] Added segment 6816adab-fc26-40fa-a152-f9bedd1decd5 of type geneve for network 1057f43a-16ab-4391-92f3-8435c72f3145
2026-05-08 06:29:00.010 7 INFO neutron.db.ovn_revision_numbers_db [None req-4701915a-7e4c-49ca-bd03-b18595f7568a 7176d1320528467bb7613ad9603c9e95 bfb7943f36694c02b8bc9c66ddb0b67d - - default default] Successfully bumped revision number for resource 317ac39d-f885-4fc0-a1fc-8d6358ff090a (type: networks) to 1
2026-05-08 06:29:00.112 8 INFO neutron.db.ovn_revision_numbers_db [None req-0993bb40-47c6-4f93-979a-87ddf896af46 b193f3f560a7485eb54ffb5d371fe95d 39f65d6a1c2542f7bb2f53de277917b9 - - default default] Successfully bumped revision number for resource 4b00782c-8790-40f5-ac2c-67151718b57b (type: security_groups) to 1
2026-05-08 06:29:00.124 8 INFO neutron.db.ovn_revision_numbers_db [None req-0993bb40-47c6-4f93-979a-87ddf896af46 b193f3f560a7485eb54ffb5d371fe95d 39f65d6a1c2542f7bb2f53de277917b9 - - default default] Successfully bumped revision number for resource 03335d49-7502-45e0-b9bc-83ba814b9050 (type: security_group_rules) to 0
2026-05-08 06:29:00.136 8 INFO neutron.db.ovn_revision_numbers_db [None req-0993bb40-47c6-4f93-979a-87ddf896af46 b193f3f560a7485eb54ffb5d371fe95d 39f65d6a1c2542f7bb2f53de277917b9 - - default default] Successfully bumped revision number for resource 238b8ad4-baaa-4996-a9ce-09b19129d2dc (type: security_group_rules) to 0
2026-05-08 06:29:00.147 8 INFO neutron.db.ovn_revision_numbers_db [None req-0993bb40-47c6-4f93-979a-87ddf896af46 b193f3f560a7485eb54ffb5d371fe95d 39f65d6a1c2542f7bb2f53de277917b9 - - default default] Successfully bumped revision number for resource 842b6d18-84ed-4538-a547-77682cfc7809 (type: security_group_rules) to 0
2026-05-08 06:29:00.157 8 INFO neutron.db.ovn_revision_numbers_db [None req-0993bb40-47c6-4f93-979a-87ddf896af46 b193f3f560a7485eb54ffb5d371fe95d 39f65d6a1c2542f7bb2f53de277917b9 - - default default] Successfully bumped revision number for resource bf0dfbbf-8619-40b8-ac6a-a5f94ba8d735 (type: security_group_rules) to 0
2026-05-08 06:29:00.212 7 WARNING neutron.scheduler.dhcp_agent_scheduler [None req-4701915a-7e4c-49ca-bd03-b18595f7568a 7176d1320528467bb7613ad9603c9e95 bfb7943f36694c02b8bc9c66ddb0b67d - - default default] No more DHCP agents
2026-05-08 06:29:00.213 7 WARNING neutron.api.rpc.agentnotifiers.dhcp_rpc_agent_api [None req-4701915a-7e4c-49ca-bd03-b18595f7568a 7176d1320528467bb7613ad9603c9e95 bfb7943f36694c02b8bc9c66ddb0b67d - - default default] Unable to schedule network 317ac39d-f885-4fc0-a1fc-8d6358ff090a: no agents available; will retry on subsequent port and subnet creation events.
2026-05-08 06:29:00.236 8 INFO neutron.db.segments_db [None req-0993bb40-47c6-4f93-979a-87ddf896af46 b193f3f560a7485eb54ffb5d371fe95d 39f65d6a1c2542f7bb2f53de277917b9 - - default default] Added segment c9ce74a4-71f6-4ef0-a424-dd5b211363a4 of type geneve for network dd81367a-026e-4561-aabb-f2d348ed8cbb
2026-05-08 06:29:00.252 7 INFO neutron.plugins.ml2.drivers.ovn.mech_driver.mech_driver [None req-a7b94f99-fbfa-4468-b5d3-31c50db7120f - - - - - -] OVN reports status down for port: fc227a88-73d7-46fc-b6d9-2590d4cc32df
2026-05-08 06:29:00.323 7 INFO neutron.db.ovn_revision_numbers_db [None req-4701915a-7e4c-49ca-bd03-b18595f7568a 7176d1320528467bb7613ad9603c9e95 bfb7943f36694c02b8bc9c66ddb0b67d - - default default] Successfully bumped revision number for resource fc227a88-73d7-46fc-b6d9-2590d4cc32df (type: ports) to 1
2026-05-08 06:29:00.359 8 INFO neutron.db.ovn_revision_numbers_db [None req-0993bb40-47c6-4f93-979a-87ddf896af46 b193f3f560a7485eb54ffb5d371fe95d 39f65d6a1c2542f7bb2f53de277917b9 - - default default] Successfully bumped revision number for resource dd81367a-026e-4561-aabb-f2d348ed8cbb (type: networks) to 1
2026-05-08 06:29:00.424 7 INFO neutron.db.ovn_revision_numbers_db [None req-4701915a-7e4c-49ca-bd03-b18595f7568a 7176d1320528467bb7613ad9603c9e95 bfb7943f36694c02b8bc9c66ddb0b67d - - default default] Successfully bumped revision number for resource 1057f43a-16ab-4391-92f3-8435c72f3145 (type: networks) to 1
2026-05-08 06:29:00.510 8 WARNING neutron.scheduler.dhcp_agent_scheduler [None req-0993bb40-47c6-4f93-979a-87ddf896af46 b193f3f560a7485eb54ffb5d371fe95d 39f65d6a1c2542f7bb2f53de277917b9 - - default default] No more DHCP agents
2026-05-08 06:29:00.513 8 WARNING neutron.api.rpc.agentnotifiers.dhcp_rpc_agent_api [None req-0993bb40-47c6-4f93-979a-87ddf896af46 b193f3f560a7485eb54ffb5d371fe95d 39f65d6a1c2542f7bb2f53de277917b9 - - default default] Unable to schedule network dd81367a-026e-4561-aabb-f2d348ed8cbb: no agents available; will retry on subsequent port and subnet creation events.
2026-05-08 06:29:00.570 8 INFO neutron.plugins.ml2.drivers.ovn.mech_driver.mech_driver [None req-ce3abdd5-2c75-4ecd-9f72-6c09dc6e24a2 - - - - - -] OVN reports status down for port: f7776257-b05b-47df-a59b-2dc8535e2dcd
2026-05-08 06:29:00.614 7 WARNING neutron.scheduler.dhcp_agent_scheduler [None req-4701915a-7e4c-49ca-bd03-b18595f7568a 7176d1320528467bb7613ad9603c9e95 bfb7943f36694c02b8bc9c66ddb0b67d - - default default] No more DHCP agents
2026-05-08 06:29:00.617 7 WARNING neutron.api.rpc.agentnotifiers.dhcp_rpc_agent_api [None req-4701915a-7e4c-49ca-bd03-b18595f7568a 7176d1320528467bb7613ad9603c9e95 bfb7943f36694c02b8bc9c66ddb0b67d - - default default] Unable to schedule network 1057f43a-16ab-4391-92f3-8435c72f3145: no agents available; will retry on subsequent port and subnet creation events.
2026-05-08 06:29:00.640 8 INFO neutron.db.ovn_revision_numbers_db [None req-0993bb40-47c6-4f93-979a-87ddf896af46 b193f3f560a7485eb54ffb5d371fe95d 39f65d6a1c2542f7bb2f53de277917b9 - - default default] Successfully bumped revision number for resource f7776257-b05b-47df-a59b-2dc8535e2dcd (type: ports) to 1
2026-05-08 06:29:00.667 7 INFO neutron.plugins.ml2.drivers.ovn.mech_driver.mech_driver [None req-a7b94f99-fbfa-4468-b5d3-31c50db7120f - - - - - -] OVN reports status down for port: 0f0a5572-2c6d-4c28-af58-3f3b6800acc0 [pid: 8|app: 0|req: 555/1082] 10.0.0.181 () {34 vars in 671 bytes} [Fri May 8 06:28:59 2026] POST /v2.0/networks => generated 776 bytes in 818 msecs (HTTP/1.1 201) 4 headers in 162 bytes (1 switches on core 0)
2026-05-08 06:29:00.720 7 INFO neutron.db.ovn_revision_numbers_db [None req-4701915a-7e4c-49ca-bd03-b18595f7568a 7176d1320528467bb7613ad9603c9e95 bfb7943f36694c02b8bc9c66ddb0b67d - - default default] Successfully bumped revision number for resource 0f0a5572-2c6d-4c28-af58-3f3b6800acc0 (type: ports) to 1
2026-05-08 06:29:00.725 8 WARNING neutron.db.securitygroups_db [None req-fced8779-138d-4461-a616-f61a430138f2 b193f3f560a7485eb54ffb5d371fe95d 39f65d6a1c2542f7bb2f53de277917b9 - - default default] project_id key not found in filters, using tenant_id instead. This support has been deprecated and will be removed in a future release. [pid: 7|app: 0|req: 528/1083] 10.0.0.181 () {34 vars in 670 bytes} [Fri May 8 06:28:59 2026] POST /v2.0/networks => generated 1321 bytes in 1422 msecs (HTTP/1.1 201) 4 headers in 163 bytes (1 switches on core 0)
2026-05-08 06:29:00.837 8 INFO neutron.db.ovn_revision_numbers_db [None req-fced8779-138d-4461-a616-f61a430138f2 b193f3f560a7485eb54ffb5d371fe95d 39f65d6a1c2542f7bb2f53de277917b9 - - default default] Successfully bumped revision number for resource 89f45ca6-6d3b-4fbe-b1ec-81052dc3d0ec (type: security_groups) to 1
2026-05-08 06:29:00.850 8 INFO neutron.db.ovn_revision_numbers_db [None req-fced8779-138d-4461-a616-f61a430138f2 b193f3f560a7485eb54ffb5d371fe95d 39f65d6a1c2542f7bb2f53de277917b9 - - default default] Successfully bumped revision number for resource 11ea138a-9aee-4b25-9d4a-9bad82795ff2 (type: security_group_rules) to 0
2026-05-08 06:29:00.860 8 INFO neutron.db.ovn_revision_numbers_db [None req-fced8779-138d-4461-a616-f61a430138f2 b193f3f560a7485eb54ffb5d371fe95d 39f65d6a1c2542f7bb2f53de277917b9 - - default default] Successfully bumped revision number for resource 4c863c8c-8602-40e5-b613-ab218a2cd0d8 (type: security_group_rules) to 0
2026-05-08 06:29:00.871 8 INFO neutron.db.ovn_revision_numbers_db [None req-fced8779-138d-4461-a616-f61a430138f2 b193f3f560a7485eb54ffb5d371fe95d 39f65d6a1c2542f7bb2f53de277917b9 - - default default] Successfully bumped revision number for resource a4242f35-0b46-419f-930f-516dd68765a3 (type: security_group_rules) to 0
2026-05-08 06:29:00.881 8 INFO neutron.db.ovn_revision_numbers_db [None req-fced8779-138d-4461-a616-f61a430138f2 b193f3f560a7485eb54ffb5d371fe95d 39f65d6a1c2542f7bb2f53de277917b9 - - default default] Successfully bumped revision number for resource e150f325-cffd-479b-b9ec-876a119118e5 (type: security_group_rules) to 0
2026-05-08 06:29:00.886 7 WARNING neutron.scheduler.dhcp_agent_scheduler [None req-c47074ff-3726-41c4-82d2-0747d2a9b208 b193f3f560a7485eb54ffb5d371fe95d 39f65d6a1c2542f7bb2f53de277917b9 - - default default] No more DHCP agents
2026-05-08 06:29:00.887 7 WARNING neutron.api.rpc.agentnotifiers.dhcp_rpc_agent_api [None req-c47074ff-3726-41c4-82d2-0747d2a9b208 b193f3f560a7485eb54ffb5d371fe95d 39f65d6a1c2542f7bb2f53de277917b9 - - default default] Unable to schedule network dd81367a-026e-4561-aabb-f2d348ed8cbb: no agents available; will retry on subsequent port and subnet creation events. [pid: 8|app: 0|req: 556/1084] 10.0.0.181 () {32 vars in 774 bytes} [Fri May 8 06:29:00 2026] GET /v2.0/security-groups?tenant_id=2c988e0eb10b41abbfe2a83fe2293bbe&name=default => generated 2925 bytes in 199 msecs (HTTP/1.1 200) 4 headers in 158 bytes (1 switches on core 0) [pid: 8|app: 0|req: 557/1085] 10.0.0.181 () {32 vars in 649 bytes} [Fri May 8 06:29:00 2026] GET /v2.0/networks => generated 1970 bytes in 445 msecs (HTTP/1.1 200) 4 headers in 158 bytes (1 switches on core 0) [pid: 8|app: 0|req: 558/1086] 10.0.0.181 () {32 vars in 740 bytes} [Fri May 8 06:29:01 2026] DELETE /v2.0/security-groups/89f45ca6-6d3b-4fbe-b1ec-81052dc3d0ec => generated 0 bytes in 152 msecs (HTTP/1.1 204) 2 headers in 112 bytes (1 switches on core 0) [pid: 8|app: 0|req: 559/1087] 10.0.0.129 () {34 vars in 990 bytes} [Fri May 8 06:29:01 2026] GET /v2.0/ports?device_id=5a5e713c-369e-48d2-8086-65a5085c1774 => generated 975 bytes in 73 msecs (HTTP/1.1 200) 4 headers in 157 bytes (1 switches on core 0)
2026-05-08 06:29:01.668 7 INFO neutron.db.ovn_revision_numbers_db [None req-c47074ff-3726-41c4-82d2-0747d2a9b208 b193f3f560a7485eb54ffb5d371fe95d 39f65d6a1c2542f7bb2f53de277917b9 - - default default] Successfully bumped revision number for resource f7776257-b05b-47df-a59b-2dc8535e2dcd (type: ports) to 2
2026-05-08 06:29:01.701 7 INFO neutron.db.ovn_revision_numbers_db [None req-c47074ff-3726-41c4-82d2-0747d2a9b208 b193f3f560a7485eb54ffb5d371fe95d 39f65d6a1c2542f7bb2f53de277917b9 - - default default] Successfully bumped revision number for resource 405ddb98-974e-407e-abb1-4fd7f3977c01 (type: subnets) to 0
2026-05-08 06:29:01.713 8 INFO neutron_taas.services.taas.taas_plugin [None req-ff49571b-7134-4fe2-8825-b235aaecbb1a 7176d1320528467bb7613ad9603c9e95 bfb7943f36694c02b8bc9c66ddb0b67d - - default default] TaaS: Handle Delete Port: fc227a88-73d7-46fc-b6d9-2590d4cc32df
2026-05-08 06:29:01.715 8 INFO neutron_taas.services.taas.tap_mirror_plugin [None req-ff49571b-7134-4fe2-8825-b235aaecbb1a 7176d1320528467bb7613ad9603c9e95 bfb7943f36694c02b8bc9c66ddb0b67d - - default default] Tap Mirror: Handle Delete Port: fc227a88-73d7-46fc-b6d9-2590d4cc32df [pid: 7|app: 0|req: 529/1090] 10.0.0.181 () {34 vars in 669 bytes} [Fri May 8 06:29:00 2026] POST /v2.0/subnets => generated 682 bytes in 961 msecs (HTTP/1.1 201) 4 headers in 162 bytes (1 switches on core 0) [pid: 7|app: 0|req: 530/1091] 10.0.0.129 () {34 vars in 1040 bytes} [Fri May 8 06:29:01 2026] GET /v2.0/security-groups?id=01e51a4b-1027-4e4e-a2b5-8b4462dd400f&fields=id&fields=name => generated 114 bytes in 24 msecs (HTTP/1.1 200) 4 headers in 157 bytes (1 switches on core 0)
2026-05-08 06:29:01.932 8 INFO neutron.services.segments.plugin [-] Segment 6f8b90bd-42d0-4f8c-8f2a-a6cc62492b15 resource provider aggregate not found
2026-05-08 06:29:01.937 8 INFO neutron.services.segments.plugin [-] Segment 6f8b90bd-42d0-4f8c-8f2a-a6cc62492b15 resource provider aggregate not found
2026-05-08 06:29:01.956 8 INFO neutron.services.segments.plugin [-] Segment 6f8b90bd-42d0-4f8c-8f2a-a6cc62492b15 resource provider not found; error: Placement Client Error (4xx): {"errors": [{"status": 404, "title": "Not Found", "detail": "The resource could not be found.\n\n No resource provider with uuid 6f8b90bd-42d0-4f8c-8f2a-a6cc62492b15 found for delete ", "request_id": "req-e71a0dfc-36d2-4316-acf8-f8005deccb4b"}]}
2026-05-08 06:29:01.958 8 INFO neutron.services.segments.plugin [-] Segment 6f8b90bd-42d0-4f8c-8f2a-a6cc62492b15 resource provider not found; error: Placement Client Error (4xx): {"errors": [{"status": 404, "title": "Not Found", "detail": "The resource could not be found.\n\n No resource provider with uuid 6f8b90bd-42d0-4f8c-8f2a-a6cc62492b15 found for delete ", "request_id": "req-bf7d5a0c-17e5-425d-bba9-a6fbc4a17d70"}]} [pid: 8|app: 0|req: 562/1092] 10.0.0.181 () {32 vars in 726 bytes} [Fri May 8 06:29:01 2026] DELETE /v2.0/networks/317ac39d-f885-4fc0-a1fc-8d6358ff090a => generated 0 bytes in 388 msecs (HTTP/1.1 204) 3 headers in 131 bytes (1 switches on core 0) [pid: 8|app: 0|req: 563/1093] 10.0.0.129 () {34 vars in 990 bytes} [Fri May 8 06:29:01 2026] GET /v2.0/ports?device_id=5a5e713c-369e-48d2-8086-65a5085c1774 => generated 975 bytes in 43 msecs (HTTP/1.1 200) 4 headers in 157 bytes (1 switches on core 0)
2026-05-08 06:29:02.135 8 INFO neutron_taas.services.taas.taas_plugin [None req-22523e14-e252-467e-abb7-19ef0bf0d018 7176d1320528467bb7613ad9603c9e95 bfb7943f36694c02b8bc9c66ddb0b67d - - default default] TaaS: Handle Delete Port: 0f0a5572-2c6d-4c28-af58-3f3b6800acc0
2026-05-08 06:29:02.137 8 INFO neutron_taas.services.taas.tap_mirror_plugin [None req-22523e14-e252-467e-abb7-19ef0bf0d018 7176d1320528467bb7613ad9603c9e95 bfb7943f36694c02b8bc9c66ddb0b67d - - default default] Tap Mirror: Handle Delete Port: 0f0a5572-2c6d-4c28-af58-3f3b6800acc0
2026-05-08 06:29:02.197 7 WARNING neutron.scheduler.dhcp_agent_scheduler [None req-7d7bb6f2-b2c5-4134-bc6f-cc67953c0c81 b193f3f560a7485eb54ffb5d371fe95d 39f65d6a1c2542f7bb2f53de277917b9 - - default default] No more DHCP agents
2026-05-08 06:29:02.198 7 WARNING neutron.api.rpc.agentnotifiers.dhcp_rpc_agent_api [None req-7d7bb6f2-b2c5-4134-bc6f-cc67953c0c81 b193f3f560a7485eb54ffb5d371fe95d 39f65d6a1c2542f7bb2f53de277917b9 - - default default] Unable to schedule network 744721d4-3066-4bdc-9930-979aa72e1dc6: no agents available; will retry on subsequent port and subnet creation events. [pid: 8|app: 0|req: 564/1094] 10.0.0.181 () {32 vars in 726 bytes} [Fri May 8 06:29:02 2026] DELETE /v2.0/networks/1057f43a-16ab-4391-92f3-8435c72f3145 => generated 0 bytes in 295 msecs (HTTP/1.1 204) 3 headers in 131 bytes (1 switches on core 0)
2026-05-08 06:29:02.347 7 INFO neutron.plugins.ml2.drivers.ovn.mech_driver.mech_driver [None req-a7b94f99-fbfa-4468-b5d3-31c50db7120f - - - - - -] OVN reports status down for port: 3149445e-99bb-44b4-bc1e-84f0d1023786 [pid: 8|app: 0|req: 565/1095] 10.0.0.129 () {34 vars in 1040 bytes} [Fri May 8 06:29:02 2026] GET /v2.0/security-groups?id=01e51a4b-1027-4e4e-a2b5-8b4462dd400f&fields=id&fields=name => generated 114 bytes in 39 msecs (HTTP/1.1 200) 4 headers in 157 bytes (1 switches on core 0)
2026-05-08 06:29:02.414 7 INFO neutron.db.ovn_revision_numbers_db [None req-7d7bb6f2-b2c5-4134-bc6f-cc67953c0c81 b193f3f560a7485eb54ffb5d371fe95d 39f65d6a1c2542f7bb2f53de277917b9 - - default default] Successfully bumped revision number for resource 3149445e-99bb-44b4-bc1e-84f0d1023786 (type: ports) to 1 [pid: 8|app: 0|req: 566/1096] 10.0.0.181 () {32 vars in 649 bytes} [Fri May 8 06:29:02 2026] GET /v2.0/networks => generated 689 bytes in 56 msecs (HTTP/1.1 200) 4 headers in 157 bytes (1 switches on core 0)
2026-05-08 06:29:02.499 8 INFO neutron.db.segments_db [None req-4f326faf-31e2-4f6e-ae5c-14cfb1a0cab1 7176d1320528467bb7613ad9603c9e95 bfb7943f36694c02b8bc9c66ddb0b67d - - default default] Added segment f2a748e9-ab5f-4826-ba7a-2ff95407c329 of type geneve for network 6ffcfaaf-0ae0-4cc0-8cbc-28ecab59aac7
2026-05-08 06:29:02.596 8 INFO neutron.db.ovn_revision_numbers_db [None req-4f326faf-31e2-4f6e-ae5c-14cfb1a0cab1 7176d1320528467bb7613ad9603c9e95 bfb7943f36694c02b8bc9c66ddb0b67d - - default default] Successfully bumped revision number for resource 6ffcfaaf-0ae0-4cc0-8cbc-28ecab59aac7 (type: networks) to 1
2026-05-08 06:29:02.759 8 WARNING neutron.scheduler.dhcp_agent_scheduler [None req-4f326faf-31e2-4f6e-ae5c-14cfb1a0cab1 7176d1320528467bb7613ad9603c9e95 bfb7943f36694c02b8bc9c66ddb0b67d - - default default] No more DHCP agents
2026-05-08 06:29:02.761 8 WARNING neutron.api.rpc.agentnotifiers.dhcp_rpc_agent_api [None req-4f326faf-31e2-4f6e-ae5c-14cfb1a0cab1 7176d1320528467bb7613ad9603c9e95 bfb7943f36694c02b8bc9c66ddb0b67d - - default default] Unable to schedule network 6ffcfaaf-0ae0-4cc0-8cbc-28ecab59aac7: no agents available; will retry on subsequent port and subnet creation events.
2026-05-08 06:29:02.802 8 INFO neutron.plugins.ml2.drivers.ovn.mech_driver.mech_driver [None req-ce3abdd5-2c75-4ecd-9f72-6c09dc6e24a2 - - - - - -] OVN reports status down for port: 3c5bffe8-c95d-4e8c-bdd1-8e2d751193f4
2026-05-08 06:29:02.847 8 INFO neutron.db.ovn_revision_numbers_db [None req-4f326faf-31e2-4f6e-ae5c-14cfb1a0cab1 7176d1320528467bb7613ad9603c9e95 bfb7943f36694c02b8bc9c66ddb0b67d - - default default] Successfully bumped revision number for resource 3c5bffe8-c95d-4e8c-bdd1-8e2d751193f4 (type: ports) to 1 [pid: 8|app: 0|req: 567/1097] 10.0.0.181 () {34 vars in 670 bytes} [Fri May 8 06:29:02 2026] POST /v2.0/networks => generated 687 bytes in 466 msecs (HTTP/1.1 201) 4 headers in 162 bytes (1 switches on core 0)
2026-05-08 06:29:02.980 7 INFO neutron.plugins.ml2.drivers.ovn.mech_driver.mech_driver [None req-a7b94f99-fbfa-4468-b5d3-31c50db7120f - - - - - -] OVN reports status down for port: eb9c2b92-61c7-4dc7-aa8e-442a678b8dc3
2026-05-08 06:29:02.998 8 INFO neutron.db.segments_db [None req-fa55de74-28a7-461c-a03c-5eb270dd19ad 7176d1320528467bb7613ad9603c9e95 bfb7943f36694c02b8bc9c66ddb0b67d - - default default] Added segment ab69cdfe-9432-44d8-968c-2a322ff6356a of type geneve for network ace5340c-ae44-48cc-8af9-8697b9e2e4ed
2026-05-08 06:29:03.132 8 INFO neutron.db.ovn_revision_numbers_db [None req-fa55de74-28a7-461c-a03c-5eb270dd19ad 7176d1320528467bb7613ad9603c9e95 bfb7943f36694c02b8bc9c66ddb0b67d - - default default] Successfully bumped revision number for resource ace5340c-ae44-48cc-8af9-8697b9e2e4ed (type: networks) to 1
2026-05-08 06:29:03.253 7 INFO neutron.plugins.ml2.drivers.ovn.mech_driver.ovsdb.ovsdb_monitor [None req-d8cf9eff-4eb5-42b4-a67e-c739833ca86c - - - - - -] Router 4b14d5ca-d4b1-43f1-9be1-885319f9f89a is bound to host instance
2026-05-08 06:29:03.273 7 INFO neutron.notifiers.nova [-] Nova event matching ['req-1bf54c37-11f7-4708-b55a-3ccc2d866cac'] response: {'server_uuid': '5a5e713c-369e-48d2-8086-65a5085c1774', 'name': 'network-vif-unplugged', 'status': 'completed', 'tag': 'eb9c2b92-61c7-4dc7-aa8e-442a678b8dc3', 'code': 200}
2026-05-08 06:29:03.284 7 INFO neutron.db.ovn_revision_numbers_db [None req-7d7bb6f2-b2c5-4134-bc6f-cc67953c0c81 b193f3f560a7485eb54ffb5d371fe95d 39f65d6a1c2542f7bb2f53de277917b9 - - default default] Successfully bumped revision number for resource 3149445e-99bb-44b4-bc1e-84f0d1023786 (type: router_ports) to 1
2026-05-08 06:29:03.306 8 WARNING neutron.scheduler.dhcp_agent_scheduler [None req-fa55de74-28a7-461c-a03c-5eb270dd19ad 7176d1320528467bb7613ad9603c9e95 bfb7943f36694c02b8bc9c66ddb0b67d - - default default] No more DHCP agents
2026-05-08 06:29:03.307 8 WARNING neutron.api.rpc.agentnotifiers.dhcp_rpc_agent_api [None req-fa55de74-28a7-461c-a03c-5eb270dd19ad 7176d1320528467bb7613ad9603c9e95 bfb7943f36694c02b8bc9c66ddb0b67d - - default default] Unable to schedule network ace5340c-ae44-48cc-8af9-8697b9e2e4ed: no agents available; will retry on subsequent port and subnet creation events.
2026-05-08 06:29:03.381 8 INFO neutron.db.ovn_revision_numbers_db [None req-fa55de74-28a7-461c-a03c-5eb270dd19ad 7176d1320528467bb7613ad9603c9e95 bfb7943f36694c02b8bc9c66ddb0b67d - - default default] Successfully bumped revision number for resource 3b8fb1ef-b1d7-4cdd-bffc-5989858c6bb0 (type: ports) to 1 [pid: 8|app: 0|req: 568/1098] 10.0.0.181 () {34 vars in 670 bytes} [Fri May 8 06:29:02 2026] POST /v2.0/networks => generated 687 bytes in 513 msecs (HTTP/1.1 201) 4 headers in 162 bytes (1 switches on core 0)
2026-05-08 06:29:03.494 7 INFO neutron.db.ovn_revision_numbers_db [None req-7d7bb6f2-b2c5-4134-bc6f-cc67953c0c81 b193f3f560a7485eb54ffb5d371fe95d 39f65d6a1c2542f7bb2f53de277917b9 - - default default] Successfully bumped revision number for resource 4b14d5ca-d4b1-43f1-9be1-885319f9f89a (type: routers) to 2 [pid: 7|app: 0|req: 531/1099] 10.0.0.181 () {34 vars in 669 bytes} [Fri May 8 06:29:01 2026] POST /v2.0/routers => generated 981 bytes in 1809 msecs (HTTP/1.1 201) 4 headers in 162 bytes (1 switches on core 0)
2026-05-08 06:29:03.691 7 INFO neutron.db.ovn_revision_numbers_db [None req-a7b94f99-fbfa-4468-b5d3-31c50db7120f - - - - - -] Successfully bumped revision number for resource eb9c2b92-61c7-4dc7-aa8e-442a678b8dc3 (type: ports) to 8
2026-05-08 06:29:03.730 8 WARNING neutron.scheduler.dhcp_agent_scheduler [None req-eeab49d0-4399-42f3-ba3e-23f01ff2fb73 7176d1320528467bb7613ad9603c9e95 bfb7943f36694c02b8bc9c66ddb0b67d - - default default] No more DHCP agents
2026-05-08 06:29:03.731 8 WARNING neutron.api.rpc.agentnotifiers.dhcp_rpc_agent_api [None req-eeab49d0-4399-42f3-ba3e-23f01ff2fb73 7176d1320528467bb7613ad9603c9e95 bfb7943f36694c02b8bc9c66ddb0b67d - - default default] Unable to schedule network 6ffcfaaf-0ae0-4cc0-8cbc-28ecab59aac7: no agents available; will retry on subsequent port and subnet creation events.
2026-05-08 06:29:03.780 8 INFO neutron.plugins.ml2.drivers.ovn.mech_driver.mech_driver [None req-ce3abdd5-2c75-4ecd-9f72-6c09dc6e24a2 - - - - - -] OVN reports status down for port: 5a581daa-0167-4e18-9f87-eeac50c65ed5
2026-05-08 06:29:03.842 8 INFO neutron.db.ovn_revision_numbers_db [None req-eeab49d0-4399-42f3-ba3e-23f01ff2fb73 7176d1320528467bb7613ad9603c9e95 bfb7943f36694c02b8bc9c66ddb0b67d - - default default] Successfully bumped revision number for resource 5a581daa-0167-4e18-9f87-eeac50c65ed5 (type: ports) to 1 [pid: 7|app: 0|req: 532/1100] 10.0.0.129 () {34 vars in 990 bytes} [Fri May 8 06:29:03 2026] GET /v2.0/ports?device_id=5a5e713c-369e-48d2-8086-65a5085c1774 => generated 973 bytes in 332 msecs (HTTP/1.1 200) 4 headers in 157 bytes (1 switches on core 0)
2026-05-08 06:29:03.910 8 WARNING neutron.scheduler.dhcp_agent_scheduler [None req-eeab49d0-4399-42f3-ba3e-23f01ff2fb73 7176d1320528467bb7613ad9603c9e95 bfb7943f36694c02b8bc9c66ddb0b67d - - default default] No more DHCP agents
2026-05-08 06:29:03.911 8 WARNING neutron.api.rpc.agentnotifiers.dhcp_rpc_agent_api [None req-eeab49d0-4399-42f3-ba3e-23f01ff2fb73 7176d1320528467bb7613ad9603c9e95 bfb7943f36694c02b8bc9c66ddb0b67d - - default default] Unable to schedule network ace5340c-ae44-48cc-8af9-8697b9e2e4ed: no agents available; will retry on subsequent port and subnet creation events.
2026-05-08 06:29:03.963 7 INFO neutron.plugins.ml2.drivers.ovn.mech_driver.mech_driver [None req-39d04048-aa5b-469c-8c1e-cba2e27f6de2 - - - - - -] OVN reports status up for port: 3149445e-99bb-44b4-bc1e-84f0d1023786
2026-05-08 06:29:03.980 8 INFO neutron.services.segments.plugin [-] Segment 6816adab-fc26-40fa-a152-f9bedd1decd5 resource provider aggregate not found
2026-05-08 06:29:03.982 8 INFO neutron.services.segments.plugin [-] Segment 6816adab-fc26-40fa-a152-f9bedd1decd5 resource provider aggregate not found
2026-05-08 06:29:04.000 8 INFO neutron.services.segments.plugin [-] Segment 6816adab-fc26-40fa-a152-f9bedd1decd5 resource provider not found; error: Placement Client Error (4xx): {"errors": [{"status": 404, "title": "Not Found", "detail": "The resource could not be found.\n\n No resource provider with uuid 6816adab-fc26-40fa-a152-f9bedd1decd5 found for delete ", "request_id": "req-6a9dbf06-b517-4a05-8f92-bf55ba771c1f"}]}
2026-05-08 06:29:04.001 8 INFO neutron.services.segments.plugin [-] Segment 6816adab-fc26-40fa-a152-f9bedd1decd5 resource provider not found; error: Placement Client Error (4xx): {"errors": [{"status": 404, "title": "Not Found", "detail": "The resource could not be found.\n\n No resource provider with uuid 6816adab-fc26-40fa-a152-f9bedd1decd5 found for delete ", "request_id": "req-83e9546f-bfbf-4e4b-a215-3d477f22039e"}]}
2026-05-08 06:29:04.007 8 INFO neutron.db.ovn_revision_numbers_db [None req-eeab49d0-4399-42f3-ba3e-23f01ff2fb73 7176d1320528467bb7613ad9603c9e95 bfb7943f36694c02b8bc9c66ddb0b67d - - default default] Successfully bumped revision number for resource ae5f7553-af42-4e03-aae2-bbbd6482d432 (type: ports) to 1
2026-05-08 06:29:04.053 7 INFO neutron.plugins.ml2.plugin [None req-39d04048-aa5b-469c-8c1e-cba2e27f6de2 - - - - - -] Attempt 1 to provision port 3149445e-99bb-44b4-bc1e-84f0d1023786 [pid: 8|app: 0|req: 569/1101] 10.0.0.181 () {34 vars in 665 bytes} [Fri May 8 06:29:03 2026] POST /v2.0/ports => generated 1504 bytes in 677 msecs (HTTP/1.1 201) 4 headers in 163 bytes (1 switches on core 0)
2026-05-08 06:29:04.220 7 INFO neutron.plugins.ml2.drivers.ovn.mech_driver.mech_driver [None req-39d04048-aa5b-469c-8c1e-cba2e27f6de2 - - - - - -] OVN reports status down for port: 3b8fb1ef-b1d7-4cdd-bffc-5989858c6bb0 /var/lib/openstack/lib/python3.12/site-packages/pycadf/identifier.py:70: UserWarning: Invalid uuid: neutron. To ensure interoperability, identifiers should be a valid uuid. warnings.warn(('Invalid uuid: %s. To ensure interoperability, '
2026-05-08 06:29:04.234 8 WARNING neutron.db.securitygroups_db [None req-54d8bf94-15e9-4e6d-852f-ff3d3b54c24c b193f3f560a7485eb54ffb5d371fe95d 39f65d6a1c2542f7bb2f53de277917b9 - - default default] project_id key not found in filters, using tenant_id instead. This support has been deprecated and will be removed in a future release.
2026-05-08 06:29:04.346 8 INFO neutron.db.ovn_revision_numbers_db [None req-54d8bf94-15e9-4e6d-852f-ff3d3b54c24c b193f3f560a7485eb54ffb5d371fe95d 39f65d6a1c2542f7bb2f53de277917b9 - - default default] Successfully bumped revision number for resource ddacccf9-c052-4d84-84b1-6b6148b6a305 (type: security_groups) to 1
2026-05-08 06:29:04.358 8 INFO neutron.db.ovn_revision_numbers_db [None req-54d8bf94-15e9-4e6d-852f-ff3d3b54c24c b193f3f560a7485eb54ffb5d371fe95d 39f65d6a1c2542f7bb2f53de277917b9 - - default default] Successfully bumped revision number for resource 25aa4be0-c035-4fe5-8253-58dbc49c5246 (type: security_group_rules) to 0
2026-05-08 06:29:04.369 8 INFO neutron.db.ovn_revision_numbers_db [None req-54d8bf94-15e9-4e6d-852f-ff3d3b54c24c b193f3f560a7485eb54ffb5d371fe95d 39f65d6a1c2542f7bb2f53de277917b9 - - default default] Successfully bumped revision number for resource 82b55bb6-12b9-4149-81c4-4bf3b2078fcd (type: security_group_rules) to 0
2026-05-08 06:29:04.380 8 INFO neutron.db.ovn_revision_numbers_db [None req-54d8bf94-15e9-4e6d-852f-ff3d3b54c24c b193f3f560a7485eb54ffb5d371fe95d 39f65d6a1c2542f7bb2f53de277917b9 - - default default] Successfully bumped revision number for resource beb5b10f-9c35-42f3-90cd-fe5eca0b70f7 (type: security_group_rules) to 0
2026-05-08 06:29:04.390 8 INFO neutron.db.ovn_revision_numbers_db [None req-54d8bf94-15e9-4e6d-852f-ff3d3b54c24c b193f3f560a7485eb54ffb5d371fe95d 39f65d6a1c2542f7bb2f53de277917b9 - - default default] Successfully bumped revision number for resource d156a66c-cacd-47f9-bae0-eb92a840ef34 (type: security_group_rules) to 0
2026-05-08 06:29:04.417 7 INFO neutron.plugins.ml2.drivers.ovn.mech_driver.mech_driver [None req-39d04048-aa5b-469c-8c1e-cba2e27f6de2 - - - - - -] OVN reports status down for port: ae5f7553-af42-4e03-aae2-bbbd6482d432 [pid: 8|app: 0|req: 570/1102] 10.0.0.181 () {32 vars in 774 bytes} [Fri May 8 06:29:04 2026] GET /v2.0/security-groups?tenant_id=b860263058e64fbd84e9b37512d84b0d&name=default => generated 2925 bytes in 345 msecs (HTTP/1.1 200) 4 headers in 158 bytes (1 switches on core 0) [pid: 8|app: 0|req: 571/1103] 10.0.0.129 () {34 vars in 1040 bytes} [Fri May 8 06:29:04 2026] GET /v2.0/security-groups?id=01e51a4b-1027-4e4e-a2b5-8b4462dd400f&fields=id&fields=name => generated 114 bytes in 25 msecs (HTTP/1.1 200) 4 headers in 157 bytes (1 switches on core 0) [pid: 8|app: 0|req: 572/1104] 10.0.0.181 () {32 vars in 643 bytes} [Fri May 8 06:29:04 2026] GET /v2.0/ports => generated 3016 bytes in 63 msecs (HTTP/1.1 200) 4 headers in 158 bytes (1 switches on core 0) [pid: 8|app: 0|req: 573/1105] 199.204.45.132 () {34 vars in 994 bytes} [Fri May 8 06:29:04 2026] GET /v2.0/ports?device_id=5a5e713c-369e-48d2-8086-65a5085c1774 => generated 973 bytes in 36 msecs (HTTP/1.1 200) 4 headers in 157 bytes (1 switches on core 0) [pid: 8|app: 0|req: 574/1106] 10.0.0.181 () {32 vars in 740 bytes} [Fri May 8 06:29:04 2026] DELETE /v2.0/security-groups/ddacccf9-c052-4d84-84b1-6b6148b6a305 => generated 0 bytes in 164 msecs (HTTP/1.1 204) 2 headers in 112 bytes (1 switches on core 0)
2026-05-08 06:29:04.820 8 INFO neutron_taas.services.taas.taas_plugin [None req-e6eb64f5-2d75-495c-b51c-2a7b1cc388bb 7176d1320528467bb7613ad9603c9e95 bfb7943f36694c02b8bc9c66ddb0b67d - - default default] TaaS: Handle Delete Port: 5a581daa-0167-4e18-9f87-eeac50c65ed5
2026-05-08 06:29:04.823 8 INFO neutron_taas.services.taas.tap_mirror_plugin [None req-e6eb64f5-2d75-495c-b51c-2a7b1cc388bb 7176d1320528467bb7613ad9603c9e95 bfb7943f36694c02b8bc9c66ddb0b67d - - default default] Tap Mirror: Handle Delete Port: 5a581daa-0167-4e18-9f87-eeac50c65ed5 [pid: 8|app: 0|req: 575/1107] 10.0.0.181 () {32 vars in 720 bytes} [Fri May 8 06:29:04 2026] DELETE /v2.0/ports/5a581daa-0167-4e18-9f87-eeac50c65ed5 => generated 0 bytes in 211 msecs (HTTP/1.1 204) 3 headers in 131 bytes (1 switches on core 0)
2026-05-08 06:29:04.988 7 WARNING neutron.scheduler.dhcp_agent_scheduler [None req-5c5e6c85-572a-484d-b100-f28fef58359d b193f3f560a7485eb54ffb5d371fe95d 39f65d6a1c2542f7bb2f53de277917b9 - - default default] No more DHCP agents
2026-05-08 06:29:04.991 7 WARNING neutron.api.rpc.agentnotifiers.dhcp_rpc_agent_api [None req-5c5e6c85-572a-484d-b100-f28fef58359d b193f3f560a7485eb54ffb5d371fe95d 39f65d6a1c2542f7bb2f53de277917b9 - - default default] Unable to schedule network dd81367a-026e-4561-aabb-f2d348ed8cbb: no agents available; will retry on subsequent port and subnet creation events.
2026-05-08 06:29:05.048 8 INFO neutron_taas.services.taas.taas_plugin [req-ea93c823-e6a3-4fbc-ae20-f26e39ab7748 req-0c36e196-4b54-45a9-b3b1-0b79b6820210 4e9ae4b3196f4486ab4c4bef9f1dfdeb dd654f7d38144c4b9cb85554eb9e6f81 - - default default] TaaS: Handle Delete Port: eb9c2b92-61c7-4dc7-aa8e-442a678b8dc3
2026-05-08 06:29:05.050 8 INFO neutron_taas.services.taas.tap_mirror_plugin [req-ea93c823-e6a3-4fbc-ae20-f26e39ab7748 req-0c36e196-4b54-45a9-b3b1-0b79b6820210 4e9ae4b3196f4486ab4c4bef9f1dfdeb dd654f7d38144c4b9cb85554eb9e6f81 - - default default] Tap Mirror: Handle Delete Port: eb9c2b92-61c7-4dc7-aa8e-442a678b8dc3
2026-05-08 06:29:05.210 8 INFO neutron.plugins.ml2.drivers.ovn.mech_driver.mech_driver [None req-ce3abdd5-2c75-4ecd-9f72-6c09dc6e24a2 - - - - - -] OVN reports status down for port: e1ae17da-5df4-4696-a63d-155d816f9dc4
2026-05-08 06:29:05.237 8 INFO neutron.db.l3_db [req-ea93c823-e6a3-4fbc-ae20-f26e39ab7748 req-0c36e196-4b54-45a9-b3b1-0b79b6820210 4e9ae4b3196f4486ab4c4bef9f1dfdeb dd654f7d38144c4b9cb85554eb9e6f81 - - default default] Floating IP c012af87-a47a-4bf8-823e-a3f8d5e36943 disassociated. External IP: 10.96.250.202, port: eb9c2b92-61c7-4dc7-aa8e-442a678b8dc3.
2026-05-08 06:29:05.257 7 INFO neutron.db.ovn_revision_numbers_db [None req-5c5e6c85-572a-484d-b100-f28fef58359d b193f3f560a7485eb54ffb5d371fe95d 39f65d6a1c2542f7bb2f53de277917b9 - - default default] Successfully bumped revision number for resource e1ae17da-5df4-4696-a63d-155d816f9dc4 (type: ports) to 1
2026-05-08 06:29:05.267 7 INFO neutron.db.ovn_revision_numbers_db [None req-c622fae1-1068-4999-9d2c-cf243c96acfa - - - - - -] Successfully bumped revision number for resource 3149445e-99bb-44b4-bc1e-84f0d1023786 (type: ports) to 4
2026-05-08 06:29:05.334 7 INFO neutron.notifiers.nova [-] Nova event matching ['req-475c71fb-7ec8-4550-926a-89f8643157bf'] response: {'server_uuid': '5a5e713c-369e-48d2-8086-65a5085c1774', 'name': 'network-vif-unplugged', 'status': 'completed', 'tag': 'eb9c2b92-61c7-4dc7-aa8e-442a678b8dc3', 'code': 200} [pid: 8|app: 0|req: 576/1108] 199.204.45.132 () {36 vars in 997 bytes} [Fri May 8 06:29:04 2026] DELETE /v2.0/ports/eb9c2b92-61c7-4dc7-aa8e-442a678b8dc3 => generated 0 bytes in 451 msecs (HTTP/1.1 204) 3 headers in 131 bytes (1 switches on core 0) /var/lib/openstack/lib/python3.12/site-packages/pycadf/identifier.py:70: UserWarning: Invalid uuid: neutron. To ensure interoperability, identifiers should be a valid uuid. warnings.warn(('Invalid uuid: %s. To ensure interoperability, '
2026-05-08 06:29:05.415 8 INFO neutron.notifiers.nova [-] Nova event matching ['req-ceda70fd-98f5-4532-b117-36bc232081cb'] response: {'server_uuid': '5a5e713c-369e-48d2-8086-65a5085c1774', 'name': 'network-vif-deleted', 'tag': 'eb9c2b92-61c7-4dc7-aa8e-442a678b8dc3', 'status': 'completed', 'code': 200}
2026-05-08 06:29:05.512 8 INFO neutron_taas.services.taas.taas_plugin [None req-378da203-624e-444e-8eb5-dbd94f83685c 7176d1320528467bb7613ad9603c9e95 bfb7943f36694c02b8bc9c66ddb0b67d - - default default] TaaS: Handle Delete Port: ae5f7553-af42-4e03-aae2-bbbd6482d432
2026-05-08 06:29:05.515 8 INFO neutron_taas.services.taas.tap_mirror_plugin [None req-378da203-624e-444e-8eb5-dbd94f83685c 7176d1320528467bb7613ad9603c9e95 bfb7943f36694c02b8bc9c66ddb0b67d - - default default] Tap Mirror: Handle Delete Port: ae5f7553-af42-4e03-aae2-bbbd6482d432 [pid: 8|app: 0|req: 577/1109] 10.0.0.181 () {32 vars in 720 bytes} [Fri May 8 06:29:05 2026] DELETE /v2.0/ports/ae5f7553-af42-4e03-aae2-bbbd6482d432 => generated 0 bytes in 233 msecs (HTTP/1.1 204) 3 headers in 131 bytes (1 switches on core 0) [pid: 8|app: 0|req: 578/1110] 10.0.0.129 () {34 vars in 990 bytes} [Fri May 8 06:29:05 2026] GET /v2.0/ports?device_id=5a5e713c-369e-48d2-8086-65a5085c1774 => generated 12 bytes in 19 msecs (HTTP/1.1 200) 4 headers in 156 bytes (1 switches on core 0) [pid: 8|app: 0|req: 579/1111] 10.0.0.181 () {32 vars in 643 bytes} [Fri May 8 06:29:05 2026] GET /v2.0/ports => generated 1523 bytes in 31 msecs (HTTP/1.1 200) 4 headers in 158 bytes (1 switches on core 0)
2026-05-08 06:29:05.755 8 INFO neutron.db.segments_db [None req-8ba00ff0-6844-479f-a529-d7721e27647b 7176d1320528467bb7613ad9603c9e95 bfb7943f36694c02b8bc9c66ddb0b67d - - default default] Added segment a3d9466c-b168-4163-8e11-afa8108325a1 of type geneve for network fa718eff-5be1-4d14-8362-a3c9eb6bac27
2026-05-08 06:29:05.851 8 INFO neutron.db.ovn_revision_numbers_db [None req-8ba00ff0-6844-479f-a529-d7721e27647b 7176d1320528467bb7613ad9603c9e95 bfb7943f36694c02b8bc9c66ddb0b67d - - default default] Successfully bumped revision number for resource fa718eff-5be1-4d14-8362-a3c9eb6bac27 (type: networks) to 1
2026-05-08 06:29:05.915 7 INFO neutron.db.ovn_revision_numbers_db [None req-c622fae1-1068-4999-9d2c-cf243c96acfa - - - - - -] Successfully bumped revision number for resource 3149445e-99bb-44b4-bc1e-84f0d1023786 (type: ports) to 5
2026-05-08 06:29:06.014 8 WARNING neutron.scheduler.dhcp_agent_scheduler [None req-8ba00ff0-6844-479f-a529-d7721e27647b 7176d1320528467bb7613ad9603c9e95 bfb7943f36694c02b8bc9c66ddb0b67d - - default default] No more DHCP agents
2026-05-08 06:29:06.015 8 WARNING neutron.api.rpc.agentnotifiers.dhcp_rpc_agent_api [None req-8ba00ff0-6844-479f-a529-d7721e27647b 7176d1320528467bb7613ad9603c9e95 bfb7943f36694c02b8bc9c66ddb0b67d - - default default] Unable to schedule network fa718eff-5be1-4d14-8362-a3c9eb6bac27: no agents available; will retry on subsequent port and subnet creation events.
2026-05-08 06:29:06.055 7 INFO neutron.plugins.ml2.drivers.ovn.mech_driver.mech_driver [None req-39d04048-aa5b-469c-8c1e-cba2e27f6de2 - - - - - -] OVN reports status down for port: e3567315-d972-4e66-8c3c-c5bb36951ce5
2026-05-08 06:29:06.083 8 INFO neutron.db.ovn_revision_numbers_db [None req-8ba00ff0-6844-479f-a529-d7721e27647b 7176d1320528467bb7613ad9603c9e95 bfb7943f36694c02b8bc9c66ddb0b67d - - default default] Successfully bumped revision number for resource e3567315-d972-4e66-8c3c-c5bb36951ce5 (type: ports) to 1 [pid: 8|app: 0|req: 580/1112] 10.0.0.181 () {34 vars in 670 bytes} [Fri May 8 06:29:05 2026] POST /v2.0/networks => generated 688 bytes in 434 msecs (HTTP/1.1 201) 4 headers in 162 bytes (1 switches on core 0)
2026-05-08 06:29:06.220 8 INFO neutron.db.segments_db [None req-91e1f4a5-e2d8-4519-a5a0-2057b45f2d0d 7176d1320528467bb7613ad9603c9e95 bfb7943f36694c02b8bc9c66ddb0b67d - - default default] Added segment 7d415614-1559-4705-b3f2-e80d70a5e200 of type geneve for network 8ea72f7e-67b3-40dc-b289-7459cebfd9f3
2026-05-08 06:29:06.278 8 INFO neutron.plugins.ml2.drivers.ovn.mech_driver.mech_driver [None req-ce3abdd5-2c75-4ecd-9f72-6c09dc6e24a2 - - - - - -] OVN reports status up for port: e1ae17da-5df4-4696-a63d-155d816f9dc4
2026-05-08 06:29:06.304 8 INFO neutron.plugins.ml2.plugin [None req-ce3abdd5-2c75-4ecd-9f72-6c09dc6e24a2 - - - - - -] Attempt 1 to provision port e1ae17da-5df4-4696-a63d-155d816f9dc4
2026-05-08 06:29:06.350 7 WARNING neutron.scheduler.dhcp_agent_scheduler [None req-5c5e6c85-572a-484d-b100-f28fef58359d b193f3f560a7485eb54ffb5d371fe95d 39f65d6a1c2542f7bb2f53de277917b9 - - default default] No more DHCP agents
2026-05-08 06:29:06.352 7 WARNING neutron.api.rpc.agentnotifiers.dhcp_rpc_agent_api [None req-5c5e6c85-572a-484d-b100-f28fef58359d b193f3f560a7485eb54ffb5d371fe95d 39f65d6a1c2542f7bb2f53de277917b9 - - default default] Unable to schedule network dd81367a-026e-4561-aabb-f2d348ed8cbb: no agents available; will retry on subsequent port and subnet creation events.
2026-05-08 06:29:06.395 8 INFO neutron.db.ovn_revision_numbers_db [None req-91e1f4a5-e2d8-4519-a5a0-2057b45f2d0d 7176d1320528467bb7613ad9603c9e95 bfb7943f36694c02b8bc9c66ddb0b67d - - default default] Successfully bumped revision number for resource 8ea72f7e-67b3-40dc-b289-7459cebfd9f3 (type: networks) to 1
2026-05-08 06:29:06.697 8 WARNING neutron.scheduler.dhcp_agent_scheduler [None req-91e1f4a5-e2d8-4519-a5a0-2057b45f2d0d 7176d1320528467bb7613ad9603c9e95 bfb7943f36694c02b8bc9c66ddb0b67d - - default default] No more DHCP agents
