2026-04-13 04:30:46.546 10 WARNING neutron.api.rpc.agentnotifiers.dhcp_rpc_agent_api [None req-7c84da00-b8a5-4c93-9a7f-1b0c12e55c05 8ebba2ac7c7e4cfe87eb811957a19499 c7d9f7f8d7564ed3a06706950dc7ddb4 - - - -] Unable to schedule network 5c33a435-35e4-4787-8569-baa0bed45fb1: no agents available; will retry on subsequent port and subnet creation events.
2026-04-13 04:30:46.610 10 INFO neutron.db.ovn_revision_numbers_db [None req-7c84da00-b8a5-4c93-9a7f-1b0c12e55c05 8ebba2ac7c7e4cfe87eb811957a19499 c7d9f7f8d7564ed3a06706950dc7ddb4 - - - -] Successfully bumped revision number for resource eff999f8-e4a1-4a7d-9c6a-0390db92b828 (type: ports) to 1
2026-04-13 04:30:46.622 9 WARNING neutron.scheduler.dhcp_agent_scheduler [None req-b5079931-92ae-4715-88ec-87d523488432 717637f66a97458e8e5a5b2df0d9303a e8a585ad8f3342aa9dd152e45b040911 - - - -] No more DHCP agents
2026-04-13 04:30:46.624 9 WARNING neutron.api.rpc.agentnotifiers.dhcp_rpc_agent_api [None req-b5079931-92ae-4715-88ec-87d523488432 717637f66a97458e8e5a5b2df0d9303a e8a585ad8f3342aa9dd152e45b040911 - - - -] Unable to schedule network b47c93ad-3737-4758-adc8-dd9f0bbe6d71: no agents available; will retry on subsequent port and subnet creation events.
2026-04-13 04:30:46.630 10 INFO neutron.wsgi [None req-7c84da00-b8a5-4c93-9a7f-1b0c12e55c05 8ebba2ac7c7e4cfe87eb811957a19499 c7d9f7f8d7564ed3a06706950dc7ddb4 - - - -] 10.0.0.64 "POST /v2.0/networks HTTP/1.1" status: 201 len: 831 time: 0.4439054
2026-04-13 04:30:46.705 9 INFO neutron.db.ovn_revision_numbers_db [None req-b5079931-92ae-4715-88ec-87d523488432 717637f66a97458e8e5a5b2df0d9303a e8a585ad8f3342aa9dd152e45b040911 - - - -] Successfully bumped revision number for resource bbb2f7aa-b68f-4083-b927-4a737eed7500 (type: ports) to 1
2026-04-13 04:30:46.728 9 INFO neutron.wsgi [None req-b5079931-92ae-4715-88ec-87d523488432 717637f66a97458e8e5a5b2df0d9303a e8a585ad8f3342aa9dd152e45b040911 - - - -] 10.0.0.64 "POST /v2.0/networks HTTP/1.1" status: 201 len: 837 time: 0.4734538
2026-04-13 04:30:46.875 9 WARNING neutron.scheduler.dhcp_agent_scheduler [None req-d3ec8e08-0d71-42fc-90c6-3b01ed4798c0 8ebba2ac7c7e4cfe87eb811957a19499 c7d9f7f8d7564ed3a06706950dc7ddb4 - - - -] No more DHCP agents
2026-04-13 04:30:46.877 9 WARNING neutron.api.rpc.agentnotifiers.dhcp_rpc_agent_api [None req-d3ec8e08-0d71-42fc-90c6-3b01ed4798c0 8ebba2ac7c7e4cfe87eb811957a19499 c7d9f7f8d7564ed3a06706950dc7ddb4 - - - -] Unable to schedule network 5c33a435-35e4-4787-8569-baa0bed45fb1: no agents available; will retry on subsequent port and subnet creation events.
2026-04-13 04:30:46.975 10 WARNING neutron.scheduler.dhcp_agent_scheduler [None req-9c750560-4d6a-47a8-9683-68f057f85459 717637f66a97458e8e5a5b2df0d9303a e8a585ad8f3342aa9dd152e45b040911 - - - -] No more DHCP agents
2026-04-13 04:30:46.977 10 WARNING neutron.api.rpc.agentnotifiers.dhcp_rpc_agent_api [None req-9c750560-4d6a-47a8-9683-68f057f85459 717637f66a97458e8e5a5b2df0d9303a e8a585ad8f3342aa9dd152e45b040911 - - - -] Unable to schedule network b47c93ad-3737-4758-adc8-dd9f0bbe6d71: no agents available; will retry on subsequent port and subnet creation events.
2026-04-13 04:30:47.290 9 INFO neutron.db.ovn_revision_numbers_db [None req-d3ec8e08-0d71-42fc-90c6-3b01ed4798c0 8ebba2ac7c7e4cfe87eb811957a19499 c7d9f7f8d7564ed3a06706950dc7ddb4 - - - -] Successfully bumped revision number for resource eff999f8-e4a1-4a7d-9c6a-0390db92b828 (type: ports) to 2
2026-04-13 04:30:47.303 9 INFO neutron.db.ovn_revision_numbers_db [None req-d3ec8e08-0d71-42fc-90c6-3b01ed4798c0 8ebba2ac7c7e4cfe87eb811957a19499 c7d9f7f8d7564ed3a06706950dc7ddb4 - - - -] Successfully bumped revision number for resource d40d1127-8f1d-47a9-8d06-7e0f607a0cf3 (type: subnets) to 0
2026-04-13 04:30:47.317 9 INFO neutron.wsgi [None req-d3ec8e08-0d71-42fc-90c6-3b01ed4798c0 8ebba2ac7c7e4cfe87eb811957a19499 c7d9f7f8d7564ed3a06706950dc7ddb4 - - - -] 10.0.0.64 "POST /v2.0/subnets HTTP/1.1" status: 201 len: 804 time: 0.6815693
2026-04-13 04:30:47.412 9 INFO neutron.db.segments_db [None req-47dbe3eb-3a1a-44a5-8874-a87920078e12 8ebba2ac7c7e4cfe87eb811957a19499 c7d9f7f8d7564ed3a06706950dc7ddb4 - - - -] Added segment 8245074d-3795-4846-a126-352a29a2c5da of type geneve for network 3db8ac04-e1fc-435c-af9c-1dd3f82f4527
2026-04-13 04:30:47.416 10 INFO neutron.db.ovn_revision_numbers_db [None req-9c750560-4d6a-47a8-9683-68f057f85459 717637f66a97458e8e5a5b2df0d9303a e8a585ad8f3342aa9dd152e45b040911 - - - -] Successfully bumped revision number for resource bbb2f7aa-b68f-4083-b927-4a737eed7500 (type: ports) to 2
2026-04-13 04:30:47.429 10 INFO neutron.db.ovn_revision_numbers_db [None req-9c750560-4d6a-47a8-9683-68f057f85459 717637f66a97458e8e5a5b2df0d9303a e8a585ad8f3342aa9dd152e45b040911 - - - -] Successfully bumped revision number for resource 9c07728a-fc9a-4bc9-9160-998ba6b82b5e (type: subnets) to 0
2026-04-13 04:30:47.446 10 INFO neutron.wsgi [None req-9c750560-4d6a-47a8-9683-68f057f85459 717637f66a97458e8e5a5b2df0d9303a e8a585ad8f3342aa9dd152e45b040911 - - - -] 10.0.0.64 "POST /v2.0/subnets HTTP/1.1" status: 201 len: 831 time: 0.7132874
2026-04-13 04:30:47.563 9 INFO neutron.db.ovn_revision_numbers_db [None req-47dbe3eb-3a1a-44a5-8874-a87920078e12 8ebba2ac7c7e4cfe87eb811957a19499 c7d9f7f8d7564ed3a06706950dc7ddb4 - - - -] Successfully bumped revision number for resource 3db8ac04-e1fc-435c-af9c-1dd3f82f4527 (type: networks) to 1
2026-04-13 04:30:47.773 9 WARNING neutron.scheduler.dhcp_agent_scheduler [None req-47dbe3eb-3a1a-44a5-8874-a87920078e12 8ebba2ac7c7e4cfe87eb811957a19499 c7d9f7f8d7564ed3a06706950dc7ddb4 - - - -] No more DHCP agents
2026-04-13 04:30:47.774 9 WARNING neutron.api.rpc.agentnotifiers.dhcp_rpc_agent_api [None req-47dbe3eb-3a1a-44a5-8874-a87920078e12 8ebba2ac7c7e4cfe87eb811957a19499 c7d9f7f8d7564ed3a06706950dc7ddb4 - - - -] Unable to schedule network 3db8ac04-e1fc-435c-af9c-1dd3f82f4527: no agents available; will retry on subsequent port and subnet creation events.
2026-04-13 04:30:47.844 9 INFO neutron.db.ovn_revision_numbers_db [None req-47dbe3eb-3a1a-44a5-8874-a87920078e12 8ebba2ac7c7e4cfe87eb811957a19499 c7d9f7f8d7564ed3a06706950dc7ddb4 - - - -] Successfully bumped revision number for resource 1f5f7f18-306e-4631-b6d4-f770e48e637d (type: ports) to 1
2026-04-13 04:30:47.864 9 WARNING neutron.scheduler.dhcp_agent_scheduler [None req-21faf108-db28-4bc2-8d92-4a0300dd6967 717637f66a97458e8e5a5b2df0d9303a e8a585ad8f3342aa9dd152e45b040911 - - - -] No more DHCP agents
2026-04-13 04:30:47.868 9 WARNING neutron.api.rpc.agentnotifiers.dhcp_rpc_agent_api [None req-21faf108-db28-4bc2-8d92-4a0300dd6967 717637f66a97458e8e5a5b2df0d9303a e8a585ad8f3342aa9dd152e45b040911 - - - -] Unable to schedule network b47c93ad-3737-4758-adc8-dd9f0bbe6d71: no agents available; will retry on subsequent port and subnet creation events.
2026-04-13 04:30:47.876 9 INFO neutron.wsgi [None req-47dbe3eb-3a1a-44a5-8874-a87920078e12 8ebba2ac7c7e4cfe87eb811957a19499 c7d9f7f8d7564ed3a06706950dc7ddb4 - - - -] 10.0.0.64 "POST /v2.0/networks HTTP/1.1" status: 201 len: 829 time: 0.5541849
2026-04-13 04:30:47.881 9 INFO neutron.db.ovn_revision_numbers_db [None req-21faf108-db28-4bc2-8d92-4a0300dd6967 717637f66a97458e8e5a5b2df0d9303a e8a585ad8f3342aa9dd152e45b040911 - - - -] Successfully bumped revision number for resource af80c820-ee0d-42e9-90dd-01e4dd777e20 (type: subnets) to 0
2026-04-13 04:30:47.894 9 INFO neutron.wsgi [None req-21faf108-db28-4bc2-8d92-4a0300dd6967 717637f66a97458e8e5a5b2df0d9303a e8a585ad8f3342aa9dd152e45b040911 - - - -] 10.0.0.64 "POST /v2.0/subnets HTTP/1.1" status: 201 len: 900 time: 0.4404192
2026-04-13 04:30:47.993 9 INFO neutron.db.segments_db [None req-3bb02600-89f5-40fe-b86b-1031ee8fb091 717637f66a97458e8e5a5b2df0d9303a e8a585ad8f3342aa9dd152e45b040911 - - - -] Added segment 93f6e0bb-03d7-4409-b44e-ab0c74748df1 of type geneve for network 406f74cb-3783-4de9-8c6f-14958f0c66ba
2026-04-13 04:30:48.120 10 WARNING neutron.scheduler.dhcp_agent_scheduler [None req-7017baca-cb6c-4f27-87bc-4f10a177362f 8ebba2ac7c7e4cfe87eb811957a19499 c7d9f7f8d7564ed3a06706950dc7ddb4 - - - -] No more DHCP agents
2026-04-13 04:30:48.122 10 WARNING neutron.api.rpc.agentnotifiers.dhcp_rpc_agent_api [None req-7017baca-cb6c-4f27-87bc-4f10a177362f 8ebba2ac7c7e4cfe87eb811957a19499 c7d9f7f8d7564ed3a06706950dc7ddb4 - - - -] Unable to schedule network 3db8ac04-e1fc-435c-af9c-1dd3f82f4527: no agents available; will retry on subsequent port and subnet creation events.
2026-04-13 04:30:48.317 9 INFO neutron.db.ovn_revision_numbers_db [None req-3bb02600-89f5-40fe-b86b-1031ee8fb091 717637f66a97458e8e5a5b2df0d9303a e8a585ad8f3342aa9dd152e45b040911 - - - -] Successfully bumped revision number for resource 406f74cb-3783-4de9-8c6f-14958f0c66ba (type: networks) to 1
2026-04-13 04:30:48.481 9 WARNING neutron.scheduler.dhcp_agent_scheduler [None req-3bb02600-89f5-40fe-b86b-1031ee8fb091 717637f66a97458e8e5a5b2df0d9303a e8a585ad8f3342aa9dd152e45b040911 - - - -] No more DHCP agents
2026-04-13 04:30:48.482 9 WARNING neutron.api.rpc.agentnotifiers.dhcp_rpc_agent_api [None req-3bb02600-89f5-40fe-b86b-1031ee8fb091 717637f66a97458e8e5a5b2df0d9303a e8a585ad8f3342aa9dd152e45b040911 - - - -] Unable to schedule network 406f74cb-3783-4de9-8c6f-14958f0c66ba: no agents available; will retry on subsequent port and subnet creation events.
2026-04-13 04:30:48.542 9 INFO neutron.db.ovn_revision_numbers_db [None req-3bb02600-89f5-40fe-b86b-1031ee8fb091 717637f66a97458e8e5a5b2df0d9303a e8a585ad8f3342aa9dd152e45b040911 - - - -] Successfully bumped revision number for resource f9b8f797-fb03-4c90-b0c6-42f26cef4408 (type: ports) to 1
2026-04-13 04:30:48.561 9 INFO neutron.wsgi [None req-3bb02600-89f5-40fe-b86b-1031ee8fb091 717637f66a97458e8e5a5b2df0d9303a e8a585ad8f3342aa9dd152e45b040911 - - - -] 10.0.0.64 "POST /v2.0/networks HTTP/1.1" status: 201 len: 837 time: 0.6571805
2026-04-13 04:30:48.790 10 INFO neutron.db.ovn_revision_numbers_db [None req-7017baca-cb6c-4f27-87bc-4f10a177362f 8ebba2ac7c7e4cfe87eb811957a19499 c7d9f7f8d7564ed3a06706950dc7ddb4 - - - -] Successfully bumped revision number for resource 1f5f7f18-306e-4631-b6d4-f770e48e637d (type: ports) to 2
2026-04-13 04:30:48.803 10 INFO neutron.db.ovn_revision_numbers_db [None req-7017baca-cb6c-4f27-87bc-4f10a177362f 8ebba2ac7c7e4cfe87eb811957a19499 c7d9f7f8d7564ed3a06706950dc7ddb4 - - - -] Successfully bumped revision number for resource 514480d8-a910-45b0-a2f7-a2d47e4792ed (type: subnets) to 0
2026-04-13 04:30:48.813 9 WARNING neutron.scheduler.dhcp_agent_scheduler [None req-40902993-2a5d-4f51-add0-5083da91a682 717637f66a97458e8e5a5b2df0d9303a e8a585ad8f3342aa9dd152e45b040911 - - - -] No more DHCP agents
2026-04-13 04:30:48.815 9 WARNING neutron.api.rpc.agentnotifiers.dhcp_rpc_agent_api [None req-40902993-2a5d-4f51-add0-5083da91a682 717637f66a97458e8e5a5b2df0d9303a e8a585ad8f3342aa9dd152e45b040911 - - - -] Unable to schedule network 406f74cb-3783-4de9-8c6f-14958f0c66ba: no agents available; will retry on subsequent port and subnet creation events.
2026-04-13 04:30:48.817 10 INFO neutron.wsgi [None req-7017baca-cb6c-4f27-87bc-4f10a177362f 8ebba2ac7c7e4cfe87eb811957a19499 c7d9f7f8d7564ed3a06706950dc7ddb4 - - - -] 10.0.0.64 "POST /v2.0/subnets HTTP/1.1" status: 201 len: 804 time: 0.9341819
2026-04-13 04:30:48.897 10 INFO neutron.db.segments_db [None req-6080c5c7-cf58-4093-a18d-bcc0bff869b4 8ebba2ac7c7e4cfe87eb811957a19499 c7d9f7f8d7564ed3a06706950dc7ddb4 - - - -] Added segment 29450546-dd91-4b39-af1f-94e909587074 of type geneve for network 2f572d2e-c58b-4623-9b82-5a13c9e7a8f7
2026-04-13 04:30:49.008 10 INFO neutron.db.ovn_revision_numbers_db [None req-6080c5c7-cf58-4093-a18d-bcc0bff869b4 8ebba2ac7c7e4cfe87eb811957a19499 c7d9f7f8d7564ed3a06706950dc7ddb4 - - - -] Successfully bumped revision number for resource 2f572d2e-c58b-4623-9b82-5a13c9e7a8f7 (type: networks) to 1
2026-04-13 04:30:49.168 10 WARNING neutron.scheduler.dhcp_agent_scheduler [None req-6080c5c7-cf58-4093-a18d-bcc0bff869b4 8ebba2ac7c7e4cfe87eb811957a19499 c7d9f7f8d7564ed3a06706950dc7ddb4 - - - -] No more DHCP agents
2026-04-13 04:30:49.171 10 WARNING neutron.api.rpc.agentnotifiers.dhcp_rpc_agent_api [None req-6080c5c7-cf58-4093-a18d-bcc0bff869b4 8ebba2ac7c7e4cfe87eb811957a19499 c7d9f7f8d7564ed3a06706950dc7ddb4 - - - -] Unable to schedule network 2f572d2e-c58b-4623-9b82-5a13c9e7a8f7: no agents available; will retry on subsequent port and subnet creation events.
2026-04-13 04:30:49.223 9 INFO neutron.db.ovn_revision_numbers_db [None req-40902993-2a5d-4f51-add0-5083da91a682 717637f66a97458e8e5a5b2df0d9303a e8a585ad8f3342aa9dd152e45b040911 - - - -] Successfully bumped revision number for resource f9b8f797-fb03-4c90-b0c6-42f26cef4408 (type: ports) to 2
2026-04-13 04:30:49.229 10 INFO neutron.db.ovn_revision_numbers_db [None req-6080c5c7-cf58-4093-a18d-bcc0bff869b4 8ebba2ac7c7e4cfe87eb811957a19499 c7d9f7f8d7564ed3a06706950dc7ddb4 - - - -] Successfully bumped revision number for resource 2166b6ab-a45c-4cb4-8cfe-a86b82cca35a (type: ports) to 1
2026-04-13 04:30:49.234 9 INFO neutron.db.ovn_revision_numbers_db [None req-40902993-2a5d-4f51-add0-5083da91a682 717637f66a97458e8e5a5b2df0d9303a e8a585ad8f3342aa9dd152e45b040911 - - - -] Successfully bumped revision number for resource b1c1ca7d-2f15-4911-9db3-3dd608bb35d0 (type: subnets) to 0
2026-04-13 04:30:49.248 10 INFO neutron.wsgi [None req-6080c5c7-cf58-4093-a18d-bcc0bff869b4 8ebba2ac7c7e4cfe87eb811957a19499 c7d9f7f8d7564ed3a06706950dc7ddb4 - - - -] 10.0.0.64 "POST /v2.0/networks HTTP/1.1" status: 201 len: 831 time: 0.4272783
2026-04-13 04:30:49.251 9 INFO neutron.wsgi [None req-40902993-2a5d-4f51-add0-5083da91a682 717637f66a97458e8e5a5b2df0d9303a e8a585ad8f3342aa9dd152e45b040911 - - - -] 10.0.0.64 "POST /v2.0/subnets HTTP/1.1" status: 201 len: 831 time: 0.6846373
2026-04-13 04:30:49.485 10 WARNING neutron.scheduler.dhcp_agent_scheduler [None req-8101e053-771d-4dd5-b496-d5bb0d047ee0 8ebba2ac7c7e4cfe87eb811957a19499 c7d9f7f8d7564ed3a06706950dc7ddb4 - - - -] No more DHCP agents
2026-04-13 04:30:49.487 10 WARNING neutron.api.rpc.agentnotifiers.dhcp_rpc_agent_api [None req-8101e053-771d-4dd5-b496-d5bb0d047ee0 8ebba2ac7c7e4cfe87eb811957a19499 c7d9f7f8d7564ed3a06706950dc7ddb4 - - - -] Unable to schedule network 2f572d2e-c58b-4623-9b82-5a13c9e7a8f7: no agents available; will retry on subsequent port and subnet creation events.
2026-04-13 04:30:49.525 9 WARNING neutron.scheduler.dhcp_agent_scheduler [None req-f1600633-a1fe-4074-8bb5-dad884842c53 717637f66a97458e8e5a5b2df0d9303a e8a585ad8f3342aa9dd152e45b040911 - - - -] No more DHCP agents
2026-04-13 04:30:49.527 9 WARNING neutron.api.rpc.agentnotifiers.dhcp_rpc_agent_api [None req-f1600633-a1fe-4074-8bb5-dad884842c53 717637f66a97458e8e5a5b2df0d9303a e8a585ad8f3342aa9dd152e45b040911 - - - -] Unable to schedule network 406f74cb-3783-4de9-8c6f-14958f0c66ba: no agents available; will retry on subsequent port and subnet creation events.
2026-04-13 04:30:49.538 9 INFO neutron.db.ovn_revision_numbers_db [None req-f1600633-a1fe-4074-8bb5-dad884842c53 717637f66a97458e8e5a5b2df0d9303a e8a585ad8f3342aa9dd152e45b040911 - - - -] Successfully bumped revision number for resource 1a9b5948-b128-4594-9095-f57c20bd99e1 (type: subnets) to 0
2026-04-13 04:30:49.554 9 INFO neutron.wsgi [None req-f1600633-a1fe-4074-8bb5-dad884842c53 717637f66a97458e8e5a5b2df0d9303a e8a585ad8f3342aa9dd152e45b040911 - - - -] 10.0.0.64 "POST /v2.0/subnets HTTP/1.1" status: 201 len: 904 time: 0.2968774
2026-04-13 04:30:49.767 9 INFO neutron.wsgi [-] 10.0.0.191 "GET / HTTP/1.1" status: 200 len: 246 time: 0.0023267
2026-04-13 04:30:49.770 9 INFO neutron.wsgi [-] 10.0.0.191 "GET / HTTP/1.1" status: 200 len: 246 time: 0.0020180
2026-04-13 04:30:49.883 10 INFO neutron.db.ovn_revision_numbers_db [None req-8101e053-771d-4dd5-b496-d5bb0d047ee0 8ebba2ac7c7e4cfe87eb811957a19499 c7d9f7f8d7564ed3a06706950dc7ddb4 - - - -] Successfully bumped revision number for resource 2166b6ab-a45c-4cb4-8cfe-a86b82cca35a (type: ports) to 2
2026-04-13 04:30:49.894 10 INFO neutron.db.ovn_revision_numbers_db [None req-8101e053-771d-4dd5-b496-d5bb0d047ee0 8ebba2ac7c7e4cfe87eb811957a19499 c7d9f7f8d7564ed3a06706950dc7ddb4 - - - -] Successfully bumped revision number for resource 88eeaf3c-4734-4ec9-8e7e-e943363c51ab (type: subnets) to 0
2026-04-13 04:30:49.908 10 INFO neutron.wsgi [None req-8101e053-771d-4dd5-b496-d5bb0d047ee0 8ebba2ac7c7e4cfe87eb811957a19499 c7d9f7f8d7564ed3a06706950dc7ddb4 - - - -] 10.0.0.64 "POST /v2.0/subnets HTTP/1.1" status: 201 len: 804 time: 0.6546092
2026-04-13 04:30:49.984 10 INFO neutron.db.segments_db [None req-36476ee3-5ebc-4ede-8da5-bf0ff4c73daf 8ebba2ac7c7e4cfe87eb811957a19499 c7d9f7f8d7564ed3a06706950dc7ddb4 - - - -] Added segment 9f08eafa-ffb3-4c90-9a94-573c5ba08783 of type geneve for network 8c5508ae-609c-4c51-a366-fe7edce1e124
2026-04-13 04:30:50.086 10 INFO neutron.db.ovn_revision_numbers_db [None req-36476ee3-5ebc-4ede-8da5-bf0ff4c73daf 8ebba2ac7c7e4cfe87eb811957a19499 c7d9f7f8d7564ed3a06706950dc7ddb4 - - - -] Successfully bumped revision number for resource 8c5508ae-609c-4c51-a366-fe7edce1e124 (type: networks) to 1
2026-04-13 04:30:50.087 9 WARNING neutron.scheduler.dhcp_agent_scheduler [None req-51ec8b81-9d3b-4b20-ab03-7c24904ff0b2 717637f66a97458e8e5a5b2df0d9303a e8a585ad8f3342aa9dd152e45b040911 - - - -] No more DHCP agents
2026-04-13 04:30:50.089 9 WARNING neutron.api.rpc.agentnotifiers.dhcp_rpc_agent_api [None req-51ec8b81-9d3b-4b20-ab03-7c24904ff0b2 717637f66a97458e8e5a5b2df0d9303a e8a585ad8f3342aa9dd152e45b040911 - - - -] Unable to schedule network a3838f4c-5a42-4c3b-929b-08023c854640: no agents available; will retry on subsequent port and subnet creation events.
2026-04-13 04:30:50.211 9 INFO neutron.db.ovn_revision_numbers_db [None req-51ec8b81-9d3b-4b20-ab03-7c24904ff0b2 717637f66a97458e8e5a5b2df0d9303a e8a585ad8f3342aa9dd152e45b040911 - - - -] Successfully bumped revision number for resource ffafdc97-ff40-48fa-89e3-8c445a77dc57 (type: ports) to 1
2026-04-13 04:30:50.252 10 WARNING neutron.scheduler.dhcp_agent_scheduler [None req-36476ee3-5ebc-4ede-8da5-bf0ff4c73daf 8ebba2ac7c7e4cfe87eb811957a19499 c7d9f7f8d7564ed3a06706950dc7ddb4 - - - -] No more DHCP agents
2026-04-13 04:30:50.254 10 WARNING neutron.api.rpc.agentnotifiers.dhcp_rpc_agent_api [None req-36476ee3-5ebc-4ede-8da5-bf0ff4c73daf 8ebba2ac7c7e4cfe87eb811957a19499 c7d9f7f8d7564ed3a06706950dc7ddb4 - - - -] Unable to schedule network 8c5508ae-609c-4c51-a366-fe7edce1e124: no agents available; will retry on subsequent port and subnet creation events.
2026-04-13 04:30:50.318 10 INFO neutron.db.ovn_revision_numbers_db [None req-36476ee3-5ebc-4ede-8da5-bf0ff4c73daf 8ebba2ac7c7e4cfe87eb811957a19499 c7d9f7f8d7564ed3a06706950dc7ddb4 - - - -] Successfully bumped revision number for resource e9000957-e8d0-4751-8077-d82f69237984 (type: ports) to 1
2026-04-13 04:30:50.338 10 INFO neutron.wsgi [None req-36476ee3-5ebc-4ede-8da5-bf0ff4c73daf 8ebba2ac7c7e4cfe87eb811957a19499 c7d9f7f8d7564ed3a06706950dc7ddb4 - - - -] 10.0.0.64 "POST /v2.0/networks HTTP/1.1" status: 201 len: 830 time: 0.4259214
2026-04-13 04:30:50.581 10 WARNING neutron.scheduler.dhcp_agent_scheduler [None req-168097bf-308a-471b-8150-567eb0ee3c13 8ebba2ac7c7e4cfe87eb811957a19499 c7d9f7f8d7564ed3a06706950dc7ddb4 - - - -] No more DHCP agents
2026-04-13 04:30:50.583 10 WARNING neutron.api.rpc.agentnotifiers.dhcp_rpc_agent_api [None req-168097bf-308a-471b-8150-567eb0ee3c13 8ebba2ac7c7e4cfe87eb811957a19499 c7d9f7f8d7564ed3a06706950dc7ddb4 - - - -] Unable to schedule network 8c5508ae-609c-4c51-a366-fe7edce1e124: no agents available; will retry on subsequent port and subnet creation events.
2026-04-13 04:30:50.977 9 INFO neutron.plugins.ml2.drivers.ovn.mech_driver.mech_driver [None req-410e4b60-74e4-4249-bca4-4adeefe0e70e - - - - - -] OVN reports status up for port: ffafdc97-ff40-48fa-89e3-8c445a77dc57
2026-04-13 04:30:50.986 9 INFO neutron.db.ovn_revision_numbers_db [None req-51ec8b81-9d3b-4b20-ab03-7c24904ff0b2 717637f66a97458e8e5a5b2df0d9303a e8a585ad8f3342aa9dd152e45b040911 - - - -] Successfully bumped revision number for resource ffafdc97-ff40-48fa-89e3-8c445a77dc57 (type: router_ports) to 1
2026-04-13 04:30:50.988 9 INFO neutron.plugins.ml2.plugin [None req-410e4b60-74e4-4249-bca4-4adeefe0e70e - - - - - -] Attempt 1 to provision port ffafdc97-ff40-48fa-89e3-8c445a77dc57
2026-04-13 04:30:50.991 10 INFO neutron.plugins.ml2.drivers.ovn.mech_driver.ovsdb.ovsdb_monitor [None req-cc402da1-ed0b-4ab2-80a8-e5de054d81f3 - - - - - -] Router 1931d85f-3413-4925-a234-7a4962b61360 is bound to host instance
2026-04-13 04:30:51.025 10 INFO neutron.db.ovn_revision_numbers_db [None req-168097bf-308a-471b-8150-567eb0ee3c13 8ebba2ac7c7e4cfe87eb811957a19499 c7d9f7f8d7564ed3a06706950dc7ddb4 - - - -] Successfully bumped revision number for resource e9000957-e8d0-4751-8077-d82f69237984 (type: ports) to 2
2026-04-13 04:30:51.048 10 INFO neutron.db.ovn_revision_numbers_db [None req-168097bf-308a-471b-8150-567eb0ee3c13 8ebba2ac7c7e4cfe87eb811957a19499 c7d9f7f8d7564ed3a06706950dc7ddb4 - - - -] Successfully bumped revision number for resource a79dee01-d0c4-4e2c-a40e-e2b346a73f26 (type: subnets) to 0
2026-04-13 04:30:51.075 10 INFO neutron.wsgi [None req-168097bf-308a-471b-8150-567eb0ee3c13 8ebba2ac7c7e4cfe87eb811957a19499 c7d9f7f8d7564ed3a06706950dc7ddb4 - - - -] 10.0.0.64 "POST /v2.0/subnets HTTP/1.1" status: 201 len: 804 time: 0.7328031
2026-04-13 04:30:51.081 9 INFO neutron.db.ovn_revision_numbers_db [None req-51ec8b81-9d3b-4b20-ab03-7c24904ff0b2 717637f66a97458e8e5a5b2df0d9303a e8a585ad8f3342aa9dd152e45b040911 - - - -] Successfully bumped revision number for resource 1931d85f-3413-4925-a234-7a4962b61360 (type: routers) to 3
2026-04-13 04:30:51.093 9 INFO neutron.wsgi [None req-51ec8b81-9d3b-4b20-ab03-7c24904ff0b2 717637f66a97458e8e5a5b2df0d9303a e8a585ad8f3342aa9dd152e45b040911 - - - -] 10.0.0.64 "POST /v2.0/routers HTTP/1.1" status: 201 len: 864 time: 1.5342157
2026-04-13 04:30:51.132 10 INFO neutron.wsgi [None req-13ca23f4-4b78-4e1b-9b64-9bdb611cd8f9 8ebba2ac7c7e4cfe87eb811957a19499 c7d9f7f8d7564ed3a06706950dc7ddb4 - - - -] 10.0.0.64 "PUT /v2.0/subnets/561e0dc5-6c36-49cf-95dd-68ad08a06e1c/tags HTTP/1.1" status: 200 len: 210 time: 0.0493913
2026-04-13 04:30:51.199 9 INFO neutron.wsgi [None req-94b2d281-7500-481e-8405-38b1d05eeb24 8ebba2ac7c7e4cfe87eb811957a19499 c7d9f7f8d7564ed3a06706950dc7ddb4 - - - -] 10.0.0.64 "PUT /v2.0/subnets/d40d1127-8f1d-47a9-8d06-7e0f607a0cf3/tags HTTP/1.1" status: 200 len: 218 time: 0.0610225
2026-04-13 04:30:51.245 9 INFO neutron.wsgi [None req-6ee70aaa-61f8-47bc-acf5-31a6c89af303 8ebba2ac7c7e4cfe87eb811957a19499 c7d9f7f8d7564ed3a06706950dc7ddb4 - - - -] 10.0.0.64 "PUT /v2.0/subnets/514480d8-a910-45b0-a2f7-a2d47e4792ed/tags HTTP/1.1" status: 200 len: 227 time: 0.0426633
2026-04-13 04:30:51.313 9 INFO neutron.wsgi [None req-adab8819-7d21-49d3-b2f4-91a32eb78522 8ebba2ac7c7e4cfe87eb811957a19499 c7d9f7f8d7564ed3a06706950dc7ddb4 - - - -] 10.0.0.64 "PUT /v2.0/subnets/88eeaf3c-4734-4ec9-8e7e-e943363c51ab/tags HTTP/1.1" status: 200 len: 212 time: 0.0610220
2026-04-13 04:30:51.412 9 INFO neutron.wsgi [None req-9c1ee6eb-7ee4-481a-b6f3-eda935f7733c 8ebba2ac7c7e4cfe87eb811957a19499 c7d9f7f8d7564ed3a06706950dc7ddb4 - - default default] 10.0.0.64 "GET /v2.0/subnets?tags=red HTTP/1.1" status: 200 len: 2027 time: 0.0930347
2026-04-13 04:30:51.497 10 INFO neutron.wsgi [None req-3dec150f-67c5-44bf-8d88-5d7f590069e9 8ebba2ac7c7e4cfe87eb811957a19499 c7d9f7f8d7564ed3a06706950dc7ddb4 - - default default] 10.0.0.64 "GET /v2.0/subnets?tags=red%2Cblue HTTP/1.1" status: 200 len: 1430 time: 0.0794785
2026-04-13 04:30:51.566 10 INFO neutron.db.ovn_revision_numbers_db [None req-cc402da1-ed0b-4ab2-80a8-e5de054d81f3 - - - - - -] Successfully bumped revision number for resource ffafdc97-ff40-48fa-89e3-8c445a77dc57 (type: ports) to 1
2026-04-13 04:30:51.580 10 INFO neutron.wsgi [None req-ec78467f-80a1-455e-bf8b-fc68a02a6c40 8ebba2ac7c7e4cfe87eb811957a19499 c7d9f7f8d7564ed3a06706950dc7ddb4 - - default default] 10.0.0.64 "GET /v2.0/subnets?tags-any=blue HTTP/1.1" status: 200 len: 1430 time: 0.0768557
2026-04-13 04:30:51.654 9 INFO neutron.wsgi [None req-bce56b72-6c83-4591-a44c-58f5969eadeb 8ebba2ac7c7e4cfe87eb811957a19499 c7d9f7f8d7564ed3a06706950dc7ddb4 - - default default] 10.0.0.64 "GET /v2.0/subnets?tags-any=red%2Cblue HTTP/1.1" status: 200 len: 2027 time: 0.0688696
2026-04-13 04:30:51.724 9 WARNING neutron.scheduler.dhcp_agent_scheduler [None req-fcd3c67b-4d6a-41d9-93ad-276e29de7035 717637f66a97458e8e5a5b2df0d9303a e8a585ad8f3342aa9dd152e45b040911 - - default default] No more DHCP agents
2026-04-13 04:30:51.731 9 INFO neutron.wsgi [None req-33fd1a30-1b7c-43dc-b75d-b9b052005668 8ebba2ac7c7e4cfe87eb811957a19499 c7d9f7f8d7564ed3a06706950dc7ddb4 - - default default] 10.0.0.64 "GET /v2.0/subnets?not-tags=red HTTP/1.1" status: 200 len: 2018 time: 0.0686538
2026-04-13 04:30:51.732 9 WARNING neutron.api.rpc.agentnotifiers.dhcp_rpc_agent_api [None req-fcd3c67b-4d6a-41d9-93ad-276e29de7035 717637f66a97458e8e5a5b2df0d9303a e8a585ad8f3342aa9dd152e45b040911 - - default default] Unable to schedule network 5e354f7a-4ae2-4bce-9f07-1f330b034c7e: no agents available; will retry on subsequent port and subnet creation events.
2026-04-13 04:30:51.809 9 INFO neutron.wsgi [None req-db84437e-4be9-411a-922d-a6b3aa75c5dc 8ebba2ac7c7e4cfe87eb811957a19499 c7d9f7f8d7564ed3a06706950dc7ddb4 - - default default] 10.0.0.64 "GET /v2.0/subnets?not-tags=red%2Cblue HTTP/1.1" status: 200 len: 2615 time: 0.0673132
2026-04-13 04:30:51.837 10 INFO neutron.db.ovn_revision_numbers_db [None req-cc402da1-ed0b-4ab2-80a8-e5de054d81f3 - - - - - -] Successfully bumped revision number for resource ffafdc97-ff40-48fa-89e3-8c445a77dc57 (type: router_ports) to 3
2026-04-13 04:30:51.971 10 INFO neutron.db.ovn_revision_numbers_db [None req-cc402da1-ed0b-4ab2-80a8-e5de054d81f3 - - - - - -] Successfully bumped revision number for resource ffafdc97-ff40-48fa-89e3-8c445a77dc57 (type: ports) to 2
2026-04-13 04:30:52.103 9 INFO neutron.wsgi [None req-0e8886cd-eac6-4f6c-abaf-1b3e04205c1b 8ebba2ac7c7e4cfe87eb811957a19499 c7d9f7f8d7564ed3a06706950dc7ddb4 - - default default] 10.0.0.64 "GET /v2.0/subnets?not-tags-any=blue HTTP/1.1" status: 200 len: 2615 time: 0.2885485
2026-04-13 04:30:52.173 9 INFO neutron.db.ovn_revision_numbers_db [None req-fcd3c67b-4d6a-41d9-93ad-276e29de7035 717637f66a97458e8e5a5b2df0d9303a e8a585ad8f3342aa9dd152e45b040911 - - default default] Successfully bumped revision number for resource 95e4a4b6-9d47-4dd0-8a95-fe6ea260ed14 (type: ports) to 1
2026-04-13 04:30:52.189 10 INFO neutron.wsgi [None req-89f3c221-605b-4c8d-a05f-42a06993faa4 8ebba2ac7c7e4cfe87eb811957a19499 c7d9f7f8d7564ed3a06706950dc7ddb4 - - default default] 10.0.0.64 "GET /v2.0/subnets?not-tags-any=red%2Cblue HTTP/1.1" status: 200 len: 2018 time: 0.0804160
2026-04-13 04:30:52.220 10 INFO neutron.db.ovn_revision_numbers_db [None req-cc402da1-ed0b-4ab2-80a8-e5de054d81f3 - - - - - -] Successfully bumped revision number for resource ffafdc97-ff40-48fa-89e3-8c445a77dc57 (type: ports) to 4
2026-04-13 04:30:52.702 9 INFO neutron.db.ovn_revision_numbers_db [None req-fcd3c67b-4d6a-41d9-93ad-276e29de7035 717637f66a97458e8e5a5b2df0d9303a e8a585ad8f3342aa9dd152e45b040911 - - default default] Successfully bumped revision number for resource 95e4a4b6-9d47-4dd0-8a95-fe6ea260ed14 (type: router_ports) to 2
2026-04-13 04:30:52.831 9 INFO neutron.db.ovn_revision_numbers_db [None req-fcd3c67b-4d6a-41d9-93ad-276e29de7035 717637f66a97458e8e5a5b2df0d9303a e8a585ad8f3342aa9dd152e45b040911 - - default default] Successfully bumped revision number for resource 95e4a4b6-9d47-4dd0-8a95-fe6ea260ed14 (type: ports) to 2
2026-04-13 04:30:52.848 10 INFO neutron.wsgi [None req-b7505db3-a4ca-4208-92be-195339e2dc87 8ebba2ac7c7e4cfe87eb811957a19499 c7d9f7f8d7564ed3a06706950dc7ddb4 - - - -] 10.0.0.64 "DELETE /v2.0/subnets/561e0dc5-6c36-49cf-95dd-68ad08a06e1c HTTP/1.1" status: 204 len: 168 time: 0.6493046
2026-04-13 04:30:52.884 10 INFO neutron.db.ovn_revision_numbers_db [None req-cc402da1-ed0b-4ab2-80a8-e5de054d81f3 - - - - - -] Successfully bumped revision number for resource ffafdc97-ff40-48fa-89e3-8c445a77dc57 (type: router_ports) to 4
2026-04-13 04:30:52.894 9 WARNING neutron.scheduler.dhcp_agent_scheduler [None req-fcd3c67b-4d6a-41d9-93ad-276e29de7035 717637f66a97458e8e5a5b2df0d9303a e8a585ad8f3342aa9dd152e45b040911 - - default default] No more DHCP agents
2026-04-13 04:30:52.895 9 WARNING neutron.api.rpc.agentnotifiers.dhcp_rpc_agent_api [None req-fcd3c67b-4d6a-41d9-93ad-276e29de7035 717637f66a97458e8e5a5b2df0d9303a e8a585ad8f3342aa9dd152e45b040911 - - default default] Unable to schedule network 5e354f7a-4ae2-4bce-9f07-1f330b034c7e: no agents available; will retry on subsequent port and subnet creation events.
2026-04-13 04:30:53.061 10 INFO neutron.wsgi [None req-73e6f2d1-6122-4abd-9abb-c2cef7fe563f 8ebba2ac7c7e4cfe87eb811957a19499 c7d9f7f8d7564ed3a06706950dc7ddb4 - - - -] 10.0.0.64 "DELETE /v2.0/subnets/d40d1127-8f1d-47a9-8d06-7e0f607a0cf3 HTTP/1.1" status: 204 len: 168 time: 0.2073421
2026-04-13 04:30:53.201 9 INFO neutron.db.ovn_revision_numbers_db [None req-fcd3c67b-4d6a-41d9-93ad-276e29de7035 717637f66a97458e8e5a5b2df0d9303a e8a585ad8f3342aa9dd152e45b040911 - - - -] Successfully bumped revision number for resource 95e4a4b6-9d47-4dd0-8a95-fe6ea260ed14 (type: router_ports) to 2
2026-04-13 04:30:53.204 9 INFO neutron.wsgi [None req-fcd3c67b-4d6a-41d9-93ad-276e29de7035 717637f66a97458e8e5a5b2df0d9303a e8a585ad8f3342aa9dd152e45b040911 - - - -] 10.0.0.64 "PUT /v2.0/routers/1931d85f-3413-4925-a234-7a4962b61360/add_router_interface HTTP/1.1" status: 200 len: 503 time: 2.1076708
2026-04-13 04:30:53.288 10 INFO neutron.wsgi [None req-2228f789-7e8b-494d-a8dd-1428bc726143 8ebba2ac7c7e4cfe87eb811957a19499 c7d9f7f8d7564ed3a06706950dc7ddb4 - - - -] 10.0.0.64 "DELETE /v2.0/subnets/514480d8-a910-45b0-a2f7-a2d47e4792ed HTTP/1.1" status: 204 len: 168 time: 0.2216854
2026-04-13 04:30:53.475 10 INFO neutron.wsgi [None req-9d0e7fa6-fe4f-4aa9-a40e-278388ce1007 8ebba2ac7c7e4cfe87eb811957a19499 c7d9f7f8d7564ed3a06706950dc7ddb4 - - - -] 10.0.0.64 "DELETE /v2.0/subnets/88eeaf3c-4734-4ec9-8e7e-e943363c51ab HTTP/1.1" status: 204 len: 168 time: 0.1828041
2026-04-13 04:30:53.657 10 INFO neutron.wsgi [None req-e70e3e31-e349-47b9-ae82-6b0eb75eb3c9 8ebba2ac7c7e4cfe87eb811957a19499 c7d9f7f8d7564ed3a06706950dc7ddb4 - - - -] 10.0.0.64 "DELETE /v2.0/subnets/a79dee01-d0c4-4e2c-a40e-e2b346a73f26 HTTP/1.1" status: 204 len: 168 time: 0.1763406
2026-04-13 04:30:53.684 9 WARNING neutron.scheduler.dhcp_agent_scheduler [None req-0f0767b8-77f3-4e48-930f-90da58182bb5 717637f66a97458e8e5a5b2df0d9303a e8a585ad8f3342aa9dd152e45b040911 - - default default] No more DHCP agents
2026-04-13 04:30:53.687 9 WARNING neutron.api.rpc.agentnotifiers.dhcp_rpc_agent_api [None req-0f0767b8-77f3-4e48-930f-90da58182bb5 717637f66a97458e8e5a5b2df0d9303a e8a585ad8f3342aa9dd152e45b040911 - - default default] Unable to schedule network b47c93ad-3737-4758-adc8-dd9f0bbe6d71: no agents available; will retry on subsequent port and subnet creation events.
2026-04-13 04:30:53.818 9 INFO neutron.plugins.ml2.drivers.ovn.mech_driver.mech_driver [None req-410e4b60-74e4-4249-bca4-4adeefe0e70e - - - - - -] OVN reports status up for port: 95e4a4b6-9d47-4dd0-8a95-fe6ea260ed14
2026-04-13 04:30:53.824 9 INFO neutron.plugins.ml2.plugin [None req-410e4b60-74e4-4249-bca4-4adeefe0e70e - - - - - -] Attempt 1 to provision port 95e4a4b6-9d47-4dd0-8a95-fe6ea260ed14
2026-04-13 04:30:53.826 9 INFO neutron.db.ovn_revision_numbers_db [None req-0f0767b8-77f3-4e48-930f-90da58182bb5 717637f66a97458e8e5a5b2df0d9303a e8a585ad8f3342aa9dd152e45b040911 - - default default] Successfully bumped revision number for resource 3faede3d-07e3-4b40-a566-b6cf32e1c29b (type: ports) to 1
2026-04-13 04:30:54.062 10 INFO neutron.services.segments.plugin [-] Segment 1bd0fdd8-10db-4e9e-8f3b-2f1e59e7c5dc resource provider aggregate not found
2026-04-13 04:30:54.066 10 INFO neutron.services.segments.plugin [-] Segment 1bd0fdd8-10db-4e9e-8f3b-2f1e59e7c5dc resource provider aggregate not found
2026-04-13 04:30:54.084 10 INFO neutron.services.segments.plugin [-] Segment 1bd0fdd8-10db-4e9e-8f3b-2f1e59e7c5dc resource provider not found; error: Placement Client Error (4xx): {"errors": [{"status": 404, "title": "Not Found", "detail": "The resource could not be found.\n\n No resource provider with uuid 1bd0fdd8-10db-4e9e-8f3b-2f1e59e7c5dc found for delete ", "request_id": "req-93ca5de5-bf9f-4c6e-b0a2-4b08e7683def"}]}
2026-04-13 04:30:54.086 10 INFO neutron.services.segments.plugin [-] Segment 1bd0fdd8-10db-4e9e-8f3b-2f1e59e7c5dc resource provider not found; error: Placement Client Error (4xx): {"errors": [{"status": 404, "title": "Not Found", "detail": "The resource could not be found.\n\n No resource provider with uuid 1bd0fdd8-10db-4e9e-8f3b-2f1e59e7c5dc found for delete ", "request_id": "req-f5329317-9fd2-466e-abe2-faf60cf09615"}]}
2026-04-13 04:30:54.115 10 INFO neutron.wsgi [None req-285cbc1b-20db-4af3-ad86-3f961e3c676d 8ebba2ac7c7e4cfe87eb811957a19499 c7d9f7f8d7564ed3a06706950dc7ddb4 - - - -] 10.0.0.64 "DELETE /v2.0/networks/9ce2448c-04fd-4ed3-8d93-958c3719151e HTTP/1.1" status: 204 len: 168 time: 0.4529538
2026-04-13 04:30:54.153 9 INFO neutron.db.ovn_revision_numbers_db [None req-410e4b60-74e4-4249-bca4-4adeefe0e70e - - - - - -] Successfully bumped revision number for resource 95e4a4b6-9d47-4dd0-8a95-fe6ea260ed14 (type: ports) to 3
2026-04-13 04:30:54.490 10 INFO neutron.wsgi [None req-a1ebad15-4d0c-41bc-9ee1-e6071a742e16 8ebba2ac7c7e4cfe87eb811957a19499 c7d9f7f8d7564ed3a06706950dc7ddb4 - - - -] 10.0.0.64 "DELETE /v2.0/networks/5c33a435-35e4-4787-8569-baa0bed45fb1 HTTP/1.1" status: 204 len: 168 time: 0.3669481
2026-04-13 04:30:54.576 9 INFO neutron.db.ovn_revision_numbers_db [None req-410e4b60-74e4-4249-bca4-4adeefe0e70e - - - - - -] Successfully bumped revision number for resource 95e4a4b6-9d47-4dd0-8a95-fe6ea260ed14 (type: router_ports) to 3
2026-04-13 04:30:54.787 9 INFO neutron.db.ovn_revision_numbers_db [None req-0f0767b8-77f3-4e48-930f-90da58182bb5 717637f66a97458e8e5a5b2df0d9303a e8a585ad8f3342aa9dd152e45b040911 - - default default] Successfully bumped revision number for resource 3faede3d-07e3-4b40-a566-b6cf32e1c29b (type: router_ports) to 2
2026-04-13 04:30:54.968 9 INFO neutron.services.segments.plugin [-] Segment 8245074d-3795-4846-a126-352a29a2c5da resource provider aggregate not found
2026-04-13 04:30:54.973 9 INFO neutron.services.segments.plugin [-] Segment 8245074d-3795-4846-a126-352a29a2c5da resource provider aggregate not found
2026-04-13 04:30:54.976 9 INFO neutron.db.ovn_revision_numbers_db [None req-0f0767b8-77f3-4e48-930f-90da58182bb5 717637f66a97458e8e5a5b2df0d9303a e8a585ad8f3342aa9dd152e45b040911 - - default default] Successfully bumped revision number for resource 3faede3d-07e3-4b40-a566-b6cf32e1c29b (type: ports) to 2
2026-04-13 04:30:54.990 9 INFO neutron.services.segments.plugin [-] Segment 8245074d-3795-4846-a126-352a29a2c5da resource provider not found; error: Placement Client Error (4xx): {"errors": [{"status": 404, "title": "Not Found", "detail": "The resource could not be found.\n\n No resource provider with uuid 8245074d-3795-4846-a126-352a29a2c5da found for delete ", "request_id": "req-f9e55a93-b14d-47ac-a453-e67987bdf0b9"}]}
2026-04-13 04:30:54.991 9 INFO neutron.services.segments.plugin [-] Segment 8245074d-3795-4846-a126-352a29a2c5da resource provider not found; error: Placement Client Error (4xx): {"errors": [{"status": 404, "title": "Not Found", "detail": "The resource could not be found.\n\n No resource provider with uuid 8245074d-3795-4846-a126-352a29a2c5da found for delete ", "request_id": "req-a192143f-584d-46bd-a969-80c6beddbe75"}]}
2026-04-13 04:30:55.032 9 INFO neutron.wsgi [None req-b86c9966-04c3-458f-8089-a97f4339c43e 8ebba2ac7c7e4cfe87eb811957a19499 c7d9f7f8d7564ed3a06706950dc7ddb4 - - - -] 10.0.0.64 "DELETE /v2.0/networks/3db8ac04-e1fc-435c-af9c-1dd3f82f4527 HTTP/1.1" status: 204 len: 168 time: 0.5336082
2026-04-13 04:30:55.056 9 WARNING neutron.scheduler.dhcp_agent_scheduler [None req-0f0767b8-77f3-4e48-930f-90da58182bb5 717637f66a97458e8e5a5b2df0d9303a e8a585ad8f3342aa9dd152e45b040911 - - default default] No more DHCP agents
2026-04-13 04:30:55.057 9 WARNING neutron.api.rpc.agentnotifiers.dhcp_rpc_agent_api [None req-0f0767b8-77f3-4e48-930f-90da58182bb5 717637f66a97458e8e5a5b2df0d9303a e8a585ad8f3342aa9dd152e45b040911 - - default default] Unable to schedule network b47c93ad-3737-4758-adc8-dd9f0bbe6d71: no agents available; will retry on subsequent port and subnet creation events.
2026-04-13 04:30:55.352 9 INFO neutron.db.ovn_revision_numbers_db [None req-0f0767b8-77f3-4e48-930f-90da58182bb5 717637f66a97458e8e5a5b2df0d9303a e8a585ad8f3342aa9dd152e45b040911 - - - -] Successfully bumped revision number for resource 3faede3d-07e3-4b40-a566-b6cf32e1c29b (type: router_ports) to 2
2026-04-13 04:30:55.355 9 INFO neutron.wsgi [None req-0f0767b8-77f3-4e48-930f-90da58182bb5 717637f66a97458e8e5a5b2df0d9303a e8a585ad8f3342aa9dd152e45b040911 - - - -] 10.0.0.64 "PUT /v2.0/routers/1931d85f-3413-4925-a234-7a4962b61360/add_router_interface HTTP/1.1" status: 200 len: 503 time: 2.1433299
2026-04-13 04:30:55.436 10 INFO neutron.wsgi [None req-c45f86f7-cebe-4bf0-845a-0fe7a1f1477b 8ebba2ac7c7e4cfe87eb811957a19499 c7d9f7f8d7564ed3a06706950dc7ddb4 - - - -] 10.0.0.64 "DELETE /v2.0/networks/2f572d2e-c58b-4623-9b82-5a13c9e7a8f7 HTTP/1.1" status: 204 len: 168 time: 0.3989565
2026-04-13 04:30:55.836 9 INFO neutron.wsgi [None req-f94ddb55-e4d8-4ccf-8db9-ec10901930a6 8ebba2ac7c7e4cfe87eb811957a19499 c7d9f7f8d7564ed3a06706950dc7ddb4 - - - -] 10.0.0.64 "DELETE /v2.0/networks/8c5508ae-609c-4c51-a366-fe7edce1e124 HTTP/1.1" status: 204 len: 168 time: 0.3941033
2026-04-13 04:30:56.105 10 INFO neutron.services.segments.plugin [-] Segment d36b3d60-b764-4f58-bb1b-f3085bf71e04 resource provider aggregate not found
2026-04-13 04:30:56.110 10 INFO neutron.services.segments.plugin [-] Segment d36b3d60-b764-4f58-bb1b-f3085bf71e04 resource provider aggregate not found
2026-04-13 04:30:56.116 10 INFO neutron.services.segments.plugin [-] Segment d36b3d60-b764-4f58-bb1b-f3085bf71e04 resource provider not found; error: Placement Client Error (4xx): {"errors": [{"status": 404, "title": "Not Found", "detail": "The resource could not be found.\n\n No resource provider with uuid d36b3d60-b764-4f58-bb1b-f3085bf71e04 found for delete ", "request_id": "req-f7088cfb-d1e9-4ca6-8402-6fbbf8d072e2"}]}
2026-04-13 04:30:56.128 10 INFO neutron.services.segments.plugin [-] Segment d36b3d60-b764-4f58-bb1b-f3085bf71e04 resource provider not found; error: Placement Client Error (4xx): {"errors": [{"status": 404, "title": "Not Found", "detail": "The resource could not be found.\n\n No resource provider with uuid d36b3d60-b764-4f58-bb1b-f3085bf71e04 found for delete ", "request_id": "req-5e4acf29-6ef4-48f6-8bba-c9ea82cb59f4"}]}
2026-04-13 04:30:56.138 10 INFO neutron.services.segments.plugin [-] Segment 29450546-dd91-4b39-af1f-94e909587074 resource provider aggregate not found
2026-04-13 04:30:56.144 10 INFO neutron.services.segments.plugin [-] Segment 29450546-dd91-4b39-af1f-94e909587074 resource provider aggregate not found
2026-04-13 04:30:56.156 10 INFO neutron.services.segments.plugin [-] Segment 29450546-dd91-4b39-af1f-94e909587074 resource provider not found; error: Placement Client Error (4xx): {"errors": [{"status": 404, "title": "Not Found", "detail": "The resource could not be found.\n\n No resource provider with uuid 29450546-dd91-4b39-af1f-94e909587074 found for delete ", "request_id": "req-ba873c55-b150-41c2-a13f-debbbeac3861"}]}
2026-04-13 04:30:56.158 10 INFO neutron.services.segments.plugin [-] Segment 29450546-dd91-4b39-af1f-94e909587074 resource provider not found; error: Placement Client Error (4xx): {"errors": [{"status": 404, "title": "Not Found", "detail": "The resource could not be found.\n\n No resource provider with uuid 29450546-dd91-4b39-af1f-94e909587074 found for delete ", "request_id": "req-e0a29f86-22ad-4887-af3a-48aab40f616e"}]}
2026-04-13 04:30:56.189 10 WARNING neutron.scheduler.dhcp_agent_scheduler [None req-ad099390-1fb8-4327-b0a4-dfe37d6a6a6a 717637f66a97458e8e5a5b2df0d9303a e8a585ad8f3342aa9dd152e45b040911 - - default default] No more DHCP agents
2026-04-13 04:30:56.190 10 WARNING neutron.api.rpc.agentnotifiers.dhcp_rpc_agent_api [None req-ad099390-1fb8-4327-b0a4-dfe37d6a6a6a 717637f66a97458e8e5a5b2df0d9303a e8a585ad8f3342aa9dd152e45b040911 - - default default] Unable to schedule network 406f74cb-3783-4de9-8c6f-14958f0c66ba: no agents available; will retry on subsequent port and subnet creation events.
2026-04-13 04:30:56.333 10 INFO neutron.db.ovn_revision_numbers_db [None req-ad099390-1fb8-4327-b0a4-dfe37d6a6a6a 717637f66a97458e8e5a5b2df0d9303a e8a585ad8f3342aa9dd152e45b040911 - - default default] Successfully bumped revision number for resource ff8a5844-039d-4310-8b0a-3119049cd318 (type: ports) to 1
2026-04-13 04:30:56.847 10 INFO neutron.plugins.ml2.drivers.ovn.mech_driver.mech_driver [None req-7a21579d-a347-4cc4-8330-83ccb25d53fb - - - - - -] OVN reports status up for port: ff8a5844-039d-4310-8b0a-3119049cd318
2026-04-13 04:30:56.853 10 INFO neutron.plugins.ml2.plugin [None req-7a21579d-a347-4cc4-8330-83ccb25d53fb - - - - - -] Attempt 1 to provision port ff8a5844-039d-4310-8b0a-3119049cd318
2026-04-13 04:30:56.854 10 INFO neutron.db.ovn_revision_numbers_db [None req-ad099390-1fb8-4327-b0a4-dfe37d6a6a6a 717637f66a97458e8e5a5b2df0d9303a e8a585ad8f3342aa9dd152e45b040911 - - default default] Successfully bumped revision number for resource ff8a5844-039d-4310-8b0a-3119049cd318 (type: router_ports) to 2
2026-04-13 04:30:56.869 9 INFO neutron.db.ovn_revision_numbers_db [None req-a652a6fe-d4f1-4bdf-b1ad-c43c55560333 379f1c46807e426484818e9b9be1a5ee 282fc45e307543fa9ca1e2586a1ac971 - - default default] Successfully bumped revision number for resource b8b3ead4-3114-445d-a67a-07b0166c80bf (type: security_groups) to 1
2026-04-13 04:30:56.890 9 INFO neutron.wsgi [None req-a652a6fe-d4f1-4bdf-b1ad-c43c55560333 379f1c46807e426484818e9b9be1a5ee 282fc45e307543fa9ca1e2586a1ac971 - - default default] 10.0.0.64 "GET /v2.0/security-groups?tenant_id=16e9d5fe13054bf0a7226f9cfe4dfed6&name=default HTTP/1.1" status: 200 len: 3000 time: 0.2655327
2026-04-13 04:30:57.010 9 INFO neutron.services.segments.plugin [-] Segment 9f08eafa-ffb3-4c90-9a94-573c5ba08783 resource provider aggregate not found
2026-04-13 04:30:57.018 9 INFO neutron.services.segments.plugin [-] Segment 9f08eafa-ffb3-4c90-9a94-573c5ba08783 resource provider aggregate not found
2026-04-13 04:30:57.022 10 INFO neutron.db.ovn_revision_numbers_db [None req-ad099390-1fb8-4327-b0a4-dfe37d6a6a6a 717637f66a97458e8e5a5b2df0d9303a e8a585ad8f3342aa9dd152e45b040911 - - default default] Successfully bumped revision number for resource ff8a5844-039d-4310-8b0a-3119049cd318 (type: ports) to 2
2026-04-13 04:30:57.032 9 INFO neutron.services.segments.plugin [-] Segment 9f08eafa-ffb3-4c90-9a94-573c5ba08783 resource provider not found; error: Placement Client Error (4xx): {"errors": [{"status": 404, "title": "Not Found", "detail": "The resource could not be found.\n\n No resource provider with uuid 9f08eafa-ffb3-4c90-9a94-573c5ba08783 found for delete ", "request_id": "req-5d97d1b1-8f0f-45e3-97de-541a13d5b030"}]}
2026-04-13 04:30:57.036 9 INFO neutron.services.segments.plugin [-] Segment 9f08eafa-ffb3-4c90-9a94-573c5ba08783 resource provider not found; error: Placement Client Error (4xx): {"errors": [{"status": 404, "title": "Not Found", "detail": "The resource could not be found.\n\n No resource provider with uuid 9f08eafa-ffb3-4c90-9a94-573c5ba08783 found for delete ", "request_id": "req-f99e61bb-87f5-4783-a197-7a6efe3ddb21"}]}
2026-04-13 04:30:57.097 9 INFO neutron.wsgi [None req-7262701d-c9db-4f37-80d6-347a8f8518aa 379f1c46807e426484818e9b9be1a5ee 282fc45e307543fa9ca1e2586a1ac971 - - - -] 10.0.0.64 "DELETE /v2.0/security-groups/b8b3ead4-3114-445d-a67a-07b0166c80bf HTTP/1.1" status: 204 len: 168 time: 0.2020998
2026-04-13 04:30:57.105 10 WARNING neutron.scheduler.dhcp_agent_scheduler [None req-ad099390-1fb8-4327-b0a4-dfe37d6a6a6a 717637f66a97458e8e5a5b2df0d9303a e8a585ad8f3342aa9dd152e45b040911 - - default default] No more DHCP agents
2026-04-13 04:30:57.108 10 WARNING neutron.api.rpc.agentnotifiers.dhcp_rpc_agent_api [None req-ad099390-1fb8-4327-b0a4-dfe37d6a6a6a 717637f66a97458e8e5a5b2df0d9303a e8a585ad8f3342aa9dd152e45b040911 - - default default] Unable to schedule network 406f74cb-3783-4de9-8c6f-14958f0c66ba: no agents available; will retry on subsequent port and subnet creation events.
2026-04-13 04:30:57.133 10 INFO neutron.db.ovn_revision_numbers_db [None req-7a21579d-a347-4cc4-8330-83ccb25d53fb - - - - - -] Successfully bumped revision number for resource ff8a5844-039d-4310-8b0a-3119049cd318 (type: ports) to 3
2026-04-13 04:30:57.206 9 INFO neutron.wsgi [None req-2d3d11c1-6702-445d-a1e2-4e9ebad44d90 379f1c46807e426484818e9b9be1a5ee 282fc45e307543fa9ca1e2586a1ac971 - - default default] 10.0.0.64 "GET /v2.0/security-groups?tenant_id=c7d9f7f8d7564ed3a06706950dc7ddb4&name=default HTTP/1.1" status: 200 len: 3000 time: 0.0287573
2026-04-13 04:30:57.268 10 INFO neutron.db.ovn_revision_numbers_db [None req-7a21579d-a347-4cc4-8330-83ccb25d53fb - - - - - -] Successfully bumped revision number for resource ff8a5844-039d-4310-8b0a-3119049cd318 (type: router_ports) to 3
2026-04-13 04:30:57.393 9 INFO neutron.wsgi [None req-e2e54371-f0fa-4fe1-86fa-898565870993 379f1c46807e426484818e9b9be1a5ee 282fc45e307543fa9ca1e2586a1ac971 - - - -] 10.0.0.64 "DELETE /v2.0/security-groups/9f6ae05e-4080-4bca-9f69-74ad775007d2 HTTP/1.1" status: 204 len: 168 time: 0.1805003
2026-04-13 04:30:57.447 10 INFO neutron.db.ovn_revision_numbers_db [None req-ad099390-1fb8-4327-b0a4-dfe37d6a6a6a 717637f66a97458e8e5a5b2df0d9303a e8a585ad8f3342aa9dd152e45b040911 - - - -] Successfully bumped revision number for resource ff8a5844-039d-4310-8b0a-3119049cd318 (type: router_ports) to 3
2026-04-13 04:30:57.449 10 INFO neutron.wsgi [None req-ad099390-1fb8-4327-b0a4-dfe37d6a6a6a 717637f66a97458e8e5a5b2df0d9303a e8a585ad8f3342aa9dd152e45b040911 - - - -] 10.0.0.64 "PUT /v2.0/routers/1931d85f-3413-4925-a234-7a4962b61360/add_router_interface HTTP/1.1" status: 200 len: 503 time: 2.0883012
2026-04-13 04:30:57.598 10 INFO neutron.db.ovn_revision_numbers_db [None req-251d94d7-4d7d-4613-9346-95057a4d57c3 717637f66a97458e8e5a5b2df0d9303a e8a585ad8f3342aa9dd152e45b040911 - - - -] Successfully bumped revision number for resource 42a1d7f7-9f49-4d50-a78c-d83b2f508d8d (type: security_groups) to 1
2026-04-13 04:30:57.621 10 INFO neutron.wsgi [None req-251d94d7-4d7d-4613-9346-95057a4d57c3 717637f66a97458e8e5a5b2df0d9303a e8a585ad8f3342aa9dd152e45b040911 - - - -] 10.0.0.64 "POST /v2.0/security-groups HTTP/1.1" status: 201 len: 1766 time: 0.1211464
2026-04-13 04:30:57.627 9 INFO neutron.db.ovn_revision_numbers_db [None req-4aa52310-7742-431e-b791-b19eeba63286 379f1c46807e426484818e9b9be1a5ee 282fc45e307543fa9ca1e2586a1ac971 - - default default] Successfully bumped revision number for resource 7aa2f7dc-7ced-4f73-a59b-2c1edc62398d (type: security_groups) to 1
2026-04-13 04:30:57.647 9 INFO neutron.wsgi [None req-4aa52310-7742-431e-b791-b19eeba63286 379f1c46807e426484818e9b9be1a5ee 282fc45e307543fa9ca1e2586a1ac971 - - default default] 10.0.0.64 "GET /v2.0/security-groups?tenant_id=5f227b3c247d44a0b7bf8ca05d2df1df&name=default HTTP/1.1" status: 200 len: 3000 time: 0.1126411
2026-04-13 04:30:57.733 10 INFO neutron.db.ovn_revision_numbers_db [None req-fd42ef96-b4ff-48c9-8b33-1d781db58b1e 717637f66a97458e8e5a5b2df0d9303a e8a585ad8f3342aa9dd152e45b040911 - - - -] Successfully bumped revision number for resource 70f4d291-770b-4686-a693-db13bd7dc1a5 (type: security_group_rules) to 0
2026-04-13 04:30:57.760 10 INFO neutron.wsgi [None req-fd42ef96-b4ff-48c9-8b33-1d781db58b1e 717637f66a97458e8e5a5b2df0d9303a e8a585ad8f3342aa9dd152e45b040911 - - - -] 10.0.0.64 "POST /v2.0/security-group-rules HTTP/1.1" status: 201 len: 764 time: 0.1352861
2026-04-13 04:30:57.804 9 INFO neutron.wsgi [None req-98dc44a5-384a-43cd-8c0d-e22b215042fe 379f1c46807e426484818e9b9be1a5ee 282fc45e307543fa9ca1e2586a1ac971 - - - -] 10.0.0.64 "DELETE /v2.0/security-groups/7aa2f7dc-7ced-4f73-a59b-2c1edc62398d HTTP/1.1" status: 204 len: 168 time: 0.1524386
2026-04-13 04:30:57.899 10 INFO neutron.db.ovn_revision_numbers_db [None req-2698f250-2419-4c73-80df-2699d033df37 717637f66a97458e8e5a5b2df0d9303a e8a585ad8f3342aa9dd152e45b040911 - - - -] Successfully bumped revision number for resource a005490d-a04b-490d-a010-5a078d55863f (type: security_group_rules) to 0
2026-04-13 04:30:57.921 10 INFO neutron.wsgi [None req-2698f250-2419-4c73-80df-2699d033df37 717637f66a97458e8e5a5b2df0d9303a e8a585ad8f3342aa9dd152e45b040911 - - - -] 10.0.0.64 "POST /v2.0/security-group-rules HTTP/1.1" status: 201 len: 764 time: 0.1566417
2026-04-13 04:30:58.029 10 INFO neutron.db.ovn_revision_numbers_db [None req-1bc464c2-8ea1-497f-90ee-4ede4401c122 717637f66a97458e8e5a5b2df0d9303a e8a585ad8f3342aa9dd152e45b040911 - - - -] Successfully bumped revision number for resource 454faec9-744f-4f7f-a608-9a96a3a1bb21 (type: security_group_rules) to 0
2026-04-13 04:30:58.051 10 INFO neutron.wsgi [None req-1bc464c2-8ea1-497f-90ee-4ede4401c122 717637f66a97458e8e5a5b2df0d9303a e8a585ad8f3342aa9dd152e45b040911 - - - -] 10.0.0.64 "POST /v2.0/security-group-rules HTTP/1.1" status: 201 len: 766 time: 0.1250479
2026-04-13 04:30:58.155 10 INFO neutron.db.ovn_revision_numbers_db [None req-34b2e0a9-65be-4dcf-ab6a-1d53077856ac 717637f66a97458e8e5a5b2df0d9303a e8a585ad8f3342aa9dd152e45b040911 - - - -] Successfully bumped revision number for resource 9176d2c9-a6c1-4f50-b5f8-6889e896eccc (type: security_group_rules) to 0
