2026-04-13 04:28:45.150 9 WARNING neutron.api.rpc.agentnotifiers.dhcp_rpc_agent_api [None req-d691f796-126c-4383-b9d5-8f87b76928d0 6323ef5374da4da7a16b8229c3297b25 0335516098eb4473836e5ed5962d7662 - - - -] Unable to schedule network 96bf1ec9-e959-41b4-bab7-a2e2b91547d0: no agents available; will retry on subsequent port and subnet creation events.
2026-04-13 04:28:45.418 10 INFO neutron.db.ovn_revision_numbers_db [None req-cc402da1-ed0b-4ab2-80a8-e5de054d81f3 - - - - - -] Successfully bumped revision number for resource ccd3d2d1-92d4-4ab8-98ff-0c7dbea886d6 (type: router_ports) to 3
2026-04-13 04:28:45.562 10 INFO neutron.db.ovn_revision_numbers_db [None req-cc402da1-ed0b-4ab2-80a8-e5de054d81f3 - - - - - -] Successfully bumped revision number for resource ccd3d2d1-92d4-4ab8-98ff-0c7dbea886d6 (type: ports) to 2
2026-04-13 04:28:45.571 9 INFO neutron.db.ovn_revision_numbers_db [None req-d691f796-126c-4383-b9d5-8f87b76928d0 6323ef5374da4da7a16b8229c3297b25 0335516098eb4473836e5ed5962d7662 - - - -] Successfully bumped revision number for resource 07c5c9cc-1fba-4eb5-b5bf-82b259b89d51 (type: ports) to 2
2026-04-13 04:28:45.596 9 INFO neutron.db.ovn_revision_numbers_db [None req-d691f796-126c-4383-b9d5-8f87b76928d0 6323ef5374da4da7a16b8229c3297b25 0335516098eb4473836e5ed5962d7662 - - - -] Successfully bumped revision number for resource 2d0abd23-79c9-446e-9020-f1fc9bcd73e8 (type: subnets) to 0
2026-04-13 04:28:45.616 9 INFO neutron.wsgi [None req-d691f796-126c-4383-b9d5-8f87b76928d0 6323ef5374da4da7a16b8229c3297b25 0335516098eb4473836e5ed5962d7662 - - - -] 10.0.0.64 "POST /v2.0/subnets HTTP/1.1" status: 201 len: 832 time: 0.7198844
2026-04-13 04:28:45.742 10 INFO neutron.db.ovn_revision_numbers_db [None req-a52e87b6-cd87-4fce-891c-6c14df8b24c3 3470931601134e15afd0308a95b8c564 07a533dfed5a424cb227116cfc74db22 - - - -] Successfully bumped revision number for resource 1ef8dc89-14fa-4047-8f71-5f7291eaf0fb (type: security_groups) to 1
2026-04-13 04:28:45.806 10 INFO neutron.db.ovn_revision_numbers_db [None req-cc402da1-ed0b-4ab2-80a8-e5de054d81f3 - - - - - -] Successfully bumped revision number for resource ccd3d2d1-92d4-4ab8-98ff-0c7dbea886d6 (type: ports) to 4
2026-04-13 04:28:45.809 10 INFO neutron.db.segments_db [None req-a52e87b6-cd87-4fce-891c-6c14df8b24c3 3470931601134e15afd0308a95b8c564 07a533dfed5a424cb227116cfc74db22 - - - -] Added segment 01777f07-185f-4382-a0dc-7bf9b5125bfe of type geneve for network 5ceae15c-7a15-4cad-afab-391d3018e42b
2026-04-13 04:28:46.011 10 INFO neutron.db.ovn_revision_numbers_db [None req-a52e87b6-cd87-4fce-891c-6c14df8b24c3 3470931601134e15afd0308a95b8c564 07a533dfed5a424cb227116cfc74db22 - - - -] Successfully bumped revision number for resource 5ceae15c-7a15-4cad-afab-391d3018e42b (type: networks) to 1
2026-04-13 04:28:46.144 10 INFO neutron.db.ovn_revision_numbers_db [None req-cc402da1-ed0b-4ab2-80a8-e5de054d81f3 - - - - - -] Successfully bumped revision number for resource ccd3d2d1-92d4-4ab8-98ff-0c7dbea886d6 (type: router_ports) to 4
2026-04-13 04:28:46.151 9 INFO neutron.db.ovn_revision_numbers_db [None req-7e66b790-7074-402f-8594-f1319b2e45ad 379f1c46807e426484818e9b9be1a5ee 282fc45e307543fa9ca1e2586a1ac971 - - default default] Successfully bumped revision number for resource a0f2a9cb-4165-49b8-a8a1-41f6ec2fb6ce (type: security_groups) to 1
2026-04-13 04:28:46.172 9 INFO neutron.wsgi [None req-7e66b790-7074-402f-8594-f1319b2e45ad 379f1c46807e426484818e9b9be1a5ee 282fc45e307543fa9ca1e2586a1ac971 - - default default] 10.0.0.64 "GET /v2.0/security-groups?tenant_id=517f25c50cad43f2a9826fb4d632252c&name=default HTTP/1.1" status: 200 len: 2996 time: 0.3428311
2026-04-13 04:28:46.193 9 WARNING neutron.scheduler.dhcp_agent_scheduler [None req-66b43fda-1ea9-44ca-b4fe-2c17bcd35612 6323ef5374da4da7a16b8229c3297b25 0335516098eb4473836e5ed5962d7662 - - default default] No more DHCP agents
2026-04-13 04:28:46.195 9 WARNING neutron.api.rpc.agentnotifiers.dhcp_rpc_agent_api [None req-66b43fda-1ea9-44ca-b4fe-2c17bcd35612 6323ef5374da4da7a16b8229c3297b25 0335516098eb4473836e5ed5962d7662 - - default default] Unable to schedule network 96bf1ec9-e959-41b4-bab7-a2e2b91547d0: no agents available; will retry on subsequent port and subnet creation events.
2026-04-13 04:28:46.243 10 WARNING neutron.scheduler.dhcp_agent_scheduler [None req-a52e87b6-cd87-4fce-891c-6c14df8b24c3 3470931601134e15afd0308a95b8c564 07a533dfed5a424cb227116cfc74db22 - - - -] No more DHCP agents
2026-04-13 04:28:46.246 10 WARNING neutron.api.rpc.agentnotifiers.dhcp_rpc_agent_api [None req-a52e87b6-cd87-4fce-891c-6c14df8b24c3 3470931601134e15afd0308a95b8c564 07a533dfed5a424cb227116cfc74db22 - - - -] Unable to schedule network 5ceae15c-7a15-4cad-afab-391d3018e42b: no agents available; will retry on subsequent port and subnet creation events.
2026-04-13 04:28:46.325 10 INFO neutron.db.ovn_revision_numbers_db [None req-a52e87b6-cd87-4fce-891c-6c14df8b24c3 3470931601134e15afd0308a95b8c564 07a533dfed5a424cb227116cfc74db22 - - - -] Successfully bumped revision number for resource 0ee6d428-abd6-4587-8714-67f14ac36c45 (type: ports) to 1
2026-04-13 04:28:46.356 10 INFO neutron.wsgi [None req-a52e87b6-cd87-4fce-891c-6c14df8b24c3 3470931601134e15afd0308a95b8c564 07a533dfed5a424cb227116cfc74db22 - - - -] 10.0.0.64 "POST /v2.0/networks HTTP/1.1" status: 201 len: 830 time: 0.9612994
2026-04-13 04:28:46.357 9 INFO neutron.db.ovn_revision_numbers_db [None req-66b43fda-1ea9-44ca-b4fe-2c17bcd35612 6323ef5374da4da7a16b8229c3297b25 0335516098eb4473836e5ed5962d7662 - - default default] Successfully bumped revision number for resource 9b74e55f-7734-4487-b915-15d5509ff721 (type: ports) to 1
2026-04-13 04:28:46.409 10 INFO neutron.wsgi [None req-899d2a4a-9110-4878-bf41-aca86e94a15f 379f1c46807e426484818e9b9be1a5ee 282fc45e307543fa9ca1e2586a1ac971 - - - -] 10.0.0.64 "DELETE /v2.0/security-groups/a0f2a9cb-4165-49b8-a8a1-41f6ec2fb6ce HTTP/1.1" status: 204 len: 168 time: 0.2300687
2026-04-13 04:28:46.465 9 INFO neutron.db.segments_db [None req-9aaf7aba-59c5-4e9f-a54f-910cb88a3142 3470931601134e15afd0308a95b8c564 07a533dfed5a424cb227116cfc74db22 - - - -] Added segment 23eef62e-f2f7-4aaa-954c-a835c7314e58 of type geneve for network 51a25439-9a5e-46d7-be67-07818e5c893f
2026-04-13 04:28:46.584 10 INFO neutron.db.ovn_revision_numbers_db [None req-8c22dec9-c57f-428a-b1c7-5e298dd700ad 379f1c46807e426484818e9b9be1a5ee 282fc45e307543fa9ca1e2586a1ac971 - - default default] Successfully bumped revision number for resource b1458bd4-4042-421e-9727-80011054c329 (type: security_groups) to 1
2026-04-13 04:28:46.606 10 INFO neutron.wsgi [None req-8c22dec9-c57f-428a-b1c7-5e298dd700ad 379f1c46807e426484818e9b9be1a5ee 282fc45e307543fa9ca1e2586a1ac971 - - default default] 10.0.0.64 "GET /v2.0/security-groups?tenant_id=7d560151a079464aaf27f71bcbd8671e&name=default HTTP/1.1" status: 200 len: 2996 time: 0.1122544
2026-04-13 04:28:46.611 9 INFO neutron.db.ovn_revision_numbers_db [None req-9aaf7aba-59c5-4e9f-a54f-910cb88a3142 3470931601134e15afd0308a95b8c564 07a533dfed5a424cb227116cfc74db22 - - - -] Successfully bumped revision number for resource 51a25439-9a5e-46d7-be67-07818e5c893f (type: networks) to 1
2026-04-13 04:28:46.765 10 INFO neutron.wsgi [None req-8877555c-9801-4f37-9af7-7fb22144e1eb 379f1c46807e426484818e9b9be1a5ee 282fc45e307543fa9ca1e2586a1ac971 - - - -] 10.0.0.64 "DELETE /v2.0/security-groups/b1458bd4-4042-421e-9727-80011054c329 HTTP/1.1" status: 204 len: 168 time: 0.1546407
2026-04-13 04:28:47.042 9 WARNING neutron.scheduler.dhcp_agent_scheduler [None req-9aaf7aba-59c5-4e9f-a54f-910cb88a3142 3470931601134e15afd0308a95b8c564 07a533dfed5a424cb227116cfc74db22 - - - -] No more DHCP agents
2026-04-13 04:28:47.048 9 WARNING neutron.api.rpc.agentnotifiers.dhcp_rpc_agent_api [None req-9aaf7aba-59c5-4e9f-a54f-910cb88a3142 3470931601134e15afd0308a95b8c564 07a533dfed5a424cb227116cfc74db22 - - - -] Unable to schedule network 51a25439-9a5e-46d7-be67-07818e5c893f: no agents available; will retry on subsequent port and subnet creation events.
2026-04-13 04:28:47.147 9 INFO neutron.db.ovn_revision_numbers_db [None req-9aaf7aba-59c5-4e9f-a54f-910cb88a3142 3470931601134e15afd0308a95b8c564 07a533dfed5a424cb227116cfc74db22 - - - -] Successfully bumped revision number for resource 7a4b9bed-1ffb-4183-a287-bba47ab36f73 (type: ports) to 1
2026-04-13 04:28:47.168 9 INFO neutron.plugins.ml2.drivers.ovn.mech_driver.mech_driver [None req-410e4b60-74e4-4249-bca4-4adeefe0e70e - - - - - -] OVN reports status up for port: 9b74e55f-7734-4487-b915-15d5509ff721
2026-04-13 04:28:47.174 9 INFO neutron.wsgi [None req-9aaf7aba-59c5-4e9f-a54f-910cb88a3142 3470931601134e15afd0308a95b8c564 07a533dfed5a424cb227116cfc74db22 - - - -] 10.0.0.64 "POST /v2.0/networks HTTP/1.1" status: 201 len: 831 time: 0.8118954
2026-04-13 04:28:47.176 9 INFO neutron.plugins.ml2.plugin [None req-410e4b60-74e4-4249-bca4-4adeefe0e70e - - - - - -] Attempt 1 to provision port 9b74e55f-7734-4487-b915-15d5509ff721
2026-04-13 04:28:47.178 9 INFO neutron.db.ovn_revision_numbers_db [None req-66b43fda-1ea9-44ca-b4fe-2c17bcd35612 6323ef5374da4da7a16b8229c3297b25 0335516098eb4473836e5ed5962d7662 - - default default] Successfully bumped revision number for resource 9b74e55f-7734-4487-b915-15d5509ff721 (type: router_ports) to 2
2026-04-13 04:28:47.233 10 INFO neutron.wsgi [None req-3f51d9ca-d88c-4791-ae2e-7f778c102fe8 3470931601134e15afd0308a95b8c564 07a533dfed5a424cb227116cfc74db22 - - - -] 10.0.0.64 "PUT /v2.0/networks/5ceae15c-7a15-4cad-afab-391d3018e42b/tags HTTP/1.1" status: 200 len: 218 time: 0.0534468
2026-04-13 04:28:47.284 10 INFO neutron.wsgi [None req-5d16ed2e-e731-45d7-bcb9-bdf124a7281a 3470931601134e15afd0308a95b8c564 07a533dfed5a424cb227116cfc74db22 - - default default] 10.0.0.64 "GET /v2.0/networks/5ceae15c-7a15-4cad-afab-391d3018e42b/tags HTTP/1.1" status: 200 len: 218 time: 0.0456097
2026-04-13 04:28:47.333 10 INFO neutron.wsgi [None req-909ad5e0-1048-4dc0-8306-56c434fe0cee 3470931601134e15afd0308a95b8c564 07a533dfed5a424cb227116cfc74db22 - - - -] 10.0.0.64 "PUT /v2.0/networks/51a25439-9a5e-46d7-be67-07818e5c893f/tags HTTP/1.1" status: 200 len: 210 time: 0.0464330
2026-04-13 04:28:47.344 9 INFO neutron.db.ovn_revision_numbers_db [None req-66b43fda-1ea9-44ca-b4fe-2c17bcd35612 6323ef5374da4da7a16b8229c3297b25 0335516098eb4473836e5ed5962d7662 - - default default] Successfully bumped revision number for resource 9b74e55f-7734-4487-b915-15d5509ff721 (type: ports) to 2
2026-04-13 04:28:47.375 10 INFO neutron.wsgi [None req-d65eac02-759e-4242-acae-db3f71539046 3470931601134e15afd0308a95b8c564 07a533dfed5a424cb227116cfc74db22 - - default default] 10.0.0.64 "GET /v2.0/networks/51a25439-9a5e-46d7-be67-07818e5c893f/tags HTTP/1.1" status: 200 len: 210 time: 0.0371432
2026-04-13 04:28:47.429 10 INFO neutron.wsgi [None req-30017a49-9ec7-4801-bbd0-224a5a75d9c7 3470931601134e15afd0308a95b8c564 07a533dfed5a424cb227116cfc74db22 - - - -] 10.0.0.64 "PUT /v2.0/networks/51a25439-9a5e-46d7-be67-07818e5c893f/tags HTTP/1.1" status: 200 len: 205 time: 0.0489130
2026-04-13 04:28:47.440 9 WARNING neutron.scheduler.dhcp_agent_scheduler [None req-66b43fda-1ea9-44ca-b4fe-2c17bcd35612 6323ef5374da4da7a16b8229c3297b25 0335516098eb4473836e5ed5962d7662 - - default default] No more DHCP agents
2026-04-13 04:28:47.441 9 WARNING neutron.api.rpc.agentnotifiers.dhcp_rpc_agent_api [None req-66b43fda-1ea9-44ca-b4fe-2c17bcd35612 6323ef5374da4da7a16b8229c3297b25 0335516098eb4473836e5ed5962d7662 - - default default] Unable to schedule network 96bf1ec9-e959-41b4-bab7-a2e2b91547d0: no agents available; will retry on subsequent port and subnet creation events.
2026-04-13 04:28:47.473 10 INFO neutron.wsgi [None req-b537209e-3076-4b86-8741-98f7884446f9 3470931601134e15afd0308a95b8c564 07a533dfed5a424cb227116cfc74db22 - - default default] 10.0.0.64 "GET /v2.0/networks/51a25439-9a5e-46d7-be67-07818e5c893f/tags HTTP/1.1" status: 200 len: 205 time: 0.0394623
2026-04-13 04:28:47.483 9 INFO neutron.db.ovn_revision_numbers_db [None req-410e4b60-74e4-4249-bca4-4adeefe0e70e - - - - - -] Successfully bumped revision number for resource 9b74e55f-7734-4487-b915-15d5509ff721 (type: ports) to 3
2026-04-13 04:28:47.520 10 INFO neutron.wsgi [None req-6eeeef52-1307-4f2f-90a1-b1e0e3f2fcc0 3470931601134e15afd0308a95b8c564 07a533dfed5a424cb227116cfc74db22 - - default default] 10.0.0.64 "GET /v2.0/networks/5ceae15c-7a15-4cad-afab-391d3018e42b/tags HTTP/1.1" status: 200 len: 218 time: 0.0423615
2026-04-13 04:28:47.623 9 INFO neutron.db.ovn_revision_numbers_db [None req-410e4b60-74e4-4249-bca4-4adeefe0e70e - - - - - -] Successfully bumped revision number for resource 9b74e55f-7734-4487-b915-15d5509ff721 (type: router_ports) to 3
2026-04-13 04:28:47.805 9 INFO neutron.db.ovn_revision_numbers_db [None req-66b43fda-1ea9-44ca-b4fe-2c17bcd35612 6323ef5374da4da7a16b8229c3297b25 0335516098eb4473836e5ed5962d7662 - - - -] Successfully bumped revision number for resource 9b74e55f-7734-4487-b915-15d5509ff721 (type: router_ports) to 3
2026-04-13 04:28:47.808 9 INFO neutron.wsgi [None req-66b43fda-1ea9-44ca-b4fe-2c17bcd35612 6323ef5374da4da7a16b8229c3297b25 0335516098eb4473836e5ed5962d7662 - - - -] 10.0.0.64 "PUT /v2.0/routers/b0cef06d-4468-4d64-9712-ade805163149/add_router_interface HTTP/1.1" status: 200 len: 503 time: 2.1878507
2026-04-13 04:28:47.814 9 WARNING keystonemiddleware.audit [None req-97db502d-6f4c-4ec4-846d-5ef6ad5f3597 - - - - - -] Skipping service tempest-service-1351148424 as it have no endpoints.
2026-04-13 04:28:47.866 10 INFO neutron.services.segments.plugin [-] Segment 01777f07-185f-4382-a0dc-7bf9b5125bfe resource provider aggregate not found
2026-04-13 04:28:47.890 10 INFO neutron.services.segments.plugin [-] Segment 01777f07-185f-4382-a0dc-7bf9b5125bfe resource provider aggregate not found
2026-04-13 04:28:47.894 10 INFO neutron.services.segments.plugin [-] Segment 01777f07-185f-4382-a0dc-7bf9b5125bfe resource provider not found; error: Placement Client Error (4xx): {"errors": [{"status": 404, "title": "Not Found", "detail": "The resource could not be found.\n\n No resource provider with uuid 01777f07-185f-4382-a0dc-7bf9b5125bfe found for delete ", "request_id": "req-0375a549-bf6c-401d-8dfa-304ca6afadaa"}]}
2026-04-13 04:28:47.898 9 INFO neutron.wsgi [None req-0b19b579-7b7a-4754-810e-ae803fcab40d 77a337409b4d4bc4b7defc5e4f23027e 4402ff31b8f1444c9d127fd3ac1f07f3 - - default default] 10.0.0.64 "GET /v2.0/networks HTTP/1.1" status: 200 len: 4539 time: 0.0859232
2026-04-13 04:28:47.904 9 WARNING keystonemiddleware.audit [None req-61402ba4-f7ad-468c-9715-f8798887fdfc - - - - - -] Skipping service tempest-service-1351148424 as it have no endpoints.
2026-04-13 04:28:47.914 10 INFO neutron.services.segments.plugin [-] Segment 01777f07-185f-4382-a0dc-7bf9b5125bfe resource provider not found; error: Placement Client Error (4xx): {"errors": [{"status": 404, "title": "Not Found", "detail": "The resource could not be found.\n\n No resource provider with uuid 01777f07-185f-4382-a0dc-7bf9b5125bfe found for delete ", "request_id": "req-92614d89-3cc5-40c8-b843-d395b0b8c3ea"}]}
2026-04-13 04:28:47.944 10 INFO neutron.wsgi [None req-f7d98144-8f08-4427-a342-8621b281423d 3470931601134e15afd0308a95b8c564 07a533dfed5a424cb227116cfc74db22 - - - -] 10.0.0.64 "DELETE /v2.0/networks/5ceae15c-7a15-4cad-afab-391d3018e42b HTTP/1.1" status: 204 len: 168 time: 0.4035280
2026-04-13 04:28:47.945 9 INFO neutron.wsgi [None req-8b0905c2-df0e-4a9d-8abc-ad95eb1a791a 77a337409b4d4bc4b7defc5e4f23027e 4402ff31b8f1444c9d127fd3ac1f07f3 - - default default] 10.0.0.64 "GET /v2.0/subnets HTTP/1.1" status: 200 len: 2097 time: 0.0423973
2026-04-13 04:28:47.953 10 WARNING keystonemiddleware.audit [None req-722ffa8d-2e02-49d6-b058-f6e758e14405 - - - - - -] Skipping service tempest-service-1351148424 as it have no endpoints.
2026-04-13 04:28:48.028 10 INFO neutron.wsgi [None req-724d7c1e-3aa3-430e-9e73-dfc2cff9d75a 77a337409b4d4bc4b7defc5e4f23027e 4402ff31b8f1444c9d127fd3ac1f07f3 - - default default] 10.0.0.64 "GET /v2.0/routers HTTP/1.1" status: 200 len: 879 time: 0.0763178
2026-04-13 04:28:48.165 10 INFO neutron.db.ovn_revision_numbers_db [None req-9cd56d69-2c9f-4776-a18a-983747227547 6323ef5374da4da7a16b8229c3297b25 0335516098eb4473836e5ed5962d7662 - - - -] Successfully bumped revision number for resource 27b8cc11-2cf1-4064-87d6-a2d6735e0ef6 (type: security_groups) to 1
2026-04-13 04:28:48.187 10 INFO neutron.wsgi [None req-9cd56d69-2c9f-4776-a18a-983747227547 6323ef5374da4da7a16b8229c3297b25 0335516098eb4473836e5ed5962d7662 - - - -] 10.0.0.64 "POST /v2.0/security-groups HTTP/1.1" status: 201 len: 1811 time: 0.1148283
2026-04-13 04:28:48.295 9 INFO neutron.services.segments.plugin [-] Segment 23eef62e-f2f7-4aaa-954c-a835c7314e58 resource provider aggregate not found
2026-04-13 04:28:48.302 9 INFO neutron.services.segments.plugin [-] Segment 23eef62e-f2f7-4aaa-954c-a835c7314e58 resource provider aggregate not found
2026-04-13 04:28:48.314 10 INFO neutron.db.ovn_revision_numbers_db [None req-0c85b2e0-cd54-4532-b2c3-09b24021310d 6323ef5374da4da7a16b8229c3297b25 0335516098eb4473836e5ed5962d7662 - - - -] Successfully bumped revision number for resource 6de876e3-fd0d-4ef9-9e66-0397be3dc778 (type: security_group_rules) to 0
2026-04-13 04:28:48.317 9 INFO neutron.services.segments.plugin [-] Segment 23eef62e-f2f7-4aaa-954c-a835c7314e58 resource provider not found; error: Placement Client Error (4xx): {"errors": [{"status": 404, "title": "Not Found", "detail": "The resource could not be found.\n\n No resource provider with uuid 23eef62e-f2f7-4aaa-954c-a835c7314e58 found for delete ", "request_id": "req-9a0d0ef6-e0aa-4e63-b459-4d3c401454c1"}]}
2026-04-13 04:28:48.317 9 INFO neutron.services.segments.plugin [-] Segment 23eef62e-f2f7-4aaa-954c-a835c7314e58 resource provider not found; error: Placement Client Error (4xx): {"errors": [{"status": 404, "title": "Not Found", "detail": "The resource could not be found.\n\n No resource provider with uuid 23eef62e-f2f7-4aaa-954c-a835c7314e58 found for delete ", "request_id": "req-e4f196b1-e22f-4308-8f3a-c4a0b28d570a"}]}
2026-04-13 04:28:48.336 9 INFO neutron.wsgi [None req-65f28dd6-25c6-446d-9d67-aa5a7029487f 3470931601134e15afd0308a95b8c564 07a533dfed5a424cb227116cfc74db22 - - - -] 10.0.0.64 "DELETE /v2.0/networks/51a25439-9a5e-46d7-be67-07818e5c893f HTTP/1.1" status: 204 len: 168 time: 0.3879018
2026-04-13 04:28:48.344 10 INFO neutron.wsgi [None req-0c85b2e0-cd54-4532-b2c3-09b24021310d 6323ef5374da4da7a16b8229c3297b25 0335516098eb4473836e5ed5962d7662 - - - -] 10.0.0.64 "POST /v2.0/security-group-rules HTTP/1.1" status: 201 len: 764 time: 0.1522291
2026-04-13 04:28:48.435 9 INFO neutron.db.ovn_revision_numbers_db [None req-b71e3c97-dad7-45ea-9e13-d92fff790b94 6323ef5374da4da7a16b8229c3297b25 0335516098eb4473836e5ed5962d7662 - - - -] Successfully bumped revision number for resource 8b86fbd2-d110-43b1-8a49-bba5da4c5a83 (type: security_group_rules) to 0
2026-04-13 04:28:48.460 9 INFO neutron.wsgi [None req-b71e3c97-dad7-45ea-9e13-d92fff790b94 6323ef5374da4da7a16b8229c3297b25 0335516098eb4473836e5ed5962d7662 - - - -] 10.0.0.64 "POST /v2.0/security-group-rules HTTP/1.1" status: 201 len: 763 time: 0.1123235
2026-04-13 04:28:48.579 9 INFO neutron.db.ovn_revision_numbers_db [None req-0876f67b-ae2f-4c64-86c4-1c1a4b729afe 6323ef5374da4da7a16b8229c3297b25 0335516098eb4473836e5ed5962d7662 - - - -] Successfully bumped revision number for resource ce8810cd-27cd-4132-92c7-c21cbc2e97c7 (type: security_group_rules) to 0
2026-04-13 04:28:48.600 9 INFO neutron.wsgi [None req-0876f67b-ae2f-4c64-86c4-1c1a4b729afe 6323ef5374da4da7a16b8229c3297b25 0335516098eb4473836e5ed5962d7662 - - - -] 10.0.0.64 "POST /v2.0/security-group-rules HTTP/1.1" status: 201 len: 769 time: 0.1344252
2026-04-13 04:28:48.708 9 INFO neutron.db.ovn_revision_numbers_db [None req-90a11dfd-d755-495a-85e4-0e9f5644428f 6323ef5374da4da7a16b8229c3297b25 0335516098eb4473836e5ed5962d7662 - - - -] Successfully bumped revision number for resource b0218a20-b7eb-4659-9a76-123c9e8727ca (type: security_group_rules) to 0
2026-04-13 04:28:48.726 9 INFO neutron.wsgi [None req-90a11dfd-d755-495a-85e4-0e9f5644428f 6323ef5374da4da7a16b8229c3297b25 0335516098eb4473836e5ed5962d7662 - - - -] 10.0.0.64 "POST /v2.0/security-group-rules HTTP/1.1" status: 201 len: 768 time: 0.1214178
2026-04-13 04:28:48.752 9 INFO neutron.db.securitygroups_db [None req-cc7b1216-1a7b-44a0-a7af-6529836d5b34 6323ef5374da4da7a16b8229c3297b25 0335516098eb4473836e5ed5962d7662 - - - -] Project 0335516098eb4473836e5ed5962d7662 added a security group rule with legacy IPv6 ICMP protocol name icmp, ipv6-icmp should be used instead. It was automatically converted.
2026-04-13 04:28:48.840 9 INFO neutron.db.ovn_revision_numbers_db [None req-cc7b1216-1a7b-44a0-a7af-6529836d5b34 6323ef5374da4da7a16b8229c3297b25 0335516098eb4473836e5ed5962d7662 - - - -] Successfully bumped revision number for resource 9752cca5-3c7f-49df-8d38-3620c4ee4117 (type: security_group_rules) to 0
2026-04-13 04:28:48.865 9 INFO neutron.wsgi [None req-cc7b1216-1a7b-44a0-a7af-6529836d5b34 6323ef5374da4da7a16b8229c3297b25 0335516098eb4473836e5ed5962d7662 - - - -] 10.0.0.64 "POST /v2.0/security-group-rules HTTP/1.1" status: 201 len: 774 time: 0.1338525
2026-04-13 04:28:48.894 9 INFO neutron.db.securitygroups_db [None req-282100d6-4d32-46e6-a627-e7a4ce9688e6 6323ef5374da4da7a16b8229c3297b25 0335516098eb4473836e5ed5962d7662 - - - -] Project 0335516098eb4473836e5ed5962d7662 added a security group rule with legacy IPv6 ICMP protocol name icmp, ipv6-icmp should be used instead. It was automatically converted.
2026-04-13 04:28:48.993 9 INFO neutron.db.ovn_revision_numbers_db [None req-282100d6-4d32-46e6-a627-e7a4ce9688e6 6323ef5374da4da7a16b8229c3297b25 0335516098eb4473836e5ed5962d7662 - - - -] Successfully bumped revision number for resource 112e8902-4043-48e7-882b-1dd3ee03bd39 (type: security_group_rules) to 0
2026-04-13 04:28:49.017 9 INFO neutron.wsgi [None req-282100d6-4d32-46e6-a627-e7a4ce9688e6 6323ef5374da4da7a16b8229c3297b25 0335516098eb4473836e5ed5962d7662 - - - -] 10.0.0.64 "POST /v2.0/security-group-rules HTTP/1.1" status: 201 len: 773 time: 0.1452324
2026-04-13 04:28:49.217 10 INFO neutron.db.ovn_revision_numbers_db [None req-07b67a7a-6755-497f-8e3b-ce5ca0b78a92 379f1c46807e426484818e9b9be1a5ee 282fc45e307543fa9ca1e2586a1ac971 - - default default] Successfully bumped revision number for resource 7f122272-3150-43a6-a3a9-bcb031747991 (type: security_groups) to 1
2026-04-13 04:28:49.238 10 INFO neutron.wsgi [None req-07b67a7a-6755-497f-8e3b-ce5ca0b78a92 379f1c46807e426484818e9b9be1a5ee 282fc45e307543fa9ca1e2586a1ac971 - - default default] 10.0.0.64 "GET /v2.0/security-groups?tenant_id=e645f88c28b24b81a9aa0a9e01f40ad6&name=default HTTP/1.1" status: 200 len: 2996 time: 0.2269864
2026-04-13 04:28:49.445 10 INFO neutron.wsgi [None req-791d1e7b-5307-4906-a9d0-2290edb2db4c 379f1c46807e426484818e9b9be1a5ee 282fc45e307543fa9ca1e2586a1ac971 - - - -] 10.0.0.64 "DELETE /v2.0/security-groups/7f122272-3150-43a6-a3a9-bcb031747991 HTTP/1.1" status: 204 len: 168 time: 0.2039359
2026-04-13 04:28:49.624 9 INFO neutron.wsgi [None req-99d8ab7c-bda0-42e7-991b-e21bf6c9535e 379f1c46807e426484818e9b9be1a5ee 282fc45e307543fa9ca1e2586a1ac971 - - default default] 10.0.0.64 "GET /v2.0/security-groups?tenant_id=07a533dfed5a424cb227116cfc74db22&name=default HTTP/1.1" status: 200 len: 2996 time: 0.0345228
2026-04-13 04:28:49.629 10 INFO neutron.wsgi [None req-4f5318a3-1532-4349-a52c-6310086ea28f 6323ef5374da4da7a16b8229c3297b25 0335516098eb4473836e5ed5962d7662 - - default default] 10.0.0.64 "GET /v2.0/networks HTTP/1.1" status: 200 len: 1492 time: 0.2648618
2026-04-13 04:28:49.730 10 INFO neutron.wsgi [req-4a11eb57-7cef-4434-97c5-3d91ca4ea581 req-79899f31-6638-479b-9bad-b3a7b4f8f902 6323ef5374da4da7a16b8229c3297b25 0335516098eb4473836e5ed5962d7662 - - default default] 10.0.0.254 "GET /v2.0/security-groups?name=tempest-secgroup-smoke-1632512611&fields=id&tenant_id=0335516098eb4473836e5ed5962d7662 HTTP/1.1" status: 200 len: 267 time: 0.0348663
2026-04-13 04:28:49.767 10 INFO neutron.wsgi [-] 10.0.0.191 "GET / HTTP/1.1" status: 200 len: 246 time: 0.0021348
2026-04-13 04:28:49.769 10 INFO neutron.wsgi [-] 10.0.0.191 "GET / HTTP/1.1" status: 200 len: 246 time: 0.0014360
2026-04-13 04:28:49.788 9 INFO neutron.wsgi [None req-11f5d668-a8e1-4d85-ad5a-114ad2b0f326 379f1c46807e426484818e9b9be1a5ee 282fc45e307543fa9ca1e2586a1ac971 - - - -] 10.0.0.64 "DELETE /v2.0/security-groups/1ef8dc89-14fa-4047-8f71-5f7291eaf0fb HTTP/1.1" status: 204 len: 168 time: 0.1606832
2026-04-13 04:28:49.839 10 INFO neutron.wsgi [req-4a11eb57-7cef-4434-97c5-3d91ca4ea581 req-e17d3751-dfee-4d12-92e4-63a9c3cfcb54 6323ef5374da4da7a16b8229c3297b25 0335516098eb4473836e5ed5962d7662 - - default default] 10.0.0.254 "GET /v2.0/networks?id=96bf1ec9-e959-41b4-bab7-a2e2b91547d0 HTTP/1.1" status: 200 len: 859 time: 0.1006708
2026-04-13 04:28:49.877 10 INFO neutron.wsgi [req-4a11eb57-7cef-4434-97c5-3d91ca4ea581 req-22b5aa4f-71b7-4836-bbd0-614bdea2f028 6323ef5374da4da7a16b8229c3297b25 0335516098eb4473836e5ed5962d7662 - - default default] 10.0.0.254 "GET /v2.0/quotas/0335516098eb4473836e5ed5962d7662 HTTP/1.1" status: 200 len: 386 time: 0.0309699
2026-04-13 04:28:49.981 10 INFO neutron.wsgi [req-4a11eb57-7cef-4434-97c5-3d91ca4ea581 req-7f638d6f-5782-4dee-bfe7-f9b0d719798c 6323ef5374da4da7a16b8229c3297b25 0335516098eb4473836e5ed5962d7662 - - default default] 10.0.0.254 "GET /v2.0/ports?tenant_id=0335516098eb4473836e5ed5962d7662&fields=id HTTP/1.1" status: 200 len: 302 time: 0.0913885
2026-04-13 04:28:50.052 10 INFO neutron.wsgi [req-4a11eb57-7cef-4434-97c5-3d91ca4ea581 req-ad3feb40-7c8d-4acf-a70f-751df1b2fff0 f692cce3777c4b91a1fcdd78e7c45c67 2b3939243ffe4e058cd2633701c23e32 - - 093a83c510d74e819d0ac2ebf41a7ffc 093a83c510d74e819d0ac2ebf41a7ffc] 10.0.0.254 "GET /v2.0/networks/96bf1ec9-e959-41b4-bab7-a2e2b91547d0?fields=segments HTTP/1.1" status: 200 len: 212 time: 0.0569053
2026-04-13 04:28:50.107 10 INFO neutron.wsgi [req-4a11eb57-7cef-4434-97c5-3d91ca4ea581 req-9721cad9-4882-4e76-8751-ea7f979f40c1 f692cce3777c4b91a1fcdd78e7c45c67 2b3939243ffe4e058cd2633701c23e32 - - 093a83c510d74e819d0ac2ebf41a7ffc 093a83c510d74e819d0ac2ebf41a7ffc] 10.0.0.254 "GET /v2.0/networks/96bf1ec9-e959-41b4-bab7-a2e2b91547d0?fields=provider%3Aphysical_network&fields=provider%3Anetwork_type HTTP/1.1" status: 200 len: 277 time: 0.0468791
2026-04-13 04:28:50.239 9 INFO neutron.wsgi [req-3ad98a01-e7c4-4c34-b8ca-df959d0ac8c5 req-d84989cd-24fc-4bee-aa39-0b95ce56edbc 6323ef5374da4da7a16b8229c3297b25 0335516098eb4473836e5ed5962d7662 - - default default] 10.0.0.254 "GET /v2.0/ports?device_id=d8806e02-d7f2-45e4-9946-4a2562449c8f HTTP/1.1" status: 200 len: 210 time: 0.0277855
2026-04-13 04:28:50.876 9 INFO neutron.wsgi [req-4a11eb57-7cef-4434-97c5-3d91ca4ea581 req-46fb1d6e-135b-4db0-b80e-d959db86c5aa 6323ef5374da4da7a16b8229c3297b25 0335516098eb4473836e5ed5962d7662 - - default default] 199.204.45.30 "GET /v2.0/networks?id=96bf1ec9-e959-41b4-bab7-a2e2b91547d0 HTTP/1.1" status: 200 len: 859 time: 0.1015098
2026-04-13 04:28:50.982 9 INFO neutron.wsgi [req-4a11eb57-7cef-4434-97c5-3d91ca4ea581 req-4b1ad83b-5932-40a8-939f-6650883a834b 6323ef5374da4da7a16b8229c3297b25 0335516098eb4473836e5ed5962d7662 - - default default] 199.204.45.30 "GET /v2.0/security-groups?fields=id&fields=name&tenant_id=0335516098eb4473836e5ed5962d7662 HTTP/1.1" status: 200 len: 380 time: 0.0845153
2026-04-13 04:28:51.312 9 WARNING neutron.scheduler.dhcp_agent_scheduler [None req-35eb8a42-0bf4-49d8-9ceb-699a93b9a472 6323ef5374da4da7a16b8229c3297b25 0335516098eb4473836e5ed5962d7662 - - - -] No more DHCP agents
2026-04-13 04:28:51.314 9 WARNING neutron.api.rpc.agentnotifiers.dhcp_rpc_agent_api [None req-35eb8a42-0bf4-49d8-9ceb-699a93b9a472 6323ef5374da4da7a16b8229c3297b25 0335516098eb4473836e5ed5962d7662 - - - -] Unable to schedule network 96bf1ec9-e959-41b4-bab7-a2e2b91547d0: no agents available; will retry on subsequent port and subnet creation events.
2026-04-13 04:28:51.336 10 INFO neutron.wsgi [req-781f19ac-8ab6-4027-ae80-221906d3a7c1 req-7ef7e8db-ed16-4013-9255-dcf286f675d6 6323ef5374da4da7a16b8229c3297b25 0335516098eb4473836e5ed5962d7662 - - default default] 10.0.0.254 "GET /v2.0/ports?device_id=d8806e02-d7f2-45e4-9946-4a2562449c8f HTTP/1.1" status: 200 len: 1156 time: 0.0333178
2026-04-13 04:28:51.366 10 INFO neutron.wsgi [req-781f19ac-8ab6-4027-ae80-221906d3a7c1 req-7eb547f3-e10d-4d50-9c54-6fbdcfb486dc 6323ef5374da4da7a16b8229c3297b25 0335516098eb4473836e5ed5962d7662 - - default default] 10.0.0.254 "GET /v2.0/security-groups?id=27b8cc11-2cf1-4064-87d6-a2d6735e0ef6&fields=id&fields=name HTTP/1.1" status: 200 len: 313 time: 0.0247912
2026-04-13 04:28:51.446 9 INFO neutron.db.ovn_revision_numbers_db [None req-35eb8a42-0bf4-49d8-9ceb-699a93b9a472 6323ef5374da4da7a16b8229c3297b25 0335516098eb4473836e5ed5962d7662 - - - -] Successfully bumped revision number for resource 472c81b6-279b-43ca-b229-0e9310a8d41f (type: ports) to 1
2026-04-13 04:28:51.467 9 INFO neutron.wsgi [None req-35eb8a42-0bf4-49d8-9ceb-699a93b9a472 6323ef5374da4da7a16b8229c3297b25 0335516098eb4473836e5ed5962d7662 - - - -] 199.204.45.30 "POST /v2.0/ports HTTP/1.1" status: 201 len: 1158 time: 0.4807329 /var/lib/openstack/lib/python3.10/site-packages/pycadf/identifier.py:71: UserWarning: Invalid uuid: neutron. To ensure interoperability, identifiers should be a valid uuid. warnings.warn(('Invalid uuid: %s. To ensure interoperability, '
2026-04-13 04:28:51.740 10 INFO neutron.db.ovn_revision_numbers_db [None req-9cce0475-99e0-4220-ae24-3c2f2f059cb9 379f1c46807e426484818e9b9be1a5ee 282fc45e307543fa9ca1e2586a1ac971 - - default default] Successfully bumped revision number for resource b6f5f215-1adc-44ce-b920-a65f322571ce (type: security_groups) to 1
2026-04-13 04:28:51.762 10 INFO neutron.wsgi [None req-9cce0475-99e0-4220-ae24-3c2f2f059cb9 379f1c46807e426484818e9b9be1a5ee 282fc45e307543fa9ca1e2586a1ac971 - - default default] 10.0.0.64 "GET /v2.0/security-groups?tenant_id=8a63b4c784a1491fb6c028f99941d59e&name=default HTTP/1.1" status: 200 len: 2996 time: 0.3469577
2026-04-13 04:28:51.869 9 INFO neutron.db.ovn_revision_numbers_db [None req-b845cee3-c8b9-4e97-8b75-8959a7cc3763 f692cce3777c4b91a1fcdd78e7c45c67 2b3939243ffe4e058cd2633701c23e32 - - - -] Successfully bumped revision number for resource 472c81b6-279b-43ca-b229-0e9310a8d41f (type: ports) to 2
2026-04-13 04:28:51.925 10 INFO neutron.wsgi [None req-15da41fd-87da-46be-a4d4-ff88bd549cb9 379f1c46807e426484818e9b9be1a5ee 282fc45e307543fa9ca1e2586a1ac971 - - - -] 10.0.0.64 "DELETE /v2.0/security-groups/b6f5f215-1adc-44ce-b920-a65f322571ce HTTP/1.1" status: 204 len: 168 time: 0.1575055
2026-04-13 04:28:52.249 9 INFO neutron.db.ovn_revision_numbers_db [None req-b845cee3-c8b9-4e97-8b75-8959a7cc3763 f692cce3777c4b91a1fcdd78e7c45c67 2b3939243ffe4e058cd2633701c23e32 - - - -] Successfully bumped revision number for resource 472c81b6-279b-43ca-b229-0e9310a8d41f (type: ports) to 2
2026-04-13 04:28:52.275 9 INFO neutron.wsgi [None req-b845cee3-c8b9-4e97-8b75-8959a7cc3763 f692cce3777c4b91a1fcdd78e7c45c67 2b3939243ffe4e058cd2633701c23e32 - - - -] 199.204.45.30 "PUT /v2.0/ports/472c81b6-279b-43ca-b229-0e9310a8d41f HTTP/1.1" status: 200 len: 1328 time: 0.8021009
2026-04-13 04:28:52.314 9 INFO neutron.notifiers.nova [-] Nova event matching ['req-b4b8ee7a-ae8c-4493-a652-38d9ae8d163d'] response: {'name': 'network-changed', 'server_uuid': 'd8806e02-d7f2-45e4-9946-4a2562449c8f', 'tag': '472c81b6-279b-43ca-b229-0e9310a8d41f', 'status': 'completed', 'code': 200} /var/lib/openstack/lib/python3.10/site-packages/pycadf/identifier.py:71: UserWarning: Invalid uuid: neutron. To ensure interoperability, identifiers should be a valid uuid. warnings.warn(('Invalid uuid: %s. To ensure interoperability, '
2026-04-13 04:28:52.350 9 INFO neutron.wsgi [req-4a11eb57-7cef-4434-97c5-3d91ca4ea581 req-ec44b6ba-665b-4b5e-bfb6-306371e3a52c f692cce3777c4b91a1fcdd78e7c45c67 2b3939243ffe4e058cd2633701c23e32 - - 093a83c510d74e819d0ac2ebf41a7ffc 093a83c510d74e819d0ac2ebf41a7ffc] 199.204.45.30 "GET /v2.0/ports?tenant_id=0335516098eb4473836e5ed5962d7662&device_id=d8806e02-d7f2-45e4-9946-4a2562449c8f HTTP/1.1" status: 200 len: 1359 time: 0.0304310
2026-04-13 04:28:52.384 9 INFO neutron.wsgi [req-4a11eb57-7cef-4434-97c5-3d91ca4ea581 req-319fb989-1f89-41d7-994b-36a863c82a8d f692cce3777c4b91a1fcdd78e7c45c67 2b3939243ffe4e058cd2633701c23e32 - - 093a83c510d74e819d0ac2ebf41a7ffc 093a83c510d74e819d0ac2ebf41a7ffc] 199.204.45.30 "GET /v2.0/floatingips?fixed_ip_address=10.100.0.7&port_id=472c81b6-279b-43ca-b229-0e9310a8d41f HTTP/1.1" status: 200 len: 217 time: 0.0260155
2026-04-13 04:28:52.426 9 INFO neutron.wsgi [req-4a11eb57-7cef-4434-97c5-3d91ca4ea581 req-f69e221e-df8e-48f8-b9d3-dabd488e75f4 f692cce3777c4b91a1fcdd78e7c45c67 2b3939243ffe4e058cd2633701c23e32 - - 093a83c510d74e819d0ac2ebf41a7ffc 093a83c510d74e819d0ac2ebf41a7ffc] 199.204.45.30 "GET /v2.0/subnets?id=2d0abd23-79c9-446e-9020-f1fc9bcd73e8 HTTP/1.1" status: 200 len: 853 time: 0.0346243
2026-04-13 04:28:52.450 9 INFO neutron.wsgi [req-4a11eb57-7cef-4434-97c5-3d91ca4ea581 req-878bac47-9fa6-42c7-a30a-ea70e83be515 f692cce3777c4b91a1fcdd78e7c45c67 2b3939243ffe4e058cd2633701c23e32 - - 093a83c510d74e819d0ac2ebf41a7ffc 093a83c510d74e819d0ac2ebf41a7ffc] 199.204.45.30 "GET /v2.0/ports?network_id=96bf1ec9-e959-41b4-bab7-a2e2b91547d0&device_owner=network%3Adhcp HTTP/1.1" status: 200 len: 210 time: 0.0182092
2026-04-13 04:28:52.459 10 INFO neutron.wsgi [req-1bfe5e05-faec-4426-9f1d-eb550f6123d6 req-b03d2781-ebe7-4538-b745-eca860b09a74 6323ef5374da4da7a16b8229c3297b25 0335516098eb4473836e5ed5962d7662 - - default default] 10.0.0.254 "GET /v2.0/ports?device_id=d8806e02-d7f2-45e4-9946-4a2562449c8f HTTP/1.1" status: 200 len: 1168 time: 0.0314345
2026-04-13 04:28:52.489 10 INFO neutron.wsgi [req-1bfe5e05-faec-4426-9f1d-eb550f6123d6 req-ff87a5be-bb49-4407-9041-14bdf8f7bebc 6323ef5374da4da7a16b8229c3297b25 0335516098eb4473836e5ed5962d7662 - - default default] 10.0.0.254 "GET /v2.0/security-groups?id=27b8cc11-2cf1-4064-87d6-a2d6735e0ef6&fields=id&fields=name HTTP/1.1" status: 200 len: 313 time: 0.0255551
2026-04-13 04:28:52.511 9 INFO neutron.wsgi [req-4a11eb57-7cef-4434-97c5-3d91ca4ea581 req-85ba219d-956f-43be-a832-ef977bbdb4a2 f692cce3777c4b91a1fcdd78e7c45c67 2b3939243ffe4e058cd2633701c23e32 - - 093a83c510d74e819d0ac2ebf41a7ffc 093a83c510d74e819d0ac2ebf41a7ffc] 199.204.45.30 "GET /v2.0/networks/96bf1ec9-e959-41b4-bab7-a2e2b91547d0?fields=segments HTTP/1.1" status: 200 len: 212 time: 0.0537779
2026-04-13 04:28:52.566 9 INFO neutron.wsgi [req-4a11eb57-7cef-4434-97c5-3d91ca4ea581 req-984cd42f-b0d7-42e7-8add-ccccf1d86ffd f692cce3777c4b91a1fcdd78e7c45c67 2b3939243ffe4e058cd2633701c23e32 - - 093a83c510d74e819d0ac2ebf41a7ffc 093a83c510d74e819d0ac2ebf41a7ffc] 199.204.45.30 "GET /v2.0/networks/96bf1ec9-e959-41b4-bab7-a2e2b91547d0?fields=provider%3Aphysical_network&fields=provider%3Anetwork_type HTTP/1.1" status: 200 len: 277 time: 0.0470366
2026-04-13 04:28:52.638 9 INFO neutron.wsgi [req-0d3f4e79-ab3f-4406-a244-9b56cf7ee079 req-665c6cfe-e26d-4407-b8bc-b508314d52b4 f692cce3777c4b91a1fcdd78e7c45c67 2b3939243ffe4e058cd2633701c23e32 - - 093a83c510d74e819d0ac2ebf41a7ffc 093a83c510d74e819d0ac2ebf41a7ffc] 199.204.45.30 "GET /v2.0/ports?tenant_id=0335516098eb4473836e5ed5962d7662&device_id=d8806e02-d7f2-45e4-9946-4a2562449c8f HTTP/1.1" status: 200 len: 1359 time: 0.0389302
2026-04-13 04:28:52.712 9 INFO neutron.wsgi [req-0d3f4e79-ab3f-4406-a244-9b56cf7ee079 req-265068e2-1ca9-4c84-af41-eae3f0286d65 f692cce3777c4b91a1fcdd78e7c45c67 2b3939243ffe4e058cd2633701c23e32 - - 093a83c510d74e819d0ac2ebf41a7ffc 093a83c510d74e819d0ac2ebf41a7ffc] 199.204.45.30 "GET /v2.0/networks?id=96bf1ec9-e959-41b4-bab7-a2e2b91547d0 HTTP/1.1" status: 200 len: 958 time: 0.0632331
2026-04-13 04:28:52.753 9 INFO neutron.wsgi [req-0d3f4e79-ab3f-4406-a244-9b56cf7ee079 req-843d77b9-33e2-41fb-ba5f-ac41f499ef9b f692cce3777c4b91a1fcdd78e7c45c67 2b3939243ffe4e058cd2633701c23e32 - - 093a83c510d74e819d0ac2ebf41a7ffc 093a83c510d74e819d0ac2ebf41a7ffc] 199.204.45.30 "GET /v2.0/floatingips?fixed_ip_address=10.100.0.7&port_id=472c81b6-279b-43ca-b229-0e9310a8d41f HTTP/1.1" status: 200 len: 217 time: 0.0325332
2026-04-13 04:28:52.785 9 INFO neutron.db.ovn_revision_numbers_db [None req-56cb7d77-15fb-41a1-b301-deafab5f078c 379f1c46807e426484818e9b9be1a5ee 282fc45e307543fa9ca1e2586a1ac971 - - default default] Successfully bumped revision number for resource 501767b9-bad8-4130-93dc-6d987f89193b (type: security_groups) to 1
2026-04-13 04:28:52.803 9 INFO neutron.wsgi [req-0d3f4e79-ab3f-4406-a244-9b56cf7ee079 req-7a8d0a70-8bde-445c-a07a-218df009571d f692cce3777c4b91a1fcdd78e7c45c67 2b3939243ffe4e058cd2633701c23e32 - - 093a83c510d74e819d0ac2ebf41a7ffc 093a83c510d74e819d0ac2ebf41a7ffc] 199.204.45.30 "GET /v2.0/subnets?id=2d0abd23-79c9-446e-9020-f1fc9bcd73e8 HTTP/1.1" status: 200 len: 853 time: 0.0437632
2026-04-13 04:28:52.818 9 INFO neutron.wsgi [None req-56cb7d77-15fb-41a1-b301-deafab5f078c 379f1c46807e426484818e9b9be1a5ee 282fc45e307543fa9ca1e2586a1ac971 - - default default] 10.0.0.64 "GET /v2.0/security-groups?tenant_id=efdbc4b0d39046fd8a7b8928e485564a&name=default HTTP/1.1" status: 200 len: 2996 time: 0.3048835
2026-04-13 04:28:52.824 9 WARNING neutron.plugins.ml2.drivers.ovn.mech_driver.ovsdb.ovn_client [None req-410e4b60-74e4-4249-bca4-4adeefe0e70e - - - - - -] No hosting information found for port 9b74e55f-7734-4487-b915-15d5509ff721: RuntimeError: No hosting information found for port 9b74e55f-7734-4487-b915-15d5509ff721
2026-04-13 04:28:52.824 9 INFO neutron.plugins.ml2.drivers.ovn.mech_driver.mech_driver [None req-410e4b60-74e4-4249-bca4-4adeefe0e70e - - - - - -] OVN reports status up for port: 472c81b6-279b-43ca-b229-0e9310a8d41f
2026-04-13 04:28:52.841 9 INFO neutron.wsgi [req-0d3f4e79-ab3f-4406-a244-9b56cf7ee079 req-22d211ec-8afd-471f-a75f-5005d9486b01 f692cce3777c4b91a1fcdd78e7c45c67 2b3939243ffe4e058cd2633701c23e32 - - 093a83c510d74e819d0ac2ebf41a7ffc 093a83c510d74e819d0ac2ebf41a7ffc] 199.204.45.30 "GET /v2.0/ports?network_id=96bf1ec9-e959-41b4-bab7-a2e2b91547d0&device_owner=network%3Adhcp HTTP/1.1" status: 200 len: 210 time: 0.0270178
2026-04-13 04:28:52.847 9 INFO neutron.plugins.ml2.plugin [None req-410e4b60-74e4-4249-bca4-4adeefe0e70e - - - - - -] Attempt 1 to provision port 472c81b6-279b-43ca-b229-0e9310a8d41f
2026-04-13 04:28:52.909 9 INFO neutron.wsgi [req-0d3f4e79-ab3f-4406-a244-9b56cf7ee079 req-79314849-daa1-472a-a555-594b5bb3eabd f692cce3777c4b91a1fcdd78e7c45c67 2b3939243ffe4e058cd2633701c23e32 - - 093a83c510d74e819d0ac2ebf41a7ffc 093a83c510d74e819d0ac2ebf41a7ffc] 199.204.45.30 "GET /v2.0/networks/96bf1ec9-e959-41b4-bab7-a2e2b91547d0?fields=segments HTTP/1.1" status: 200 len: 212 time: 0.0596855
2026-04-13 04:28:53.011 9 INFO neutron.wsgi [req-0d3f4e79-ab3f-4406-a244-9b56cf7ee079 req-a0c4bc67-40ae-4822-a0eb-732b80c3f5f5 f692cce3777c4b91a1fcdd78e7c45c67 2b3939243ffe4e058cd2633701c23e32 - - 093a83c510d74e819d0ac2ebf41a7ffc 093a83c510d74e819d0ac2ebf41a7ffc] 199.204.45.30 "GET /v2.0/networks/96bf1ec9-e959-41b4-bab7-a2e2b91547d0?fields=provider%3Aphysical_network&fields=provider%3Anetwork_type HTTP/1.1" status: 200 len: 277 time: 0.0944936
2026-04-13 04:28:53.031 10 INFO neutron.wsgi [None req-561dc884-507e-4281-ad43-3b9035159313 379f1c46807e426484818e9b9be1a5ee 282fc45e307543fa9ca1e2586a1ac971 - - - -] 10.0.0.64 "DELETE /v2.0/security-groups/501767b9-bad8-4130-93dc-6d987f89193b HTTP/1.1" status: 204 len: 168 time: 0.2102563
2026-04-13 04:28:53.123 9 INFO neutron.db.ovn_revision_numbers_db [None req-410e4b60-74e4-4249-bca4-4adeefe0e70e - - - - - -] Successfully bumped revision number for resource 472c81b6-279b-43ca-b229-0e9310a8d41f (type: ports) to 4
2026-04-13 04:28:53.208 10 INFO neutron.db.ovn_revision_numbers_db [None req-d5d0211d-399f-4fc3-b457-a3de53764915 379f1c46807e426484818e9b9be1a5ee 282fc45e307543fa9ca1e2586a1ac971 - - default default] Successfully bumped revision number for resource e54f48a0-4566-4fc0-953c-aa63cf86e16e (type: security_groups) to 1
2026-04-13 04:28:53.227 10 INFO neutron.wsgi [None req-d5d0211d-399f-4fc3-b457-a3de53764915 379f1c46807e426484818e9b9be1a5ee 282fc45e307543fa9ca1e2586a1ac971 - - default default] 10.0.0.64 "GET /v2.0/security-groups?tenant_id=9b536c52762f452284b101a076460b27&name=default HTTP/1.1" status: 200 len: 2996 time: 0.0977855
2026-04-13 04:28:53.385 10 INFO neutron.wsgi [None req-ffe7cd06-c634-4e50-8564-4b7509a351d8 379f1c46807e426484818e9b9be1a5ee 282fc45e307543fa9ca1e2586a1ac971 - - - -] 10.0.0.64 "DELETE /v2.0/security-groups/e54f48a0-4566-4fc0-953c-aa63cf86e16e HTTP/1.1" status: 204 len: 168 time: 0.1540129 /var/lib/openstack/lib/python3.10/site-packages/pycadf/identifier.py:71: UserWarning: Invalid uuid: neutron. To ensure interoperability, identifiers should be a valid uuid. warnings.warn(('Invalid uuid: %s. To ensure interoperability, '
2026-04-13 04:28:53.643 9 INFO neutron.wsgi [req-a4e577b9-fc1d-4c3e-9838-95d1fb8767ca req-7977a893-1053-44c3-942f-6a48ef19c49d 6323ef5374da4da7a16b8229c3297b25 0335516098eb4473836e5ed5962d7662 - - default default] 10.0.0.254 "GET /v2.0/ports?device_id=d8806e02-d7f2-45e4-9946-4a2562449c8f HTTP/1.1" status: 200 len: 1170 time: 0.0884840
2026-04-13 04:28:53.686 9 INFO neutron.wsgi [req-a4e577b9-fc1d-4c3e-9838-95d1fb8767ca req-9ccef722-934a-428e-b8ed-9e1c1c49bb15 6323ef5374da4da7a16b8229c3297b25 0335516098eb4473836e5ed5962d7662 - - default default] 10.0.0.254 "GET /v2.0/security-groups?id=27b8cc11-2cf1-4064-87d6-a2d6735e0ef6&fields=id&fields=name HTTP/1.1" status: 200 len: 313 time: 0.0365751
2026-04-13 04:28:54.352 9 INFO neutron.notifiers.nova [-] Nova event matching ['req-be0e679c-344a-4887-a2ce-3fb329e43909'] response: {'server_uuid': 'd8806e02-d7f2-45e4-9946-4a2562449c8f', 'name': 'network-vif-plugged', 'status': 'completed', 'tag': '472c81b6-279b-43ca-b229-0e9310a8d41f', 'code': 200}
2026-04-13 04:28:54.353 9 INFO neutron.notifiers.nova [-] Nova event matching ['req-be0e679c-344a-4887-a2ce-3fb329e43909'] response: {'server_uuid': 'd8806e02-d7f2-45e4-9946-4a2562449c8f', 'name': 'network-vif-plugged', 'status': 'completed', 'tag': '472c81b6-279b-43ca-b229-0e9310a8d41f', 'code': 200}
2026-04-13 04:28:54.807 10 INFO neutron.wsgi [req-b6c3dfd1-fe67-4e2f-a064-6650a8c3b616 req-82188613-0040-475f-88f9-9b80d105e0c1 6323ef5374da4da7a16b8229c3297b25 0335516098eb4473836e5ed5962d7662 - - default default] 10.0.0.254 "GET /v2.0/ports?device_id=d8806e02-d7f2-45e4-9946-4a2562449c8f HTTP/1.1" status: 200 len: 1170 time: 0.0563033
2026-04-13 04:28:55.028 9 INFO neutron.wsgi [None req-c5db758b-1854-4443-b293-b1f315bb9335 1477b63309f94d8ab27ae15f9a1ebba1 1b46e52c942043d38f39c6a81d79e83d - - default default] 10.0.0.28 "GET /v2.0/extensions HTTP/1.1" status: 200 len: 16525 time: 0.1772964
2026-04-13 04:28:55.112 10 INFO neutron.wsgi [req-b6c3dfd1-fe67-4e2f-a064-6650a8c3b616 req-3cb35769-cf24-4306-8ca9-e6dc861eb8c1 6323ef5374da4da7a16b8229c3297b25 0335516098eb4473836e5ed5962d7662 - - default default] 10.0.0.254 "GET /v2.0/security-groups?id=27b8cc11-2cf1-4064-87d6-a2d6735e0ef6&fields=id&fields=name HTTP/1.1" status: 200 len: 313 time: 0.2978284
2026-04-13 04:28:55.152 9 INFO neutron.wsgi [None req-e7ffd9a3-954f-4c2e-b5c6-eb7bfd5b3c61 1477b63309f94d8ab27ae15f9a1ebba1 1b46e52c942043d38f39c6a81d79e83d - - default default] 10.0.0.28 "GET /v2.0/quotas/1b46e52c942043d38f39c6a81d79e83d/details HTTP/1.1" status: 200 len: 756 time: 0.1052904
2026-04-13 04:28:55.212 9 INFO neutron.wsgi [req-41c223d2-00d3-4819-a646-6f16f7aed2b6 req-28af8a0e-de82-4489-8fa1-63c790023f32 6323ef5374da4da7a16b8229c3297b25 0335516098eb4473836e5ed5962d7662 - - default default] 10.0.0.254 "GET /v2.0/ports?device_id=d8806e02-d7f2-45e4-9946-4a2562449c8f HTTP/1.1" status: 200 len: 1170 time: 0.0395296
2026-04-13 04:28:55.257 9 INFO neutron.wsgi [req-41c223d2-00d3-4819-a646-6f16f7aed2b6 req-e2ff415f-acdb-43f3-869c-cb4e544f298b 6323ef5374da4da7a16b8229c3297b25 0335516098eb4473836e5ed5962d7662 - - default default] 10.0.0.254 "GET /v2.0/security-groups?id=27b8cc11-2cf1-4064-87d6-a2d6735e0ef6&fields=id&fields=name HTTP/1.1" status: 200 len: 313 time: 0.0391879
2026-04-13 04:28:55.269 9 INFO neutron.db.ovn_revision_numbers_db [None req-8167ce29-69dc-4255-86cd-512b769755dc 3068e81c33f8427c924358d6ef63ca04 4c74324aa48b47b78277fc436908b6c4 - - - -] Successfully bumped revision number for resource 117f901a-031c-43f7-9e83-8f649c761d08 (type: security_groups) to 1
2026-04-13 04:28:55.302 10 WARNING keystonemiddleware.audit [None req-5fc3d68f-9677-4428-9ce8-1755c89ffe38 - - - - - -] Skipping service tempest-service-1351148424 as it have no endpoints.
2026-04-13 04:28:55.312 9 INFO neutron.db.segments_db [None req-8167ce29-69dc-4255-86cd-512b769755dc 3068e81c33f8427c924358d6ef63ca04 4c74324aa48b47b78277fc436908b6c4 - - - -] Added segment 23c578a7-6132-4a08-8fc5-e2f07f8d5e64 of type geneve for network fb56bdf7-e722-4ea5-880f-018a4d2f5a6a
2026-04-13 04:28:55.342 10 INFO neutron.wsgi [None req-3ae2c0e4-8ef5-4118-8c3e-4a121124ed0d 77a337409b4d4bc4b7defc5e4f23027e 4402ff31b8f1444c9d127fd3ac1f07f3 - - default default] 10.0.0.64 "GET /v2.0/ports?device_id=d8806e02-d7f2-45e4-9946-4a2562449c8f HTTP/1.1" status: 200 len: 1356 time: 0.0468435
2026-04-13 04:28:55.450 9 INFO neutron.db.ovn_revision_numbers_db [None req-8167ce29-69dc-4255-86cd-512b769755dc 3068e81c33f8427c924358d6ef63ca04 4c74324aa48b47b78277fc436908b6c4 - - - -] Successfully bumped revision number for resource fb56bdf7-e722-4ea5-880f-018a4d2f5a6a (type: networks) to 1
2026-04-13 04:28:55.669 9 WARNING neutron.scheduler.dhcp_agent_scheduler [None req-8167ce29-69dc-4255-86cd-512b769755dc 3068e81c33f8427c924358d6ef63ca04 4c74324aa48b47b78277fc436908b6c4 - - - -] No more DHCP agents
2026-04-13 04:28:55.671 9 WARNING neutron.api.rpc.agentnotifiers.dhcp_rpc_agent_api [None req-8167ce29-69dc-4255-86cd-512b769755dc 3068e81c33f8427c924358d6ef63ca04 4c74324aa48b47b78277fc436908b6c4 - - - -] Unable to schedule network fb56bdf7-e722-4ea5-880f-018a4d2f5a6a: no agents available; will retry on subsequent port and subnet creation events.
2026-04-13 04:28:55.713 9 WARNING neutron.scheduler.dhcp_agent_scheduler [None req-e79cbdcb-cbd4-485c-ac2b-67d2c27797ac 6323ef5374da4da7a16b8229c3297b25 0335516098eb4473836e5ed5962d7662 - - - -] No more DHCP agents
2026-04-13 04:28:55.727 9 WARNING neutron.api.rpc.agentnotifiers.dhcp_rpc_agent_api [None req-e79cbdcb-cbd4-485c-ac2b-67d2c27797ac 6323ef5374da4da7a16b8229c3297b25 0335516098eb4473836e5ed5962d7662 - - - -] Unable to schedule network a3838f4c-5a42-4c3b-929b-08023c854640: no agents available; will retry on subsequent port and subnet creation events.
2026-04-13 04:28:55.765 9 INFO neutron.db.ovn_revision_numbers_db [None req-8167ce29-69dc-4255-86cd-512b769755dc 3068e81c33f8427c924358d6ef63ca04 4c74324aa48b47b78277fc436908b6c4 - - - -] Successfully bumped revision number for resource 77128bb4-4ff8-4966-bc4d-47a0dfda1e1f (type: ports) to 1
2026-04-13 04:28:55.794 9 INFO neutron.wsgi [None req-8167ce29-69dc-4255-86cd-512b769755dc 3068e81c33f8427c924358d6ef63ca04 4c74324aa48b47b78277fc436908b6c4 - - - -] 10.0.0.64 "POST /v2.0/networks HTTP/1.1" status: 201 len: 843 time: 0.7533090
2026-04-13 04:28:56.247 9 WARNING neutron.scheduler.dhcp_agent_scheduler [None req-b144c107-7379-4455-9f41-24ee648a5850 3068e81c33f8427c924358d6ef63ca04 4c74324aa48b47b78277fc436908b6c4 - - - -] No more DHCP agents
2026-04-13 04:28:56.250 9 WARNING neutron.api.rpc.agentnotifiers.dhcp_rpc_agent_api [None req-b144c107-7379-4455-9f41-24ee648a5850 3068e81c33f8427c924358d6ef63ca04 4c74324aa48b47b78277fc436908b6c4 - - - -] Unable to schedule network fb56bdf7-e722-4ea5-880f-018a4d2f5a6a: no agents available; will retry on subsequent port and subnet creation events.
2026-04-13 04:28:56.328 9 INFO neutron.db.l3_db [None req-e79cbdcb-cbd4-485c-ac2b-67d2c27797ac 6323ef5374da4da7a16b8229c3297b25 0335516098eb4473836e5ed5962d7662 - - - -] Floating IP 7a489fe0-b3bb-47df-b527-9665f7c25080 associated. External IP: 10.96.250.207, port: 472c81b6-279b-43ca-b229-0e9310a8d41f.
2026-04-13 04:28:56.855 9 INFO neutron.db.ovn_revision_numbers_db [None req-e79cbdcb-cbd4-485c-ac2b-67d2c27797ac 6323ef5374da4da7a16b8229c3297b25 0335516098eb4473836e5ed5962d7662 - - - -] Successfully bumped revision number for resource 7a489fe0-b3bb-47df-b527-9665f7c25080 (type: floatingips) to 0
2026-04-13 04:28:56.985 9 INFO neutron.db.ovn_revision_numbers_db [None req-e79cbdcb-cbd4-485c-ac2b-67d2c27797ac 6323ef5374da4da7a16b8229c3297b25 0335516098eb4473836e5ed5962d7662 - - - -] Successfully bumped revision number for resource 7a489fe0-b3bb-47df-b527-9665f7c25080 (type: floatingips) to 1
2026-04-13 04:28:57.037 9 INFO neutron.wsgi [None req-e79cbdcb-cbd4-485c-ac2b-67d2c27797ac 6323ef5374da4da7a16b8229c3297b25 0335516098eb4473836e5ed5962d7662 - - - -] 10.0.0.64 "POST /v2.0/floatingips HTTP/1.1" status: 201 len: 1054 time: 1.6902921
2026-04-13 04:28:57.080 9 INFO neutron.notifiers.nova [-] Nova event matching ['req-070242e8-617a-4c7c-aa92-82d661167463'] response: {'name': 'network-changed', 'server_uuid': 'd8806e02-d7f2-45e4-9946-4a2562449c8f', 'tag': '472c81b6-279b-43ca-b229-0e9310a8d41f', 'status': 'completed', 'code': 200}
2026-04-13 04:28:57.081 10 INFO neutron.wsgi [None req-07444dec-d029-4bd9-a335-8d87c111495b 6323ef5374da4da7a16b8229c3297b25 0335516098eb4473836e5ed5962d7662 - - default default] 10.0.0.64 "GET /v2.0/floatingips/7a489fe0-b3bb-47df-b527-9665f7c25080 HTTP/1.1" status: 200 len: 1051 time: 0.0393701 /var/lib/openstack/lib/python3.10/site-packages/pycadf/identifier.py:71: UserWarning: Invalid uuid: neutron. To ensure interoperability, identifiers should be a valid uuid. warnings.warn(('Invalid uuid: %s. To ensure interoperability, '
