2026-04-13 04:28:12.819 9 INFO neutron.wsgi [None req-c7f6dd58-b771-451e-a8de-213dbd1e3159 78364052d830419298f162b1bdddbd09 94ccb3c9e4d14dc486d3d600d5384749 - - - -] 10.0.0.64 "DELETE /v2.0/routers/2e0da6eb-c88d-4ec5-ac9e-b8a8eefb9e1a HTTP/1.1" status: 404 len: 336 time: 0.0245869
2026-04-13 04:28:12.837 9 INFO neutron.pecan_wsgi.hooks.translation [None req-a64d000f-5bac-4368-9da1-16c393c9e947 78364052d830419298f162b1bdddbd09 94ccb3c9e4d14dc486d3d600d5384749 - - - -] DELETE failed (client error): The resource could not be found.
2026-04-13 04:28:12.838 9 INFO neutron.wsgi [None req-a64d000f-5bac-4368-9da1-16c393c9e947 78364052d830419298f162b1bdddbd09 94ccb3c9e4d14dc486d3d600d5384749 - - - -] 10.0.0.64 "DELETE /v2.0/subnets/f704f40e-a2a6-4269-a2f2-471edcf7c76f HTTP/1.1" status: 404 len: 337 time: 0.0159633
2026-04-13 04:28:12.859 9 INFO neutron.wsgi [None req-b4f9a99b-4594-40c7-9da9-84c46310e78e 78364052d830419298f162b1bdddbd09 94ccb3c9e4d14dc486d3d600d5384749 - - default default] 10.0.0.64 "GET /v2.0/ports?device_id=4a1e1bea-0c3a-46ef-a9ca-d0d02c868f40 HTTP/1.1" status: 200 len: 205 time: 0.0173965
2026-04-13 04:28:12.887 9 INFO neutron.api.v2.resource [None req-eda481bc-16b9-46e2-a8bb-6776037ba533 78364052d830419298f162b1bdddbd09 94ccb3c9e4d14dc486d3d600d5384749 - - - -] delete failed (client error): The resource could not be found.
2026-04-13 04:28:12.888 9 INFO neutron.wsgi [None req-eda481bc-16b9-46e2-a8bb-6776037ba533 78364052d830419298f162b1bdddbd09 94ccb3c9e4d14dc486d3d600d5384749 - - - -] 10.0.0.64 "DELETE /v2.0/routers/4a1e1bea-0c3a-46ef-a9ca-d0d02c868f40 HTTP/1.1" status: 404 len: 336 time: 0.0262368
2026-04-13 04:28:12.895 10 INFO neutron.db.ovn_revision_numbers_db [None req-7a21579d-a347-4cc4-8330-83ccb25d53fb - - - - - -] Successfully bumped revision number for resource 88f7d612-dfe0-48f0-9918-491ff3934ef2 (type: ports) to 3
2026-04-13 04:28:12.914 9 INFO neutron.pecan_wsgi.hooks.translation [None req-53083036-22d3-41c2-9ac2-5cd5b2ae8d98 78364052d830419298f162b1bdddbd09 94ccb3c9e4d14dc486d3d600d5384749 - - - -] DELETE failed (client error): The resource could not be found.
2026-04-13 04:28:12.916 9 INFO neutron.wsgi [None req-53083036-22d3-41c2-9ac2-5cd5b2ae8d98 78364052d830419298f162b1bdddbd09 94ccb3c9e4d14dc486d3d600d5384749 - - - -] 10.0.0.64 "DELETE /v2.0/subnets/c3afc42b-a8dc-45a2-ba6d-908dcd97dbbb HTTP/1.1" status: 404 len: 337 time: 0.0245152
2026-04-13 04:28:12.932 10 WARNING neutron.scheduler.dhcp_agent_scheduler [None req-a525da6b-cb4e-4735-a38e-86ca5a867b0f d99e6964294b4c6ca0726e44600433d3 cb28ab46a7fa40b3a307e49574eaf482 - - - -] No more DHCP agents
2026-04-13 04:28:12.939 10 WARNING neutron.api.rpc.agentnotifiers.dhcp_rpc_agent_api [None req-a525da6b-cb4e-4735-a38e-86ca5a867b0f d99e6964294b4c6ca0726e44600433d3 cb28ab46a7fa40b3a307e49574eaf482 - - - -] Unable to schedule network 74a53b5b-5383-4392-83da-f28d019dc829: no agents available; will retry on subsequent port and subnet creation events.
2026-04-13 04:28:12.941 9 INFO neutron.wsgi [None req-5148d411-6663-47f9-bf85-b8ef1bbbcd99 78364052d830419298f162b1bdddbd09 94ccb3c9e4d14dc486d3d600d5384749 - - default default] 10.0.0.64 "GET /v2.0/ports?device_id=ead17dd0-fb2b-4777-af7e-9c3da7d84aa3 HTTP/1.1" status: 200 len: 205 time: 0.0220928
2026-04-13 04:28:12.966 9 INFO neutron.api.v2.resource [None req-26f24937-2b69-42c1-ae46-c8400f853aa6 78364052d830419298f162b1bdddbd09 94ccb3c9e4d14dc486d3d600d5384749 - - - -] delete failed (client error): The resource could not be found.
2026-04-13 04:28:12.967 9 INFO neutron.wsgi [None req-26f24937-2b69-42c1-ae46-c8400f853aa6 78364052d830419298f162b1bdddbd09 94ccb3c9e4d14dc486d3d600d5384749 - - - -] 10.0.0.64 "DELETE /v2.0/routers/ead17dd0-fb2b-4777-af7e-9c3da7d84aa3 HTTP/1.1" status: 404 len: 336 time: 0.0217857
2026-04-13 04:28:12.991 9 INFO neutron.pecan_wsgi.hooks.translation [None req-178bd429-9d6d-4980-b532-4d1918187919 78364052d830419298f162b1bdddbd09 94ccb3c9e4d14dc486d3d600d5384749 - - - -] DELETE failed (client error): The resource could not be found.
2026-04-13 04:28:12.992 9 INFO neutron.wsgi [None req-178bd429-9d6d-4980-b532-4d1918187919 78364052d830419298f162b1bdddbd09 94ccb3c9e4d14dc486d3d600d5384749 - - - -] 10.0.0.64 "DELETE /v2.0/subnets/ef6a7b50-79c1-476e-a02f-536f2361f03f HTTP/1.1" status: 404 len: 337 time: 0.0169070
2026-04-13 04:28:13.013 9 INFO neutron.pecan_wsgi.hooks.translation [None req-3cddebba-848c-4efe-ae8f-60fd0003cc9f 78364052d830419298f162b1bdddbd09 94ccb3c9e4d14dc486d3d600d5384749 - - - -] DELETE failed (client error): The resource could not be found.
2026-04-13 04:28:13.015 9 INFO neutron.wsgi [None req-3cddebba-848c-4efe-ae8f-60fd0003cc9f 78364052d830419298f162b1bdddbd09 94ccb3c9e4d14dc486d3d600d5384749 - - - -] 10.0.0.64 "DELETE /v2.0/subnets/4a0c1595-7269-4290-986b-ee52bd916d10 HTTP/1.1" status: 404 len: 337 time: 0.0173044
2026-04-13 04:28:13.019 10 INFO neutron.db.ovn_revision_numbers_db [None req-7cdadbce-7bec-4e11-9c8b-67c8977e19b7 fed154d4c2564c509032754eb3849aed b53ed6a7300f4290bcc80d8da4ef22bb - - - -] Successfully bumped revision number for resource 88f7d612-dfe0-48f0-9918-491ff3934ef2 (type: router_ports) to 3
2026-04-13 04:28:13.021 10 INFO neutron.wsgi [None req-7cdadbce-7bec-4e11-9c8b-67c8977e19b7 fed154d4c2564c509032754eb3849aed b53ed6a7300f4290bcc80d8da4ef22bb - - - -] 10.0.0.64 "PUT /v2.0/routers/238875e0-36fc-422b-8228-5cbf3de21ea5/add_router_interface HTTP/1.1" status: 200 len: 503 time: 1.6705799
2026-04-13 04:28:13.042 10 INFO neutron.db.ovn_revision_numbers_db [None req-a525da6b-cb4e-4735-a38e-86ca5a867b0f d99e6964294b4c6ca0726e44600433d3 cb28ab46a7fa40b3a307e49574eaf482 - - - -] Successfully bumped revision number for resource a9f076f7-7a47-4989-96bc-4a982dbdae20 (type: ports) to 1
2026-04-13 04:28:13.056 9 INFO neutron.wsgi [None req-41b8e72e-33ab-420d-ae2c-a6d657a672b5 fed154d4c2564c509032754eb3849aed b53ed6a7300f4290bcc80d8da4ef22bb - - default default] 10.0.0.64 "GET /v2.0/ports/88f7d612-dfe0-48f0-9918-491ff3934ef2 HTTP/1.1" status: 200 len: 1141 time: 0.0319517
2026-04-13 04:28:13.068 10 INFO neutron.wsgi [None req-a525da6b-cb4e-4735-a38e-86ca5a867b0f d99e6964294b4c6ca0726e44600433d3 cb28ab46a7fa40b3a307e49574eaf482 - - - -] 10.0.0.64 "POST /v2.0/networks HTTP/1.1" status: 201 len: 830 time: 1.2417655
2026-04-13 04:28:13.145 10 INFO neutron.db.segments_db [None req-feaa309a-b71c-4339-b8c5-470abb0c2f69 d99e6964294b4c6ca0726e44600433d3 cb28ab46a7fa40b3a307e49574eaf482 - - - -] Added segment 2bb782cb-a124-432d-bd67-16b35dd0770b of type geneve for network 3d2eade5-5dcd-4645-af31-4db7337f72fd
2026-04-13 04:28:13.253 10 INFO neutron.db.ovn_revision_numbers_db [None req-feaa309a-b71c-4339-b8c5-470abb0c2f69 d99e6964294b4c6ca0726e44600433d3 cb28ab46a7fa40b3a307e49574eaf482 - - - -] Successfully bumped revision number for resource 3d2eade5-5dcd-4645-af31-4db7337f72fd (type: networks) to 1
2026-04-13 04:28:13.414 10 WARNING neutron.scheduler.dhcp_agent_scheduler [None req-feaa309a-b71c-4339-b8c5-470abb0c2f69 d99e6964294b4c6ca0726e44600433d3 cb28ab46a7fa40b3a307e49574eaf482 - - - -] No more DHCP agents
2026-04-13 04:28:13.415 10 WARNING neutron.api.rpc.agentnotifiers.dhcp_rpc_agent_api [None req-feaa309a-b71c-4339-b8c5-470abb0c2f69 d99e6964294b4c6ca0726e44600433d3 cb28ab46a7fa40b3a307e49574eaf482 - - - -] Unable to schedule network 3d2eade5-5dcd-4645-af31-4db7337f72fd: no agents available; will retry on subsequent port and subnet creation events.
2026-04-13 04:28:13.473 10 INFO neutron.db.ovn_revision_numbers_db [None req-feaa309a-b71c-4339-b8c5-470abb0c2f69 d99e6964294b4c6ca0726e44600433d3 cb28ab46a7fa40b3a307e49574eaf482 - - - -] Successfully bumped revision number for resource a476345b-fd7f-443e-a44a-e0cebe73eed2 (type: ports) to 1
2026-04-13 04:28:13.492 10 INFO neutron.wsgi [None req-feaa309a-b71c-4339-b8c5-470abb0c2f69 d99e6964294b4c6ca0726e44600433d3 cb28ab46a7fa40b3a307e49574eaf482 - - - -] 10.0.0.64 "POST /v2.0/networks HTTP/1.1" status: 201 len: 830 time: 0.4190993
2026-04-13 04:28:13.572 10 INFO neutron.db.segments_db [None req-a552b532-5b2c-45bc-8bc9-6c117da433d2 d99e6964294b4c6ca0726e44600433d3 cb28ab46a7fa40b3a307e49574eaf482 - - - -] Added segment ca5646e5-08b9-4cfb-8a65-dc1d59bcd1f2 of type geneve for network e4860176-9708-44ba-8893-7ad91420025c
2026-04-13 04:28:13.611 10 INFO neutron.wsgi [None req-874b7e57-b057-4092-861e-bfca06caedaf 379f1c46807e426484818e9b9be1a5ee 282fc45e307543fa9ca1e2586a1ac971 - - default default] 10.0.0.64 "GET /v2.0/security-groups?tenant_id=94ccb3c9e4d14dc486d3d600d5384749&name=default HTTP/1.1" status: 200 len: 2996 time: 0.1186004
2026-04-13 04:28:13.693 9 WARNING neutron.scheduler.dhcp_agent_scheduler [None req-ea961a69-21ec-4462-a106-6fa6452775a3 fed154d4c2564c509032754eb3849aed b53ed6a7300f4290bcc80d8da4ef22bb - - default default] No more DHCP agents
2026-04-13 04:28:13.696 9 WARNING neutron.api.rpc.agentnotifiers.dhcp_rpc_agent_api [None req-ea961a69-21ec-4462-a106-6fa6452775a3 fed154d4c2564c509032754eb3849aed b53ed6a7300f4290bcc80d8da4ef22bb - - default default] Unable to schedule network 43d08eab-96af-4399-ab9e-2c9bf093b267: no agents available; will retry on subsequent port and subnet creation events.
2026-04-13 04:28:13.708 10 INFO neutron.db.ovn_revision_numbers_db [None req-a552b532-5b2c-45bc-8bc9-6c117da433d2 d99e6964294b4c6ca0726e44600433d3 cb28ab46a7fa40b3a307e49574eaf482 - - - -] Successfully bumped revision number for resource e4860176-9708-44ba-8893-7ad91420025c (type: networks) to 1
2026-04-13 04:28:13.778 9 INFO neutron.db.ovn_revision_numbers_db [None req-ea961a69-21ec-4462-a106-6fa6452775a3 fed154d4c2564c509032754eb3849aed b53ed6a7300f4290bcc80d8da4ef22bb - - default default] Successfully bumped revision number for resource be99ea10-3b85-4a98-81bb-fa561b8d20f1 (type: ports) to 1
2026-04-13 04:28:13.882 10 INFO neutron.wsgi [None req-2a13a931-4104-4f80-9520-5a1d2917f0fd 379f1c46807e426484818e9b9be1a5ee 282fc45e307543fa9ca1e2586a1ac971 - - - -] 10.0.0.64 "DELETE /v2.0/security-groups/87d6c496-126f-4b62-bd7c-2411c00434ff HTTP/1.1" status: 204 len: 168 time: 0.2657201
2026-04-13 04:28:13.887 10 WARNING neutron.scheduler.dhcp_agent_scheduler [None req-a552b532-5b2c-45bc-8bc9-6c117da433d2 d99e6964294b4c6ca0726e44600433d3 cb28ab46a7fa40b3a307e49574eaf482 - - - -] No more DHCP agents
2026-04-13 04:28:13.889 10 WARNING neutron.api.rpc.agentnotifiers.dhcp_rpc_agent_api [None req-a552b532-5b2c-45bc-8bc9-6c117da433d2 d99e6964294b4c6ca0726e44600433d3 cb28ab46a7fa40b3a307e49574eaf482 - - - -] Unable to schedule network e4860176-9708-44ba-8893-7ad91420025c: no agents available; will retry on subsequent port and subnet creation events.
2026-04-13 04:28:13.946 10 INFO neutron.db.ovn_revision_numbers_db [None req-a552b532-5b2c-45bc-8bc9-6c117da433d2 d99e6964294b4c6ca0726e44600433d3 cb28ab46a7fa40b3a307e49574eaf482 - - - -] Successfully bumped revision number for resource fa397bab-d823-4510-bd9a-eb9c4b9c4bde (type: ports) to 1
2026-04-13 04:28:13.965 10 INFO neutron.wsgi [None req-a552b532-5b2c-45bc-8bc9-6c117da433d2 d99e6964294b4c6ca0726e44600433d3 cb28ab46a7fa40b3a307e49574eaf482 - - - -] 10.0.0.64 "POST /v2.0/networks HTTP/1.1" status: 201 len: 830 time: 0.4687905
2026-04-13 04:28:14.040 10 INFO neutron.db.segments_db [None req-aaf86113-571d-4387-a718-5b323c215581 d99e6964294b4c6ca0726e44600433d3 cb28ab46a7fa40b3a307e49574eaf482 - - - -] Added segment 8056a742-ac85-4754-81f4-7b37a273fe97 of type geneve for network 8511c545-fb60-479f-b07e-a03f6fd133cc
2026-04-13 04:28:14.150 10 INFO neutron.db.ovn_revision_numbers_db [None req-aaf86113-571d-4387-a718-5b323c215581 d99e6964294b4c6ca0726e44600433d3 cb28ab46a7fa40b3a307e49574eaf482 - - - -] Successfully bumped revision number for resource 8511c545-fb60-479f-b07e-a03f6fd133cc (type: networks) to 1
2026-04-13 04:28:14.212 9 INFO neutron.db.ovn_revision_numbers_db [None req-ea961a69-21ec-4462-a106-6fa6452775a3 fed154d4c2564c509032754eb3849aed b53ed6a7300f4290bcc80d8da4ef22bb - - default default] Successfully bumped revision number for resource be99ea10-3b85-4a98-81bb-fa561b8d20f1 (type: router_ports) to 2
2026-04-13 04:28:14.298 9 INFO neutron.db.ovn_revision_numbers_db [None req-ea961a69-21ec-4462-a106-6fa6452775a3 fed154d4c2564c509032754eb3849aed b53ed6a7300f4290bcc80d8da4ef22bb - - default default] Successfully bumped revision number for resource be99ea10-3b85-4a98-81bb-fa561b8d20f1 (type: ports) to 2
2026-04-13 04:28:14.318 10 WARNING neutron.scheduler.dhcp_agent_scheduler [None req-aaf86113-571d-4387-a718-5b323c215581 d99e6964294b4c6ca0726e44600433d3 cb28ab46a7fa40b3a307e49574eaf482 - - - -] No more DHCP agents
2026-04-13 04:28:14.320 10 WARNING neutron.api.rpc.agentnotifiers.dhcp_rpc_agent_api [None req-aaf86113-571d-4387-a718-5b323c215581 d99e6964294b4c6ca0726e44600433d3 cb28ab46a7fa40b3a307e49574eaf482 - - - -] Unable to schedule network 8511c545-fb60-479f-b07e-a03f6fd133cc: no agents available; will retry on subsequent port and subnet creation events.
2026-04-13 04:28:14.357 9 WARNING neutron.scheduler.dhcp_agent_scheduler [None req-ea961a69-21ec-4462-a106-6fa6452775a3 fed154d4c2564c509032754eb3849aed b53ed6a7300f4290bcc80d8da4ef22bb - - default default] No more DHCP agents
2026-04-13 04:28:14.358 9 WARNING neutron.api.rpc.agentnotifiers.dhcp_rpc_agent_api [None req-ea961a69-21ec-4462-a106-6fa6452775a3 fed154d4c2564c509032754eb3849aed b53ed6a7300f4290bcc80d8da4ef22bb - - default default] Unable to schedule network 43d08eab-96af-4399-ab9e-2c9bf093b267: no agents available; will retry on subsequent port and subnet creation events.
2026-04-13 04:28:14.379 10 INFO neutron.db.ovn_revision_numbers_db [None req-aaf86113-571d-4387-a718-5b323c215581 d99e6964294b4c6ca0726e44600433d3 cb28ab46a7fa40b3a307e49574eaf482 - - - -] Successfully bumped revision number for resource 543acf3e-f4f4-44fd-a3b3-f3b955672b42 (type: ports) to 1
2026-04-13 04:28:14.398 10 INFO neutron.wsgi [None req-aaf86113-571d-4387-a718-5b323c215581 d99e6964294b4c6ca0726e44600433d3 cb28ab46a7fa40b3a307e49574eaf482 - - - -] 10.0.0.64 "POST /v2.0/networks HTTP/1.1" status: 201 len: 830 time: 0.4285030
2026-04-13 04:28:14.479 10 INFO neutron.db.segments_db [None req-8e2503fe-27cb-4957-9d48-a8c7bebf7f87 d99e6964294b4c6ca0726e44600433d3 cb28ab46a7fa40b3a307e49574eaf482 - - - -] Added segment 0c21e14f-43aa-4f2b-8ebf-6ba48001c054 of type geneve for network dbeca883-3e59-46f5-872d-fc598056bd67
2026-04-13 04:28:14.521 9 INFO neutron.db.ovn_revision_numbers_db [None req-ea961a69-21ec-4462-a106-6fa6452775a3 fed154d4c2564c509032754eb3849aed b53ed6a7300f4290bcc80d8da4ef22bb - - - -] Successfully bumped revision number for resource be99ea10-3b85-4a98-81bb-fa561b8d20f1 (type: router_ports) to 2
2026-04-13 04:28:14.524 9 INFO neutron.wsgi [None req-ea961a69-21ec-4462-a106-6fa6452775a3 fed154d4c2564c509032754eb3849aed b53ed6a7300f4290bcc80d8da4ef22bb - - - -] 10.0.0.64 "PUT /v2.0/routers/238875e0-36fc-422b-8228-5cbf3de21ea5/add_router_interface HTTP/1.1" status: 200 len: 503 time: 1.4637539
2026-04-13 04:28:14.571 10 INFO neutron.wsgi [None req-d7cb04f7-39da-421a-9a7b-792f6cd188cb fed154d4c2564c509032754eb3849aed b53ed6a7300f4290bcc80d8da4ef22bb - - default default] 10.0.0.64 "GET /v2.0/ports/be99ea10-3b85-4a98-81bb-fa561b8d20f1 HTTP/1.1" status: 200 len: 1147 time: 0.0428460
2026-04-13 04:28:14.610 10 INFO neutron.db.ovn_revision_numbers_db [None req-8e2503fe-27cb-4957-9d48-a8c7bebf7f87 d99e6964294b4c6ca0726e44600433d3 cb28ab46a7fa40b3a307e49574eaf482 - - - -] Successfully bumped revision number for resource dbeca883-3e59-46f5-872d-fc598056bd67 (type: networks) to 1
2026-04-13 04:28:14.661 9 INFO neutron.wsgi [None req-6099cec9-c879-4ec5-ac0c-3cf0833a100b fed154d4c2564c509032754eb3849aed b53ed6a7300f4290bcc80d8da4ef22bb - - default default] 10.0.0.64 "GET /v2.0/ports/be99ea10-3b85-4a98-81bb-fa561b8d20f1 HTTP/1.1" status: 200 len: 1147 time: 0.0855935
2026-04-13 04:28:14.791 10 WARNING neutron.scheduler.dhcp_agent_scheduler [None req-8e2503fe-27cb-4957-9d48-a8c7bebf7f87 d99e6964294b4c6ca0726e44600433d3 cb28ab46a7fa40b3a307e49574eaf482 - - - -] No more DHCP agents
2026-04-13 04:28:14.794 10 WARNING neutron.api.rpc.agentnotifiers.dhcp_rpc_agent_api [None req-8e2503fe-27cb-4957-9d48-a8c7bebf7f87 d99e6964294b4c6ca0726e44600433d3 cb28ab46a7fa40b3a307e49574eaf482 - - - -] Unable to schedule network dbeca883-3e59-46f5-872d-fc598056bd67: no agents available; will retry on subsequent port and subnet creation events.
2026-04-13 04:28:14.851 10 INFO neutron.db.ovn_revision_numbers_db [None req-8e2503fe-27cb-4957-9d48-a8c7bebf7f87 d99e6964294b4c6ca0726e44600433d3 cb28ab46a7fa40b3a307e49574eaf482 - - - -] Successfully bumped revision number for resource b3b095f7-b18f-4628-bc15-a4a86b26c9ec (type: ports) to 1
2026-04-13 04:28:14.875 10 INFO neutron.wsgi [None req-8e2503fe-27cb-4957-9d48-a8c7bebf7f87 d99e6964294b4c6ca0726e44600433d3 cb28ab46a7fa40b3a307e49574eaf482 - - - -] 10.0.0.64 "POST /v2.0/networks HTTP/1.1" status: 201 len: 830 time: 0.4719150
2026-04-13 04:28:14.927 10 INFO neutron.wsgi [None req-b8d60d1a-9dd8-4c97-9f04-efd0ee4261bc d99e6964294b4c6ca0726e44600433d3 cb28ab46a7fa40b3a307e49574eaf482 - - - -] 10.0.0.64 "PUT /v2.0/networks/74a53b5b-5383-4392-83da-f28d019dc829/tags HTTP/1.1" status: 200 len: 210 time: 0.0469892
2026-04-13 04:28:14.979 10 INFO neutron.wsgi [None req-f744221c-3daa-49ff-9a29-c8f7304d2816 d99e6964294b4c6ca0726e44600433d3 cb28ab46a7fa40b3a307e49574eaf482 - - - -] 10.0.0.64 "PUT /v2.0/networks/3d2eade5-5dcd-4645-af31-4db7337f72fd/tags HTTP/1.1" status: 200 len: 218 time: 0.0487425
2026-04-13 04:28:15.035 10 INFO neutron.wsgi [None req-a7bf7949-f07b-49a7-abad-c50f1eab4047 d99e6964294b4c6ca0726e44600433d3 cb28ab46a7fa40b3a307e49574eaf482 - - - -] 10.0.0.64 "PUT /v2.0/networks/e4860176-9708-44ba-8893-7ad91420025c/tags HTTP/1.1" status: 200 len: 227 time: 0.0508201
2026-04-13 04:28:15.086 10 INFO neutron.wsgi [None req-04c80095-f7cc-4dc0-b767-13aca4052b8a d99e6964294b4c6ca0726e44600433d3 cb28ab46a7fa40b3a307e49574eaf482 - - - -] 10.0.0.64 "PUT /v2.0/networks/8511c545-fb60-479f-b07e-a03f6fd133cc/tags HTTP/1.1" status: 200 len: 212 time: 0.0459466
2026-04-13 04:28:15.166 10 INFO neutron.wsgi [None req-fe37513c-722e-4174-b309-3e8824862dc1 d99e6964294b4c6ca0726e44600433d3 cb28ab46a7fa40b3a307e49574eaf482 - - default default] 10.0.0.64 "GET /v2.0/networks?tags=red HTTP/1.1" status: 200 len: 2067 time: 0.0754082
2026-04-13 04:28:15.265 10 INFO neutron.wsgi [None req-59fe76d7-ea39-4b42-8ef0-6ae4369c666e d99e6964294b4c6ca0726e44600433d3 cb28ab46a7fa40b3a307e49574eaf482 - - default default] 10.0.0.64 "GET /v2.0/networks?tags=red%2Cblue HTTP/1.1" status: 200 len: 1455 time: 0.0947454
2026-04-13 04:28:15.345 10 INFO neutron.wsgi [None req-c8842e54-6869-462e-bad1-c8a77ac25629 d99e6964294b4c6ca0726e44600433d3 cb28ab46a7fa40b3a307e49574eaf482 - - default default] 10.0.0.64 "GET /v2.0/networks?tags-any=blue HTTP/1.1" status: 200 len: 1455 time: 0.0749941
2026-04-13 04:28:15.403 10 INFO neutron.wsgi [None req-80ceda5c-7801-43ee-ae08-b3c286d8de66 d99e6964294b4c6ca0726e44600433d3 cb28ab46a7fa40b3a307e49574eaf482 - - default default] 10.0.0.64 "GET /v2.0/networks?tags-any=red%2Cblue HTTP/1.1" status: 200 len: 2067 time: 0.0538685
2026-04-13 04:28:15.707 9 INFO neutron.wsgi [None req-112848d1-7af5-478c-992e-bd876a046276 fed154d4c2564c509032754eb3849aed b53ed6a7300f4290bcc80d8da4ef22bb - - default default] 10.0.0.64 "GET /v2.0/ports/be99ea10-3b85-4a98-81bb-fa561b8d20f1 HTTP/1.1" status: 200 len: 1147 time: 0.0388072
2026-04-13 04:28:15.715 9 INFO neutron.db.ovn_revision_numbers_db [None req-8d6283bc-0e4c-4e98-94b9-79269f1c2377 080ad15d87494fbeb6f089269ddf4757 e3fc768f106042eca3eb421ab60e7366 - - - -] Successfully bumped revision number for resource 06a962e8-4542-40ac-95c3-bcd74674117c (type: security_groups) to 1
2026-04-13 04:28:15.772 9 INFO neutron.db.ovn_revision_numbers_db [None req-8d6283bc-0e4c-4e98-94b9-79269f1c2377 080ad15d87494fbeb6f089269ddf4757 e3fc768f106042eca3eb421ab60e7366 - - - -] Successfully bumped revision number for resource 6853cac0-6909-4fd4-bc0a-0c02bebda02b (type: security_groups) to 1
2026-04-13 04:28:15.788 9 INFO neutron.wsgi [None req-8d6283bc-0e4c-4e98-94b9-79269f1c2377 080ad15d87494fbeb6f089269ddf4757 e3fc768f106042eca3eb421ab60e7366 - - - -] 10.0.0.64 "POST /v2.0/security-groups HTTP/1.1" status: 201 len: 1759 time: 0.3741312
2026-04-13 04:28:15.803 10 INFO neutron.wsgi [None req-3338034e-3055-4309-94ad-3ac27eb72447 d99e6964294b4c6ca0726e44600433d3 cb28ab46a7fa40b3a307e49574eaf482 - - default default] 10.0.0.64 "GET /v2.0/networks?not-tags=red HTTP/1.1" status: 200 len: 2067 time: 0.3943534
2026-04-13 04:28:15.827 9 INFO neutron.wsgi [None req-3b96770a-27c3-46de-b638-23db05638cfe 080ad15d87494fbeb6f089269ddf4757 e3fc768f106042eca3eb421ab60e7366 - - default default] 10.0.0.64 "GET /v2.0/security-groups HTTP/1.1" status: 200 len: 4537 time: 0.0335901
2026-04-13 04:28:15.882 9 INFO neutron.db.ovn_revision_numbers_db [None req-12f081d9-9112-4090-8412-eb234de6847f 080ad15d87494fbeb6f089269ddf4757 e3fc768f106042eca3eb421ab60e7366 - - - -] Successfully bumped revision number for resource 6853cac0-6909-4fd4-bc0a-0c02bebda02b (type: security_groups) to 2
2026-04-13 04:28:15.885 9 INFO neutron.wsgi [None req-12f081d9-9112-4090-8412-eb234de6847f 080ad15d87494fbeb6f089269ddf4757 e3fc768f106042eca3eb421ab60e7366 - - - -] 10.0.0.64 "PUT /v2.0/security-groups/6853cac0-6909-4fd4-bc0a-0c02bebda02b HTTP/1.1" status: 200 len: 1795 time: 0.0526328
2026-04-13 04:28:15.915 9 INFO neutron.wsgi [None req-fe48c065-6b5a-4ab8-92cb-4b427fa4626e 080ad15d87494fbeb6f089269ddf4757 e3fc768f106042eca3eb421ab60e7366 - - default default] 10.0.0.64 "GET /v2.0/security-groups/6853cac0-6909-4fd4-bc0a-0c02bebda02b HTTP/1.1" status: 200 len: 1795 time: 0.0248334
2026-04-13 04:28:15.946 10 INFO neutron.wsgi [None req-c55828f8-da90-4c6a-b0b5-2386a5b54057 d99e6964294b4c6ca0726e44600433d3 cb28ab46a7fa40b3a307e49574eaf482 - - default default] 10.0.0.64 "GET /v2.0/networks?not-tags=red%2Cblue HTTP/1.1" status: 200 len: 2679 time: 0.1372166
2026-04-13 04:28:16.020 9 INFO neutron.wsgi [None req-5dea3406-77aa-4415-bc47-c05950a7f6ea 080ad15d87494fbeb6f089269ddf4757 e3fc768f106042eca3eb421ab60e7366 - - - -] 10.0.0.64 "DELETE /v2.0/security-groups/6853cac0-6909-4fd4-bc0a-0c02bebda02b HTTP/1.1" status: 204 len: 168 time: 0.1000953
2026-04-13 04:28:16.113 10 INFO neutron.wsgi [None req-3809d997-ffc9-49ed-8ed1-09142eaed372 080ad15d87494fbeb6f089269ddf4757 e3fc768f106042eca3eb421ab60e7366 - - default default] 10.0.0.64 "GET /v2.0/security-groups HTTP/1.1" status: 200 len: 2996 time: 0.0863750
2026-04-13 04:28:16.124 10 INFO neutron.wsgi [None req-b6f3c737-998f-44ee-8e49-9e00f0cd3d7c d99e6964294b4c6ca0726e44600433d3 cb28ab46a7fa40b3a307e49574eaf482 - - default default] 10.0.0.64 "GET /v2.0/networks?not-tags-any=blue HTTP/1.1" status: 200 len: 2679 time: 0.1706400
2026-04-13 04:28:16.131 9 INFO neutron.api.v2.resource [None req-26cf944f-665e-44c2-97c4-9934fb942147 080ad15d87494fbeb6f089269ddf4757 e3fc768f106042eca3eb421ab60e7366 - - - -] delete failed (client error): The resource could not be found.
2026-04-13 04:28:16.132 9 INFO neutron.wsgi [None req-26cf944f-665e-44c2-97c4-9934fb942147 080ad15d87494fbeb6f089269ddf4757 e3fc768f106042eca3eb421ab60e7366 - - - -] 10.0.0.64 "DELETE /v2.0/security-groups/6853cac0-6909-4fd4-bc0a-0c02bebda02b HTTP/1.1" status: 404 len: 347 time: 0.0133514
2026-04-13 04:28:16.146 9 WARNING neutron.plugins.ml2.drivers.ovn.mech_driver.ovsdb.ovn_client [None req-410e4b60-74e4-4249-bca4-4adeefe0e70e - - - - - -] No port found with ID f8ef8d6e-ebe4-4cf8-83ed-753f85b68210: RuntimeError: No port found with ID f8ef8d6e-ebe4-4cf8-83ed-753f85b68210
2026-04-13 04:28:16.206 10 INFO neutron.wsgi [None req-d6f798a7-eb54-4fd4-9b41-ca74c7cded10 d99e6964294b4c6ca0726e44600433d3 cb28ab46a7fa40b3a307e49574eaf482 - - default default] 10.0.0.64 "GET /v2.0/networks?not-tags-any=red%2Cblue HTTP/1.1" status: 200 len: 2067 time: 0.0770781
2026-04-13 04:28:16.253 10 INFO neutron.db.ovn_revision_numbers_db [None req-ed89adc8-6304-4f52-8a30-571f9d5717de 080ad15d87494fbeb6f089269ddf4757 e3fc768f106042eca3eb421ab60e7366 - - - -] Successfully bumped revision number for resource 0c5ca142-c8d1-474c-a471-9a5f5fabd596 (type: security_groups) to 1
2026-04-13 04:28:16.273 10 INFO neutron.wsgi [None req-ed89adc8-6304-4f52-8a30-571f9d5717de 080ad15d87494fbeb6f089269ddf4757 e3fc768f106042eca3eb421ab60e7366 - - - -] 10.0.0.64 "POST /v2.0/security-groups HTTP/1.1" status: 201 len: 1761 time: 0.1359246
2026-04-13 04:28:16.463 9 INFO neutron.db.ovn_revision_numbers_db [None req-5d65acba-c618-43eb-a191-477e08d59bcb 080ad15d87494fbeb6f089269ddf4757 e3fc768f106042eca3eb421ab60e7366 - - - -] Successfully bumped revision number for resource 7c135d25-6941-489b-96fc-ce9b2c8672f1 (type: security_group_rules) to 0
2026-04-13 04:28:16.509 9 INFO neutron.wsgi [req-52d781db-b792-4ab6-bdd1-5f10a4c56309 req-c435eaf9-69c7-48fd-97c6-6ad5c1a98fa1 357fc68cce1948f8869c58f94a4543a9 09ed333f55f64700b83de67d02d0c4b0 - - default default] 10.0.0.254 "GET /v2.0/ports?device_id=a61513dc-ee11-46d9-a31a-a93abb02113c HTTP/1.1" status: 200 len: 1174 time: 0.0990164
2026-04-13 04:28:16.518 9 INFO neutron.wsgi [None req-5d65acba-c618-43eb-a191-477e08d59bcb 080ad15d87494fbeb6f089269ddf4757 e3fc768f106042eca3eb421ab60e7366 - - - -] 10.0.0.64 "POST /v2.0/security-group-rules HTTP/1.1" status: 201 len: 768 time: 0.2397420
2026-04-13 04:28:16.544 10 INFO neutron.wsgi [None req-184edf10-e940-43e0-ae63-885bf7b43ebf 080ad15d87494fbeb6f089269ddf4757 e3fc768f106042eca3eb421ab60e7366 - - default default] 10.0.0.64 "GET /v2.0/security-group-rules/7c135d25-6941-489b-96fc-ce9b2c8672f1 HTTP/1.1" status: 200 len: 763 time: 0.0197082
2026-04-13 04:28:16.559 9 INFO neutron.wsgi [req-52d781db-b792-4ab6-bdd1-5f10a4c56309 req-8fddfc6a-8813-47a4-99e6-3b99426dfcb3 357fc68cce1948f8869c58f94a4543a9 09ed333f55f64700b83de67d02d0c4b0 - - default default] 10.0.0.254 "GET /v2.0/security-groups?id=adeaf4ae-8aed-4831-b787-f0488a98e9ed&fields=id&fields=name HTTP/1.1" status: 200 len: 313 time: 0.0449417
2026-04-13 04:28:16.599 10 INFO neutron.wsgi [None req-673fd4dd-0a2d-45ad-84b3-a38af5713852 080ad15d87494fbeb6f089269ddf4757 e3fc768f106042eca3eb421ab60e7366 - - default default] 10.0.0.64 "GET /v2.0/security-group-rules HTTP/1.1" status: 200 len: 4113 time: 0.0498323
2026-04-13 04:28:16.633 9 INFO neutron.services.segments.plugin [-] Segment 818df02f-3dac-46b1-a567-0958f8da7335 resource provider aggregate not found
2026-04-13 04:28:16.637 9 INFO neutron.services.segments.plugin [-] Segment 818df02f-3dac-46b1-a567-0958f8da7335 resource provider aggregate not found
2026-04-13 04:28:16.656 9 INFO neutron.services.segments.plugin [-] Segment 818df02f-3dac-46b1-a567-0958f8da7335 resource provider not found; error: Placement Client Error (4xx): {"errors": [{"status": 404, "title": "Not Found", "detail": "The resource could not be found.\n\n No resource provider with uuid 818df02f-3dac-46b1-a567-0958f8da7335 found for delete ", "request_id": "req-80e5b077-f0dc-48f8-aeb4-7d83edab6d29"}]}
2026-04-13 04:28:16.657 9 INFO neutron.services.segments.plugin [-] Segment 818df02f-3dac-46b1-a567-0958f8da7335 resource provider not found; error: Placement Client Error (4xx): {"errors": [{"status": 404, "title": "Not Found", "detail": "The resource could not be found.\n\n No resource provider with uuid 818df02f-3dac-46b1-a567-0958f8da7335 found for delete ", "request_id": "req-7d3f2e8f-fc34-4a47-a0ee-c7c9e2987242"}]}
2026-04-13 04:28:16.691 9 INFO neutron.wsgi [None req-499875e6-c304-42d0-a36f-30688cf0811d d99e6964294b4c6ca0726e44600433d3 cb28ab46a7fa40b3a307e49574eaf482 - - - -] 10.0.0.64 "DELETE /v2.0/networks/74a53b5b-5383-4392-83da-f28d019dc829 HTTP/1.1" status: 204 len: 168 time: 0.4786317
2026-04-13 04:28:16.720 10 INFO neutron.wsgi [req-6c577f95-719c-4620-a63f-56db1693a6e6 req-00934624-49ae-42ac-bf66-575fc2393562 357fc68cce1948f8869c58f94a4543a9 09ed333f55f64700b83de67d02d0c4b0 - - default default] 10.0.0.254 "GET /v2.0/ports?device_id=a61513dc-ee11-46d9-a31a-a93abb02113c HTTP/1.1" status: 200 len: 1174 time: 0.1008601
2026-04-13 04:28:16.761 9 INFO neutron.wsgi [None req-e409f7dd-caec-4229-a8eb-53f5e23ea04b fed154d4c2564c509032754eb3849aed b53ed6a7300f4290bcc80d8da4ef22bb - - default default] 10.0.0.64 "GET /v2.0/ports/be99ea10-3b85-4a98-81bb-fa561b8d20f1 HTTP/1.1" status: 200 len: 1147 time: 0.0466294
2026-04-13 04:28:16.766 9 INFO neutron.wsgi [None req-64b8c9c3-0116-495b-b63e-aed9cad8625c 080ad15d87494fbeb6f089269ddf4757 e3fc768f106042eca3eb421ab60e7366 - - - -] 10.0.0.64 "DELETE /v2.0/security-group-rules/7c135d25-6941-489b-96fc-ce9b2c8672f1 HTTP/1.1" status: 204 len: 168 time: 0.1622329
2026-04-13 04:28:16.783 10 INFO neutron.wsgi [req-6c577f95-719c-4620-a63f-56db1693a6e6 req-6df04cff-639c-48e1-acf5-79c9b53e4e2b 357fc68cce1948f8869c58f94a4543a9 09ed333f55f64700b83de67d02d0c4b0 - - default default] 10.0.0.254 "GET /v2.0/security-groups?id=adeaf4ae-8aed-4831-b787-f0488a98e9ed&fields=id&fields=name HTTP/1.1" status: 200 len: 313 time: 0.0557265
2026-04-13 04:28:16.804 9 INFO neutron.wsgi [None req-c6fdf6a4-6086-4a85-ba0f-45c4b80001b2 080ad15d87494fbeb6f089269ddf4757 e3fc768f106042eca3eb421ab60e7366 - - default default] 10.0.0.64 "GET /v2.0/security-group-rules HTTP/1.1" status: 200 len: 3567 time: 0.0338423
2026-04-13 04:28:16.906 9 INFO neutron.db.ovn_revision_numbers_db [None req-5d29a8d8-66eb-4fdd-bb6d-06e9f386c765 080ad15d87494fbeb6f089269ddf4757 e3fc768f106042eca3eb421ab60e7366 - - - -] Successfully bumped revision number for resource 3a618851-ec21-4c49-9713-2ea0ab6c09d1 (type: security_group_rules) to 0
2026-04-13 04:28:16.930 9 INFO neutron.wsgi [None req-5d29a8d8-66eb-4fdd-bb6d-06e9f386c765 080ad15d87494fbeb6f089269ddf4757 e3fc768f106042eca3eb421ab60e7366 - - - -] 10.0.0.64 "POST /v2.0/security-group-rules HTTP/1.1" status: 201 len: 768 time: 0.1184866
2026-04-13 04:28:16.947 9 INFO neutron.wsgi [None req-0d0fd6ac-ffea-473c-87f4-556239677ad1 080ad15d87494fbeb6f089269ddf4757 e3fc768f106042eca3eb421ab60e7366 - - default default] 10.0.0.64 "GET /v2.0/security-group-rules/3a618851-ec21-4c49-9713-2ea0ab6c09d1 HTTP/1.1" status: 200 len: 763 time: 0.0114224
2026-04-13 04:28:16.981 9 INFO neutron.wsgi [None req-c07b3904-c307-4404-a1e1-c58298c017be 080ad15d87494fbeb6f089269ddf4757 e3fc768f106042eca3eb421ab60e7366 - - default default] 10.0.0.64 "GET /v2.0/security-group-rules HTTP/1.1" status: 200 len: 4113 time: 0.0286438
2026-04-13 04:28:17.044 10 INFO neutron.services.segments.plugin [-] Segment 2bb782cb-a124-432d-bd67-16b35dd0770b resource provider aggregate not found
2026-04-13 04:28:17.060 10 INFO neutron.services.segments.plugin [-] Segment 2bb782cb-a124-432d-bd67-16b35dd0770b resource provider aggregate not found
2026-04-13 04:28:17.078 9 INFO neutron.wsgi [None req-718897fe-19b0-4d1a-85eb-6326e6e7485d 080ad15d87494fbeb6f089269ddf4757 e3fc768f106042eca3eb421ab60e7366 - - - -] 10.0.0.64 "DELETE /v2.0/security-group-rules/3a618851-ec21-4c49-9713-2ea0ab6c09d1 HTTP/1.1" status: 204 len: 168 time: 0.0921137
2026-04-13 04:28:17.084 10 INFO neutron.services.segments.plugin [-] Segment 2bb782cb-a124-432d-bd67-16b35dd0770b resource provider not found; error: Placement Client Error (4xx): {"errors": [{"status": 404, "title": "Not Found", "detail": "The resource could not be found.\n\n No resource provider with uuid 2bb782cb-a124-432d-bd67-16b35dd0770b found for delete ", "request_id": "req-11c12b6d-a883-4704-ad0b-d4f887f2b2e8"}]}
2026-04-13 04:28:17.085 10 INFO neutron.services.segments.plugin [-] Segment 2bb782cb-a124-432d-bd67-16b35dd0770b resource provider not found; error: Placement Client Error (4xx): {"errors": [{"status": 404, "title": "Not Found", "detail": "The resource could not be found.\n\n No resource provider with uuid 2bb782cb-a124-432d-bd67-16b35dd0770b found for delete ", "request_id": "req-a53b2318-eb7e-404d-aaca-a317a4c67335"}]}
2026-04-13 04:28:17.111 10 INFO neutron.wsgi [None req-ec86ae73-acf9-4d22-a484-07b10f5c0573 d99e6964294b4c6ca0726e44600433d3 cb28ab46a7fa40b3a307e49574eaf482 - - - -] 10.0.0.64 "DELETE /v2.0/networks/3d2eade5-5dcd-4645-af31-4db7337f72fd HTTP/1.1" status: 204 len: 168 time: 0.4129658
2026-04-13 04:28:17.115 9 INFO neutron.wsgi [None req-af41a690-7d9b-4f4d-a303-00f21d5a44c2 080ad15d87494fbeb6f089269ddf4757 e3fc768f106042eca3eb421ab60e7366 - - default default] 10.0.0.64 "GET /v2.0/security-group-rules HTTP/1.1" status: 200 len: 3567 time: 0.0313816
2026-04-13 04:28:17.196 10 INFO neutron.wsgi [req-f2d32f9f-d3ff-4c2f-8923-b4f0bc50493e req-97c8c511-8be1-4daa-91ce-1e21400bfea2 357fc68cce1948f8869c58f94a4543a9 09ed333f55f64700b83de67d02d0c4b0 - - default default] 10.0.0.254 "GET /v2.0/ports?device_id=a61513dc-ee11-46d9-a31a-a93abb02113c HTTP/1.1" status: 200 len: 1174 time: 0.0379472
2026-04-13 04:28:17.205 9 INFO neutron.wsgi [req-6c8de91c-0382-4ac2-8b41-886e4c640f7d req-3a80f2e0-15fa-4af3-92f8-097c5288ba9f f692cce3777c4b91a1fcdd78e7c45c67 2b3939243ffe4e058cd2633701c23e32 - - 093a83c510d74e819d0ac2ebf41a7ffc 093a83c510d74e819d0ac2ebf41a7ffc] 199.204.45.30 "GET /v2.0/ports?tenant_id=09ed333f55f64700b83de67d02d0c4b0&device_id=a61513dc-ee11-46d9-a31a-a93abb02113c HTTP/1.1" status: 200 len: 1365 time: 0.0367556
2026-04-13 04:28:17.244 10 INFO neutron.wsgi [req-f2d32f9f-d3ff-4c2f-8923-b4f0bc50493e req-d2f98ce2-579f-473b-ba64-4e9fc7d8456d 357fc68cce1948f8869c58f94a4543a9 09ed333f55f64700b83de67d02d0c4b0 - - default default] 10.0.0.254 "GET /v2.0/security-groups?id=adeaf4ae-8aed-4831-b787-f0488a98e9ed&fields=id&fields=name HTTP/1.1" status: 200 len: 313 time: 0.0383492
2026-04-13 04:28:17.257 10 INFO neutron.db.ovn_revision_numbers_db [None req-f20210cf-b880-44bc-a8c5-5acd32a5d4a3 080ad15d87494fbeb6f089269ddf4757 e3fc768f106042eca3eb421ab60e7366 - - - -] Successfully bumped revision number for resource 4ee6d4c2-0977-42ca-b565-3fe5e34944c7 (type: security_group_rules) to 0
2026-04-13 04:28:17.281 10 INFO neutron.wsgi [None req-f20210cf-b880-44bc-a8c5-5acd32a5d4a3 080ad15d87494fbeb6f089269ddf4757 e3fc768f106042eca3eb421ab60e7366 - - - -] 10.0.0.64 "POST /v2.0/security-group-rules HTTP/1.1" status: 201 len: 769 time: 0.1603730
2026-04-13 04:28:17.298 10 INFO neutron.wsgi [None req-3ef915f2-c18b-49bf-bb07-984bb515ff2a 080ad15d87494fbeb6f089269ddf4757 e3fc768f106042eca3eb421ab60e7366 - - default default] 10.0.0.64 "GET /v2.0/security-group-rules/4ee6d4c2-0977-42ca-b565-3fe5e34944c7 HTTP/1.1" status: 200 len: 764 time: 0.0116944
2026-04-13 04:28:17.298 9 INFO neutron.wsgi [req-6c8de91c-0382-4ac2-8b41-886e4c640f7d req-7f4f5a3b-9e04-48a0-b94c-a58c21062e16 f692cce3777c4b91a1fcdd78e7c45c67 2b3939243ffe4e058cd2633701c23e32 - - 093a83c510d74e819d0ac2ebf41a7ffc 093a83c510d74e819d0ac2ebf41a7ffc] 199.204.45.30 "GET /v2.0/networks?id=e4d2e171-31ef-48bb-a260-412ff7f7fee4 HTTP/1.1" status: 200 len: 974 time: 0.0870061
2026-04-13 04:28:17.335 10 INFO neutron.wsgi [None req-efe84744-f86c-4f68-913b-dadf95f190bf 080ad15d87494fbeb6f089269ddf4757 e3fc768f106042eca3eb421ab60e7366 - - default default] 10.0.0.64 "GET /v2.0/security-group-rules HTTP/1.1" status: 200 len: 4114 time: 0.0297434
2026-04-13 04:28:17.347 9 INFO neutron.wsgi [req-6c8de91c-0382-4ac2-8b41-886e4c640f7d req-96463574-a5c0-4f7d-82fb-4f3f5abe46c6 f692cce3777c4b91a1fcdd78e7c45c67 2b3939243ffe4e058cd2633701c23e32 - - 093a83c510d74e819d0ac2ebf41a7ffc 093a83c510d74e819d0ac2ebf41a7ffc] 199.204.45.30 "GET /v2.0/floatingips?fixed_ip_address=10.100.0.14&port_id=bdb322c2-8730-4dd6-9e9a-41cbfd9c4a0c HTTP/1.1" status: 200 len: 1060 time: 0.0372477
2026-04-13 04:28:17.396 9 INFO neutron.wsgi [req-6c8de91c-0382-4ac2-8b41-886e4c640f7d req-d4d7e0d7-d4ad-42f1-8a01-a32cae37feca f692cce3777c4b91a1fcdd78e7c45c67 2b3939243ffe4e058cd2633701c23e32 - - 093a83c510d74e819d0ac2ebf41a7ffc 093a83c510d74e819d0ac2ebf41a7ffc] 199.204.45.30 "GET /v2.0/subnets?id=a1df6125-be59-4b7f-89e9-6423cabf7fc1 HTTP/1.1" status: 200 len: 869 time: 0.0433533
2026-04-13 04:28:17.422 9 INFO neutron.wsgi [req-6c8de91c-0382-4ac2-8b41-886e4c640f7d req-4e94f873-62ca-4984-aec0-d81a5139cc2f f692cce3777c4b91a1fcdd78e7c45c67 2b3939243ffe4e058cd2633701c23e32 - - 093a83c510d74e819d0ac2ebf41a7ffc 093a83c510d74e819d0ac2ebf41a7ffc] 199.204.45.30 "GET /v2.0/ports?network_id=e4d2e171-31ef-48bb-a260-412ff7f7fee4&device_owner=network%3Adhcp HTTP/1.1" status: 200 len: 210 time: 0.0185552
2026-04-13 04:28:17.456 10 INFO neutron.wsgi [None req-502462ef-eafb-4257-842b-c52b3d5d7676 080ad15d87494fbeb6f089269ddf4757 e3fc768f106042eca3eb421ab60e7366 - - - -] 10.0.0.64 "DELETE /v2.0/security-group-rules/4ee6d4c2-0977-42ca-b565-3fe5e34944c7 HTTP/1.1" status: 204 len: 168 time: 0.1110427
2026-04-13 04:28:17.490 10 INFO neutron.wsgi [None req-4f5dc18d-8df0-4672-a4c8-36a636f5f0e0 080ad15d87494fbeb6f089269ddf4757 e3fc768f106042eca3eb421ab60e7366 - - default default] 10.0.0.64 "GET /v2.0/security-group-rules HTTP/1.1" status: 200 len: 3567 time: 0.0295584
2026-04-13 04:28:17.496 9 INFO neutron.wsgi [req-6c8de91c-0382-4ac2-8b41-886e4c640f7d req-cf0f3a51-6abb-425c-8816-d462b4a1e31b f692cce3777c4b91a1fcdd78e7c45c67 2b3939243ffe4e058cd2633701c23e32 - - 093a83c510d74e819d0ac2ebf41a7ffc 093a83c510d74e819d0ac2ebf41a7ffc] 199.204.45.30 "GET /v2.0/networks/e4d2e171-31ef-48bb-a260-412ff7f7fee4?fields=segments HTTP/1.1" status: 200 len: 212 time: 0.0675781
2026-04-13 04:28:17.568 9 INFO neutron.wsgi [req-6c8de91c-0382-4ac2-8b41-886e4c640f7d req-6a9d12cf-5dd0-4e5e-8aae-073a134b5244 f692cce3777c4b91a1fcdd78e7c45c67 2b3939243ffe4e058cd2633701c23e32 - - 093a83c510d74e819d0ac2ebf41a7ffc 093a83c510d74e819d0ac2ebf41a7ffc] 199.204.45.30 "GET /v2.0/networks/e4d2e171-31ef-48bb-a260-412ff7f7fee4?fields=provider%3Aphysical_network&fields=provider%3Anetwork_type HTTP/1.1" status: 200 len: 277 time: 0.0650973
2026-04-13 04:28:17.580 9 INFO neutron.wsgi [None req-66178fb3-9c5d-4d05-8fcf-f680802b669e d99e6964294b4c6ca0726e44600433d3 cb28ab46a7fa40b3a307e49574eaf482 - - - -] 10.0.0.64 "DELETE /v2.0/networks/e4860176-9708-44ba-8893-7ad91420025c HTTP/1.1" status: 204 len: 168 time: 0.4624531
2026-04-13 04:28:17.629 10 INFO neutron.wsgi [None req-3b46f307-3308-4d38-b047-9b89a69719c2 080ad15d87494fbeb6f089269ddf4757 e3fc768f106042eca3eb421ab60e7366 - - - -] 10.0.0.64 "DELETE /v2.0/security-groups/0c5ca142-c8d1-474c-a471-9a5f5fabd596 HTTP/1.1" status: 204 len: 168 time: 0.1351764
2026-04-13 04:28:17.665 9 INFO neutron.wsgi [None req-8cbefe65-9280-4866-b947-e20455c93825 080ad15d87494fbeb6f089269ddf4757 e3fc768f106042eca3eb421ab60e7366 - - default default] 10.0.0.64 "GET /v2.0/security-groups HTTP/1.1" status: 200 len: 2996 time: 0.0301158
2026-04-13 04:28:17.699 9 INFO neutron.wsgi [None req-1068a979-7231-4f3b-92a8-c527d8771e67 080ad15d87494fbeb6f089269ddf4757 e3fc768f106042eca3eb421ab60e7366 - - default default] 10.0.0.64 "GET /v2.0/security-groups HTTP/1.1" status: 200 len: 2996 time: 0.0258834
2026-04-13 04:28:17.779 9 INFO neutron.plugins.ml2.drivers.ovn.mech_driver.mech_driver [None req-410e4b60-74e4-4249-bca4-4adeefe0e70e - - - - - -] OVN reports status down for port: bdb322c2-8730-4dd6-9e9a-41cbfd9c4a0c
2026-04-13 04:28:17.820 9 INFO neutron.wsgi [None req-b2878d0c-2ef2-450e-b298-db09c36a45ef fed154d4c2564c509032754eb3849aed b53ed6a7300f4290bcc80d8da4ef22bb - - default default] 10.0.0.64 "GET /v2.0/ports/be99ea10-3b85-4a98-81bb-fa561b8d20f1 HTTP/1.1" status: 200 len: 1147 time: 0.0527098
2026-04-13 04:28:17.967 9 INFO neutron.notifiers.nova [-] Nova event matching ['req-b1c8167e-6e77-4a4e-91c9-3fabb9b77b8b'] response: {'server_uuid': 'a61513dc-ee11-46d9-a31a-a93abb02113c', 'name': 'network-vif-unplugged', 'status': 'completed', 'tag': 'bdb322c2-8730-4dd6-9e9a-41cbfd9c4a0c', 'code': 200}
2026-04-13 04:28:18.030 10 INFO neutron.wsgi [None req-94b23581-b475-4ce2-98dc-5e195819e5d3 d99e6964294b4c6ca0726e44600433d3 cb28ab46a7fa40b3a307e49574eaf482 - - - -] 10.0.0.64 "DELETE /v2.0/networks/8511c545-fb60-479f-b07e-a03f6fd133cc HTTP/1.1" status: 204 len: 168 time: 0.4456921
2026-04-13 04:28:18.063 10 WARNING neutron.plugins.ml2.drivers.ovn.mech_driver.ovsdb.ovn_client [None req-7a21579d-a347-4cc4-8330-83ccb25d53fb - - - - - -] No hosting information found for port 88f7d612-dfe0-48f0-9918-491ff3934ef2: RuntimeError: No hosting information found for port 88f7d612-dfe0-48f0-9918-491ff3934ef2
2026-04-13 04:28:18.063 10 INFO neutron.plugins.ml2.drivers.ovn.mech_driver.mech_driver [None req-7a21579d-a347-4cc4-8330-83ccb25d53fb - - - - - -] OVN reports status up for port: be99ea10-3b85-4a98-81bb-fa561b8d20f1
2026-04-13 04:28:18.075 10 INFO neutron.plugins.ml2.plugin [None req-7a21579d-a347-4cc4-8330-83ccb25d53fb - - - - - -] Attempt 1 to provision port be99ea10-3b85-4a98-81bb-fa561b8d20f1
2026-04-13 04:28:18.337 9 INFO neutron.db.ovn_revision_numbers_db [None req-410e4b60-74e4-4249-bca4-4adeefe0e70e - - - - - -] Successfully bumped revision number for resource bdb322c2-8730-4dd6-9e9a-41cbfd9c4a0c (type: ports) to 5
2026-04-13 04:28:18.366 10 INFO neutron.wsgi [req-ea0bb941-a533-4592-950f-75bbd0312c52 req-5b3c7812-29db-4d5e-9256-d966c6d42f1b 357fc68cce1948f8869c58f94a4543a9 09ed333f55f64700b83de67d02d0c4b0 - - default default] 10.0.0.254 "GET /v2.0/ports?device_id=a61513dc-ee11-46d9-a31a-a93abb02113c HTTP/1.1" status: 200 len: 1172 time: 0.0517223
2026-04-13 04:28:18.366 10 INFO neutron.db.ovn_revision_numbers_db [None req-7a21579d-a347-4cc4-8330-83ccb25d53fb - - - - - -] Successfully bumped revision number for resource be99ea10-3b85-4a98-81bb-fa561b8d20f1 (type: ports) to 3
2026-04-13 04:28:18.460 10 INFO neutron.wsgi [req-ea0bb941-a533-4592-950f-75bbd0312c52 req-cf8929f7-12f2-4f24-a36d-943dea6cce36 357fc68cce1948f8869c58f94a4543a9 09ed333f55f64700b83de67d02d0c4b0 - - default default] 10.0.0.254 "GET /v2.0/security-groups?id=adeaf4ae-8aed-4831-b787-f0488a98e9ed&fields=id&fields=name HTTP/1.1" status: 200 len: 313 time: 0.0869603
2026-04-13 04:28:18.518 10 INFO neutron.db.ovn_revision_numbers_db [None req-7a21579d-a347-4cc4-8330-83ccb25d53fb - - - - - -] Successfully bumped revision number for resource be99ea10-3b85-4a98-81bb-fa561b8d20f1 (type: router_ports) to 3
2026-04-13 04:28:18.554 9 INFO neutron.plugins.ml2.drivers.ovn.mech_driver.mech_driver [None req-410e4b60-74e4-4249-bca4-4adeefe0e70e - - - - - -] OVN reports status up for port: bdb322c2-8730-4dd6-9e9a-41cbfd9c4a0c
2026-04-13 04:28:18.566 9 INFO neutron.plugins.ml2.plugin [None req-410e4b60-74e4-4249-bca4-4adeefe0e70e - - - - - -] Attempt 1 to provision port bdb322c2-8730-4dd6-9e9a-41cbfd9c4a0c
2026-04-13 04:28:18.572 10 INFO neutron.wsgi [None req-0c0611e0-57dc-4ce5-949e-4e3430c75be5 379f1c46807e426484818e9b9be1a5ee 282fc45e307543fa9ca1e2586a1ac971 - - default default] 10.0.0.64 "GET /v2.0/security-groups?tenant_id=e3fc768f106042eca3eb421ab60e7366&name=default HTTP/1.1" status: 200 len: 2996 time: 0.2423716
2026-04-13 04:28:18.682 9 INFO neutron.services.segments.plugin [-] Segment ca5646e5-08b9-4cfb-8a65-dc1d59bcd1f2 resource provider aggregate not found
2026-04-13 04:28:18.691 9 INFO neutron.services.segments.plugin [-] Segment ca5646e5-08b9-4cfb-8a65-dc1d59bcd1f2 resource provider aggregate not found
2026-04-13 04:28:18.707 9 INFO neutron.services.segments.plugin [-] Segment ca5646e5-08b9-4cfb-8a65-dc1d59bcd1f2 resource provider not found; error: Placement Client Error (4xx): {"errors": [{"status": 404, "title": "Not Found", "detail": "The resource could not be found.\n\n No resource provider with uuid ca5646e5-08b9-4cfb-8a65-dc1d59bcd1f2 found for delete ", "request_id": "req-a20d6d95-1945-4a28-83b2-478f904c0f92"}]}
2026-04-13 04:28:18.710 9 INFO neutron.services.segments.plugin [-] Segment ca5646e5-08b9-4cfb-8a65-dc1d59bcd1f2 resource provider not found; error: Placement Client Error (4xx): {"errors": [{"status": 404, "title": "Not Found", "detail": "The resource could not be found.\n\n No resource provider with uuid ca5646e5-08b9-4cfb-8a65-dc1d59bcd1f2 found for delete ", "request_id": "req-b1ca0269-ba95-4912-801f-28106e59cc2e"}]}
2026-04-13 04:28:18.796 9 INFO neutron.wsgi [None req-d0344ec7-729b-484e-9cf7-5de7d77aeae9 d99e6964294b4c6ca0726e44600433d3 cb28ab46a7fa40b3a307e49574eaf482 - - - -] 10.0.0.64 "DELETE /v2.0/networks/dbeca883-3e59-46f5-872d-fc598056bd67 HTTP/1.1" status: 204 len: 168 time: 0.7610478
2026-04-13 04:28:18.820 10 INFO neutron.wsgi [None req-fc8ce678-715c-4912-96de-3bb68c1b4be8 379f1c46807e426484818e9b9be1a5ee 282fc45e307543fa9ca1e2586a1ac971 - - - -] 10.0.0.64 "DELETE /v2.0/security-groups/06a962e8-4542-40ac-95c3-bcd74674117c HTTP/1.1" status: 204 len: 168 time: 0.2414925
2026-04-13 04:28:18.913 9 INFO neutron.db.ovn_revision_numbers_db [None req-410e4b60-74e4-4249-bca4-4adeefe0e70e - - - - - -] Successfully bumped revision number for resource bdb322c2-8730-4dd6-9e9a-41cbfd9c4a0c (type: ports) to 6
2026-04-13 04:28:18.925 10 INFO neutron.wsgi [None req-563b82e2-97ec-472a-a6a8-23c67a0dc8d7 fed154d4c2564c509032754eb3849aed b53ed6a7300f4290bcc80d8da4ef22bb - - default default] 10.0.0.64 "GET /v2.0/ports/be99ea10-3b85-4a98-81bb-fa561b8d20f1 HTTP/1.1" status: 200 len: 1149 time: 0.0992787
2026-04-13 04:28:19.124 10 INFO neutron.services.segments.plugin [-] Segment 8056a742-ac85-4754-81f4-7b37a273fe97 resource provider aggregate not found
2026-04-13 04:28:19.129 10 INFO neutron.services.segments.plugin [-] Segment 8056a742-ac85-4754-81f4-7b37a273fe97 resource provider aggregate not found
2026-04-13 04:28:19.150 10 INFO neutron.services.segments.plugin [-] Segment 8056a742-ac85-4754-81f4-7b37a273fe97 resource provider not found; error: Placement Client Error (4xx): {"errors": [{"status": 404, "title": "Not Found", "detail": "The resource could not be found.\n\n No resource provider with uuid 8056a742-ac85-4754-81f4-7b37a273fe97 found for delete ", "request_id": "req-8d11cb55-0af5-4795-9884-532aac91c5a3"}]}
2026-04-13 04:28:19.151 10 INFO neutron.services.segments.plugin [-] Segment 8056a742-ac85-4754-81f4-7b37a273fe97 resource provider not found; error: Placement Client Error (4xx): {"errors": [{"status": 404, "title": "Not Found", "detail": "The resource could not be found.\n\n No resource provider with uuid 8056a742-ac85-4754-81f4-7b37a273fe97 found for delete ", "request_id": "req-c91669a6-d394-4eeb-b578-efe319ed312a"}]} /var/lib/openstack/lib/python3.10/site-packages/pycadf/identifier.py:71: UserWarning: Invalid uuid: neutron. To ensure interoperability, identifiers should be a valid uuid. warnings.warn(('Invalid uuid: %s. To ensure interoperability, '
2026-04-13 04:28:19.560 9 INFO neutron.wsgi [req-4a677962-6eb1-4dab-a10b-dad166727045 req-26f035df-1bfa-44c8-88b8-b23b099d7e99 357fc68cce1948f8869c58f94a4543a9 09ed333f55f64700b83de67d02d0c4b0 - - default default] 10.0.0.254 "GET /v2.0/ports?device_id=a61513dc-ee11-46d9-a31a-a93abb02113c HTTP/1.1" status: 200 len: 1174 time: 0.0320182
2026-04-13 04:28:19.607 9 INFO neutron.wsgi [req-4a677962-6eb1-4dab-a10b-dad166727045 req-f75d90e8-68e5-4532-8d71-e99f1115e600 357fc68cce1948f8869c58f94a4543a9 09ed333f55f64700b83de67d02d0c4b0 - - default default] 10.0.0.254 "GET /v2.0/security-groups?id=adeaf4ae-8aed-4831-b787-f0488a98e9ed&fields=id&fields=name HTTP/1.1" status: 200 len: 313 time: 0.0412459
2026-04-13 04:28:19.707 10 INFO neutron.wsgi [None req-f9d29419-cf7a-4c18-ab77-5913d2e17649 fed154d4c2564c509032754eb3849aed b53ed6a7300f4290bcc80d8da4ef22bb - - - -] 10.0.0.64 "PUT /v2.0/routers/238875e0-36fc-422b-8228-5cbf3de21ea5/remove_router_interface HTTP/1.1" status: 200 len: 503 time: 0.7771442
2026-04-13 04:28:19.768 10 INFO neutron.wsgi [-] 10.0.0.191 "GET / HTTP/1.1" status: 200 len: 246 time: 0.0031307
2026-04-13 04:28:19.771 10 INFO neutron.wsgi [-] 10.0.0.191 "GET / HTTP/1.1" status: 200 len: 246 time: 0.0023162
2026-04-13 04:28:19.802 9 INFO neutron.wsgi [None req-9b1349ff-648a-4d5b-97c1-e32dac5af5fe fed154d4c2564c509032754eb3849aed b53ed6a7300f4290bcc80d8da4ef22bb - - default default] 10.0.0.64 "GET /v2.0/ports/88f7d612-dfe0-48f0-9918-491ff3934ef2 HTTP/1.1" status: 200 len: 1141 time: 0.0908206
2026-04-13 04:28:20.014 9 INFO neutron.notifiers.nova [-] Nova event matching ['req-bbd9bead-6bb9-4942-9c48-5f3ee4bb57c7'] response: {'server_uuid': 'a61513dc-ee11-46d9-a31a-a93abb02113c', 'name': 'network-vif-plugged', 'status': 'completed', 'tag': 'bdb322c2-8730-4dd6-9e9a-41cbfd9c4a0c', 'code': 200}
2026-04-13 04:28:20.014 9 INFO neutron.notifiers.nova [-] Nova event matching ['req-bbd9bead-6bb9-4942-9c48-5f3ee4bb57c7'] response: {'server_uuid': 'a61513dc-ee11-46d9-a31a-a93abb02113c', 'name': 'network-vif-plugged', 'status': 'completed', 'tag': 'bdb322c2-8730-4dd6-9e9a-41cbfd9c4a0c', 'code': 200}
2026-04-13 04:28:20.015 9 INFO neutron.notifiers.nova [-] Nova event matching ['req-bbd9bead-6bb9-4942-9c48-5f3ee4bb57c7'] response: {'server_uuid': 'a61513dc-ee11-46d9-a31a-a93abb02113c', 'name': 'network-vif-plugged', 'status': 'completed', 'tag': 'bdb322c2-8730-4dd6-9e9a-41cbfd9c4a0c', 'code': 200}
2026-04-13 04:28:20.038 9 INFO neutron.db.ovn_revision_numbers_db [None req-b6ff3fc9-3fe7-4f27-be49-b9f04e429830 379f1c46807e426484818e9b9be1a5ee 282fc45e307543fa9ca1e2586a1ac971 - - default default] Successfully bumped revision number for resource af5aa1d9-da81-4827-a5d7-baa7a2529c54 (type: security_groups) to 1
2026-04-13 04:28:20.061 9 INFO neutron.wsgi [None req-b6ff3fc9-3fe7-4f27-be49-b9f04e429830 379f1c46807e426484818e9b9be1a5ee 282fc45e307543fa9ca1e2586a1ac971 - - default default] 10.0.0.64 "GET /v2.0/security-groups?tenant_id=17ba1b38126f4e9198cb67cb13a7777f&name=default HTTP/1.1" status: 200 len: 2996 time: 0.3667345 /var/lib/openstack/lib/python3.10/site-packages/pycadf/identifier.py:71: UserWarning: Invalid uuid: neutron. To ensure interoperability, identifiers should be a valid uuid. warnings.warn(('Invalid uuid: %s. To ensure interoperability, '
