2026-04-13 04:30:08.977 9 INFO neutron.wsgi [None req-1bca6fb2-3693-4a58-9dd1-66be448e3776 8f4a3d29da53443c895401a44dd1139f 62f86385ac8c494c87b178a4a48df5b4 - - - -] 10.0.0.64 "PUT /v2.0/trunks/9c89a899-042e-484e-9944-a4767fa2dbb7/tags HTTP/1.1" status: 200 len: 212 time: 0.0200677
2026-04-13 04:30:09.002 9 INFO neutron.wsgi [None req-b1f3f7fa-125f-43d2-8c44-900230abd890 8f4a3d29da53443c895401a44dd1139f 62f86385ac8c494c87b178a4a48df5b4 - - default default] 10.0.0.64 "GET /v2.0/trunks?tags=red HTTP/1.1" status: 200 len: 1447 time: 0.0211372
2026-04-13 04:30:09.026 9 INFO neutron.wsgi [None req-3c819067-a658-4dba-887d-276eaa3bb7d8 8f4a3d29da53443c895401a44dd1139f 62f86385ac8c494c87b178a4a48df5b4 - - default default] 10.0.0.64 "GET /v2.0/trunks?tags=red%2Cblue HTTP/1.1" status: 200 len: 1041 time: 0.0204744
2026-04-13 04:30:09.054 9 INFO neutron.wsgi [None req-9363850a-24c5-48f7-bbae-64113d9ee0bd 8f4a3d29da53443c895401a44dd1139f 62f86385ac8c494c87b178a4a48df5b4 - - default default] 10.0.0.64 "GET /v2.0/trunks?tags-any=blue HTTP/1.1" status: 200 len: 1041 time: 0.0223997
2026-04-13 04:30:09.074 9 INFO neutron.wsgi [None req-886fef36-342c-4a27-8411-d1340061c7b1 8f4a3d29da53443c895401a44dd1139f 62f86385ac8c494c87b178a4a48df5b4 - - default default] 10.0.0.64 "GET /v2.0/trunks?tags-any=red%2Cblue HTTP/1.1" status: 200 len: 1447 time: 0.0162308
2026-04-13 04:30:09.101 9 INFO neutron.wsgi [None req-58a568ac-76e7-448b-8120-63e538c3ddcb 8f4a3d29da53443c895401a44dd1139f 62f86385ac8c494c87b178a4a48df5b4 - - default default] 10.0.0.64 "GET /v2.0/trunks?not-tags=red HTTP/1.1" status: 200 len: 1013 time: 0.0231338
2026-04-13 04:30:09.126 9 INFO neutron.wsgi [None req-dbe3c765-0c84-4bcd-ad99-9efa9653923c 8f4a3d29da53443c895401a44dd1139f 62f86385ac8c494c87b178a4a48df5b4 - - default default] 10.0.0.64 "GET /v2.0/trunks?not-tags=red%2Cblue HTTP/1.1" status: 200 len: 1419 time: 0.0211675
2026-04-13 04:30:09.152 9 INFO neutron.wsgi [None req-cc6c0885-72e1-47b2-a283-0eeaa6859278 8f4a3d29da53443c895401a44dd1139f 62f86385ac8c494c87b178a4a48df5b4 - - default default] 10.0.0.64 "GET /v2.0/trunks?not-tags-any=blue HTTP/1.1" status: 200 len: 1419 time: 0.0215075
2026-04-13 04:30:09.187 9 INFO neutron.wsgi [None req-da581e17-1441-4173-b4c5-327f85b12d0f 8f4a3d29da53443c895401a44dd1139f 62f86385ac8c494c87b178a4a48df5b4 - - default default] 10.0.0.64 "GET /v2.0/trunks?not-tags-any=red%2Cblue HTTP/1.1" status: 200 len: 1013 time: 0.0258846
2026-04-13 04:30:09.203 9 INFO neutron.wsgi [None req-9a2b96f0-8d0f-48d6-b356-e164f48372a9 8f4a3d29da53443c895401a44dd1139f 62f86385ac8c494c87b178a4a48df5b4 - - default default] 10.0.0.64 "GET /v2.0/trunks/d080711b-2a61-424c-a579-9d7e0503bfb5 HTTP/1.1" status: 200 len: 608 time: 0.0118263
2026-04-13 04:30:09.311 9 INFO neutron.wsgi [None req-8b59f34c-b958-46c1-b0d4-90762a6b4174 8f4a3d29da53443c895401a44dd1139f 62f86385ac8c494c87b178a4a48df5b4 - - default default] 10.0.0.64 "GET /v2.0/ports/c91e160b-5756-4e9e-b55b-572166343084 HTTP/1.1" status: 200 len: 1020 time: 0.1045325
2026-04-13 04:30:09.418 9 INFO neutron.wsgi [None req-950216b2-fd09-4bc1-b616-0546102d631b 8f4a3d29da53443c895401a44dd1139f 62f86385ac8c494c87b178a4a48df5b4 - - - -] 10.0.0.64 "DELETE /v2.0/trunks/d080711b-2a61-424c-a579-9d7e0503bfb5 HTTP/1.1" status: 204 len: 168 time: 0.0986860
2026-04-13 04:30:09.437 9 INFO neutron.wsgi [None req-119012c2-c95e-4237-9e6c-907646cd2793 8f4a3d29da53443c895401a44dd1139f 62f86385ac8c494c87b178a4a48df5b4 - - default default] 10.0.0.64 "GET /v2.0/trunks/185e08e2-4f93-49b8-b79d-8302e35298c9 HTTP/1.1" status: 200 len: 616 time: 0.0145986
2026-04-13 04:30:09.536 9 INFO neutron.wsgi [None req-4104abae-91d4-49a6-92a7-2dac016120a0 8f4a3d29da53443c895401a44dd1139f 62f86385ac8c494c87b178a4a48df5b4 - - default default] 10.0.0.64 "GET /v2.0/ports/9e6f087f-9070-4a74-b08a-749f1a178102 HTTP/1.1" status: 200 len: 1020 time: 0.0949516
2026-04-13 04:30:09.641 9 INFO neutron.wsgi [None req-80469650-8d65-421d-98ce-44befa5a078d 8f4a3d29da53443c895401a44dd1139f 62f86385ac8c494c87b178a4a48df5b4 - - - -] 10.0.0.64 "DELETE /v2.0/trunks/185e08e2-4f93-49b8-b79d-8302e35298c9 HTTP/1.1" status: 204 len: 168 time: 0.1005821
2026-04-13 04:30:09.662 9 INFO neutron.wsgi [None req-d2482a79-e351-4f39-8da5-3439d21d149e 8f4a3d29da53443c895401a44dd1139f 62f86385ac8c494c87b178a4a48df5b4 - - default default] 10.0.0.64 "GET /v2.0/trunks/2cc197a3-345b-48d6-b9a4-f522b14b67df HTTP/1.1" status: 200 len: 625 time: 0.0166984
2026-04-13 04:30:09.747 9 INFO neutron.wsgi [None req-11206eb9-0d63-4580-996b-bbd95979be9c 8f4a3d29da53443c895401a44dd1139f 62f86385ac8c494c87b178a4a48df5b4 - - default default] 10.0.0.64 "GET /v2.0/ports/1a2f0278-42e5-4134-9a43-a70e52febed0 HTTP/1.1" status: 200 len: 1020 time: 0.0795209
2026-04-13 04:30:09.845 9 INFO neutron.wsgi [None req-04af7849-7111-43b4-8d49-db096a91f6f8 8f4a3d29da53443c895401a44dd1139f 62f86385ac8c494c87b178a4a48df5b4 - - - -] 10.0.0.64 "DELETE /v2.0/trunks/2cc197a3-345b-48d6-b9a4-f522b14b67df HTTP/1.1" status: 204 len: 168 time: 0.0925350
2026-04-13 04:30:09.866 9 INFO neutron.wsgi [None req-bd6331c0-5355-4b41-8da5-6315ad01c1ac 8f4a3d29da53443c895401a44dd1139f 62f86385ac8c494c87b178a4a48df5b4 - - default default] 10.0.0.64 "GET /v2.0/trunks/9c89a899-042e-484e-9944-a4767fa2dbb7 HTTP/1.1" status: 200 len: 610 time: 0.0162361
2026-04-13 04:30:09.954 9 INFO neutron.wsgi [None req-68121295-e937-4412-940b-c317934481b9 8f4a3d29da53443c895401a44dd1139f 62f86385ac8c494c87b178a4a48df5b4 - - default default] 10.0.0.64 "GET /v2.0/ports/d1060e9c-e1fa-4dac-81ec-2718fc7179a0 HTTP/1.1" status: 200 len: 1020 time: 0.0818615
2026-04-13 04:30:10.045 9 INFO neutron.wsgi [None req-a2970f7f-de67-476d-b65b-a31fddf6e08c 8f4a3d29da53443c895401a44dd1139f 62f86385ac8c494c87b178a4a48df5b4 - - - -] 10.0.0.64 "DELETE /v2.0/trunks/9c89a899-042e-484e-9944-a4767fa2dbb7 HTTP/1.1" status: 204 len: 168 time: 0.0860467
2026-04-13 04:30:10.064 9 INFO neutron.wsgi [None req-64feef5d-657d-4495-a219-ee5f35b1e86f 8f4a3d29da53443c895401a44dd1139f 62f86385ac8c494c87b178a4a48df5b4 - - default default] 10.0.0.64 "GET /v2.0/trunks/083fd5d6-6a62-43bf-94bf-dd8958af4eb5 HTTP/1.1" status: 200 len: 603 time: 0.0143459
2026-04-13 04:30:10.144 9 INFO neutron.wsgi [None req-108f8df5-66f3-43e7-a8d9-ca47fecb28e4 8f4a3d29da53443c895401a44dd1139f 62f86385ac8c494c87b178a4a48df5b4 - - default default] 10.0.0.64 "GET /v2.0/ports/f870757f-dbfc-4625-8fd1-0cb143e964a9 HTTP/1.1" status: 200 len: 1020 time: 0.0754790
2026-04-13 04:30:10.231 9 INFO neutron.wsgi [None req-35f0ccae-99eb-4be6-96c3-8bdcc6e3dcba 8f4a3d29da53443c895401a44dd1139f 62f86385ac8c494c87b178a4a48df5b4 - - - -] 10.0.0.64 "DELETE /v2.0/trunks/083fd5d6-6a62-43bf-94bf-dd8958af4eb5 HTTP/1.1" status: 204 len: 168 time: 0.0829661
2026-04-13 04:30:10.452 9 INFO neutron.wsgi [None req-99101045-40c1-4e1c-a4ed-e4aedde5ae02 8f4a3d29da53443c895401a44dd1139f 62f86385ac8c494c87b178a4a48df5b4 - - - -] 10.0.0.64 "DELETE /v2.0/ports/c91e160b-5756-4e9e-b55b-572166343084 HTTP/1.1" status: 204 len: 168 time: 0.2154319
2026-04-13 04:30:10.688 10 INFO neutron.wsgi [None req-bbfa56e2-193d-499d-b9c6-3ed5c1a59294 8f4a3d29da53443c895401a44dd1139f 62f86385ac8c494c87b178a4a48df5b4 - - - -] 10.0.0.64 "DELETE /v2.0/ports/9e6f087f-9070-4a74-b08a-749f1a178102 HTTP/1.1" status: 204 len: 168 time: 0.2315371
2026-04-13 04:30:10.939 10 INFO neutron.wsgi [None req-c72688fc-8314-4b0a-9fd3-7c27d822c63f 8f4a3d29da53443c895401a44dd1139f 62f86385ac8c494c87b178a4a48df5b4 - - - -] 10.0.0.64 "DELETE /v2.0/ports/1a2f0278-42e5-4134-9a43-a70e52febed0 HTTP/1.1" status: 204 len: 168 time: 0.2461898
2026-04-13 04:30:11.181 10 INFO neutron.wsgi [None req-074aba55-1488-468e-85d6-5563a88b3901 8f4a3d29da53443c895401a44dd1139f 62f86385ac8c494c87b178a4a48df5b4 - - - -] 10.0.0.64 "DELETE /v2.0/ports/d1060e9c-e1fa-4dac-81ec-2718fc7179a0 HTTP/1.1" status: 204 len: 168 time: 0.2366071
2026-04-13 04:30:11.415 10 INFO neutron.wsgi [None req-b15ff5c4-e419-4df5-a7ea-9e476af52d3d 8f4a3d29da53443c895401a44dd1139f 62f86385ac8c494c87b178a4a48df5b4 - - - -] 10.0.0.64 "DELETE /v2.0/ports/f870757f-dbfc-4625-8fd1-0cb143e964a9 HTTP/1.1" status: 204 len: 168 time: 0.2303209
2026-04-13 04:30:11.717 10 INFO neutron.wsgi [req-e4ed9038-dd87-4f4f-ac0d-a3501ed1b389 req-662d61aa-23ab-4e19-9f41-98e4b525ffd7 13e51826de1c4671a4818a09a018c050 20cba5ee50364776a207a7f0f3f092fc - - default default] 10.0.0.254 "GET /v2.0/ports?device_id=ca105ab6-8584-4c41-8ea8-38324ff021be HTTP/1.1" status: 200 len: 1210 time: 0.1056137
2026-04-13 04:30:11.779 10 INFO neutron.wsgi [req-e4ed9038-dd87-4f4f-ac0d-a3501ed1b389 req-7ca3edf1-3a6f-4450-bcdb-2c135ce25a71 13e51826de1c4671a4818a09a018c050 20cba5ee50364776a207a7f0f3f092fc - - default default] 10.0.0.254 "GET /v2.0/security-groups?id=281021fb-bb3c-4d6a-bd02-8d07e957036f&id=66aaac9d-aa77-4291-abae-ec8f68a1f911&fields=id&fields=name HTTP/1.1" status: 200 len: 404 time: 0.0550957
2026-04-13 04:30:11.829 10 INFO neutron.services.segments.plugin [-] Segment b49d85a8-6ba5-4345-8554-ebc14d33a56a resource provider aggregate not found
2026-04-13 04:30:11.837 10 INFO neutron.services.segments.plugin [-] Segment b49d85a8-6ba5-4345-8554-ebc14d33a56a resource provider aggregate not found
2026-04-13 04:30:11.859 10 INFO neutron.services.segments.plugin [-] Segment b49d85a8-6ba5-4345-8554-ebc14d33a56a resource provider not found; error: Placement Client Error (4xx): {"errors": [{"status": 404, "title": "Not Found", "detail": "The resource could not be found.\n\n No resource provider with uuid b49d85a8-6ba5-4345-8554-ebc14d33a56a found for delete ", "request_id": "req-c8389487-8b42-447d-bac3-5eb66c93bae1"}]}
2026-04-13 04:30:11.869 10 INFO neutron.services.segments.plugin [-] Segment b49d85a8-6ba5-4345-8554-ebc14d33a56a resource provider not found; error: Placement Client Error (4xx): {"errors": [{"status": 404, "title": "Not Found", "detail": "The resource could not be found.\n\n No resource provider with uuid b49d85a8-6ba5-4345-8554-ebc14d33a56a found for delete ", "request_id": "req-7eab30c6-5b38-4c42-b964-4d4322c86502"}]}
2026-04-13 04:30:11.888 10 INFO neutron.wsgi [None req-0f7735b7-1d3f-491d-a67b-c3d862e1b176 8f4a3d29da53443c895401a44dd1139f 62f86385ac8c494c87b178a4a48df5b4 - - - -] 10.0.0.64 "DELETE /v2.0/networks/3e8923b5-dc0e-4017-8dc8-1e463a9cdb7c HTTP/1.1" status: 204 len: 168 time: 0.4686627
2026-04-13 04:30:12.253 9 INFO neutron.wsgi [None req-4a4e4b9b-bdba-4d4b-9d89-53811c3ff809 56b342beaebf42e8a41e897222c5b8b0 e16d75d6774d44b2b3a1f2353345c0dc - - default default] 10.0.0.64 "GET /v2.0/ports?device_id=ca105ab6-8584-4c41-8ea8-38324ff021be HTTP/1.1" status: 200 len: 1395 time: 0.4483147
2026-04-13 04:30:12.343 10 INFO neutron.wsgi [None req-29a4416d-de8d-499c-9219-08963cc92809 13e51826de1c4671a4818a09a018c050 20cba5ee50364776a207a7f0f3f092fc - - default default] 10.0.0.64 "GET /v2.0/floatingips?floating_network_id=a3838f4c-5a42-4c3b-929b-08023c854640&port_id=d1439dc3-324d-4ad8-9b1e-1bdeece6b56d HTTP/1.1" status: 200 len: 1054 time: 0.0841002
2026-04-13 04:30:12.556 9 INFO neutron.services.segments.plugin [-] Segment 10a7e0fc-ea6a-4c49-9032-d1d05b37e0f5 resource provider aggregate not found
2026-04-13 04:30:12.561 9 INFO neutron.services.segments.plugin [-] Segment 10a7e0fc-ea6a-4c49-9032-d1d05b37e0f5 resource provider aggregate not found
2026-04-13 04:30:12.577 9 INFO neutron.services.segments.plugin [-] Segment 10a7e0fc-ea6a-4c49-9032-d1d05b37e0f5 resource provider not found; error: Placement Client Error (4xx): {"errors": [{"status": 404, "title": "Not Found", "detail": "The resource could not be found.\n\n No resource provider with uuid 10a7e0fc-ea6a-4c49-9032-d1d05b37e0f5 found for delete ", "request_id": "req-e3eec98b-1821-4689-b24b-f9103fded455"}]}
2026-04-13 04:30:12.594 9 INFO neutron.services.segments.plugin [-] Segment 10a7e0fc-ea6a-4c49-9032-d1d05b37e0f5 resource provider not found; error: Placement Client Error (4xx): {"errors": [{"status": 404, "title": "Not Found", "detail": "The resource could not be found.\n\n No resource provider with uuid 10a7e0fc-ea6a-4c49-9032-d1d05b37e0f5 found for delete ", "request_id": "req-abfde153-f277-4824-b145-c89a11653e05"}]}
2026-04-13 04:30:12.605 10 INFO neutron.wsgi [req-df79e404-84bf-4cec-bad7-60e00de7210e req-bf3fcc1a-0134-431b-ad66-8cd2407f16e7 f692cce3777c4b91a1fcdd78e7c45c67 2b3939243ffe4e058cd2633701c23e32 - - 093a83c510d74e819d0ac2ebf41a7ffc 093a83c510d74e819d0ac2ebf41a7ffc] 10.0.0.56 "GET /v2.0/ports?device_id=ca105ab6-8584-4c41-8ea8-38324ff021be HTTP/1.1" status: 200 len: 1400 time: 0.0383146
2026-04-13 04:30:12.607 9 INFO neutron.wsgi [None req-e9ef7071-3fdc-4f05-82cf-bbb9f55b45cd 8f4a3d29da53443c895401a44dd1139f 62f86385ac8c494c87b178a4a48df5b4 - - - -] 10.0.0.64 "DELETE /v2.0/networks/faf92af0-e58c-4f4d-bdf7-c3e0aa838d6b HTTP/1.1" status: 204 len: 168 time: 0.7135730
2026-04-13 04:30:12.686 10 INFO neutron.wsgi [req-df79e404-84bf-4cec-bad7-60e00de7210e req-3831970f-6240-44c0-940c-e397b841c6f1 f692cce3777c4b91a1fcdd78e7c45c67 2b3939243ffe4e058cd2633701c23e32 - - 093a83c510d74e819d0ac2ebf41a7ffc 093a83c510d74e819d0ac2ebf41a7ffc] 10.0.0.56 "GET /v2.0/security-groups?id=66aaac9d-aa77-4291-abae-ec8f68a1f911&id=281021fb-bb3c-4d6a-bd02-8d07e957036f&fields=id&fields=name HTTP/1.1" status: 200 len: 404 time: 0.0632567
2026-04-13 04:30:12.986 10 INFO neutron.wsgi [None req-53624dae-5657-48a1-b844-50e0f3864f40 8f4a3d29da53443c895401a44dd1139f 62f86385ac8c494c87b178a4a48df5b4 - - - -] 10.0.0.64 "DELETE /v2.0/networks/68226844-cf58-4086-a7f3-da0da7bcbd26 HTTP/1.1" status: 204 len: 168 time: 0.3736203
2026-04-13 04:30:13.317 9 INFO neutron.wsgi [None req-0dcfdd30-2795-41ad-99a0-109197fc8de2 8f4a3d29da53443c895401a44dd1139f 62f86385ac8c494c87b178a4a48df5b4 - - - -] 10.0.0.64 "DELETE /v2.0/networks/cae85b41-3dcb-499f-a048-b0d4cb9e1e15 HTTP/1.1" status: 204 len: 168 time: 0.3272698
2026-04-13 04:30:13.679 10 INFO neutron.wsgi [None req-478660a7-abcd-4047-8012-b7c2f24d9bb6 8f4a3d29da53443c895401a44dd1139f 62f86385ac8c494c87b178a4a48df5b4 - - - -] 10.0.0.64 "DELETE /v2.0/networks/7d0f74eb-8dc5-475a-8c1e-204acfb29a3b HTTP/1.1" status: 204 len: 168 time: 0.3555357
2026-04-13 04:30:13.879 10 INFO neutron.services.segments.plugin [-] Segment 3c11d9bd-1279-45b7-aaab-c3b0aa997269 resource provider aggregate not found
2026-04-13 04:30:13.885 10 INFO neutron.services.segments.plugin [-] Segment 3c11d9bd-1279-45b7-aaab-c3b0aa997269 resource provider aggregate not found
2026-04-13 04:30:13.892 10 INFO neutron.services.segments.plugin [-] Segment 3c11d9bd-1279-45b7-aaab-c3b0aa997269 resource provider not found; error: Placement Client Error (4xx): {"errors": [{"status": 404, "title": "Not Found", "detail": "The resource could not be found.\n\n No resource provider with uuid 3c11d9bd-1279-45b7-aaab-c3b0aa997269 found for delete ", "request_id": "req-23fda462-e631-4d9c-8166-f6e4ee2be8fb"}]}
2026-04-13 04:30:13.899 10 INFO neutron.services.segments.plugin [-] Segment 3c11d9bd-1279-45b7-aaab-c3b0aa997269 resource provider not found; error: Placement Client Error (4xx): {"errors": [{"status": 404, "title": "Not Found", "detail": "The resource could not be found.\n\n No resource provider with uuid 3c11d9bd-1279-45b7-aaab-c3b0aa997269 found for delete ", "request_id": "req-435ccfcb-2fe5-4232-85bf-cb1a3a08cf0f"}]}
2026-04-13 04:30:13.906 10 INFO neutron.services.segments.plugin [-] Segment 7e7baf07-e005-4170-bf8f-0fc91a140ef6 resource provider aggregate not found
2026-04-13 04:30:13.916 10 INFO neutron.services.segments.plugin [-] Segment 7e7baf07-e005-4170-bf8f-0fc91a140ef6 resource provider aggregate not found
2026-04-13 04:30:13.919 10 INFO neutron.services.segments.plugin [-] Segment 7e7baf07-e005-4170-bf8f-0fc91a140ef6 resource provider not found; error: Placement Client Error (4xx): {"errors": [{"status": 404, "title": "Not Found", "detail": "The resource could not be found.\n\n No resource provider with uuid 7e7baf07-e005-4170-bf8f-0fc91a140ef6 found for delete ", "request_id": "req-755ac574-ba47-4a57-a521-73050c24ea99"}]}
2026-04-13 04:30:13.931 10 INFO neutron.services.segments.plugin [-] Segment 7e7baf07-e005-4170-bf8f-0fc91a140ef6 resource provider not found; error: Placement Client Error (4xx): {"errors": [{"status": 404, "title": "Not Found", "detail": "The resource could not be found.\n\n No resource provider with uuid 7e7baf07-e005-4170-bf8f-0fc91a140ef6 found for delete ", "request_id": "req-2ec92c1e-3412-4183-b624-9b9dbaf32afb"}]}
2026-04-13 04:30:14.595 9 INFO neutron.services.segments.plugin [-] Segment 33f588b2-a2ca-4d4a-ab88-cc8298cf125e resource provider aggregate not found
2026-04-13 04:30:14.618 9 INFO neutron.services.segments.plugin [-] Segment 33f588b2-a2ca-4d4a-ab88-cc8298cf125e resource provider aggregate not found
2026-04-13 04:30:14.626 9 INFO neutron.services.segments.plugin [-] Segment 33f588b2-a2ca-4d4a-ab88-cc8298cf125e resource provider not found; error: Placement Client Error (4xx): {"errors": [{"status": 404, "title": "Not Found", "detail": "The resource could not be found.\n\n No resource provider with uuid 33f588b2-a2ca-4d4a-ab88-cc8298cf125e found for delete ", "request_id": "req-f5c881a1-ec61-4136-ab0e-556e82e28d00"}]}
2026-04-13 04:30:14.638 9 INFO neutron.services.segments.plugin [-] Segment 33f588b2-a2ca-4d4a-ab88-cc8298cf125e resource provider not found; error: Placement Client Error (4xx): {"errors": [{"status": 404, "title": "Not Found", "detail": "The resource could not be found.\n\n No resource provider with uuid 33f588b2-a2ca-4d4a-ab88-cc8298cf125e found for delete ", "request_id": "req-72a9921e-b0e0-4d51-8669-76cf2c6078c4"}]}
2026-04-13 04:30:14.677 10 INFO neutron.db.ovn_revision_numbers_db [None req-705c9cd3-6cff-495f-bef4-b6ed9c39b261 379f1c46807e426484818e9b9be1a5ee 282fc45e307543fa9ca1e2586a1ac971 - - default default] Successfully bumped revision number for resource dd5e6b40-5b72-4838-bcef-7436943c54f7 (type: security_groups) to 1
2026-04-13 04:30:14.698 10 INFO neutron.wsgi [None req-705c9cd3-6cff-495f-bef4-b6ed9c39b261 379f1c46807e426484818e9b9be1a5ee 282fc45e307543fa9ca1e2586a1ac971 - - default default] 10.0.0.64 "GET /v2.0/security-groups?tenant_id=f46251f8f2b14ff183af0dbc9630f665&name=default HTTP/1.1" status: 200 len: 2996 time: 0.2620606
2026-04-13 04:30:14.733 10 INFO neutron.plugins.ml2.drivers.ovn.mech_driver.mech_driver [None req-7a21579d-a347-4cc4-8330-83ccb25d53fb - - - - - -] OVN reports status down for port: d1439dc3-324d-4ad8-9b1e-1bdeece6b56d
2026-04-13 04:30:14.755 9 INFO neutron.wsgi [req-24ace1c1-f053-4f40-91ff-8e40fdc3f174 req-4682f4f0-ea9b-4295-b28e-dcdccf65639a 13e51826de1c4671a4818a09a018c050 20cba5ee50364776a207a7f0f3f092fc - - default default] 10.0.0.254 "GET /v2.0/ports?device_id=ca105ab6-8584-4c41-8ea8-38324ff021be HTTP/1.1" status: 200 len: 1210 time: 0.0791287
2026-04-13 04:30:14.800 9 INFO neutron.wsgi [req-24ace1c1-f053-4f40-91ff-8e40fdc3f174 req-d21139f5-58ce-45ac-bdb3-329687abbecd 13e51826de1c4671a4818a09a018c050 20cba5ee50364776a207a7f0f3f092fc - - default default] 10.0.0.254 "GET /v2.0/security-groups?id=281021fb-bb3c-4d6a-bd02-8d07e957036f&id=66aaac9d-aa77-4291-abae-ec8f68a1f911&fields=id&fields=name HTTP/1.1" status: 200 len: 404 time: 0.0384874
2026-04-13 04:30:14.871 10 INFO neutron.notifiers.nova [-] Nova event matching ['req-ab1c7ca6-786e-43c6-81ad-3eba392a7d0c'] response: {'server_uuid': 'ca105ab6-8584-4c41-8ea8-38324ff021be', 'name': 'network-vif-unplugged', 'status': 'completed', 'tag': 'd1439dc3-324d-4ad8-9b1e-1bdeece6b56d', 'code': 200}
2026-04-13 04:30:14.974 10 INFO neutron.wsgi [None req-c8326ba7-ad44-4df6-b49d-3690504df249 379f1c46807e426484818e9b9be1a5ee 282fc45e307543fa9ca1e2586a1ac971 - - - -] 10.0.0.64 "DELETE /v2.0/security-groups/dd5e6b40-5b72-4838-bcef-7436943c54f7 HTTP/1.1" status: 204 len: 168 time: 0.2710171
2026-04-13 04:30:15.005 10 INFO neutron.db.ovn_revision_numbers_db [None req-7a21579d-a347-4cc4-8330-83ccb25d53fb - - - - - -] Successfully bumped revision number for resource d1439dc3-324d-4ad8-9b1e-1bdeece6b56d (type: ports) to 5
2026-04-13 04:30:15.025 9 INFO neutron.wsgi [req-026cb038-2032-4db8-8a9a-55104ef6d1a4 req-77c8b396-7b80-4b34-96f2-205ddae6d5aa 13e51826de1c4671a4818a09a018c050 20cba5ee50364776a207a7f0f3f092fc - - default default] 199.204.45.30 "GET /v2.0/ports?device_id=ca105ab6-8584-4c41-8ea8-38324ff021be HTTP/1.1" status: 200 len: 1208 time: 0.0367889 /var/lib/openstack/lib/python3.10/site-packages/pycadf/identifier.py:71: UserWarning: Invalid uuid: neutron. To ensure interoperability, identifiers should be a valid uuid. warnings.warn(('Invalid uuid: %s. To ensure interoperability, '
2026-04-13 04:30:15.093 10 INFO neutron.wsgi [None req-3432c898-5b9b-49ce-9521-847b3f1f2ba7 379f1c46807e426484818e9b9be1a5ee 282fc45e307543fa9ca1e2586a1ac971 - - default default] 10.0.0.64 "GET /v2.0/security-groups?tenant_id=62f86385ac8c494c87b178a4a48df5b4&name=default HTTP/1.1" status: 200 len: 2996 time: 0.0279613
2026-04-13 04:30:15.244 10 INFO neutron.wsgi [None req-a0be4ff7-5236-4452-92d0-cdc7d8235620 379f1c46807e426484818e9b9be1a5ee 282fc45e307543fa9ca1e2586a1ac971 - - - -] 10.0.0.64 "DELETE /v2.0/security-groups/8f4c7d60-c52d-44be-a4f9-d4fa407563b9 HTTP/1.1" status: 204 len: 168 time: 0.1458309
2026-04-13 04:30:15.281 9 INFO neutron.db.l3_db [None req-f15b7040-dfa6-4e4b-b597-c960bc502507 13e51826de1c4671a4818a09a018c050 20cba5ee50364776a207a7f0f3f092fc - - - -] Floating IP 364b061b-763e-4f27-8d2f-540fbfedffa7 disassociated. External IP: 10.96.250.207, port: d1439dc3-324d-4ad8-9b1e-1bdeece6b56d. /var/lib/openstack/lib/python3.10/site-packages/pycadf/identifier.py:71: UserWarning: Invalid uuid: neutron. To ensure interoperability, identifiers should be a valid uuid. warnings.warn(('Invalid uuid: %s. To ensure interoperability, '
2026-04-13 04:30:15.453 9 INFO neutron.wsgi [None req-f15b7040-dfa6-4e4b-b597-c960bc502507 13e51826de1c4671a4818a09a018c050 20cba5ee50364776a207a7f0f3f092fc - - - -] 199.204.45.30 "DELETE /v2.0/ports/d1439dc3-324d-4ad8-9b1e-1bdeece6b56d HTTP/1.1" status: 204 len: 173 time: 0.4240739
2026-04-13 04:30:15.480 10 INFO neutron.db.ovn_revision_numbers_db [None req-5ad0aeda-c9ae-42be-bd73-0af92d5c90af 379f1c46807e426484818e9b9be1a5ee 282fc45e307543fa9ca1e2586a1ac971 - - default default] Successfully bumped revision number for resource cf760d79-c560-4e8b-9cee-336bb15ea60d (type: security_groups) to 1
2026-04-13 04:30:15.483 9 INFO neutron.notifiers.nova [-] Nova event matching ['req-324d632e-b536-42a4-af2a-3b8b0605ce31'] response: {'server_uuid': 'ca105ab6-8584-4c41-8ea8-38324ff021be', 'name': 'network-vif-deleted', 'tag': 'd1439dc3-324d-4ad8-9b1e-1bdeece6b56d', 'status': 'completed', 'code': 200}
2026-04-13 04:30:15.500 10 INFO neutron.wsgi [None req-5ad0aeda-c9ae-42be-bd73-0af92d5c90af 379f1c46807e426484818e9b9be1a5ee 282fc45e307543fa9ca1e2586a1ac971 - - default default] 10.0.0.64 "GET /v2.0/security-groups?tenant_id=08fdd15a6fca483d8f6ae4076a62d9e5&name=default HTTP/1.1" status: 200 len: 2996 time: 0.1081069
2026-04-13 04:30:15.930 10 INFO neutron.wsgi [None req-ac41b752-d6f2-4622-872e-f9c609811bfb 379f1c46807e426484818e9b9be1a5ee 282fc45e307543fa9ca1e2586a1ac971 - - - -] 10.0.0.64 "DELETE /v2.0/security-groups/cf760d79-c560-4e8b-9cee-336bb15ea60d HTTP/1.1" status: 204 len: 168 time: 0.4259224
2026-04-13 04:30:16.073 10 INFO neutron.wsgi [None req-30c6e872-ebdc-4408-829b-1c66f9f66669 13e51826de1c4671a4818a09a018c050 20cba5ee50364776a207a7f0f3f092fc - - - -] 10.0.0.64 "DELETE /v2.0/security-groups/66aaac9d-aa77-4291-abae-ec8f68a1f911 HTTP/1.1" status: 204 len: 168 time: 0.1387241
2026-04-13 04:30:16.087 10 INFO neutron.api.v2.resource [None req-ba1f7236-d182-4a9f-9f48-1ec964b487f8 13e51826de1c4671a4818a09a018c050 20cba5ee50364776a207a7f0f3f092fc - - default default] show failed (client error): The resource could not be found.
2026-04-13 04:30:16.088 10 INFO neutron.wsgi [None req-ba1f7236-d182-4a9f-9f48-1ec964b487f8 13e51826de1c4671a4818a09a018c050 20cba5ee50364776a207a7f0f3f092fc - - default default] 10.0.0.64 "GET /v2.0/security-groups/66aaac9d-aa77-4291-abae-ec8f68a1f911 HTTP/1.1" status: 404 len: 347 time: 0.0108855
2026-04-13 04:30:16.389 10 INFO neutron.wsgi [None req-47b29bd7-c31f-41f2-b905-985bb6c41bcd 13e51826de1c4671a4818a09a018c050 20cba5ee50364776a207a7f0f3f092fc - - - -] 10.0.0.64 "DELETE /v2.0/floatingips/364b061b-763e-4f27-8d2f-540fbfedffa7 HTTP/1.1" status: 204 len: 168 time: 0.2982028
2026-04-13 04:30:16.510 10 INFO neutron.wsgi [None req-65d17ebe-1152-4b50-9f60-a0a4912ce046 13e51826de1c4671a4818a09a018c050 20cba5ee50364776a207a7f0f3f092fc - - - -] 10.0.0.64 "DELETE /v2.0/security-groups/281021fb-bb3c-4d6a-bd02-8d07e957036f HTTP/1.1" status: 204 len: 168 time: 0.1159797
2026-04-13 04:30:16.930 10 INFO neutron.notifiers.nova [-] Nova event matching ['req-919b8c2a-1d2f-4dcb-a062-5a8e744d7d51'] response: {'server_uuid': 'ca105ab6-8584-4c41-8ea8-38324ff021be', 'name': 'network-vif-plugged', 'status': 'completed', 'tag': 'd1439dc3-324d-4ad8-9b1e-1bdeece6b56d', 'code': 200}
2026-04-13 04:30:17.527 10 INFO neutron.wsgi [None req-4224e781-b72d-4072-8f34-19e49cc65d41 379f1c46807e426484818e9b9be1a5ee 282fc45e307543fa9ca1e2586a1ac971 - - - -] 10.0.0.64 "PUT /v2.0/routers/98baf152-f9a0-4716-a0f3-b1d59d5646d2/remove_router_interface HTTP/1.1" status: 200 len: 503 time: 0.9866860 /var/lib/openstack/lib/python3.10/site-packages/pycadf/identifier.py:71: UserWarning: Invalid uuid: neutron. To ensure interoperability, identifiers should be a valid uuid. warnings.warn(('Invalid uuid: %s. To ensure interoperability, '
2026-04-13 04:30:18.121 10 INFO neutron.wsgi [None req-adf25d7d-16f6-4fa9-a5c1-35ac6d6b35a5 379f1c46807e426484818e9b9be1a5ee 282fc45e307543fa9ca1e2586a1ac971 - - - -] 10.0.0.64 "DELETE /v2.0/routers/98baf152-f9a0-4716-a0f3-b1d59d5646d2 HTTP/1.1" status: 204 len: 168 time: 0.5875554
2026-04-13 04:30:18.303 10 INFO neutron.wsgi [None req-fa8c947a-e678-4197-b12d-ab194b2bb569 379f1c46807e426484818e9b9be1a5ee 282fc45e307543fa9ca1e2586a1ac971 - - - -] 10.0.0.64 "DELETE /v2.0/subnets/eee11e46-1477-4edd-aa54-fef718671f00 HTTP/1.1" status: 204 len: 168 time: 0.1786332
2026-04-13 04:30:18.636 10 INFO neutron.services.segments.plugin [-] Segment 9aeb339f-0830-4ce7-ac41-e0421abfa34e resource provider aggregate not found
2026-04-13 04:30:18.646 10 INFO neutron.services.segments.plugin [-] Segment 9aeb339f-0830-4ce7-ac41-e0421abfa34e resource provider aggregate not found
2026-04-13 04:30:18.667 10 INFO neutron.services.segments.plugin [-] Segment 9aeb339f-0830-4ce7-ac41-e0421abfa34e resource provider not found; error: Placement Client Error (4xx): {"errors": [{"status": 404, "title": "Not Found", "detail": "The resource could not be found.\n\n No resource provider with uuid 9aeb339f-0830-4ce7-ac41-e0421abfa34e found for delete ", "request_id": "req-42e0ccb6-0dde-4063-b92a-07ae4b8e7950"}]}
2026-04-13 04:30:18.667 10 INFO neutron.services.segments.plugin [-] Segment 9aeb339f-0830-4ce7-ac41-e0421abfa34e resource provider not found; error: Placement Client Error (4xx): {"errors": [{"status": 404, "title": "Not Found", "detail": "The resource could not be found.\n\n No resource provider with uuid 9aeb339f-0830-4ce7-ac41-e0421abfa34e found for delete ", "request_id": "req-4febaee9-a718-4d1f-8fd4-4b6c3954b440"}]}
2026-04-13 04:30:18.692 10 INFO neutron.wsgi [None req-0a95571d-1259-4f41-baf6-2dc78a6ce9b3 379f1c46807e426484818e9b9be1a5ee 282fc45e307543fa9ca1e2586a1ac971 - - - -] 10.0.0.64 "DELETE /v2.0/networks/8a827bfe-3265-4eb3-a43b-1c6172e1520b HTTP/1.1" status: 204 len: 168 time: 0.3846264
2026-04-13 04:30:19.136 10 INFO neutron.wsgi [None req-eb390bc4-74e9-4e74-9f90-ea8797e29dcc 1f38bea9cc984d7399e14827b03aaf5b dfbfa5776bd740dd8f8f067ab25bb435 - - - -] 10.0.0.64 "POST /v2.0/subnetpools HTTP/1.1" status: 201 len: 715 time: 0.1892569
2026-04-13 04:30:19.168 10 INFO neutron.wsgi [None req-37af7d5c-2b19-4585-a7df-06acf111271e 1f38bea9cc984d7399e14827b03aaf5b dfbfa5776bd740dd8f8f067ab25bb435 - - - -] 10.0.0.64 "PUT /v2.0/subnetpools/0c5f64c4-021c-4529-822d-70a383bc9b7c/tags HTTP/1.1" status: 200 len: 218 time: 0.0266573
2026-04-13 04:30:19.190 10 INFO neutron.wsgi [None req-5edad24d-7ec5-4220-ada0-0a4a6d6bcee4 1f38bea9cc984d7399e14827b03aaf5b dfbfa5776bd740dd8f8f067ab25bb435 - - default default] 10.0.0.64 "GET /v2.0/subnetpools/0c5f64c4-021c-4529-822d-70a383bc9b7c/tags HTTP/1.1" status: 200 len: 218 time: 0.0166667
2026-04-13 04:30:19.218 10 INFO neutron.wsgi [None req-3a87c64b-04d2-4564-ac43-896fe7b63345 1f38bea9cc984d7399e14827b03aaf5b dfbfa5776bd740dd8f8f067ab25bb435 - - - -] 10.0.0.64 "PUT /v2.0/subnetpools/0c5f64c4-021c-4529-822d-70a383bc9b7c/tags/green HTTP/1.1" status: 201 len: 201 time: 0.0237844
2026-04-13 04:30:19.239 10 INFO neutron.wsgi [None req-97c1d77b-f91c-4442-86f9-da32ccfddfe4 1f38bea9cc984d7399e14827b03aaf5b dfbfa5776bd740dd8f8f067ab25bb435 - - default default] 10.0.0.64 "GET /v2.0/subnetpools/0c5f64c4-021c-4529-822d-70a383bc9b7c/tags HTTP/1.1" status: 200 len: 227 time: 0.0161083
2026-04-13 04:30:19.256 10 INFO neutron.wsgi [None req-01fc8b9e-b9ce-4266-b09b-7a893529b067 1f38bea9cc984d7399e14827b03aaf5b dfbfa5776bd740dd8f8f067ab25bb435 - - - -] 10.0.0.64 "PUT /v2.0/subnetpools/0c5f64c4-021c-4529-822d-70a383bc9b7c/tags/red HTTP/1.1" status: 201 len: 201 time: 0.0131824
2026-04-13 04:30:19.273 10 INFO neutron.wsgi [None req-dc624b4c-da1f-44d8-aecc-742436e778ed 1f38bea9cc984d7399e14827b03aaf5b dfbfa5776bd740dd8f8f067ab25bb435 - - default default] 10.0.0.64 "GET /v2.0/subnetpools/0c5f64c4-021c-4529-822d-70a383bc9b7c/tags HTTP/1.1" status: 200 len: 227 time: 0.0126836
2026-04-13 04:30:19.297 10 INFO neutron.wsgi [None req-11f49d5b-b7db-441a-8b36-d8cd2f79fa1e 1f38bea9cc984d7399e14827b03aaf5b dfbfa5776bd740dd8f8f067ab25bb435 - - - -] 10.0.0.64 "PUT /v2.0/subnetpools/0c5f64c4-021c-4529-822d-70a383bc9b7c/tags/black.or.white HTTP/1.1" status: 201 len: 201 time: 0.0196471
2026-04-13 04:30:19.314 10 INFO neutron.wsgi [None req-499055a9-14e0-4c62-bf8e-475dfcd617e7 1f38bea9cc984d7399e14827b03aaf5b dfbfa5776bd740dd8f8f067ab25bb435 - - default default] 10.0.0.64 "GET /v2.0/subnetpools/0c5f64c4-021c-4529-822d-70a383bc9b7c/tags HTTP/1.1" status: 200 len: 245 time: 0.0125127
2026-04-13 04:30:19.348 10 INFO neutron.wsgi [None req-21b08856-7c4e-434d-b013-5a1edcf23ced 1f38bea9cc984d7399e14827b03aaf5b dfbfa5776bd740dd8f8f067ab25bb435 - - - -] 10.0.0.64 "PUT /v2.0/subnetpools/0c5f64c4-021c-4529-822d-70a383bc9b7c/tags HTTP/1.1" status: 200 len: 230 time: 0.0306425
2026-04-13 04:30:19.384 9 INFO neutron.wsgi [None req-30547d1e-c7eb-4cd5-8a41-1cf9b11c6c33 1f38bea9cc984d7399e14827b03aaf5b dfbfa5776bd740dd8f8f067ab25bb435 - - default default] 10.0.0.64 "GET /v2.0/subnetpools/0c5f64c4-021c-4529-822d-70a383bc9b7c/tags HTTP/1.1" status: 200 len: 230 time: 0.0306728
2026-04-13 04:30:19.402 9 INFO neutron.wsgi [None req-0b085c6c-65d6-4fa1-899a-f7be84a67dea 1f38bea9cc984d7399e14827b03aaf5b dfbfa5776bd740dd8f8f067ab25bb435 - - default default] 10.0.0.64 "GET /v2.0/subnetpools/0c5f64c4-021c-4529-822d-70a383bc9b7c/tags/red HTTP/1.1" status: 204 len: 168 time: 0.0139267
2026-04-13 04:30:19.424 10 INFO neutron.api.v2.resource [None req-71a2b70a-9729-4ac0-9840-3dcab2f15271 1f38bea9cc984d7399e14827b03aaf5b dfbfa5776bd740dd8f8f067ab25bb435 - - default default] show failed (client error): The resource could not be found.
2026-04-13 04:30:19.425 10 INFO neutron.wsgi [None req-71a2b70a-9729-4ac0-9840-3dcab2f15271 1f38bea9cc984d7399e14827b03aaf5b dfbfa5776bd740dd8f8f067ab25bb435 - - default default] 10.0.0.64 "GET /v2.0/subnetpools/0c5f64c4-021c-4529-822d-70a383bc9b7c/tags/green HTTP/1.1" status: 404 len: 299 time: 0.0174122
2026-04-13 04:30:19.455 10 INFO neutron.wsgi [None req-9b772331-6aa9-4dd6-ac9a-da6449411821 1f38bea9cc984d7399e14827b03aaf5b dfbfa5776bd740dd8f8f067ab25bb435 - - - -] 10.0.0.64 "DELETE /v2.0/subnetpools/0c5f64c4-021c-4529-822d-70a383bc9b7c/tags/red HTTP/1.1" status: 204 len: 168 time: 0.0257146
2026-04-13 04:30:19.476 10 INFO neutron.wsgi [None req-8849e6a9-7135-4a61-9b99-b89264f93d91 1f38bea9cc984d7399e14827b03aaf5b dfbfa5776bd740dd8f8f067ab25bb435 - - default default] 10.0.0.64 "GET /v2.0/subnetpools/0c5f64c4-021c-4529-822d-70a383bc9b7c/tags HTTP/1.1" status: 200 len: 223 time: 0.0164304
2026-04-13 04:30:19.497 10 INFO neutron.api.v2.resource [None req-8aa1fa0f-a7d1-4cf8-ab3e-efea8625f0cd 1f38bea9cc984d7399e14827b03aaf5b dfbfa5776bd740dd8f8f067ab25bb435 - - - -] delete failed (client error): The resource could not be found.
2026-04-13 04:30:19.498 10 INFO neutron.wsgi [None req-8aa1fa0f-a7d1-4cf8-ab3e-efea8625f0cd 1f38bea9cc984d7399e14827b03aaf5b dfbfa5776bd740dd8f8f067ab25bb435 - - - -] 10.0.0.64 "DELETE /v2.0/subnetpools/0c5f64c4-021c-4529-822d-70a383bc9b7c/tags/green HTTP/1.1" status: 404 len: 299 time: 0.0169520
2026-04-13 04:30:19.531 10 INFO neutron.wsgi [None req-daae55a6-7460-45f2-aa20-50a3599041d0 1f38bea9cc984d7399e14827b03aaf5b dfbfa5776bd740dd8f8f067ab25bb435 - - - -] 10.0.0.64 "DELETE /v2.0/subnetpools/0c5f64c4-021c-4529-822d-70a383bc9b7c/tags HTTP/1.1" status: 204 len: 168 time: 0.0292723
2026-04-13 04:30:19.549 10 INFO neutron.wsgi [None req-9a720c67-4056-4132-999b-aaeca8a883f8 1f38bea9cc984d7399e14827b03aaf5b dfbfa5776bd740dd8f8f067ab25bb435 - - default default] 10.0.0.64 "GET /v2.0/subnetpools/0c5f64c4-021c-4529-822d-70a383bc9b7c/tags HTTP/1.1" status: 200 len: 205 time: 0.0137725
2026-04-13 04:30:19.608 10 INFO neutron.wsgi [None req-01ca3796-271b-41f6-a9d9-0b84f29ff3f8 1f38bea9cc984d7399e14827b03aaf5b dfbfa5776bd740dd8f8f067ab25bb435 - - - -] 10.0.0.64 "DELETE /v2.0/subnetpools/0c5f64c4-021c-4529-822d-70a383bc9b7c HTTP/1.1" status: 204 len: 168 time: 0.0537610
2026-04-13 04:30:19.613 9 INFO neutron.wsgi [None req-adc077cc-a26f-4e43-b68d-76910ad371a5 379f1c46807e426484818e9b9be1a5ee 282fc45e307543fa9ca1e2586a1ac971 - - - -] 10.0.0.64 "PUT /v2.0/routers/c4dba717-a9de-41b9-b7fe-65f280b3a570/remove_router_interface HTTP/1.1" status: 200 len: 503 time: 0.9158280 /var/lib/openstack/lib/python3.10/site-packages/pycadf/identifier.py:71: UserWarning: Invalid uuid: neutron. To ensure interoperability, identifiers should be a valid uuid. warnings.warn(('Invalid uuid: %s. To ensure interoperability, '
2026-04-13 04:30:19.767 10 INFO neutron.wsgi [-] 10.0.0.191 "GET / HTTP/1.1" status: 200 len: 246 time: 0.0018654
2026-04-13 04:30:19.769 10 INFO neutron.wsgi [-] 10.0.0.191 "GET / HTTP/1.1" status: 200 len: 246 time: 0.0013278
2026-04-13 04:30:20.173 9 INFO neutron.wsgi [None req-3860bfd4-5f5e-4806-bf1f-0d158b0e4857 379f1c46807e426484818e9b9be1a5ee 282fc45e307543fa9ca1e2586a1ac971 - - - -] 10.0.0.64 "DELETE /v2.0/routers/c4dba717-a9de-41b9-b7fe-65f280b3a570 HTTP/1.1" status: 204 len: 168 time: 0.5565541
2026-04-13 04:30:20.357 10 INFO neutron.wsgi [None req-fdce4b2e-36f2-48c1-8432-ea77558a3bd3 379f1c46807e426484818e9b9be1a5ee 282fc45e307543fa9ca1e2586a1ac971 - - - -] 10.0.0.64 "DELETE /v2.0/subnets/7102aded-d302-4c08-82f4-422ab92d620a HTTP/1.1" status: 204 len: 168 time: 0.1774397
2026-04-13 04:30:20.394 9 INFO neutron.db.ovn_revision_numbers_db [None req-ab996ea7-3961-479b-8625-2317cc07a913 379f1c46807e426484818e9b9be1a5ee 282fc45e307543fa9ca1e2586a1ac971 - - default default] Successfully bumped revision number for resource 4f11bbcc-15c6-4e2b-abc4-445f0a6173da (type: security_groups) to 1
2026-04-13 04:30:20.416 9 INFO neutron.wsgi [None req-ab996ea7-3961-479b-8625-2317cc07a913 379f1c46807e426484818e9b9be1a5ee 282fc45e307543fa9ca1e2586a1ac971 - - default default] 10.0.0.64 "GET /v2.0/security-groups?tenant_id=dfbfa5776bd740dd8f8f067ab25bb435&name=default HTTP/1.1" status: 200 len: 2996 time: 0.2029185
2026-04-13 04:30:20.574 9 INFO neutron.wsgi [None req-cbe30ea8-1c89-4229-a11f-1ad22f719796 379f1c46807e426484818e9b9be1a5ee 282fc45e307543fa9ca1e2586a1ac971 - - - -] 10.0.0.64 "DELETE /v2.0/security-groups/4f11bbcc-15c6-4e2b-abc4-445f0a6173da HTTP/1.1" status: 204 len: 168 time: 0.1528766
2026-04-13 04:30:20.691 10 INFO neutron.services.segments.plugin [-] Segment bb723478-9df0-43eb-b35a-e23b140b6620 resource provider aggregate not found
2026-04-13 04:30:20.695 10 INFO neutron.services.segments.plugin [-] Segment bb723478-9df0-43eb-b35a-e23b140b6620 resource provider aggregate not found
2026-04-13 04:30:20.715 10 INFO neutron.services.segments.plugin [-] Segment bb723478-9df0-43eb-b35a-e23b140b6620 resource provider not found; error: Placement Client Error (4xx): {"errors": [{"status": 404, "title": "Not Found", "detail": "The resource could not be found.\n\n No resource provider with uuid bb723478-9df0-43eb-b35a-e23b140b6620 found for delete ", "request_id": "req-df7f1547-0f53-487f-87a8-6a69b5a28898"}]}
2026-04-13 04:30:20.716 10 INFO neutron.services.segments.plugin [-] Segment bb723478-9df0-43eb-b35a-e23b140b6620 resource provider not found; error: Placement Client Error (4xx): {"errors": [{"status": 404, "title": "Not Found", "detail": "The resource could not be found.\n\n No resource provider with uuid bb723478-9df0-43eb-b35a-e23b140b6620 found for delete ", "request_id": "req-ad00c0d5-997e-45ec-9e62-383e41367e48"}]}
2026-04-13 04:30:20.725 10 INFO neutron.wsgi [None req-da6d4fb2-28ba-4e39-b4c5-6d95074ba7dc 379f1c46807e426484818e9b9be1a5ee 282fc45e307543fa9ca1e2586a1ac971 - - - -] 10.0.0.64 "DELETE /v2.0/networks/7667c2ad-440b-41fd-85cc-6571b43780bc HTTP/1.1" status: 204 len: 168 time: 0.3630393
2026-04-13 04:30:20.764 9 INFO neutron.db.ovn_revision_numbers_db [None req-edd7c54f-e20e-4f01-bb06-27ba6ac2564c 379f1c46807e426484818e9b9be1a5ee 282fc45e307543fa9ca1e2586a1ac971 - - default default] Successfully bumped revision number for resource 0dd13ba2-ea46-406b-9d0c-ec8f93d87911 (type: security_groups) to 1
2026-04-13 04:30:20.790 9 INFO neutron.wsgi [None req-edd7c54f-e20e-4f01-bb06-27ba6ac2564c 379f1c46807e426484818e9b9be1a5ee 282fc45e307543fa9ca1e2586a1ac971 - - default default] 10.0.0.64 "GET /v2.0/security-groups?tenant_id=73e6a444dbab4eadae449525e5968b0e&name=default HTTP/1.1" status: 200 len: 2996 time: 0.1132488
2026-04-13 04:30:20.955 9 INFO neutron.wsgi [None req-3908b5f0-82d9-4dd4-9905-33885b291135 379f1c46807e426484818e9b9be1a5ee 282fc45e307543fa9ca1e2586a1ac971 - - - -] 10.0.0.64 "DELETE /v2.0/security-groups/0dd13ba2-ea46-406b-9d0c-ec8f93d87911 HTTP/1.1" status: 204 len: 168 time: 0.1607149
2026-04-13 04:30:21.046 9 INFO neutron.wsgi [None req-217585fb-2d18-4f98-bebd-dc2730458249 379f1c46807e426484818e9b9be1a5ee 282fc45e307543fa9ca1e2586a1ac971 - - default default] 10.0.0.64 "GET /v2.0/security-groups?tenant_id=e16d75d6774d44b2b3a1f2353345c0dc&name=default HTTP/1.1" status: 200 len: 2996 time: 0.0281644
2026-04-13 04:30:21.202 9 INFO neutron.wsgi [None req-0cb489fb-f9df-4ec3-8835-f5438da3eb37 379f1c46807e426484818e9b9be1a5ee 282fc45e307543fa9ca1e2586a1ac971 - - - -] 10.0.0.64 "DELETE /v2.0/security-groups/4daa5367-1f8a-42da-8e16-aebf9f50ce94 HTTP/1.1" status: 204 len: 168 time: 0.1520743
2026-04-13 04:30:21.368 10 INFO neutron.wsgi [None req-ee32232c-278a-4827-879c-eec6c97e47af 379f1c46807e426484818e9b9be1a5ee 282fc45e307543fa9ca1e2586a1ac971 - - default default] 10.0.0.64 "GET /v2.0/security-groups?tenant_id=20cba5ee50364776a207a7f0f3f092fc&name=default HTTP/1.1" status: 200 len: 2996 time: 0.0291846
2026-04-13 04:30:21.510 10 INFO neutron.wsgi [None req-71b5a20b-569e-4158-9df4-f54a0a07445a 379f1c46807e426484818e9b9be1a5ee 282fc45e307543fa9ca1e2586a1ac971 - - - -] 10.0.0.64 "DELETE /v2.0/security-groups/dae37206-bfe6-4b15-959e-1eedf04ee70e HTTP/1.1" status: 204 len: 168 time: 0.1380548
2026-04-13 04:30:24.174 10 INFO neutron.db.ovn_revision_numbers_db [None req-f29cf947-cd76-4f5b-ab40-4815c6a2c01e 1ec7ab68681f4b5c977d2c5895b8ae7c d1a5bf02e3794294920c28d1b51a3d2c - - - -] Successfully bumped revision number for resource f90f9a95-c172-4fb1-871f-7835f273b4f4 (type: security_groups) to 1
2026-04-13 04:30:24.227 10 INFO neutron.db.segments_db [None req-f29cf947-cd76-4f5b-ab40-4815c6a2c01e 1ec7ab68681f4b5c977d2c5895b8ae7c d1a5bf02e3794294920c28d1b51a3d2c - - - -] Added segment 161fc842-c5a7-46a2-bed5-db9e78f56888 of type geneve for network 6e5a3d81-d5e7-4c48-89a9-058fcf23dce5
2026-04-13 04:30:24.347 10 INFO neutron.db.ovn_revision_numbers_db [None req-f29cf947-cd76-4f5b-ab40-4815c6a2c01e 1ec7ab68681f4b5c977d2c5895b8ae7c d1a5bf02e3794294920c28d1b51a3d2c - - - -] Successfully bumped revision number for resource 6e5a3d81-d5e7-4c48-89a9-058fcf23dce5 (type: networks) to 1
2026-04-13 04:30:24.499 10 WARNING neutron.scheduler.dhcp_agent_scheduler [None req-f29cf947-cd76-4f5b-ab40-4815c6a2c01e 1ec7ab68681f4b5c977d2c5895b8ae7c d1a5bf02e3794294920c28d1b51a3d2c - - - -] No more DHCP agents
2026-04-13 04:30:24.500 10 WARNING neutron.api.rpc.agentnotifiers.dhcp_rpc_agent_api [None req-f29cf947-cd76-4f5b-ab40-4815c6a2c01e 1ec7ab68681f4b5c977d2c5895b8ae7c d1a5bf02e3794294920c28d1b51a3d2c - - - -] Unable to schedule network 6e5a3d81-d5e7-4c48-89a9-058fcf23dce5: no agents available; will retry on subsequent port and subnet creation events.
2026-04-13 04:30:24.553 10 INFO neutron.db.ovn_revision_numbers_db [None req-f29cf947-cd76-4f5b-ab40-4815c6a2c01e 1ec7ab68681f4b5c977d2c5895b8ae7c d1a5bf02e3794294920c28d1b51a3d2c - - - -] Successfully bumped revision number for resource a9011ee7-68ad-40e7-8175-9919813c958f (type: ports) to 1
2026-04-13 04:30:24.573 10 INFO neutron.wsgi [None req-f29cf947-cd76-4f5b-ab40-4815c6a2c01e 1ec7ab68681f4b5c977d2c5895b8ae7c d1a5bf02e3794294920c28d1b51a3d2c - - - -] 10.0.0.64 "POST /v2.0/networks HTTP/1.1" status: 201 len: 830 time: 0.6351438
2026-04-13 04:30:24.824 10 WARNING neutron.scheduler.dhcp_agent_scheduler [None req-162a31c9-dd68-4dd2-a598-743f77049b73 1ec7ab68681f4b5c977d2c5895b8ae7c d1a5bf02e3794294920c28d1b51a3d2c - - - -] No more DHCP agents
2026-04-13 04:30:24.827 10 WARNING neutron.api.rpc.agentnotifiers.dhcp_rpc_agent_api [None req-162a31c9-dd68-4dd2-a598-743f77049b73 1ec7ab68681f4b5c977d2c5895b8ae7c d1a5bf02e3794294920c28d1b51a3d2c - - - -] Unable to schedule network 6e5a3d81-d5e7-4c48-89a9-058fcf23dce5: no agents available; will retry on subsequent port and subnet creation events.
2026-04-13 04:30:25.489 10 INFO neutron.db.ovn_revision_numbers_db [None req-162a31c9-dd68-4dd2-a598-743f77049b73 1ec7ab68681f4b5c977d2c5895b8ae7c d1a5bf02e3794294920c28d1b51a3d2c - - - -] Successfully bumped revision number for resource a9011ee7-68ad-40e7-8175-9919813c958f (type: ports) to 2
2026-04-13 04:30:25.499 10 INFO neutron.db.ovn_revision_numbers_db [None req-162a31c9-dd68-4dd2-a598-743f77049b73 1ec7ab68681f4b5c977d2c5895b8ae7c d1a5bf02e3794294920c28d1b51a3d2c - - - -] Successfully bumped revision number for resource fcd1edb5-d2ca-4d33-8cc2-0a1ffbb8d7e6 (type: subnets) to 0
2026-04-13 04:30:25.518 10 INFO neutron.wsgi [None req-162a31c9-dd68-4dd2-a598-743f77049b73 1ec7ab68681f4b5c977d2c5895b8ae7c d1a5bf02e3794294920c28d1b51a3d2c - - - -] 10.0.0.64 "POST /v2.0/subnets HTTP/1.1" status: 201 len: 801 time: 0.9407508
2026-04-13 04:30:25.586 9 INFO neutron.wsgi [None req-f24bf236-3146-418e-8c42-29ba1d4dcbd2 1ec7ab68681f4b5c977d2c5895b8ae7c d1a5bf02e3794294920c28d1b51a3d2c - - - -] 10.0.0.64 "PUT /v2.0/subnets/fcd1edb5-d2ca-4d33-8cc2-0a1ffbb8d7e6/tags HTTP/1.1" status: 200 len: 218 time: 0.0625169
2026-04-13 04:30:25.621 9 INFO neutron.wsgi [None req-8bb1d1bd-b384-4544-9d01-0e9b13529d12 1ec7ab68681f4b5c977d2c5895b8ae7c d1a5bf02e3794294920c28d1b51a3d2c - - default default] 10.0.0.64 "GET /v2.0/subnets/fcd1edb5-d2ca-4d33-8cc2-0a1ffbb8d7e6/tags HTTP/1.1" status: 200 len: 218 time: 0.0291147
2026-04-13 04:30:25.667 9 INFO neutron.wsgi [None req-521bc70f-957b-4146-bbb8-bab1042f03c1 1ec7ab68681f4b5c977d2c5895b8ae7c d1a5bf02e3794294920c28d1b51a3d2c - - - -] 10.0.0.64 "PUT /v2.0/subnets/fcd1edb5-d2ca-4d33-8cc2-0a1ffbb8d7e6/tags/green HTTP/1.1" status: 201 len: 201 time: 0.0395286
2026-04-13 04:30:25.699 9 INFO neutron.wsgi [None req-a6e8cc84-5cd5-4375-b735-143ff6c1b26b 1ec7ab68681f4b5c977d2c5895b8ae7c d1a5bf02e3794294920c28d1b51a3d2c - - default default] 10.0.0.64 "GET /v2.0/subnets/fcd1edb5-d2ca-4d33-8cc2-0a1ffbb8d7e6/tags HTTP/1.1" status: 200 len: 227 time: 0.0284941
2026-04-13 04:30:25.765 10 INFO neutron.wsgi [None req-6b729deb-a269-4a20-b552-cacdabcda487 1ec7ab68681f4b5c977d2c5895b8ae7c d1a5bf02e3794294920c28d1b51a3d2c - - - -] 10.0.0.64 "PUT /v2.0/subnets/fcd1edb5-d2ca-4d33-8cc2-0a1ffbb8d7e6/tags/red HTTP/1.1" status: 201 len: 201 time: 0.0606887
2026-04-13 04:30:25.767 10 WARNING neutron.scheduler.dhcp_agent_scheduler [None req-568de70f-3e3c-4607-940f-de1862c15fa0 3926c15392984cfa8961d12ba7e10003 88c9fdf7c65c4b9b9340bdaa15af1eae - - - -] No more DHCP agents
2026-04-13 04:30:25.768 10 WARNING neutron.api.rpc.agentnotifiers.dhcp_rpc_agent_api [None req-568de70f-3e3c-4607-940f-de1862c15fa0 3926c15392984cfa8961d12ba7e10003 88c9fdf7c65c4b9b9340bdaa15af1eae - - - -] Unable to schedule network a3838f4c-5a42-4c3b-929b-08023c854640: no agents available; will retry on subsequent port and subnet creation events.
2026-04-13 04:30:25.803 10 INFO neutron.wsgi [None req-7e3a8656-d5e7-4696-84df-c4f4d26a2d25 1ec7ab68681f4b5c977d2c5895b8ae7c d1a5bf02e3794294920c28d1b51a3d2c - - default default] 10.0.0.64 "GET /v2.0/subnets/fcd1edb5-d2ca-4d33-8cc2-0a1ffbb8d7e6/tags HTTP/1.1" status: 200 len: 227 time: 0.0323319
2026-04-13 04:30:25.853 9 INFO neutron.wsgi [None req-b47c3a8f-55bd-4da8-8c6f-983a96cc7c27 1ec7ab68681f4b5c977d2c5895b8ae7c d1a5bf02e3794294920c28d1b51a3d2c - - - -] 10.0.0.64 "PUT /v2.0/subnets/fcd1edb5-d2ca-4d33-8cc2-0a1ffbb8d7e6/tags/black.or.white HTTP/1.1" status: 201 len: 201 time: 0.0444064
2026-04-13 04:30:25.886 9 INFO neutron.wsgi [None req-b45ee09b-917a-4896-b7f0-3a722506a5b5 1ec7ab68681f4b5c977d2c5895b8ae7c d1a5bf02e3794294920c28d1b51a3d2c - - default default] 10.0.0.64 "GET /v2.0/subnets/fcd1edb5-d2ca-4d33-8cc2-0a1ffbb8d7e6/tags HTTP/1.1" status: 200 len: 245 time: 0.0273948
2026-04-13 04:30:25.931 9 INFO neutron.wsgi [None req-e4c056e2-aab3-41f4-a1c1-9c8e81024a35 1ec7ab68681f4b5c977d2c5895b8ae7c d1a5bf02e3794294920c28d1b51a3d2c - - - -] 10.0.0.64 "PUT /v2.0/subnets/fcd1edb5-d2ca-4d33-8cc2-0a1ffbb8d7e6/tags HTTP/1.1" status: 200 len: 230 time: 0.0407679
2026-04-13 04:30:25.968 9 INFO neutron.wsgi [None req-c95cda59-0031-4670-af0c-9c1ffe17a705 1ec7ab68681f4b5c977d2c5895b8ae7c d1a5bf02e3794294920c28d1b51a3d2c - - default default] 10.0.0.64 "GET /v2.0/subnets/fcd1edb5-d2ca-4d33-8cc2-0a1ffbb8d7e6/tags HTTP/1.1" status: 200 len: 230 time: 0.0326946
2026-04-13 04:30:26.005 9 INFO neutron.wsgi [None req-896900a0-8631-4dd1-b70d-2d0703a14d56 1ec7ab68681f4b5c977d2c5895b8ae7c d1a5bf02e3794294920c28d1b51a3d2c - - default default] 10.0.0.64 "GET /v2.0/subnets/fcd1edb5-d2ca-4d33-8cc2-0a1ffbb8d7e6/tags/red HTTP/1.1" status: 204 len: 168 time: 0.0330036
2026-04-13 04:30:26.043 9 INFO neutron.api.v2.resource [None req-788e9576-6330-441b-957a-21a6baaaafac 1ec7ab68681f4b5c977d2c5895b8ae7c d1a5bf02e3794294920c28d1b51a3d2c - - default default] show failed (client error): The resource could not be found.
2026-04-13 04:30:26.044 9 INFO neutron.wsgi [None req-788e9576-6330-441b-957a-21a6baaaafac 1ec7ab68681f4b5c977d2c5895b8ae7c d1a5bf02e3794294920c28d1b51a3d2c - - default default] 10.0.0.64 "GET /v2.0/subnets/fcd1edb5-d2ca-4d33-8cc2-0a1ffbb8d7e6/tags/green HTTP/1.1" status: 404 len: 299 time: 0.0359592
2026-04-13 04:30:26.046 10 INFO neutron.db.ovn_revision_numbers_db [None req-568de70f-3e3c-4607-940f-de1862c15fa0 3926c15392984cfa8961d12ba7e10003 88c9fdf7c65c4b9b9340bdaa15af1eae - - - -] Successfully bumped revision number for resource f35c1613-0138-410a-9537-a3f0db4c8b5c (type: floatingips) to 0
2026-04-13 04:30:26.058 10 INFO neutron.wsgi [None req-568de70f-3e3c-4607-940f-de1862c15fa0 3926c15392984cfa8961d12ba7e10003 88c9fdf7c65c4b9b9340bdaa15af1eae - - - -] 10.0.0.64 "POST /v2.0/floatingips HTTP/1.1" status: 201 len: 751 time: 0.6847186
2026-04-13 04:30:26.090 9 INFO neutron.wsgi [None req-002b23ca-6af0-41c1-88a3-f15d97fd4339 1ec7ab68681f4b5c977d2c5895b8ae7c d1a5bf02e3794294920c28d1b51a3d2c - - - -] 10.0.0.64 "DELETE /v2.0/subnets/fcd1edb5-d2ca-4d33-8cc2-0a1ffbb8d7e6/tags/red HTTP/1.1" status: 204 len: 168 time: 0.0420747
2026-04-13 04:30:26.130 9 INFO neutron.wsgi [None req-a4c6f2fd-2614-4193-8219-3dfaa8e5acc9 1ec7ab68681f4b5c977d2c5895b8ae7c d1a5bf02e3794294920c28d1b51a3d2c - - default default] 10.0.0.64 "GET /v2.0/subnets/fcd1edb5-d2ca-4d33-8cc2-0a1ffbb8d7e6/tags HTTP/1.1" status: 200 len: 223 time: 0.0339193
2026-04-13 04:30:26.168 9 INFO neutron.api.v2.resource [None req-6fc60ad9-da5d-41d6-adc6-473bd1b6cfc4 1ec7ab68681f4b5c977d2c5895b8ae7c d1a5bf02e3794294920c28d1b51a3d2c - - - -] delete failed (client error): The resource could not be found.
2026-04-13 04:30:26.169 9 INFO neutron.wsgi [None req-6fc60ad9-da5d-41d6-adc6-473bd1b6cfc4 1ec7ab68681f4b5c977d2c5895b8ae7c d1a5bf02e3794294920c28d1b51a3d2c - - - -] 10.0.0.64 "DELETE /v2.0/subnets/fcd1edb5-d2ca-4d33-8cc2-0a1ffbb8d7e6/tags/green HTTP/1.1" status: 404 len: 299 time: 0.0341821
2026-04-13 04:30:26.213 9 INFO neutron.wsgi [None req-c36c5dcc-6eb6-49c1-a399-905d02ab4a45 1ec7ab68681f4b5c977d2c5895b8ae7c d1a5bf02e3794294920c28d1b51a3d2c - - - -] 10.0.0.64 "DELETE /v2.0/subnets/fcd1edb5-d2ca-4d33-8cc2-0a1ffbb8d7e6/tags HTTP/1.1" status: 204 len: 168 time: 0.0393794
2026-04-13 04:30:26.243 9 INFO neutron.wsgi [None req-a4e7ab00-71dc-41f8-89a8-999402f162e7 1ec7ab68681f4b5c977d2c5895b8ae7c d1a5bf02e3794294920c28d1b51a3d2c - - default default] 10.0.0.64 "GET /v2.0/subnets/fcd1edb5-d2ca-4d33-8cc2-0a1ffbb8d7e6/tags HTTP/1.1" status: 200 len: 205 time: 0.0261245
2026-04-13 04:30:26.331 10 WARNING neutron.scheduler.dhcp_agent_scheduler [None req-24cf6b4f-d08a-42b7-a0f3-83a960874925 3926c15392984cfa8961d12ba7e10003 88c9fdf7c65c4b9b9340bdaa15af1eae - - - -] No more DHCP agents
