2026-04-13 04:27:02.138 10 INFO neutron.notifiers.nova [-] Nova event matching ['req-337f2bd6-f411-44d3-b883-feb0336f0f23'] response: {'name': 'network-changed', 'server_uuid': '9a33abfe-e0f3-421f-ab64-0e57581910af', 'tag': '2eb018f8-2330-40de-b59e-c78a25684ad1', 'status': 'completed', 'code': 200}
2026-04-13 04:27:02.218 9 INFO neutron.wsgi [req-3fc2cda0-5860-4c73-97b4-03aaae5aae1b req-2edd8346-3cfd-4309-9226-627db26dd2b6 f692cce3777c4b91a1fcdd78e7c45c67 2b3939243ffe4e058cd2633701c23e32 - - 093a83c510d74e819d0ac2ebf41a7ffc 093a83c510d74e819d0ac2ebf41a7ffc] 199.204.45.30 "GET /v2.0/ports?tenant_id=5ff03502c2b440f8b5b2643a6e93d037&device_id=9a33abfe-e0f3-421f-ab64-0e57581910af HTTP/1.1" status: 200 len: 1363 time: 0.0553863
2026-04-13 04:27:02.229 9 INFO neutron.wsgi [req-185bc739-524e-4192-9133-2efabb79b340 req-10e5b356-f701-4f1f-9e44-d6113b8f3724 b7ad9040153c448b89cd21a55980c36e cb200f5b4b5047dcb062583bdb52a234 - - default default] 199.204.45.30 "GET /v2.0/ports?device_id=be5c7e6c-15a9-4181-85ef-5fd777eb9f17&device_owner=compute%3Anova&fixed_ips=ip_address%3D10.100.0.8 HTTP/1.1" status: 200 len: 1352 time: 0.0547485
2026-04-13 04:27:02.286 9 INFO neutron.wsgi [req-3fc2cda0-5860-4c73-97b4-03aaae5aae1b req-15ada3b2-4498-4db4-b591-39beacb2c809 f692cce3777c4b91a1fcdd78e7c45c67 2b3939243ffe4e058cd2633701c23e32 - - 093a83c510d74e819d0ac2ebf41a7ffc 093a83c510d74e819d0ac2ebf41a7ffc] 199.204.45.30 "GET /v2.0/networks?id=926d5761-f9f3-4ef1-8480-12f60da760fa HTTP/1.1" status: 200 len: 972 time: 0.0572097
2026-04-13 04:27:02.301 10 INFO neutron.db.ovn_revision_numbers_db [None req-7a21579d-a347-4cc4-8330-83ccb25d53fb - - - - - -] Successfully bumped revision number for resource 2eb018f8-2330-40de-b59e-c78a25684ad1 (type: ports) to 5
2026-04-13 04:27:02.361 9 INFO neutron.wsgi [req-3fc2cda0-5860-4c73-97b4-03aaae5aae1b req-4cd811a5-5c2a-45e7-bb13-16d61542ddca f692cce3777c4b91a1fcdd78e7c45c67 2b3939243ffe4e058cd2633701c23e32 - - 093a83c510d74e819d0ac2ebf41a7ffc 093a83c510d74e819d0ac2ebf41a7ffc] 199.204.45.30 "GET /v2.0/floatingips?fixed_ip_address=10.100.0.14&port_id=2eb018f8-2330-40de-b59e-c78a25684ad1 HTTP/1.1" status: 200 len: 1058 time: 0.0674932
2026-04-13 04:27:02.412 9 INFO neutron.wsgi [req-fed81f10-80d1-44f2-84c0-f6ade92b0136 req-ab4880eb-e8c8-408f-ab9d-01f85501fd63 d1cf769796db45e5a6ca34554c0bf8ea 5ff03502c2b440f8b5b2643a6e93d037 - - default default] 199.204.45.30 "GET /v2.0/ports?device_id=9a33abfe-e0f3-421f-ab64-0e57581910af HTTP/1.1" status: 200 len: 1172 time: 0.0631073
2026-04-13 04:27:02.426 9 INFO neutron.wsgi [req-3fc2cda0-5860-4c73-97b4-03aaae5aae1b req-0b774add-9294-4e84-9d8b-a2d3a64ead24 f692cce3777c4b91a1fcdd78e7c45c67 2b3939243ffe4e058cd2633701c23e32 - - 093a83c510d74e819d0ac2ebf41a7ffc 093a83c510d74e819d0ac2ebf41a7ffc] 199.204.45.30 "GET /v2.0/subnets?id=ee22ed6f-2f66-45dd-b855-fa2a6380dec7 HTTP/1.1" status: 200 len: 867 time: 0.0515704
2026-04-13 04:27:02.475 9 INFO neutron.wsgi [req-3fc2cda0-5860-4c73-97b4-03aaae5aae1b req-28c9db78-2e77-4754-b9be-68fd35d6a605 f692cce3777c4b91a1fcdd78e7c45c67 2b3939243ffe4e058cd2633701c23e32 - - 093a83c510d74e819d0ac2ebf41a7ffc 093a83c510d74e819d0ac2ebf41a7ffc] 199.204.45.30 "GET /v2.0/ports?network_id=926d5761-f9f3-4ef1-8480-12f60da760fa&device_owner=network%3Adhcp HTTP/1.1" status: 200 len: 210 time: 0.0243194
2026-04-13 04:27:02.558 9 INFO neutron.wsgi [req-3fc2cda0-5860-4c73-97b4-03aaae5aae1b req-5fc85af5-99da-4020-9023-25242b703e89 f692cce3777c4b91a1fcdd78e7c45c67 2b3939243ffe4e058cd2633701c23e32 - - 093a83c510d74e819d0ac2ebf41a7ffc 093a83c510d74e819d0ac2ebf41a7ffc] 199.204.45.30 "GET /v2.0/networks/926d5761-f9f3-4ef1-8480-12f60da760fa?fields=segments HTTP/1.1" status: 200 len: 212 time: 0.0766838
2026-04-13 04:27:02.574 9 INFO neutron.notifiers.nova [-] Nova event matching ['req-6eda7424-7cbc-4c33-8067-9bad8bb55411'] response: {'name': 'network-changed', 'server_uuid': '01833c9a-212a-48a0-a0ae-ab0a3eb45f14', 'tag': '00a2db5d-f28c-4d53-a962-e93d58513094', 'status': 'completed', 'code': 200} /var/lib/openstack/lib/python3.10/site-packages/pycadf/identifier.py:71: UserWarning: Invalid uuid: neutron. To ensure interoperability, identifiers should be a valid uuid. warnings.warn(('Invalid uuid: %s. To ensure interoperability, '
2026-04-13 04:27:02.643 10 INFO neutron.wsgi [req-6f6ffc3f-e315-4ea1-b8a1-9a56c45efcac req-6d316f08-9d37-482c-ae8c-4ce7f436dd52 f692cce3777c4b91a1fcdd78e7c45c67 2b3939243ffe4e058cd2633701c23e32 - - 093a83c510d74e819d0ac2ebf41a7ffc 093a83c510d74e819d0ac2ebf41a7ffc] 199.204.45.30 "GET /v2.0/ports?tenant_id=d4d1bec991da4a7fac7e599211f7c2db&device_id=01833c9a-212a-48a0-a0ae-ab0a3eb45f14 HTTP/1.1" status: 200 len: 1359 time: 0.0510168
2026-04-13 04:27:02.825 9 INFO neutron.wsgi [req-3fc2cda0-5860-4c73-97b4-03aaae5aae1b req-c5851310-a093-4f2b-b59d-660e7ada9765 f692cce3777c4b91a1fcdd78e7c45c67 2b3939243ffe4e058cd2633701c23e32 - - 093a83c510d74e819d0ac2ebf41a7ffc 093a83c510d74e819d0ac2ebf41a7ffc] 199.204.45.30 "GET /v2.0/networks/926d5761-f9f3-4ef1-8480-12f60da760fa?fields=provider%3Aphysical_network&fields=provider%3Anetwork_type HTTP/1.1" status: 200 len: 277 time: 0.2618945
2026-04-13 04:27:02.906 10 INFO neutron.wsgi [req-0e600198-474a-4703-9329-3aea6c7ec438 req-7f613aab-43fa-4010-9f96-5aaa6dab0284 ce4cbd90c5624a388aa8e856b94f0afd d4d1bec991da4a7fac7e599211f7c2db - - default default] 10.0.0.254 "GET /v2.0/ports?device_id=01833c9a-212a-48a0-a0ae-ab0a3eb45f14 HTTP/1.1" status: 200 len: 1168 time: 0.2285719
2026-04-13 04:27:02.932 10 INFO neutron.wsgi [req-6f6ffc3f-e315-4ea1-b8a1-9a56c45efcac req-1b525153-96c1-48da-9625-76d3e46d977d f692cce3777c4b91a1fcdd78e7c45c67 2b3939243ffe4e058cd2633701c23e32 - - 093a83c510d74e819d0ac2ebf41a7ffc 093a83c510d74e819d0ac2ebf41a7ffc] 199.204.45.30 "GET /v2.0/networks?id=086d1507-0f0d-42c5-a7e1-0cad67d81a07 HTTP/1.1" status: 200 len: 975 time: 0.2821095
2026-04-13 04:27:02.976 10 INFO neutron.wsgi [req-6f6ffc3f-e315-4ea1-b8a1-9a56c45efcac req-369c6ddd-6067-4b09-9bc6-cfea3201a6a6 f692cce3777c4b91a1fcdd78e7c45c67 2b3939243ffe4e058cd2633701c23e32 - - 093a83c510d74e819d0ac2ebf41a7ffc 093a83c510d74e819d0ac2ebf41a7ffc] 199.204.45.30 "GET /v2.0/floatingips?fixed_ip_address=10.100.0.5&port_id=00a2db5d-f28c-4d53-a962-e93d58513094 HTTP/1.1" status: 200 len: 217 time: 0.0382214
2026-04-13 04:27:02.980 10 INFO neutron.wsgi [req-0e600198-474a-4703-9329-3aea6c7ec438 req-227f990d-d2f9-4194-b1fd-be00bac9c762 ce4cbd90c5624a388aa8e856b94f0afd d4d1bec991da4a7fac7e599211f7c2db - - default default] 10.0.0.254 "GET /v2.0/security-groups?id=8176f13c-6be9-4018-bf39-af73c19db60f&fields=id&fields=name HTTP/1.1" status: 200 len: 313 time: 0.0659246
2026-04-13 04:27:03.018 10 INFO neutron.wsgi [req-6f6ffc3f-e315-4ea1-b8a1-9a56c45efcac req-cdabad53-8a81-4cac-b990-262410c448ba f692cce3777c4b91a1fcdd78e7c45c67 2b3939243ffe4e058cd2633701c23e32 - - 093a83c510d74e819d0ac2ebf41a7ffc 093a83c510d74e819d0ac2ebf41a7ffc] 199.204.45.30 "GET /v2.0/subnets?id=5628fded-6951-440a-9045-cb777be47425 HTTP/1.1" status: 200 len: 872 time: 0.0326409
2026-04-13 04:27:03.031 9 INFO neutron.db.l3_db [None req-258e40ea-b25f-4b19-98f2-beb90618d7ad d1cf769796db45e5a6ca34554c0bf8ea 5ff03502c2b440f8b5b2643a6e93d037 - - - -] Floating IP 920c9a8c-aecb-4ae5-b2e6-f781ad219e56 disassociated. External IP: 10.96.250.217, port: 2eb018f8-2330-40de-b59e-c78a25684ad1.
2026-04-13 04:27:03.076 9 INFO neutron.db.ovn_revision_numbers_db [None req-6a872e56-eefb-4a11-bbe9-0b895752bb88 b7ad9040153c448b89cd21a55980c36e cb200f5b4b5047dcb062583bdb52a234 - - - -] Successfully bumped revision number for resource 78a33579-2190-4182-99dd-3b1c76812188 (type: ports) to 6
2026-04-13 04:27:03.084 10 INFO neutron.wsgi [req-6f6ffc3f-e315-4ea1-b8a1-9a56c45efcac req-189a3e15-56e0-45f4-b068-9db446ea8bb8 f692cce3777c4b91a1fcdd78e7c45c67 2b3939243ffe4e058cd2633701c23e32 - - 093a83c510d74e819d0ac2ebf41a7ffc 093a83c510d74e819d0ac2ebf41a7ffc] 199.204.45.30 "GET /v2.0/ports?network_id=086d1507-0f0d-42c5-a7e1-0cad67d81a07&device_owner=network%3Adhcp HTTP/1.1" status: 200 len: 210 time: 0.0592949
2026-04-13 04:27:03.087 9 INFO neutron.wsgi [None req-6a872e56-eefb-4a11-bbe9-0b895752bb88 b7ad9040153c448b89cd21a55980c36e cb200f5b4b5047dcb062583bdb52a234 - - - -] 199.204.45.30 "PUT /v2.0/ports/78a33579-2190-4182-99dd-3b1c76812188 HTTP/1.1" status: 200 len: 1171 time: 0.8525379 /var/lib/openstack/lib/python3.10/site-packages/pycadf/identifier.py:71: UserWarning: Invalid uuid: neutron. To ensure interoperability, identifiers should be a valid uuid. warnings.warn(('Invalid uuid: %s. To ensure interoperability, ' /var/lib/openstack/lib/python3.10/site-packages/pycadf/identifier.py:71: UserWarning: Invalid uuid: neutron. To ensure interoperability, identifiers should be a valid uuid. warnings.warn(('Invalid uuid: %s. To ensure interoperability, '
2026-04-13 04:27:03.145 9 INFO neutron.plugins.ml2.drivers.ovn.mech_driver.mech_driver [None req-410e4b60-74e4-4249-bca4-4adeefe0e70e - - - - - -] OVN reports status up for port: 00a2db5d-f28c-4d53-a962-e93d58513094
2026-04-13 04:27:03.154 9 INFO neutron.wsgi [req-185bc739-524e-4192-9133-2efabb79b340 req-99135290-d8be-4fa2-ac52-09e41068960c f692cce3777c4b91a1fcdd78e7c45c67 2b3939243ffe4e058cd2633701c23e32 - - 093a83c510d74e819d0ac2ebf41a7ffc 093a83c510d74e819d0ac2ebf41a7ffc] 199.204.45.30 "GET /v2.0/ports?tenant_id=cb200f5b4b5047dcb062583bdb52a234&device_id=be5c7e6c-15a9-4181-85ef-5fd777eb9f17 HTTP/1.1" status: 200 len: 1365 time: 0.0480802
2026-04-13 04:27:03.181 9 INFO neutron.plugins.ml2.plugin [None req-410e4b60-74e4-4249-bca4-4adeefe0e70e - - - - - -] Attempt 1 to provision port 00a2db5d-f28c-4d53-a962-e93d58513094
2026-04-13 04:27:03.189 10 INFO neutron.wsgi [req-6f6ffc3f-e315-4ea1-b8a1-9a56c45efcac req-44905021-a1c3-4779-bd58-91a30e9a9c06 f692cce3777c4b91a1fcdd78e7c45c67 2b3939243ffe4e058cd2633701c23e32 - - 093a83c510d74e819d0ac2ebf41a7ffc 093a83c510d74e819d0ac2ebf41a7ffc] 199.204.45.30 "GET /v2.0/networks/086d1507-0f0d-42c5-a7e1-0cad67d81a07?fields=segments HTTP/1.1" status: 200 len: 212 time: 0.0962510
2026-04-13 04:27:03.261 10 INFO neutron.wsgi [req-6f6ffc3f-e315-4ea1-b8a1-9a56c45efcac req-0ab00119-a43a-49ee-a59a-2ad9a985a3c7 f692cce3777c4b91a1fcdd78e7c45c67 2b3939243ffe4e058cd2633701c23e32 - - 093a83c510d74e819d0ac2ebf41a7ffc 093a83c510d74e819d0ac2ebf41a7ffc] 199.204.45.30 "GET /v2.0/networks/086d1507-0f0d-42c5-a7e1-0cad67d81a07?fields=provider%3Aphysical_network&fields=provider%3Anetwork_type HTTP/1.1" status: 200 len: 277 time: 0.0640707
2026-04-13 04:27:03.282 9 INFO neutron.wsgi [req-185bc739-524e-4192-9133-2efabb79b340 req-c69367dc-b664-45ee-bc8a-ca7679c4ca67 f692cce3777c4b91a1fcdd78e7c45c67 2b3939243ffe4e058cd2633701c23e32 - - 093a83c510d74e819d0ac2ebf41a7ffc 093a83c510d74e819d0ac2ebf41a7ffc] 199.204.45.30 "GET /v2.0/networks?id=4cc05407-a5d9-4460-b0af-d5016b850693 HTTP/1.1" status: 200 len: 981 time: 0.1205509
2026-04-13 04:27:03.330 9 INFO neutron.wsgi [req-366790a2-e509-4928-9f5b-9d64895c3f20 req-ae73bc37-3eeb-4118-af05-27b580f97e99 d1cf769796db45e5a6ca34554c0bf8ea 5ff03502c2b440f8b5b2643a6e93d037 - - default default] 10.0.0.254 "GET /v2.0/ports?device_id=9a33abfe-e0f3-421f-ab64-0e57581910af HTTP/1.1" status: 200 len: 1172 time: 0.1604443
2026-04-13 04:27:03.336 9 INFO neutron.wsgi [None req-258e40ea-b25f-4b19-98f2-beb90618d7ad d1cf769796db45e5a6ca34554c0bf8ea 5ff03502c2b440f8b5b2643a6e93d037 - - - -] 199.204.45.30 "DELETE /v2.0/ports/2eb018f8-2330-40de-b59e-c78a25684ad1 HTTP/1.1" status: 204 len: 173 time: 0.9175315
2026-04-13 04:27:03.355 9 INFO neutron.wsgi [req-185bc739-524e-4192-9133-2efabb79b340 req-22bd775d-81f8-49b2-b147-be3c2b70cc8f f692cce3777c4b91a1fcdd78e7c45c67 2b3939243ffe4e058cd2633701c23e32 - - 093a83c510d74e819d0ac2ebf41a7ffc 093a83c510d74e819d0ac2ebf41a7ffc] 199.204.45.30 "GET /v2.0/floatingips?fixed_ip_address=10.100.0.12&port_id=78a33579-2190-4182-99dd-3b1c76812188 HTTP/1.1" status: 200 len: 1060 time: 0.0602705
2026-04-13 04:27:03.392 9 INFO neutron.wsgi [req-366790a2-e509-4928-9f5b-9d64895c3f20 req-e5b4d370-ed60-4ec2-996a-0fc56bb460f0 d1cf769796db45e5a6ca34554c0bf8ea 5ff03502c2b440f8b5b2643a6e93d037 - - default default] 10.0.0.254 "GET /v2.0/security-groups?id=693f3ba1-423c-4dbb-8916-9672f3d1d383&fields=id&fields=name HTTP/1.1" status: 200 len: 313 time: 0.0522618
2026-04-13 04:27:03.415 9 INFO neutron.wsgi [req-185bc739-524e-4192-9133-2efabb79b340 req-e1604843-a597-4910-863d-e6da1e50424b f692cce3777c4b91a1fcdd78e7c45c67 2b3939243ffe4e058cd2633701c23e32 - - 093a83c510d74e819d0ac2ebf41a7ffc 093a83c510d74e819d0ac2ebf41a7ffc] 199.204.45.30 "GET /v2.0/subnets?id=9b417933-1f50-480e-83f0-5b4ea63061a4 HTTP/1.1" status: 200 len: 876 time: 0.0516930
2026-04-13 04:27:03.446 9 INFO neutron.wsgi [req-185bc739-524e-4192-9133-2efabb79b340 req-629ca522-d08e-4a92-b64e-47816bdf7c23 f692cce3777c4b91a1fcdd78e7c45c67 2b3939243ffe4e058cd2633701c23e32 - - 093a83c510d74e819d0ac2ebf41a7ffc 093a83c510d74e819d0ac2ebf41a7ffc] 199.204.45.30 "GET /v2.0/ports?network_id=4cc05407-a5d9-4460-b0af-d5016b850693&device_owner=network%3Adhcp HTTP/1.1" status: 200 len: 210 time: 0.0228169
2026-04-13 04:27:03.525 9 INFO neutron.wsgi [req-185bc739-524e-4192-9133-2efabb79b340 req-73a0c976-8157-462c-9bc8-9009ae9ff911 f692cce3777c4b91a1fcdd78e7c45c67 2b3939243ffe4e058cd2633701c23e32 - - 093a83c510d74e819d0ac2ebf41a7ffc 093a83c510d74e819d0ac2ebf41a7ffc] 199.204.45.30 "GET /v2.0/networks/4cc05407-a5d9-4460-b0af-d5016b850693?fields=segments HTTP/1.1" status: 200 len: 212 time: 0.0709481
2026-04-13 04:27:03.592 9 INFO neutron.db.ovn_revision_numbers_db [None req-410e4b60-74e4-4249-bca4-4adeefe0e70e - - - - - -] Successfully bumped revision number for resource 00a2db5d-f28c-4d53-a962-e93d58513094 (type: ports) to 4
2026-04-13 04:27:03.602 9 INFO neutron.wsgi [req-185bc739-524e-4192-9133-2efabb79b340 req-2c3db6f7-e6d5-49cd-a102-1c71fdc58d44 f692cce3777c4b91a1fcdd78e7c45c67 2b3939243ffe4e058cd2633701c23e32 - - 093a83c510d74e819d0ac2ebf41a7ffc 093a83c510d74e819d0ac2ebf41a7ffc] 199.204.45.30 "GET /v2.0/networks/4cc05407-a5d9-4460-b0af-d5016b850693?fields=provider%3Aphysical_network&fields=provider%3Anetwork_type HTTP/1.1" status: 200 len: 277 time: 0.0598438 /var/lib/openstack/lib/python3.10/site-packages/pycadf/identifier.py:71: UserWarning: Invalid uuid: neutron. To ensure interoperability, identifiers should be a valid uuid. warnings.warn(('Invalid uuid: %s. To ensure interoperability, '
2026-04-13 04:27:04.105 9 INFO neutron.db.ovn_revision_numbers_db [None req-32aa3186-200d-47df-8aea-9065a7a39485 379f1c46807e426484818e9b9be1a5ee 282fc45e307543fa9ca1e2586a1ac971 - - default default] Successfully bumped revision number for resource 80f43d62-cfe5-4e82-88c8-2b37d3715faa (type: security_groups) to 1
2026-04-13 04:27:04.116 10 INFO neutron.wsgi [req-a6c17fbd-5077-4c1a-8ea4-ae99fdfd7a67 req-3e35452e-7461-43b0-b757-d18373e2ee3f ce4cbd90c5624a388aa8e856b94f0afd d4d1bec991da4a7fac7e599211f7c2db - - default default] 10.0.0.254 "GET /v2.0/ports?device_id=01833c9a-212a-48a0-a0ae-ab0a3eb45f14 HTTP/1.1" status: 200 len: 1170 time: 0.0743933
2026-04-13 04:27:04.125 9 INFO neutron.wsgi [None req-32aa3186-200d-47df-8aea-9065a7a39485 379f1c46807e426484818e9b9be1a5ee 282fc45e307543fa9ca1e2586a1ac971 - - default default] 10.0.0.64 "GET /v2.0/security-groups?tenant_id=009e33471cea44e5aea366d88978941d&name=default HTTP/1.1" status: 200 len: 2996 time: 0.2425985
2026-04-13 04:27:04.148 10 INFO neutron.wsgi [req-a6c17fbd-5077-4c1a-8ea4-ae99fdfd7a67 req-394daf11-540f-4db0-ba3a-af3e59737984 ce4cbd90c5624a388aa8e856b94f0afd d4d1bec991da4a7fac7e599211f7c2db - - default default] 10.0.0.254 "GET /v2.0/security-groups?id=8176f13c-6be9-4018-bf39-af73c19db60f&fields=id&fields=name HTTP/1.1" status: 200 len: 313 time: 0.0277836
2026-04-13 04:27:04.172 10 INFO neutron.notifiers.nova [-] Nova event matching ['req-5ee456bc-bdd2-4fac-bada-39702c94b6ab'] response: {'server_uuid': '9a33abfe-e0f3-421f-ab64-0e57581910af', 'name': 'network-vif-unplugged', 'status': 'completed', 'tag': '2eb018f8-2330-40de-b59e-c78a25684ad1', 'code': 200}
2026-04-13 04:27:04.172 10 INFO neutron.notifiers.nova [-] Nova event matching ['req-5ee456bc-bdd2-4fac-bada-39702c94b6ab'] response: {'server_uuid': '9a33abfe-e0f3-421f-ab64-0e57581910af', 'name': 'network-vif-plugged', 'status': 'completed', 'tag': '2eb018f8-2330-40de-b59e-c78a25684ad1', 'code': 200}
2026-04-13 04:27:04.290 9 INFO neutron.wsgi [None req-3c80a34d-f8cd-40a1-b687-25fab4e7073d 379f1c46807e426484818e9b9be1a5ee 282fc45e307543fa9ca1e2586a1ac971 - - - -] 10.0.0.64 "DELETE /v2.0/security-groups/80f43d62-cfe5-4e82-88c8-2b37d3715faa HTTP/1.1" status: 204 len: 168 time: 0.1615009
2026-04-13 04:27:04.423 10 INFO neutron.wsgi [req-57621b76-e850-41a7-adff-2aa77a993fb0 req-22d82972-2d37-425f-aea2-3dd99d1bcc16 b7ad9040153c448b89cd21a55980c36e cb200f5b4b5047dcb062583bdb52a234 - - default default] 10.0.0.254 "GET /v2.0/ports?device_id=be5c7e6c-15a9-4181-85ef-5fd777eb9f17 HTTP/1.1" status: 200 len: 1174 time: 0.0470867
2026-04-13 04:27:04.440 9 INFO neutron.plugins.ml2.drivers.ovn.mech_driver.mech_driver [None req-410e4b60-74e4-4249-bca4-4adeefe0e70e - - - - - -] OVN reports status down for port: 78a33579-2190-4182-99dd-3b1c76812188
2026-04-13 04:27:04.464 10 INFO neutron.wsgi [req-57621b76-e850-41a7-adff-2aa77a993fb0 req-909dfd6a-242e-4bba-8692-3a98593b7923 b7ad9040153c448b89cd21a55980c36e cb200f5b4b5047dcb062583bdb52a234 - - default default] 10.0.0.254 "GET /v2.0/security-groups?id=00c297b7-1d3f-4b17-b1a3-e6b51a194b65&fields=id&fields=name HTTP/1.1" status: 200 len: 312 time: 0.0333259
2026-04-13 04:27:04.513 10 INFO neutron.db.ovn_revision_numbers_db [None req-b4eb2446-ca2a-4f79-89d3-3da328724614 379f1c46807e426484818e9b9be1a5ee 282fc45e307543fa9ca1e2586a1ac971 - - default default] Successfully bumped revision number for resource b3e92c72-e057-4368-a744-6363fad87d72 (type: security_groups) to 1
2026-04-13 04:27:04.538 10 INFO neutron.wsgi [None req-b4eb2446-ca2a-4f79-89d3-3da328724614 379f1c46807e426484818e9b9be1a5ee 282fc45e307543fa9ca1e2586a1ac971 - - default default] 10.0.0.64 "GET /v2.0/security-groups?tenant_id=82295718768043f3b1f7fbfd6e2c779c&name=default HTTP/1.1" status: 200 len: 2996 time: 0.1706254
2026-04-13 04:27:04.629 9 INFO neutron.notifiers.nova [-] Nova event matching ['req-11acdf27-1f72-4b73-a021-27e74a422646'] response: {'name': 'network-changed', 'server_uuid': 'be5c7e6c-15a9-4181-85ef-5fd777eb9f17', 'tag': '78a33579-2190-4182-99dd-3b1c76812188', 'status': 'completed', 'code': 200}
2026-04-13 04:27:04.630 9 INFO neutron.notifiers.nova [-] Nova event matching ['req-11acdf27-1f72-4b73-a021-27e74a422646'] response: {'server_uuid': '9a33abfe-e0f3-421f-ab64-0e57581910af', 'name': 'network-vif-deleted', 'tag': '2eb018f8-2330-40de-b59e-c78a25684ad1', 'status': 'completed', 'code': 200}
2026-04-13 04:27:04.630 10 INFO neutron.wsgi [None req-88ef8a78-2b48-4a5e-9d8b-5847d7857881 d1cf769796db45e5a6ca34554c0bf8ea 5ff03502c2b440f8b5b2643a6e93d037 - - - -] 10.0.0.64 "DELETE /v2.0/security-groups/693f3ba1-423c-4dbb-8916-9672f3d1d383 HTTP/1.1" status: 204 len: 168 time: 0.1544576
2026-04-13 04:27:04.630 9 INFO neutron.notifiers.nova [-] Nova event matching ['req-11acdf27-1f72-4b73-a021-27e74a422646'] response: {'server_uuid': '01833c9a-212a-48a0-a0ae-ab0a3eb45f14', 'name': 'network-vif-plugged', 'status': 'completed', 'tag': '00a2db5d-f28c-4d53-a962-e93d58513094', 'code': 200}
2026-04-13 04:27:04.630 9 INFO neutron.notifiers.nova [-] Nova event matching ['req-11acdf27-1f72-4b73-a021-27e74a422646'] response: {'server_uuid': '01833c9a-212a-48a0-a0ae-ab0a3eb45f14', 'name': 'network-vif-plugged', 'status': 'completed', 'tag': '00a2db5d-f28c-4d53-a962-e93d58513094', 'code': 200}
2026-04-13 04:27:04.630 9 INFO neutron.notifiers.nova [-] Nova event matching ['req-11acdf27-1f72-4b73-a021-27e74a422646'] response: {'server_uuid': 'be5c7e6c-15a9-4181-85ef-5fd777eb9f17', 'name': 'network-vif-unplugged', 'status': 'completed', 'tag': '78a33579-2190-4182-99dd-3b1c76812188', 'code': 200}
2026-04-13 04:27:04.648 10 INFO neutron.api.v2.resource [None req-040a6cb0-3026-44b1-9744-b38bb7bc31fa d1cf769796db45e5a6ca34554c0bf8ea 5ff03502c2b440f8b5b2643a6e93d037 - - default default] show failed (client error): The resource could not be found.
2026-04-13 04:27:04.649 10 INFO neutron.wsgi [None req-040a6cb0-3026-44b1-9744-b38bb7bc31fa d1cf769796db45e5a6ca34554c0bf8ea 5ff03502c2b440f8b5b2643a6e93d037 - - default default] 10.0.0.64 "GET /v2.0/security-groups/693f3ba1-423c-4dbb-8916-9672f3d1d383 HTTP/1.1" status: 404 len: 347 time: 0.0129666
2026-04-13 04:27:04.677 9 INFO neutron.wsgi [req-e9e18b57-f55b-4bbe-bbc7-79e7d06560d8 req-7c26726c-41a1-4c0f-a9d7-f23bc2ad0aa7 f692cce3777c4b91a1fcdd78e7c45c67 2b3939243ffe4e058cd2633701c23e32 - - 093a83c510d74e819d0ac2ebf41a7ffc 093a83c510d74e819d0ac2ebf41a7ffc] 199.204.45.30 "GET /v2.0/ports?tenant_id=cb200f5b4b5047dcb062583bdb52a234&device_id=be5c7e6c-15a9-4181-85ef-5fd777eb9f17 HTTP/1.1" status: 200 len: 1363 time: 0.0386498
2026-04-13 04:27:04.767 10 INFO neutron.wsgi [-] 10.0.0.191 "GET / HTTP/1.1" status: 200 len: 246 time: 0.0018499
2026-04-13 04:27:04.768 10 INFO neutron.wsgi [-] 10.0.0.191 "GET / HTTP/1.1" status: 200 len: 246 time: 0.0008607
2026-04-13 04:27:04.809 10 INFO neutron.wsgi [None req-c809d515-8cf1-4a23-89e4-b2855df3db64 379f1c46807e426484818e9b9be1a5ee 282fc45e307543fa9ca1e2586a1ac971 - - - -] 10.0.0.64 "DELETE /v2.0/security-groups/b3e92c72-e057-4368-a744-6363fad87d72 HTTP/1.1" status: 204 len: 168 time: 0.2542439
2026-04-13 04:27:04.950 9 INFO neutron.db.ovn_revision_numbers_db [None req-410e4b60-74e4-4249-bca4-4adeefe0e70e - - - - - -] Successfully bumped revision number for resource 78a33579-2190-4182-99dd-3b1c76812188 (type: ports) to 7
2026-04-13 04:27:04.954 9 INFO neutron.wsgi [req-e9e18b57-f55b-4bbe-bbc7-79e7d06560d8 req-b2ea94a1-79e6-4e57-ba04-ff09dbad5cd4 f692cce3777c4b91a1fcdd78e7c45c67 2b3939243ffe4e058cd2633701c23e32 - - 093a83c510d74e819d0ac2ebf41a7ffc 093a83c510d74e819d0ac2ebf41a7ffc] 199.204.45.30 "GET /v2.0/networks?id=4cc05407-a5d9-4460-b0af-d5016b850693 HTTP/1.1" status: 200 len: 981 time: 0.2559929
2026-04-13 04:27:05.003 10 INFO neutron.wsgi [None req-706bcbd2-9f67-42ac-89e7-aed701ef6b5c d1cf769796db45e5a6ca34554c0bf8ea 5ff03502c2b440f8b5b2643a6e93d037 - - - -] 10.0.0.64 "DELETE /v2.0/floatingips/920c9a8c-aecb-4ae5-b2e6-f781ad219e56 HTTP/1.1" status: 204 len: 168 time: 0.3505042
2026-04-13 04:27:05.035 9 INFO neutron.wsgi [req-a6908ad1-eaec-448c-971f-e45972d2ff64 req-c1db8301-6278-43d2-ab28-2e1d5e782889 b7ad9040153c448b89cd21a55980c36e cb200f5b4b5047dcb062583bdb52a234 - - default default] 199.204.45.30 "GET /v2.0/ports?device_id=be5c7e6c-15a9-4181-85ef-5fd777eb9f17 HTTP/1.1" status: 200 len: 1172 time: 0.3376341
2026-04-13 04:27:05.037 9 INFO neutron.wsgi [req-e9e18b57-f55b-4bbe-bbc7-79e7d06560d8 req-cd059865-dbc5-4a7f-8baa-6e151afe4357 f692cce3777c4b91a1fcdd78e7c45c67 2b3939243ffe4e058cd2633701c23e32 - - 093a83c510d74e819d0ac2ebf41a7ffc 093a83c510d74e819d0ac2ebf41a7ffc] 199.204.45.30 "GET /v2.0/floatingips?fixed_ip_address=10.100.0.12&port_id=78a33579-2190-4182-99dd-3b1c76812188 HTTP/1.1" status: 200 len: 1058 time: 0.0707796 /var/lib/openstack/lib/python3.10/site-packages/pycadf/identifier.py:71: UserWarning: Invalid uuid: neutron. To ensure interoperability, identifiers should be a valid uuid. warnings.warn(('Invalid uuid: %s. To ensure interoperability, '
2026-04-13 04:27:05.090 9 INFO neutron.wsgi [req-e9e18b57-f55b-4bbe-bbc7-79e7d06560d8 req-f5fb32e5-2c0f-488b-97e6-8990a7673515 f692cce3777c4b91a1fcdd78e7c45c67 2b3939243ffe4e058cd2633701c23e32 - - 093a83c510d74e819d0ac2ebf41a7ffc 093a83c510d74e819d0ac2ebf41a7ffc] 199.204.45.30 "GET /v2.0/subnets?id=9b417933-1f50-480e-83f0-5b4ea63061a4 HTTP/1.1" status: 200 len: 876 time: 0.0451128
2026-04-13 04:27:05.126 9 INFO neutron.wsgi [req-e9e18b57-f55b-4bbe-bbc7-79e7d06560d8 req-6dbbc19a-7a3d-47ad-8372-8037d467aedf f692cce3777c4b91a1fcdd78e7c45c67 2b3939243ffe4e058cd2633701c23e32 - - 093a83c510d74e819d0ac2ebf41a7ffc 093a83c510d74e819d0ac2ebf41a7ffc] 199.204.45.30 "GET /v2.0/ports?network_id=4cc05407-a5d9-4460-b0af-d5016b850693&device_owner=network%3Adhcp HTTP/1.1" status: 200 len: 210 time: 0.0299037
2026-04-13 04:27:05.197 9 INFO neutron.wsgi [req-e9e18b57-f55b-4bbe-bbc7-79e7d06560d8 req-a58790a2-67af-42e8-8cd6-f2789a4ce3a7 f692cce3777c4b91a1fcdd78e7c45c67 2b3939243ffe4e058cd2633701c23e32 - - 093a83c510d74e819d0ac2ebf41a7ffc 093a83c510d74e819d0ac2ebf41a7ffc] 199.204.45.30 "GET /v2.0/networks/4cc05407-a5d9-4460-b0af-d5016b850693?fields=segments HTTP/1.1" status: 200 len: 212 time: 0.0648890
2026-04-13 04:27:05.248 10 INFO neutron.wsgi [req-b253c248-41cd-4d23-8c6b-0a95245c457a req-6693a6b5-7817-45da-9ca9-9816e74537f5 ce4cbd90c5624a388aa8e856b94f0afd d4d1bec991da4a7fac7e599211f7c2db - - default default] 10.0.0.254 "GET /v2.0/ports?device_id=01833c9a-212a-48a0-a0ae-ab0a3eb45f14 HTTP/1.1" status: 200 len: 1170 time: 0.0414562
2026-04-13 04:27:05.288 9 INFO neutron.wsgi [req-e9e18b57-f55b-4bbe-bbc7-79e7d06560d8 req-bc31dd12-121f-4f11-925f-05c2d1b1e997 f692cce3777c4b91a1fcdd78e7c45c67 2b3939243ffe4e058cd2633701c23e32 - - 093a83c510d74e819d0ac2ebf41a7ffc 093a83c510d74e819d0ac2ebf41a7ffc] 199.204.45.30 "GET /v2.0/networks/4cc05407-a5d9-4460-b0af-d5016b850693?fields=provider%3Aphysical_network&fields=provider%3Anetwork_type HTTP/1.1" status: 200 len: 277 time: 0.0840197
2026-04-13 04:27:05.296 10 INFO neutron.wsgi [req-b253c248-41cd-4d23-8c6b-0a95245c457a req-7c8dbb2a-1571-4587-919e-e8ec3d481cce ce4cbd90c5624a388aa8e856b94f0afd d4d1bec991da4a7fac7e599211f7c2db - - default default] 10.0.0.254 "GET /v2.0/security-groups?id=8176f13c-6be9-4018-bf39-af73c19db60f&fields=id&fields=name HTTP/1.1" status: 200 len: 313 time: 0.0406566
2026-04-13 04:27:05.398 9 INFO neutron.db.l3_db [None req-7ead5c53-1931-405f-8533-6b65b3b26f05 b7ad9040153c448b89cd21a55980c36e cb200f5b4b5047dcb062583bdb52a234 - - - -] Floating IP 8bac7ebe-ca18-4fd0-b090-093811e3cc95 disassociated. External IP: 10.96.250.214, port: 78a33579-2190-4182-99dd-3b1c76812188.
2026-04-13 04:27:05.573 9 INFO neutron.wsgi [req-2e7eaf35-700d-4869-9fb7-449611f96a8b req-d70e8251-96d3-4b43-b018-66450470a218 b7ad9040153c448b89cd21a55980c36e cb200f5b4b5047dcb062583bdb52a234 - - default default] 10.0.0.254 "GET /v2.0/ports?device_id=be5c7e6c-15a9-4181-85ef-5fd777eb9f17 HTTP/1.1" status: 200 len: 210 time: 0.0345268
2026-04-13 04:27:05.608 9 INFO neutron.wsgi [None req-7ead5c53-1931-405f-8533-6b65b3b26f05 b7ad9040153c448b89cd21a55980c36e cb200f5b4b5047dcb062583bdb52a234 - - - -] 199.204.45.30 "DELETE /v2.0/ports/78a33579-2190-4182-99dd-3b1c76812188 HTTP/1.1" status: 204 len: 173 time: 0.5648234
2026-04-13 04:27:06.153 10 INFO neutron.wsgi [None req-310ea7e6-b637-4bf2-a446-a53e50b35b36 379f1c46807e426484818e9b9be1a5ee 282fc45e307543fa9ca1e2586a1ac971 - - - -] 10.0.0.64 "PUT /v2.0/routers/19baf5af-7e2e-4ec6-8e5e-7f5e84579df6/remove_router_interface HTTP/1.1" status: 200 len: 503 time: 1.1457148 /var/lib/openstack/lib/python3.10/site-packages/pycadf/identifier.py:71: UserWarning: Invalid uuid: neutron. To ensure interoperability, identifiers should be a valid uuid. warnings.warn(('Invalid uuid: %s. To ensure interoperability, '
2026-04-13 04:27:06.587 10 INFO neutron.wsgi [req-7da77bbc-43ad-4eff-b4bf-f592fed61f9c req-44843f1d-5dbb-431f-9421-3bb34c32dae6 ce4cbd90c5624a388aa8e856b94f0afd d4d1bec991da4a7fac7e599211f7c2db - - default default] 10.0.0.254 "GET /v2.0/ports?device_id=01833c9a-212a-48a0-a0ae-ab0a3eb45f14 HTTP/1.1" status: 200 len: 1170 time: 0.0348973
2026-04-13 04:27:06.635 10 INFO neutron.wsgi [req-7da77bbc-43ad-4eff-b4bf-f592fed61f9c req-3d7d4605-1049-4fd3-a851-dd27eac4382e ce4cbd90c5624a388aa8e856b94f0afd d4d1bec991da4a7fac7e599211f7c2db - - default default] 10.0.0.254 "GET /v2.0/security-groups?id=8176f13c-6be9-4018-bf39-af73c19db60f&fields=id&fields=name HTTP/1.1" status: 200 len: 313 time: 0.0415664
2026-04-13 04:27:06.668 9 INFO neutron.notifiers.nova [-] Nova event matching ['req-86c52cb7-3674-4f6c-b380-5ec4e2ec9916'] response: {'server_uuid': 'be5c7e6c-15a9-4181-85ef-5fd777eb9f17', 'name': 'network-vif-plugged', 'status': 'completed', 'tag': '78a33579-2190-4182-99dd-3b1c76812188', 'code': 200}
2026-04-13 04:27:06.669 9 INFO neutron.notifiers.nova [-] Nova event matching ['req-86c52cb7-3674-4f6c-b380-5ec4e2ec9916'] response: {'server_uuid': 'be5c7e6c-15a9-4181-85ef-5fd777eb9f17', 'name': 'network-vif-deleted', 'tag': '78a33579-2190-4182-99dd-3b1c76812188', 'status': 'completed', 'code': 200}
2026-04-13 04:27:06.781 9 INFO neutron.wsgi [req-8d39a786-e332-498f-a61c-dce47512a80a req-61098711-6def-4244-9558-ea49faddffc0 ce4cbd90c5624a388aa8e856b94f0afd d4d1bec991da4a7fac7e599211f7c2db - - default default] 10.0.0.254 "GET /v2.0/ports?device_id=01833c9a-212a-48a0-a0ae-ab0a3eb45f14 HTTP/1.1" status: 200 len: 1170 time: 0.0908442
2026-04-13 04:27:06.826 9 INFO neutron.wsgi [None req-54b8ce6f-f9ff-45c4-aebd-f2045f3b112f b7ad9040153c448b89cd21a55980c36e cb200f5b4b5047dcb062583bdb52a234 - - - -] 10.0.0.64 "DELETE /v2.0/security-groups/00c297b7-1d3f-4b17-b1a3-e6b51a194b65 HTTP/1.1" status: 204 len: 168 time: 0.1707470
2026-04-13 04:27:06.846 10 INFO neutron.api.v2.resource [None req-2d32ea19-80d8-4946-b068-a3a23849b6e6 b7ad9040153c448b89cd21a55980c36e cb200f5b4b5047dcb062583bdb52a234 - - default default] show failed (client error): The resource could not be found.
2026-04-13 04:27:06.847 10 INFO neutron.wsgi [None req-2d32ea19-80d8-4946-b068-a3a23849b6e6 b7ad9040153c448b89cd21a55980c36e cb200f5b4b5047dcb062583bdb52a234 - - default default] 10.0.0.64 "GET /v2.0/security-groups/00c297b7-1d3f-4b17-b1a3-e6b51a194b65 HTTP/1.1" status: 404 len: 347 time: 0.0129650
2026-04-13 04:27:07.023 9 INFO neutron.db.l3_db [None req-83655d2a-860e-4ba5-92b1-9c55dd3bcb5c ce4cbd90c5624a388aa8e856b94f0afd d4d1bec991da4a7fac7e599211f7c2db - - - -] Floating IP ce706269-1535-4e28-bc19-d86377872014 associated. External IP: 10.96.250.220, port: 00a2db5d-f28c-4d53-a962-e93d58513094.
2026-04-13 04:27:07.080 10 INFO neutron.wsgi [None req-c4dcaa2a-da86-42dc-b88e-c22b966fb064 379f1c46807e426484818e9b9be1a5ee 282fc45e307543fa9ca1e2586a1ac971 - - - -] 10.0.0.64 "DELETE /v2.0/routers/19baf5af-7e2e-4ec6-8e5e-7f5e84579df6 HTTP/1.1" status: 204 len: 168 time: 0.9212823
2026-04-13 04:27:07.204 9 INFO neutron.db.ovn_revision_numbers_db [None req-83655d2a-860e-4ba5-92b1-9c55dd3bcb5c ce4cbd90c5624a388aa8e856b94f0afd d4d1bec991da4a7fac7e599211f7c2db - - - -] Successfully bumped revision number for resource ce706269-1535-4e28-bc19-d86377872014 (type: floatingips) to 1
2026-04-13 04:27:07.290 9 INFO neutron.db.ovn_revision_numbers_db [None req-83655d2a-860e-4ba5-92b1-9c55dd3bcb5c ce4cbd90c5624a388aa8e856b94f0afd d4d1bec991da4a7fac7e599211f7c2db - - - -] Successfully bumped revision number for resource ce706269-1535-4e28-bc19-d86377872014 (type: floatingips) to 2
2026-04-13 04:27:07.314 9 INFO neutron.wsgi [None req-83655d2a-860e-4ba5-92b1-9c55dd3bcb5c ce4cbd90c5624a388aa8e856b94f0afd d4d1bec991da4a7fac7e599211f7c2db - - - -] 10.0.0.64 "PUT /v2.0/floatingips/ce706269-1535-4e28-bc19-d86377872014 HTTP/1.1" status: 200 len: 1049 time: 0.5204563
2026-04-13 04:27:07.348 10 INFO neutron.wsgi [None req-69273c32-6559-4215-b668-2dfc95a66229 b7ad9040153c448b89cd21a55980c36e cb200f5b4b5047dcb062583bdb52a234 - - - -] 10.0.0.64 "DELETE /v2.0/floatingips/8bac7ebe-ca18-4fd0-b090-093811e3cc95 HTTP/1.1" status: 204 len: 168 time: 0.4940052
2026-04-13 04:27:07.362 10 INFO neutron.wsgi [None req-4787c63e-db9c-4c4b-a5c3-b0abc375334f 379f1c46807e426484818e9b9be1a5ee 282fc45e307543fa9ca1e2586a1ac971 - - - -] 10.0.0.64 "DELETE /v2.0/subnets/ee22ed6f-2f66-45dd-b855-fa2a6380dec7 HTTP/1.1" status: 204 len: 168 time: 0.2756333 /var/lib/openstack/lib/python3.10/site-packages/pycadf/identifier.py:71: UserWarning: Invalid uuid: neutron. To ensure interoperability, identifiers should be a valid uuid. warnings.warn(('Invalid uuid: %s. To ensure interoperability, '
2026-04-13 04:27:07.393 10 INFO neutron.wsgi [req-05d95b32-8183-4322-8ca1-96190a736129 req-7b4ece1a-2579-430e-a03f-859f92d94f61 ce4cbd90c5624a388aa8e856b94f0afd d4d1bec991da4a7fac7e599211f7c2db - - default default] 10.0.0.254 "GET /v2.0/ports?device_id=01833c9a-212a-48a0-a0ae-ab0a3eb45f14 HTTP/1.1" status: 200 len: 1170 time: 0.0422840
2026-04-13 04:27:07.461 10 INFO neutron.wsgi [req-05d95b32-8183-4322-8ca1-96190a736129 req-c7d64c7e-72c8-4423-b290-9cd6b0518989 ce4cbd90c5624a388aa8e856b94f0afd d4d1bec991da4a7fac7e599211f7c2db - - default default] 10.0.0.254 "GET /v2.0/security-groups?id=8176f13c-6be9-4018-bf39-af73c19db60f&fields=id&fields=name HTTP/1.1" status: 200 len: 313 time: 0.0610065
2026-04-13 04:27:07.796 9 INFO neutron.plugins.ml2.drivers.ovn.mech_driver.mech_driver [None req-410e4b60-74e4-4249-bca4-4adeefe0e70e - - - - - -] OVN reports status down for port: 00a2db5d-f28c-4d53-a962-e93d58513094
2026-04-13 04:27:07.822 9 INFO neutron.wsgi [req-e7aaf95f-0d84-475e-9b52-eb9bd56f0526 req-ccca798c-4daf-4f0c-a262-89d7da4da041 ce4cbd90c5624a388aa8e856b94f0afd d4d1bec991da4a7fac7e599211f7c2db - - default default] 10.0.0.254 "GET /v2.0/ports?device_id=01833c9a-212a-48a0-a0ae-ab0a3eb45f14 HTTP/1.1" status: 200 len: 1170 time: 0.0515516
2026-04-13 04:27:07.829 9 INFO neutron.wsgi [None req-b5c3d526-e873-4197-9a29-c79d9c8acc23 379f1c46807e426484818e9b9be1a5ee 282fc45e307543fa9ca1e2586a1ac971 - - - -] 10.0.0.64 "DELETE /v2.0/networks/926d5761-f9f3-4ef1-8480-12f60da760fa HTTP/1.1" status: 204 len: 168 time: 0.4634356
2026-04-13 04:27:07.867 9 INFO neutron.wsgi [req-e7aaf95f-0d84-475e-9b52-eb9bd56f0526 req-d5612e3f-dfa8-4543-8b45-057f379fe0a3 ce4cbd90c5624a388aa8e856b94f0afd d4d1bec991da4a7fac7e599211f7c2db - - default default] 10.0.0.254 "GET /v2.0/security-groups?id=8176f13c-6be9-4018-bf39-af73c19db60f&fields=id&fields=name HTTP/1.1" status: 200 len: 313 time: 0.0366271
2026-04-13 04:27:08.095 9 INFO neutron.wsgi [req-041078aa-0691-485c-b166-b3aa60283406 req-d07e3399-cc6f-4159-aa05-2adb7abe7697 ce4cbd90c5624a388aa8e856b94f0afd d4d1bec991da4a7fac7e599211f7c2db - - default default] 199.204.45.30 "GET /v2.0/ports?device_id=01833c9a-212a-48a0-a0ae-ab0a3eb45f14 HTTP/1.1" status: 200 len: 1168 time: 0.0369143
2026-04-13 04:27:08.099 9 INFO neutron.db.ovn_revision_numbers_db [None req-410e4b60-74e4-4249-bca4-4adeefe0e70e - - - - - -] Successfully bumped revision number for resource 00a2db5d-f28c-4d53-a962-e93d58513094 (type: ports) to 5
2026-04-13 04:27:08.110 10 INFO neutron.wsgi [None req-505aa7c9-5465-458a-b248-08e2061e153f 379f1c46807e426484818e9b9be1a5ee 282fc45e307543fa9ca1e2586a1ac971 - - default default] 10.0.0.64 "GET /v2.0/security-groups?tenant_id=5ff03502c2b440f8b5b2643a6e93d037&name=default HTTP/1.1" status: 200 len: 2996 time: 0.0658927
2026-04-13 04:27:08.329 9 INFO neutron.services.segments.plugin [-] Segment dd80593f-03e1-4e94-ac53-df04e24155d1 resource provider aggregate not found
2026-04-13 04:27:08.335 9 INFO neutron.services.segments.plugin [-] Segment dd80593f-03e1-4e94-ac53-df04e24155d1 resource provider aggregate not found
2026-04-13 04:27:08.353 9 INFO neutron.services.segments.plugin [-] Segment dd80593f-03e1-4e94-ac53-df04e24155d1 resource provider not found; error: Placement Client Error (4xx): {"errors": [{"status": 404, "title": "Not Found", "detail": "The resource could not be found.\n\n No resource provider with uuid dd80593f-03e1-4e94-ac53-df04e24155d1 found for delete ", "request_id": "req-8b3ae430-dbb5-4aa7-879b-09939d3a34c8"}]}
2026-04-13 04:27:08.363 9 INFO neutron.services.segments.plugin [-] Segment dd80593f-03e1-4e94-ac53-df04e24155d1 resource provider not found; error: Placement Client Error (4xx): {"errors": [{"status": 404, "title": "Not Found", "detail": "The resource could not be found.\n\n No resource provider with uuid dd80593f-03e1-4e94-ac53-df04e24155d1 found for delete ", "request_id": "req-c2427111-9c73-41c3-a47c-40bd7829cf27"}]}
2026-04-13 04:27:08.409 10 INFO neutron.wsgi [None req-533f638e-8569-4332-b9db-2a9176087c7c 379f1c46807e426484818e9b9be1a5ee 282fc45e307543fa9ca1e2586a1ac971 - - - -] 10.0.0.64 "DELETE /v2.0/security-groups/b9073989-4b74-499a-9089-5447fef23165 HTTP/1.1" status: 204 len: 168 time: 0.2939050
2026-04-13 04:27:08.542 10 INFO neutron.wsgi [None req-b67a5ef9-8067-42a8-b271-373a3deaebb1 379f1c46807e426484818e9b9be1a5ee 282fc45e307543fa9ca1e2586a1ac971 - - - -] 10.0.0.64 "PUT /v2.0/routers/da8c8b99-4cd3-4fe2-83c5-e3971594b777/remove_router_interface HTTP/1.1" status: 200 len: 503 time: 1.1371727 /var/lib/openstack/lib/python3.10/site-packages/pycadf/identifier.py:71: UserWarning: Invalid uuid: neutron. To ensure interoperability, identifiers should be a valid uuid. warnings.warn(('Invalid uuid: %s. To ensure interoperability, '
2026-04-13 04:27:08.557 9 INFO neutron.db.l3_db [None req-b118469c-563a-4bf2-8197-a32e318c6158 ce4cbd90c5624a388aa8e856b94f0afd d4d1bec991da4a7fac7e599211f7c2db - - - -] Floating IP ce706269-1535-4e28-bc19-d86377872014 disassociated. External IP: 10.96.250.220, port: 00a2db5d-f28c-4d53-a962-e93d58513094.
2026-04-13 04:27:08.708 9 INFO neutron.notifiers.nova [-] Nova event matching ['req-56f62f12-d235-4eaa-872d-5bbb7b0a1da1'] response: {'name': 'network-changed', 'server_uuid': '01833c9a-212a-48a0-a0ae-ab0a3eb45f14', 'tag': '00a2db5d-f28c-4d53-a962-e93d58513094', 'status': 'completed', 'code': 200}
2026-04-13 04:27:08.709 9 INFO neutron.notifiers.nova [-] Nova event matching ['req-56f62f12-d235-4eaa-872d-5bbb7b0a1da1'] response: {'server_uuid': '01833c9a-212a-48a0-a0ae-ab0a3eb45f14', 'name': 'network-vif-unplugged', 'status': 'completed', 'tag': '00a2db5d-f28c-4d53-a962-e93d58513094', 'code': 200}
2026-04-13 04:27:08.709 9 INFO neutron.notifiers.nova [-] Nova event matching ['req-56f62f12-d235-4eaa-872d-5bbb7b0a1da1'] response: {'server_uuid': '01833c9a-212a-48a0-a0ae-ab0a3eb45f14', 'name': 'network-vif-plugged', 'status': 'completed', 'tag': '00a2db5d-f28c-4d53-a962-e93d58513094', 'code': 200} /var/lib/openstack/lib/python3.10/site-packages/pycadf/identifier.py:71: UserWarning: Invalid uuid: neutron. To ensure interoperability, identifiers should be a valid uuid. warnings.warn(('Invalid uuid: %s. To ensure interoperability, '
2026-04-13 04:27:08.751 9 INFO neutron.wsgi [req-b3658a93-8c72-4165-a024-c4e71407a706 req-40986a73-c720-45ac-a6dc-40c544848130 f692cce3777c4b91a1fcdd78e7c45c67 2b3939243ffe4e058cd2633701c23e32 - - 093a83c510d74e819d0ac2ebf41a7ffc 093a83c510d74e819d0ac2ebf41a7ffc] 199.204.45.30 "GET /v2.0/ports?tenant_id=d4d1bec991da4a7fac7e599211f7c2db&device_id=01833c9a-212a-48a0-a0ae-ab0a3eb45f14 HTTP/1.1" status: 200 len: 210 time: 0.0212538
2026-04-13 04:27:08.772 9 INFO neutron.wsgi [None req-b118469c-563a-4bf2-8197-a32e318c6158 ce4cbd90c5624a388aa8e856b94f0afd d4d1bec991da4a7fac7e599211f7c2db - - - -] 199.204.45.30 "DELETE /v2.0/ports/00a2db5d-f28c-4d53-a962-e93d58513094 HTTP/1.1" status: 204 len: 173 time: 0.6712627 /var/lib/openstack/lib/python3.10/site-packages/pycadf/identifier.py:71: UserWarning: Invalid uuid: neutron. To ensure interoperability, identifiers should be a valid uuid. warnings.warn(('Invalid uuid: %s. To ensure interoperability, '
2026-04-13 04:27:08.961 9 INFO neutron.wsgi [req-81036cec-3dc5-4b85-9a25-9b1658676793 req-45687658-2212-4ddb-a278-3b1fd0925440 ce4cbd90c5624a388aa8e856b94f0afd d4d1bec991da4a7fac7e599211f7c2db - - default default] 10.0.0.254 "GET /v2.0/ports?device_id=01833c9a-212a-48a0-a0ae-ab0a3eb45f14 HTTP/1.1" status: 200 len: 210 time: 0.0248940
2026-04-13 04:27:09.103 10 INFO neutron.db.ovn_revision_numbers_db [None req-44d0c660-7e44-4707-a08b-37c51e475d87 379f1c46807e426484818e9b9be1a5ee 282fc45e307543fa9ca1e2586a1ac971 - - default default] Successfully bumped revision number for resource 8eb0d895-99d5-49b6-8643-6c40bffca587 (type: security_groups) to 1
2026-04-13 04:27:09.135 10 INFO neutron.wsgi [None req-44d0c660-7e44-4707-a08b-37c51e475d87 379f1c46807e426484818e9b9be1a5ee 282fc45e307543fa9ca1e2586a1ac971 - - default default] 10.0.0.64 "GET /v2.0/security-groups?tenant_id=d7ae63966fa8457aa449506551ab3138&name=default HTTP/1.1" status: 200 len: 2996 time: 0.5077789
2026-04-13 04:27:09.328 9 INFO neutron.wsgi [None req-7b5b78e3-8460-47a2-909d-1155b857c667 379f1c46807e426484818e9b9be1a5ee 282fc45e307543fa9ca1e2586a1ac971 - - - -] 10.0.0.64 "DELETE /v2.0/security-groups/8eb0d895-99d5-49b6-8643-6c40bffca587 HTTP/1.1" status: 204 len: 168 time: 0.1871402
2026-04-13 04:27:09.413 10 INFO neutron.wsgi [None req-55c403cf-d43e-4ff7-a971-eeca33b692c5 379f1c46807e426484818e9b9be1a5ee 282fc45e307543fa9ca1e2586a1ac971 - - - -] 10.0.0.64 "DELETE /v2.0/routers/da8c8b99-4cd3-4fe2-83c5-e3971594b777 HTTP/1.1" status: 204 len: 168 time: 0.8657179
2026-04-13 04:27:09.485 9 INFO neutron.db.ovn_revision_numbers_db [None req-101ebf6f-cd82-4a13-84d8-cf3400bd7cb8 379f1c46807e426484818e9b9be1a5ee 282fc45e307543fa9ca1e2586a1ac971 - - default default] Successfully bumped revision number for resource 691de4e3-3af5-479d-8d08-013977d8ae06 (type: security_groups) to 1
2026-04-13 04:27:09.505 9 INFO neutron.wsgi [None req-101ebf6f-cd82-4a13-84d8-cf3400bd7cb8 379f1c46807e426484818e9b9be1a5ee 282fc45e307543fa9ca1e2586a1ac971 - - default default] 10.0.0.64 "GET /v2.0/security-groups?tenant_id=6dbaa633961f4808b38d612df1d89442&name=default HTTP/1.1" status: 200 len: 2996 time: 0.0973487
2026-04-13 04:27:09.629 10 INFO neutron.wsgi [None req-59ade8a7-0bc3-4d2a-99ca-95916f1c1498 379f1c46807e426484818e9b9be1a5ee 282fc45e307543fa9ca1e2586a1ac971 - - - -] 10.0.0.64 "DELETE /v2.0/subnets/9b417933-1f50-480e-83f0-5b4ea63061a4 HTTP/1.1" status: 204 len: 168 time: 0.2080774
2026-04-13 04:27:09.674 9 INFO neutron.wsgi [None req-397d6df8-197e-41dd-81ca-34caa2df3380 379f1c46807e426484818e9b9be1a5ee 282fc45e307543fa9ca1e2586a1ac971 - - - -] 10.0.0.64 "DELETE /v2.0/security-groups/691de4e3-3af5-479d-8d08-013977d8ae06 HTTP/1.1" status: 204 len: 168 time: 0.1629195
2026-04-13 04:27:09.926 10 INFO neutron.services.segments.plugin [-] Segment 23827fab-9184-4334-ab83-8f6dc3626d01 resource provider aggregate not found
2026-04-13 04:27:09.931 10 INFO neutron.services.segments.plugin [-] Segment 23827fab-9184-4334-ab83-8f6dc3626d01 resource provider aggregate not found
2026-04-13 04:27:09.946 10 INFO neutron.services.segments.plugin [-] Segment 23827fab-9184-4334-ab83-8f6dc3626d01 resource provider not found; error: Placement Client Error (4xx): {"errors": [{"status": 404, "title": "Not Found", "detail": "The resource could not be found.\n\n No resource provider with uuid 23827fab-9184-4334-ab83-8f6dc3626d01 found for delete ", "request_id": "req-fd2b53bf-0ff3-4e73-9b49-8d3ac570aff7"}]}
2026-04-13 04:27:09.952 10 INFO neutron.services.segments.plugin [-] Segment 23827fab-9184-4334-ab83-8f6dc3626d01 resource provider not found; error: Placement Client Error (4xx): {"errors": [{"status": 404, "title": "Not Found", "detail": "The resource could not be found.\n\n No resource provider with uuid 23827fab-9184-4334-ab83-8f6dc3626d01 found for delete ", "request_id": "req-15f74039-c6d9-4d64-b891-4fdd11360af8"}]}
2026-04-13 04:27:09.958 10 INFO neutron.wsgi [None req-ee067104-d5ed-4e4b-acd0-8be081db20d2 379f1c46807e426484818e9b9be1a5ee 282fc45e307543fa9ca1e2586a1ac971 - - - -] 10.0.0.64 "DELETE /v2.0/networks/4cc05407-a5d9-4460-b0af-d5016b850693 HTTP/1.1" status: 204 len: 168 time: 0.3262463
2026-04-13 04:27:10.118 9 INFO neutron.wsgi [None req-1295d9bf-e58c-4f4a-8683-c1430934b4ec 379f1c46807e426484818e9b9be1a5ee 282fc45e307543fa9ca1e2586a1ac971 - - default default] 10.0.0.64 "GET /v2.0/security-groups?tenant_id=cb200f5b4b5047dcb062583bdb52a234&name=default HTTP/1.1" status: 200 len: 2992 time: 0.0279760
2026-04-13 04:27:10.167 10 INFO neutron.wsgi [None req-f03032af-b830-41ca-a833-7988e7bd6f25 ce4cbd90c5624a388aa8e856b94f0afd d4d1bec991da4a7fac7e599211f7c2db - - - -] 10.0.0.64 "DELETE /v2.0/security-groups/8176f13c-6be9-4018-bf39-af73c19db60f HTTP/1.1" status: 204 len: 168 time: 0.1095529
2026-04-13 04:27:10.181 10 INFO neutron.api.v2.resource [None req-2d8ae832-5287-4b71-a71d-ec7edecbd627 ce4cbd90c5624a388aa8e856b94f0afd d4d1bec991da4a7fac7e599211f7c2db - - default default] show failed (client error): The resource could not be found.
2026-04-13 04:27:10.182 10 INFO neutron.wsgi [None req-2d8ae832-5287-4b71-a71d-ec7edecbd627 ce4cbd90c5624a388aa8e856b94f0afd d4d1bec991da4a7fac7e599211f7c2db - - default default] 10.0.0.64 "GET /v2.0/security-groups/8176f13c-6be9-4018-bf39-af73c19db60f HTTP/1.1" status: 404 len: 347 time: 0.0088353
2026-04-13 04:27:10.290 9 INFO neutron.wsgi [None req-23487453-07d9-4bf9-bd31-9dfc3de3e2b8 379f1c46807e426484818e9b9be1a5ee 282fc45e307543fa9ca1e2586a1ac971 - - - -] 10.0.0.64 "DELETE /v2.0/security-groups/2a298e7d-08f9-436b-bd95-660060332368 HTTP/1.1" status: 204 len: 168 time: 0.1672170
2026-04-13 04:27:10.472 10 INFO neutron.wsgi [None req-b9d1125c-0a26-4841-b390-b3a0ca8a449b ce4cbd90c5624a388aa8e856b94f0afd d4d1bec991da4a7fac7e599211f7c2db - - - -] 10.0.0.64 "DELETE /v2.0/floatingips/ce706269-1535-4e28-bc19-d86377872014 HTTP/1.1" status: 204 len: 168 time: 0.2864134
2026-04-13 04:27:10.747 9 INFO neutron.notifiers.nova [-] Nova event matching ['req-9e3c8ab5-b6b3-4900-81b6-0a1de197e7be'] response: {'server_uuid': '01833c9a-212a-48a0-a0ae-ab0a3eb45f14', 'name': 'network-vif-deleted', 'tag': '00a2db5d-f28c-4d53-a962-e93d58513094', 'status': 'completed', 'code': 200}
2026-04-13 04:27:11.268 10 INFO neutron.wsgi [None req-4648809d-103a-46af-b675-2083102d0e2a 379f1c46807e426484818e9b9be1a5ee 282fc45e307543fa9ca1e2586a1ac971 - - - -] 10.0.0.64 "PUT /v2.0/routers/76b14e50-2d4d-4630-8c56-37cca64e7bd8/remove_router_interface HTTP/1.1" status: 200 len: 503 time: 0.7914300 /var/lib/openstack/lib/python3.10/site-packages/pycadf/identifier.py:71: UserWarning: Invalid uuid: neutron. To ensure interoperability, identifiers should be a valid uuid. warnings.warn(('Invalid uuid: %s. To ensure interoperability, '
2026-04-13 04:27:11.491 9 INFO neutron.wsgi [None req-7f240623-ee0c-4d86-a4dd-ed7364cb4066 5b9042c635b7433e87633f6e5f674ea8 89152eca6b65478ea10c90949858de9d - - default default] 10.0.0.64 "GET /v2.0/extensions HTTP/1.1" status: 200 len: 16520 time: 0.2217360
2026-04-13 04:27:11.501 9 INFO neutron.wsgi [None req-f60e33b3-5acf-4ae5-b5f5-10471a398526 5b9042c635b7433e87633f6e5f674ea8 89152eca6b65478ea10c90949858de9d - - default default] 10.0.0.64 "GET /v2.0/extensions/address-group HTTP/1.1" status: 200 len: 353 time: 0.0052857
2026-04-13 04:27:11.509 9 INFO neutron.wsgi [None req-3e716552-71e1-4b50-9d37-5a9be5893f98 5b9042c635b7433e87633f6e5f674ea8 89152eca6b65478ea10c90949858de9d - - default default] 10.0.0.64 "GET /v2.0/extensions/address-scope HTTP/1.1" status: 200 len: 357 time: 0.0045445
2026-04-13 04:27:11.516 9 INFO neutron.wsgi [None req-5e6138b5-1a62-43cf-a37a-49347aede8d4 5b9042c635b7433e87633f6e5f674ea8 89152eca6b65478ea10c90949858de9d - - default default] 10.0.0.64 "GET /v2.0/extensions/agent HTTP/1.1" status: 200 len: 347 time: 0.0047472
2026-04-13 04:27:11.524 9 INFO neutron.wsgi [None req-cfee2606-443b-4372-b825-a874e8139bd4 5b9042c635b7433e87633f6e5f674ea8 89152eca6b65478ea10c90949858de9d - - default default] 10.0.0.64 "GET /v2.0/extensions/allowed-address-pairs HTTP/1.1" status: 200 len: 378 time: 0.0046296
2026-04-13 04:27:11.530 9 INFO neutron.wsgi [None req-e8526d40-ea74-4319-a869-417c2cf64347 5b9042c635b7433e87633f6e5f674ea8 89152eca6b65478ea10c90949858de9d - - default default] 10.0.0.64 "GET /v2.0/extensions/auto-allocated-topology HTTP/1.1" status: 200 len: 394 time: 0.0035634
2026-04-13 04:27:11.537 9 INFO neutron.wsgi [None req-d1a85d3e-0e9a-4249-8ebf-a629b62bcf4e 5b9042c635b7433e87633f6e5f674ea8 89152eca6b65478ea10c90949858de9d - - default default] 10.0.0.64 "GET /v2.0/extensions/availability_zone HTTP/1.1" status: 200 len: 372 time: 0.0033412
2026-04-13 04:27:11.547 9 INFO neutron.wsgi [None req-e9b82313-5ceb-4ff6-81e8-e7bd61e84acf 5b9042c635b7433e87633f6e5f674ea8 89152eca6b65478ea10c90949858de9d - - default default] 10.0.0.64 "GET /v2.0/extensions/default-subnetpools HTTP/1.1" status: 200 len: 405 time: 0.0057786
2026-04-13 04:27:11.553 9 INFO neutron.wsgi [None req-c4880521-1a8d-4291-9020-118d04e01435 5b9042c635b7433e87633f6e5f674ea8 89152eca6b65478ea10c90949858de9d - - default default] 10.0.0.64 "GET /v2.0/extensions/dhcp_agent_scheduler HTTP/1.1" status: 200 len: 381 time: 0.0033166
2026-04-13 04:27:11.561 9 INFO neutron.wsgi [None req-ca48d702-34fb-4cda-86ff-87903feb8b62 5b9042c635b7433e87633f6e5f674ea8 89152eca6b65478ea10c90949858de9d - - default default] 10.0.0.64 "GET /v2.0/extensions/dns-integration HTTP/1.1" status: 200 len: 366 time: 0.0043852
2026-04-13 04:27:11.568 9 INFO neutron.wsgi [None req-4688b3b5-4394-4313-a73d-3f12cc565615 5b9042c635b7433e87633f6e5f674ea8 89152eca6b65478ea10c90949858de9d - - default default] 10.0.0.64 "GET /v2.0/extensions/dns-domain-ports HTTP/1.1" status: 200 len: 399 time: 0.0042477
2026-04-13 04:27:11.575 9 INFO neutron.wsgi [None req-45b31dd6-3f87-44a2-83f8-1da37068bec6 5b9042c635b7433e87633f6e5f674ea8 89152eca6b65478ea10c90949858de9d - - default default] 10.0.0.64 "GET /v2.0/extensions/dns-integration-domain-keywords HTTP/1.1" status: 200 len: 477 time: 0.0035458
2026-04-13 04:27:11.583 10 INFO neutron.wsgi [None req-b08a25b6-f7c3-44f7-9b5e-6097a6f3392b 5b9042c635b7433e87633f6e5f674ea8 89152eca6b65478ea10c90949858de9d - - default default] 10.0.0.64 "GET /v2.0/extensions/external-net HTTP/1.1" status: 200 len: 394 time: 0.0050039
2026-04-13 04:27:11.594 9 INFO neutron.wsgi [None req-da21360d-b790-4aa9-b45c-10fbe00b922b 5b9042c635b7433e87633f6e5f674ea8 89152eca6b65478ea10c90949858de9d - - default default] 10.0.0.64 "GET /v2.0/extensions/extra_dhcp_opt HTTP/1.1" status: 200 len: 498 time: 0.0072165
