2026-04-13 04:27:37.865 10 INFO neutron.services.segments.plugin [-] Segment 66003d46-4008-4055-96ce-cf9beb704d32 resource provider aggregate not found
2026-04-13 04:27:37.886 10 INFO neutron.services.segments.plugin [-] Segment 66003d46-4008-4055-96ce-cf9beb704d32 resource provider aggregate not found
2026-04-13 04:27:37.896 10 INFO neutron.services.segments.plugin [-] Segment 66003d46-4008-4055-96ce-cf9beb704d32 resource provider not found; error: Placement Client Error (4xx): {"errors": [{"status": 404, "title": "Not Found", "detail": "The resource could not be found.\n\n No resource provider with uuid 66003d46-4008-4055-96ce-cf9beb704d32 found for delete ", "request_id": "req-68507f28-1b6d-497b-8ebe-994678d5f4dc"}]}
2026-04-13 04:27:37.905 10 INFO neutron.services.segments.plugin [-] Segment 66003d46-4008-4055-96ce-cf9beb704d32 resource provider not found; error: Placement Client Error (4xx): {"errors": [{"status": 404, "title": "Not Found", "detail": "The resource could not be found.\n\n No resource provider with uuid 66003d46-4008-4055-96ce-cf9beb704d32 found for delete ", "request_id": "req-f1858cb6-783e-4c95-a0cc-8c224bac6671"}]}
2026-04-13 04:27:37.922 10 INFO neutron.wsgi [None req-d1182321-498b-4174-9e17-ffb9dceb1e0c c551e6de43794abd8f79f99e76130733 6f0b61bde86e46ba8bddbd5752c03b24 - - - -] 10.0.0.64 "DELETE /v2.0/networks/e007c926-69db-4c98-b005-982d826b50d6 HTTP/1.1" status: 204 len: 168 time: 0.4277506
2026-04-13 04:27:37.946 9 INFO neutron.db.ovn_revision_numbers_db [None req-752059f4-3783-4da4-bdb7-7e10c856edeb 379f1c46807e426484818e9b9be1a5ee 282fc45e307543fa9ca1e2586a1ac971 - - - -] Successfully bumped revision number for resource b5a6bbed-419b-43b4-aa17-503d0a1876c1 (type: security_groups) to 1
2026-04-13 04:27:37.970 9 INFO neutron.wsgi [None req-c0e4612e-342e-4048-80c3-47d9cfeb43c8 0884ad2c078d42c68adbe3011fd639ed 3e6dd43a736846a29c9b6f7793ce2a0c - - default default] 10.0.0.64 "GET /v2.0/ports?device_id=380dd381-d02e-45a8-814a-51fe314dcc84 HTTP/1.1" status: 200 len: 1140 time: 0.3834126
2026-04-13 04:27:38.022 9 INFO neutron.db.segments_db [None req-752059f4-3783-4da4-bdb7-7e10c856edeb 379f1c46807e426484818e9b9be1a5ee 282fc45e307543fa9ca1e2586a1ac971 - - - -] Added segment c1dc020e-bf7c-43a5-b3e8-5b898fce84ba of type geneve for network e4d2e171-31ef-48bb-a260-412ff7f7fee4
2026-04-13 04:27:38.239 9 INFO neutron.db.ovn_revision_numbers_db [None req-752059f4-3783-4da4-bdb7-7e10c856edeb 379f1c46807e426484818e9b9be1a5ee 282fc45e307543fa9ca1e2586a1ac971 - - - -] Successfully bumped revision number for resource e4d2e171-31ef-48bb-a260-412ff7f7fee4 (type: networks) to 1
2026-04-13 04:27:38.305 10 INFO neutron.wsgi [None req-bcf079ad-e4a6-40ba-9ea7-4c50a42cb2f8 c551e6de43794abd8f79f99e76130733 6f0b61bde86e46ba8bddbd5752c03b24 - - - -] 10.0.0.64 "DELETE /v2.0/networks/7bc9c172-cd74-4a3e-92ab-a03cf91345ce HTTP/1.1" status: 204 len: 168 time: 0.3717020
2026-04-13 04:27:38.343 9 WARNING neutron.plugins.ml2.drivers.ovn.mech_driver.ovsdb.ovn_client [None req-410e4b60-74e4-4249-bca4-4adeefe0e70e - - - - - -] No hosting information found for port 34e7cdc1-8e50-4244-a1d0-c7b099d9f49f: RuntimeError: No hosting information found for port 34e7cdc1-8e50-4244-a1d0-c7b099d9f49f
2026-04-13 04:27:38.655 9 WARNING neutron.scheduler.dhcp_agent_scheduler [None req-6ee70b6b-1556-4f27-8584-f84840de775b dd79f381536945e580abfa994ca264ce dd3c37167136481bae3db558c96a7127 - - - -] No more DHCP agents
2026-04-13 04:27:38.668 9 WARNING neutron.api.rpc.agentnotifiers.dhcp_rpc_agent_api [None req-6ee70b6b-1556-4f27-8584-f84840de775b dd79f381536945e580abfa994ca264ce dd3c37167136481bae3db558c96a7127 - - - -] Unable to schedule network 340f7a7e-ee47-4820-855f-63fc55ba5617: no agents available; will retry on subsequent port and subnet creation events.
2026-04-13 04:27:38.703 9 WARNING neutron.scheduler.dhcp_agent_scheduler [None req-752059f4-3783-4da4-bdb7-7e10c856edeb 379f1c46807e426484818e9b9be1a5ee 282fc45e307543fa9ca1e2586a1ac971 - - - -] No more DHCP agents
2026-04-13 04:27:38.709 9 WARNING neutron.api.rpc.agentnotifiers.dhcp_rpc_agent_api [None req-752059f4-3783-4da4-bdb7-7e10c856edeb 379f1c46807e426484818e9b9be1a5ee 282fc45e307543fa9ca1e2586a1ac971 - - - -] Unable to schedule network e4d2e171-31ef-48bb-a260-412ff7f7fee4: no agents available; will retry on subsequent port and subnet creation events.
2026-04-13 04:27:38.719 10 INFO neutron.wsgi [None req-47ef6597-2e83-4e4a-be2a-26236676a595 c551e6de43794abd8f79f99e76130733 6f0b61bde86e46ba8bddbd5752c03b24 - - - -] 10.0.0.64 "DELETE /v2.0/networks/3e163ace-1b28-469e-8899-d871f04f7bd8 HTTP/1.1" status: 204 len: 168 time: 0.4088120
2026-04-13 04:27:38.721 9 INFO neutron.db.ovn_revision_numbers_db [None req-6ee70b6b-1556-4f27-8584-f84840de775b dd79f381536945e580abfa994ca264ce dd3c37167136481bae3db558c96a7127 - - - -] Successfully bumped revision number for resource 1efa8414-b60c-4949-89e0-4c9e6648a3d7 (type: subnets) to 0
2026-04-13 04:27:38.759 9 INFO neutron.wsgi [None req-6ee70b6b-1556-4f27-8584-f84840de775b dd79f381536945e580abfa994ca264ce dd3c37167136481bae3db558c96a7127 - - - -] 10.0.0.64 "POST /v2.0/subnets HTTP/1.1" status: 201 len: 848 time: 0.7134597
2026-04-13 04:27:38.826 9 INFO neutron.db.ovn_revision_numbers_db [None req-752059f4-3783-4da4-bdb7-7e10c856edeb 379f1c46807e426484818e9b9be1a5ee 282fc45e307543fa9ca1e2586a1ac971 - - - -] Successfully bumped revision number for resource d36bc639-6666-456a-aa77-97292011e2d8 (type: ports) to 1
2026-04-13 04:27:38.843 9 INFO neutron.wsgi [None req-752059f4-3783-4da4-bdb7-7e10c856edeb 379f1c46807e426484818e9b9be1a5ee 282fc45e307543fa9ca1e2586a1ac971 - - - -] 10.0.0.64 "POST /v2.0/networks HTTP/1.1" status: 201 len: 946 time: 1.4427004 /var/lib/openstack/lib/python3.10/site-packages/pycadf/identifier.py:71: UserWarning: Invalid uuid: neutron. To ensure interoperability, identifiers should be a valid uuid. warnings.warn(('Invalid uuid: %s. To ensure interoperability, '
2026-04-13 04:27:38.881 10 INFO neutron.db.segments_db [None req-25441625-6312-411b-9b33-1f9ca4c798bf dd79f381536945e580abfa994ca264ce dd3c37167136481bae3db558c96a7127 - - - -] Added segment 34fc4e18-f6ba-49ee-b634-73a8ae6ef3e3 of type geneve for network 3f49d82f-a694-495b-bae8-73fac6308ad6
2026-04-13 04:27:39.025 10 INFO neutron.db.ovn_revision_numbers_db [None req-25441625-6312-411b-9b33-1f9ca4c798bf dd79f381536945e580abfa994ca264ce dd3c37167136481bae3db558c96a7127 - - - -] Successfully bumped revision number for resource 3f49d82f-a694-495b-bae8-73fac6308ad6 (type: networks) to 1
2026-04-13 04:27:39.061 9 WARNING neutron.scheduler.dhcp_agent_scheduler [None req-92db26fa-20c6-427e-a250-917d1cb091c1 379f1c46807e426484818e9b9be1a5ee 282fc45e307543fa9ca1e2586a1ac971 - - - -] No more DHCP agents
2026-04-13 04:27:39.067 9 WARNING neutron.api.rpc.agentnotifiers.dhcp_rpc_agent_api [None req-92db26fa-20c6-427e-a250-917d1cb091c1 379f1c46807e426484818e9b9be1a5ee 282fc45e307543fa9ca1e2586a1ac971 - - - -] Unable to schedule network e4d2e171-31ef-48bb-a260-412ff7f7fee4: no agents available; will retry on subsequent port and subnet creation events.
2026-04-13 04:27:39.238 10 INFO neutron.wsgi [None req-9d2e6b12-5ee8-45e9-9ee1-3df2f75f06b6 c551e6de43794abd8f79f99e76130733 6f0b61bde86e46ba8bddbd5752c03b24 - - - -] 10.0.0.64 "DELETE /v2.0/networks/04f29ad9-c4c3-404e-a20e-3c80b14d98fb HTTP/1.1" status: 204 len: 168 time: 0.5113845
2026-04-13 04:27:39.248 10 WARNING neutron.scheduler.dhcp_agent_scheduler [None req-25441625-6312-411b-9b33-1f9ca4c798bf dd79f381536945e580abfa994ca264ce dd3c37167136481bae3db558c96a7127 - - - -] No more DHCP agents
2026-04-13 04:27:39.252 10 WARNING neutron.api.rpc.agentnotifiers.dhcp_rpc_agent_api [None req-25441625-6312-411b-9b33-1f9ca4c798bf dd79f381536945e580abfa994ca264ce dd3c37167136481bae3db558c96a7127 - - - -] Unable to schedule network 3f49d82f-a694-495b-bae8-73fac6308ad6: no agents available; will retry on subsequent port and subnet creation events.
2026-04-13 04:27:39.317 10 INFO neutron.db.ovn_revision_numbers_db [None req-25441625-6312-411b-9b33-1f9ca4c798bf dd79f381536945e580abfa994ca264ce dd3c37167136481bae3db558c96a7127 - - - -] Successfully bumped revision number for resource 81ee367e-78f6-4e5b-9499-d8b93ee85d8d (type: ports) to 1
2026-04-13 04:27:39.341 10 INFO neutron.wsgi [None req-25441625-6312-411b-9b33-1f9ca4c798bf dd79f381536945e580abfa994ca264ce dd3c37167136481bae3db558c96a7127 - - - -] 10.0.0.64 "POST /v2.0/networks HTTP/1.1" status: 201 len: 846 time: 0.5737875
2026-04-13 04:27:39.402 9 INFO neutron.wsgi [None req-1a7091a2-db11-4437-8080-72a645aa679a 0884ad2c078d42c68adbe3011fd639ed 3e6dd43a736846a29c9b6f7793ce2a0c - - - -] 10.0.0.64 "PUT /v2.0/routers/380dd381-d02e-45a8-814a-51fe314dcc84/remove_router_interface HTTP/1.1" status: 200 len: 503 time: 1.4279845
2026-04-13 04:27:39.563 10 INFO neutron.db.ovn_revision_numbers_db [None req-0ec5c65a-7db7-4a93-8da2-6beb4b7b124c dd79f381536945e580abfa994ca264ce dd3c37167136481bae3db558c96a7127 - - - -] Successfully bumped revision number for resource 3f49d82f-a694-495b-bae8-73fac6308ad6 (type: networks) to 2
2026-04-13 04:27:39.568 10 INFO neutron.wsgi [None req-0ec5c65a-7db7-4a93-8da2-6beb4b7b124c dd79f381536945e580abfa994ca264ce dd3c37167136481bae3db558c96a7127 - - - -] 10.0.0.64 "PUT /v2.0/networks/3f49d82f-a694-495b-bae8-73fac6308ad6 HTTP/1.1" status: 200 len: 792 time: 0.2209463
2026-04-13 04:27:39.608 9 INFO neutron.db.ovn_revision_numbers_db [None req-92db26fa-20c6-427e-a250-917d1cb091c1 379f1c46807e426484818e9b9be1a5ee 282fc45e307543fa9ca1e2586a1ac971 - - - -] Successfully bumped revision number for resource d36bc639-6666-456a-aa77-97292011e2d8 (type: ports) to 2
2026-04-13 04:27:39.623 9 INFO neutron.db.ovn_revision_numbers_db [None req-92db26fa-20c6-427e-a250-917d1cb091c1 379f1c46807e426484818e9b9be1a5ee 282fc45e307543fa9ca1e2586a1ac971 - - - -] Successfully bumped revision number for resource a1df6125-be59-4b7f-89e9-6423cabf7fc1 (type: subnets) to 0
2026-04-13 04:27:39.636 9 INFO neutron.wsgi [None req-92db26fa-20c6-427e-a250-917d1cb091c1 379f1c46807e426484818e9b9be1a5ee 282fc45e307543fa9ca1e2586a1ac971 - - - -] 10.0.0.64 "POST /v2.0/subnets HTTP/1.1" status: 201 len: 866 time: 0.7865429 /var/lib/openstack/lib/python3.10/site-packages/pycadf/identifier.py:71: UserWarning: Invalid uuid: neutron. To ensure interoperability, identifiers should be a valid uuid. warnings.warn(('Invalid uuid: %s. To ensure interoperability, '
2026-04-13 04:27:40.036 9 INFO neutron.wsgi [None req-4d08ccf2-43dd-47db-91e6-4476821f5fa5 379f1c46807e426484818e9b9be1a5ee 282fc45e307543fa9ca1e2586a1ac971 - - default default] 10.0.0.64 "GET /v2.0/security-groups?tenant_id=6f0b61bde86e46ba8bddbd5752c03b24&name=default HTTP/1.1" status: 200 len: 2996 time: 0.3591566
2026-04-13 04:27:40.112 10 INFO neutron.services.segments.plugin [-] Segment 436731e3-70bc-422c-8fc0-ce638ee6347c resource provider aggregate not found
2026-04-13 04:27:40.116 10 INFO neutron.services.segments.plugin [-] Segment 436731e3-70bc-422c-8fc0-ce638ee6347c resource provider aggregate not found
2026-04-13 04:27:40.134 10 INFO neutron.services.segments.plugin [-] Segment 436731e3-70bc-422c-8fc0-ce638ee6347c resource provider not found; error: Placement Client Error (4xx): {"errors": [{"status": 404, "title": "Not Found", "detail": "The resource could not be found.\n\n No resource provider with uuid 436731e3-70bc-422c-8fc0-ce638ee6347c found for delete ", "request_id": "req-f7acf92f-2373-494b-ac23-8545cb67ffcf"}]}
2026-04-13 04:27:40.152 10 INFO neutron.services.segments.plugin [-] Segment 8e5059bb-e98b-4322-9fc5-72ad3d516f13 resource provider aggregate not found
2026-04-13 04:27:40.159 10 INFO neutron.services.segments.plugin [-] Segment 436731e3-70bc-422c-8fc0-ce638ee6347c resource provider not found; error: Placement Client Error (4xx): {"errors": [{"status": 404, "title": "Not Found", "detail": "The resource could not be found.\n\n No resource provider with uuid 436731e3-70bc-422c-8fc0-ce638ee6347c found for delete ", "request_id": "req-4110cc91-8bfe-46fd-983e-bf6708158916"}]}
2026-04-13 04:27:40.177 10 INFO neutron.services.segments.plugin [-] Segment 8e5059bb-e98b-4322-9fc5-72ad3d516f13 resource provider aggregate not found
2026-04-13 04:27:40.185 10 INFO neutron.services.segments.plugin [-] Segment 8e5059bb-e98b-4322-9fc5-72ad3d516f13 resource provider not found; error: Placement Client Error (4xx): {"errors": [{"status": 404, "title": "Not Found", "detail": "The resource could not be found.\n\n No resource provider with uuid 8e5059bb-e98b-4322-9fc5-72ad3d516f13 found for delete ", "request_id": "req-2831b57a-3ffb-4c47-95b3-ea0246705e64"}]}
2026-04-13 04:27:40.199 10 WARNING neutron.scheduler.dhcp_agent_scheduler [None req-8847669e-d75f-4f7c-b887-53edd4967773 dd79f381536945e580abfa994ca264ce dd3c37167136481bae3db558c96a7127 - - - -] No more DHCP agents
2026-04-13 04:27:40.201 10 INFO neutron.services.segments.plugin [-] Segment 8e5059bb-e98b-4322-9fc5-72ad3d516f13 resource provider not found; error: Placement Client Error (4xx): {"errors": [{"status": 404, "title": "Not Found", "detail": "The resource could not be found.\n\n No resource provider with uuid 8e5059bb-e98b-4322-9fc5-72ad3d516f13 found for delete ", "request_id": "req-39ef69b4-d8eb-4822-9a54-aa4f3aee9e8b"}]}
2026-04-13 04:27:40.221 10 INFO neutron.services.segments.plugin [-] Segment 4024e8fc-d104-4306-b982-97e4c52302e1 resource provider aggregate not found
2026-04-13 04:27:40.226 10 INFO neutron.services.segments.plugin [-] Segment 4024e8fc-d104-4306-b982-97e4c52302e1 resource provider aggregate not found
2026-04-13 04:27:40.234 10 WARNING neutron.api.rpc.agentnotifiers.dhcp_rpc_agent_api [None req-8847669e-d75f-4f7c-b887-53edd4967773 dd79f381536945e580abfa994ca264ce dd3c37167136481bae3db558c96a7127 - - - -] Unable to schedule network 3f49d82f-a694-495b-bae8-73fac6308ad6: no agents available; will retry on subsequent port and subnet creation events.
2026-04-13 04:27:40.247 10 INFO neutron.services.segments.plugin [-] Segment 4024e8fc-d104-4306-b982-97e4c52302e1 resource provider not found; error: Placement Client Error (4xx): {"errors": [{"status": 404, "title": "Not Found", "detail": "The resource could not be found.\n\n No resource provider with uuid 4024e8fc-d104-4306-b982-97e4c52302e1 found for delete ", "request_id": "req-a29820dd-1cd1-44cc-a974-e1af8e1550e5"}]}
2026-04-13 04:27:40.248 10 INFO neutron.services.segments.plugin [-] Segment 4024e8fc-d104-4306-b982-97e4c52302e1 resource provider not found; error: Placement Client Error (4xx): {"errors": [{"status": 404, "title": "Not Found", "detail": "The resource could not be found.\n\n No resource provider with uuid 4024e8fc-d104-4306-b982-97e4c52302e1 found for delete ", "request_id": "req-3a7eefa5-438d-4cb8-ab94-41855697563a"}]}
2026-04-13 04:27:40.270 10 INFO neutron.db.ovn_revision_numbers_db [None req-8847669e-d75f-4f7c-b887-53edd4967773 dd79f381536945e580abfa994ca264ce dd3c37167136481bae3db558c96a7127 - - - -] Successfully bumped revision number for resource fc9e6159-48e6-4e6d-9c96-7a1facb37a75 (type: subnets) to 0
2026-04-13 04:27:40.291 10 INFO neutron.wsgi [None req-8847669e-d75f-4f7c-b887-53edd4967773 dd79f381536945e580abfa994ca264ce dd3c37167136481bae3db558c96a7127 - - - -] 10.0.0.64 "POST /v2.0/subnets HTTP/1.1" status: 201 len: 821 time: 0.7203267
2026-04-13 04:27:40.333 9 INFO neutron.wsgi [None req-3627f78a-36c1-41a2-92de-eb6c958f853d 379f1c46807e426484818e9b9be1a5ee 282fc45e307543fa9ca1e2586a1ac971 - - - -] 10.0.0.64 "DELETE /v2.0/security-groups/0e6fed05-eb80-460f-8465-f312f8e41d64 HTTP/1.1" status: 204 len: 168 time: 0.2908781
2026-04-13 04:27:40.378 9 WARNING neutron.scheduler.dhcp_agent_scheduler [None req-6544653d-1ff3-4af5-82f0-21b86024f251 379f1c46807e426484818e9b9be1a5ee 282fc45e307543fa9ca1e2586a1ac971 - - - -] No more DHCP agents
2026-04-13 04:27:40.380 9 WARNING neutron.api.rpc.agentnotifiers.dhcp_rpc_agent_api [None req-6544653d-1ff3-4af5-82f0-21b86024f251 379f1c46807e426484818e9b9be1a5ee 282fc45e307543fa9ca1e2586a1ac971 - - - -] Unable to schedule network a3838f4c-5a42-4c3b-929b-08023c854640: no agents available; will retry on subsequent port and subnet creation events.
2026-04-13 04:27:40.519 9 INFO neutron.db.ovn_revision_numbers_db [None req-6544653d-1ff3-4af5-82f0-21b86024f251 379f1c46807e426484818e9b9be1a5ee 282fc45e307543fa9ca1e2586a1ac971 - - - -] Successfully bumped revision number for resource f07ce375-2782-4b61-b556-01e61d6dd2fc (type: ports) to 1
2026-04-13 04:27:40.526 10 INFO neutron.wsgi [None req-c82baf0d-95ca-44d1-a705-cbae57e87115 0884ad2c078d42c68adbe3011fd639ed 3e6dd43a736846a29c9b6f7793ce2a0c - - - -] 10.0.0.64 "DELETE /v2.0/routers/380dd381-d02e-45a8-814a-51fe314dcc84 HTTP/1.1" status: 204 len: 168 time: 1.1179240
2026-04-13 04:27:40.786 10 INFO neutron.wsgi [None req-ae091c72-4455-4af8-83e6-937aa7b01ad0 0884ad2c078d42c68adbe3011fd639ed 3e6dd43a736846a29c9b6f7793ce2a0c - - - -] 10.0.0.64 "DELETE /v2.0/subnets/a1a2fd9b-e5bc-433f-bc48-7bee94a63095 HTTP/1.1" status: 204 len: 168 time: 0.2549996
2026-04-13 04:27:41.089 9 INFO neutron.plugins.ml2.drivers.ovn.mech_driver.mech_driver [None req-410e4b60-74e4-4249-bca4-4adeefe0e70e - - - - - -] OVN reports status up for port: f07ce375-2782-4b61-b556-01e61d6dd2fc
2026-04-13 04:27:41.105 9 INFO neutron.plugins.ml2.drivers.ovn.mech_driver.ovsdb.ovsdb_monitor [-] Router 8b717529-247e-4ee1-a8bb-39c99faf4c34 is bound to host instance
2026-04-13 04:27:41.136 9 INFO neutron.plugins.ml2.plugin [None req-410e4b60-74e4-4249-bca4-4adeefe0e70e - - - - - -] Attempt 1 to provision port f07ce375-2782-4b61-b556-01e61d6dd2fc
2026-04-13 04:27:41.140 9 INFO neutron.db.ovn_revision_numbers_db [None req-6544653d-1ff3-4af5-82f0-21b86024f251 379f1c46807e426484818e9b9be1a5ee 282fc45e307543fa9ca1e2586a1ac971 - - - -] Successfully bumped revision number for resource f07ce375-2782-4b61-b556-01e61d6dd2fc (type: router_ports) to 1
2026-04-13 04:27:41.149 10 INFO neutron.db.ovn_revision_numbers_db [None req-b4e9a5e4-6a1d-4608-a708-b9ed59cc5f15 dd79f381536945e580abfa994ca264ce dd3c37167136481bae3db558c96a7127 - - - -] Successfully bumped revision number for resource 81ee367e-78f6-4e5b-9499-d8b93ee85d8d (type: ports) to 2
2026-04-13 04:27:41.199 10 INFO neutron.db.ovn_revision_numbers_db [None req-b4e9a5e4-6a1d-4608-a708-b9ed59cc5f15 dd79f381536945e580abfa994ca264ce dd3c37167136481bae3db558c96a7127 - - - -] Successfully bumped revision number for resource fc9e6159-48e6-4e6d-9c96-7a1facb37a75 (type: subnets) to 1
2026-04-13 04:27:41.202 10 INFO neutron.wsgi [None req-b4e9a5e4-6a1d-4608-a708-b9ed59cc5f15 dd79f381536945e580abfa994ca264ce dd3c37167136481bae3db558c96a7127 - - - -] 10.0.0.64 "PUT /v2.0/subnets/fc9e6159-48e6-4e6d-9c96-7a1facb37a75 HTTP/1.1" status: 200 len: 826 time: 0.8999927
2026-04-13 04:27:41.264 9 INFO neutron.db.ovn_revision_numbers_db [None req-6544653d-1ff3-4af5-82f0-21b86024f251 379f1c46807e426484818e9b9be1a5ee 282fc45e307543fa9ca1e2586a1ac971 - - - -] Successfully bumped revision number for resource 8b717529-247e-4ee1-a8bb-39c99faf4c34 (type: routers) to 3
2026-04-13 04:27:41.290 10 INFO neutron.wsgi [None req-c04a9821-4ab8-4597-aee7-03455471fbda 0884ad2c078d42c68adbe3011fd639ed 3e6dd43a736846a29c9b6f7793ce2a0c - - - -] 10.0.0.64 "DELETE /v2.0/networks/5597e0d1-135d-4e6f-a7ef-ae3c2ba635a0 HTTP/1.1" status: 204 len: 168 time: 0.4995048
2026-04-13 04:27:41.298 9 INFO neutron.wsgi [None req-6544653d-1ff3-4af5-82f0-21b86024f251 379f1c46807e426484818e9b9be1a5ee 282fc45e307543fa9ca1e2586a1ac971 - - - -] 10.0.0.64 "POST /v2.0/routers HTTP/1.1" status: 201 len: 877 time: 1.6538968
2026-04-13 04:27:41.667 9 INFO neutron.db.ovn_revision_numbers_db [None req-c1da040e-ef5e-4525-85c1-eb414873ee5e - - - - - -] Successfully bumped revision number for resource f07ce375-2782-4b61-b556-01e61d6dd2fc (type: ports) to 1
2026-04-13 04:27:41.822 10 WARNING neutron.scheduler.dhcp_agent_scheduler [None req-e5630bb4-7ce0-4470-bc12-1d8b7549da0d 379f1c46807e426484818e9b9be1a5ee 282fc45e307543fa9ca1e2586a1ac971 - - default default] No more DHCP agents
2026-04-13 04:27:41.825 10 WARNING neutron.api.rpc.agentnotifiers.dhcp_rpc_agent_api [None req-e5630bb4-7ce0-4470-bc12-1d8b7549da0d 379f1c46807e426484818e9b9be1a5ee 282fc45e307543fa9ca1e2586a1ac971 - - default default] Unable to schedule network e4d2e171-31ef-48bb-a260-412ff7f7fee4: no agents available; will retry on subsequent port and subnet creation events.
2026-04-13 04:27:41.865 9 INFO neutron.db.ovn_revision_numbers_db [None req-c1da040e-ef5e-4525-85c1-eb414873ee5e - - - - - -] Successfully bumped revision number for resource f07ce375-2782-4b61-b556-01e61d6dd2fc (type: router_ports) to 3
2026-04-13 04:27:41.921 9 INFO neutron.wsgi [None req-bd4ad1eb-8f55-47aa-93e5-6db827c24c17 379f1c46807e426484818e9b9be1a5ee 282fc45e307543fa9ca1e2586a1ac971 - - default default] 10.0.0.64 "GET /v2.0/security-groups?tenant_id=3e6dd43a736846a29c9b6f7793ce2a0c&name=default HTTP/1.1" status: 200 len: 2996 time: 0.1758723
2026-04-13 04:27:41.999 9 INFO neutron.db.ovn_revision_numbers_db [None req-c1da040e-ef5e-4525-85c1-eb414873ee5e - - - - - -] Successfully bumped revision number for resource f07ce375-2782-4b61-b556-01e61d6dd2fc (type: ports) to 2
2026-04-13 04:27:42.129 10 INFO neutron.wsgi [None req-69f02a8d-8dbf-45ee-a81a-2f1c085ad276 dd79f381536945e580abfa994ca264ce dd3c37167136481bae3db558c96a7127 - - - -] 10.0.0.64 "DELETE /v2.0/networks/3f49d82f-a694-495b-bae8-73fac6308ad6 HTTP/1.1" status: 204 len: 168 time: 0.9188476
2026-04-13 04:27:42.160 10 INFO neutron.pecan_wsgi.hooks.translation [None req-ee3e867f-c65a-472c-af22-1ea0a1294362 dd79f381536945e580abfa994ca264ce dd3c37167136481bae3db558c96a7127 - - - -] DELETE failed (client error): The resource could not be found.
2026-04-13 04:27:42.162 10 INFO neutron.wsgi [None req-ee3e867f-c65a-472c-af22-1ea0a1294362 dd79f381536945e580abfa994ca264ce dd3c37167136481bae3db558c96a7127 - - - -] 10.0.0.64 "DELETE /v2.0/networks/3f49d82f-a694-495b-bae8-73fac6308ad6 HTTP/1.1" status: 404 len: 339 time: 0.0252194
2026-04-13 04:27:42.170 9 INFO neutron.wsgi [None req-55693623-a459-45ba-9ad8-1ebd2af70cdc 379f1c46807e426484818e9b9be1a5ee 282fc45e307543fa9ca1e2586a1ac971 - - - -] 10.0.0.64 "DELETE /v2.0/security-groups/20f51ba5-37fa-4158-b7fa-434c07d08166 HTTP/1.1" status: 204 len: 168 time: 0.2439687
2026-04-13 04:27:42.213 9 INFO neutron.db.ovn_revision_numbers_db [None req-a89a3dd8-b47a-4665-adda-1e76d7f59966 78364052d830419298f162b1bdddbd09 94ccb3c9e4d14dc486d3d600d5384749 - - - -] Successfully bumped revision number for resource 87d6c496-126f-4b62-bd7c-2411c00434ff (type: security_groups) to 1
2026-04-13 04:27:42.258 10 INFO neutron.db.ovn_revision_numbers_db [None req-e5630bb4-7ce0-4470-bc12-1d8b7549da0d 379f1c46807e426484818e9b9be1a5ee 282fc45e307543fa9ca1e2586a1ac971 - - default default] Successfully bumped revision number for resource 83506bf9-d54b-41ce-b20e-4e23370deb25 (type: ports) to 1
2026-04-13 04:27:42.269 10 INFO neutron.services.segments.plugin [-] Segment 33705baa-7c78-437d-8611-85518e56f64c resource provider aggregate not found
2026-04-13 04:27:42.272 10 INFO neutron.services.segments.plugin [-] Segment 33705baa-7c78-437d-8611-85518e56f64c resource provider aggregate not found
2026-04-13 04:27:42.281 10 INFO neutron.wsgi [None req-17c7dc19-a111-405a-b7c7-aa76c18c70d9 dd79f381536945e580abfa994ca264ce dd3c37167136481bae3db558c96a7127 - - default default] 10.0.0.64 "GET /v2.0/networks?router%3Aexternal=True HTTP/1.1" status: 200 len: 845 time: 0.1117263
2026-04-13 04:27:42.310 10 INFO neutron.services.segments.plugin [-] Segment 33705baa-7c78-437d-8611-85518e56f64c resource provider not found; error: Placement Client Error (4xx): {"errors": [{"status": 404, "title": "Not Found", "detail": "The resource could not be found.\n\n No resource provider with uuid 33705baa-7c78-437d-8611-85518e56f64c found for delete ", "request_id": "req-4b575fe5-d697-446e-8a25-4eab1304cc84"}]}
2026-04-13 04:27:42.315 10 INFO neutron.services.segments.plugin [-] Segment 33705baa-7c78-437d-8611-85518e56f64c resource provider not found; error: Placement Client Error (4xx): {"errors": [{"status": 404, "title": "Not Found", "detail": "The resource could not be found.\n\n No resource provider with uuid 33705baa-7c78-437d-8611-85518e56f64c found for delete ", "request_id": "req-645eaba5-46b1-4353-81b7-cf9f75a3f507"}]}
2026-04-13 04:27:42.342 10 INFO neutron.services.segments.plugin [-] Segment 34fc4e18-f6ba-49ee-b634-73a8ae6ef3e3 resource provider aggregate not found
2026-04-13 04:27:42.346 10 INFO neutron.services.segments.plugin [-] Segment 34fc4e18-f6ba-49ee-b634-73a8ae6ef3e3 resource provider aggregate not found
2026-04-13 04:27:42.372 10 INFO neutron.services.segments.plugin [-] Segment 34fc4e18-f6ba-49ee-b634-73a8ae6ef3e3 resource provider not found; error: Placement Client Error (4xx): {"errors": [{"status": 404, "title": "Not Found", "detail": "The resource could not be found.\n\n No resource provider with uuid 34fc4e18-f6ba-49ee-b634-73a8ae6ef3e3 found for delete ", "request_id": "req-a9bd35c0-7df7-49f4-b7d4-fed4a7cf5d0d"}]}
2026-04-13 04:27:42.373 10 INFO neutron.services.segments.plugin [-] Segment 34fc4e18-f6ba-49ee-b634-73a8ae6ef3e3 resource provider not found; error: Placement Client Error (4xx): {"errors": [{"status": 404, "title": "Not Found", "detail": "The resource could not be found.\n\n No resource provider with uuid 34fc4e18-f6ba-49ee-b634-73a8ae6ef3e3 found for delete ", "request_id": "req-c866476e-fa29-4660-aa83-e4047837ed73"}]}
2026-04-13 04:27:42.378 10 INFO neutron.wsgi [None req-ebd57561-9c82-43e6-8f0e-5658d2fe549b dd79f381536945e580abfa994ca264ce dd3c37167136481bae3db558c96a7127 - - default default] 10.0.0.64 "GET /v2.0/subnets?network_id=a3838f4c-5a42-4c3b-929b-08023c854640 HTTP/1.1" status: 200 len: 820 time: 0.0600793
2026-04-13 04:27:42.389 10 INFO neutron.wsgi [None req-54766ebb-02b9-43b2-9d36-caea432b41f0 dd79f381536945e580abfa994ca264ce dd3c37167136481bae3db558c96a7127 - - default default] 10.0.0.64 "GET /v2.0/extensions HTTP/1.1" status: 200 len: 16520 time: 0.0060196
2026-04-13 04:27:42.482 9 INFO neutron.db.ovn_revision_numbers_db [None req-c1da040e-ef5e-4525-85c1-eb414873ee5e - - - - - -] Successfully bumped revision number for resource f07ce375-2782-4b61-b556-01e61d6dd2fc (type: ports) to 4
2026-04-13 04:27:42.483 9 INFO neutron.db.segments_db [None req-a89a3dd8-b47a-4665-adda-1e76d7f59966 78364052d830419298f162b1bdddbd09 94ccb3c9e4d14dc486d3d600d5384749 - - - -] Added segment 3336015a-7d19-4196-a55d-856fbd85d112 of type geneve for network 2fcb6955-c4cd-42b1-ad99-26e38e4fe5dd
2026-04-13 04:27:42.495 10 INFO neutron.wsgi [None req-b3fa38a0-59cd-4888-9cae-3d9fa778e1a7 dd79f381536945e580abfa994ca264ce dd3c37167136481bae3db558c96a7127 - - default default] 10.0.0.64 "GET /v2.0/networks HTTP/1.1" status: 200 len: 1508 time: 0.0990553
2026-04-13 04:27:42.568 9 INFO neutron.wsgi [None req-d1a2178e-b737-43b0-890b-cd0e7e4c0c46 dd79f381536945e580abfa994ca264ce dd3c37167136481bae3db558c96a7127 - - default default] 10.0.0.64 "GET /v2.0/subnets HTTP/1.1" status: 200 len: 1460 time: 0.0663564
2026-04-13 04:27:42.661 9 INFO neutron.db.ovn_revision_numbers_db [None req-a89a3dd8-b47a-4665-adda-1e76d7f59966 78364052d830419298f162b1bdddbd09 94ccb3c9e4d14dc486d3d600d5384749 - - - -] Successfully bumped revision number for resource 2fcb6955-c4cd-42b1-ad99-26e38e4fe5dd (type: networks) to 1
2026-04-13 04:27:42.684 10 INFO neutron.wsgi [None req-e6ee5dbd-cb74-497f-a4a5-c24cc96b50f2 dd79f381536945e580abfa994ca264ce dd3c37167136481bae3db558c96a7127 - - default default] 10.0.0.64 "GET /v2.0/networks/340f7a7e-ee47-4820-855f-63fc55ba5617 HTTP/1.1" status: 200 len: 867 time: 0.1047316
2026-04-13 04:27:42.749 10 INFO neutron.wsgi [None req-56086bce-f28f-44c7-9f0b-d872ef887fdb dd79f381536945e580abfa994ca264ce dd3c37167136481bae3db558c96a7127 - - default default] 10.0.0.64 "GET /v2.0/subnets/1efa8414-b60c-4949-89e0-4c9e6648a3d7 HTTP/1.1" status: 200 len: 843 time: 0.0593197
2026-04-13 04:27:42.781 10 INFO neutron.pecan_wsgi.hooks.translation [None req-3555a570-c35b-4a49-a004-2e639427d4b4 dd79f381536945e580abfa994ca264ce dd3c37167136481bae3db558c96a7127 - - - -] DELETE failed (client error): The resource could not be found.
2026-04-13 04:27:42.783 10 INFO neutron.wsgi [None req-3555a570-c35b-4a49-a004-2e639427d4b4 dd79f381536945e580abfa994ca264ce dd3c37167136481bae3db558c96a7127 - - - -] 10.0.0.64 "DELETE /v2.0/subnets/fc9e6159-48e6-4e6d-9c96-7a1facb37a75 HTTP/1.1" status: 404 len: 337 time: 0.0278118
2026-04-13 04:27:42.805 10 INFO neutron.pecan_wsgi.hooks.translation [None req-cee5a639-e9f1-48d7-aee4-49a3f68efaf0 dd79f381536945e580abfa994ca264ce dd3c37167136481bae3db558c96a7127 - - - -] DELETE failed (client error): The resource could not be found.
2026-04-13 04:27:42.807 10 INFO neutron.wsgi [None req-cee5a639-e9f1-48d7-aee4-49a3f68efaf0 dd79f381536945e580abfa994ca264ce dd3c37167136481bae3db558c96a7127 - - - -] 10.0.0.64 "DELETE /v2.0/networks/3f49d82f-a694-495b-bae8-73fac6308ad6 HTTP/1.1" status: 404 len: 339 time: 0.0196269
2026-04-13 04:27:42.826 10 INFO neutron.plugins.ml2.drivers.ovn.mech_driver.mech_driver [None req-7a21579d-a347-4cc4-8330-83ccb25d53fb - - - - - -] OVN reports status up for port: 83506bf9-d54b-41ce-b20e-4e23370deb25
2026-04-13 04:27:42.833 10 INFO neutron.db.ovn_revision_numbers_db [None req-e5630bb4-7ce0-4470-bc12-1d8b7549da0d 379f1c46807e426484818e9b9be1a5ee 282fc45e307543fa9ca1e2586a1ac971 - - default default] Successfully bumped revision number for resource 83506bf9-d54b-41ce-b20e-4e23370deb25 (type: router_ports) to 2
2026-04-13 04:27:42.835 10 INFO neutron.plugins.ml2.plugin [None req-7a21579d-a347-4cc4-8330-83ccb25d53fb - - - - - -] Attempt 1 to provision port 83506bf9-d54b-41ce-b20e-4e23370deb25
2026-04-13 04:27:42.840 9 INFO neutron.db.ovn_revision_numbers_db [None req-c1da040e-ef5e-4525-85c1-eb414873ee5e - - - - - -] Successfully bumped revision number for resource f07ce375-2782-4b61-b556-01e61d6dd2fc (type: router_ports) to 4
2026-04-13 04:27:42.953 9 WARNING neutron.scheduler.dhcp_agent_scheduler [None req-a89a3dd8-b47a-4665-adda-1e76d7f59966 78364052d830419298f162b1bdddbd09 94ccb3c9e4d14dc486d3d600d5384749 - - - -] No more DHCP agents
2026-04-13 04:27:42.957 9 WARNING neutron.api.rpc.agentnotifiers.dhcp_rpc_agent_api [None req-a89a3dd8-b47a-4665-adda-1e76d7f59966 78364052d830419298f162b1bdddbd09 94ccb3c9e4d14dc486d3d600d5384749 - - - -] Unable to schedule network 2fcb6955-c4cd-42b1-ad99-26e38e4fe5dd: no agents available; will retry on subsequent port and subnet creation events.
2026-04-13 04:27:42.998 10 INFO neutron.db.ovn_revision_numbers_db [None req-e5630bb4-7ce0-4470-bc12-1d8b7549da0d 379f1c46807e426484818e9b9be1a5ee 282fc45e307543fa9ca1e2586a1ac971 - - default default] Successfully bumped revision number for resource 83506bf9-d54b-41ce-b20e-4e23370deb25 (type: ports) to 2
2026-04-13 04:27:43.034 9 INFO neutron.db.ovn_revision_numbers_db [None req-a89a3dd8-b47a-4665-adda-1e76d7f59966 78364052d830419298f162b1bdddbd09 94ccb3c9e4d14dc486d3d600d5384749 - - - -] Successfully bumped revision number for resource 11890521-dd4f-426d-a920-2dc5fe0ee3a8 (type: ports) to 1
2026-04-13 04:27:43.059 9 INFO neutron.wsgi [None req-49b4fc86-9a6f-494a-b8cd-34300f93f390 dd79f381536945e580abfa994ca264ce dd3c37167136481bae3db558c96a7127 - - - -] 10.0.0.64 "DELETE /v2.0/subnets/1efa8414-b60c-4949-89e0-4c9e6648a3d7 HTTP/1.1" status: 204 len: 168 time: 0.2436914
2026-04-13 04:27:43.062 9 INFO neutron.wsgi [None req-a89a3dd8-b47a-4665-adda-1e76d7f59966 78364052d830419298f162b1bdddbd09 94ccb3c9e4d14dc486d3d600d5384749 - - - -] 10.0.0.64 "POST /v2.0/networks HTTP/1.1" status: 201 len: 829 time: 1.0459127
2026-04-13 04:27:43.078 10 WARNING neutron.scheduler.dhcp_agent_scheduler [None req-e5630bb4-7ce0-4470-bc12-1d8b7549da0d 379f1c46807e426484818e9b9be1a5ee 282fc45e307543fa9ca1e2586a1ac971 - - default default] No more DHCP agents
2026-04-13 04:27:43.079 10 WARNING neutron.api.rpc.agentnotifiers.dhcp_rpc_agent_api [None req-e5630bb4-7ce0-4470-bc12-1d8b7549da0d 379f1c46807e426484818e9b9be1a5ee 282fc45e307543fa9ca1e2586a1ac971 - - default default] Unable to schedule network e4d2e171-31ef-48bb-a260-412ff7f7fee4: no agents available; will retry on subsequent port and subnet creation events.
2026-04-13 04:27:43.135 10 INFO neutron.db.ovn_revision_numbers_db [None req-7a21579d-a347-4cc4-8330-83ccb25d53fb - - - - - -] Successfully bumped revision number for resource 83506bf9-d54b-41ce-b20e-4e23370deb25 (type: ports) to 3
2026-04-13 04:27:43.185 9 INFO neutron.db.segments_db [None req-8b8ddc02-b2fb-4270-8220-9e4e59afa64c 78364052d830419298f162b1bdddbd09 94ccb3c9e4d14dc486d3d600d5384749 - - - -] Added segment b3109f8e-c17f-427a-950a-a448a65b976d of type geneve for network 31b3f3c4-36a8-4e96-82c1-10991610da35
2026-04-13 04:27:43.266 10 INFO neutron.db.ovn_revision_numbers_db [None req-7a21579d-a347-4cc4-8330-83ccb25d53fb - - - - - -] Successfully bumped revision number for resource 83506bf9-d54b-41ce-b20e-4e23370deb25 (type: router_ports) to 3
2026-04-13 04:27:43.333 9 INFO neutron.db.ovn_revision_numbers_db [None req-8b8ddc02-b2fb-4270-8220-9e4e59afa64c 78364052d830419298f162b1bdddbd09 94ccb3c9e4d14dc486d3d600d5384749 - - - -] Successfully bumped revision number for resource 31b3f3c4-36a8-4e96-82c1-10991610da35 (type: networks) to 1
2026-04-13 04:27:43.494 9 INFO neutron.services.segments.plugin [-] Segment e5dd8bbe-2f74-4bf3-ab82-66e78a1b2ad8 resource provider aggregate not found
2026-04-13 04:27:43.507 10 INFO neutron.db.ovn_revision_numbers_db [None req-e5630bb4-7ce0-4470-bc12-1d8b7549da0d 379f1c46807e426484818e9b9be1a5ee 282fc45e307543fa9ca1e2586a1ac971 - - - -] Successfully bumped revision number for resource 83506bf9-d54b-41ce-b20e-4e23370deb25 (type: router_ports) to 3
2026-04-13 04:27:43.509 10 INFO neutron.wsgi [None req-e5630bb4-7ce0-4470-bc12-1d8b7549da0d 379f1c46807e426484818e9b9be1a5ee 282fc45e307543fa9ca1e2586a1ac971 - - - -] 10.0.0.64 "PUT /v2.0/routers/8b717529-247e-4ee1-a8bb-39c99faf4c34/add_router_interface HTTP/1.1" status: 200 len: 503 time: 2.2026191
2026-04-13 04:27:43.510 9 INFO neutron.services.segments.plugin [-] Segment e5dd8bbe-2f74-4bf3-ab82-66e78a1b2ad8 resource provider aggregate not found
2026-04-13 04:27:43.527 9 INFO neutron.services.segments.plugin [-] Segment e5dd8bbe-2f74-4bf3-ab82-66e78a1b2ad8 resource provider not found; error: Placement Client Error (4xx): {"errors": [{"status": 404, "title": "Not Found", "detail": "The resource could not be found.\n\n No resource provider with uuid e5dd8bbe-2f74-4bf3-ab82-66e78a1b2ad8 found for delete ", "request_id": "req-7fb8e210-5d01-4c9f-8a24-3eaa4da8a705"}]}
2026-04-13 04:27:43.538 9 INFO neutron.services.segments.plugin [-] Segment e5dd8bbe-2f74-4bf3-ab82-66e78a1b2ad8 resource provider not found; error: Placement Client Error (4xx): {"errors": [{"status": 404, "title": "Not Found", "detail": "The resource could not be found.\n\n No resource provider with uuid e5dd8bbe-2f74-4bf3-ab82-66e78a1b2ad8 found for delete ", "request_id": "req-c2006aeb-7f15-4e59-a9e5-3f461e36b562"}]}
2026-04-13 04:27:43.557 9 INFO neutron.wsgi [None req-049bceff-ef6e-40f9-96ce-5551e06b7c6f dd79f381536945e580abfa994ca264ce dd3c37167136481bae3db558c96a7127 - - - -] 10.0.0.64 "DELETE /v2.0/networks/340f7a7e-ee47-4820-855f-63fc55ba5617 HTTP/1.1" status: 204 len: 168 time: 0.4890752
2026-04-13 04:27:43.581 9 WARNING neutron.scheduler.dhcp_agent_scheduler [None req-8b8ddc02-b2fb-4270-8220-9e4e59afa64c 78364052d830419298f162b1bdddbd09 94ccb3c9e4d14dc486d3d600d5384749 - - - -] No more DHCP agents
2026-04-13 04:27:43.582 9 WARNING neutron.api.rpc.agentnotifiers.dhcp_rpc_agent_api [None req-8b8ddc02-b2fb-4270-8220-9e4e59afa64c 78364052d830419298f162b1bdddbd09 94ccb3c9e4d14dc486d3d600d5384749 - - - -] Unable to schedule network 31b3f3c4-36a8-4e96-82c1-10991610da35: no agents available; will retry on subsequent port and subnet creation events.
2026-04-13 04:27:43.637 9 INFO neutron.db.ovn_revision_numbers_db [None req-8b8ddc02-b2fb-4270-8220-9e4e59afa64c 78364052d830419298f162b1bdddbd09 94ccb3c9e4d14dc486d3d600d5384749 - - - -] Successfully bumped revision number for resource f0dda881-bd43-4a68-9095-dd070f1d0ee5 (type: ports) to 1
2026-04-13 04:27:43.657 9 INFO neutron.wsgi [None req-8b8ddc02-b2fb-4270-8220-9e4e59afa64c 78364052d830419298f162b1bdddbd09 94ccb3c9e4d14dc486d3d600d5384749 - - - -] 10.0.0.64 "POST /v2.0/networks HTTP/1.1" status: 201 len: 829 time: 0.5882432
2026-04-13 04:27:43.903 9 WARNING neutron.scheduler.dhcp_agent_scheduler [None req-c569d20f-fa50-4066-9c3b-c3997f1c03e9 78364052d830419298f162b1bdddbd09 94ccb3c9e4d14dc486d3d600d5384749 - - - -] No more DHCP agents
2026-04-13 04:27:43.905 9 WARNING neutron.api.rpc.agentnotifiers.dhcp_rpc_agent_api [None req-c569d20f-fa50-4066-9c3b-c3997f1c03e9 78364052d830419298f162b1bdddbd09 94ccb3c9e4d14dc486d3d600d5384749 - - - -] Unable to schedule network 2fcb6955-c4cd-42b1-ad99-26e38e4fe5dd: no agents available; will retry on subsequent port and subnet creation events.
2026-04-13 04:27:43.975 10 INFO neutron.db.ovn_revision_numbers_db [None req-b0234671-a8fb-495e-84b4-a5d5659d554e c5e1c045d8814a1db5a09c4a00721e62 9ae8df46ee654e15903c143b90b6e8fa - - - -] Successfully bumped revision number for resource c58d18ee-791b-40e0-bea6-6de5f5c19d90 (type: security_groups) to 1
2026-04-13 04:27:44.029 10 INFO neutron.db.segments_db [None req-b0234671-a8fb-495e-84b4-a5d5659d554e c5e1c045d8814a1db5a09c4a00721e62 9ae8df46ee654e15903c143b90b6e8fa - - - -] Added segment d41f651e-6c6d-402b-8a51-01044296bfdd of type geneve for network 8b417630-60b8-4e12-8cc2-f1c1f69fe064
2026-04-13 04:27:44.092 9 INFO neutron.wsgi [None req-0b5fa2fa-5e5d-4813-912e-e2d91dca49bc 379f1c46807e426484818e9b9be1a5ee 282fc45e307543fa9ca1e2586a1ac971 - - default default] 10.0.0.64 "GET /v2.0/security-groups?tenant_id=dd3c37167136481bae3db558c96a7127&name=default HTTP/1.1" status: 200 len: 2996 time: 0.0746715
2026-04-13 04:27:44.145 10 INFO neutron.db.ovn_revision_numbers_db [None req-b0234671-a8fb-495e-84b4-a5d5659d554e c5e1c045d8814a1db5a09c4a00721e62 9ae8df46ee654e15903c143b90b6e8fa - - - -] Successfully bumped revision number for resource 8b417630-60b8-4e12-8cc2-f1c1f69fe064 (type: networks) to 1
2026-04-13 04:27:44.283 9 INFO neutron.db.ovn_revision_numbers_db [None req-93684574-bce6-44e4-b7ab-dbbc4a23a826 357fc68cce1948f8869c58f94a4543a9 09ed333f55f64700b83de67d02d0c4b0 - - - -] Successfully bumped revision number for resource adeaf4ae-8aed-4831-b787-f0488a98e9ed (type: security_groups) to 1
2026-04-13 04:27:44.314 9 INFO neutron.wsgi [None req-93684574-bce6-44e4-b7ab-dbbc4a23a826 357fc68cce1948f8869c58f94a4543a9 09ed333f55f64700b83de67d02d0c4b0 - - - -] 10.0.0.64 "POST /v2.0/security-groups HTTP/1.1" status: 201 len: 1797 time: 0.1931832
2026-04-13 04:27:44.415 9 INFO neutron.wsgi [None req-6912cd13-7eda-4a23-b6fb-65c26b6a5136 379f1c46807e426484818e9b9be1a5ee 282fc45e307543fa9ca1e2586a1ac971 - - - -] 10.0.0.64 "DELETE /v2.0/security-groups/b56736d0-4d9e-48b5-826a-d9d76941671f HTTP/1.1" status: 204 len: 168 time: 0.3189495
2026-04-13 04:27:44.417 9 INFO neutron.db.ovn_revision_numbers_db [None req-c569d20f-fa50-4066-9c3b-c3997f1c03e9 78364052d830419298f162b1bdddbd09 94ccb3c9e4d14dc486d3d600d5384749 - - - -] Successfully bumped revision number for resource 11890521-dd4f-426d-a920-2dc5fe0ee3a8 (type: ports) to 2
2026-04-13 04:27:44.438 9 INFO neutron.db.ovn_revision_numbers_db [None req-c569d20f-fa50-4066-9c3b-c3997f1c03e9 78364052d830419298f162b1bdddbd09 94ccb3c9e4d14dc486d3d600d5384749 - - - -] Successfully bumped revision number for resource 4a0c1595-7269-4290-986b-ee52bd916d10 (type: subnets) to 0
2026-04-13 04:27:44.452 9 INFO neutron.wsgi [None req-c569d20f-fa50-4066-9c3b-c3997f1c03e9 78364052d830419298f162b1bdddbd09 94ccb3c9e4d14dc486d3d600d5384749 - - - -] 10.0.0.64 "POST /v2.0/subnets HTTP/1.1" status: 201 len: 801 time: 0.7901871
2026-04-13 04:27:44.453 9 INFO neutron.db.ovn_revision_numbers_db [None req-9325c093-f317-4bee-a8e0-c2926f848349 357fc68cce1948f8869c58f94a4543a9 09ed333f55f64700b83de67d02d0c4b0 - - - -] Successfully bumped revision number for resource 754fd3b1-f1c4-4852-ba40-e66382197c77 (type: security_group_rules) to 0
2026-04-13 04:27:44.484 9 INFO neutron.wsgi [None req-9325c093-f317-4bee-a8e0-c2926f848349 357fc68cce1948f8869c58f94a4543a9 09ed333f55f64700b83de67d02d0c4b0 - - - -] 10.0.0.64 "POST /v2.0/security-group-rules HTTP/1.1" status: 201 len: 764 time: 0.1627734
2026-04-13 04:27:44.554 10 WARNING neutron.scheduler.dhcp_agent_scheduler [None req-b0234671-a8fb-495e-84b4-a5d5659d554e c5e1c045d8814a1db5a09c4a00721e62 9ae8df46ee654e15903c143b90b6e8fa - - - -] No more DHCP agents
2026-04-13 04:27:44.556 10 WARNING neutron.api.rpc.agentnotifiers.dhcp_rpc_agent_api [None req-b0234671-a8fb-495e-84b4-a5d5659d554e c5e1c045d8814a1db5a09c4a00721e62 9ae8df46ee654e15903c143b90b6e8fa - - - -] Unable to schedule network 8b417630-60b8-4e12-8cc2-f1c1f69fe064: no agents available; will retry on subsequent port and subnet creation events.
2026-04-13 04:27:44.610 10 INFO neutron.db.ovn_revision_numbers_db [None req-b0234671-a8fb-495e-84b4-a5d5659d554e c5e1c045d8814a1db5a09c4a00721e62 9ae8df46ee654e15903c143b90b6e8fa - - - -] Successfully bumped revision number for resource c8fe8dc5-4225-48f3-8ec0-6a814f236c36 (type: ports) to 1
2026-04-13 04:27:44.630 10 INFO neutron.wsgi [None req-b0234671-a8fb-495e-84b4-a5d5659d554e c5e1c045d8814a1db5a09c4a00721e62 9ae8df46ee654e15903c143b90b6e8fa - - - -] 10.0.0.64 "POST /v2.0/networks HTTP/1.1" status: 201 len: 848 time: 0.8899152
2026-04-13 04:27:44.645 9 INFO neutron.db.ovn_revision_numbers_db [None req-b4e7a051-3572-485d-94c1-c612dec64bce 357fc68cce1948f8869c58f94a4543a9 09ed333f55f64700b83de67d02d0c4b0 - - - -] Successfully bumped revision number for resource 510de153-b6d2-4926-8269-11d53b86c00f (type: security_group_rules) to 0
2026-04-13 04:27:44.704 9 INFO neutron.wsgi [None req-b4e7a051-3572-485d-94c1-c612dec64bce 357fc68cce1948f8869c58f94a4543a9 09ed333f55f64700b83de67d02d0c4b0 - - - -] 10.0.0.64 "POST /v2.0/security-group-rules HTTP/1.1" status: 201 len: 769 time: 0.2164314
2026-04-13 04:27:44.932 10 WARNING neutron.scheduler.dhcp_agent_scheduler [None req-b08f168c-1722-48f3-be1a-61a64199623d 357fc68cce1948f8869c58f94a4543a9 09ed333f55f64700b83de67d02d0c4b0 - - - -] No more DHCP agents
2026-04-13 04:27:44.935 10 WARNING neutron.api.rpc.agentnotifiers.dhcp_rpc_agent_api [None req-b08f168c-1722-48f3-be1a-61a64199623d 357fc68cce1948f8869c58f94a4543a9 09ed333f55f64700b83de67d02d0c4b0 - - - -] Unable to schedule network a3838f4c-5a42-4c3b-929b-08023c854640: no agents available; will retry on subsequent port and subnet creation events.
2026-04-13 04:27:44.950 9 WARNING neutron.scheduler.dhcp_agent_scheduler [None req-3b9bad4e-339e-4b69-b7cb-60be192e0ae3 78364052d830419298f162b1bdddbd09 94ccb3c9e4d14dc486d3d600d5384749 - - - -] No more DHCP agents
2026-04-13 04:27:44.954 9 WARNING neutron.api.rpc.agentnotifiers.dhcp_rpc_agent_api [None req-3b9bad4e-339e-4b69-b7cb-60be192e0ae3 78364052d830419298f162b1bdddbd09 94ccb3c9e4d14dc486d3d600d5384749 - - - -] Unable to schedule network 31b3f3c4-36a8-4e96-82c1-10991610da35: no agents available; will retry on subsequent port and subnet creation events.
2026-04-13 04:27:45.155 9 WARNING neutron.scheduler.dhcp_agent_scheduler [None req-ba415dfa-57d9-4205-87e1-8becfbdce7a6 c5e1c045d8814a1db5a09c4a00721e62 9ae8df46ee654e15903c143b90b6e8fa - - - -] No more DHCP agents
2026-04-13 04:27:45.157 9 WARNING neutron.api.rpc.agentnotifiers.dhcp_rpc_agent_api [None req-ba415dfa-57d9-4205-87e1-8becfbdce7a6 c5e1c045d8814a1db5a09c4a00721e62 9ae8df46ee654e15903c143b90b6e8fa - - - -] Unable to schedule network 8b417630-60b8-4e12-8cc2-f1c1f69fe064: no agents available; will retry on subsequent port and subnet creation events.
2026-04-13 04:27:45.214 10 INFO neutron.db.ovn_revision_numbers_db [None req-b08f168c-1722-48f3-be1a-61a64199623d 357fc68cce1948f8869c58f94a4543a9 09ed333f55f64700b83de67d02d0c4b0 - - - -] Successfully bumped revision number for resource 75faaedc-f123-4f00-82ea-39378f79629c (type: floatingips) to 0
2026-04-13 04:27:45.236 10 INFO neutron.wsgi [None req-b08f168c-1722-48f3-be1a-61a64199623d 357fc68cce1948f8869c58f94a4543a9 09ed333f55f64700b83de67d02d0c4b0 - - - -] 10.0.0.64 "POST /v2.0/floatingips HTTP/1.1" status: 201 len: 751 time: 0.5256281
2026-04-13 04:27:45.240 9 INFO neutron.db.ovn_revision_numbers_db [None req-ba415dfa-57d9-4205-87e1-8becfbdce7a6 c5e1c045d8814a1db5a09c4a00721e62 9ae8df46ee654e15903c143b90b6e8fa - - - -] Successfully bumped revision number for resource 036eaf9b-12f7-447e-a094-fa3ec8ac9d74 (type: ports) to 1
2026-04-13 04:27:45.265 9 INFO neutron.wsgi [None req-ba415dfa-57d9-4205-87e1-8becfbdce7a6 c5e1c045d8814a1db5a09c4a00721e62 9ae8df46ee654e15903c143b90b6e8fa - - - -] 10.0.0.64 "POST /v2.0/ports HTTP/1.1" status: 201 len: 978 time: 0.6292057
2026-04-13 04:27:45.345 10 INFO neutron.db.segments_db [None req-10522479-4190-40e0-b396-b339f6e207a4 c5e1c045d8814a1db5a09c4a00721e62 9ae8df46ee654e15903c143b90b6e8fa - - - -] Added segment 2700b81c-9a7e-4b2b-a079-1a5f4cb190d7 of type geneve for network 263d9796-c171-4059-a904-dd1e0fd08f3e
2026-04-13 04:27:45.458 9 INFO neutron.db.ovn_revision_numbers_db [None req-3b9bad4e-339e-4b69-b7cb-60be192e0ae3 78364052d830419298f162b1bdddbd09 94ccb3c9e4d14dc486d3d600d5384749 - - - -] Successfully bumped revision number for resource f0dda881-bd43-4a68-9095-dd070f1d0ee5 (type: ports) to 2
2026-04-13 04:27:45.459 10 INFO neutron.db.ovn_revision_numbers_db [None req-10522479-4190-40e0-b396-b339f6e207a4 c5e1c045d8814a1db5a09c4a00721e62 9ae8df46ee654e15903c143b90b6e8fa - - - -] Successfully bumped revision number for resource 263d9796-c171-4059-a904-dd1e0fd08f3e (type: networks) to 1
2026-04-13 04:27:45.471 9 INFO neutron.db.ovn_revision_numbers_db [None req-3b9bad4e-339e-4b69-b7cb-60be192e0ae3 78364052d830419298f162b1bdddbd09 94ccb3c9e4d14dc486d3d600d5384749 - - - -] Successfully bumped revision number for resource ef6a7b50-79c1-476e-a02f-536f2361f03f (type: subnets) to 0
2026-04-13 04:27:45.487 9 INFO neutron.wsgi [None req-3b9bad4e-339e-4b69-b7cb-60be192e0ae3 78364052d830419298f162b1bdddbd09 94ccb3c9e4d14dc486d3d600d5384749 - - - -] 10.0.0.64 "POST /v2.0/subnets HTTP/1.1" status: 201 len: 801 time: 1.0265329
2026-04-13 04:27:45.727 10 INFO neutron.wsgi [req-5863fc22-e712-43fb-9258-a99fc2148218 req-61cb775b-24c7-4c62-9794-47c08f5bf445 357fc68cce1948f8869c58f94a4543a9 09ed333f55f64700b83de67d02d0c4b0 - - default default] 10.0.0.254 "GET /v2.0/security-groups?name=tempest-securitygroup--1960479957&fields=id&tenant_id=09ed333f55f64700b83de67d02d0c4b0 HTTP/1.1" status: 200 len: 267 time: 0.0692673
2026-04-13 04:27:45.733 10 WARNING neutron.scheduler.dhcp_agent_scheduler [None req-10522479-4190-40e0-b396-b339f6e207a4 c5e1c045d8814a1db5a09c4a00721e62 9ae8df46ee654e15903c143b90b6e8fa - - - -] No more DHCP agents
2026-04-13 04:27:45.746 10 WARNING neutron.api.rpc.agentnotifiers.dhcp_rpc_agent_api [None req-10522479-4190-40e0-b396-b339f6e207a4 c5e1c045d8814a1db5a09c4a00721e62 9ae8df46ee654e15903c143b90b6e8fa - - - -] Unable to schedule network 263d9796-c171-4059-a904-dd1e0fd08f3e: no agents available; will retry on subsequent port and subnet creation events.
2026-04-13 04:27:45.767 10 INFO neutron.db.ovn_revision_numbers_db [None req-a3a973df-c5a0-41a1-b96b-c3894d7ceee1 78364052d830419298f162b1bdddbd09 94ccb3c9e4d14dc486d3d600d5384749 - - - -] Successfully bumped revision number for resource ead17dd0-fb2b-4777-af7e-9c3da7d84aa3 (type: routers) to 1
2026-04-13 04:27:45.796 10 INFO neutron.wsgi [None req-a3a973df-c5a0-41a1-b96b-c3894d7ceee1 78364052d830419298f162b1bdddbd09 94ccb3c9e4d14dc486d3d600d5384749 - - - -] 10.0.0.64 "POST /v2.0/routers HTTP/1.1" status: 201 len: 687 time: 0.3023353
2026-04-13 04:27:45.859 10 INFO neutron.wsgi [req-5863fc22-e712-43fb-9258-a99fc2148218 req-c8263ddf-a0a8-4dc5-90ad-4d1c0f2aff15 357fc68cce1948f8869c58f94a4543a9 09ed333f55f64700b83de67d02d0c4b0 - - default default] 10.0.0.254 "GET /v2.0/networks?id=e4d2e171-31ef-48bb-a260-412ff7f7fee4 HTTP/1.1" status: 200 len: 875 time: 0.1156170
2026-04-13 04:27:45.896 10 INFO neutron.db.ovn_revision_numbers_db [None req-10522479-4190-40e0-b396-b339f6e207a4 c5e1c045d8814a1db5a09c4a00721e62 9ae8df46ee654e15903c143b90b6e8fa - - - -] Successfully bumped revision number for resource 3574a64c-75e5-437a-a60c-24eb081ccd3a (type: ports) to 1
2026-04-13 04:27:45.922 10 INFO neutron.wsgi [req-5863fc22-e712-43fb-9258-a99fc2148218 req-604f5756-c0e8-4374-943d-340b5fdc33ed 357fc68cce1948f8869c58f94a4543a9 09ed333f55f64700b83de67d02d0c4b0 - - default default] 10.0.0.254 "GET /v2.0/quotas/09ed333f55f64700b83de67d02d0c4b0 HTTP/1.1" status: 200 len: 386 time: 0.0428727
2026-04-13 04:27:45.971 10 INFO neutron.wsgi [None req-10522479-4190-40e0-b396-b339f6e207a4 c5e1c045d8814a1db5a09c4a00721e62 9ae8df46ee654e15903c143b90b6e8fa - - - -] 10.0.0.64 "POST /v2.0/networks HTTP/1.1" status: 201 len: 835 time: 0.7014356 /var/lib/openstack/lib/python3.10/site-packages/pycadf/identifier.py:71: UserWarning: Invalid uuid: neutron. To ensure interoperability, identifiers should be a valid uuid. warnings.warn(('Invalid uuid: %s. To ensure interoperability, '
2026-04-13 04:27:46.052 9 INFO neutron.wsgi [-] 10.0.0.64 "GET / HTTP/1.1" status: 200 len: 279 time: 0.0013192
2026-04-13 04:27:46.096 10 INFO neutron.wsgi [req-5863fc22-e712-43fb-9258-a99fc2148218 req-22fc7f65-3580-49f8-80d8-fd7e34e3744b 357fc68cce1948f8869c58f94a4543a9 09ed333f55f64700b83de67d02d0c4b0 - - default default] 10.0.0.254 "GET /v2.0/ports?tenant_id=09ed333f55f64700b83de67d02d0c4b0&fields=id HTTP/1.1" status: 200 len: 302 time: 0.1660154
