2026-05-11 06:43:10.044 9 INFO neutron.wsgi [None req-35db86a6-c5dd-4a26-a343-076e839409f2 4590465c8d4949bfb23fbf07a9e85bef 27ebc8c9bf3f4b47b9b94412952cef1b - - default default] 10.0.0.42 "GET /v2.0/quotas/27ebc8c9bf3f4b47b9b94412952cef1b/details HTTP/1.1" status: 200 len: 756 time: 0.4752948
2026-05-11 06:43:10.169 10 INFO neutron.wsgi [None req-2309f700-1a2b-4086-b256-ba7096c69301 040fef7e4c764db3aecab9744dc2774e 135c1ec9217849ceb1ab289759cc3558 - - default default] 10.0.0.176 "DELETE /v2.0/networks/ffe0b9ad-96fc-4ffd-a0bf-246e94d8e0ff HTTP/1.1" status: 204 len: 168 time: 0.3675795
2026-05-11 06:43:10.303 9 INFO neutron.wsgi [None req-fef9c7ac-1ca3-4104-8d5d-edb2e06f75d0 ed908715294d4a8c81e6c1379e4a42dd d69562675b6948ceb78b32d4447398a6 - - default default] 10.0.0.176 "DELETE /v2.0/routers/26d75bb2-d059-425f-b592-68ade2cbf1d4 HTTP/1.1" status: 204 len: 168 time: 1.6059718
2026-05-11 06:43:10.521 10 INFO neutron.wsgi [None req-96ad3ddc-db02-4a8c-afd4-bfde96a52b57 040fef7e4c764db3aecab9744dc2774e 135c1ec9217849ceb1ab289759cc3558 - - default default] 10.0.0.176 "DELETE /v2.0/networks/a7e9d781-60f6-4ace-8be7-0ccfd6799af3 HTTP/1.1" status: 204 len: 168 time: 0.3456204
2026-05-11 06:43:10.580 9 INFO neutron.wsgi [None req-b02089d0-571f-4ed7-a0c8-7ece7d305b4d ed908715294d4a8c81e6c1379e4a42dd d69562675b6948ceb78b32d4447398a6 - - default default] 10.0.0.176 "DELETE /v2.0/subnets/0b57a0a4-6d13-4ed6-960f-17dc9dc1698c HTTP/1.1" status: 204 len: 168 time: 0.2662301
2026-05-11 06:43:10.643 9 INFO neutron.db.l3_db [None req-d7114223-29fa-40cc-985e-4e4ce6c895b0 0cb32852adde40ddab06aabd87a9c140 12e09753187c40db93b610d7c8c49da5 - - default default] Floating IP 8f5e65f3-61f4-4064-8796-5d4a18cbc925 associated. External IP: 10.96.250.213, port: 247b861e-164b-4058-861b-280c81181892.
2026-05-11 06:43:10.899 10 INFO neutron.wsgi [None req-5bcfc114-251e-4fec-bb0d-aa1e99a2740a 040fef7e4c764db3aecab9744dc2774e 135c1ec9217849ceb1ab289759cc3558 - - default default] 10.0.0.176 "DELETE /v2.0/networks/e4c7db8f-239e-4f6e-a17c-327fe211d979 HTTP/1.1" status: 204 len: 168 time: 0.3720357
2026-05-11 06:43:11.147 9 INFO neutron.db.ovn_revision_numbers_db [None req-d7114223-29fa-40cc-985e-4e4ce6c895b0 0cb32852adde40ddab06aabd87a9c140 12e09753187c40db93b610d7c8c49da5 - - default default] Successfully bumped revision number for resource 8f5e65f3-61f4-4064-8796-5d4a18cbc925 (type: floatingips) to 0
2026-05-11 06:43:11.304 9 INFO neutron.services.segments.plugin [-] Segment 5fe3588f-6cd2-4bea-98ba-792336e4da95 resource provider aggregate not found
2026-05-11 06:43:11.315 9 INFO neutron.services.segments.plugin [-] Segment 5fe3588f-6cd2-4bea-98ba-792336e4da95 resource provider aggregate not found
2026-05-11 06:43:11.320 10 INFO neutron.wsgi [None req-004f5ba2-86fe-4583-b15e-fce190254fed 040fef7e4c764db3aecab9744dc2774e 135c1ec9217849ceb1ab289759cc3558 - - default default] 10.0.0.176 "DELETE /v2.0/networks/3fd3a22e-afb3-487f-ab27-2c240c8bf5d0 HTTP/1.1" status: 204 len: 168 time: 0.4150591
2026-05-11 06:43:11.326 9 INFO neutron.services.segments.plugin [-] Segment 5fe3588f-6cd2-4bea-98ba-792336e4da95 resource provider not found; error: Placement Client Error (4xx): {"errors": [{"status": 404, "title": "Not Found", "detail": "The resource could not be found.\n\n No resource provider with uuid 5fe3588f-6cd2-4bea-98ba-792336e4da95 found for delete ", "request_id": "req-8eb6c47d-d405-45a0-89b4-c6f26fde876c"}]}
2026-05-11 06:43:11.337 9 INFO neutron.services.segments.plugin [-] Segment 5fe3588f-6cd2-4bea-98ba-792336e4da95 resource provider not found; error: Placement Client Error (4xx): {"errors": [{"status": 404, "title": "Not Found", "detail": "The resource could not be found.\n\n No resource provider with uuid 5fe3588f-6cd2-4bea-98ba-792336e4da95 found for delete ", "request_id": "req-eeb043c0-0aff-41d0-a79d-c46495ee27d7"}]}
2026-05-11 06:43:11.347 9 INFO neutron.db.ovn_revision_numbers_db [None req-d7114223-29fa-40cc-985e-4e4ce6c895b0 0cb32852adde40ddab06aabd87a9c140 12e09753187c40db93b610d7c8c49da5 - - default default] Successfully bumped revision number for resource 8f5e65f3-61f4-4064-8796-5d4a18cbc925 (type: floatingips) to 1
2026-05-11 06:43:11.360 9 INFO neutron.wsgi [None req-25aa2016-7308-46eb-9d1c-8fdb98a09681 ed908715294d4a8c81e6c1379e4a42dd d69562675b6948ceb78b32d4447398a6 - - default default] 10.0.0.176 "DELETE /v2.0/networks/ace11962-90b0-41ff-8f4a-48904ee0bdc1 HTTP/1.1" status: 204 len: 168 time: 0.7732236
2026-05-11 06:43:11.391 9 INFO neutron.wsgi [None req-d7114223-29fa-40cc-985e-4e4ce6c895b0 0cb32852adde40ddab06aabd87a9c140 12e09753187c40db93b610d7c8c49da5 - - default default] 10.0.0.176 "POST /v2.0/floatingips HTTP/1.1" status: 201 len: 1040 time: 2.1517251 /var/lib/openstack/lib/python3.10/site-packages/pycadf/identifier.py:71: UserWarning: Invalid uuid: neutron. To ensure interoperability, identifiers should be a valid uuid. warnings.warn(('Invalid uuid: %s. To ensure interoperability, '
2026-05-11 06:43:11.436 9 INFO neutron.wsgi [None req-8bdd949f-de63-476b-9d45-ba9926d9673c 0cb32852adde40ddab06aabd87a9c140 12e09753187c40db93b610d7c8c49da5 - - default default] 10.0.0.176 "GET /v2.0/floatingips/8f5e65f3-61f4-4064-8796-5d4a18cbc925 HTTP/1.1" status: 200 len: 1037 time: 0.0394983
2026-05-11 06:43:11.509 9 INFO neutron.wsgi [None req-0b07d5dd-40d1-443f-bf97-2d262fe4459c 0cb32852adde40ddab06aabd87a9c140 12e09753187c40db93b610d7c8c49da5 - - default default] 10.0.0.176 "GET /v2.0/floatingips HTTP/1.1" status: 200 len: 1040 time: 0.0681019
2026-05-11 06:43:11.693 9 INFO neutron.wsgi [None req-b3f2cf67-7ebb-42c4-9f1f-3d4d3e7c51c1 ed908715294d4a8c81e6c1379e4a42dd d69562675b6948ceb78b32d4447398a6 - - default default] 10.0.0.176 "GET /v2.0/security-groups?tenant_id=413a25e93d544d5fb1d6fec251b2e575&name=default HTTP/1.1" status: 200 len: 2996 time: 0.0634651
2026-05-11 06:43:11.790 10 INFO neutron.services.segments.plugin [-] Segment de51267c-3499-4f0c-993f-107659156081 resource provider aggregate not found
2026-05-11 06:43:11.796 10 INFO neutron.services.segments.plugin [-] Segment de51267c-3499-4f0c-993f-107659156081 resource provider aggregate not found
2026-05-11 06:43:11.804 10 INFO neutron.services.segments.plugin [-] Segment de51267c-3499-4f0c-993f-107659156081 resource provider not found; error: Placement Client Error (4xx): {"errors": [{"status": 404, "title": "Not Found", "detail": "The resource could not be found.\n\n No resource provider with uuid de51267c-3499-4f0c-993f-107659156081 found for delete ", "request_id": "req-f9ccb5b7-b80b-4715-9638-2ec37f300135"}]}
2026-05-11 06:43:11.811 9 INFO neutron.db.l3_db [None req-587f7c41-517d-4fef-9472-4af60869aa19 0cb32852adde40ddab06aabd87a9c140 12e09753187c40db93b610d7c8c49da5 - - default default] Floating IP 8f5e65f3-61f4-4064-8796-5d4a18cbc925 associated. External IP: 10.96.250.213, port: 247b861e-164b-4058-861b-280c81181892.
2026-05-11 06:43:11.812 10 INFO neutron.services.segments.plugin [-] Segment de51267c-3499-4f0c-993f-107659156081 resource provider not found; error: Placement Client Error (4xx): {"errors": [{"status": 404, "title": "Not Found", "detail": "The resource could not be found.\n\n No resource provider with uuid de51267c-3499-4f0c-993f-107659156081 found for delete ", "request_id": "req-aac1947d-fca1-4d86-8abd-f9045bea67e5"}]}
2026-05-11 06:43:11.817 10 INFO neutron.services.segments.plugin [-] Segment 0a309d38-10fe-488d-ab70-a00a66dd43cd resource provider aggregate not found
2026-05-11 06:43:11.833 10 INFO neutron.services.segments.plugin [-] Segment 0a309d38-10fe-488d-ab70-a00a66dd43cd resource provider not found; error: Placement Client Error (4xx): {"errors": [{"status": 404, "title": "Not Found", "detail": "The resource could not be found.\n\n No resource provider with uuid 0a309d38-10fe-488d-ab70-a00a66dd43cd found for delete ", "request_id": "req-d4786fc4-9bfb-4e7b-9bfc-4cfa1e643ef1"}]}
2026-05-11 06:43:11.841 10 INFO neutron.services.segments.plugin [-] Segment 0a309d38-10fe-488d-ab70-a00a66dd43cd resource provider aggregate not found
2026-05-11 06:43:11.848 10 INFO neutron.services.segments.plugin [-] Segment 0f9909e3-0f32-40f1-aac9-82365c976a52 resource provider aggregate not found
2026-05-11 06:43:11.856 10 INFO neutron.services.segments.plugin [-] Segment 0a309d38-10fe-488d-ab70-a00a66dd43cd resource provider not found; error: Placement Client Error (4xx): {"errors": [{"status": 404, "title": "Not Found", "detail": "The resource could not be found.\n\n No resource provider with uuid 0a309d38-10fe-488d-ab70-a00a66dd43cd found for delete ", "request_id": "req-397cbaba-8d6b-4970-a5fa-42e1ebb4938e"}]}
2026-05-11 06:43:11.862 10 INFO neutron.services.segments.plugin [-] Segment 0f9909e3-0f32-40f1-aac9-82365c976a52 resource provider not found; error: Placement Client Error (4xx): {"errors": [{"status": 404, "title": "Not Found", "detail": "The resource could not be found.\n\n No resource provider with uuid 0f9909e3-0f32-40f1-aac9-82365c976a52 found for delete ", "request_id": "req-e0735402-bb45-42a5-a904-1530fcedaf89"}]}
2026-05-11 06:43:11.872 10 INFO neutron.services.segments.plugin [-] Segment 0f9909e3-0f32-40f1-aac9-82365c976a52 resource provider aggregate not found
2026-05-11 06:43:11.878 10 INFO neutron.services.segments.plugin [-] Segment 158abefb-c809-43a9-a73a-083ea683816b resource provider aggregate not found
2026-05-11 06:43:11.896 10 INFO neutron.services.segments.plugin [-] Segment 0f9909e3-0f32-40f1-aac9-82365c976a52 resource provider not found; error: Placement Client Error (4xx): {"errors": [{"status": 404, "title": "Not Found", "detail": "The resource could not be found.\n\n No resource provider with uuid 0f9909e3-0f32-40f1-aac9-82365c976a52 found for delete ", "request_id": "req-5e58f165-69c2-48b0-a051-6e7449df5001"}]}
2026-05-11 06:43:11.901 10 INFO neutron.services.segments.plugin [-] Segment 158abefb-c809-43a9-a73a-083ea683816b resource provider not found; error: Placement Client Error (4xx): {"errors": [{"status": 404, "title": "Not Found", "detail": "The resource could not be found.\n\n No resource provider with uuid 158abefb-c809-43a9-a73a-083ea683816b found for delete ", "request_id": "req-18926a78-a57b-4c63-8853-2bb90d68b143"}]}
2026-05-11 06:43:11.912 10 INFO neutron.services.segments.plugin [-] Segment 158abefb-c809-43a9-a73a-083ea683816b resource provider aggregate not found
2026-05-11 06:43:11.931 10 INFO neutron.services.segments.plugin [-] Segment 158abefb-c809-43a9-a73a-083ea683816b resource provider not found; error: Placement Client Error (4xx): {"errors": [{"status": 404, "title": "Not Found", "detail": "The resource could not be found.\n\n No resource provider with uuid 158abefb-c809-43a9-a73a-083ea683816b found for delete ", "request_id": "req-e4e41a4e-ead3-4570-a70b-246db3bc8d19"}]}
2026-05-11 06:43:11.977 10 INFO neutron.wsgi [None req-dbac1ae1-bd52-4ebf-b0ea-07eae55eff87 ed908715294d4a8c81e6c1379e4a42dd d69562675b6948ceb78b32d4447398a6 - - default default] 10.0.0.176 "DELETE /v2.0/security-groups/90690506-52b4-47d3-999e-5ead2c32ac11 HTTP/1.1" status: 204 len: 168 time: 0.2792614
2026-05-11 06:43:12.106 9 INFO neutron.db.ovn_revision_numbers_db [None req-587f7c41-517d-4fef-9472-4af60869aa19 0cb32852adde40ddab06aabd87a9c140 12e09753187c40db93b610d7c8c49da5 - - default default] Successfully bumped revision number for resource 8f5e65f3-61f4-4064-8796-5d4a18cbc925 (type: floatingips) to 2
2026-05-11 06:43:12.225 9 INFO neutron.db.ovn_revision_numbers_db [None req-587f7c41-517d-4fef-9472-4af60869aa19 0cb32852adde40ddab06aabd87a9c140 12e09753187c40db93b610d7c8c49da5 - - default default] Successfully bumped revision number for resource 8f5e65f3-61f4-4064-8796-5d4a18cbc925 (type: floatingips) to 2
2026-05-11 06:43:12.275 9 INFO neutron.wsgi [None req-587f7c41-517d-4fef-9472-4af60869aa19 0cb32852adde40ddab06aabd87a9c140 12e09753187c40db93b610d7c8c49da5 - - default default] 10.0.0.176 "PUT /v2.0/floatingips/8f5e65f3-61f4-4064-8796-5d4a18cbc925 HTTP/1.1" status: 200 len: 1038 time: 0.7593136 /var/lib/openstack/lib/python3.10/site-packages/pycadf/identifier.py:71: UserWarning: Invalid uuid: neutron. To ensure interoperability, identifiers should be a valid uuid. warnings.warn(('Invalid uuid: %s. To ensure interoperability, '
2026-05-11 06:43:12.403 9 INFO neutron.db.l3_db [None req-e22d1216-0852-4927-8bdc-b4c630a118ef 0cb32852adde40ddab06aabd87a9c140 12e09753187c40db93b610d7c8c49da5 - - default default] Floating IP 8f5e65f3-61f4-4064-8796-5d4a18cbc925 disassociated. External IP: 10.96.250.213, port: 38241d2e-a752-455e-a82a-a6a0753a88cf.
2026-05-11 06:43:12.474 9 INFO neutron.db.ovn_revision_numbers_db [None req-e22d1216-0852-4927-8bdc-b4c630a118ef 0cb32852adde40ddab06aabd87a9c140 12e09753187c40db93b610d7c8c49da5 - - default default] Successfully bumped revision number for resource 8f5e65f3-61f4-4064-8796-5d4a18cbc925 (type: floatingips) to 3
2026-05-11 06:43:12.494 10 INFO neutron.db.ovn_revision_numbers_db [None req-103515e5-0171-4aeb-9237-462fa3c7b44b ed908715294d4a8c81e6c1379e4a42dd d69562675b6948ceb78b32d4447398a6 - - default default] Successfully bumped revision number for resource 722ccaef-43e1-4347-9989-62a2f0fc33aa (type: security_groups) to 1
2026-05-11 06:43:12.510 10 INFO neutron.db.ovn_revision_numbers_db [None req-103515e5-0171-4aeb-9237-462fa3c7b44b ed908715294d4a8c81e6c1379e4a42dd d69562675b6948ceb78b32d4447398a6 - - default default] Successfully bumped revision number for resource 01a26316-2b12-4d8b-abd8-6a7d2ca8f343 (type: security_group_rules) to 0
2026-05-11 06:43:12.528 10 INFO neutron.db.ovn_revision_numbers_db [None req-103515e5-0171-4aeb-9237-462fa3c7b44b ed908715294d4a8c81e6c1379e4a42dd d69562675b6948ceb78b32d4447398a6 - - default default] Successfully bumped revision number for resource 8979783b-fff8-4a21-987c-f25657e37647 (type: security_group_rules) to 0
2026-05-11 06:43:12.532 10 INFO neutron.db.ovn_revision_numbers_db [None req-42c38a88-1b78-457f-b353-fe5858a9f7f4 ed908715294d4a8c81e6c1379e4a42dd d69562675b6948ceb78b32d4447398a6 - - default default] Successfully bumped revision number for resource 33501e7b-22c4-4e79-b9f1-488c9b4aee6b (type: security_groups) to 1
2026-05-11 06:43:12.541 10 INFO neutron.db.ovn_revision_numbers_db [None req-103515e5-0171-4aeb-9237-462fa3c7b44b ed908715294d4a8c81e6c1379e4a42dd d69562675b6948ceb78b32d4447398a6 - - default default] Successfully bumped revision number for resource aa367b0e-f663-48d5-b7c1-bfe14da739bb (type: security_group_rules) to 0
2026-05-11 06:43:12.546 10 INFO neutron.db.ovn_revision_numbers_db [None req-42c38a88-1b78-457f-b353-fe5858a9f7f4 ed908715294d4a8c81e6c1379e4a42dd d69562675b6948ceb78b32d4447398a6 - - default default] Successfully bumped revision number for resource 0eb7429f-a3e6-4970-9183-7f6ff0401fdc (type: security_group_rules) to 0
2026-05-11 06:43:12.572 10 INFO neutron.db.ovn_revision_numbers_db [None req-103515e5-0171-4aeb-9237-462fa3c7b44b ed908715294d4a8c81e6c1379e4a42dd d69562675b6948ceb78b32d4447398a6 - - default default] Successfully bumped revision number for resource dd1bbe33-d1ed-4f50-9c30-0e068bc0fd18 (type: security_group_rules) to 0
2026-05-11 06:43:12.575 9 INFO neutron.wsgi [None req-e22d1216-0852-4927-8bdc-b4c630a118ef 0cb32852adde40ddab06aabd87a9c140 12e09753187c40db93b610d7c8c49da5 - - default default] 10.0.0.176 "PUT /v2.0/floatingips/8f5e65f3-61f4-4064-8796-5d4a18cbc925 HTTP/1.1" status: 200 len: 748 time: 0.2945743 /var/lib/openstack/lib/python3.10/site-packages/pycadf/identifier.py:71: UserWarning: Invalid uuid: neutron. To ensure interoperability, identifiers should be a valid uuid. warnings.warn(('Invalid uuid: %s. To ensure interoperability, '
2026-05-11 06:43:12.585 10 INFO neutron.db.ovn_revision_numbers_db [None req-42c38a88-1b78-457f-b353-fe5858a9f7f4 ed908715294d4a8c81e6c1379e4a42dd d69562675b6948ceb78b32d4447398a6 - - default default] Successfully bumped revision number for resource 531fc239-6027-4b1f-8b33-2259e40286c3 (type: security_group_rules) to 0
2026-05-11 06:43:12.604 10 INFO neutron.wsgi [None req-103515e5-0171-4aeb-9237-462fa3c7b44b ed908715294d4a8c81e6c1379e4a42dd d69562675b6948ceb78b32d4447398a6 - - default default] 10.0.0.176 "GET /v2.0/security-groups?tenant_id=fc65c80740da4a92b4e159dc7df188c1&name=default HTTP/1.1" status: 200 len: 2996 time: 0.4129586
2026-05-11 06:43:12.610 10 INFO neutron.db.ovn_revision_numbers_db [None req-42c38a88-1b78-457f-b353-fe5858a9f7f4 ed908715294d4a8c81e6c1379e4a42dd d69562675b6948ceb78b32d4447398a6 - - default default] Successfully bumped revision number for resource 6c2cc0b6-e39c-4c3d-807f-cd1ef91ad521 (type: security_group_rules) to 0
2026-05-11 06:43:12.846 10 INFO neutron.db.ovn_revision_numbers_db [None req-42c38a88-1b78-457f-b353-fe5858a9f7f4 ed908715294d4a8c81e6c1379e4a42dd d69562675b6948ceb78b32d4447398a6 - - default default] Successfully bumped revision number for resource c7b1317d-6c25-4265-a8d6-65450af29a8a (type: security_group_rules) to 0
2026-05-11 06:43:12.870 10 INFO neutron.wsgi [None req-42c38a88-1b78-457f-b353-fe5858a9f7f4 ed908715294d4a8c81e6c1379e4a42dd d69562675b6948ceb78b32d4447398a6 - - default default] 10.0.0.176 "GET /v2.0/security-groups?tenant_id=27ebc8c9bf3f4b47b9b94412952cef1b&name=default HTTP/1.1" status: 200 len: 2996 time: 0.5143232
2026-05-11 06:43:12.930 9 INFO neutron.wsgi [None req-68ae887f-a759-4583-98dc-c814f5899907 0cb32852adde40ddab06aabd87a9c140 12e09753187c40db93b610d7c8c49da5 - - default default] 10.0.0.176 "DELETE /v2.0/floatingips/8f5e65f3-61f4-4064-8796-5d4a18cbc925 HTTP/1.1" status: 204 len: 168 time: 0.3472145
2026-05-11 06:43:12.959 10 INFO neutron.api.v2.resource [None req-57de74b5-d3cf-4a7b-8a51-4284078634a0 0cb32852adde40ddab06aabd87a9c140 12e09753187c40db93b610d7c8c49da5 - - default default] delete failed (client error): The resource could not be found.
2026-05-11 06:43:12.960 10 INFO neutron.wsgi [None req-57de74b5-d3cf-4a7b-8a51-4284078634a0 0cb32852adde40ddab06aabd87a9c140 12e09753187c40db93b610d7c8c49da5 - - default default] 10.0.0.176 "DELETE /v2.0/floatingips/8f5e65f3-61f4-4064-8796-5d4a18cbc925 HTTP/1.1" status: 404 len: 345 time: 0.0229414
2026-05-11 06:43:13.080 10 INFO neutron.wsgi [None req-04074f45-8ae2-46c0-8200-0657f5721494 ed908715294d4a8c81e6c1379e4a42dd d69562675b6948ceb78b32d4447398a6 - - default default] 10.0.0.176 "DELETE /v2.0/security-groups/722ccaef-43e1-4347-9989-62a2f0fc33aa HTTP/1.1" status: 204 len: 168 time: 0.4675210
2026-05-11 06:43:13.155 9 INFO neutron.wsgi [None req-01eab4dd-e113-49f6-931e-1674de4dc466 ed908715294d4a8c81e6c1379e4a42dd d69562675b6948ceb78b32d4447398a6 - - default default] 10.0.0.176 "DELETE /v2.0/security-groups/33501e7b-22c4-4e79-b9f1-488c9b4aee6b HTTP/1.1" status: 204 len: 168 time: 0.2787290
2026-05-11 06:43:13.281 10 INFO neutron.db.ovn_revision_numbers_db [None req-f0988ef6-15ca-45c5-9542-602c3728b4c0 ed908715294d4a8c81e6c1379e4a42dd d69562675b6948ceb78b32d4447398a6 - - default default] Successfully bumped revision number for resource 9736ad45-503f-4ad3-a279-7e0fac5fe9de (type: security_groups) to 1
2026-05-11 06:43:13.296 10 INFO neutron.db.ovn_revision_numbers_db [None req-f0988ef6-15ca-45c5-9542-602c3728b4c0 ed908715294d4a8c81e6c1379e4a42dd d69562675b6948ceb78b32d4447398a6 - - default default] Successfully bumped revision number for resource 5bef243c-d1e7-45f2-bd6f-22bc2d9ef148 (type: security_group_rules) to 0
2026-05-11 06:43:13.309 10 INFO neutron.db.ovn_revision_numbers_db [None req-f0988ef6-15ca-45c5-9542-602c3728b4c0 ed908715294d4a8c81e6c1379e4a42dd d69562675b6948ceb78b32d4447398a6 - - default default] Successfully bumped revision number for resource b56dfe19-1399-4921-9ab6-7bfe9cb129ee (type: security_group_rules) to 0
2026-05-11 06:43:13.324 10 INFO neutron.db.ovn_revision_numbers_db [None req-f0988ef6-15ca-45c5-9542-602c3728b4c0 ed908715294d4a8c81e6c1379e4a42dd d69562675b6948ceb78b32d4447398a6 - - default default] Successfully bumped revision number for resource d3fdcdf4-f0ab-4d6a-9578-b4c51d8812c3 (type: security_group_rules) to 0
2026-05-11 06:43:13.336 9 INFO neutron.wsgi [None req-dff7c160-b5ca-4f68-bbe0-daca6108aaee 0cb32852adde40ddab06aabd87a9c140 12e09753187c40db93b610d7c8c49da5 - - default default] 10.0.0.176 "DELETE /v2.0/ports/38241d2e-a752-455e-a82a-a6a0753a88cf HTTP/1.1" status: 204 len: 168 time: 0.3685555
2026-05-11 06:43:13.349 10 INFO neutron.db.ovn_revision_numbers_db [None req-f0988ef6-15ca-45c5-9542-602c3728b4c0 ed908715294d4a8c81e6c1379e4a42dd d69562675b6948ceb78b32d4447398a6 - - default default] Successfully bumped revision number for resource e6a624c1-f1b6-4545-86cb-927c1e559a60 (type: security_group_rules) to 0
2026-05-11 06:43:13.382 10 INFO neutron.wsgi [None req-f0988ef6-15ca-45c5-9542-602c3728b4c0 ed908715294d4a8c81e6c1379e4a42dd d69562675b6948ceb78b32d4447398a6 - - default default] 10.0.0.176 "GET /v2.0/security-groups?tenant_id=4b99071c1eee45d38f4de831128858a4&name=default HTTP/1.1" status: 200 len: 2996 time: 0.2198143
2026-05-11 06:43:13.574 9 INFO neutron.wsgi [None req-7d1aaf39-969f-4a07-b177-6c0951197957 ed908715294d4a8c81e6c1379e4a42dd d69562675b6948ceb78b32d4447398a6 - - default default] 10.0.0.176 "DELETE /v2.0/security-groups/9736ad45-503f-4ad3-a279-7e0fac5fe9de HTTP/1.1" status: 204 len: 168 time: 0.1857095
2026-05-11 06:43:13.699 10 INFO neutron.wsgi [None req-b52c9077-d7c7-4020-9963-729246d882c9 0cb32852adde40ddab06aabd87a9c140 12e09753187c40db93b610d7c8c49da5 - - default default] 10.0.0.176 "DELETE /v2.0/ports/247b861e-164b-4058-861b-280c81181892 HTTP/1.1" status: 204 len: 168 time: 0.3577676
2026-05-11 06:43:13.784 10 INFO neutron.wsgi [None req-33289f36-0328-4356-8bc2-208026e0bfe7 0cb32852adde40ddab06aabd87a9c140 12e09753187c40db93b610d7c8c49da5 - - default default] 10.0.0.176 "GET /v2.0/ports?device_id=8392a803-559a-4dec-aecb-4afc791ce1d7 HTTP/1.1" status: 200 len: 1140 time: 0.0814924
2026-05-11 06:43:13.837 9 INFO neutron.wsgi [None req-af01ce85-d9b6-4105-87b3-71a0a73dff0a ed908715294d4a8c81e6c1379e4a42dd d69562675b6948ceb78b32d4447398a6 - - default default] 10.0.0.176 "GET /v2.0/security-groups?tenant_id=135c1ec9217849ceb1ab289759cc3558&name=default HTTP/1.1" status: 200 len: 2996 time: 0.0409124
2026-05-11 06:43:13.940 9 WARNING neutron_lib.context [None req-15a8561e-ee17-47aa-8e0f-53b9fb4915c3 89e52e00d56647fbb1aa728ea73e1596 6d5eb96414b74aaa814a90fc16c351fb - - default default] Method 'is_advsvc' is deprecated since 2023.2 release (neutron-lib 3.8.0) and will be removed once support for the old RBAC API policies will be removed from Neutron. Please use method 'is_service_role' instead.
2026-05-11 06:43:14.103 9 INFO neutron.db.ovn_revision_numbers_db [None req-15a8561e-ee17-47aa-8e0f-53b9fb4915c3 89e52e00d56647fbb1aa728ea73e1596 6d5eb96414b74aaa814a90fc16c351fb - - default default] Successfully bumped revision number for resource 468320af-8828-4e8c-9b90-9888121dd80d (type: security_groups) to 1
2026-05-11 06:43:14.110 9 INFO neutron.wsgi [None req-8d008014-5d14-4bb8-93cc-e387c4aa85e3 ed908715294d4a8c81e6c1379e4a42dd d69562675b6948ceb78b32d4447398a6 - - default default] 10.0.0.176 "DELETE /v2.0/security-groups/f164f170-3465-4904-9afa-5d088985a211 HTTP/1.1" status: 204 len: 168 time: 0.2673399
2026-05-11 06:43:14.124 9 INFO neutron.db.ovn_revision_numbers_db [None req-15a8561e-ee17-47aa-8e0f-53b9fb4915c3 89e52e00d56647fbb1aa728ea73e1596 6d5eb96414b74aaa814a90fc16c351fb - - default default] Successfully bumped revision number for resource 086e64d1-fede-4224-8cac-e47f731c32a1 (type: security_group_rules) to 0
2026-05-11 06:43:14.140 9 INFO neutron.db.ovn_revision_numbers_db [None req-15a8561e-ee17-47aa-8e0f-53b9fb4915c3 89e52e00d56647fbb1aa728ea73e1596 6d5eb96414b74aaa814a90fc16c351fb - - default default] Successfully bumped revision number for resource 72822e4e-7061-49e4-89b5-9040b079ce5f (type: security_group_rules) to 0
2026-05-11 06:43:14.160 9 INFO neutron.db.ovn_revision_numbers_db [None req-15a8561e-ee17-47aa-8e0f-53b9fb4915c3 89e52e00d56647fbb1aa728ea73e1596 6d5eb96414b74aaa814a90fc16c351fb - - default default] Successfully bumped revision number for resource ba9d74b7-3254-4647-993e-ded41adbd2d6 (type: security_group_rules) to 0
2026-05-11 06:43:14.177 9 INFO neutron.db.ovn_revision_numbers_db [None req-15a8561e-ee17-47aa-8e0f-53b9fb4915c3 89e52e00d56647fbb1aa728ea73e1596 6d5eb96414b74aaa814a90fc16c351fb - - default default] Successfully bumped revision number for resource eb0fa28e-8a26-4391-80fd-59cb0c7cdf16 (type: security_group_rules) to 0
2026-05-11 06:43:14.228 9 INFO neutron.db.segments_db [None req-15a8561e-ee17-47aa-8e0f-53b9fb4915c3 89e52e00d56647fbb1aa728ea73e1596 6d5eb96414b74aaa814a90fc16c351fb - - default default] Added segment 159d641c-2fde-49d2-b57c-9a514796ac73 of type geneve for network a9eae688-a98f-42fd-a32f-b7331b07752f
2026-05-11 06:43:14.372 9 INFO neutron.db.ovn_revision_numbers_db [None req-15a8561e-ee17-47aa-8e0f-53b9fb4915c3 89e52e00d56647fbb1aa728ea73e1596 6d5eb96414b74aaa814a90fc16c351fb - - default default] Successfully bumped revision number for resource a9eae688-a98f-42fd-a32f-b7331b07752f (type: networks) to 1
2026-05-11 06:43:14.557 9 WARNING neutron.scheduler.dhcp_agent_scheduler [None req-15a8561e-ee17-47aa-8e0f-53b9fb4915c3 89e52e00d56647fbb1aa728ea73e1596 6d5eb96414b74aaa814a90fc16c351fb - - default default] No more DHCP agents
2026-05-11 06:43:14.560 9 WARNING neutron.api.rpc.agentnotifiers.dhcp_rpc_agent_api [None req-15a8561e-ee17-47aa-8e0f-53b9fb4915c3 89e52e00d56647fbb1aa728ea73e1596 6d5eb96414b74aaa814a90fc16c351fb - - default default] Unable to schedule network a9eae688-a98f-42fd-a32f-b7331b07752f: no agents available; will retry on subsequent port and subnet creation events.
2026-05-11 06:43:14.605 10 INFO neutron.wsgi [None req-568a867d-3141-4279-a49a-80660431601f 0cb32852adde40ddab06aabd87a9c140 12e09753187c40db93b610d7c8c49da5 - - default default] 10.0.0.176 "PUT /v2.0/routers/8392a803-559a-4dec-aecb-4afc791ce1d7/remove_router_interface HTTP/1.1" status: 200 len: 503 time: 0.8168237 /var/lib/openstack/lib/python3.10/site-packages/pycadf/identifier.py:71: UserWarning: Invalid uuid: neutron. To ensure interoperability, identifiers should be a valid uuid. warnings.warn(('Invalid uuid: %s. To ensure interoperability, '
2026-05-11 06:43:14.662 9 INFO neutron.db.ovn_revision_numbers_db [None req-15a8561e-ee17-47aa-8e0f-53b9fb4915c3 89e52e00d56647fbb1aa728ea73e1596 6d5eb96414b74aaa814a90fc16c351fb - - default default] Successfully bumped revision number for resource e5becfa6-5389-4362-8cee-718067f30eb2 (type: ports) to 1
2026-05-11 06:43:14.685 9 INFO neutron.wsgi [None req-15a8561e-ee17-47aa-8e0f-53b9fb4915c3 89e52e00d56647fbb1aa728ea73e1596 6d5eb96414b74aaa814a90fc16c351fb - - default default] 10.0.0.176 "POST /v2.0/networks HTTP/1.1" status: 201 len: 843 time: 0.9757214
2026-05-11 06:43:14.689 10 WARNING neutron.plugins.ml2.drivers.ovn.mech_driver.ovsdb.ovn_client [None req-9a9ff5d1-29cb-4687-a6f5-76877596e9b9 - - - - - -] No port found with ID dfcbcd17-e049-44b7-9937-8fc380a50a20: RuntimeError: No port found with ID dfcbcd17-e049-44b7-9937-8fc380a50a20
2026-05-11 06:43:14.723 9 WARNING neutron_lib.context [None req-368e3e95-70b1-40c3-85c3-ab95e45e334f 89e52e00d56647fbb1aa728ea73e1596 6d5eb96414b74aaa814a90fc16c351fb - - default default] Method 'is_advsvc' is deprecated since 2023.2 release (neutron-lib 3.8.0) and will be removed once support for the old RBAC API policies will be removed from Neutron. Please use method 'is_service_role' instead.
2026-05-11 06:43:14.972 9 WARNING neutron.scheduler.dhcp_agent_scheduler [None req-368e3e95-70b1-40c3-85c3-ab95e45e334f 89e52e00d56647fbb1aa728ea73e1596 6d5eb96414b74aaa814a90fc16c351fb - - default default] No more DHCP agents
2026-05-11 06:43:14.980 9 WARNING neutron.api.rpc.agentnotifiers.dhcp_rpc_agent_api [None req-368e3e95-70b1-40c3-85c3-ab95e45e334f 89e52e00d56647fbb1aa728ea73e1596 6d5eb96414b74aaa814a90fc16c351fb - - default default] Unable to schedule network a9eae688-a98f-42fd-a32f-b7331b07752f: no agents available; will retry on subsequent port and subnet creation events.
2026-05-11 06:43:15.470 9 INFO neutron.db.ovn_revision_numbers_db [None req-368e3e95-70b1-40c3-85c3-ab95e45e334f 89e52e00d56647fbb1aa728ea73e1596 6d5eb96414b74aaa814a90fc16c351fb - - default default] Successfully bumped revision number for resource e5becfa6-5389-4362-8cee-718067f30eb2 (type: ports) to 2
2026-05-11 06:43:15.482 10 INFO neutron.wsgi [None req-880ae8ff-fbd1-489b-908b-158ec24baa38 0cb32852adde40ddab06aabd87a9c140 12e09753187c40db93b610d7c8c49da5 - - default default] 10.0.0.176 "DELETE /v2.0/routers/8392a803-559a-4dec-aecb-4afc791ce1d7 HTTP/1.1" status: 204 len: 168 time: 0.8712327
2026-05-11 06:43:15.502 9 INFO neutron.db.ovn_revision_numbers_db [None req-368e3e95-70b1-40c3-85c3-ab95e45e334f 89e52e00d56647fbb1aa728ea73e1596 6d5eb96414b74aaa814a90fc16c351fb - - default default] Successfully bumped revision number for resource 57f691f9-577d-47a6-92b8-602c44ab16e4 (type: subnets) to 0
2026-05-11 06:43:15.522 9 INFO neutron.wsgi [None req-368e3e95-70b1-40c3-85c3-ab95e45e334f 89e52e00d56647fbb1aa728ea73e1596 6d5eb96414b74aaa814a90fc16c351fb - - default default] 10.0.0.176 "POST /v2.0/subnets HTTP/1.1" status: 201 len: 816 time: 0.8059359
2026-05-11 06:43:15.532 9 WARNING neutron_lib.context [None req-be032c26-2588-4ce5-8d61-186eca9af8a4 89e52e00d56647fbb1aa728ea73e1596 6d5eb96414b74aaa814a90fc16c351fb - - default default] Method 'is_advsvc' is deprecated since 2023.2 release (neutron-lib 3.8.0) and will be removed once support for the old RBAC API policies will be removed from Neutron. Please use method 'is_service_role' instead.
2026-05-11 06:43:15.627 9 INFO neutron.db.segments_db [None req-be032c26-2588-4ce5-8d61-186eca9af8a4 89e52e00d56647fbb1aa728ea73e1596 6d5eb96414b74aaa814a90fc16c351fb - - default default] Added segment 5aa1738d-48f2-4380-ba1c-fc0f27ca8342 of type geneve for network df75e6f3-af54-4236-90a4-775e5e7e498e
2026-05-11 06:43:15.678 10 INFO neutron.wsgi [None req-335595a5-cb8d-4844-a352-5a684d3ba334 0cb32852adde40ddab06aabd87a9c140 12e09753187c40db93b610d7c8c49da5 - - default default] 10.0.0.176 "DELETE /v2.0/subnets/ebaf0036-38e6-4857-af87-3dfb88fe8f35 HTTP/1.1" status: 204 len: 168 time: 0.1905236
2026-05-11 06:43:16.027 10 INFO neutron.services.segments.plugin [-] Segment 841a9293-73b6-4e10-95c6-1e1b8f3fac98 resource provider aggregate not found
2026-05-11 06:43:16.031 10 INFO neutron.services.segments.plugin [-] Segment 841a9293-73b6-4e10-95c6-1e1b8f3fac98 resource provider aggregate not found
2026-05-11 06:43:16.048 10 INFO neutron.services.segments.plugin [-] Segment 841a9293-73b6-4e10-95c6-1e1b8f3fac98 resource provider not found; error: Placement Client Error (4xx): {"errors": [{"status": 404, "title": "Not Found", "detail": "The resource could not be found.\n\n No resource provider with uuid 841a9293-73b6-4e10-95c6-1e1b8f3fac98 found for delete ", "request_id": "req-380167b0-496d-4351-be5b-e29e6517c476"}]}
2026-05-11 06:43:16.049 10 INFO neutron.services.segments.plugin [-] Segment 841a9293-73b6-4e10-95c6-1e1b8f3fac98 resource provider not found; error: Placement Client Error (4xx): {"errors": [{"status": 404, "title": "Not Found", "detail": "The resource could not be found.\n\n No resource provider with uuid 841a9293-73b6-4e10-95c6-1e1b8f3fac98 found for delete ", "request_id": "req-2a94bdc2-0ff7-4d54-b16e-b57f78ca7ba0"}]}
2026-05-11 06:43:16.085 10 INFO neutron.wsgi [None req-c791d143-b47c-4241-8191-758abb7d8d0e 0cb32852adde40ddab06aabd87a9c140 12e09753187c40db93b610d7c8c49da5 - - default default] 10.0.0.176 "DELETE /v2.0/networks/15ae8c51-85c1-443a-9576-b80d898a7ac6 HTTP/1.1" status: 204 len: 168 time: 0.4003224
2026-05-11 06:43:16.109 9 INFO neutron.wsgi [None req-3a119993-80e9-4be5-a961-9d0974a42842 ed908715294d4a8c81e6c1379e4a42dd d69562675b6948ceb78b32d4447398a6 - - default default] 10.0.0.50 "GET /v2.0/agents HTTP/1.1" status: 200 len: 997 time: 0.4914076
2026-05-11 06:43:16.196 9 INFO neutron.wsgi [None req-57ca3fd8-acf8-4748-98ac-3a669832d8df ed908715294d4a8c81e6c1379e4a42dd d69562675b6948ceb78b32d4447398a6 - - default default] 10.0.0.50 "GET /v2.0/ports HTTP/1.1" status: 200 len: 6410 time: 0.0847478
2026-05-11 06:43:16.247 9 INFO neutron.wsgi [None req-0ece9c2b-67a4-4517-a890-9e1d69a18ee6 ed908715294d4a8c81e6c1379e4a42dd d69562675b6948ceb78b32d4447398a6 - - default default] 10.0.0.50 "GET /v2.0/routers HTTP/1.1" status: 200 len: 189 time: 0.0459080
2026-05-11 06:43:16.265 9 INFO neutron.wsgi [None req-063cd652-0512-46a4-bae9-669a8df753bb ed908715294d4a8c81e6c1379e4a42dd d69562675b6948ceb78b32d4447398a6 - - default default] 10.0.0.50 "GET /v2.0/agents?binary=ovn-controller HTTP/1.1" status: 200 len: 591 time: 0.0180781
2026-05-11 06:43:16.370 9 INFO neutron.wsgi [None req-16b0a2b6-1489-43fe-8f8c-12e4ecc532eb ed908715294d4a8c81e6c1379e4a42dd d69562675b6948ceb78b32d4447398a6 - - default default] 10.0.0.50 "GET /v2.0/subnets HTTP/1.1" status: 200 len: 2062 time: 0.0893247
2026-05-11 06:43:16.370 9 INFO neutron.db.ovn_revision_numbers_db [None req-be032c26-2588-4ce5-8d61-186eca9af8a4 89e52e00d56647fbb1aa728ea73e1596 6d5eb96414b74aaa814a90fc16c351fb - - default default] Successfully bumped revision number for resource df75e6f3-af54-4236-90a4-775e5e7e498e (type: networks) to 1
2026-05-11 06:43:16.388 9 INFO neutron.wsgi [None req-ed89efbe-52fd-4bdc-a161-74ada1feb400 ed908715294d4a8c81e6c1379e4a42dd d69562675b6948ceb78b32d4447398a6 - - default default] 10.0.0.50 "GET /v2.0/subnetpools HTTP/1.1" status: 200 len: 193 time: 0.0158782
2026-05-11 06:43:16.420 9 INFO neutron.wsgi [None req-e3b0e6e9-47f8-4c3c-ab76-8475ed85cd64 ed908715294d4a8c81e6c1379e4a42dd d69562675b6948ceb78b32d4447398a6 - - default default] 10.0.0.50 "GET /v2.0/floatingips HTTP/1.1" status: 200 len: 193 time: 0.0268903
2026-05-11 06:43:16.550 9 INFO neutron.wsgi [None req-1105da7e-33e8-4dc3-aab6-7ffc9366c571 ed908715294d4a8c81e6c1379e4a42dd d69562675b6948ceb78b32d4447398a6 - - default default] 10.0.0.50 "GET /v2.0/networks HTTP/1.1" status: 200 len: 3826 time: 0.1281769
2026-05-11 06:43:16.596 9 INFO neutron.wsgi [None req-dd39853c-79ad-4319-997d-caeb5c8804ed ed908715294d4a8c81e6c1379e4a42dd d69562675b6948ceb78b32d4447398a6 - - default default] 10.0.0.50 "GET /v2.0/subnets HTTP/1.1" status: 200 len: 2062 time: 0.0430610
2026-05-11 06:43:16.662 9 WARNING neutron.scheduler.dhcp_agent_scheduler [None req-be032c26-2588-4ce5-8d61-186eca9af8a4 89e52e00d56647fbb1aa728ea73e1596 6d5eb96414b74aaa814a90fc16c351fb - - default default] No more DHCP agents
2026-05-11 06:43:16.666 10 INFO neutron.wsgi [None req-eb8e4ce5-6bd5-4654-bcae-fc920fcf713a ed908715294d4a8c81e6c1379e4a42dd d69562675b6948ceb78b32d4447398a6 - - default default] 10.0.0.176 "GET /v2.0/security-groups?tenant_id=12e09753187c40db93b610d7c8c49da5&name=default HTTP/1.1" status: 200 len: 2996 time: 0.1836858
2026-05-11 06:43:16.669 9 WARNING neutron.api.rpc.agentnotifiers.dhcp_rpc_agent_api [None req-be032c26-2588-4ce5-8d61-186eca9af8a4 89e52e00d56647fbb1aa728ea73e1596 6d5eb96414b74aaa814a90fc16c351fb - - default default] Unable to schedule network df75e6f3-af54-4236-90a4-775e5e7e498e: no agents available; will retry on subsequent port and subnet creation events.
2026-05-11 06:43:16.687 9 INFO neutron.wsgi [None req-b34d3834-2912-4863-8a65-ffe14f2bb20f ed908715294d4a8c81e6c1379e4a42dd d69562675b6948ceb78b32d4447398a6 - - default default] 10.0.0.50 "GET /v2.0/security-groups HTTP/1.1" status: 200 len: 22355 time: 0.0899081
2026-05-11 06:43:16.726 9 INFO neutron.wsgi [None req-096574c3-4902-436d-81e9-e46b1756871c ed908715294d4a8c81e6c1379e4a42dd d69562675b6948ceb78b32d4447398a6 - - default default] 10.0.0.50 "GET /v2.0/network-ip-availabilities HTTP/1.1" status: 200 len: 1991 time: 0.0334818
2026-05-11 06:43:16.778 9 INFO neutron.db.ovn_revision_numbers_db [None req-be032c26-2588-4ce5-8d61-186eca9af8a4 89e52e00d56647fbb1aa728ea73e1596 6d5eb96414b74aaa814a90fc16c351fb - - default default] Successfully bumped revision number for resource 2c39fcbb-9a1f-43f0-b24c-285ecf5ab876 (type: ports) to 1
2026-05-11 06:43:16.800 9 INFO neutron.wsgi [None req-be032c26-2588-4ce5-8d61-186eca9af8a4 89e52e00d56647fbb1aa728ea73e1596 6d5eb96414b74aaa814a90fc16c351fb - - default default] 10.0.0.176 "POST /v2.0/networks HTTP/1.1" status: 201 len: 843 time: 1.2720449
2026-05-11 06:43:16.887 10 INFO neutron.wsgi [None req-a4425c5c-71d7-4d89-9302-5f583e59d093 ed908715294d4a8c81e6c1379e4a42dd d69562675b6948ceb78b32d4447398a6 - - default default] 10.0.0.176 "DELETE /v2.0/security-groups/5ca92b91-e60f-4ca1-8a1f-a7b5900d851d HTTP/1.1" status: 204 len: 168 time: 0.2165959
2026-05-11 06:43:17.026 9 INFO neutron.db.ovn_revision_numbers_db [None req-a75bd7fa-78ba-4462-aede-ec20ca147c68 89e52e00d56647fbb1aa728ea73e1596 6d5eb96414b74aaa814a90fc16c351fb - - default default] Successfully bumped revision number for resource df75e6f3-af54-4236-90a4-775e5e7e498e (type: networks) to 2
2026-05-11 06:43:17.031 9 INFO neutron.wsgi [None req-a75bd7fa-78ba-4462-aede-ec20ca147c68 89e52e00d56647fbb1aa728ea73e1596 6d5eb96414b74aaa814a90fc16c351fb - - default default] 10.0.0.176 "PUT /v2.0/networks/df75e6f3-af54-4236-90a4-775e5e7e498e HTTP/1.1" status: 200 len: 792 time: 0.2215693
2026-05-11 06:43:17.040 9 WARNING neutron_lib.context [None req-8dd159b2-ff24-4df9-8ca7-2afd2692a9a6 89e52e00d56647fbb1aa728ea73e1596 6d5eb96414b74aaa814a90fc16c351fb - - default default] Method 'is_advsvc' is deprecated since 2023.2 release (neutron-lib 3.8.0) and will be removed once support for the old RBAC API policies will be removed from Neutron. Please use method 'is_service_role' instead.
2026-05-11 06:43:17.279 9 WARNING neutron.scheduler.dhcp_agent_scheduler [None req-8dd159b2-ff24-4df9-8ca7-2afd2692a9a6 89e52e00d56647fbb1aa728ea73e1596 6d5eb96414b74aaa814a90fc16c351fb - - default default] No more DHCP agents
2026-05-11 06:43:17.282 9 WARNING neutron.api.rpc.agentnotifiers.dhcp_rpc_agent_api [None req-8dd159b2-ff24-4df9-8ca7-2afd2692a9a6 89e52e00d56647fbb1aa728ea73e1596 6d5eb96414b74aaa814a90fc16c351fb - - default default] Unable to schedule network df75e6f3-af54-4236-90a4-775e5e7e498e: no agents available; will retry on subsequent port and subnet creation events.
2026-05-11 06:43:17.403 9 WARNING neutron_lib.context [None req-8fb60182-2136-4d9d-b62d-8843a0c50a8c f4ba3b5ecd834fde9ba253fbc5eb9816 1789b8a0d3a24b6f86d5d9b16ea2140a - - default default] Method 'is_advsvc' is deprecated since 2023.2 release (neutron-lib 3.8.0) and will be removed once support for the old RBAC API policies will be removed from Neutron. Please use method 'is_service_role' instead.
2026-05-11 06:43:17.621 10 WARNING neutron_lib.context [None req-c12bcf24-24f0-4c40-8883-2d06f5c7c6a5 101cfa8b3aa943b28f1b85fc14b5c997 9a2fd42023224e128645f1a1425f90ca - - default default] Method 'is_advsvc' is deprecated since 2023.2 release (neutron-lib 3.8.0) and will be removed once support for the old RBAC API policies will be removed from Neutron. Please use method 'is_service_role' instead.
2026-05-11 06:43:17.768 9 WARNING neutron.scheduler.dhcp_agent_scheduler [None req-8fb60182-2136-4d9d-b62d-8843a0c50a8c f4ba3b5ecd834fde9ba253fbc5eb9816 1789b8a0d3a24b6f86d5d9b16ea2140a - - default default] No more DHCP agents
2026-05-11 06:43:17.770 9 WARNING neutron.api.rpc.agentnotifiers.dhcp_rpc_agent_api [None req-8fb60182-2136-4d9d-b62d-8843a0c50a8c f4ba3b5ecd834fde9ba253fbc5eb9816 1789b8a0d3a24b6f86d5d9b16ea2140a - - default default] Unable to schedule network b60092eb-297c-4390-8bb9-7ebd6553f877: no agents available; will retry on subsequent port and subnet creation events.
2026-05-11 06:43:17.919 10 WARNING neutron.scheduler.dhcp_agent_scheduler [None req-c12bcf24-24f0-4c40-8883-2d06f5c7c6a5 101cfa8b3aa943b28f1b85fc14b5c997 9a2fd42023224e128645f1a1425f90ca - - default default] No more DHCP agents
2026-05-11 06:43:17.925 10 WARNING neutron.api.rpc.agentnotifiers.dhcp_rpc_agent_api [None req-c12bcf24-24f0-4c40-8883-2d06f5c7c6a5 101cfa8b3aa943b28f1b85fc14b5c997 9a2fd42023224e128645f1a1425f90ca - - default default] Unable to schedule network b60092eb-297c-4390-8bb9-7ebd6553f877: no agents available; will retry on subsequent port and subnet creation events.
2026-05-11 06:43:17.926 9 INFO neutron.db.ovn_revision_numbers_db [None req-8dd159b2-ff24-4df9-8ca7-2afd2692a9a6 89e52e00d56647fbb1aa728ea73e1596 6d5eb96414b74aaa814a90fc16c351fb - - default default] Successfully bumped revision number for resource 2c39fcbb-9a1f-43f0-b24c-285ecf5ab876 (type: ports) to 2
2026-05-11 06:43:17.967 9 INFO neutron.db.ovn_revision_numbers_db [None req-8dd159b2-ff24-4df9-8ca7-2afd2692a9a6 89e52e00d56647fbb1aa728ea73e1596 6d5eb96414b74aaa814a90fc16c351fb - - default default] Successfully bumped revision number for resource f0fb671c-01e9-4545-a66a-2b2d532a232b (type: subnets) to 0
2026-05-11 06:43:17.988 9 INFO neutron.wsgi [None req-8dd159b2-ff24-4df9-8ca7-2afd2692a9a6 89e52e00d56647fbb1aa728ea73e1596 6d5eb96414b74aaa814a90fc16c351fb - - default default] 10.0.0.176 "POST /v2.0/subnets HTTP/1.1" status: 201 len: 801 time: 0.9519637
2026-05-11 06:43:18.115 9 INFO neutron.db.ovn_revision_numbers_db [None req-8fb60182-2136-4d9d-b62d-8843a0c50a8c f4ba3b5ecd834fde9ba253fbc5eb9816 1789b8a0d3a24b6f86d5d9b16ea2140a - - default default] Successfully bumped revision number for resource 5787af27-58a5-49d3-b88e-97f839893c09 (type: floatingips) to 0
2026-05-11 06:43:18.138 9 INFO neutron.wsgi [None req-8fb60182-2136-4d9d-b62d-8843a0c50a8c f4ba3b5ecd834fde9ba253fbc5eb9816 1789b8a0d3a24b6f86d5d9b16ea2140a - - default default] 10.0.0.176 "POST /v2.0/floatingips HTTP/1.1" status: 201 len: 751 time: 0.8357146
2026-05-11 06:43:18.198 9 INFO neutron.wsgi [None req-9ecaec40-cde8-4260-862b-b1104becfd22 f4ba3b5ecd834fde9ba253fbc5eb9816 1789b8a0d3a24b6f86d5d9b16ea2140a - - default default] 10.0.0.176 "PUT /v2.0/floatingips/5787af27-58a5-49d3-b88e-97f839893c09/tags HTTP/1.1" status: 200 len: 218 time: 0.0547297
2026-05-11 06:43:18.230 9 INFO neutron.wsgi [None req-fcc3bf74-5f62-4a27-abae-5eb5546a0dc2 f4ba3b5ecd834fde9ba253fbc5eb9816 1789b8a0d3a24b6f86d5d9b16ea2140a - - default default] 10.0.0.176 "GET /v2.0/floatingips/5787af27-58a5-49d3-b88e-97f839893c09/tags HTTP/1.1" status: 200 len: 218 time: 0.0287623
2026-05-11 06:43:18.277 9 INFO neutron.wsgi [None req-b84292b3-a4dc-47cf-85bc-e0a79fa7a382 f4ba3b5ecd834fde9ba253fbc5eb9816 1789b8a0d3a24b6f86d5d9b16ea2140a - - default default] 10.0.0.176 "PUT /v2.0/floatingips/5787af27-58a5-49d3-b88e-97f839893c09/tags/green HTTP/1.1" status: 201 len: 201 time: 0.0435789
2026-05-11 06:43:18.317 9 INFO neutron.wsgi [None req-14dafcfa-92c1-45c5-af02-58d0483947d6 f4ba3b5ecd834fde9ba253fbc5eb9816 1789b8a0d3a24b6f86d5d9b16ea2140a - - default default] 10.0.0.176 "GET /v2.0/floatingips/5787af27-58a5-49d3-b88e-97f839893c09/tags HTTP/1.1" status: 200 len: 227 time: 0.0320690
2026-05-11 06:43:18.351 9 INFO neutron.wsgi [None req-0a807476-2736-427c-8e7c-41824fc8ca5c f4ba3b5ecd834fde9ba253fbc5eb9816 1789b8a0d3a24b6f86d5d9b16ea2140a - - default default] 10.0.0.176 "PUT /v2.0/floatingips/5787af27-58a5-49d3-b88e-97f839893c09/tags/red HTTP/1.1" status: 201 len: 201 time: 0.0309968
2026-05-11 06:43:18.382 9 INFO neutron.wsgi [None req-74261882-9080-428a-86d5-5b6c5cc24883 f4ba3b5ecd834fde9ba253fbc5eb9816 1789b8a0d3a24b6f86d5d9b16ea2140a - - default default] 10.0.0.176 "GET /v2.0/floatingips/5787af27-58a5-49d3-b88e-97f839893c09/tags HTTP/1.1" status: 200 len: 227 time: 0.0272264
2026-05-11 06:43:18.480 10 INFO neutron.wsgi [None req-4639e568-1898-491e-aca3-162008cf2dca f4ba3b5ecd834fde9ba253fbc5eb9816 1789b8a0d3a24b6f86d5d9b16ea2140a - - default default] 10.0.0.176 "PUT /v2.0/floatingips/5787af27-58a5-49d3-b88e-97f839893c09/tags/black.or.white HTTP/1.1" status: 201 len: 201 time: 0.0936110
2026-05-11 06:43:18.519 9 INFO neutron.wsgi [None req-65f1e4fb-ca32-4e81-94c4-ae7147568fcc f4ba3b5ecd834fde9ba253fbc5eb9816 1789b8a0d3a24b6f86d5d9b16ea2140a - - default default] 10.0.0.176 "GET /v2.0/floatingips/5787af27-58a5-49d3-b88e-97f839893c09/tags HTTP/1.1" status: 200 len: 245 time: 0.0342743
2026-05-11 06:43:18.571 9 INFO neutron.wsgi [None req-4d793356-d3da-48f0-b4da-7882096d9cdd f4ba3b5ecd834fde9ba253fbc5eb9816 1789b8a0d3a24b6f86d5d9b16ea2140a - - default default] 10.0.0.176 "PUT /v2.0/floatingips/5787af27-58a5-49d3-b88e-97f839893c09/tags HTTP/1.1" status: 200 len: 230 time: 0.0476582
2026-05-11 06:43:18.601 10 INFO neutron.db.ovn_revision_numbers_db [None req-c12bcf24-24f0-4c40-8883-2d06f5c7c6a5 101cfa8b3aa943b28f1b85fc14b5c997 9a2fd42023224e128645f1a1425f90ca - - default default] Successfully bumped revision number for resource 7c5809af-daee-4407-b051-571023c6e56d (type: floatingips) to 0
2026-05-11 06:43:18.605 9 INFO neutron.wsgi [None req-f7eb98b8-7905-4e1d-b9e8-39a2238931f4 f4ba3b5ecd834fde9ba253fbc5eb9816 1789b8a0d3a24b6f86d5d9b16ea2140a - - default default] 10.0.0.176 "GET /v2.0/floatingips/5787af27-58a5-49d3-b88e-97f839893c09/tags HTTP/1.1" status: 200 len: 230 time: 0.0303531
2026-05-11 06:43:18.629 10 INFO neutron.wsgi [None req-c12bcf24-24f0-4c40-8883-2d06f5c7c6a5 101cfa8b3aa943b28f1b85fc14b5c997 9a2fd42023224e128645f1a1425f90ca - - default default] 10.0.0.176 "POST /v2.0/floatingips HTTP/1.1" status: 201 len: 751 time: 1.0554597
2026-05-11 06:43:18.642 10 WARNING neutron_lib.context [None req-29a0d980-39e2-4b85-b677-a0dc61503722 101cfa8b3aa943b28f1b85fc14b5c997 9a2fd42023224e128645f1a1425f90ca - - default default] Method 'is_advsvc' is deprecated since 2023.2 release (neutron-lib 3.8.0) and will be removed once support for the old RBAC API policies will be removed from Neutron. Please use method 'is_service_role' instead.
2026-05-11 06:43:18.705 10 INFO neutron.db.ovn_revision_numbers_db [None req-15c29239-a6ad-4b22-8342-4bd255a789ca 89e52e00d56647fbb1aa728ea73e1596 6d5eb96414b74aaa814a90fc16c351fb - - default default] Successfully bumped revision number for resource f0fb671c-01e9-4545-a66a-2b2d532a232b (type: subnets) to 1
2026-05-11 06:43:18.710 10 INFO neutron.wsgi [None req-15c29239-a6ad-4b22-8342-4bd255a789ca 89e52e00d56647fbb1aa728ea73e1596 6d5eb96414b74aaa814a90fc16c351fb - - default default] 10.0.0.176 "PUT /v2.0/subnets/f0fb671c-01e9-4545-a66a-2b2d532a232b HTTP/1.1" status: 200 len: 806 time: 0.7163060
2026-05-11 06:43:18.810 10 WARNING neutron_lib.context [None req-54754806-3c29-44f8-ac0f-6d386dc1b040 b50faf61d4ec4ddb8f431c0675648603 d0edbf4d48064041b4f743e83dadd4fa - - default default] Method 'is_advsvc' is deprecated since 2023.2 release (neutron-lib 3.8.0) and will be removed once support for the old RBAC API policies will be removed from Neutron. Please use method 'is_service_role' instead.
2026-05-11 06:43:18.853 9 INFO neutron.wsgi [None req-1a8dbe81-874c-4ae9-ac6a-f267c6b1109c f4ba3b5ecd834fde9ba253fbc5eb9816 1789b8a0d3a24b6f86d5d9b16ea2140a - - default default] 10.0.0.176 "GET /v2.0/floatingips/5787af27-58a5-49d3-b88e-97f839893c09/tags/red HTTP/1.1" status: 204 len: 168 time: 0.2443240
2026-05-11 06:43:18.885 9 INFO neutron.api.v2.resource [None req-c6b2783d-ec17-4e6e-b9e7-8dac03c4d8e4 f4ba3b5ecd834fde9ba253fbc5eb9816 1789b8a0d3a24b6f86d5d9b16ea2140a - - default default] show failed (client error): The resource could not be found.
2026-05-11 06:43:18.886 9 INFO neutron.wsgi [None req-c6b2783d-ec17-4e6e-b9e7-8dac03c4d8e4 f4ba3b5ecd834fde9ba253fbc5eb9816 1789b8a0d3a24b6f86d5d9b16ea2140a - - default default] 10.0.0.176 "GET /v2.0/floatingips/5787af27-58a5-49d3-b88e-97f839893c09/tags/green HTTP/1.1" status: 404 len: 299 time: 0.0290096
2026-05-11 06:43:18.935 9 INFO neutron.wsgi [None req-f774eda0-2a90-43d2-b6d4-d2af5e95bbbf f4ba3b5ecd834fde9ba253fbc5eb9816 1789b8a0d3a24b6f86d5d9b16ea2140a - - default default] 10.0.0.176 "DELETE /v2.0/floatingips/5787af27-58a5-49d3-b88e-97f839893c09/tags/red HTTP/1.1" status: 204 len: 168 time: 0.0438254
2026-05-11 06:43:18.967 9 INFO neutron.wsgi [None req-d8179c2e-85db-4bc1-825f-32804d169d51 f4ba3b5ecd834fde9ba253fbc5eb9816 1789b8a0d3a24b6f86d5d9b16ea2140a - - default default] 10.0.0.176 "GET /v2.0/floatingips/5787af27-58a5-49d3-b88e-97f839893c09/tags HTTP/1.1" status: 200 len: 223 time: 0.0268414
2026-05-11 06:43:19.001 9 INFO neutron.api.v2.resource [None req-a64b38c1-097f-4ea3-85aa-47fc713beb8f f4ba3b5ecd834fde9ba253fbc5eb9816 1789b8a0d3a24b6f86d5d9b16ea2140a - - default default] delete failed (client error): The resource could not be found.
2026-05-11 06:43:19.003 9 INFO neutron.wsgi [None req-a64b38c1-097f-4ea3-85aa-47fc713beb8f f4ba3b5ecd834fde9ba253fbc5eb9816 1789b8a0d3a24b6f86d5d9b16ea2140a - - default default] 10.0.0.176 "DELETE /v2.0/floatingips/5787af27-58a5-49d3-b88e-97f839893c09/tags/green HTTP/1.1" status: 404 len: 299 time: 0.0291328
2026-05-11 06:43:19.058 9 INFO neutron.wsgi [None req-d899fc76-519a-49bc-a68f-4b6504ba5e47 f4ba3b5ecd834fde9ba253fbc5eb9816 1789b8a0d3a24b6f86d5d9b16ea2140a - - default default] 10.0.0.176 "DELETE /v2.0/floatingips/5787af27-58a5-49d3-b88e-97f839893c09/tags HTTP/1.1" status: 204 len: 168 time: 0.0514872
2026-05-11 06:43:19.066 10 WARNING neutron.scheduler.dhcp_agent_scheduler [None req-29a0d980-39e2-4b85-b677-a0dc61503722 101cfa8b3aa943b28f1b85fc14b5c997 9a2fd42023224e128645f1a1425f90ca - - default default] No more DHCP agents
2026-05-11 06:43:19.072 10 WARNING neutron.api.rpc.agentnotifiers.dhcp_rpc_agent_api [None req-29a0d980-39e2-4b85-b677-a0dc61503722 101cfa8b3aa943b28f1b85fc14b5c997 9a2fd42023224e128645f1a1425f90ca - - default default] Unable to schedule network b60092eb-297c-4390-8bb9-7ebd6553f877: no agents available; will retry on subsequent port and subnet creation events.
2026-05-11 06:43:19.088 9 INFO neutron.wsgi [None req-ebc87e6b-ffbf-40e0-94eb-0b775048cfac f4ba3b5ecd834fde9ba253fbc5eb9816 1789b8a0d3a24b6f86d5d9b16ea2140a - - default default] 10.0.0.176 "GET /v2.0/floatingips/5787af27-58a5-49d3-b88e-97f839893c09/tags HTTP/1.1" status: 200 len: 205 time: 0.0241520
