2026-05-11 06:44:01.931 10 INFO neutron.db.ovn_revision_numbers_db [None req-cf5b6c2e-ca53-4daf-814f-0dd379e36ec8 2d32fceba9bc48c79fa9181075e8eedc b6924b0db316401c80abd642c456d3b2 - - default default] Successfully bumped revision number for resource 584a5fff-e352-46f3-a183-9ac7db5768a4 (type: security_groups) to 1
2026-05-11 06:44:01.942 10 INFO neutron.db.ovn_revision_numbers_db [None req-7f20d9ac-6334-4a40-8f29-51a93d958624 - - - - - -] Successfully bumped revision number for resource 154b75cf-4845-4dde-9ecc-d72f36f57276 (type: ports) to 1
2026-05-11 06:44:01.948 10 INFO neutron.db.ovn_revision_numbers_db [None req-cf5b6c2e-ca53-4daf-814f-0dd379e36ec8 2d32fceba9bc48c79fa9181075e8eedc b6924b0db316401c80abd642c456d3b2 - - default default] Successfully bumped revision number for resource 067cdac4-0cad-4684-8ff6-1361fe3afaec (type: security_group_rules) to 0
2026-05-11 06:44:01.964 10 INFO neutron.db.ovn_revision_numbers_db [None req-cf5b6c2e-ca53-4daf-814f-0dd379e36ec8 2d32fceba9bc48c79fa9181075e8eedc b6924b0db316401c80abd642c456d3b2 - - default default] Successfully bumped revision number for resource 17982c64-22ec-4b8a-ba73-eb5d0003c993 (type: security_group_rules) to 0
2026-05-11 06:44:01.993 10 INFO neutron.db.ovn_revision_numbers_db [None req-cf5b6c2e-ca53-4daf-814f-0dd379e36ec8 2d32fceba9bc48c79fa9181075e8eedc b6924b0db316401c80abd642c456d3b2 - - default default] Successfully bumped revision number for resource b648c72d-9493-41bf-9f07-6df3613db02c (type: security_group_rules) to 0
2026-05-11 06:44:02.013 10 INFO neutron.db.ovn_revision_numbers_db [None req-cf5b6c2e-ca53-4daf-814f-0dd379e36ec8 2d32fceba9bc48c79fa9181075e8eedc b6924b0db316401c80abd642c456d3b2 - - default default] Successfully bumped revision number for resource d3b904f9-fcf8-4566-a46d-35212b1315fa (type: security_group_rules) to 0
2026-05-11 06:44:02.023 9 WARNING neutron.scheduler.dhcp_agent_scheduler [None req-7e7cc09a-e594-4953-9f4c-e3be503cbdec b5edebad026d4222ba4845bf1bfae088 232f101a28a14751a0a0a23a564eda5e - - default default] No more DHCP agents
2026-05-11 06:44:02.026 9 WARNING neutron.api.rpc.agentnotifiers.dhcp_rpc_agent_api [None req-7e7cc09a-e594-4953-9f4c-e3be503cbdec b5edebad026d4222ba4845bf1bfae088 232f101a28a14751a0a0a23a564eda5e - - default default] Unable to schedule network 5aa89c9c-369e-4585-8e20-197930aaffe1: no agents available; will retry on subsequent port and subnet creation events.
2026-05-11 06:44:02.071 10 INFO neutron.db.segments_db [None req-cf5b6c2e-ca53-4daf-814f-0dd379e36ec8 2d32fceba9bc48c79fa9181075e8eedc b6924b0db316401c80abd642c456d3b2 - - default default] Added segment 1b5949c1-0004-4153-8a97-c835e27cb129 of type geneve for network 2ec0d503-7d82-47db-8dfe-c7d6a9c277af
2026-05-11 06:44:02.184 9 INFO neutron.db.ovn_revision_numbers_db [None req-7e7cc09a-e594-4953-9f4c-e3be503cbdec b5edebad026d4222ba4845bf1bfae088 232f101a28a14751a0a0a23a564eda5e - - default default] Successfully bumped revision number for resource 264b478a-4cea-45ac-bbe0-4e739677c4e3 (type: ports) to 1
2026-05-11 06:44:02.514 10 INFO neutron.db.ovn_revision_numbers_db [None req-7f20d9ac-6334-4a40-8f29-51a93d958624 - - - - - -] Successfully bumped revision number for resource 154b75cf-4845-4dde-9ecc-d72f36f57276 (type: router_ports) to 3
2026-05-11 06:44:02.548 10 INFO neutron.db.ovn_revision_numbers_db [None req-cf5b6c2e-ca53-4daf-814f-0dd379e36ec8 2d32fceba9bc48c79fa9181075e8eedc b6924b0db316401c80abd642c456d3b2 - - default default] Successfully bumped revision number for resource 2ec0d503-7d82-47db-8dfe-c7d6a9c277af (type: networks) to 1
2026-05-11 06:44:02.657 9 INFO neutron.db.ovn_revision_numbers_db [None req-7e7cc09a-e594-4953-9f4c-e3be503cbdec b5edebad026d4222ba4845bf1bfae088 232f101a28a14751a0a0a23a564eda5e - - default default] Successfully bumped revision number for resource 264b478a-4cea-45ac-bbe0-4e739677c4e3 (type: router_ports) to 1
2026-05-11 06:44:02.751 10 INFO neutron.db.ovn_revision_numbers_db [None req-7f20d9ac-6334-4a40-8f29-51a93d958624 - - - - - -] Successfully bumped revision number for resource 154b75cf-4845-4dde-9ecc-d72f36f57276 (type: ports) to 2
2026-05-11 06:44:02.754 10 WARNING neutron.scheduler.dhcp_agent_scheduler [None req-cf5b6c2e-ca53-4daf-814f-0dd379e36ec8 2d32fceba9bc48c79fa9181075e8eedc b6924b0db316401c80abd642c456d3b2 - - default default] No more DHCP agents
2026-05-11 06:44:02.759 10 WARNING neutron.api.rpc.agentnotifiers.dhcp_rpc_agent_api [None req-cf5b6c2e-ca53-4daf-814f-0dd379e36ec8 2d32fceba9bc48c79fa9181075e8eedc b6924b0db316401c80abd642c456d3b2 - - default default] Unable to schedule network 2ec0d503-7d82-47db-8dfe-c7d6a9c277af: no agents available; will retry on subsequent port and subnet creation events.
2026-05-11 06:44:02.819 9 INFO neutron.db.ovn_revision_numbers_db [None req-7e7cc09a-e594-4953-9f4c-e3be503cbdec b5edebad026d4222ba4845bf1bfae088 232f101a28a14751a0a0a23a564eda5e - - default default] Successfully bumped revision number for resource 264b478a-4cea-45ac-bbe0-4e739677c4e3 (type: ports) to 1
2026-05-11 06:44:02.858 10 INFO neutron.db.ovn_revision_numbers_db [None req-cf5b6c2e-ca53-4daf-814f-0dd379e36ec8 2d32fceba9bc48c79fa9181075e8eedc b6924b0db316401c80abd642c456d3b2 - - default default] Successfully bumped revision number for resource 298f60b6-50a4-4592-acad-14bcdf3a2d1d (type: ports) to 1
2026-05-11 06:44:02.886 9 WARNING neutron.scheduler.dhcp_agent_scheduler [None req-7e7cc09a-e594-4953-9f4c-e3be503cbdec b5edebad026d4222ba4845bf1bfae088 232f101a28a14751a0a0a23a564eda5e - - default default] No more DHCP agents
2026-05-11 06:44:02.887 9 WARNING neutron.api.rpc.agentnotifiers.dhcp_rpc_agent_api [None req-7e7cc09a-e594-4953-9f4c-e3be503cbdec b5edebad026d4222ba4845bf1bfae088 232f101a28a14751a0a0a23a564eda5e - - default default] Unable to schedule network 5aa89c9c-369e-4585-8e20-197930aaffe1: no agents available; will retry on subsequent port and subnet creation events.
2026-05-11 06:44:02.889 10 INFO neutron.wsgi [None req-cf5b6c2e-ca53-4daf-814f-0dd379e36ec8 2d32fceba9bc48c79fa9181075e8eedc b6924b0db316401c80abd642c456d3b2 - - default default] 10.0.0.176 "POST /v2.0/networks HTTP/1.1" status: 201 len: 832 time: 1.4174023
2026-05-11 06:44:02.902 10 WARNING neutron_lib.context [None req-c90bfdda-334d-4448-aebc-e9e6faa12631 2d32fceba9bc48c79fa9181075e8eedc b6924b0db316401c80abd642c456d3b2 - - default default] Method 'is_advsvc' is deprecated since 2023.2 release (neutron-lib 3.8.0) and will be removed once support for the old RBAC API policies will be removed from Neutron. Please use method 'is_service_role' instead.
2026-05-11 06:44:03.096 10 INFO neutron.db.ovn_revision_numbers_db [None req-7f20d9ac-6334-4a40-8f29-51a93d958624 - - - - - -] Successfully bumped revision number for resource 154b75cf-4845-4dde-9ecc-d72f36f57276 (type: ports) to 4
2026-05-11 06:44:03.149 9 INFO neutron.db.ovn_revision_numbers_db [None req-7e7cc09a-e594-4953-9f4c-e3be503cbdec b5edebad026d4222ba4845bf1bfae088 232f101a28a14751a0a0a23a564eda5e - - default default] Successfully bumped revision number for resource 264b478a-4cea-45ac-bbe0-4e739677c4e3 (type: router_ports) to 1
2026-05-11 06:44:03.152 9 INFO neutron.wsgi [None req-7e7cc09a-e594-4953-9f4c-e3be503cbdec b5edebad026d4222ba4845bf1bfae088 232f101a28a14751a0a0a23a564eda5e - - default default] 10.0.0.176 "PUT /v2.0/routers/71649562-7777-4ae5-b503-28aa6aa4e37d/add_router_interface HTTP/1.1" status: 200 len: 503 time: 1.6973381
2026-05-11 06:44:03.273 10 WARNING neutron_lib.context [None req-5c7366f2-de12-49a8-97b9-cbee6794061b 87d5a789080d43d3875055fe44289fde 4ad67fabfd9841b4be5db3fcc1b86d10 - - default default] Method 'is_advsvc' is deprecated since 2023.2 release (neutron-lib 3.8.0) and will be removed once support for the old RBAC API policies will be removed from Neutron. Please use method 'is_service_role' instead.
2026-05-11 06:44:03.406 10 INFO neutron.db.ovn_revision_numbers_db [None req-7f20d9ac-6334-4a40-8f29-51a93d958624 - - - - - -] Successfully bumped revision number for resource 154b75cf-4845-4dde-9ecc-d72f36f57276 (type: router_ports) to 4
2026-05-11 06:44:03.502 10 WARNING neutron.scheduler.dhcp_agent_scheduler [None req-c90bfdda-334d-4448-aebc-e9e6faa12631 2d32fceba9bc48c79fa9181075e8eedc b6924b0db316401c80abd642c456d3b2 - - default default] No more DHCP agents
2026-05-11 06:44:03.505 10 WARNING neutron.api.rpc.agentnotifiers.dhcp_rpc_agent_api [None req-c90bfdda-334d-4448-aebc-e9e6faa12631 2d32fceba9bc48c79fa9181075e8eedc b6924b0db316401c80abd642c456d3b2 - - default default] Unable to schedule network b60092eb-297c-4390-8bb9-7ebd6553f877: no agents available; will retry on subsequent port and subnet creation events.
2026-05-11 06:44:03.531 10 INFO neutron.db.ovn_revision_numbers_db [None req-5c7366f2-de12-49a8-97b9-cbee6794061b 87d5a789080d43d3875055fe44289fde 4ad67fabfd9841b4be5db3fcc1b86d10 - - default default] Successfully bumped revision number for resource 46deeb71-e6ad-4528-b314-a0f66409e98b (type: security_groups) to 1
2026-05-11 06:44:03.550 10 INFO neutron.db.ovn_revision_numbers_db [None req-5c7366f2-de12-49a8-97b9-cbee6794061b 87d5a789080d43d3875055fe44289fde 4ad67fabfd9841b4be5db3fcc1b86d10 - - default default] Successfully bumped revision number for resource 7899f62a-a446-4abd-808d-b6b098908874 (type: security_group_rules) to 0
2026-05-11 06:44:03.569 10 INFO neutron.db.ovn_revision_numbers_db [None req-5c7366f2-de12-49a8-97b9-cbee6794061b 87d5a789080d43d3875055fe44289fde 4ad67fabfd9841b4be5db3fcc1b86d10 - - default default] Successfully bumped revision number for resource be4c0556-732e-4050-b316-a49b4dd20360 (type: security_group_rules) to 0
2026-05-11 06:44:03.596 10 INFO neutron.db.ovn_revision_numbers_db [None req-5c7366f2-de12-49a8-97b9-cbee6794061b 87d5a789080d43d3875055fe44289fde 4ad67fabfd9841b4be5db3fcc1b86d10 - - default default] Successfully bumped revision number for resource cdf7639f-79c3-4ed4-bf14-7ffe3f885661 (type: security_group_rules) to 0
2026-05-11 06:44:03.617 10 INFO neutron.db.ovn_revision_numbers_db [None req-5c7366f2-de12-49a8-97b9-cbee6794061b 87d5a789080d43d3875055fe44289fde 4ad67fabfd9841b4be5db3fcc1b86d10 - - default default] Successfully bumped revision number for resource e634dba1-7e75-4252-bd3b-8d28f0288df4 (type: security_group_rules) to 0
2026-05-11 06:44:03.671 10 INFO neutron.db.segments_db [None req-5c7366f2-de12-49a8-97b9-cbee6794061b 87d5a789080d43d3875055fe44289fde 4ad67fabfd9841b4be5db3fcc1b86d10 - - default default] Added segment ae09ed25-5631-448f-9d28-27240baf8374 of type geneve for network 69496ba9-58cf-4c1e-a4fc-b282da7409c1
2026-05-11 06:44:03.671 10 INFO neutron.db.ovn_revision_numbers_db [None req-c90bfdda-334d-4448-aebc-e9e6faa12631 2d32fceba9bc48c79fa9181075e8eedc b6924b0db316401c80abd642c456d3b2 - - default default] Successfully bumped revision number for resource 204b9858-66b9-4e60-aba2-51c55bfaef84 (type: ports) to 1
2026-05-11 06:44:03.875 9 WARNING neutron.scheduler.dhcp_agent_scheduler [None req-15505870-e5e7-4f0d-a366-12e1cc4406ce b5edebad026d4222ba4845bf1bfae088 232f101a28a14751a0a0a23a564eda5e - - default default] No more DHCP agents
2026-05-11 06:44:03.878 9 WARNING neutron.api.rpc.agentnotifiers.dhcp_rpc_agent_api [None req-15505870-e5e7-4f0d-a366-12e1cc4406ce b5edebad026d4222ba4845bf1bfae088 232f101a28a14751a0a0a23a564eda5e - - default default] Unable to schedule network 14e5627b-f703-443c-a120-984be7fd258c: no agents available; will retry on subsequent port and subnet creation events.
2026-05-11 06:44:04.037 9 INFO neutron.db.ovn_revision_numbers_db [None req-15505870-e5e7-4f0d-a366-12e1cc4406ce b5edebad026d4222ba4845bf1bfae088 232f101a28a14751a0a0a23a564eda5e - - default default] Successfully bumped revision number for resource faad3672-c292-4bcc-9da3-c8b2caefcd1e (type: ports) to 1
2026-05-11 06:44:04.043 10 INFO neutron.db.ovn_revision_numbers_db [None req-5c7366f2-de12-49a8-97b9-cbee6794061b 87d5a789080d43d3875055fe44289fde 4ad67fabfd9841b4be5db3fcc1b86d10 - - default default] Successfully bumped revision number for resource 69496ba9-58cf-4c1e-a4fc-b282da7409c1 (type: networks) to 1
2026-05-11 06:44:04.293 10 WARNING neutron.scheduler.dhcp_agent_scheduler [None req-5c7366f2-de12-49a8-97b9-cbee6794061b 87d5a789080d43d3875055fe44289fde 4ad67fabfd9841b4be5db3fcc1b86d10 - - default default] No more DHCP agents
2026-05-11 06:44:04.296 10 WARNING neutron.api.rpc.agentnotifiers.dhcp_rpc_agent_api [None req-5c7366f2-de12-49a8-97b9-cbee6794061b 87d5a789080d43d3875055fe44289fde 4ad67fabfd9841b4be5db3fcc1b86d10 - - default default] Unable to schedule network 69496ba9-58cf-4c1e-a4fc-b282da7409c1: no agents available; will retry on subsequent port and subnet creation events.
2026-05-11 06:44:04.403 10 INFO neutron.db.ovn_revision_numbers_db [None req-5c7366f2-de12-49a8-97b9-cbee6794061b 87d5a789080d43d3875055fe44289fde 4ad67fabfd9841b4be5db3fcc1b86d10 - - default default] Successfully bumped revision number for resource cb9a6d95-e6b6-419e-b02a-9ffc052b1de6 (type: ports) to 1
2026-05-11 06:44:04.455 10 INFO neutron.wsgi [None req-5c7366f2-de12-49a8-97b9-cbee6794061b 87d5a789080d43d3875055fe44289fde 4ad67fabfd9841b4be5db3fcc1b86d10 - - default default] 10.0.0.176 "POST /v2.0/networks HTTP/1.1" status: 201 len: 829 time: 1.3544543
2026-05-11 06:44:04.464 10 WARNING neutron_lib.context [None req-1c605c5b-4ae6-4428-964c-9dced3a0a9f4 87d5a789080d43d3875055fe44289fde 4ad67fabfd9841b4be5db3fcc1b86d10 - - default default] Method 'is_advsvc' is deprecated since 2023.2 release (neutron-lib 3.8.0) and will be removed once support for the old RBAC API policies will be removed from Neutron. Please use method 'is_service_role' instead.
2026-05-11 06:44:04.560 10 INFO neutron.db.segments_db [None req-1c605c5b-4ae6-4428-964c-9dced3a0a9f4 87d5a789080d43d3875055fe44289fde 4ad67fabfd9841b4be5db3fcc1b86d10 - - default default] Added segment 4e4607d2-e80e-480b-a60e-d96c302a5511 of type geneve for network 00cbf2f7-ea53-4da0-a921-ad9b2e2a2683
2026-05-11 06:44:04.562 9 INFO neutron.db.ovn_revision_numbers_db [None req-15505870-e5e7-4f0d-a366-12e1cc4406ce b5edebad026d4222ba4845bf1bfae088 232f101a28a14751a0a0a23a564eda5e - - default default] Successfully bumped revision number for resource faad3672-c292-4bcc-9da3-c8b2caefcd1e (type: router_ports) to 1
2026-05-11 06:44:04.592 9 INFO neutron.plugins.ml2.drivers.ovn.mech_driver.mech_driver [None req-b058cca0-9862-4edc-91f3-3bd69de2f577 - - - - - -] OVN reports status up for port: 204b9858-66b9-4e60-aba2-51c55bfaef84
2026-05-11 06:44:04.611 9 INFO neutron.plugins.ml2.plugin [None req-b058cca0-9862-4edc-91f3-3bd69de2f577 - - - - - -] Attempt 1 to provision port 204b9858-66b9-4e60-aba2-51c55bfaef84
2026-05-11 06:44:04.623 9 INFO neutron.plugins.ml2.drivers.ovn.mech_driver.ovsdb.ovsdb_monitor [None req-9619f5ec-cc94-4f0f-87d8-66c5c49179c3 - - - - - -] Router c6ecb777-780b-45be-a49a-09b9d1346c4c is bound to host instance
2026-05-11 06:44:04.643 10 INFO neutron.db.ovn_revision_numbers_db [None req-c90bfdda-334d-4448-aebc-e9e6faa12631 2d32fceba9bc48c79fa9181075e8eedc b6924b0db316401c80abd642c456d3b2 - - default default] Successfully bumped revision number for resource 204b9858-66b9-4e60-aba2-51c55bfaef84 (type: router_ports) to 1
2026-05-11 06:44:04.705 10 WARNING neutron.plugins.ml2.drivers.ovn.mech_driver.ovsdb.ovn_client [None req-9a9ff5d1-29cb-4687-a6f5-76877596e9b9 - - - - - -] No port found with ID 41663ea5-b9ad-46f4-b7f9-ba9529093b4e: RuntimeError: No port found with ID 41663ea5-b9ad-46f4-b7f9-ba9529093b4e
2026-05-11 06:44:04.705 10 INFO neutron.plugins.ml2.drivers.ovn.mech_driver.mech_driver [None req-9a9ff5d1-29cb-4687-a6f5-76877596e9b9 - - - - - -] OVN reports status up for port: 264b478a-4cea-45ac-bbe0-4e739677c4e3
2026-05-11 06:44:04.733 10 INFO neutron.plugins.ml2.plugin [None req-9a9ff5d1-29cb-4687-a6f5-76877596e9b9 - - - - - -] Attempt 1 to provision port 264b478a-4cea-45ac-bbe0-4e739677c4e3
2026-05-11 06:44:04.776 10 INFO neutron.db.ovn_revision_numbers_db [None req-1c605c5b-4ae6-4428-964c-9dced3a0a9f4 87d5a789080d43d3875055fe44289fde 4ad67fabfd9841b4be5db3fcc1b86d10 - - default default] Successfully bumped revision number for resource 00cbf2f7-ea53-4da0-a921-ad9b2e2a2683 (type: networks) to 1
2026-05-11 06:44:04.792 10 INFO neutron.db.ovn_revision_numbers_db [None req-c90bfdda-334d-4448-aebc-e9e6faa12631 2d32fceba9bc48c79fa9181075e8eedc b6924b0db316401c80abd642c456d3b2 - - default default] Successfully bumped revision number for resource c6ecb777-780b-45be-a49a-09b9d1346c4c (type: routers) to 2
2026-05-11 06:44:04.817 10 INFO neutron.wsgi [None req-c90bfdda-334d-4448-aebc-e9e6faa12631 2d32fceba9bc48c79fa9181075e8eedc b6924b0db316401c80abd642c456d3b2 - - default default] 10.0.0.176 "POST /v2.0/routers HTTP/1.1" status: 201 len: 874 time: 1.9212627
2026-05-11 06:44:04.880 9 INFO neutron.db.ovn_revision_numbers_db [None req-15505870-e5e7-4f0d-a366-12e1cc4406ce b5edebad026d4222ba4845bf1bfae088 232f101a28a14751a0a0a23a564eda5e - - default default] Successfully bumped revision number for resource faad3672-c292-4bcc-9da3-c8b2caefcd1e (type: ports) to 1
2026-05-11 06:44:04.931 10 INFO neutron.wsgi [None req-3f47bfb0-d159-4dad-bce1-8dc786527a15 3c8d6eadba15498eb3a2e1db7d3b8fe5 7a3d6f0237ca40cc9915c68725b12a58 - - default default] 10.0.0.176 "GET /v2.0/subnets?project_id=b6924b0db316401c80abd642c456d3b2&cidr=10.100.0.0%2F28 HTTP/1.1" status: 200 len: 207 time: 0.1087737
2026-05-11 06:44:05.022 10 WARNING neutron.scheduler.dhcp_agent_scheduler [None req-1c605c5b-4ae6-4428-964c-9dced3a0a9f4 87d5a789080d43d3875055fe44289fde 4ad67fabfd9841b4be5db3fcc1b86d10 - - default default] No more DHCP agents
2026-05-11 06:44:05.028 10 WARNING neutron.api.rpc.agentnotifiers.dhcp_rpc_agent_api [None req-1c605c5b-4ae6-4428-964c-9dced3a0a9f4 87d5a789080d43d3875055fe44289fde 4ad67fabfd9841b4be5db3fcc1b86d10 - - default default] Unable to schedule network 00cbf2f7-ea53-4da0-a921-ad9b2e2a2683: no agents available; will retry on subsequent port and subnet creation events.
2026-05-11 06:44:05.030 9 WARNING neutron.scheduler.dhcp_agent_scheduler [None req-15505870-e5e7-4f0d-a366-12e1cc4406ce b5edebad026d4222ba4845bf1bfae088 232f101a28a14751a0a0a23a564eda5e - - default default] No more DHCP agents
2026-05-11 06:44:05.034 9 WARNING neutron.api.rpc.agentnotifiers.dhcp_rpc_agent_api [None req-15505870-e5e7-4f0d-a366-12e1cc4406ce b5edebad026d4222ba4845bf1bfae088 232f101a28a14751a0a0a23a564eda5e - - default default] Unable to schedule network 14e5627b-f703-443c-a120-984be7fd258c: no agents available; will retry on subsequent port and subnet creation events.
2026-05-11 06:44:05.091 9 INFO neutron.wsgi [None req-9080e74a-882a-4c84-84bf-9e09156c38cd 3c8d6eadba15498eb3a2e1db7d3b8fe5 7a3d6f0237ca40cc9915c68725b12a58 - - default default] 10.0.0.176 "GET /v2.0/networks?router%3Aexternal=True HTTP/1.1" status: 200 len: 947 time: 0.1548612
2026-05-11 06:44:05.133 10 INFO neutron.wsgi [None req-804baa6c-08d5-473a-ae00-855ec522d148 3c8d6eadba15498eb3a2e1db7d3b8fe5 7a3d6f0237ca40cc9915c68725b12a58 - - default default] 10.0.0.176 "GET /v2.0/subnets?network_id=b60092eb-297c-4390-8bb9-7ebd6553f877&cidr=10.100.0.0%2F28 HTTP/1.1" status: 200 len: 207 time: 0.0357313
2026-05-11 06:44:05.137 10 INFO neutron.wsgi [-] 10.0.0.162 "GET / HTTP/1.1" status: 200 len: 247 time: 0.0011103
2026-05-11 06:44:05.139 10 INFO neutron.wsgi [-] 10.0.0.162 "GET / HTTP/1.1" status: 200 len: 247 time: 0.0008509
2026-05-11 06:44:05.150 10 WARNING neutron_lib.context [None req-b4591845-d9d0-490f-a021-44070a56b459 2d32fceba9bc48c79fa9181075e8eedc b6924b0db316401c80abd642c456d3b2 - - default default] Method 'is_advsvc' is deprecated since 2023.2 release (neutron-lib 3.8.0) and will be removed once support for the old RBAC API policies will be removed from Neutron. Please use method 'is_service_role' instead.
2026-05-11 06:44:05.193 10 INFO neutron.db.ovn_revision_numbers_db [None req-1c605c5b-4ae6-4428-964c-9dced3a0a9f4 87d5a789080d43d3875055fe44289fde 4ad67fabfd9841b4be5db3fcc1b86d10 - - default default] Successfully bumped revision number for resource cd4e78a5-81e5-4cbc-aaf6-f12334a59da2 (type: ports) to 1
2026-05-11 06:44:05.237 10 INFO neutron.wsgi [None req-1c605c5b-4ae6-4428-964c-9dced3a0a9f4 87d5a789080d43d3875055fe44289fde 4ad67fabfd9841b4be5db3fcc1b86d10 - - default default] 10.0.0.176 "POST /v2.0/networks HTTP/1.1" status: 201 len: 829 time: 0.7776330
2026-05-11 06:44:05.241 10 INFO neutron.db.ovn_revision_numbers_db [None req-9a9ff5d1-29cb-4687-a6f5-76877596e9b9 - - - - - -] Successfully bumped revision number for resource 264b478a-4cea-45ac-bbe0-4e739677c4e3 (type: ports) to 2
2026-05-11 06:44:05.248 10 WARNING neutron_lib.context [None req-293b91f9-bf24-4d2e-93a3-b9ba69317bbe 87d5a789080d43d3875055fe44289fde 4ad67fabfd9841b4be5db3fcc1b86d10 - - default default] Method 'is_advsvc' is deprecated since 2023.2 release (neutron-lib 3.8.0) and will be removed once support for the old RBAC API policies will be removed from Neutron. Please use method 'is_service_role' instead.
2026-05-11 06:44:05.539 10 INFO neutron.db.ovn_revision_numbers_db [None req-9a9ff5d1-29cb-4687-a6f5-76877596e9b9 - - - - - -] Successfully bumped revision number for resource 264b478a-4cea-45ac-bbe0-4e739677c4e3 (type: router_ports) to 2
2026-05-11 06:44:05.632 9 INFO neutron.db.ovn_revision_numbers_db [None req-9619f5ec-cc94-4f0f-87d8-66c5c49179c3 - - - - - -] Successfully bumped revision number for resource 204b9858-66b9-4e60-aba2-51c55bfaef84 (type: ports) to 1
2026-05-11 06:44:05.647 9 INFO neutron.db.ovn_revision_numbers_db [None req-15505870-e5e7-4f0d-a366-12e1cc4406ce b5edebad026d4222ba4845bf1bfae088 232f101a28a14751a0a0a23a564eda5e - - default default] Successfully bumped revision number for resource faad3672-c292-4bcc-9da3-c8b2caefcd1e (type: router_ports) to 1
2026-05-11 06:44:05.649 9 INFO neutron.wsgi [None req-15505870-e5e7-4f0d-a366-12e1cc4406ce b5edebad026d4222ba4845bf1bfae088 232f101a28a14751a0a0a23a564eda5e - - default default] 10.0.0.176 "PUT /v2.0/routers/71649562-7777-4ae5-b503-28aa6aa4e37d/add_router_interface HTTP/1.1" status: 200 len: 503 time: 2.4922714
2026-05-11 06:44:05.723 10 WARNING neutron.scheduler.dhcp_agent_scheduler [None req-b4591845-d9d0-490f-a021-44070a56b459 2d32fceba9bc48c79fa9181075e8eedc b6924b0db316401c80abd642c456d3b2 - - default default] No more DHCP agents
2026-05-11 06:44:05.728 10 WARNING neutron.api.rpc.agentnotifiers.dhcp_rpc_agent_api [None req-b4591845-d9d0-490f-a021-44070a56b459 2d32fceba9bc48c79fa9181075e8eedc b6924b0db316401c80abd642c456d3b2 - - default default] Unable to schedule network 2ec0d503-7d82-47db-8dfe-c7d6a9c277af: no agents available; will retry on subsequent port and subnet creation events.
2026-05-11 06:44:05.796 10 WARNING neutron.scheduler.dhcp_agent_scheduler [None req-293b91f9-bf24-4d2e-93a3-b9ba69317bbe 87d5a789080d43d3875055fe44289fde 4ad67fabfd9841b4be5db3fcc1b86d10 - - default default] No more DHCP agents
2026-05-11 06:44:05.798 10 WARNING neutron.api.rpc.agentnotifiers.dhcp_rpc_agent_api [None req-293b91f9-bf24-4d2e-93a3-b9ba69317bbe 87d5a789080d43d3875055fe44289fde 4ad67fabfd9841b4be5db3fcc1b86d10 - - default default] Unable to schedule network 69496ba9-58cf-4c1e-a4fc-b282da7409c1: no agents available; will retry on subsequent port and subnet creation events.
2026-05-11 06:44:05.915 9 INFO neutron.db.ovn_revision_numbers_db [None req-9619f5ec-cc94-4f0f-87d8-66c5c49179c3 - - - - - -] Successfully bumped revision number for resource 204b9858-66b9-4e60-aba2-51c55bfaef84 (type: router_ports) to 3
2026-05-11 06:44:06.135 9 INFO neutron.db.ovn_revision_numbers_db [None req-9619f5ec-cc94-4f0f-87d8-66c5c49179c3 - - - - - -] Successfully bumped revision number for resource 204b9858-66b9-4e60-aba2-51c55bfaef84 (type: ports) to 2
2026-05-11 06:44:06.313 9 WARNING neutron.scheduler.dhcp_agent_scheduler [None req-4224f21b-d8ea-4ff1-8308-14370b435749 b5edebad026d4222ba4845bf1bfae088 232f101a28a14751a0a0a23a564eda5e - - default default] No more DHCP agents
2026-05-11 06:44:06.319 9 WARNING neutron.api.rpc.agentnotifiers.dhcp_rpc_agent_api [None req-4224f21b-d8ea-4ff1-8308-14370b435749 b5edebad026d4222ba4845bf1bfae088 232f101a28a14751a0a0a23a564eda5e - - default default] Unable to schedule network 87e7d54a-190b-4b17-9f02-d5f84fbdd0e2: no agents available; will retry on subsequent port and subnet creation events.
2026-05-11 06:44:06.382 10 INFO neutron.db.ovn_revision_numbers_db [None req-293b91f9-bf24-4d2e-93a3-b9ba69317bbe 87d5a789080d43d3875055fe44289fde 4ad67fabfd9841b4be5db3fcc1b86d10 - - default default] Successfully bumped revision number for resource cb9a6d95-e6b6-419e-b02a-9ffc052b1de6 (type: ports) to 2
2026-05-11 06:44:06.385 10 INFO neutron.db.ovn_revision_numbers_db [None req-b4591845-d9d0-490f-a021-44070a56b459 2d32fceba9bc48c79fa9181075e8eedc b6924b0db316401c80abd642c456d3b2 - - default default] Successfully bumped revision number for resource 298f60b6-50a4-4592-acad-14bcdf3a2d1d (type: ports) to 2
2026-05-11 06:44:06.421 10 INFO neutron.db.ovn_revision_numbers_db [None req-293b91f9-bf24-4d2e-93a3-b9ba69317bbe 87d5a789080d43d3875055fe44289fde 4ad67fabfd9841b4be5db3fcc1b86d10 - - default default] Successfully bumped revision number for resource 7f03cb5c-f2a2-4905-a459-e7a499bc5819 (type: subnets) to 0
2026-05-11 06:44:06.430 10 INFO neutron.db.ovn_revision_numbers_db [None req-b4591845-d9d0-490f-a021-44070a56b459 2d32fceba9bc48c79fa9181075e8eedc b6924b0db316401c80abd642c456d3b2 - - default default] Successfully bumped revision number for resource 5cfcccc7-4388-44b4-9045-0476f9abe46b (type: subnets) to 0
2026-05-11 06:44:06.435 10 INFO neutron.wsgi [None req-293b91f9-bf24-4d2e-93a3-b9ba69317bbe 87d5a789080d43d3875055fe44289fde 4ad67fabfd9841b4be5db3fcc1b86d10 - - default default] 10.0.0.176 "POST /v2.0/subnets HTTP/1.1" status: 201 len: 801 time: 1.1911705
2026-05-11 06:44:06.447 10 WARNING neutron_lib.context [None req-3de05d9a-e406-4a76-ae44-69c6cfb90b8a 87d5a789080d43d3875055fe44289fde 4ad67fabfd9841b4be5db3fcc1b86d10 - - default default] Method 'is_advsvc' is deprecated since 2023.2 release (neutron-lib 3.8.0) and will be removed once support for the old RBAC API policies will be removed from Neutron. Please use method 'is_service_role' instead.
2026-05-11 06:44:06.451 10 INFO neutron.wsgi [None req-b4591845-d9d0-490f-a021-44070a56b459 2d32fceba9bc48c79fa9181075e8eedc b6924b0db316401c80abd642c456d3b2 - - default default] 10.0.0.176 "POST /v2.0/subnets HTTP/1.1" status: 201 len: 832 time: 1.3107648
2026-05-11 06:44:06.482 9 INFO neutron.db.ovn_revision_numbers_db [None req-9619f5ec-cc94-4f0f-87d8-66c5c49179c3 - - - - - -] Successfully bumped revision number for resource 204b9858-66b9-4e60-aba2-51c55bfaef84 (type: ports) to 4
2026-05-11 06:44:06.567 9 INFO neutron.db.ovn_revision_numbers_db [None req-4224f21b-d8ea-4ff1-8308-14370b435749 b5edebad026d4222ba4845bf1bfae088 232f101a28a14751a0a0a23a564eda5e - - default default] Successfully bumped revision number for resource 87e37915-6a8b-4457-9f59-3a6a9ecf32ff (type: ports) to 1
2026-05-11 06:44:06.680 9 INFO neutron.db.ovn_revision_numbers_db [None req-9619f5ec-cc94-4f0f-87d8-66c5c49179c3 - - - - - -] Successfully bumped revision number for resource 204b9858-66b9-4e60-aba2-51c55bfaef84 (type: router_ports) to 4
2026-05-11 06:44:06.759 10 WARNING neutron.scheduler.dhcp_agent_scheduler [None req-3de05d9a-e406-4a76-ae44-69c6cfb90b8a 87d5a789080d43d3875055fe44289fde 4ad67fabfd9841b4be5db3fcc1b86d10 - - default default] No more DHCP agents
2026-05-11 06:44:06.773 10 WARNING neutron.api.rpc.agentnotifiers.dhcp_rpc_agent_api [None req-3de05d9a-e406-4a76-ae44-69c6cfb90b8a 87d5a789080d43d3875055fe44289fde 4ad67fabfd9841b4be5db3fcc1b86d10 - - default default] Unable to schedule network 00cbf2f7-ea53-4da0-a921-ad9b2e2a2683: no agents available; will retry on subsequent port and subnet creation events.
2026-05-11 06:44:07.141 9 INFO neutron.db.ovn_revision_numbers_db [None req-4224f21b-d8ea-4ff1-8308-14370b435749 b5edebad026d4222ba4845bf1bfae088 232f101a28a14751a0a0a23a564eda5e - - default default] Successfully bumped revision number for resource 87e37915-6a8b-4457-9f59-3a6a9ecf32ff (type: router_ports) to 1
2026-05-11 06:44:07.265 10 WARNING neutron.scheduler.dhcp_agent_scheduler [None req-6327dee9-fff9-4dc3-8f0f-66f427233ff0 2d32fceba9bc48c79fa9181075e8eedc b6924b0db316401c80abd642c456d3b2 - - default default] No more DHCP agents
2026-05-11 06:44:07.269 10 WARNING neutron.api.rpc.agentnotifiers.dhcp_rpc_agent_api [None req-6327dee9-fff9-4dc3-8f0f-66f427233ff0 2d32fceba9bc48c79fa9181075e8eedc b6924b0db316401c80abd642c456d3b2 - - default default] Unable to schedule network 2ec0d503-7d82-47db-8dfe-c7d6a9c277af: no agents available; will retry on subsequent port and subnet creation events.
2026-05-11 06:44:07.513 10 INFO neutron.db.ovn_revision_numbers_db [None req-6327dee9-fff9-4dc3-8f0f-66f427233ff0 2d32fceba9bc48c79fa9181075e8eedc b6924b0db316401c80abd642c456d3b2 - - default default] Successfully bumped revision number for resource 69cfd534-e2fe-4982-8fe2-617788ce1590 (type: ports) to 1
2026-05-11 06:44:07.546 9 INFO neutron.db.ovn_revision_numbers_db [None req-4224f21b-d8ea-4ff1-8308-14370b435749 b5edebad026d4222ba4845bf1bfae088 232f101a28a14751a0a0a23a564eda5e - - default default] Successfully bumped revision number for resource 87e37915-6a8b-4457-9f59-3a6a9ecf32ff (type: ports) to 1
2026-05-11 06:44:07.609 10 INFO neutron.db.ovn_revision_numbers_db [None req-3de05d9a-e406-4a76-ae44-69c6cfb90b8a 87d5a789080d43d3875055fe44289fde 4ad67fabfd9841b4be5db3fcc1b86d10 - - default default] Successfully bumped revision number for resource cd4e78a5-81e5-4cbc-aaf6-f12334a59da2 (type: ports) to 2
2026-05-11 06:44:07.614 9 WARNING neutron.scheduler.dhcp_agent_scheduler [None req-4224f21b-d8ea-4ff1-8308-14370b435749 b5edebad026d4222ba4845bf1bfae088 232f101a28a14751a0a0a23a564eda5e - - default default] No more DHCP agents
2026-05-11 06:44:07.615 9 WARNING neutron.api.rpc.agentnotifiers.dhcp_rpc_agent_api [None req-4224f21b-d8ea-4ff1-8308-14370b435749 b5edebad026d4222ba4845bf1bfae088 232f101a28a14751a0a0a23a564eda5e - - default default] Unable to schedule network 87e7d54a-190b-4b17-9f02-d5f84fbdd0e2: no agents available; will retry on subsequent port and subnet creation events.
2026-05-11 06:44:07.665 10 INFO neutron.db.ovn_revision_numbers_db [None req-3de05d9a-e406-4a76-ae44-69c6cfb90b8a 87d5a789080d43d3875055fe44289fde 4ad67fabfd9841b4be5db3fcc1b86d10 - - default default] Successfully bumped revision number for resource cca96919-eab2-40af-ad14-327071428708 (type: subnets) to 0
2026-05-11 06:44:07.680 10 INFO neutron.wsgi [None req-3de05d9a-e406-4a76-ae44-69c6cfb90b8a 87d5a789080d43d3875055fe44289fde 4ad67fabfd9841b4be5db3fcc1b86d10 - - default default] 10.0.0.176 "POST /v2.0/subnets HTTP/1.1" status: 201 len: 801 time: 1.2382014
2026-05-11 06:44:07.691 10 WARNING neutron_lib.context [None req-910ef29f-b0a4-44b0-8be4-a38698cd38eb 87d5a789080d43d3875055fe44289fde 4ad67fabfd9841b4be5db3fcc1b86d10 - - default default] Method 'is_advsvc' is deprecated since 2023.2 release (neutron-lib 3.8.0) and will be removed once support for the old RBAC API policies will be removed from Neutron. Please use method 'is_service_role' instead.
2026-05-11 06:44:07.864 10 INFO neutron.db.ovn_revision_numbers_db [None req-910ef29f-b0a4-44b0-8be4-a38698cd38eb 87d5a789080d43d3875055fe44289fde 4ad67fabfd9841b4be5db3fcc1b86d10 - - default default] Successfully bumped revision number for resource cd5fbf4e-0822-487c-8023-b6eb40024b64 (type: routers) to 1
2026-05-11 06:44:07.880 9 INFO neutron.db.ovn_revision_numbers_db [None req-4224f21b-d8ea-4ff1-8308-14370b435749 b5edebad026d4222ba4845bf1bfae088 232f101a28a14751a0a0a23a564eda5e - - default default] Successfully bumped revision number for resource 87e37915-6a8b-4457-9f59-3a6a9ecf32ff (type: router_ports) to 1
2026-05-11 06:44:07.883 9 INFO neutron.wsgi [None req-4224f21b-d8ea-4ff1-8308-14370b435749 b5edebad026d4222ba4845bf1bfae088 232f101a28a14751a0a0a23a564eda5e - - default default] 10.0.0.176 "PUT /v2.0/routers/71649562-7777-4ae5-b503-28aa6aa4e37d/add_router_interface HTTP/1.1" status: 200 len: 503 time: 2.2278242
2026-05-11 06:44:07.897 10 INFO neutron.wsgi [None req-910ef29f-b0a4-44b0-8be4-a38698cd38eb 87d5a789080d43d3875055fe44289fde 4ad67fabfd9841b4be5db3fcc1b86d10 - - default default] 10.0.0.176 "POST /v2.0/routers HTTP/1.1" status: 201 len: 687 time: 0.2119906
2026-05-11 06:44:07.949 9 WARNING neutron_lib.context [None req-257e0128-b481-4851-906e-ebfa4d1b14f8 b5edebad026d4222ba4845bf1bfae088 232f101a28a14751a0a0a23a564eda5e - - default default] Method 'is_advsvc' is deprecated since 2023.2 release (neutron-lib 3.8.0) and will be removed once support for the old RBAC API policies will be removed from Neutron. Please use method 'is_service_role' instead.
2026-05-11 06:44:08.061 9 INFO neutron.db.ovn_revision_numbers_db [None req-257e0128-b481-4851-906e-ebfa4d1b14f8 b5edebad026d4222ba4845bf1bfae088 232f101a28a14751a0a0a23a564eda5e - - default default] Successfully bumped revision number for resource e89456f0-c459-4603-8b7a-7091a6072fde (type: security_groups) to 1
2026-05-11 06:44:08.074 9 INFO neutron.db.ovn_revision_numbers_db [None req-257e0128-b481-4851-906e-ebfa4d1b14f8 b5edebad026d4222ba4845bf1bfae088 232f101a28a14751a0a0a23a564eda5e - - default default] Successfully bumped revision number for resource 35980376-eba9-4a54-bec8-da3541ba5075 (type: security_group_rules) to 0
2026-05-11 06:44:08.087 9 INFO neutron.db.ovn_revision_numbers_db [None req-257e0128-b481-4851-906e-ebfa4d1b14f8 b5edebad026d4222ba4845bf1bfae088 232f101a28a14751a0a0a23a564eda5e - - default default] Successfully bumped revision number for resource ca10d195-34c7-4fbe-9b5f-d175af7a62ad (type: security_group_rules) to 0
2026-05-11 06:44:08.105 9 INFO neutron.wsgi [None req-257e0128-b481-4851-906e-ebfa4d1b14f8 b5edebad026d4222ba4845bf1bfae088 232f101a28a14751a0a0a23a564eda5e - - default default] 10.0.0.176 "POST /v2.0/security-groups HTTP/1.1" status: 201 len: 1764 time: 0.1634474
2026-05-11 06:44:08.115 9 WARNING neutron_lib.context [None req-691767d0-32c3-4adf-a1b3-6d6894f641e6 b5edebad026d4222ba4845bf1bfae088 232f101a28a14751a0a0a23a564eda5e - - default default] Method 'is_advsvc' is deprecated since 2023.2 release (neutron-lib 3.8.0) and will be removed once support for the old RBAC API policies will be removed from Neutron. Please use method 'is_service_role' instead.
2026-05-11 06:44:08.177 10 INFO neutron.db.ovn_revision_numbers_db [None req-6327dee9-fff9-4dc3-8f0f-66f427233ff0 2d32fceba9bc48c79fa9181075e8eedc b6924b0db316401c80abd642c456d3b2 - - default default] Successfully bumped revision number for resource 69cfd534-e2fe-4982-8fe2-617788ce1590 (type: router_ports) to 1
2026-05-11 06:44:08.241 9 INFO neutron.db.ovn_revision_numbers_db [None req-691767d0-32c3-4adf-a1b3-6d6894f641e6 b5edebad026d4222ba4845bf1bfae088 232f101a28a14751a0a0a23a564eda5e - - default default] Successfully bumped revision number for resource 9230086f-9e70-431d-8b8d-15d88e052981 (type: security_group_rules) to 0
2026-05-11 06:44:08.265 9 INFO neutron.wsgi [None req-691767d0-32c3-4adf-a1b3-6d6894f641e6 b5edebad026d4222ba4845bf1bfae088 232f101a28a14751a0a0a23a564eda5e - - default default] 10.0.0.176 "POST /v2.0/security-group-rules HTTP/1.1" status: 201 len: 764 time: 0.1545410
2026-05-11 06:44:08.276 9 WARNING neutron_lib.context [None req-c89350a0-5536-4c34-a88c-30db526ff61a b5edebad026d4222ba4845bf1bfae088 232f101a28a14751a0a0a23a564eda5e - - default default] Method 'is_advsvc' is deprecated since 2023.2 release (neutron-lib 3.8.0) and will be removed once support for the old RBAC API policies will be removed from Neutron. Please use method 'is_service_role' instead.
2026-05-11 06:44:08.402 9 INFO neutron.db.ovn_revision_numbers_db [None req-c89350a0-5536-4c34-a88c-30db526ff61a b5edebad026d4222ba4845bf1bfae088 232f101a28a14751a0a0a23a564eda5e - - default default] Successfully bumped revision number for resource 986684cb-4e23-486d-a79d-024169e1450b (type: security_group_rules) to 0
2026-05-11 06:44:08.428 9 INFO neutron.wsgi [None req-c89350a0-5536-4c34-a88c-30db526ff61a b5edebad026d4222ba4845bf1bfae088 232f101a28a14751a0a0a23a564eda5e - - default default] 10.0.0.176 "POST /v2.0/security-group-rules HTTP/1.1" status: 201 len: 764 time: 0.1565845
2026-05-11 06:44:08.441 9 WARNING neutron_lib.context [None req-da119eb3-421a-45e0-8cf8-06b2f5b68740 b5edebad026d4222ba4845bf1bfae088 232f101a28a14751a0a0a23a564eda5e - - default default] Method 'is_advsvc' is deprecated since 2023.2 release (neutron-lib 3.8.0) and will be removed once support for the old RBAC API policies will be removed from Neutron. Please use method 'is_service_role' instead.
2026-05-11 06:44:08.558 9 INFO neutron.db.ovn_revision_numbers_db [None req-da119eb3-421a-45e0-8cf8-06b2f5b68740 b5edebad026d4222ba4845bf1bfae088 232f101a28a14751a0a0a23a564eda5e - - default default] Successfully bumped revision number for resource 3e915388-3fb0-41d3-a28e-491e9b3aa097 (type: security_group_rules) to 0
2026-05-11 06:44:08.564 10 WARNING neutron.scheduler.dhcp_agent_scheduler [None req-1c73ea98-20ba-4a3c-a81c-26d00f1333b0 87d5a789080d43d3875055fe44289fde 4ad67fabfd9841b4be5db3fcc1b86d10 - - default default] No more DHCP agents
2026-05-11 06:44:08.566 10 WARNING neutron.api.rpc.agentnotifiers.dhcp_rpc_agent_api [None req-1c73ea98-20ba-4a3c-a81c-26d00f1333b0 87d5a789080d43d3875055fe44289fde 4ad67fabfd9841b4be5db3fcc1b86d10 - - default default] Unable to schedule network 69496ba9-58cf-4c1e-a4fc-b282da7409c1: no agents available; will retry on subsequent port and subnet creation events.
2026-05-11 06:44:08.582 9 INFO neutron.wsgi [None req-da119eb3-421a-45e0-8cf8-06b2f5b68740 b5edebad026d4222ba4845bf1bfae088 232f101a28a14751a0a0a23a564eda5e - - default default] 10.0.0.176 "POST /v2.0/security-group-rules HTTP/1.1" status: 201 len: 766 time: 0.1469843
2026-05-11 06:44:08.591 9 WARNING neutron_lib.context [None req-c30fff34-f88a-4c0d-9fed-b8f4414a0807 b5edebad026d4222ba4845bf1bfae088 232f101a28a14751a0a0a23a564eda5e - - default default] Method 'is_advsvc' is deprecated since 2023.2 release (neutron-lib 3.8.0) and will be removed once support for the old RBAC API policies will be removed from Neutron. Please use method 'is_service_role' instead.
2026-05-11 06:44:08.591 10 INFO neutron.db.ovn_revision_numbers_db [None req-6327dee9-fff9-4dc3-8f0f-66f427233ff0 2d32fceba9bc48c79fa9181075e8eedc b6924b0db316401c80abd642c456d3b2 - - default default] Successfully bumped revision number for resource 69cfd534-e2fe-4982-8fe2-617788ce1590 (type: ports) to 1
2026-05-11 06:44:08.700 10 WARNING neutron.scheduler.dhcp_agent_scheduler [None req-6327dee9-fff9-4dc3-8f0f-66f427233ff0 2d32fceba9bc48c79fa9181075e8eedc b6924b0db316401c80abd642c456d3b2 - - default default] No more DHCP agents
2026-05-11 06:44:08.701 10 WARNING neutron.api.rpc.agentnotifiers.dhcp_rpc_agent_api [None req-6327dee9-fff9-4dc3-8f0f-66f427233ff0 2d32fceba9bc48c79fa9181075e8eedc b6924b0db316401c80abd642c456d3b2 - - default default] Unable to schedule network 2ec0d503-7d82-47db-8dfe-c7d6a9c277af: no agents available; will retry on subsequent port and subnet creation events.
2026-05-11 06:44:08.715 9 INFO neutron.db.ovn_revision_numbers_db [None req-c30fff34-f88a-4c0d-9fed-b8f4414a0807 b5edebad026d4222ba4845bf1bfae088 232f101a28a14751a0a0a23a564eda5e - - default default] Successfully bumped revision number for resource e5a10284-24da-4efd-bfe1-2c1944be1181 (type: security_group_rules) to 0
2026-05-11 06:44:08.741 9 INFO neutron.wsgi [None req-c30fff34-f88a-4c0d-9fed-b8f4414a0807 b5edebad026d4222ba4845bf1bfae088 232f101a28a14751a0a0a23a564eda5e - - default default] 10.0.0.176 "POST /v2.0/security-group-rules HTTP/1.1" status: 201 len: 768 time: 0.1532688
2026-05-11 06:44:08.755 9 WARNING neutron_lib.context [None req-c5d20111-ed33-45a6-b240-f9c1a51ccc37 b5edebad026d4222ba4845bf1bfae088 232f101a28a14751a0a0a23a564eda5e - - default default] Method 'is_advsvc' is deprecated since 2023.2 release (neutron-lib 3.8.0) and will be removed once support for the old RBAC API policies will be removed from Neutron. Please use method 'is_service_role' instead.
2026-05-11 06:44:08.813 10 INFO neutron.db.ovn_revision_numbers_db [None req-1c73ea98-20ba-4a3c-a81c-26d00f1333b0 87d5a789080d43d3875055fe44289fde 4ad67fabfd9841b4be5db3fcc1b86d10 - - default default] Successfully bumped revision number for resource 4b812311-10d6-4c82-b8e6-a8c9f9e5f6fb (type: ports) to 1
2026-05-11 06:44:08.847 9 INFO neutron.db.ovn_revision_numbers_db [None req-c5d20111-ed33-45a6-b240-f9c1a51ccc37 b5edebad026d4222ba4845bf1bfae088 232f101a28a14751a0a0a23a564eda5e - - default default] Successfully bumped revision number for resource 219b2363-38d0-4f3a-80b3-e650ecb55622 (type: security_group_rules) to 0
2026-05-11 06:44:08.870 9 INFO neutron.wsgi [None req-c5d20111-ed33-45a6-b240-f9c1a51ccc37 b5edebad026d4222ba4845bf1bfae088 232f101a28a14751a0a0a23a564eda5e - - default default] 10.0.0.176 "POST /v2.0/security-group-rules HTTP/1.1" status: 201 len: 768 time: 0.1213958
2026-05-11 06:44:08.880 9 WARNING neutron_lib.context [None req-d3dec325-37b3-4537-8eb4-fa1ffe9c4028 b5edebad026d4222ba4845bf1bfae088 232f101a28a14751a0a0a23a564eda5e - - default default] Method 'is_advsvc' is deprecated since 2023.2 release (neutron-lib 3.8.0) and will be removed once support for the old RBAC API policies will be removed from Neutron. Please use method 'is_service_role' instead.
2026-05-11 06:44:09.000 9 INFO neutron.db.ovn_revision_numbers_db [None req-d3dec325-37b3-4537-8eb4-fa1ffe9c4028 b5edebad026d4222ba4845bf1bfae088 232f101a28a14751a0a0a23a564eda5e - - default default] Successfully bumped revision number for resource 08c3189d-1d7a-4f92-8337-e94aa15583d7 (type: security_group_rules) to 0
2026-05-11 06:44:09.021 9 INFO neutron.wsgi [None req-d3dec325-37b3-4537-8eb4-fa1ffe9c4028 b5edebad026d4222ba4845bf1bfae088 232f101a28a14751a0a0a23a564eda5e - - default default] 10.0.0.176 "POST /v2.0/security-group-rules HTTP/1.1" status: 201 len: 764 time: 0.1454527
2026-05-11 06:44:09.031 9 WARNING neutron_lib.context [None req-2abc9af5-2647-4bb2-b8cc-dd771655abe2 b5edebad026d4222ba4845bf1bfae088 232f101a28a14751a0a0a23a564eda5e - - default default] Method 'is_advsvc' is deprecated since 2023.2 release (neutron-lib 3.8.0) and will be removed once support for the old RBAC API policies will be removed from Neutron. Please use method 'is_service_role' instead.
2026-05-11 06:44:09.092 10 INFO neutron.db.ovn_revision_numbers_db [None req-6327dee9-fff9-4dc3-8f0f-66f427233ff0 2d32fceba9bc48c79fa9181075e8eedc b6924b0db316401c80abd642c456d3b2 - - default default] Successfully bumped revision number for resource 69cfd534-e2fe-4982-8fe2-617788ce1590 (type: router_ports) to 1
2026-05-11 06:44:09.094 10 INFO neutron.wsgi [None req-6327dee9-fff9-4dc3-8f0f-66f427233ff0 2d32fceba9bc48c79fa9181075e8eedc b6924b0db316401c80abd642c456d3b2 - - default default] 10.0.0.176 "PUT /v2.0/routers/c6ecb777-780b-45be-a49a-09b9d1346c4c/add_router_interface HTTP/1.1" status: 200 len: 503 time: 2.6375506
2026-05-11 06:44:09.160 9 INFO neutron.db.ovn_revision_numbers_db [None req-2abc9af5-2647-4bb2-b8cc-dd771655abe2 b5edebad026d4222ba4845bf1bfae088 232f101a28a14751a0a0a23a564eda5e - - default default] Successfully bumped revision number for resource 8a4afda2-7ee5-47b8-a945-613ade3797d2 (type: security_group_rules) to 0
2026-05-11 06:44:09.182 9 INFO neutron.wsgi [None req-2abc9af5-2647-4bb2-b8cc-dd771655abe2 b5edebad026d4222ba4845bf1bfae088 232f101a28a14751a0a0a23a564eda5e - - default default] 10.0.0.176 "POST /v2.0/security-group-rules HTTP/1.1" status: 201 len: 764 time: 0.1554627
2026-05-11 06:44:09.193 9 WARNING neutron_lib.context [None req-b25d8a44-12e3-4d92-b213-3bf2ae934c0c b5edebad026d4222ba4845bf1bfae088 232f101a28a14751a0a0a23a564eda5e - - default default] Method 'is_advsvc' is deprecated since 2023.2 release (neutron-lib 3.8.0) and will be removed once support for the old RBAC API policies will be removed from Neutron. Please use method 'is_service_role' instead.
2026-05-11 06:44:09.232 10 INFO neutron.wsgi [None req-31ba7563-d94f-4df1-9bd6-ee4449978735 3c8d6eadba15498eb3a2e1db7d3b8fe5 7a3d6f0237ca40cc9915c68725b12a58 - - default default] 10.0.0.176 "GET /v2.0/networks HTTP/1.1" status: 200 len: 6971 time: 0.1308937
2026-05-11 06:44:09.316 9 INFO neutron.db.ovn_revision_numbers_db [None req-b25d8a44-12e3-4d92-b213-3bf2ae934c0c b5edebad026d4222ba4845bf1bfae088 232f101a28a14751a0a0a23a564eda5e - - default default] Successfully bumped revision number for resource d0a1dc68-8632-437b-86cf-4c4407c8b3fe (type: security_group_rules) to 0
2026-05-11 06:44:09.334 10 INFO neutron.wsgi [None req-769035fc-1a86-400d-afa1-ead820b82dd7 3c8d6eadba15498eb3a2e1db7d3b8fe5 7a3d6f0237ca40cc9915c68725b12a58 - - default default] 10.0.0.176 "GET /v2.0/subnets HTTP/1.1" status: 200 len: 7377 time: 0.0887399
2026-05-11 06:44:09.338 9 INFO neutron.wsgi [None req-b25d8a44-12e3-4d92-b213-3bf2ae934c0c b5edebad026d4222ba4845bf1bfae088 232f101a28a14751a0a0a23a564eda5e - - default default] 10.0.0.176 "POST /v2.0/security-group-rules HTTP/1.1" status: 201 len: 764 time: 0.1493261
2026-05-11 06:44:09.350 9 WARNING neutron_lib.context [None req-46661404-eadc-49eb-8297-ad4d0d503899 b5edebad026d4222ba4845bf1bfae088 232f101a28a14751a0a0a23a564eda5e - - default default] Method 'is_advsvc' is deprecated since 2023.2 release (neutron-lib 3.8.0) and will be removed once support for the old RBAC API policies will be removed from Neutron. Please use method 'is_service_role' instead.
2026-05-11 06:44:09.370 10 INFO neutron.db.ovn_revision_numbers_db [None req-1c73ea98-20ba-4a3c-a81c-26d00f1333b0 87d5a789080d43d3875055fe44289fde 4ad67fabfd9841b4be5db3fcc1b86d10 - - default default] Successfully bumped revision number for resource 4b812311-10d6-4c82-b8e6-a8c9f9e5f6fb (type: router_ports) to 1
2026-05-11 06:44:09.464 9 INFO neutron.wsgi [None req-239759db-feda-462f-b59a-6e2378d86676 3c8d6eadba15498eb3a2e1db7d3b8fe5 7a3d6f0237ca40cc9915c68725b12a58 - - default default] 10.0.0.176 "GET /v2.0/routers HTTP/1.1" status: 200 len: 2024 time: 0.1228590
2026-05-11 06:44:09.521 9 WARNING neutron_lib.context [None req-23574a01-437d-4b0b-801e-d4aa0fe746ca 2d32fceba9bc48c79fa9181075e8eedc b6924b0db316401c80abd642c456d3b2 - - default default] Method 'is_advsvc' is deprecated since 2023.2 release (neutron-lib 3.8.0) and will be removed once support for the old RBAC API policies will be removed from Neutron. Please use method 'is_service_role' instead.
2026-05-11 06:44:09.532 9 INFO neutron.db.ovn_revision_numbers_db [None req-46661404-eadc-49eb-8297-ad4d0d503899 b5edebad026d4222ba4845bf1bfae088 232f101a28a14751a0a0a23a564eda5e - - default default] Successfully bumped revision number for resource 53ac8583-b448-4cdd-8e73-b54f0d094f39 (type: security_group_rules) to 0
2026-05-11 06:44:09.533 10 INFO neutron.db.ovn_revision_numbers_db [None req-1c73ea98-20ba-4a3c-a81c-26d00f1333b0 87d5a789080d43d3875055fe44289fde 4ad67fabfd9841b4be5db3fcc1b86d10 - - default default] Successfully bumped revision number for resource 4b812311-10d6-4c82-b8e6-a8c9f9e5f6fb (type: ports) to 1
2026-05-11 06:44:09.558 9 INFO neutron.wsgi [None req-46661404-eadc-49eb-8297-ad4d0d503899 b5edebad026d4222ba4845bf1bfae088 232f101a28a14751a0a0a23a564eda5e - - default default] 10.0.0.176 "POST /v2.0/security-group-rules HTTP/1.1" status: 201 len: 766 time: 0.2119706
2026-05-11 06:44:09.577 9 WARNING neutron_lib.context [None req-c3d75732-0135-49c7-9004-9aa291ed14ae b5edebad026d4222ba4845bf1bfae088 232f101a28a14751a0a0a23a564eda5e - - default default] Method 'is_advsvc' is deprecated since 2023.2 release (neutron-lib 3.8.0) and will be removed once support for the old RBAC API policies will be removed from Neutron. Please use method 'is_service_role' instead.
2026-05-11 06:44:09.612 10 WARNING neutron.scheduler.dhcp_agent_scheduler [None req-1c73ea98-20ba-4a3c-a81c-26d00f1333b0 87d5a789080d43d3875055fe44289fde 4ad67fabfd9841b4be5db3fcc1b86d10 - - default default] No more DHCP agents
2026-05-11 06:44:09.616 10 WARNING neutron.api.rpc.agentnotifiers.dhcp_rpc_agent_api [None req-1c73ea98-20ba-4a3c-a81c-26d00f1333b0 87d5a789080d43d3875055fe44289fde 4ad67fabfd9841b4be5db3fcc1b86d10 - - default default] Unable to schedule network 69496ba9-58cf-4c1e-a4fc-b282da7409c1: no agents available; will retry on subsequent port and subnet creation events.
2026-05-11 06:44:09.656 9 INFO neutron.db.ovn_revision_numbers_db [None req-23574a01-437d-4b0b-801e-d4aa0fe746ca 2d32fceba9bc48c79fa9181075e8eedc b6924b0db316401c80abd642c456d3b2 - - default default] Successfully bumped revision number for resource 5d745edd-5a28-4e0c-931a-a86ff16bfa27 (type: security_groups) to 1
2026-05-11 06:44:09.677 9 INFO neutron.db.ovn_revision_numbers_db [None req-23574a01-437d-4b0b-801e-d4aa0fe746ca 2d32fceba9bc48c79fa9181075e8eedc b6924b0db316401c80abd642c456d3b2 - - default default] Successfully bumped revision number for resource 507497d0-8e81-4946-ae08-a863de5830fd (type: security_group_rules) to 0
2026-05-11 06:44:09.696 9 INFO neutron.db.ovn_revision_numbers_db [None req-23574a01-437d-4b0b-801e-d4aa0fe746ca 2d32fceba9bc48c79fa9181075e8eedc b6924b0db316401c80abd642c456d3b2 - - default default] Successfully bumped revision number for resource 6a934678-0140-4781-a1bc-6bc379c86f8a (type: security_group_rules) to 0
2026-05-11 06:44:09.700 9 INFO neutron.db.ovn_revision_numbers_db [None req-c3d75732-0135-49c7-9004-9aa291ed14ae b5edebad026d4222ba4845bf1bfae088 232f101a28a14751a0a0a23a564eda5e - - default default] Successfully bumped revision number for resource 8b40e5ab-9d01-47a5-8e00-d2500aa3a6e7 (type: security_group_rules) to 0
2026-05-11 06:44:09.718 9 INFO neutron.wsgi [None req-23574a01-437d-4b0b-801e-d4aa0fe746ca 2d32fceba9bc48c79fa9181075e8eedc b6924b0db316401c80abd642c456d3b2 - - default default] 10.0.0.176 "POST /v2.0/security-groups HTTP/1.1" status: 201 len: 1811 time: 0.2011378
