2026-05-11 06:44:09.728 10 WARNING neutron_lib.context [None req-b5b291c9-fa87-4fea-9bcd-31d9a87ebed5 2d32fceba9bc48c79fa9181075e8eedc b6924b0db316401c80abd642c456d3b2 - - default default] Method 'is_advsvc' is deprecated since 2023.2 release (neutron-lib 3.8.0) and will be removed once support for the old RBAC API policies will be removed from Neutron. Please use method 'is_service_role' instead.
2026-05-11 06:44:09.733 9 INFO neutron.wsgi [None req-c3d75732-0135-49c7-9004-9aa291ed14ae b5edebad026d4222ba4845bf1bfae088 232f101a28a14751a0a0a23a564eda5e - - default default] 10.0.0.176 "POST /v2.0/security-group-rules HTTP/1.1" status: 201 len: 768 time: 0.1630402
2026-05-11 06:44:09.741 9 WARNING neutron_lib.context [None req-c3dffa05-2cd5-419f-9da1-f0c8416d7cc2 b5edebad026d4222ba4845bf1bfae088 232f101a28a14751a0a0a23a564eda5e - - default default] Method 'is_advsvc' is deprecated since 2023.2 release (neutron-lib 3.8.0) and will be removed once support for the old RBAC API policies will be removed from Neutron. Please use method 'is_service_role' instead.
2026-05-11 06:44:09.756 10 INFO neutron.db.ovn_revision_numbers_db [None req-1c73ea98-20ba-4a3c-a81c-26d00f1333b0 87d5a789080d43d3875055fe44289fde 4ad67fabfd9841b4be5db3fcc1b86d10 - - default default] Successfully bumped revision number for resource 4b812311-10d6-4c82-b8e6-a8c9f9e5f6fb (type: router_ports) to 1
2026-05-11 06:44:09.758 10 INFO neutron.wsgi [None req-1c73ea98-20ba-4a3c-a81c-26d00f1333b0 87d5a789080d43d3875055fe44289fde 4ad67fabfd9841b4be5db3fcc1b86d10 - - default default] 10.0.0.176 "PUT /v2.0/routers/cd5fbf4e-0822-487c-8023-b6eb40024b64/add_router_interface HTTP/1.1" status: 200 len: 503 time: 1.8561444
2026-05-11 06:44:09.799 10 INFO neutron.wsgi [None req-5257bb8a-d081-4409-a1f5-dc1568954bcd 87d5a789080d43d3875055fe44289fde 4ad67fabfd9841b4be5db3fcc1b86d10 - - default default] 10.0.0.176 "GET /v2.0/ports/4b812311-10d6-4c82-b8e6-a8c9f9e5f6fb HTTP/1.1" status: 200 len: 1135 time: 0.0365160
2026-05-11 06:44:09.861 9 INFO neutron.db.ovn_revision_numbers_db [None req-c3dffa05-2cd5-419f-9da1-f0c8416d7cc2 b5edebad026d4222ba4845bf1bfae088 232f101a28a14751a0a0a23a564eda5e - - default default] Successfully bumped revision number for resource 3c21f606-7e6a-4815-a8a6-467a782fd0a3 (type: security_group_rules) to 0
2026-05-11 06:44:09.883 9 INFO neutron.wsgi [None req-c3dffa05-2cd5-419f-9da1-f0c8416d7cc2 b5edebad026d4222ba4845bf1bfae088 232f101a28a14751a0a0a23a564eda5e - - default default] 10.0.0.176 "POST /v2.0/security-group-rules HTTP/1.1" status: 201 len: 764 time: 0.1455929
2026-05-11 06:44:10.149 10 INFO neutron.db.ovn_revision_numbers_db [None req-b5b291c9-fa87-4fea-9bcd-31d9a87ebed5 2d32fceba9bc48c79fa9181075e8eedc b6924b0db316401c80abd642c456d3b2 - - default default] Successfully bumped revision number for resource 16acf67f-3c09-44ff-acd3-4aac432f066d (type: security_group_rules) to 0
2026-05-11 06:44:10.172 9 INFO neutron.wsgi [req-619f178a-c4b0-41e3-b349-7b4dadf2dba9 req-4b19fdde-b92f-4047-8b62-c85d2b53afa7 b5edebad026d4222ba4845bf1bfae088 232f101a28a14751a0a0a23a564eda5e - - default default] 10.0.0.137 "GET /v2.0/security-groups?name=tempest-lb_member_SG-1261782435&fields=id&tenant_id=232f101a28a14751a0a0a23a564eda5e HTTP/1.1" status: 200 len: 267 time: 0.0432987
2026-05-11 06:44:10.177 10 INFO neutron.wsgi [None req-b5b291c9-fa87-4fea-9bcd-31d9a87ebed5 2d32fceba9bc48c79fa9181075e8eedc b6924b0db316401c80abd642c456d3b2 - - default default] 10.0.0.176 "POST /v2.0/security-group-rules HTTP/1.1" status: 201 len: 764 time: 0.4522994
2026-05-11 06:44:10.189 10 WARNING neutron_lib.context [None req-dd5613b3-04de-4a83-b7ed-0aefbaf82316 2d32fceba9bc48c79fa9181075e8eedc b6924b0db316401c80abd642c456d3b2 - - default default] Method 'is_advsvc' is deprecated since 2023.2 release (neutron-lib 3.8.0) and will be removed once support for the old RBAC API policies will be removed from Neutron. Please use method 'is_service_role' instead.
2026-05-11 06:44:10.284 9 INFO neutron.wsgi [req-619f178a-c4b0-41e3-b349-7b4dadf2dba9 req-779c2e4c-e18a-47ef-8b94-4478f2d57bc1 b5edebad026d4222ba4845bf1bfae088 232f101a28a14751a0a0a23a564eda5e - - default default] 10.0.0.137 "GET /v2.0/networks?id=14e5627b-f703-443c-a120-984be7fd258c HTTP/1.1" status: 200 len: 904 time: 0.1039681
2026-05-11 06:44:10.299 9 INFO neutron.wsgi [req-619f178a-c4b0-41e3-b349-7b4dadf2dba9 req-7e9b0731-206f-4620-8791-788ef4f3ba68 b5edebad026d4222ba4845bf1bfae088 232f101a28a14751a0a0a23a564eda5e - - default default] 10.0.0.137 "GET /v2.0/quotas/232f101a28a14751a0a0a23a564eda5e HTTP/1.1" status: 200 len: 386 time: 0.0092916
2026-05-11 06:44:10.343 10 WARNING neutron.plugins.ml2.drivers.ovn.mech_driver.ovsdb.ovn_client [None req-9a9ff5d1-29cb-4687-a6f5-76877596e9b9 - - - - - -] No hosting information found for port 264b478a-4cea-45ac-bbe0-4e739677c4e3: RuntimeError: No hosting information found for port 264b478a-4cea-45ac-bbe0-4e739677c4e3
2026-05-11 06:44:10.344 10 INFO neutron.plugins.ml2.drivers.ovn.mech_driver.mech_driver [None req-9a9ff5d1-29cb-4687-a6f5-76877596e9b9 - - - - - -] OVN reports status up for port: faad3672-c292-4bcc-9da3-c8b2caefcd1e
2026-05-11 06:44:10.360 10 INFO neutron.plugins.ml2.plugin [None req-9a9ff5d1-29cb-4687-a6f5-76877596e9b9 - - - - - -] Attempt 1 to provision port faad3672-c292-4bcc-9da3-c8b2caefcd1e
2026-05-11 06:44:10.424 10 INFO neutron.db.ovn_revision_numbers_db [None req-dd5613b3-04de-4a83-b7ed-0aefbaf82316 2d32fceba9bc48c79fa9181075e8eedc b6924b0db316401c80abd642c456d3b2 - - default default] Successfully bumped revision number for resource 9caf9499-15b2-410b-9ef1-e6efb649f17d (type: security_group_rules) to 0
2026-05-11 06:44:10.473 10 INFO neutron.wsgi [None req-dd5613b3-04de-4a83-b7ed-0aefbaf82316 2d32fceba9bc48c79fa9181075e8eedc b6924b0db316401c80abd642c456d3b2 - - default default] 10.0.0.176 "POST /v2.0/security-group-rules HTTP/1.1" status: 201 len: 763 time: 0.2908025
2026-05-11 06:44:10.488 9 WARNING neutron_lib.context [None req-334033c3-c69c-47ed-8f98-8f16ffb0ee38 2d32fceba9bc48c79fa9181075e8eedc b6924b0db316401c80abd642c456d3b2 - - default default] Method 'is_advsvc' is deprecated since 2023.2 release (neutron-lib 3.8.0) and will be removed once support for the old RBAC API policies will be removed from Neutron. Please use method 'is_service_role' instead.
2026-05-11 06:44:10.513 9 INFO neutron.wsgi [req-619f178a-c4b0-41e3-b349-7b4dadf2dba9 req-3c54d66a-dfb5-4d05-bebd-7bf81835ced1 b5edebad026d4222ba4845bf1bfae088 232f101a28a14751a0a0a23a564eda5e - - default default] 10.0.0.137 "GET /v2.0/ports?tenant_id=232f101a28a14751a0a0a23a564eda5e&fields=id HTTP/1.1" status: 200 len: 486 time: 0.2082741
2026-05-11 06:44:10.581 10 WARNING neutron.scheduler.dhcp_agent_scheduler [None req-54afbeae-8058-42c7-bb6b-0ef0b72dca4b 87d5a789080d43d3875055fe44289fde 4ad67fabfd9841b4be5db3fcc1b86d10 - - default default] No more DHCP agents
2026-05-11 06:44:10.585 10 WARNING neutron.api.rpc.agentnotifiers.dhcp_rpc_agent_api [None req-54afbeae-8058-42c7-bb6b-0ef0b72dca4b 87d5a789080d43d3875055fe44289fde 4ad67fabfd9841b4be5db3fcc1b86d10 - - default default] Unable to schedule network 00cbf2f7-ea53-4da0-a921-ad9b2e2a2683: no agents available; will retry on subsequent port and subnet creation events.
2026-05-11 06:44:10.599 9 INFO neutron.wsgi [req-619f178a-c4b0-41e3-b349-7b4dadf2dba9 req-42443aa7-4f84-4da5-a13d-c1c86dda3c15 25baa6b53e1c49cd87e08a494459c120 01b417b577a04733a90891cb685be87a - - 11380852745b418999a0f1b4f5acfdc9 11380852745b418999a0f1b4f5acfdc9] 10.0.0.137 "GET /v2.0/networks/14e5627b-f703-443c-a120-984be7fd258c?fields=segments HTTP/1.1" status: 200 len: 212 time: 0.0736566
2026-05-11 06:44:10.675 9 INFO neutron.db.ovn_revision_numbers_db [None req-334033c3-c69c-47ed-8f98-8f16ffb0ee38 2d32fceba9bc48c79fa9181075e8eedc b6924b0db316401c80abd642c456d3b2 - - default default] Successfully bumped revision number for resource 6e9ea9ad-502c-4eba-9123-837769bd92c4 (type: security_group_rules) to 0
2026-05-11 06:44:10.680 9 INFO neutron.wsgi [req-619f178a-c4b0-41e3-b349-7b4dadf2dba9 req-ffa57456-45cd-4d25-8c78-49d1400cb3f3 25baa6b53e1c49cd87e08a494459c120 01b417b577a04733a90891cb685be87a - - 11380852745b418999a0f1b4f5acfdc9 11380852745b418999a0f1b4f5acfdc9] 10.0.0.137 "GET /v2.0/networks/14e5627b-f703-443c-a120-984be7fd258c?fields=provider%3Aphysical_network&fields=provider%3Anetwork_type HTTP/1.1" status: 200 len: 277 time: 0.0720167
2026-05-11 06:44:10.701 9 INFO neutron.wsgi [None req-334033c3-c69c-47ed-8f98-8f16ffb0ee38 2d32fceba9bc48c79fa9181075e8eedc b6924b0db316401c80abd642c456d3b2 - - default default] 10.0.0.176 "POST /v2.0/security-group-rules HTTP/1.1" status: 201 len: 769 time: 0.2206390
2026-05-11 06:44:10.709 9 WARNING neutron_lib.context [None req-170f8154-2d07-4443-976a-29ac13d32917 2d32fceba9bc48c79fa9181075e8eedc b6924b0db316401c80abd642c456d3b2 - - default default] Method 'is_advsvc' is deprecated since 2023.2 release (neutron-lib 3.8.0) and will be removed once support for the old RBAC API policies will be removed from Neutron. Please use method 'is_service_role' instead.
2026-05-11 06:44:10.791 10 INFO neutron.db.ovn_revision_numbers_db [None req-9a9ff5d1-29cb-4687-a6f5-76877596e9b9 - - - - - -] Successfully bumped revision number for resource faad3672-c292-4bcc-9da3-c8b2caefcd1e (type: ports) to 2
2026-05-11 06:44:10.808 10 INFO neutron.wsgi [req-062c71e9-fba3-4cb1-a2b9-b9a3a789c003 req-6a564233-cdf3-4ca3-98fa-9d79fba5f6b7 b5edebad026d4222ba4845bf1bfae088 232f101a28a14751a0a0a23a564eda5e - - default default] 10.0.0.137 "GET /v2.0/ports?device_id=1666e129-c767-4d08-be1a-84c32f045ca2 HTTP/1.1" status: 200 len: 210 time: 0.0281219
2026-05-11 06:44:10.809 10 INFO neutron.db.ovn_revision_numbers_db [None req-54afbeae-8058-42c7-bb6b-0ef0b72dca4b 87d5a789080d43d3875055fe44289fde 4ad67fabfd9841b4be5db3fcc1b86d10 - - default default] Successfully bumped revision number for resource 923c48de-589c-4654-8330-ea982c99bf55 (type: ports) to 1
2026-05-11 06:44:10.843 9 INFO neutron.db.ovn_revision_numbers_db [None req-170f8154-2d07-4443-976a-29ac13d32917 2d32fceba9bc48c79fa9181075e8eedc b6924b0db316401c80abd642c456d3b2 - - default default] Successfully bumped revision number for resource 8a758101-9a45-4cf7-adbd-244d29a133d1 (type: security_group_rules) to 0
2026-05-11 06:44:10.883 9 INFO neutron.wsgi [None req-170f8154-2d07-4443-976a-29ac13d32917 2d32fceba9bc48c79fa9181075e8eedc b6924b0db316401c80abd642c456d3b2 - - default default] 10.0.0.176 "POST /v2.0/security-group-rules HTTP/1.1" status: 201 len: 768 time: 0.1773314
2026-05-11 06:44:10.895 9 WARNING neutron_lib.context [None req-835f19d9-00df-465f-88e5-67b79e02dfe9 2d32fceba9bc48c79fa9181075e8eedc b6924b0db316401c80abd642c456d3b2 - - default default] Method 'is_advsvc' is deprecated since 2023.2 release (neutron-lib 3.8.0) and will be removed once support for the old RBAC API policies will be removed from Neutron. Please use method 'is_service_role' instead.
2026-05-11 06:44:10.908 10 INFO neutron.db.ovn_revision_numbers_db [None req-9a9ff5d1-29cb-4687-a6f5-76877596e9b9 - - - - - -] Successfully bumped revision number for resource faad3672-c292-4bcc-9da3-c8b2caefcd1e (type: router_ports) to 2
2026-05-11 06:44:10.919 9 INFO neutron.db.securitygroups_db [None req-835f19d9-00df-465f-88e5-67b79e02dfe9 2d32fceba9bc48c79fa9181075e8eedc b6924b0db316401c80abd642c456d3b2 - - default default] Project b6924b0db316401c80abd642c456d3b2 added a security group rule with legacy IPv6 ICMP protocol name icmp, ipv6-icmp should be used instead. It was automatically converted.
2026-05-11 06:44:11.040 9 INFO neutron.db.ovn_revision_numbers_db [None req-835f19d9-00df-465f-88e5-67b79e02dfe9 2d32fceba9bc48c79fa9181075e8eedc b6924b0db316401c80abd642c456d3b2 - - default default] Successfully bumped revision number for resource f6847481-52ab-4675-8821-b7e3c53de2ee (type: security_group_rules) to 0
2026-05-11 06:44:11.065 9 INFO neutron.wsgi [None req-835f19d9-00df-465f-88e5-67b79e02dfe9 2d32fceba9bc48c79fa9181075e8eedc b6924b0db316401c80abd642c456d3b2 - - default default] 10.0.0.176 "POST /v2.0/security-group-rules HTTP/1.1" status: 201 len: 774 time: 0.1761825
2026-05-11 06:44:11.076 9 WARNING neutron_lib.context [None req-e6bd28c2-56d8-4b36-8251-c0be3d73e5f7 2d32fceba9bc48c79fa9181075e8eedc b6924b0db316401c80abd642c456d3b2 - - default default] Method 'is_advsvc' is deprecated since 2023.2 release (neutron-lib 3.8.0) and will be removed once support for the old RBAC API policies will be removed from Neutron. Please use method 'is_service_role' instead.
2026-05-11 06:44:11.099 9 INFO neutron.db.securitygroups_db [None req-e6bd28c2-56d8-4b36-8251-c0be3d73e5f7 2d32fceba9bc48c79fa9181075e8eedc b6924b0db316401c80abd642c456d3b2 - - default default] Project b6924b0db316401c80abd642c456d3b2 added a security group rule with legacy IPv6 ICMP protocol name icmp, ipv6-icmp should be used instead. It was automatically converted.
2026-05-11 06:44:11.199 9 INFO neutron.db.ovn_revision_numbers_db [None req-e6bd28c2-56d8-4b36-8251-c0be3d73e5f7 2d32fceba9bc48c79fa9181075e8eedc b6924b0db316401c80abd642c456d3b2 - - default default] Successfully bumped revision number for resource caf5117c-a1e9-4ac8-ad6e-52a728c8d803 (type: security_group_rules) to 0
2026-05-11 06:44:11.221 9 INFO neutron.wsgi [None req-e6bd28c2-56d8-4b36-8251-c0be3d73e5f7 2d32fceba9bc48c79fa9181075e8eedc b6924b0db316401c80abd642c456d3b2 - - default default] 10.0.0.176 "POST /v2.0/security-group-rules HTTP/1.1" status: 201 len: 773 time: 0.1495428
2026-05-11 06:44:11.284 10 INFO neutron.db.ovn_revision_numbers_db [None req-54afbeae-8058-42c7-bb6b-0ef0b72dca4b 87d5a789080d43d3875055fe44289fde 4ad67fabfd9841b4be5db3fcc1b86d10 - - default default] Successfully bumped revision number for resource 923c48de-589c-4654-8330-ea982c99bf55 (type: router_ports) to 1
2026-05-11 06:44:11.474 10 INFO neutron.db.ovn_revision_numbers_db [None req-54afbeae-8058-42c7-bb6b-0ef0b72dca4b 87d5a789080d43d3875055fe44289fde 4ad67fabfd9841b4be5db3fcc1b86d10 - - default default] Successfully bumped revision number for resource 923c48de-589c-4654-8330-ea982c99bf55 (type: ports) to 1
2026-05-11 06:44:11.494 9 INFO neutron.wsgi [req-619f178a-c4b0-41e3-b349-7b4dadf2dba9 req-3e24471f-7c45-40ce-818a-23f936c13b83 b5edebad026d4222ba4845bf1bfae088 232f101a28a14751a0a0a23a564eda5e - - default default] 199.204.45.78 "GET /v2.0/networks?id=14e5627b-f703-443c-a120-984be7fd258c HTTP/1.1" status: 200 len: 904 time: 0.0899992
2026-05-11 06:44:11.546 9 INFO neutron.wsgi [req-619f178a-c4b0-41e3-b349-7b4dadf2dba9 req-9799ce62-87d3-4e67-b0e7-c28e725b00d1 b5edebad026d4222ba4845bf1bfae088 232f101a28a14751a0a0a23a564eda5e - - default default] 199.204.45.78 "GET /v2.0/security-groups?fields=id&fields=name&tenant_id=232f101a28a14751a0a0a23a564eda5e HTTP/1.1" status: 200 len: 378 time: 0.0475867
2026-05-11 06:44:11.550 10 WARNING neutron.scheduler.dhcp_agent_scheduler [None req-54afbeae-8058-42c7-bb6b-0ef0b72dca4b 87d5a789080d43d3875055fe44289fde 4ad67fabfd9841b4be5db3fcc1b86d10 - - default default] No more DHCP agents
2026-05-11 06:44:11.551 10 WARNING neutron.api.rpc.agentnotifiers.dhcp_rpc_agent_api [None req-54afbeae-8058-42c7-bb6b-0ef0b72dca4b 87d5a789080d43d3875055fe44289fde 4ad67fabfd9841b4be5db3fcc1b86d10 - - default default] Unable to schedule network 00cbf2f7-ea53-4da0-a921-ad9b2e2a2683: no agents available; will retry on subsequent port and subnet creation events.
2026-05-11 06:44:11.572 9 WARNING neutron_lib.context [req-619f178a-c4b0-41e3-b349-7b4dadf2dba9 req-1887ce62-7869-48f9-8902-5b0349a8c61b b5edebad026d4222ba4845bf1bfae088 232f101a28a14751a0a0a23a564eda5e - - default default] Method 'is_advsvc' is deprecated since 2023.2 release (neutron-lib 3.8.0) and will be removed once support for the old RBAC API policies will be removed from Neutron. Please use method 'is_service_role' instead.
2026-05-11 06:44:11.718 10 INFO neutron.db.ovn_revision_numbers_db [None req-54afbeae-8058-42c7-bb6b-0ef0b72dca4b 87d5a789080d43d3875055fe44289fde 4ad67fabfd9841b4be5db3fcc1b86d10 - - default default] Successfully bumped revision number for resource 923c48de-589c-4654-8330-ea982c99bf55 (type: router_ports) to 1
2026-05-11 06:44:11.723 10 INFO neutron.wsgi [None req-54afbeae-8058-42c7-bb6b-0ef0b72dca4b 87d5a789080d43d3875055fe44289fde 4ad67fabfd9841b4be5db3fcc1b86d10 - - default default] 10.0.0.176 "PUT /v2.0/routers/cd5fbf4e-0822-487c-8023-b6eb40024b64/add_router_interface HTTP/1.1" status: 200 len: 503 time: 1.9168024
2026-05-11 06:44:11.818 10 INFO neutron.wsgi [None req-8303542b-9990-40a3-a346-f9f6efea2f84 87d5a789080d43d3875055fe44289fde 4ad67fabfd9841b4be5db3fcc1b86d10 - - default default] 10.0.0.176 "GET /v2.0/ports/923c48de-589c-4654-8330-ea982c99bf55 HTTP/1.1" status: 200 len: 1135 time: 0.0898216
2026-05-11 06:44:11.862 10 INFO neutron.wsgi [None req-a39cfbbc-6e8d-44f8-9546-d167d13889ad 87d5a789080d43d3875055fe44289fde 4ad67fabfd9841b4be5db3fcc1b86d10 - - default default] 10.0.0.176 "GET /v2.0/ports/923c48de-589c-4654-8330-ea982c99bf55 HTTP/1.1" status: 200 len: 1135 time: 0.0401402
2026-05-11 06:44:11.977 9 INFO neutron.wsgi [None req-56e59277-44a2-40bb-abd6-a5d87b74be5f 2d32fceba9bc48c79fa9181075e8eedc b6924b0db316401c80abd642c456d3b2 - - default default] 10.0.0.176 "GET /v2.0/networks HTTP/1.1" status: 200 len: 1493 time: 0.3958263
2026-05-11 06:44:12.097 9 INFO neutron.wsgi [req-d6e33151-87f5-4a46-9e5d-50a5dcbdcb24 req-5b5af8ff-0b20-4a36-9ba0-c18d35481d86 2d32fceba9bc48c79fa9181075e8eedc b6924b0db316401c80abd642c456d3b2 - - default default] 10.0.0.137 "GET /v2.0/security-groups?name=tempest-secgroup-smoke-1479258443&fields=id&tenant_id=b6924b0db316401c80abd642c456d3b2 HTTP/1.1" status: 200 len: 267 time: 0.0538642
2026-05-11 06:44:12.204 9 INFO neutron.wsgi [req-d6e33151-87f5-4a46-9e5d-50a5dcbdcb24 req-39ba505e-2d5e-4c60-a9d8-a10b6ad7f27c 2d32fceba9bc48c79fa9181075e8eedc b6924b0db316401c80abd642c456d3b2 - - default default] 10.0.0.137 "GET /v2.0/networks?id=2ec0d503-7d82-47db-8dfe-c7d6a9c277af HTTP/1.1" status: 200 len: 860 time: 0.0966504
2026-05-11 06:44:12.226 9 INFO neutron.wsgi [req-d6e33151-87f5-4a46-9e5d-50a5dcbdcb24 req-f0479416-ab86-4b69-aaa5-91c8c419465a 2d32fceba9bc48c79fa9181075e8eedc b6924b0db316401c80abd642c456d3b2 - - default default] 10.0.0.137 "GET /v2.0/quotas/b6924b0db316401c80abd642c456d3b2 HTTP/1.1" status: 200 len: 386 time: 0.0144577
2026-05-11 06:44:12.337 9 WARNING neutron.scheduler.dhcp_agent_scheduler [req-619f178a-c4b0-41e3-b349-7b4dadf2dba9 req-1887ce62-7869-48f9-8902-5b0349a8c61b b5edebad026d4222ba4845bf1bfae088 232f101a28a14751a0a0a23a564eda5e - - default default] No more DHCP agents
2026-05-11 06:44:12.343 9 WARNING neutron.api.rpc.agentnotifiers.dhcp_rpc_agent_api [req-619f178a-c4b0-41e3-b349-7b4dadf2dba9 req-1887ce62-7869-48f9-8902-5b0349a8c61b b5edebad026d4222ba4845bf1bfae088 232f101a28a14751a0a0a23a564eda5e - - default default] Unable to schedule network 14e5627b-f703-443c-a120-984be7fd258c: no agents available; will retry on subsequent port and subnet creation events.
2026-05-11 06:44:12.361 9 INFO neutron.wsgi [req-d6e33151-87f5-4a46-9e5d-50a5dcbdcb24 req-c1658165-8acd-4712-95a2-08d3b332dd4c 2d32fceba9bc48c79fa9181075e8eedc b6924b0db316401c80abd642c456d3b2 - - default default] 10.0.0.137 "GET /v2.0/ports?tenant_id=b6924b0db316401c80abd642c456d3b2&fields=id HTTP/1.1" status: 200 len: 302 time: 0.1261044 /var/lib/openstack/lib/python3.10/site-packages/pycadf/identifier.py:71: UserWarning: Invalid uuid: neutron. To ensure interoperability, identifiers should be a valid uuid. warnings.warn(('Invalid uuid: %s. To ensure interoperability, '
2026-05-11 06:44:12.450 9 INFO neutron.wsgi [req-d6e33151-87f5-4a46-9e5d-50a5dcbdcb24 req-0d93fa87-82c3-420c-88a9-f781aaedac8f 25baa6b53e1c49cd87e08a494459c120 01b417b577a04733a90891cb685be87a - - 11380852745b418999a0f1b4f5acfdc9 11380852745b418999a0f1b4f5acfdc9] 10.0.0.137 "GET /v2.0/networks/2ec0d503-7d82-47db-8dfe-c7d6a9c277af?fields=segments HTTP/1.1" status: 200 len: 212 time: 0.0760937
2026-05-11 06:44:12.550 9 INFO neutron.wsgi [req-d6e33151-87f5-4a46-9e5d-50a5dcbdcb24 req-787efaf4-d501-4c56-be16-c7b4d3493e72 25baa6b53e1c49cd87e08a494459c120 01b417b577a04733a90891cb685be87a - - 11380852745b418999a0f1b4f5acfdc9 11380852745b418999a0f1b4f5acfdc9] 10.0.0.137 "GET /v2.0/networks/2ec0d503-7d82-47db-8dfe-c7d6a9c277af?fields=provider%3Aphysical_network&fields=provider%3Anetwork_type HTTP/1.1" status: 200 len: 277 time: 0.0853522
2026-05-11 06:44:12.562 9 INFO neutron.db.ovn_revision_numbers_db [req-619f178a-c4b0-41e3-b349-7b4dadf2dba9 req-1887ce62-7869-48f9-8902-5b0349a8c61b b5edebad026d4222ba4845bf1bfae088 232f101a28a14751a0a0a23a564eda5e - - default default] Successfully bumped revision number for resource c2349dfb-e139-4a5e-9b2c-60713005df69 (type: ports) to 1
2026-05-11 06:44:12.583 9 INFO neutron.wsgi [req-619f178a-c4b0-41e3-b349-7b4dadf2dba9 req-1887ce62-7869-48f9-8902-5b0349a8c61b b5edebad026d4222ba4845bf1bfae088 232f101a28a14751a0a0a23a564eda5e - - default default] 199.204.45.78 "POST /v2.0/ports HTTP/1.1" status: 201 len: 1384 time: 1.0179703
2026-05-11 06:44:12.673 10 INFO neutron.wsgi [req-d016fce7-e161-4481-b722-e3c3a6cce2a1 req-b1a41307-6e55-4a55-a493-077e945fb3f0 2d32fceba9bc48c79fa9181075e8eedc b6924b0db316401c80abd642c456d3b2 - - default default] 10.0.0.137 "GET /v2.0/ports?device_id=3de9bab3-4144-411d-ad8a-947c7a22d2b7 HTTP/1.1" status: 200 len: 210 time: 0.0185156 /var/lib/openstack/lib/python3.10/site-packages/pycadf/identifier.py:71: UserWarning: Invalid uuid: neutron. To ensure interoperability, identifiers should be a valid uuid. warnings.warn(('Invalid uuid: %s. To ensure interoperability, '
2026-05-11 06:44:12.962 9 INFO neutron.wsgi [None req-d45c4fca-498e-41b9-aba6-e66d923e708b 87d5a789080d43d3875055fe44289fde 4ad67fabfd9841b4be5db3fcc1b86d10 - - default default] 10.0.0.176 "GET /v2.0/ports/923c48de-589c-4654-8330-ea982c99bf55 HTTP/1.1" status: 200 len: 1135 time: 0.0945616
2026-05-11 06:44:13.008 9 INFO neutron.db.ovn_revision_numbers_db [req-619f178a-c4b0-41e3-b349-7b4dadf2dba9 req-afcb5585-3466-499a-923c-043cfba7f4cf 25baa6b53e1c49cd87e08a494459c120 01b417b577a04733a90891cb685be87a - - 11380852745b418999a0f1b4f5acfdc9 11380852745b418999a0f1b4f5acfdc9] Successfully bumped revision number for resource c2349dfb-e139-4a5e-9b2c-60713005df69 (type: ports) to 2
2026-05-11 06:44:13.194 9 INFO neutron.db.ovn_revision_numbers_db [req-619f178a-c4b0-41e3-b349-7b4dadf2dba9 req-afcb5585-3466-499a-923c-043cfba7f4cf 25baa6b53e1c49cd87e08a494459c120 01b417b577a04733a90891cb685be87a - - 11380852745b418999a0f1b4f5acfdc9 11380852745b418999a0f1b4f5acfdc9] Successfully bumped revision number for resource c2349dfb-e139-4a5e-9b2c-60713005df69 (type: ports) to 2
2026-05-11 06:44:13.212 9 INFO neutron.wsgi [req-619f178a-c4b0-41e3-b349-7b4dadf2dba9 req-afcb5585-3466-499a-923c-043cfba7f4cf 25baa6b53e1c49cd87e08a494459c120 01b417b577a04733a90891cb685be87a - - 11380852745b418999a0f1b4f5acfdc9 11380852745b418999a0f1b4f5acfdc9] 199.204.45.78 "PUT /v2.0/ports/c2349dfb-e139-4a5e-9b2c-60713005df69 HTTP/1.1" status: 200 len: 1601 time: 0.6200895
2026-05-11 06:44:13.256 9 INFO neutron.notifiers.nova [-] Nova event matching ['req-c6714893-8230-46c2-ba55-f791ef5533f0'] response: {'name': 'network-changed', 'server_uuid': '1666e129-c767-4d08-be1a-84c32f045ca2', 'tag': 'c2349dfb-e139-4a5e-9b2c-60713005df69', 'status': 'completed', 'code': 200} /var/lib/openstack/lib/python3.10/site-packages/pycadf/identifier.py:71: UserWarning: Invalid uuid: neutron. To ensure interoperability, identifiers should be a valid uuid. warnings.warn(('Invalid uuid: %s. To ensure interoperability, '
2026-05-11 06:44:13.309 9 INFO neutron.wsgi [req-619f178a-c4b0-41e3-b349-7b4dadf2dba9 req-1bb042ce-d12b-41eb-bef1-24c78e0aeba8 25baa6b53e1c49cd87e08a494459c120 01b417b577a04733a90891cb685be87a - - 11380852745b418999a0f1b4f5acfdc9 11380852745b418999a0f1b4f5acfdc9] 199.204.45.78 "GET /v2.0/ports?tenant_id=232f101a28a14751a0a0a23a564eda5e&device_id=1666e129-c767-4d08-be1a-84c32f045ca2 HTTP/1.1" status: 200 len: 1632 time: 0.0524876
2026-05-11 06:44:13.349 9 INFO neutron.wsgi [req-619f178a-c4b0-41e3-b349-7b4dadf2dba9 req-3ace3d82-f253-4082-b132-fbd0ba3974cb 25baa6b53e1c49cd87e08a494459c120 01b417b577a04733a90891cb685be87a - - 11380852745b418999a0f1b4f5acfdc9 11380852745b418999a0f1b4f5acfdc9] 199.204.45.78 "GET /v2.0/floatingips?fixed_ip_address=10.2.1.189&port_id=c2349dfb-e139-4a5e-9b2c-60713005df69 HTTP/1.1" status: 200 len: 217 time: 0.0343935
2026-05-11 06:44:13.385 9 INFO neutron.wsgi [req-619f178a-c4b0-41e3-b349-7b4dadf2dba9 req-220e1183-545a-440d-a846-77ff0b8a2a88 25baa6b53e1c49cd87e08a494459c120 01b417b577a04733a90891cb685be87a - - 11380852745b418999a0f1b4f5acfdc9 11380852745b418999a0f1b4f5acfdc9] 199.204.45.78 "GET /v2.0/floatingips?fixed_ip_address=fd7b%3Af9f7%3Afff%3A4eca%3A%3A6f&port_id=c2349dfb-e139-4a5e-9b2c-60713005df69 HTTP/1.1" status: 200 len: 217 time: 0.0287464
2026-05-11 06:44:13.425 9 INFO neutron.wsgi [req-d6e33151-87f5-4a46-9e5d-50a5dcbdcb24 req-1858e1fb-f22d-42ad-9e82-8370fc76919d 2d32fceba9bc48c79fa9181075e8eedc b6924b0db316401c80abd642c456d3b2 - - default default] 199.204.45.78 "GET /v2.0/networks?id=2ec0d503-7d82-47db-8dfe-c7d6a9c277af HTTP/1.1" status: 200 len: 860 time: 0.1266983
2026-05-11 06:44:13.446 9 INFO neutron.wsgi [req-619f178a-c4b0-41e3-b349-7b4dadf2dba9 req-c1bcda52-a88f-4c7b-ba51-b31cc96afd3f 25baa6b53e1c49cd87e08a494459c120 01b417b577a04733a90891cb685be87a - - 11380852745b418999a0f1b4f5acfdc9 11380852745b418999a0f1b4f5acfdc9] 199.204.45.78 "GET /v2.0/subnets?id=96005f6b-2f93-44e2-9131-44d8310c074a&id=aff6cd52-e429-406e-94b6-0aedb6649000 HTTP/1.1" status: 200 len: 1562 time: 0.0546708
2026-05-11 06:44:13.485 9 INFO neutron.wsgi [req-619f178a-c4b0-41e3-b349-7b4dadf2dba9 req-f1ae6f6e-4506-4584-8d96-debdcf9bcae3 25baa6b53e1c49cd87e08a494459c120 01b417b577a04733a90891cb685be87a - - 11380852745b418999a0f1b4f5acfdc9 11380852745b418999a0f1b4f5acfdc9] 199.204.45.78 "GET /v2.0/ports?network_id=14e5627b-f703-443c-a120-984be7fd258c&device_owner=network%3Adhcp HTTP/1.1" status: 200 len: 210 time: 0.0303326
2026-05-11 06:44:13.498 9 INFO neutron.wsgi [req-d6e33151-87f5-4a46-9e5d-50a5dcbdcb24 req-4b4463f7-bde8-421b-80df-1810576c7876 2d32fceba9bc48c79fa9181075e8eedc b6924b0db316401c80abd642c456d3b2 - - default default] 199.204.45.78 "GET /v2.0/security-groups?fields=id&fields=name&tenant_id=b6924b0db316401c80abd642c456d3b2 HTTP/1.1" status: 200 len: 380 time: 0.0672414
2026-05-11 06:44:13.509 9 WARNING neutron_lib.context [req-d6e33151-87f5-4a46-9e5d-50a5dcbdcb24 req-1e37d09d-62bb-4db7-bc63-1099806fe811 2d32fceba9bc48c79fa9181075e8eedc b6924b0db316401c80abd642c456d3b2 - - default default] Method 'is_advsvc' is deprecated since 2023.2 release (neutron-lib 3.8.0) and will be removed once support for the old RBAC API policies will be removed from Neutron. Please use method 'is_service_role' instead.
2026-05-11 06:44:13.518 9 INFO neutron.wsgi [req-619f178a-c4b0-41e3-b349-7b4dadf2dba9 req-d0a923b3-fb92-4e03-8db1-c05988ea1dcb 25baa6b53e1c49cd87e08a494459c120 01b417b577a04733a90891cb685be87a - - 11380852745b418999a0f1b4f5acfdc9 11380852745b418999a0f1b4f5acfdc9] 199.204.45.78 "GET /v2.0/ports?network_id=14e5627b-f703-443c-a120-984be7fd258c&device_owner=network%3Adhcp HTTP/1.1" status: 200 len: 210 time: 0.0246589
2026-05-11 06:44:13.610 9 INFO neutron.wsgi [req-619f178a-c4b0-41e3-b349-7b4dadf2dba9 req-4dd135a9-8968-4806-9b5d-2dec32ee86b2 25baa6b53e1c49cd87e08a494459c120 01b417b577a04733a90891cb685be87a - - 11380852745b418999a0f1b4f5acfdc9 11380852745b418999a0f1b4f5acfdc9] 199.204.45.78 "GET /v2.0/networks/14e5627b-f703-443c-a120-984be7fd258c?fields=segments HTTP/1.1" status: 200 len: 212 time: 0.0708933
2026-05-11 06:44:13.697 9 INFO neutron.wsgi [req-619f178a-c4b0-41e3-b349-7b4dadf2dba9 req-8a20d1ef-f77b-4165-8bf4-9af42a4a7683 25baa6b53e1c49cd87e08a494459c120 01b417b577a04733a90891cb685be87a - - 11380852745b418999a0f1b4f5acfdc9 11380852745b418999a0f1b4f5acfdc9] 199.204.45.78 "GET /v2.0/networks/14e5627b-f703-443c-a120-984be7fd258c?fields=provider%3Aphysical_network&fields=provider%3Anetwork_type HTTP/1.1" status: 200 len: 277 time: 0.0739264
2026-05-11 06:44:13.761 10 INFO neutron.wsgi [req-2a62d4dd-3e40-4fd8-af18-3f592f6b1aee req-d6b9a8b8-d1a4-4327-adb5-612033c0d3bd 2d32fceba9bc48c79fa9181075e8eedc b6924b0db316401c80abd642c456d3b2 - - default default] 10.0.0.137 "GET /v2.0/ports?device_id=3de9bab3-4144-411d-ad8a-947c7a22d2b7 HTTP/1.1" status: 200 len: 210 time: 0.0233564
2026-05-11 06:44:13.781 9 INFO neutron.wsgi [req-9b1afb0f-79a5-4a5e-b49a-955caa74b56b req-6f1cca96-1205-4a3b-88f6-44960ac76c6b 25baa6b53e1c49cd87e08a494459c120 01b417b577a04733a90891cb685be87a - - 11380852745b418999a0f1b4f5acfdc9 11380852745b418999a0f1b4f5acfdc9] 199.204.45.78 "GET /v2.0/ports?tenant_id=232f101a28a14751a0a0a23a564eda5e&device_id=1666e129-c767-4d08-be1a-84c32f045ca2 HTTP/1.1" status: 200 len: 1632 time: 0.0375059
2026-05-11 06:44:13.885 9 INFO neutron.wsgi [req-9b1afb0f-79a5-4a5e-b49a-955caa74b56b req-80f6baf0-8e2e-4e90-98c9-f623d6d2d816 25baa6b53e1c49cd87e08a494459c120 01b417b577a04733a90891cb685be87a - - 11380852745b418999a0f1b4f5acfdc9 11380852745b418999a0f1b4f5acfdc9] 199.204.45.78 "GET /v2.0/networks?id=14e5627b-f703-443c-a120-984be7fd258c HTTP/1.1" status: 200 len: 1003 time: 0.0956879 /var/lib/openstack/lib/python3.10/site-packages/pycadf/identifier.py:71: UserWarning: Invalid uuid: neutron. To ensure interoperability, identifiers should be a valid uuid. warnings.warn(('Invalid uuid: %s. To ensure interoperability, '
2026-05-11 06:44:14.004 10 INFO neutron.wsgi [None req-680a2e17-bbe5-411d-81bc-e7c59150579f 87d5a789080d43d3875055fe44289fde 4ad67fabfd9841b4be5db3fcc1b86d10 - - default default] 10.0.0.176 "GET /v2.0/ports/923c48de-589c-4654-8330-ea982c99bf55 HTTP/1.1" status: 200 len: 1135 time: 0.0334275
2026-05-11 06:44:14.156 9 INFO neutron.wsgi [req-9b1afb0f-79a5-4a5e-b49a-955caa74b56b req-650a3fd1-09e7-4825-afa1-1d0828812d00 25baa6b53e1c49cd87e08a494459c120 01b417b577a04733a90891cb685be87a - - 11380852745b418999a0f1b4f5acfdc9 11380852745b418999a0f1b4f5acfdc9] 199.204.45.78 "GET /v2.0/floatingips?fixed_ip_address=10.2.1.189&port_id=c2349dfb-e139-4a5e-9b2c-60713005df69 HTTP/1.1" status: 200 len: 217 time: 0.2541220
2026-05-11 06:44:14.160 9 WARNING neutron.scheduler.dhcp_agent_scheduler [req-d6e33151-87f5-4a46-9e5d-50a5dcbdcb24 req-1e37d09d-62bb-4db7-bc63-1099806fe811 2d32fceba9bc48c79fa9181075e8eedc b6924b0db316401c80abd642c456d3b2 - - default default] No more DHCP agents
2026-05-11 06:44:14.165 9 WARNING neutron.api.rpc.agentnotifiers.dhcp_rpc_agent_api [req-d6e33151-87f5-4a46-9e5d-50a5dcbdcb24 req-1e37d09d-62bb-4db7-bc63-1099806fe811 2d32fceba9bc48c79fa9181075e8eedc b6924b0db316401c80abd642c456d3b2 - - default default] Unable to schedule network 2ec0d503-7d82-47db-8dfe-c7d6a9c277af: no agents available; will retry on subsequent port and subnet creation events.
2026-05-11 06:44:14.186 9 INFO neutron.wsgi [req-9b1afb0f-79a5-4a5e-b49a-955caa74b56b req-7ae149ea-ed09-477f-a34d-79db1e87b429 25baa6b53e1c49cd87e08a494459c120 01b417b577a04733a90891cb685be87a - - 11380852745b418999a0f1b4f5acfdc9 11380852745b418999a0f1b4f5acfdc9] 199.204.45.78 "GET /v2.0/floatingips?fixed_ip_address=fd7b%3Af9f7%3Afff%3A4eca%3A%3A6f&port_id=c2349dfb-e139-4a5e-9b2c-60713005df69 HTTP/1.1" status: 200 len: 217 time: 0.0256855 /var/lib/openstack/lib/python3.10/site-packages/pycadf/identifier.py:71: UserWarning: Invalid uuid: neutron. To ensure interoperability, identifiers should be a valid uuid. warnings.warn(('Invalid uuid: %s. To ensure interoperability, '
2026-05-11 06:44:14.239 9 INFO neutron.wsgi [req-9b1afb0f-79a5-4a5e-b49a-955caa74b56b req-765faf8b-7a8d-43bb-9c99-02372fc1a144 25baa6b53e1c49cd87e08a494459c120 01b417b577a04733a90891cb685be87a - - 11380852745b418999a0f1b4f5acfdc9 11380852745b418999a0f1b4f5acfdc9] 199.204.45.78 "GET /v2.0/subnets?id=96005f6b-2f93-44e2-9131-44d8310c074a&id=aff6cd52-e429-406e-94b6-0aedb6649000 HTTP/1.1" status: 200 len: 1562 time: 0.0474703
2026-05-11 06:44:14.271 9 INFO neutron.wsgi [req-9b1afb0f-79a5-4a5e-b49a-955caa74b56b req-7b7acfdd-c3f8-4c5b-98e0-96132ec26289 25baa6b53e1c49cd87e08a494459c120 01b417b577a04733a90891cb685be87a - - 11380852745b418999a0f1b4f5acfdc9 11380852745b418999a0f1b4f5acfdc9] 199.204.45.78 "GET /v2.0/ports?network_id=14e5627b-f703-443c-a120-984be7fd258c&device_owner=network%3Adhcp HTTP/1.1" status: 200 len: 210 time: 0.0217435
2026-05-11 06:44:14.308 9 INFO neutron.wsgi [req-9b1afb0f-79a5-4a5e-b49a-955caa74b56b req-61a84bd5-b94f-4ac7-869a-201e3e7a22b3 25baa6b53e1c49cd87e08a494459c120 01b417b577a04733a90891cb685be87a - - 11380852745b418999a0f1b4f5acfdc9 11380852745b418999a0f1b4f5acfdc9] 199.204.45.78 "GET /v2.0/ports?network_id=14e5627b-f703-443c-a120-984be7fd258c&device_owner=network%3Adhcp HTTP/1.1" status: 200 len: 210 time: 0.0290036
2026-05-11 06:44:14.412 9 INFO neutron.wsgi [req-9b1afb0f-79a5-4a5e-b49a-955caa74b56b req-d43e886a-4b6e-4d91-a0c5-ee2fb4a1fb55 25baa6b53e1c49cd87e08a494459c120 01b417b577a04733a90891cb685be87a - - 11380852745b418999a0f1b4f5acfdc9 11380852745b418999a0f1b4f5acfdc9] 199.204.45.78 "GET /v2.0/networks/14e5627b-f703-443c-a120-984be7fd258c?fields=segments HTTP/1.1" status: 200 len: 212 time: 0.0947051
2026-05-11 06:44:14.418 9 INFO neutron.db.ovn_revision_numbers_db [req-d6e33151-87f5-4a46-9e5d-50a5dcbdcb24 req-1e37d09d-62bb-4db7-bc63-1099806fe811 2d32fceba9bc48c79fa9181075e8eedc b6924b0db316401c80abd642c456d3b2 - - default default] Successfully bumped revision number for resource 1b732134-e391-4f8c-bcbb-f497ac54d337 (type: ports) to 1
2026-05-11 06:44:14.456 9 INFO neutron.wsgi [req-d6e33151-87f5-4a46-9e5d-50a5dcbdcb24 req-1e37d09d-62bb-4db7-bc63-1099806fe811 2d32fceba9bc48c79fa9181075e8eedc b6924b0db316401c80abd642c456d3b2 - - default default] 199.204.45.78 "POST /v2.0/ports HTTP/1.1" status: 201 len: 1162 time: 0.9515049
2026-05-11 06:44:14.490 9 INFO neutron.wsgi [req-9b1afb0f-79a5-4a5e-b49a-955caa74b56b req-2b97d1b0-ce44-49ab-9a2b-d812d9a38e42 25baa6b53e1c49cd87e08a494459c120 01b417b577a04733a90891cb685be87a - - 11380852745b418999a0f1b4f5acfdc9 11380852745b418999a0f1b4f5acfdc9] 199.204.45.78 "GET /v2.0/networks/14e5627b-f703-443c-a120-984be7fd258c?fields=provider%3Aphysical_network&fields=provider%3Anetwork_type HTTP/1.1" status: 200 len: 277 time: 0.0700026 /var/lib/openstack/lib/python3.10/site-packages/pycadf/identifier.py:71: UserWarning: Invalid uuid: neutron. To ensure interoperability, identifiers should be a valid uuid. warnings.warn(('Invalid uuid: %s. To ensure interoperability, '
2026-05-11 06:44:14.877 9 INFO neutron.wsgi [req-c740ee79-f97c-46d0-93e0-476699baff7f req-baccb150-9e8d-4800-9a2e-bb1e7115d543 2d32fceba9bc48c79fa9181075e8eedc b6924b0db316401c80abd642c456d3b2 - - default default] 10.0.0.137 "GET /v2.0/ports?device_id=3de9bab3-4144-411d-ad8a-947c7a22d2b7 HTTP/1.1" status: 200 len: 1172 time: 0.0519829
2026-05-11 06:44:14.882 9 INFO neutron.db.ovn_revision_numbers_db [req-d6e33151-87f5-4a46-9e5d-50a5dcbdcb24 req-af037294-53d7-4c6a-9758-f5c3e7327656 25baa6b53e1c49cd87e08a494459c120 01b417b577a04733a90891cb685be87a - - 11380852745b418999a0f1b4f5acfdc9 11380852745b418999a0f1b4f5acfdc9] Successfully bumped revision number for resource 1b732134-e391-4f8c-bcbb-f497ac54d337 (type: ports) to 2
2026-05-11 06:44:14.931 9 INFO neutron.wsgi [req-c740ee79-f97c-46d0-93e0-476699baff7f req-00017407-0a16-4f4e-9772-72cd24076d8c 2d32fceba9bc48c79fa9181075e8eedc b6924b0db316401c80abd642c456d3b2 - - default default] 10.0.0.137 "GET /v2.0/security-groups?id=5d745edd-5a28-4e0c-931a-a86ff16bfa27&fields=id&fields=name HTTP/1.1" status: 200 len: 313 time: 0.0450218
2026-05-11 06:44:15.048 10 INFO neutron.wsgi [None req-63092ba1-0f3f-4f21-b80a-b8313c52d9c5 87d5a789080d43d3875055fe44289fde 4ad67fabfd9841b4be5db3fcc1b86d10 - - default default] 10.0.0.176 "GET /v2.0/ports/923c48de-589c-4654-8330-ea982c99bf55 HTTP/1.1" status: 200 len: 1135 time: 0.0388432
2026-05-11 06:44:15.111 9 INFO neutron.db.ovn_revision_numbers_db [req-d6e33151-87f5-4a46-9e5d-50a5dcbdcb24 req-af037294-53d7-4c6a-9758-f5c3e7327656 25baa6b53e1c49cd87e08a494459c120 01b417b577a04733a90891cb685be87a - - 11380852745b418999a0f1b4f5acfdc9 11380852745b418999a0f1b4f5acfdc9] Successfully bumped revision number for resource 1b732134-e391-4f8c-bcbb-f497ac54d337 (type: ports) to 2
2026-05-11 06:44:15.130 9 INFO neutron.wsgi [req-d6e33151-87f5-4a46-9e5d-50a5dcbdcb24 req-af037294-53d7-4c6a-9758-f5c3e7327656 25baa6b53e1c49cd87e08a494459c120 01b417b577a04733a90891cb685be87a - - 11380852745b418999a0f1b4f5acfdc9 11380852745b418999a0f1b4f5acfdc9] 199.204.45.78 "PUT /v2.0/ports/1b732134-e391-4f8c-bcbb-f497ac54d337 HTTP/1.1" status: 200 len: 1380 time: 0.6674521 /var/lib/openstack/lib/python3.10/site-packages/pycadf/identifier.py:71: UserWarning: Invalid uuid: neutron. To ensure interoperability, identifiers should be a valid uuid. warnings.warn(('Invalid uuid: %s. To ensure interoperability, '
2026-05-11 06:44:15.205 9 INFO neutron.wsgi [req-d6e33151-87f5-4a46-9e5d-50a5dcbdcb24 req-8aa321c8-6dc6-4572-999f-d3c852529d93 25baa6b53e1c49cd87e08a494459c120 01b417b577a04733a90891cb685be87a - - 11380852745b418999a0f1b4f5acfdc9 11380852745b418999a0f1b4f5acfdc9] 199.204.45.78 "GET /v2.0/ports?tenant_id=b6924b0db316401c80abd642c456d3b2&device_id=3de9bab3-4144-411d-ad8a-947c7a22d2b7 HTTP/1.1" status: 200 len: 1411 time: 0.0390885
2026-05-11 06:44:15.232 9 INFO neutron.wsgi [req-d6e33151-87f5-4a46-9e5d-50a5dcbdcb24 req-02d6442d-8ede-4f9e-9370-9a7f4b133d6e 25baa6b53e1c49cd87e08a494459c120 01b417b577a04733a90891cb685be87a - - 11380852745b418999a0f1b4f5acfdc9 11380852745b418999a0f1b4f5acfdc9] 199.204.45.78 "GET /v2.0/floatingips?fixed_ip_address=10.100.0.14&port_id=1b732134-e391-4f8c-bcbb-f497ac54d337 HTTP/1.1" status: 200 len: 217 time: 0.0217464
2026-05-11 06:44:15.279 9 INFO neutron.wsgi [req-d6e33151-87f5-4a46-9e5d-50a5dcbdcb24 req-9137f489-010a-4fa5-8680-8e5013b7e924 25baa6b53e1c49cd87e08a494459c120 01b417b577a04733a90891cb685be87a - - 11380852745b418999a0f1b4f5acfdc9 11380852745b418999a0f1b4f5acfdc9] 199.204.45.78 "GET /v2.0/subnets?id=5cfcccc7-4388-44b4-9045-0476f9abe46b HTTP/1.1" status: 200 len: 853 time: 0.0381086
2026-05-11 06:44:15.296 9 INFO neutron.notifiers.nova [-] Nova event matching ['req-7efa5d43-2051-4912-948c-5531507a4ddc'] response: {'name': 'network-changed', 'server_uuid': '3de9bab3-4144-411d-ad8a-947c7a22d2b7', 'tag': '1b732134-e391-4f8c-bcbb-f497ac54d337', 'status': 'completed', 'code': 200}
2026-05-11 06:44:15.304 9 INFO neutron.wsgi [req-d6e33151-87f5-4a46-9e5d-50a5dcbdcb24 req-366ec8bc-41ad-4728-a99f-6fddf60706a9 25baa6b53e1c49cd87e08a494459c120 01b417b577a04733a90891cb685be87a - - 11380852745b418999a0f1b4f5acfdc9 11380852745b418999a0f1b4f5acfdc9] 199.204.45.78 "GET /v2.0/ports?network_id=2ec0d503-7d82-47db-8dfe-c7d6a9c277af&device_owner=network%3Adhcp HTTP/1.1" status: 200 len: 210 time: 0.0168042
2026-05-11 06:44:15.359 9 INFO neutron.wsgi [req-d6e33151-87f5-4a46-9e5d-50a5dcbdcb24 req-4d2f239f-0e21-4c4f-8738-ff3d4b599af3 25baa6b53e1c49cd87e08a494459c120 01b417b577a04733a90891cb685be87a - - 11380852745b418999a0f1b4f5acfdc9 11380852745b418999a0f1b4f5acfdc9] 199.204.45.78 "GET /v2.0/networks/2ec0d503-7d82-47db-8dfe-c7d6a9c277af?fields=segments HTTP/1.1" status: 200 len: 212 time: 0.0493536
2026-05-11 06:44:15.431 9 INFO neutron.wsgi [req-d6e33151-87f5-4a46-9e5d-50a5dcbdcb24 req-14869822-2355-4fd8-ba22-31f9bbf2f552 25baa6b53e1c49cd87e08a494459c120 01b417b577a04733a90891cb685be87a - - 11380852745b418999a0f1b4f5acfdc9 11380852745b418999a0f1b4f5acfdc9] 199.204.45.78 "GET /v2.0/networks/2ec0d503-7d82-47db-8dfe-c7d6a9c277af?fields=provider%3Aphysical_network&fields=provider%3Anetwork_type HTTP/1.1" status: 200 len: 277 time: 0.0646601
2026-05-11 06:44:15.506 10 WARNING neutron.plugins.ml2.drivers.ovn.mech_driver.ovsdb.ovn_client [None req-9a9ff5d1-29cb-4687-a6f5-76877596e9b9 - - - - - -] No hosting information found for port faad3672-c292-4bcc-9da3-c8b2caefcd1e: RuntimeError: No hosting information found for port faad3672-c292-4bcc-9da3-c8b2caefcd1e
2026-05-11 06:44:15.506 10 INFO neutron.plugins.ml2.drivers.ovn.mech_driver.mech_driver [None req-9a9ff5d1-29cb-4687-a6f5-76877596e9b9 - - - - - -] OVN reports status up for port: 87e37915-6a8b-4457-9f59-3a6a9ecf32ff
2026-05-11 06:44:15.511 9 INFO neutron.wsgi [req-e6c7ad75-3726-4c56-97e4-4a67c7706461 req-d8ff3628-cb5a-4d4a-98c1-95541a3a463c 25baa6b53e1c49cd87e08a494459c120 01b417b577a04733a90891cb685be87a - - 11380852745b418999a0f1b4f5acfdc9 11380852745b418999a0f1b4f5acfdc9] 199.204.45.78 "GET /v2.0/ports?tenant_id=b6924b0db316401c80abd642c456d3b2&device_id=3de9bab3-4144-411d-ad8a-947c7a22d2b7 HTTP/1.1" status: 200 len: 1411 time: 0.0428545
2026-05-11 06:44:15.513 10 INFO neutron.plugins.ml2.plugin [None req-9a9ff5d1-29cb-4687-a6f5-76877596e9b9 - - - - - -] Attempt 1 to provision port 87e37915-6a8b-4457-9f59-3a6a9ecf32ff
2026-05-11 06:44:15.573 9 INFO neutron.wsgi [req-e6c7ad75-3726-4c56-97e4-4a67c7706461 req-c3476c86-895e-444e-813a-d2eae3fc3772 25baa6b53e1c49cd87e08a494459c120 01b417b577a04733a90891cb685be87a - - 11380852745b418999a0f1b4f5acfdc9 11380852745b418999a0f1b4f5acfdc9] 199.204.45.78 "GET /v2.0/networks?id=2ec0d503-7d82-47db-8dfe-c7d6a9c277af HTTP/1.1" status: 200 len: 959 time: 0.0564764
2026-05-11 06:44:15.608 9 INFO neutron.wsgi [req-e6c7ad75-3726-4c56-97e4-4a67c7706461 req-70e57ead-632f-4632-bc45-96315b5bc2b6 25baa6b53e1c49cd87e08a494459c120 01b417b577a04733a90891cb685be87a - - 11380852745b418999a0f1b4f5acfdc9 11380852745b418999a0f1b4f5acfdc9] 199.204.45.78 "GET /v2.0/floatingips?fixed_ip_address=10.100.0.14&port_id=1b732134-e391-4f8c-bcbb-f497ac54d337 HTTP/1.1" status: 200 len: 217 time: 0.0247202
2026-05-11 06:44:15.613 9 INFO neutron.plugins.ml2.drivers.ovn.mech_driver.mech_driver [None req-b058cca0-9862-4edc-91f3-3bd69de2f577 - - - - - -] OVN reports status up for port: 1b732134-e391-4f8c-bcbb-f497ac54d337
2026-05-11 06:44:15.640 9 INFO neutron.wsgi [None req-665f1c87-9c6a-4a75-b002-f7661a1bd958 ed908715294d4a8c81e6c1379e4a42dd d69562675b6948ceb78b32d4447398a6 - - default default] 10.0.0.50 "GET /v2.0/agents HTTP/1.1" status: 200 len: 997 time: 0.0875571
2026-05-11 06:44:15.647 9 INFO neutron.plugins.ml2.plugin [None req-b058cca0-9862-4edc-91f3-3bd69de2f577 - - - - - -] Attempt 1 to provision port 1b732134-e391-4f8c-bcbb-f497ac54d337
2026-05-11 06:44:15.681 9 INFO neutron.wsgi [req-e6c7ad75-3726-4c56-97e4-4a67c7706461 req-596760eb-fa5e-4098-8761-9df4e4a88136 25baa6b53e1c49cd87e08a494459c120 01b417b577a04733a90891cb685be87a - - 11380852745b418999a0f1b4f5acfdc9 11380852745b418999a0f1b4f5acfdc9] 199.204.45.78 "GET /v2.0/subnets?id=5cfcccc7-4388-44b4-9045-0476f9abe46b HTTP/1.1" status: 200 len: 853 time: 0.0577576
2026-05-11 06:44:15.707 9 INFO neutron.wsgi [None req-0e480c54-77b4-4aae-bd71-a81628dd69f6 ed908715294d4a8c81e6c1379e4a42dd d69562675b6948ceb78b32d4447398a6 - - default default] 10.0.0.50 "GET /v2.0/subnets HTTP/1.1" status: 200 len: 7358 time: 0.0620697
2026-05-11 06:44:15.727 9 INFO neutron.wsgi [req-e6c7ad75-3726-4c56-97e4-4a67c7706461 req-08a177b8-3d60-40f2-9d26-e1e65a975921 25baa6b53e1c49cd87e08a494459c120 01b417b577a04733a90891cb685be87a - - 11380852745b418999a0f1b4f5acfdc9 11380852745b418999a0f1b4f5acfdc9] 199.204.45.78 "GET /v2.0/ports?network_id=2ec0d503-7d82-47db-8dfe-c7d6a9c277af&device_owner=network%3Adhcp HTTP/1.1" status: 200 len: 210 time: 0.0369382
2026-05-11 06:44:15.730 9 INFO neutron.wsgi [None req-02a47669-cbec-44f7-bdf1-b38e73a443ff ed908715294d4a8c81e6c1379e4a42dd d69562675b6948ceb78b32d4447398a6 - - default default] 10.0.0.50 "GET /v2.0/subnetpools HTTP/1.1" status: 200 len: 193 time: 0.0164299
2026-05-11 06:44:15.826 9 INFO neutron.wsgi [req-e6c7ad75-3726-4c56-97e4-4a67c7706461 req-b8d88c7b-d698-4ab3-976e-67e1f3e1d1ad 25baa6b53e1c49cd87e08a494459c120 01b417b577a04733a90891cb685be87a - - 11380852745b418999a0f1b4f5acfdc9 11380852745b418999a0f1b4f5acfdc9] 199.204.45.78 "GET /v2.0/networks/2ec0d503-7d82-47db-8dfe-c7d6a9c277af?fields=segments HTTP/1.1" status: 200 len: 212 time: 0.0908592
2026-05-11 06:44:15.829 10 INFO neutron.db.ovn_revision_numbers_db [None req-9a9ff5d1-29cb-4687-a6f5-76877596e9b9 - - - - - -] Successfully bumped revision number for resource 87e37915-6a8b-4457-9f59-3a6a9ecf32ff (type: ports) to 2
2026-05-11 06:44:15.837 9 INFO neutron.wsgi [None req-c31da85a-59c3-46e8-bfcc-1395d48e76b8 ed908715294d4a8c81e6c1379e4a42dd d69562675b6948ceb78b32d4447398a6 - - default default] 10.0.0.50 "GET /v2.0/security-groups HTTP/1.1" status: 200 len: 38161 time: 0.1058481
2026-05-11 06:44:15.929 10 INFO neutron.db.ovn_revision_numbers_db [None req-9a9ff5d1-29cb-4687-a6f5-76877596e9b9 - - - - - -] Successfully bumped revision number for resource 87e37915-6a8b-4457-9f59-3a6a9ecf32ff (type: router_ports) to 2
2026-05-11 06:44:15.980 9 INFO neutron.wsgi [req-e6c7ad75-3726-4c56-97e4-4a67c7706461 req-e4579a2f-508e-4472-8552-99583bea96f0 25baa6b53e1c49cd87e08a494459c120 01b417b577a04733a90891cb685be87a - - 11380852745b418999a0f1b4f5acfdc9 11380852745b418999a0f1b4f5acfdc9] 199.204.45.78 "GET /v2.0/networks/2ec0d503-7d82-47db-8dfe-c7d6a9c277af?fields=provider%3Aphysical_network&fields=provider%3Anetwork_type HTTP/1.1" status: 200 len: 277 time: 0.1426954
2026-05-11 06:44:16.010 9 INFO neutron.wsgi [None req-ede1195c-25b4-421c-b7dc-702f0a138de5 ed908715294d4a8c81e6c1379e4a42dd d69562675b6948ceb78b32d4447398a6 - - default default] 10.0.0.50 "GET /v2.0/routers HTTP/1.1" status: 200 len: 2005 time: 0.1585422
2026-05-11 06:44:16.031 9 INFO neutron.wsgi [req-0a7de41a-c742-46ff-b0df-002ca7e58496 req-6d2f5f26-deed-44e2-9b35-08dbb6e64d46 b5edebad026d4222ba4845bf1bfae088 232f101a28a14751a0a0a23a564eda5e - - default default] 10.0.0.137 "GET /v2.0/ports?device_id=1666e129-c767-4d08-be1a-84c32f045ca2 HTTP/1.1" status: 200 len: 1394 time: 0.1631856
2026-05-11 06:44:16.040 9 INFO neutron.wsgi [None req-c5e346a6-cec7-4f0d-ab65-1a2e522c5553 ed908715294d4a8c81e6c1379e4a42dd d69562675b6948ceb78b32d4447398a6 - - default default] 10.0.0.50 "GET /v2.0/agents?binary=ovn-controller HTTP/1.1" status: 200 len: 591 time: 0.0258701
2026-05-11 06:44:16.081 9 INFO neutron.wsgi [None req-7686b5f5-3992-47b9-af90-f3bae04c1157 ed908715294d4a8c81e6c1379e4a42dd d69562675b6948ceb78b32d4447398a6 - - default default] 10.0.0.50 "GET /v2.0/network-ip-availabilities HTTP/1.1" status: 200 len: 4637 time: 0.0383446
2026-05-11 06:44:16.083 10 INFO neutron.wsgi [req-6f6a30d0-0e68-44d6-bcff-e42e7a08fa97 req-af15d3dc-a6f2-44d7-aaef-6315d4253568 2d32fceba9bc48c79fa9181075e8eedc b6924b0db316401c80abd642c456d3b2 - - default default] 10.0.0.137 "GET /v2.0/ports?device_id=3de9bab3-4144-411d-ad8a-947c7a22d2b7 HTTP/1.1" status: 200 len: 1174 time: 0.0890441
2026-05-11 06:44:16.125 10 INFO neutron.wsgi [req-6f6a30d0-0e68-44d6-bcff-e42e7a08fa97 req-47f1f028-8448-4898-a477-0ba168829eb1 2d32fceba9bc48c79fa9181075e8eedc b6924b0db316401c80abd642c456d3b2 - - default default] 10.0.0.137 "GET /v2.0/security-groups?id=5d745edd-5a28-4e0c-931a-a86ff16bfa27&fields=id&fields=name HTTP/1.1" status: 200 len: 313 time: 0.0357683
2026-05-11 06:44:16.127 9 INFO neutron.wsgi [None req-410b203d-c09b-4577-ad7c-32ea36e28a6e ed908715294d4a8c81e6c1379e4a42dd d69562675b6948ceb78b32d4447398a6 - - default default] 10.0.0.50 "GET /v2.0/floatingips HTTP/1.1" status: 200 len: 193 time: 0.0422604
2026-05-11 06:44:16.134 9 INFO neutron.wsgi [None req-e47863c8-8951-4c78-89ff-a0536dce6233 87d5a789080d43d3875055fe44289fde 4ad67fabfd9841b4be5db3fcc1b86d10 - - default default] 10.0.0.176 "GET /v2.0/ports/923c48de-589c-4654-8330-ea982c99bf55 HTTP/1.1" status: 200 len: 1135 time: 0.0813169
2026-05-11 06:44:16.166 9 INFO neutron.wsgi [req-0a7de41a-c742-46ff-b0df-002ca7e58496 req-32398f3a-826c-4f40-87f5-3a0b291865b3 b5edebad026d4222ba4845bf1bfae088 232f101a28a14751a0a0a23a564eda5e - - default default] 10.0.0.137 "GET /v2.0/security-groups?id=e89456f0-c459-4603-8b7a-7091a6072fde&fields=id&fields=name HTTP/1.1" status: 200 len: 311 time: 0.1254222
2026-05-11 06:44:16.236 9 INFO neutron.wsgi [None req-96d6daaa-ee13-43a2-ba3d-439127a0516f ed908715294d4a8c81e6c1379e4a42dd d69562675b6948ceb78b32d4447398a6 - - default default] 10.0.0.50 "GET /v2.0/networks HTTP/1.1" status: 200 len: 6952 time: 0.1000249
2026-05-11 06:44:16.292 9 INFO neutron.wsgi [None req-4a858a02-0e6c-42b2-b999-a1888513eabe ed908715294d4a8c81e6c1379e4a42dd d69562675b6948ceb78b32d4447398a6 - - default default] 10.0.0.50 "GET /v2.0/subnets HTTP/1.1" status: 200 len: 7358 time: 0.0445890
2026-05-11 06:44:16.292 9 INFO neutron.db.ovn_revision_numbers_db [None req-b058cca0-9862-4edc-91f3-3bd69de2f577 - - - - - -] Successfully bumped revision number for resource 1b732134-e391-4f8c-bcbb-f497ac54d337 (type: ports) to 4
2026-05-11 06:44:16.411 9 INFO neutron.wsgi [None req-a11a3d57-1655-436c-9659-d97c75b46375 ed908715294d4a8c81e6c1379e4a42dd d69562675b6948ceb78b32d4447398a6 - - default default] 10.0.0.50 "GET /v2.0/ports HTTP/1.1" status: 200 len: 22787 time: 0.1170967
2026-05-11 06:44:17.234 10 INFO neutron.wsgi [req-ad7c27f0-1860-4c3c-8a69-11d960724a25 req-1d2e6e65-a705-44fe-861b-7370ffb80034 2d32fceba9bc48c79fa9181075e8eedc b6924b0db316401c80abd642c456d3b2 - - default default] 10.0.0.137 "GET /v2.0/ports?device_id=3de9bab3-4144-411d-ad8a-947c7a22d2b7 HTTP/1.1" status: 200 len: 1174 time: 0.0449233
2026-05-11 06:44:17.271 10 INFO neutron.wsgi [None req-aa2155c4-6c39-4982-b1fb-cdb40bf7fa80 87d5a789080d43d3875055fe44289fde 4ad67fabfd9841b4be5db3fcc1b86d10 - - default default] 10.0.0.176 "GET /v2.0/ports/923c48de-589c-4654-8330-ea982c99bf55 HTTP/1.1" status: 200 len: 1135 time: 0.1318853
