2026-05-11 06:44:17.289 10 INFO neutron.wsgi [req-ad7c27f0-1860-4c3c-8a69-11d960724a25 req-2d8c198d-9fd0-4d85-a7dd-e48bc45055d5 2d32fceba9bc48c79fa9181075e8eedc b6924b0db316401c80abd642c456d3b2 - - default default] 10.0.0.137 "GET /v2.0/security-groups?id=5d745edd-5a28-4e0c-931a-a86ff16bfa27&fields=id&fields=name HTTP/1.1" status: 200 len: 313 time: 0.0497098
2026-05-11 06:44:17.343 9 INFO neutron.notifiers.nova [-] Nova event matching ['req-896f2369-2f26-4699-9467-a5099893bfc0'] response: {'server_uuid': '3de9bab3-4144-411d-ad8a-947c7a22d2b7', 'name': 'network-vif-plugged', 'status': 'completed', 'tag': '1b732134-e391-4f8c-bcbb-f497ac54d337', 'code': 200}
2026-05-11 06:44:17.344 9 INFO neutron.notifiers.nova [-] Nova event matching ['req-896f2369-2f26-4699-9467-a5099893bfc0'] response: {'server_uuid': '3de9bab3-4144-411d-ad8a-947c7a22d2b7', 'name': 'network-vif-plugged', 'status': 'completed', 'tag': '1b732134-e391-4f8c-bcbb-f497ac54d337', 'code': 200}
2026-05-11 06:44:18.318 10 INFO neutron.wsgi [None req-0ea0a14d-1db3-4b1a-9f1d-817c99885129 87d5a789080d43d3875055fe44289fde 4ad67fabfd9841b4be5db3fcc1b86d10 - - default default] 10.0.0.176 "GET /v2.0/ports/923c48de-589c-4654-8330-ea982c99bf55 HTTP/1.1" status: 200 len: 1135 time: 0.0395243
2026-05-11 06:44:18.428 10 INFO neutron.wsgi [req-ddd56778-5e7c-45b1-8e1b-bfaf2f30e483 req-e612d07a-2ef7-4509-bc1f-5eefaa7db770 2d32fceba9bc48c79fa9181075e8eedc b6924b0db316401c80abd642c456d3b2 - - default default] 10.0.0.137 "GET /v2.0/ports?device_id=3de9bab3-4144-411d-ad8a-947c7a22d2b7 HTTP/1.1" status: 200 len: 1174 time: 0.0590737
2026-05-11 06:44:18.468 10 INFO neutron.wsgi [req-ddd56778-5e7c-45b1-8e1b-bfaf2f30e483 req-50d09612-7343-4751-84ed-d88594c7d833 2d32fceba9bc48c79fa9181075e8eedc b6924b0db316401c80abd642c456d3b2 - - default default] 10.0.0.137 "GET /v2.0/security-groups?id=5d745edd-5a28-4e0c-931a-a86ff16bfa27&fields=id&fields=name HTTP/1.1" status: 200 len: 313 time: 0.0329812 /var/lib/openstack/lib/python3.10/site-packages/pycadf/identifier.py:71: UserWarning: Invalid uuid: neutron. To ensure interoperability, identifiers should be a valid uuid. warnings.warn(('Invalid uuid: %s. To ensure interoperability, '
2026-05-11 06:44:18.714 9 INFO neutron.wsgi [req-933b66aa-baa4-4553-b83f-50f39d498b4b req-4d190abf-4f2e-4462-8205-056c89dc972b 2d32fceba9bc48c79fa9181075e8eedc b6924b0db316401c80abd642c456d3b2 - - default default] 10.0.0.137 "GET /v2.0/ports?device_id=3de9bab3-4144-411d-ad8a-947c7a22d2b7 HTTP/1.1" status: 200 len: 1174 time: 0.0957038
2026-05-11 06:44:18.781 9 INFO neutron.wsgi [req-933b66aa-baa4-4553-b83f-50f39d498b4b req-b228d75c-630d-400d-999c-669c292584e2 2d32fceba9bc48c79fa9181075e8eedc b6924b0db316401c80abd642c456d3b2 - - default default] 10.0.0.137 "GET /v2.0/security-groups?id=5d745edd-5a28-4e0c-931a-a86ff16bfa27&fields=id&fields=name HTTP/1.1" status: 200 len: 313 time: 0.0593545
2026-05-11 06:44:18.860 10 INFO neutron.wsgi [None req-044dcbf0-3a4d-4614-85ee-ca35b6bdbd14 3c8d6eadba15498eb3a2e1db7d3b8fe5 7a3d6f0237ca40cc9915c68725b12a58 - - default default] 10.0.0.176 "GET /v2.0/ports?device_id=3de9bab3-4144-411d-ad8a-947c7a22d2b7 HTTP/1.1" status: 200 len: 1408 time: 0.0505409
2026-05-11 06:44:18.872 10 WARNING neutron_lib.context [None req-68b639d9-a4a5-42e8-9db9-eadcee0221d7 2d32fceba9bc48c79fa9181075e8eedc b6924b0db316401c80abd642c456d3b2 - - default default] Method 'is_advsvc' is deprecated since 2023.2 release (neutron-lib 3.8.0) and will be removed once support for the old RBAC API policies will be removed from Neutron. Please use method 'is_service_role' instead.
2026-05-11 06:44:19.128 10 WARNING neutron.scheduler.dhcp_agent_scheduler [None req-68b639d9-a4a5-42e8-9db9-eadcee0221d7 2d32fceba9bc48c79fa9181075e8eedc b6924b0db316401c80abd642c456d3b2 - - default default] No more DHCP agents
2026-05-11 06:44:19.130 10 WARNING neutron.api.rpc.agentnotifiers.dhcp_rpc_agent_api [None req-68b639d9-a4a5-42e8-9db9-eadcee0221d7 2d32fceba9bc48c79fa9181075e8eedc b6924b0db316401c80abd642c456d3b2 - - default default] Unable to schedule network b60092eb-297c-4390-8bb9-7ebd6553f877: no agents available; will retry on subsequent port and subnet creation events.
2026-05-11 06:44:19.428 9 INFO neutron.wsgi [None req-e3a86cbe-63d2-455b-983b-3b45823111f9 87d5a789080d43d3875055fe44289fde 4ad67fabfd9841b4be5db3fcc1b86d10 - - default default] 10.0.0.176 "GET /v2.0/ports/923c48de-589c-4654-8330-ea982c99bf55 HTTP/1.1" status: 200 len: 1135 time: 0.1033978
2026-05-11 06:44:19.735 10 INFO neutron.db.l3_db [None req-68b639d9-a4a5-42e8-9db9-eadcee0221d7 2d32fceba9bc48c79fa9181075e8eedc b6924b0db316401c80abd642c456d3b2 - - default default] Floating IP 7b96b3db-a737-47f1-9fde-99b9befdfeea associated. External IP: 10.96.250.212, port: 1b732134-e391-4f8c-bcbb-f497ac54d337.
2026-05-11 06:44:19.949 10 INFO neutron.db.ovn_revision_numbers_db [None req-68b639d9-a4a5-42e8-9db9-eadcee0221d7 2d32fceba9bc48c79fa9181075e8eedc b6924b0db316401c80abd642c456d3b2 - - default default] Successfully bumped revision number for resource 7b96b3db-a737-47f1-9fde-99b9befdfeea (type: floatingips) to 0
2026-05-11 06:44:20.064 10 INFO neutron.db.ovn_revision_numbers_db [None req-68b639d9-a4a5-42e8-9db9-eadcee0221d7 2d32fceba9bc48c79fa9181075e8eedc b6924b0db316401c80abd642c456d3b2 - - default default] Successfully bumped revision number for resource 7b96b3db-a737-47f1-9fde-99b9befdfeea (type: floatingips) to 1
2026-05-11 06:44:20.118 10 INFO neutron.wsgi [None req-68b639d9-a4a5-42e8-9db9-eadcee0221d7 2d32fceba9bc48c79fa9181075e8eedc b6924b0db316401c80abd642c456d3b2 - - default default] 10.0.0.176 "POST /v2.0/floatingips HTTP/1.1" status: 201 len: 1055 time: 1.2539935
2026-05-11 06:44:20.144 10 INFO neutron.wsgi [-] 10.0.0.162 "GET / HTTP/1.1" status: 200 len: 247 time: 0.0028017
2026-05-11 06:44:20.147 10 INFO neutron.wsgi [-] 10.0.0.162 "GET / HTTP/1.1" status: 200 len: 247 time: 0.0014219
2026-05-11 06:44:20.160 10 INFO neutron.notifiers.nova [-] Nova event matching ['req-eafcea4d-eb78-4a2b-8528-d225a6a3d0e2'] response: {'name': 'network-changed', 'server_uuid': '3de9bab3-4144-411d-ad8a-947c7a22d2b7', 'tag': '1b732134-e391-4f8c-bcbb-f497ac54d337', 'status': 'completed', 'code': 200}
2026-05-11 06:44:20.182 9 INFO neutron.wsgi [None req-1dc51192-6379-44f4-81fe-32eea41099bb 2d32fceba9bc48c79fa9181075e8eedc b6924b0db316401c80abd642c456d3b2 - - default default] 10.0.0.176 "GET /v2.0/floatingips/7b96b3db-a737-47f1-9fde-99b9befdfeea HTTP/1.1" status: 200 len: 1052 time: 0.0594335
2026-05-11 06:44:20.464 9 INFO neutron.wsgi [req-2b4cc05c-b5c9-4be8-b3c5-6d01e8d4f20c req-722b7803-8433-4f6e-a739-4669425cebf4 25baa6b53e1c49cd87e08a494459c120 01b417b577a04733a90891cb685be87a - - 11380852745b418999a0f1b4f5acfdc9 11380852745b418999a0f1b4f5acfdc9] 199.204.45.78 "GET /v2.0/ports?tenant_id=b6924b0db316401c80abd642c456d3b2&device_id=3de9bab3-4144-411d-ad8a-947c7a22d2b7 HTTP/1.1" status: 200 len: 1413 time: 0.2780879
2026-05-11 06:44:20.467 10 INFO neutron.wsgi [None req-999f9c8e-4d29-4812-b48c-befda8efeb44 87d5a789080d43d3875055fe44289fde 4ad67fabfd9841b4be5db3fcc1b86d10 - - default default] 10.0.0.176 "GET /v2.0/ports/923c48de-589c-4654-8330-ea982c99bf55 HTTP/1.1" status: 200 len: 1135 time: 0.0320930
2026-05-11 06:44:20.529 9 INFO neutron.wsgi [req-2b4cc05c-b5c9-4be8-b3c5-6d01e8d4f20c req-b123dee9-7327-45b6-857d-2097c08be0ca 25baa6b53e1c49cd87e08a494459c120 01b417b577a04733a90891cb685be87a - - 11380852745b418999a0f1b4f5acfdc9 11380852745b418999a0f1b4f5acfdc9] 199.204.45.78 "GET /v2.0/networks?id=2ec0d503-7d82-47db-8dfe-c7d6a9c277af HTTP/1.1" status: 200 len: 959 time: 0.0577283
2026-05-11 06:44:20.584 9 INFO neutron.wsgi [req-2b4cc05c-b5c9-4be8-b3c5-6d01e8d4f20c req-a66473a5-f2be-4faf-86ad-647a40a0e1a5 25baa6b53e1c49cd87e08a494459c120 01b417b577a04733a90891cb685be87a - - 11380852745b418999a0f1b4f5acfdc9 11380852745b418999a0f1b4f5acfdc9] 199.204.45.78 "GET /v2.0/floatingips?fixed_ip_address=10.100.0.14&port_id=1b732134-e391-4f8c-bcbb-f497ac54d337 HTTP/1.1" status: 200 len: 1060 time: 0.0498762
2026-05-11 06:44:20.626 9 INFO neutron.wsgi [req-2b4cc05c-b5c9-4be8-b3c5-6d01e8d4f20c req-68e1cd27-3bd8-4bb1-b91e-eb82422725aa 25baa6b53e1c49cd87e08a494459c120 01b417b577a04733a90891cb685be87a - - 11380852745b418999a0f1b4f5acfdc9 11380852745b418999a0f1b4f5acfdc9] 199.204.45.78 "GET /v2.0/subnets?id=5cfcccc7-4388-44b4-9045-0476f9abe46b HTTP/1.1" status: 200 len: 853 time: 0.0342767
2026-05-11 06:44:20.653 9 INFO neutron.wsgi [req-2b4cc05c-b5c9-4be8-b3c5-6d01e8d4f20c req-53dcc089-a18e-4f4a-87b0-c6c410ec90b8 25baa6b53e1c49cd87e08a494459c120 01b417b577a04733a90891cb685be87a - - 11380852745b418999a0f1b4f5acfdc9 11380852745b418999a0f1b4f5acfdc9] 199.204.45.78 "GET /v2.0/ports?network_id=2ec0d503-7d82-47db-8dfe-c7d6a9c277af&device_owner=network%3Adhcp HTTP/1.1" status: 200 len: 210 time: 0.0188766
2026-05-11 06:44:20.720 9 INFO neutron.wsgi [req-2b4cc05c-b5c9-4be8-b3c5-6d01e8d4f20c req-dcf0f925-4b83-4be5-aacb-8ef07a0c315c 25baa6b53e1c49cd87e08a494459c120 01b417b577a04733a90891cb685be87a - - 11380852745b418999a0f1b4f5acfdc9 11380852745b418999a0f1b4f5acfdc9] 199.204.45.78 "GET /v2.0/networks/2ec0d503-7d82-47db-8dfe-c7d6a9c277af?fields=segments HTTP/1.1" status: 200 len: 212 time: 0.0602541
2026-05-11 06:44:20.784 9 INFO neutron.wsgi [req-2b4cc05c-b5c9-4be8-b3c5-6d01e8d4f20c req-d66d32d2-1219-4d49-ae00-18230cb7f18a 25baa6b53e1c49cd87e08a494459c120 01b417b577a04733a90891cb685be87a - - 11380852745b418999a0f1b4f5acfdc9 11380852745b418999a0f1b4f5acfdc9] 199.204.45.78 "GET /v2.0/networks/2ec0d503-7d82-47db-8dfe-c7d6a9c277af?fields=provider%3Aphysical_network&fields=provider%3Anetwork_type HTTP/1.1" status: 200 len: 277 time: 0.0602119
2026-05-11 06:44:20.867 10 WARNING neutron.plugins.ml2.drivers.ovn.mech_driver.ovsdb.ovn_client [None req-9a9ff5d1-29cb-4687-a6f5-76877596e9b9 - - - - - -] No hosting information found for port 87e37915-6a8b-4457-9f59-3a6a9ecf32ff: RuntimeError: No hosting information found for port 87e37915-6a8b-4457-9f59-3a6a9ecf32ff
2026-05-11 06:44:20.868 10 INFO neutron.plugins.ml2.drivers.ovn.mech_driver.mech_driver [None req-9a9ff5d1-29cb-4687-a6f5-76877596e9b9 - - - - - -] OVN reports status up for port: 69cfd534-e2fe-4982-8fe2-617788ce1590
2026-05-11 06:44:20.876 10 INFO neutron.plugins.ml2.plugin [None req-9a9ff5d1-29cb-4687-a6f5-76877596e9b9 - - - - - -] Attempt 1 to provision port 69cfd534-e2fe-4982-8fe2-617788ce1590
2026-05-11 06:44:21.142 10 INFO neutron.db.ovn_revision_numbers_db [None req-9a9ff5d1-29cb-4687-a6f5-76877596e9b9 - - - - - -] Successfully bumped revision number for resource 69cfd534-e2fe-4982-8fe2-617788ce1590 (type: ports) to 2
2026-05-11 06:44:21.216 10 INFO neutron.db.ovn_revision_numbers_db [None req-9a9ff5d1-29cb-4687-a6f5-76877596e9b9 - - - - - -] Successfully bumped revision number for resource 69cfd534-e2fe-4982-8fe2-617788ce1590 (type: router_ports) to 2
2026-05-11 06:44:21.324 9 INFO neutron.wsgi [req-fd297b54-0a54-4afe-835c-e47ebd1a73ed req-2c99fd22-afba-4632-a095-4486adc4b46c b5edebad026d4222ba4845bf1bfae088 232f101a28a14751a0a0a23a564eda5e - - default default] 10.0.0.137 "GET /v2.0/ports?device_id=1666e129-c767-4d08-be1a-84c32f045ca2 HTTP/1.1" status: 200 len: 1394 time: 0.0994687
2026-05-11 06:44:21.374 9 INFO neutron.wsgi [req-fd297b54-0a54-4afe-835c-e47ebd1a73ed req-43d93471-e378-4d34-8646-27fd837b6636 b5edebad026d4222ba4845bf1bfae088 232f101a28a14751a0a0a23a564eda5e - - default default] 10.0.0.137 "GET /v2.0/security-groups?id=e89456f0-c459-4603-8b7a-7091a6072fde&fields=id&fields=name HTTP/1.1" status: 200 len: 311 time: 0.0354731
2026-05-11 06:44:21.509 9 INFO neutron.wsgi [None req-1e474f38-75c3-4977-8c49-f1c42b68fed1 87d5a789080d43d3875055fe44289fde 4ad67fabfd9841b4be5db3fcc1b86d10 - - default default] 10.0.0.176 "GET /v2.0/ports/923c48de-589c-4654-8330-ea982c99bf55 HTTP/1.1" status: 200 len: 1135 time: 0.0352907
2026-05-11 06:44:22.599 10 INFO neutron.wsgi [None req-481a5892-3cbd-4266-a5b4-b5f7afc507e0 87d5a789080d43d3875055fe44289fde 4ad67fabfd9841b4be5db3fcc1b86d10 - - default default] 10.0.0.176 "GET /v2.0/ports/923c48de-589c-4654-8330-ea982c99bf55 HTTP/1.1" status: 200 len: 1135 time: 0.0824251
2026-05-11 06:44:23.642 10 INFO neutron.wsgi [None req-21c461b7-815f-48bb-b050-cebfd6433fbf 87d5a789080d43d3875055fe44289fde 4ad67fabfd9841b4be5db3fcc1b86d10 - - default default] 10.0.0.176 "GET /v2.0/ports/923c48de-589c-4654-8330-ea982c99bf55 HTTP/1.1" status: 200 len: 1135 time: 0.0367379
2026-05-11 06:44:24.687 10 INFO neutron.wsgi [None req-4553b0b9-2172-4953-a48c-366f540e2f6c 87d5a789080d43d3875055fe44289fde 4ad67fabfd9841b4be5db3fcc1b86d10 - - default default] 10.0.0.176 "GET /v2.0/ports/923c48de-589c-4654-8330-ea982c99bf55 HTTP/1.1" status: 200 len: 1135 time: 0.0390716
2026-05-11 06:44:25.761 10 INFO neutron.wsgi [None req-0088c189-53be-4044-8f23-6e72f1400bb7 87d5a789080d43d3875055fe44289fde 4ad67fabfd9841b4be5db3fcc1b86d10 - - default default] 10.0.0.176 "GET /v2.0/ports/923c48de-589c-4654-8330-ea982c99bf55 HTTP/1.1" status: 200 len: 1135 time: 0.0682483
2026-05-11 06:44:26.466 10 WARNING neutron.plugins.ml2.drivers.ovn.mech_driver.ovsdb.ovn_client [None req-9a9ff5d1-29cb-4687-a6f5-76877596e9b9 - - - - - -] No hosting information found for port 69cfd534-e2fe-4982-8fe2-617788ce1590: RuntimeError: No hosting information found for port 69cfd534-e2fe-4982-8fe2-617788ce1590
2026-05-11 06:44:26.466 10 INFO neutron.plugins.ml2.drivers.ovn.mech_driver.mech_driver [None req-9a9ff5d1-29cb-4687-a6f5-76877596e9b9 - - - - - -] OVN reports status up for port: 4b812311-10d6-4c82-b8e6-a8c9f9e5f6fb
2026-05-11 06:44:26.478 10 INFO neutron.plugins.ml2.plugin [None req-9a9ff5d1-29cb-4687-a6f5-76877596e9b9 - - - - - -] Attempt 1 to provision port 4b812311-10d6-4c82-b8e6-a8c9f9e5f6fb
2026-05-11 06:44:26.543 10 INFO neutron.wsgi [req-ba6c3101-ec4f-4f26-99c7-6be55b2cf1ef req-7343c862-8b36-41c9-be15-69d3c7d08cad b5edebad026d4222ba4845bf1bfae088 232f101a28a14751a0a0a23a564eda5e - - default default] 10.0.0.137 "GET /v2.0/ports?device_id=1666e129-c767-4d08-be1a-84c32f045ca2 HTTP/1.1" status: 200 len: 1394 time: 0.1084642
2026-05-11 06:44:26.606 10 INFO neutron.wsgi [req-ba6c3101-ec4f-4f26-99c7-6be55b2cf1ef req-cbd6400d-befd-4319-9f1f-8335f028645e b5edebad026d4222ba4845bf1bfae088 232f101a28a14751a0a0a23a564eda5e - - default default] 10.0.0.137 "GET /v2.0/security-groups?id=e89456f0-c459-4603-8b7a-7091a6072fde&fields=id&fields=name HTTP/1.1" status: 200 len: 311 time: 0.0541923
2026-05-11 06:44:26.819 10 INFO neutron.db.ovn_revision_numbers_db [None req-9a9ff5d1-29cb-4687-a6f5-76877596e9b9 - - - - - -] Successfully bumped revision number for resource 4b812311-10d6-4c82-b8e6-a8c9f9e5f6fb (type: ports) to 2
2026-05-11 06:44:26.847 9 INFO neutron.wsgi [None req-85f92517-f99c-430d-9697-f8a69c4430d9 87d5a789080d43d3875055fe44289fde 4ad67fabfd9841b4be5db3fcc1b86d10 - - default default] 10.0.0.176 "GET /v2.0/ports/923c48de-589c-4654-8330-ea982c99bf55 HTTP/1.1" status: 200 len: 1135 time: 0.0773482
2026-05-11 06:44:26.899 10 INFO neutron.db.ovn_revision_numbers_db [None req-9a9ff5d1-29cb-4687-a6f5-76877596e9b9 - - - - - -] Successfully bumped revision number for resource 4b812311-10d6-4c82-b8e6-a8c9f9e5f6fb (type: router_ports) to 2
2026-05-11 06:44:27.889 9 INFO neutron.wsgi [None req-038152a1-827d-4aed-8ced-85cc9594592d 87d5a789080d43d3875055fe44289fde 4ad67fabfd9841b4be5db3fcc1b86d10 - - default default] 10.0.0.176 "GET /v2.0/ports/923c48de-589c-4654-8330-ea982c99bf55 HTTP/1.1" status: 200 len: 1135 time: 0.0371311
2026-05-11 06:44:28.981 10 INFO neutron.wsgi [None req-09ffd6e4-4adf-4b98-9aae-f68873c7bd3e 87d5a789080d43d3875055fe44289fde 4ad67fabfd9841b4be5db3fcc1b86d10 - - default default] 10.0.0.176 "GET /v2.0/ports/923c48de-589c-4654-8330-ea982c99bf55 HTTP/1.1" status: 200 len: 1135 time: 0.0846174
2026-05-11 06:44:29.353 9 INFO neutron.wsgi [req-01de60d9-340d-46e4-b163-37a4f12bcad5 req-8c75f757-6b81-4e56-a236-5cc8a2bc8a34 25baa6b53e1c49cd87e08a494459c120 01b417b577a04733a90891cb685be87a - - 11380852745b418999a0f1b4f5acfdc9 11380852745b418999a0f1b4f5acfdc9] 10.0.0.254 "GET /v2.0/ports?device_id=3de9bab3-4144-411d-ad8a-947c7a22d2b7 HTTP/1.1" status: 200 len: 1413 time: 0.0550363
2026-05-11 06:44:29.399 9 INFO neutron.wsgi [req-01de60d9-340d-46e4-b163-37a4f12bcad5 req-b42d5c56-5563-4852-940d-aa212989fc35 25baa6b53e1c49cd87e08a494459c120 01b417b577a04733a90891cb685be87a - - 11380852745b418999a0f1b4f5acfdc9 11380852745b418999a0f1b4f5acfdc9] 10.0.0.254 "GET /v2.0/security-groups?id=5d745edd-5a28-4e0c-931a-a86ff16bfa27&fields=id&fields=name HTTP/1.1" status: 200 len: 313 time: 0.0406947
2026-05-11 06:44:30.030 10 INFO neutron.wsgi [None req-377615bf-cef5-4284-b2aa-fe09d4d434e1 87d5a789080d43d3875055fe44289fde 4ad67fabfd9841b4be5db3fcc1b86d10 - - default default] 10.0.0.176 "GET /v2.0/ports/923c48de-589c-4654-8330-ea982c99bf55 HTTP/1.1" status: 200 len: 1135 time: 0.0427985
2026-05-11 06:44:31.083 9 INFO neutron.wsgi [None req-60ed911f-7ea1-4508-b396-0cfb781cb1c2 87d5a789080d43d3875055fe44289fde 4ad67fabfd9841b4be5db3fcc1b86d10 - - default default] 10.0.0.176 "GET /v2.0/ports/923c48de-589c-4654-8330-ea982c99bf55 HTTP/1.1" status: 200 len: 1135 time: 0.0454867
2026-05-11 06:44:31.113 10 INFO neutron.wsgi [None req-6825d28a-caef-4e71-8957-66641c430461 3c8d6eadba15498eb3a2e1db7d3b8fe5 7a3d6f0237ca40cc9915c68725b12a58 - - default default] 10.0.0.176 "GET /v2.0/ports?project_id=b6924b0db316401c80abd642c456d3b2&network_id=2ec0d503-7d82-47db-8dfe-c7d6a9c277af HTTP/1.1" status: 200 len: 3514 time: 0.0553048
2026-05-11 06:44:31.397 10 INFO neutron.wsgi [None req-a7e20cca-afb8-481f-a808-50313b3e358d 3c8d6eadba15498eb3a2e1db7d3b8fe5 7a3d6f0237ca40cc9915c68725b12a58 - - default default] 10.0.0.176 "GET /v2.0/subnets?network_id=b60092eb-297c-4390-8bb9-7ebd6553f877 HTTP/1.1" status: 200 len: 838 time: 0.0433428
2026-05-11 06:44:31.941 10 INFO neutron.db.l3_db [None req-7fd4c184-982e-477b-84a1-8262cb31516a 2d32fceba9bc48c79fa9181075e8eedc b6924b0db316401c80abd642c456d3b2 - - default default] Floating IP 7b96b3db-a737-47f1-9fde-99b9befdfeea disassociated. External IP: 10.96.250.212, port: 1b732134-e391-4f8c-bcbb-f497ac54d337.
2026-05-11 06:44:31.958 10 INFO neutron.wsgi [req-9a894a7a-9ef4-4c7d-84d2-7d0d8be14801 req-5e1941a1-bd11-489c-9a9c-4ab3f06fc7b8 b5edebad026d4222ba4845bf1bfae088 232f101a28a14751a0a0a23a564eda5e - - default default] 10.0.0.137 "GET /v2.0/ports?device_id=1666e129-c767-4d08-be1a-84c32f045ca2 HTTP/1.1" status: 200 len: 1394 time: 0.1105902
2026-05-11 06:44:31.989 10 INFO neutron.db.ovn_revision_numbers_db [None req-7fd4c184-982e-477b-84a1-8262cb31516a 2d32fceba9bc48c79fa9181075e8eedc b6924b0db316401c80abd642c456d3b2 - - default default] Successfully bumped revision number for resource 7b96b3db-a737-47f1-9fde-99b9befdfeea (type: floatingips) to 2
2026-05-11 06:44:32.028 10 INFO neutron.wsgi [req-9a894a7a-9ef4-4c7d-84d2-7d0d8be14801 req-8ad86222-b115-45c9-b6a9-d65547626f43 b5edebad026d4222ba4845bf1bfae088 232f101a28a14751a0a0a23a564eda5e - - default default] 10.0.0.137 "GET /v2.0/security-groups?id=e89456f0-c459-4603-8b7a-7091a6072fde&fields=id&fields=name HTTP/1.1" status: 200 len: 311 time: 0.0567362
2026-05-11 06:44:32.063 10 INFO neutron.wsgi [None req-7fd4c184-982e-477b-84a1-8262cb31516a 2d32fceba9bc48c79fa9181075e8eedc b6924b0db316401c80abd642c456d3b2 - - default default] 10.0.0.176 "PUT /v2.0/floatingips/7b96b3db-a737-47f1-9fde-99b9befdfeea HTTP/1.1" status: 200 len: 748 time: 0.5264595
2026-05-11 06:44:32.095 10 INFO neutron.wsgi [None req-15524d50-55d5-4096-8b81-0bb53411702b 2d32fceba9bc48c79fa9181075e8eedc b6924b0db316401c80abd642c456d3b2 - - default default] 10.0.0.176 "GET /v2.0/floatingips/7b96b3db-a737-47f1-9fde-99b9befdfeea HTTP/1.1" status: 200 len: 746 time: 0.0260067
2026-05-11 06:44:32.098 10 INFO neutron.notifiers.nova [-] Nova event matching ['req-60951e11-ed18-4592-af2b-1cb81166fae6'] response: {'name': 'network-changed', 'server_uuid': '3de9bab3-4144-411d-ad8a-947c7a22d2b7', 'tag': '1b732134-e391-4f8c-bcbb-f497ac54d337', 'status': 'completed', 'code': 200}
2026-05-11 06:44:32.172 9 INFO neutron.wsgi [req-704a815d-b3fb-42cc-a1ac-f46f4055a397 req-e43c18bb-4a93-42d6-bf9a-aef6f4ab1435 25baa6b53e1c49cd87e08a494459c120 01b417b577a04733a90891cb685be87a - - 11380852745b418999a0f1b4f5acfdc9 11380852745b418999a0f1b4f5acfdc9] 199.204.45.78 "GET /v2.0/ports?tenant_id=b6924b0db316401c80abd642c456d3b2&device_id=3de9bab3-4144-411d-ad8a-947c7a22d2b7 HTTP/1.1" status: 200 len: 1413 time: 0.0569139
2026-05-11 06:44:32.214 9 INFO neutron.wsgi [None req-897ff117-f9fb-4b97-9ae2-505c383a74c0 87d5a789080d43d3875055fe44289fde 4ad67fabfd9841b4be5db3fcc1b86d10 - - default default] 10.0.0.176 "GET /v2.0/ports/923c48de-589c-4654-8330-ea982c99bf55 HTTP/1.1" status: 200 len: 1135 time: 0.1258204
2026-05-11 06:44:32.240 9 INFO neutron.wsgi [req-704a815d-b3fb-42cc-a1ac-f46f4055a397 req-cc51acbe-9e0a-4ba4-b90f-df0803f3c4d0 25baa6b53e1c49cd87e08a494459c120 01b417b577a04733a90891cb685be87a - - 11380852745b418999a0f1b4f5acfdc9 11380852745b418999a0f1b4f5acfdc9] 199.204.45.78 "GET /v2.0/networks?id=2ec0d503-7d82-47db-8dfe-c7d6a9c277af HTTP/1.1" status: 200 len: 959 time: 0.0621901
2026-05-11 06:44:32.271 9 INFO neutron.wsgi [req-704a815d-b3fb-42cc-a1ac-f46f4055a397 req-5d77c282-f7ad-4bdd-9a17-66249a5eec38 25baa6b53e1c49cd87e08a494459c120 01b417b577a04733a90891cb685be87a - - 11380852745b418999a0f1b4f5acfdc9 11380852745b418999a0f1b4f5acfdc9] 199.204.45.78 "GET /v2.0/floatingips?fixed_ip_address=10.100.0.14&port_id=1b732134-e391-4f8c-bcbb-f497ac54d337 HTTP/1.1" status: 200 len: 217 time: 0.0227516
2026-05-11 06:44:32.325 9 INFO neutron.wsgi [req-704a815d-b3fb-42cc-a1ac-f46f4055a397 req-570656b8-e1d0-483c-99f3-fdd4f76e9797 25baa6b53e1c49cd87e08a494459c120 01b417b577a04733a90891cb685be87a - - 11380852745b418999a0f1b4f5acfdc9 11380852745b418999a0f1b4f5acfdc9] 199.204.45.78 "GET /v2.0/subnets?id=5cfcccc7-4388-44b4-9045-0476f9abe46b HTTP/1.1" status: 200 len: 853 time: 0.0480297
2026-05-11 06:44:32.328 9 INFO neutron.wsgi [req-91ceb1b0-94e1-4935-8a79-d73eed46ea57 req-51234657-8ad1-4f42-80a6-c520acb6706d 25baa6b53e1c49cd87e08a494459c120 01b417b577a04733a90891cb685be87a - - 11380852745b418999a0f1b4f5acfdc9 11380852745b418999a0f1b4f5acfdc9] 199.204.45.78 "GET /v2.0/ports?device_id=3de9bab3-4144-411d-ad8a-947c7a22d2b7&fields=binding%3Ahost_id&fields=binding%3Avif_type HTTP/1.1" status: 200 len: 265 time: 0.0437288
2026-05-11 06:44:32.353 9 INFO neutron.wsgi [req-704a815d-b3fb-42cc-a1ac-f46f4055a397 req-c82c0ccb-65bb-4665-8e06-99ccfa9bcf8b 25baa6b53e1c49cd87e08a494459c120 01b417b577a04733a90891cb685be87a - - 11380852745b418999a0f1b4f5acfdc9 11380852745b418999a0f1b4f5acfdc9] 199.204.45.78 "GET /v2.0/ports?network_id=2ec0d503-7d82-47db-8dfe-c7d6a9c277af&device_owner=network%3Adhcp HTTP/1.1" status: 200 len: 210 time: 0.0200574
2026-05-11 06:44:32.413 9 INFO neutron.wsgi [req-704a815d-b3fb-42cc-a1ac-f46f4055a397 req-789614a7-ebef-4ab5-81ad-9fd829a567a9 25baa6b53e1c49cd87e08a494459c120 01b417b577a04733a90891cb685be87a - - 11380852745b418999a0f1b4f5acfdc9 11380852745b418999a0f1b4f5acfdc9] 199.204.45.78 "GET /v2.0/networks/2ec0d503-7d82-47db-8dfe-c7d6a9c277af?fields=segments HTTP/1.1" status: 200 len: 212 time: 0.0528812
2026-05-11 06:44:32.487 9 INFO neutron.wsgi [req-704a815d-b3fb-42cc-a1ac-f46f4055a397 req-2693eb42-e3ce-4c51-9198-f7d0ce973268 25baa6b53e1c49cd87e08a494459c120 01b417b577a04733a90891cb685be87a - - 11380852745b418999a0f1b4f5acfdc9 11380852745b418999a0f1b4f5acfdc9] 199.204.45.78 "GET /v2.0/networks/2ec0d503-7d82-47db-8dfe-c7d6a9c277af?fields=provider%3Aphysical_network&fields=provider%3Anetwork_type HTTP/1.1" status: 200 len: 277 time: 0.0660295
2026-05-11 06:44:32.589 9 INFO neutron.wsgi [req-91ceb1b0-94e1-4935-8a79-d73eed46ea57 req-e8c27113-a315-4cc8-9a78-f0d9f8bd9e8b 25baa6b53e1c49cd87e08a494459c120 01b417b577a04733a90891cb685be87a - - 11380852745b418999a0f1b4f5acfdc9 11380852745b418999a0f1b4f5acfdc9] 199.204.45.78 "GET /v2.0/ports?tenant_id=b6924b0db316401c80abd642c456d3b2&device_id=3de9bab3-4144-411d-ad8a-947c7a22d2b7 HTTP/1.1" status: 200 len: 1413 time: 0.0448358
2026-05-11 06:44:32.666 9 INFO neutron.wsgi [req-91ceb1b0-94e1-4935-8a79-d73eed46ea57 req-8e8b0756-5bc0-470c-913a-5229de26c236 25baa6b53e1c49cd87e08a494459c120 01b417b577a04733a90891cb685be87a - - 11380852745b418999a0f1b4f5acfdc9 11380852745b418999a0f1b4f5acfdc9] 199.204.45.78 "GET /v2.0/networks?id=2ec0d503-7d82-47db-8dfe-c7d6a9c277af HTTP/1.1" status: 200 len: 959 time: 0.0597003
2026-05-11 06:44:32.694 9 INFO neutron.wsgi [req-91ceb1b0-94e1-4935-8a79-d73eed46ea57 req-038351c7-17d8-4857-bce9-162b0ebca9c0 25baa6b53e1c49cd87e08a494459c120 01b417b577a04733a90891cb685be87a - - 11380852745b418999a0f1b4f5acfdc9 11380852745b418999a0f1b4f5acfdc9] 199.204.45.78 "GET /v2.0/floatingips?fixed_ip_address=10.100.0.14&port_id=1b732134-e391-4f8c-bcbb-f497ac54d337 HTTP/1.1" status: 200 len: 217 time: 0.0206914
2026-05-11 06:44:32.732 9 INFO neutron.wsgi [req-91ceb1b0-94e1-4935-8a79-d73eed46ea57 req-cf3baa58-9c0d-4bba-bccd-f75af26e713f 25baa6b53e1c49cd87e08a494459c120 01b417b577a04733a90891cb685be87a - - 11380852745b418999a0f1b4f5acfdc9 11380852745b418999a0f1b4f5acfdc9] 199.204.45.78 "GET /v2.0/subnets?id=5cfcccc7-4388-44b4-9045-0476f9abe46b HTTP/1.1" status: 200 len: 853 time: 0.0317216
2026-05-11 06:44:32.762 9 INFO neutron.wsgi [req-91ceb1b0-94e1-4935-8a79-d73eed46ea57 req-a3235ccd-ec38-4ed2-8e16-37217002de4b 25baa6b53e1c49cd87e08a494459c120 01b417b577a04733a90891cb685be87a - - 11380852745b418999a0f1b4f5acfdc9 11380852745b418999a0f1b4f5acfdc9] 199.204.45.78 "GET /v2.0/ports?network_id=2ec0d503-7d82-47db-8dfe-c7d6a9c277af&device_owner=network%3Adhcp HTTP/1.1" status: 200 len: 210 time: 0.0240684
2026-05-11 06:44:32.831 9 INFO neutron.wsgi [req-91ceb1b0-94e1-4935-8a79-d73eed46ea57 req-4f8c5067-4c83-4988-87da-406e4a2054ce 25baa6b53e1c49cd87e08a494459c120 01b417b577a04733a90891cb685be87a - - 11380852745b418999a0f1b4f5acfdc9 11380852745b418999a0f1b4f5acfdc9] 199.204.45.78 "GET /v2.0/networks/2ec0d503-7d82-47db-8dfe-c7d6a9c277af?fields=segments HTTP/1.1" status: 200 len: 212 time: 0.0628335
2026-05-11 06:44:32.895 9 INFO neutron.wsgi [req-91ceb1b0-94e1-4935-8a79-d73eed46ea57 req-2b6f0d36-053e-4504-96de-bc97edc720b4 25baa6b53e1c49cd87e08a494459c120 01b417b577a04733a90891cb685be87a - - 11380852745b418999a0f1b4f5acfdc9 11380852745b418999a0f1b4f5acfdc9] 199.204.45.78 "GET /v2.0/networks/2ec0d503-7d82-47db-8dfe-c7d6a9c277af?fields=provider%3Aphysical_network&fields=provider%3Anetwork_type HTTP/1.1" status: 200 len: 277 time: 0.0580919
2026-05-11 06:44:32.898 10 WARNING neutron.plugins.ml2.drivers.ovn.mech_driver.ovsdb.ovn_client [None req-9a9ff5d1-29cb-4687-a6f5-76877596e9b9 - - - - - -] No hosting information found for port 4b812311-10d6-4c82-b8e6-a8c9f9e5f6fb: RuntimeError: No hosting information found for port 4b812311-10d6-4c82-b8e6-a8c9f9e5f6fb
2026-05-11 06:44:32.898 10 INFO neutron.plugins.ml2.drivers.ovn.mech_driver.mech_driver [None req-9a9ff5d1-29cb-4687-a6f5-76877596e9b9 - - - - - -] OVN reports status up for port: 923c48de-589c-4654-8330-ea982c99bf55
2026-05-11 06:44:32.905 10 INFO neutron.plugins.ml2.plugin [None req-9a9ff5d1-29cb-4687-a6f5-76877596e9b9 - - - - - -] Attempt 1 to provision port 923c48de-589c-4654-8330-ea982c99bf55
2026-05-11 06:44:33.154 9 WARNING neutron_lib.context [None req-2dc4b5dc-a60e-4c03-a9a0-6eafb956bea4 2d32fceba9bc48c79fa9181075e8eedc b6924b0db316401c80abd642c456d3b2 - - default default] Method 'is_advsvc' is deprecated since 2023.2 release (neutron-lib 3.8.0) and will be removed once support for the old RBAC API policies will be removed from Neutron. Please use method 'is_service_role' instead.
2026-05-11 06:44:33.165 10 INFO neutron.db.ovn_revision_numbers_db [None req-9a9ff5d1-29cb-4687-a6f5-76877596e9b9 - - - - - -] Successfully bumped revision number for resource 923c48de-589c-4654-8330-ea982c99bf55 (type: ports) to 2
2026-05-11 06:44:33.235 10 INFO neutron.db.ovn_revision_numbers_db [None req-9a9ff5d1-29cb-4687-a6f5-76877596e9b9 - - - - - -] Successfully bumped revision number for resource 923c48de-589c-4654-8330-ea982c99bf55 (type: router_ports) to 2
2026-05-11 06:44:33.262 9 INFO neutron.wsgi [None req-5f3cefdc-f629-473c-84b5-55c4dd364e3f 87d5a789080d43d3875055fe44289fde 4ad67fabfd9841b4be5db3fcc1b86d10 - - default default] 10.0.0.176 "GET /v2.0/ports/923c48de-589c-4654-8330-ea982c99bf55 HTTP/1.1" status: 200 len: 1137 time: 0.0407770
2026-05-11 06:44:33.293 9 INFO neutron.db.ovn_revision_numbers_db [None req-2dc4b5dc-a60e-4c03-a9a0-6eafb956bea4 2d32fceba9bc48c79fa9181075e8eedc b6924b0db316401c80abd642c456d3b2 - - default default] Successfully bumped revision number for resource cc743412-6584-4156-8dbf-756c92ea7b21 (type: security_groups) to 1
2026-05-11 06:44:33.319 9 INFO neutron.db.ovn_revision_numbers_db [None req-2dc4b5dc-a60e-4c03-a9a0-6eafb956bea4 2d32fceba9bc48c79fa9181075e8eedc b6924b0db316401c80abd642c456d3b2 - - default default] Successfully bumped revision number for resource 714f122d-e281-4cb3-a2e6-fab840247f81 (type: security_group_rules) to 0
2026-05-11 06:44:33.344 9 INFO neutron.db.ovn_revision_numbers_db [None req-2dc4b5dc-a60e-4c03-a9a0-6eafb956bea4 2d32fceba9bc48c79fa9181075e8eedc b6924b0db316401c80abd642c456d3b2 - - default default] Successfully bumped revision number for resource b53e7f81-1234-4292-b357-52f50b4cd689 (type: security_group_rules) to 0
2026-05-11 06:44:33.366 9 INFO neutron.wsgi [None req-2dc4b5dc-a60e-4c03-a9a0-6eafb956bea4 2d32fceba9bc48c79fa9181075e8eedc b6924b0db316401c80abd642c456d3b2 - - default default] 10.0.0.176 "POST /v2.0/security-groups HTTP/1.1" status: 201 len: 1811 time: 0.2162619
2026-05-11 06:44:33.381 10 WARNING neutron_lib.context [None req-90621de5-5b31-4705-ac4e-3d158bfc6c8d 2d32fceba9bc48c79fa9181075e8eedc b6924b0db316401c80abd642c456d3b2 - - default default] Method 'is_advsvc' is deprecated since 2023.2 release (neutron-lib 3.8.0) and will be removed once support for the old RBAC API policies will be removed from Neutron. Please use method 'is_service_role' instead.
2026-05-11 06:44:33.501 10 INFO neutron.db.ovn_revision_numbers_db [None req-90621de5-5b31-4705-ac4e-3d158bfc6c8d 2d32fceba9bc48c79fa9181075e8eedc b6924b0db316401c80abd642c456d3b2 - - default default] Successfully bumped revision number for resource bfe6d9b9-c45c-408e-834f-e35b85e82fb1 (type: security_group_rules) to 0
2026-05-11 06:44:33.535 10 INFO neutron.wsgi [None req-90621de5-5b31-4705-ac4e-3d158bfc6c8d 2d32fceba9bc48c79fa9181075e8eedc b6924b0db316401c80abd642c456d3b2 - - default default] 10.0.0.176 "POST /v2.0/security-group-rules HTTP/1.1" status: 201 len: 764 time: 0.1628780
2026-05-11 06:44:33.547 10 WARNING neutron_lib.context [None req-53429055-3d8f-4681-89c0-13fa17b4ae6e 2d32fceba9bc48c79fa9181075e8eedc b6924b0db316401c80abd642c456d3b2 - - default default] Method 'is_advsvc' is deprecated since 2023.2 release (neutron-lib 3.8.0) and will be removed once support for the old RBAC API policies will be removed from Neutron. Please use method 'is_service_role' instead.
2026-05-11 06:44:33.653 10 INFO neutron.db.ovn_revision_numbers_db [None req-53429055-3d8f-4681-89c0-13fa17b4ae6e 2d32fceba9bc48c79fa9181075e8eedc b6924b0db316401c80abd642c456d3b2 - - default default] Successfully bumped revision number for resource f2b62cef-f122-47d1-8fd3-d2d6c58367ad (type: security_group_rules) to 0
2026-05-11 06:44:33.677 10 INFO neutron.wsgi [None req-53429055-3d8f-4681-89c0-13fa17b4ae6e 2d32fceba9bc48c79fa9181075e8eedc b6924b0db316401c80abd642c456d3b2 - - default default] 10.0.0.176 "POST /v2.0/security-group-rules HTTP/1.1" status: 201 len: 763 time: 0.1345763
2026-05-11 06:44:33.689 10 WARNING neutron_lib.context [None req-660b49c2-11b7-40bb-ad58-c097ff80dfa7 2d32fceba9bc48c79fa9181075e8eedc b6924b0db316401c80abd642c456d3b2 - - default default] Method 'is_advsvc' is deprecated since 2023.2 release (neutron-lib 3.8.0) and will be removed once support for the old RBAC API policies will be removed from Neutron. Please use method 'is_service_role' instead.
2026-05-11 06:44:33.799 10 INFO neutron.db.ovn_revision_numbers_db [None req-660b49c2-11b7-40bb-ad58-c097ff80dfa7 2d32fceba9bc48c79fa9181075e8eedc b6924b0db316401c80abd642c456d3b2 - - default default] Successfully bumped revision number for resource 174f218f-6b4e-43c6-93af-c6c425eae843 (type: security_group_rules) to 0
2026-05-11 06:44:33.821 10 INFO neutron.wsgi [None req-660b49c2-11b7-40bb-ad58-c097ff80dfa7 2d32fceba9bc48c79fa9181075e8eedc b6924b0db316401c80abd642c456d3b2 - - default default] 10.0.0.176 "POST /v2.0/security-group-rules HTTP/1.1" status: 201 len: 769 time: 0.1376748
2026-05-11 06:44:33.831 10 WARNING neutron_lib.context [None req-d6cb3707-e2e8-45ae-8557-2fbf6d1116ee 2d32fceba9bc48c79fa9181075e8eedc b6924b0db316401c80abd642c456d3b2 - - default default] Method 'is_advsvc' is deprecated since 2023.2 release (neutron-lib 3.8.0) and will be removed once support for the old RBAC API policies will be removed from Neutron. Please use method 'is_service_role' instead.
2026-05-11 06:44:33.899 9 INFO neutron.wsgi [None req-e1a67d90-ddca-43dc-9d78-edb7706093a7 87d5a789080d43d3875055fe44289fde 4ad67fabfd9841b4be5db3fcc1b86d10 - - default default] 10.0.0.176 "PUT /v2.0/routers/cd5fbf4e-0822-487c-8023-b6eb40024b64/remove_router_interface HTTP/1.1" status: 200 len: 503 time: 0.6312659 /var/lib/openstack/lib/python3.10/site-packages/pycadf/identifier.py:71: UserWarning: Invalid uuid: neutron. To ensure interoperability, identifiers should be a valid uuid. warnings.warn(('Invalid uuid: %s. To ensure interoperability, '
2026-05-11 06:44:33.933 10 INFO neutron.db.ovn_revision_numbers_db [None req-d6cb3707-e2e8-45ae-8557-2fbf6d1116ee 2d32fceba9bc48c79fa9181075e8eedc b6924b0db316401c80abd642c456d3b2 - - default default] Successfully bumped revision number for resource 480f749a-7c5c-40b9-a233-c3c4e3c50c30 (type: security_group_rules) to 0
2026-05-11 06:44:33.960 10 INFO neutron.wsgi [None req-d6cb3707-e2e8-45ae-8557-2fbf6d1116ee 2d32fceba9bc48c79fa9181075e8eedc b6924b0db316401c80abd642c456d3b2 - - default default] 10.0.0.176 "POST /v2.0/security-group-rules HTTP/1.1" status: 201 len: 768 time: 0.1337845
2026-05-11 06:44:33.970 10 WARNING neutron_lib.context [None req-67a3e074-59b5-4aef-8e81-cd41fff77806 2d32fceba9bc48c79fa9181075e8eedc b6924b0db316401c80abd642c456d3b2 - - default default] Method 'is_advsvc' is deprecated since 2023.2 release (neutron-lib 3.8.0) and will be removed once support for the old RBAC API policies will be removed from Neutron. Please use method 'is_service_role' instead.
2026-05-11 06:44:33.988 10 INFO neutron.db.securitygroups_db [None req-67a3e074-59b5-4aef-8e81-cd41fff77806 2d32fceba9bc48c79fa9181075e8eedc b6924b0db316401c80abd642c456d3b2 - - default default] Project b6924b0db316401c80abd642c456d3b2 added a security group rule with legacy IPv6 ICMP protocol name icmp, ipv6-icmp should be used instead. It was automatically converted.
2026-05-11 06:44:33.990 9 INFO neutron.wsgi [None req-7aad2296-1d38-4bf4-b8fa-867529a769eb 87d5a789080d43d3875055fe44289fde 4ad67fabfd9841b4be5db3fcc1b86d10 - - default default] 10.0.0.176 "GET /v2.0/ports/4b812311-10d6-4c82-b8e6-a8c9f9e5f6fb HTTP/1.1" status: 200 len: 1137 time: 0.0856020
2026-05-11 06:44:34.169 10 INFO neutron.db.ovn_revision_numbers_db [None req-67a3e074-59b5-4aef-8e81-cd41fff77806 2d32fceba9bc48c79fa9181075e8eedc b6924b0db316401c80abd642c456d3b2 - - default default] Successfully bumped revision number for resource 68952587-2c8a-42dd-a516-b15e4c8be798 (type: security_group_rules) to 0
2026-05-11 06:44:34.209 10 INFO neutron.wsgi [None req-67a3e074-59b5-4aef-8e81-cd41fff77806 2d32fceba9bc48c79fa9181075e8eedc b6924b0db316401c80abd642c456d3b2 - - default default] 10.0.0.176 "POST /v2.0/security-group-rules HTTP/1.1" status: 201 len: 774 time: 0.2434092
2026-05-11 06:44:34.222 9 WARNING neutron_lib.context [None req-21e355b6-6d66-4485-949e-a374ff5818b8 2d32fceba9bc48c79fa9181075e8eedc b6924b0db316401c80abd642c456d3b2 - - default default] Method 'is_advsvc' is deprecated since 2023.2 release (neutron-lib 3.8.0) and will be removed once support for the old RBAC API policies will be removed from Neutron. Please use method 'is_service_role' instead.
2026-05-11 06:44:34.251 9 INFO neutron.db.securitygroups_db [None req-21e355b6-6d66-4485-949e-a374ff5818b8 2d32fceba9bc48c79fa9181075e8eedc b6924b0db316401c80abd642c456d3b2 - - default default] Project b6924b0db316401c80abd642c456d3b2 added a security group rule with legacy IPv6 ICMP protocol name icmp, ipv6-icmp should be used instead. It was automatically converted.
2026-05-11 06:44:34.357 9 INFO neutron.db.ovn_revision_numbers_db [None req-21e355b6-6d66-4485-949e-a374ff5818b8 2d32fceba9bc48c79fa9181075e8eedc b6924b0db316401c80abd642c456d3b2 - - default default] Successfully bumped revision number for resource 84637c1a-0f7a-485e-9e7c-ae4e4ac95e81 (type: security_group_rules) to 0
2026-05-11 06:44:34.380 9 INFO neutron.wsgi [None req-21e355b6-6d66-4485-949e-a374ff5818b8 2d32fceba9bc48c79fa9181075e8eedc b6924b0db316401c80abd642c456d3b2 - - default default] 10.0.0.176 "POST /v2.0/security-group-rules HTTP/1.1" status: 201 len: 773 time: 0.1649690
2026-05-11 06:44:34.676 10 INFO neutron.wsgi [None req-99d7e044-91f9-4332-80f3-40738b247bd6 87d5a789080d43d3875055fe44289fde 4ad67fabfd9841b4be5db3fcc1b86d10 - - default default] 10.0.0.176 "PUT /v2.0/routers/cd5fbf4e-0822-487c-8023-b6eb40024b64/remove_router_interface HTTP/1.1" status: 200 len: 503 time: 0.6812212
2026-05-11 06:44:34.703 9 INFO neutron.wsgi [None req-adc4eed2-15e9-4a29-905f-dd859d2cd79e 87d5a789080d43d3875055fe44289fde 4ad67fabfd9841b4be5db3fcc1b86d10 - - default default] 10.0.0.176 "GET /v2.0/ports?device_id=cd5fbf4e-0822-487c-8023-b6eb40024b64 HTTP/1.1" status: 200 len: 205 time: 0.0210757 /var/lib/openstack/lib/python3.10/site-packages/pycadf/identifier.py:71: UserWarning: Invalid uuid: neutron. To ensure interoperability, identifiers should be a valid uuid. warnings.warn(('Invalid uuid: %s. To ensure interoperability, '
2026-05-11 06:44:34.965 10 INFO neutron.wsgi [None req-81156779-e01b-4ec2-a5c1-2af1aabf1ba6 2d32fceba9bc48c79fa9181075e8eedc b6924b0db316401c80abd642c456d3b2 - - default default] 10.0.0.176 "GET /v2.0/networks HTTP/1.1" status: 200 len: 1493 time: 0.1468375
2026-05-11 06:44:34.987 9 INFO neutron.wsgi [None req-32e7728a-56c3-4789-8704-76e1cc564e56 87d5a789080d43d3875055fe44289fde 4ad67fabfd9841b4be5db3fcc1b86d10 - - default default] 10.0.0.176 "DELETE /v2.0/routers/cd5fbf4e-0822-487c-8023-b6eb40024b64 HTTP/1.1" status: 204 len: 168 time: 0.2803111
2026-05-11 06:44:35.076 9 INFO neutron.wsgi [req-4fa4d198-c90a-4942-8c27-89d9a5cb30ad req-099b42b5-3076-4c47-bdb4-c0e3e8beb51c 2d32fceba9bc48c79fa9181075e8eedc b6924b0db316401c80abd642c456d3b2 - - default default] 10.0.0.137 "GET /v2.0/security-groups?name=tempest-secgroup-smoke-1895199057&fields=id&tenant_id=b6924b0db316401c80abd642c456d3b2 HTTP/1.1" status: 200 len: 267 time: 0.0345154
2026-05-11 06:44:35.139 9 INFO neutron.wsgi [-] 10.0.0.162 "GET / HTTP/1.1" status: 200 len: 247 time: 0.0016418
2026-05-11 06:44:35.141 9 INFO neutron.wsgi [-] 10.0.0.162 "GET / HTTP/1.1" status: 200 len: 247 time: 0.0015728
2026-05-11 06:44:35.154 9 INFO neutron.wsgi [req-4fa4d198-c90a-4942-8c27-89d9a5cb30ad req-86353c0a-9dea-4bec-8a24-46fec0ea712e 2d32fceba9bc48c79fa9181075e8eedc b6924b0db316401c80abd642c456d3b2 - - default default] 10.0.0.137 "GET /v2.0/networks?id=2ec0d503-7d82-47db-8dfe-c7d6a9c277af HTTP/1.1" status: 200 len: 860 time: 0.0708961
2026-05-11 06:44:35.173 9 INFO neutron.wsgi [req-4fa4d198-c90a-4942-8c27-89d9a5cb30ad req-f989f9f3-79ec-4163-87f1-bd47742c13f8 2d32fceba9bc48c79fa9181075e8eedc b6924b0db316401c80abd642c456d3b2 - - default default] 10.0.0.137 "GET /v2.0/quotas/b6924b0db316401c80abd642c456d3b2 HTTP/1.1" status: 200 len: 386 time: 0.0117283
2026-05-11 06:44:35.222 10 INFO neutron.wsgi [None req-81d7097f-15af-47e2-b850-1be93fb2be89 87d5a789080d43d3875055fe44289fde 4ad67fabfd9841b4be5db3fcc1b86d10 - - default default] 10.0.0.176 "DELETE /v2.0/subnets/cca96919-eab2-40af-ad14-327071428708 HTTP/1.1" status: 204 len: 168 time: 0.2298975
2026-05-11 06:44:35.272 9 INFO neutron.wsgi [req-4fa4d198-c90a-4942-8c27-89d9a5cb30ad req-4ab5f7ca-8b32-41f5-a1fc-659bb94539d2 2d32fceba9bc48c79fa9181075e8eedc b6924b0db316401c80abd642c456d3b2 - - default default] 10.0.0.137 "GET /v2.0/ports?tenant_id=b6924b0db316401c80abd642c456d3b2&fields=id HTTP/1.1" status: 200 len: 348 time: 0.0903897
2026-05-11 06:44:35.347 9 INFO neutron.wsgi [req-4fa4d198-c90a-4942-8c27-89d9a5cb30ad req-49ab39ac-9c7d-4b95-b0da-ccb8669a98ce 25baa6b53e1c49cd87e08a494459c120 01b417b577a04733a90891cb685be87a - - 11380852745b418999a0f1b4f5acfdc9 11380852745b418999a0f1b4f5acfdc9] 10.0.0.137 "GET /v2.0/networks/2ec0d503-7d82-47db-8dfe-c7d6a9c277af?fields=segments HTTP/1.1" status: 200 len: 212 time: 0.0597758
2026-05-11 06:44:35.404 10 INFO neutron.wsgi [None req-13220314-e38c-48e6-906b-29f482647c6f 87d5a789080d43d3875055fe44289fde 4ad67fabfd9841b4be5db3fcc1b86d10 - - default default] 10.0.0.176 "DELETE /v2.0/subnets/7f03cb5c-f2a2-4905-a459-e7a499bc5819 HTTP/1.1" status: 204 len: 168 time: 0.1787186
2026-05-11 06:44:35.420 9 INFO neutron.wsgi [req-4fa4d198-c90a-4942-8c27-89d9a5cb30ad req-4e12d738-88c4-4afe-bb4e-50d47ddbb393 25baa6b53e1c49cd87e08a494459c120 01b417b577a04733a90891cb685be87a - - 11380852745b418999a0f1b4f5acfdc9 11380852745b418999a0f1b4f5acfdc9] 10.0.0.137 "GET /v2.0/networks/2ec0d503-7d82-47db-8dfe-c7d6a9c277af?fields=provider%3Aphysical_network&fields=provider%3Anetwork_type HTTP/1.1" status: 200 len: 277 time: 0.0669513
2026-05-11 06:44:35.562 10 INFO neutron.wsgi [req-a4df9661-22f2-4b54-9c64-2578086b3aee req-7c8b5cf3-0f9f-4ef6-bb8f-73c401b50820 2d32fceba9bc48c79fa9181075e8eedc b6924b0db316401c80abd642c456d3b2 - - default default] 10.0.0.137 "GET /v2.0/ports?device_id=c1f5ff14-3d6d-4c51-b1f4-63b6dd12e9d9 HTTP/1.1" status: 200 len: 210 time: 0.0315852
2026-05-11 06:44:35.777 10 INFO neutron.services.segments.plugin [-] Segment 4e4607d2-e80e-480b-a60e-d96c302a5511 resource provider aggregate not found
2026-05-11 06:44:35.783 10 INFO neutron.services.segments.plugin [-] Segment 4e4607d2-e80e-480b-a60e-d96c302a5511 resource provider aggregate not found
2026-05-11 06:44:35.802 10 INFO neutron.services.segments.plugin [-] Segment 4e4607d2-e80e-480b-a60e-d96c302a5511 resource provider not found; error: Placement Client Error (4xx): {"errors": [{"status": 404, "title": "Not Found", "detail": "The resource could not be found.\n\n No resource provider with uuid 4e4607d2-e80e-480b-a60e-d96c302a5511 found for delete ", "request_id": "req-31ced9a1-4705-4437-b0ef-78c1a0a495be"}]}
2026-05-11 06:44:35.810 10 INFO neutron.services.segments.plugin [-] Segment 4e4607d2-e80e-480b-a60e-d96c302a5511 resource provider not found; error: Placement Client Error (4xx): {"errors": [{"status": 404, "title": "Not Found", "detail": "The resource could not be found.\n\n No resource provider with uuid 4e4607d2-e80e-480b-a60e-d96c302a5511 found for delete ", "request_id": "req-54de35ca-1678-4ab8-accb-e3f0bd77072d"}]}
2026-05-11 06:44:35.831 10 INFO neutron.wsgi [None req-f189d3ac-b068-4ec0-b220-9c66c72a6b4f 87d5a789080d43d3875055fe44289fde 4ad67fabfd9841b4be5db3fcc1b86d10 - - default default] 10.0.0.176 "DELETE /v2.0/networks/00cbf2f7-ea53-4da0-a921-ad9b2e2a2683 HTTP/1.1" status: 204 len: 168 time: 0.4210286
2026-05-11 06:44:36.239 9 INFO neutron.wsgi [req-4fa4d198-c90a-4942-8c27-89d9a5cb30ad req-17f1a993-afcd-4e84-8ffd-b44f6808e09e 2d32fceba9bc48c79fa9181075e8eedc b6924b0db316401c80abd642c456d3b2 - - default default] 199.204.45.78 "GET /v2.0/networks?id=2ec0d503-7d82-47db-8dfe-c7d6a9c277af HTTP/1.1" status: 200 len: 860 time: 0.0915449
2026-05-11 06:44:36.334 9 INFO neutron.wsgi [req-4fa4d198-c90a-4942-8c27-89d9a5cb30ad req-21ecdaf1-8f99-422d-830d-b893ad0048db 2d32fceba9bc48c79fa9181075e8eedc b6924b0db316401c80abd642c456d3b2 - - default default] 199.204.45.78 "GET /v2.0/security-groups?fields=id&fields=name&tenant_id=b6924b0db316401c80abd642c456d3b2 HTTP/1.1" status: 200 len: 473 time: 0.0814168
2026-05-11 06:44:36.348 9 WARNING neutron_lib.context [req-4fa4d198-c90a-4942-8c27-89d9a5cb30ad req-eb860eea-0373-49b2-8807-db466b67359a 2d32fceba9bc48c79fa9181075e8eedc b6924b0db316401c80abd642c456d3b2 - - default default] Method 'is_advsvc' is deprecated since 2023.2 release (neutron-lib 3.8.0) and will be removed once support for the old RBAC API policies will be removed from Neutron. Please use method 'is_service_role' instead.
2026-05-11 06:44:36.565 9 INFO neutron.services.segments.plugin [-] Segment ae09ed25-5631-448f-9d28-27240baf8374 resource provider aggregate not found
2026-05-11 06:44:36.570 9 INFO neutron.services.segments.plugin [-] Segment ae09ed25-5631-448f-9d28-27240baf8374 resource provider aggregate not found
2026-05-11 06:44:36.599 9 INFO neutron.services.segments.plugin [-] Segment ae09ed25-5631-448f-9d28-27240baf8374 resource provider not found; error: Placement Client Error (4xx): {"errors": [{"status": 404, "title": "Not Found", "detail": "The resource could not be found.\n\n No resource provider with uuid ae09ed25-5631-448f-9d28-27240baf8374 found for delete ", "request_id": "req-137e92f3-a06b-43b8-944f-b1c777df28a6"}]}
2026-05-11 06:44:36.647 9 INFO neutron.services.segments.plugin [-] Segment ae09ed25-5631-448f-9d28-27240baf8374 resource provider not found; error: Placement Client Error (4xx): {"errors": [{"status": 404, "title": "Not Found", "detail": "The resource could not be found.\n\n No resource provider with uuid ae09ed25-5631-448f-9d28-27240baf8374 found for delete ", "request_id": "req-98feb01b-284c-4055-b51a-c0079438d4af"}]}
2026-05-11 06:44:36.664 9 INFO neutron.wsgi [None req-b1bcd88b-1b17-406e-9879-16e5a0f2f03e 87d5a789080d43d3875055fe44289fde 4ad67fabfd9841b4be5db3fcc1b86d10 - - default default] 10.0.0.176 "DELETE /v2.0/networks/69496ba9-58cf-4c1e-a4fc-b282da7409c1 HTTP/1.1" status: 204 len: 168 time: 0.8287249
2026-05-11 06:44:36.676 10 WARNING neutron_lib.context [None req-c9e00296-e83c-4bb6-b8a5-1a12e1fe66e9 87d5a789080d43d3875055fe44289fde 4ad67fabfd9841b4be5db3fcc1b86d10 - - default default] Method 'is_advsvc' is deprecated since 2023.2 release (neutron-lib 3.8.0) and will be removed once support for the old RBAC API policies will be removed from Neutron. Please use method 'is_service_role' instead.
2026-05-11 06:44:36.688 9 INFO neutron.wsgi [req-fc3a6f6e-099d-4ccb-aa3a-9410fab99cb8 req-a4a088de-5b4a-4ac0-b041-edeaae1b490d 2d32fceba9bc48c79fa9181075e8eedc b6924b0db316401c80abd642c456d3b2 - - default default] 10.0.0.137 "GET /v2.0/ports?device_id=c1f5ff14-3d6d-4c51-b1f4-63b6dd12e9d9 HTTP/1.1" status: 200 len: 210 time: 0.0374706
2026-05-11 06:44:36.763 10 INFO neutron.db.segments_db [None req-c9e00296-e83c-4bb6-b8a5-1a12e1fe66e9 87d5a789080d43d3875055fe44289fde 4ad67fabfd9841b4be5db3fcc1b86d10 - - default default] Added segment 46021255-992d-404b-990a-b1f19a4551e3 of type geneve for network 27e15ab8-af4f-4a13-be4e-810e60f28746
2026-05-11 06:44:36.786 9 WARNING neutron.scheduler.dhcp_agent_scheduler [req-4fa4d198-c90a-4942-8c27-89d9a5cb30ad req-eb860eea-0373-49b2-8807-db466b67359a 2d32fceba9bc48c79fa9181075e8eedc b6924b0db316401c80abd642c456d3b2 - - default default] No more DHCP agents
2026-05-11 06:44:36.788 9 WARNING neutron.api.rpc.agentnotifiers.dhcp_rpc_agent_api [req-4fa4d198-c90a-4942-8c27-89d9a5cb30ad req-eb860eea-0373-49b2-8807-db466b67359a 2d32fceba9bc48c79fa9181075e8eedc b6924b0db316401c80abd642c456d3b2 - - default default] Unable to schedule network 2ec0d503-7d82-47db-8dfe-c7d6a9c277af: no agents available; will retry on subsequent port and subnet creation events.
2026-05-11 06:44:36.888 10 INFO neutron.db.ovn_revision_numbers_db [None req-c9e00296-e83c-4bb6-b8a5-1a12e1fe66e9 87d5a789080d43d3875055fe44289fde 4ad67fabfd9841b4be5db3fcc1b86d10 - - default default] Successfully bumped revision number for resource 27e15ab8-af4f-4a13-be4e-810e60f28746 (type: networks) to 1
2026-05-11 06:44:36.965 9 INFO neutron.db.ovn_revision_numbers_db [req-4fa4d198-c90a-4942-8c27-89d9a5cb30ad req-eb860eea-0373-49b2-8807-db466b67359a 2d32fceba9bc48c79fa9181075e8eedc b6924b0db316401c80abd642c456d3b2 - - default default] Successfully bumped revision number for resource 9a7f1697-859f-41b4-89d0-d7f26b254934 (type: ports) to 1
2026-05-11 06:44:36.989 9 INFO neutron.wsgi [req-4fa4d198-c90a-4942-8c27-89d9a5cb30ad req-eb860eea-0373-49b2-8807-db466b67359a 2d32fceba9bc48c79fa9181075e8eedc b6924b0db316401c80abd642c456d3b2 - - default default] 199.204.45.78 "POST /v2.0/ports HTTP/1.1" status: 201 len: 1158 time: 0.6480665 /var/lib/openstack/lib/python3.10/site-packages/pycadf/identifier.py:71: UserWarning: Invalid uuid: neutron. To ensure interoperability, identifiers should be a valid uuid. warnings.warn(('Invalid uuid: %s. To ensure interoperability, '
2026-05-11 06:44:37.057 10 WARNING neutron.scheduler.dhcp_agent_scheduler [None req-c9e00296-e83c-4bb6-b8a5-1a12e1fe66e9 87d5a789080d43d3875055fe44289fde 4ad67fabfd9841b4be5db3fcc1b86d10 - - default default] No more DHCP agents
2026-05-11 06:44:37.059 10 WARNING neutron.api.rpc.agentnotifiers.dhcp_rpc_agent_api [None req-c9e00296-e83c-4bb6-b8a5-1a12e1fe66e9 87d5a789080d43d3875055fe44289fde 4ad67fabfd9841b4be5db3fcc1b86d10 - - default default] Unable to schedule network 27e15ab8-af4f-4a13-be4e-810e60f28746: no agents available; will retry on subsequent port and subnet creation events.
2026-05-11 06:44:37.158 10 INFO neutron.db.ovn_revision_numbers_db [None req-c9e00296-e83c-4bb6-b8a5-1a12e1fe66e9 87d5a789080d43d3875055fe44289fde 4ad67fabfd9841b4be5db3fcc1b86d10 - - default default] Successfully bumped revision number for resource e3c456ee-b3e0-4a86-9229-1e08db8f5391 (type: ports) to 1
