2026-05-11 06:45:00.852 9 INFO neutron.db.ovn_revision_numbers_db [None req-288d2b15-250b-4ae1-bac0-1a7a773e00a4 ed908715294d4a8c81e6c1379e4a42dd d69562675b6948ceb78b32d4447398a6 - - default default] Successfully bumped revision number for resource 94a8f4ab-202e-46f1-a9d2-9009c711ccb8 (type: security_group_rules) to 0
2026-05-11 06:45:00.875 9 INFO neutron.db.ovn_revision_numbers_db [None req-288d2b15-250b-4ae1-bac0-1a7a773e00a4 ed908715294d4a8c81e6c1379e4a42dd d69562675b6948ceb78b32d4447398a6 - - default default] Successfully bumped revision number for resource 99c8a50f-8dbd-4200-a6bc-4f6b0fb685c1 (type: security_group_rules) to 0
2026-05-11 06:45:00.904 9 INFO neutron.wsgi [None req-288d2b15-250b-4ae1-bac0-1a7a773e00a4 ed908715294d4a8c81e6c1379e4a42dd d69562675b6948ceb78b32d4447398a6 - - default default] 10.0.0.176 "GET /v2.0/security-groups?tenant_id=df6748532baa493ab15cfb22494c9bec&name=default HTTP/1.1" status: 200 len: 2996 time: 0.6972482
2026-05-11 06:45:01.150 10 INFO neutron.wsgi [None req-1e786cb5-d514-4efc-b8de-b141e897beba ed908715294d4a8c81e6c1379e4a42dd d69562675b6948ceb78b32d4447398a6 - - default default] 10.0.0.176 "DELETE /v2.0/security-groups/db1fca11-e1d6-4fec-aa03-551eb5cc2681 HTTP/1.1" status: 204 len: 168 time: 0.2403140
2026-05-11 06:45:01.436 9 INFO neutron.wsgi [None req-6c46ee32-35f7-42a0-b8a5-55733b391ead 2d32fceba9bc48c79fa9181075e8eedc b6924b0db316401c80abd642c456d3b2 - - default default] 10.0.0.176 "DELETE /v2.0/routers/c6ecb777-780b-45be-a49a-09b9d1346c4c HTTP/1.1" status: 204 len: 168 time: 1.2360597
2026-05-11 06:45:01.776 9 INFO neutron.services.segments.plugin [-] Segment 1b5949c1-0004-4153-8a97-c835e27cb129 resource provider aggregate not found
2026-05-11 06:45:01.781 9 INFO neutron.services.segments.plugin [-] Segment 1b5949c1-0004-4153-8a97-c835e27cb129 resource provider aggregate not found
2026-05-11 06:45:01.804 9 INFO neutron.services.segments.plugin [-] Segment 1b5949c1-0004-4153-8a97-c835e27cb129 resource provider not found; error: Placement Client Error (4xx): {"errors": [{"status": 404, "title": "Not Found", "detail": "The resource could not be found.\n\n No resource provider with uuid 1b5949c1-0004-4153-8a97-c835e27cb129 found for delete ", "request_id": "req-68d43fee-20b8-4021-bcce-0b84dab2292c"}]}
2026-05-11 06:45:01.805 9 INFO neutron.services.segments.plugin [-] Segment 1b5949c1-0004-4153-8a97-c835e27cb129 resource provider not found; error: Placement Client Error (4xx): {"errors": [{"status": 404, "title": "Not Found", "detail": "The resource could not be found.\n\n No resource provider with uuid 1b5949c1-0004-4153-8a97-c835e27cb129 found for delete ", "request_id": "req-6f2cd43b-13c5-4806-9782-87f4c096969c"}]}
2026-05-11 06:45:01.841 9 INFO neutron.wsgi [None req-938f3ed1-f100-48a6-986f-c74693d5bcd5 2d32fceba9bc48c79fa9181075e8eedc b6924b0db316401c80abd642c456d3b2 - - default default] 10.0.0.176 "DELETE /v2.0/networks/2ec0d503-7d82-47db-8dfe-c7d6a9c277af HTTP/1.1" status: 204 len: 168 time: 0.3981590
2026-05-11 06:45:02.724 9 INFO neutron.db.ovn_revision_numbers_db [None req-5fc41677-68e7-415b-825c-22dda9255049 ed908715294d4a8c81e6c1379e4a42dd d69562675b6948ceb78b32d4447398a6 - - default default] Successfully bumped revision number for resource 6960048d-80b8-40c0-bf18-f9be763bb986 (type: security_groups) to 1
2026-05-11 06:45:02.738 9 INFO neutron.db.ovn_revision_numbers_db [None req-5fc41677-68e7-415b-825c-22dda9255049 ed908715294d4a8c81e6c1379e4a42dd d69562675b6948ceb78b32d4447398a6 - - default default] Successfully bumped revision number for resource 117b6d9a-30f4-42f7-b340-dc298384693c (type: security_group_rules) to 0
2026-05-11 06:45:02.751 9 INFO neutron.db.ovn_revision_numbers_db [None req-5fc41677-68e7-415b-825c-22dda9255049 ed908715294d4a8c81e6c1379e4a42dd d69562675b6948ceb78b32d4447398a6 - - default default] Successfully bumped revision number for resource 21aa2bea-e56b-4656-99dc-4e623d7bb45a (type: security_group_rules) to 0
2026-05-11 06:45:02.767 9 INFO neutron.db.ovn_revision_numbers_db [None req-5fc41677-68e7-415b-825c-22dda9255049 ed908715294d4a8c81e6c1379e4a42dd d69562675b6948ceb78b32d4447398a6 - - default default] Successfully bumped revision number for resource 758a69ae-94a6-4a5f-8dd5-567e29040a80 (type: security_group_rules) to 0
2026-05-11 06:45:02.780 9 INFO neutron.db.ovn_revision_numbers_db [None req-5fc41677-68e7-415b-825c-22dda9255049 ed908715294d4a8c81e6c1379e4a42dd d69562675b6948ceb78b32d4447398a6 - - default default] Successfully bumped revision number for resource f088ed87-8ab0-4e86-a5d5-851b3166d479 (type: security_group_rules) to 0
2026-05-11 06:45:02.805 9 INFO neutron.wsgi [None req-5fc41677-68e7-415b-825c-22dda9255049 ed908715294d4a8c81e6c1379e4a42dd d69562675b6948ceb78b32d4447398a6 - - default default] 10.0.0.176 "GET /v2.0/security-groups?tenant_id=7a3d6f0237ca40cc9915c68725b12a58&name=default HTTP/1.1" status: 200 len: 2996 time: 0.3834150
2026-05-11 06:45:02.987 9 INFO neutron.wsgi [None req-62205f51-20c6-4fea-9c66-51f83b253e63 ed908715294d4a8c81e6c1379e4a42dd d69562675b6948ceb78b32d4447398a6 - - default default] 10.0.0.176 "DELETE /v2.0/security-groups/6960048d-80b8-40c0-bf18-f9be763bb986 HTTP/1.1" status: 204 len: 168 time: 0.1770587
2026-05-11 06:45:03.187 10 INFO neutron.wsgi [None req-9841af53-4382-4e9b-a1f2-437ecedd2f71 ed908715294d4a8c81e6c1379e4a42dd d69562675b6948ceb78b32d4447398a6 - - default default] 10.0.0.176 "GET /v2.0/security-groups?tenant_id=b6924b0db316401c80abd642c456d3b2&name=default HTTP/1.1" status: 200 len: 2996 time: 0.0371246
2026-05-11 06:45:03.334 9 INFO neutron.wsgi [None req-8a28fe6a-ad92-4e55-afa3-7c2cddded58f ed908715294d4a8c81e6c1379e4a42dd d69562675b6948ceb78b32d4447398a6 - - default default] 10.0.0.176 "DELETE /v2.0/security-groups/584a5fff-e352-46f3-a183-9ac7db5768a4 HTTP/1.1" status: 204 len: 168 time: 0.1409156
2026-05-11 06:45:03.856 10 INFO neutron.db.ovn_revision_numbers_db [None req-bf66fb45-9e74-47a8-bb2c-328cba6039a3 ed908715294d4a8c81e6c1379e4a42dd d69562675b6948ceb78b32d4447398a6 - - default default] Successfully bumped revision number for resource 0f917517-a86e-4e17-98b7-130a18ffba74 (type: security_groups) to 1
2026-05-11 06:45:03.867 10 INFO neutron.db.ovn_revision_numbers_db [None req-bf66fb45-9e74-47a8-bb2c-328cba6039a3 ed908715294d4a8c81e6c1379e4a42dd d69562675b6948ceb78b32d4447398a6 - - default default] Successfully bumped revision number for resource 53bf0838-8543-4dce-a199-72e4e5251993 (type: security_group_rules) to 0
2026-05-11 06:45:03.878 10 INFO neutron.db.ovn_revision_numbers_db [None req-bf66fb45-9e74-47a8-bb2c-328cba6039a3 ed908715294d4a8c81e6c1379e4a42dd d69562675b6948ceb78b32d4447398a6 - - default default] Successfully bumped revision number for resource 77caacf7-d0b6-4811-8cef-5cf1f41c4a7f (type: security_group_rules) to 0
2026-05-11 06:45:03.889 10 INFO neutron.db.ovn_revision_numbers_db [None req-bf66fb45-9e74-47a8-bb2c-328cba6039a3 ed908715294d4a8c81e6c1379e4a42dd d69562675b6948ceb78b32d4447398a6 - - default default] Successfully bumped revision number for resource 8ab807ad-3173-44ec-a097-8c887d981bbf (type: security_group_rules) to 0
2026-05-11 06:45:03.907 10 INFO neutron.db.ovn_revision_numbers_db [None req-bf66fb45-9e74-47a8-bb2c-328cba6039a3 ed908715294d4a8c81e6c1379e4a42dd d69562675b6948ceb78b32d4447398a6 - - default default] Successfully bumped revision number for resource 9ee7cf53-5777-42ec-9c83-9d4d31a7ace8 (type: security_group_rules) to 0
2026-05-11 06:45:03.932 10 INFO neutron.wsgi [None req-bf66fb45-9e74-47a8-bb2c-328cba6039a3 ed908715294d4a8c81e6c1379e4a42dd d69562675b6948ceb78b32d4447398a6 - - default default] 10.0.0.176 "GET /v2.0/security-groups?tenant_id=b2fa4ef3254f4fa5bbed7e285d7144e6&name=default HTTP/1.1" status: 200 len: 2996 time: 0.4065311
2026-05-11 06:45:04.173 10 INFO neutron.wsgi [None req-1fbdd8dc-ed56-446b-b8ab-e404c9af5c2f ed908715294d4a8c81e6c1379e4a42dd d69562675b6948ceb78b32d4447398a6 - - default default] 10.0.0.176 "DELETE /v2.0/security-groups/0f917517-a86e-4e17-98b7-130a18ffba74 HTTP/1.1" status: 204 len: 168 time: 0.2345273
2026-05-11 06:45:04.798 9 INFO neutron.wsgi [req-65989d58-65e0-4a3a-b6ba-b5937244caef req-f241140e-9c01-45da-af6d-946fa86f1cd5 25baa6b53e1c49cd87e08a494459c120 01b417b577a04733a90891cb685be87a - - 11380852745b418999a0f1b4f5acfdc9 11380852745b418999a0f1b4f5acfdc9] 10.0.0.254 "GET /v2.0/ports?device_id=a9c00704-5a01-4a8c-ba8a-527014dca6a2 HTTP/1.1" status: 200 len: 1638 time: 0.0389113
2026-05-11 06:45:04.841 9 INFO neutron.wsgi [req-65989d58-65e0-4a3a-b6ba-b5937244caef req-f5bf7d66-e034-443d-b65d-41108e7b760c 25baa6b53e1c49cd87e08a494459c120 01b417b577a04733a90891cb685be87a - - 11380852745b418999a0f1b4f5acfdc9 11380852745b418999a0f1b4f5acfdc9] 10.0.0.254 "GET /v2.0/security-groups?id=e89456f0-c459-4603-8b7a-7091a6072fde&fields=id&fields=name HTTP/1.1" status: 200 len: 311 time: 0.0364950
2026-05-11 06:45:05.140 10 INFO neutron.wsgi [-] 10.0.0.162 "GET / HTTP/1.1" status: 200 len: 247 time: 0.0026298
2026-05-11 06:45:05.143 9 INFO neutron.wsgi [-] 10.0.0.162 "GET / HTTP/1.1" status: 200 len: 247 time: 0.0057800
2026-05-11 06:45:06.176 10 INFO neutron.db.ovn_revision_numbers_db [None req-f79dab19-8d54-4d58-bde3-bd1d00b6e1b2 ed908715294d4a8c81e6c1379e4a42dd d69562675b6948ceb78b32d4447398a6 - - default default] Successfully bumped revision number for resource 696777a7-3ce7-4ad5-9e83-3d50c144f57f (type: security_groups) to 1
2026-05-11 06:45:06.194 10 INFO neutron.db.ovn_revision_numbers_db [None req-f79dab19-8d54-4d58-bde3-bd1d00b6e1b2 ed908715294d4a8c81e6c1379e4a42dd d69562675b6948ceb78b32d4447398a6 - - default default] Successfully bumped revision number for resource 51f3b69d-186d-4cda-9f38-f416d3e1cf86 (type: security_group_rules) to 0
2026-05-11 06:45:06.215 10 INFO neutron.db.ovn_revision_numbers_db [None req-f79dab19-8d54-4d58-bde3-bd1d00b6e1b2 ed908715294d4a8c81e6c1379e4a42dd d69562675b6948ceb78b32d4447398a6 - - default default] Successfully bumped revision number for resource 77241433-efa6-4383-8564-839e8bec18a3 (type: security_group_rules) to 0
2026-05-11 06:45:06.231 10 INFO neutron.db.ovn_revision_numbers_db [None req-f79dab19-8d54-4d58-bde3-bd1d00b6e1b2 ed908715294d4a8c81e6c1379e4a42dd d69562675b6948ceb78b32d4447398a6 - - default default] Successfully bumped revision number for resource bcaea068-0a52-44ae-ab61-8263b82913fc (type: security_group_rules) to 0
2026-05-11 06:45:06.244 10 INFO neutron.db.ovn_revision_numbers_db [None req-f79dab19-8d54-4d58-bde3-bd1d00b6e1b2 ed908715294d4a8c81e6c1379e4a42dd d69562675b6948ceb78b32d4447398a6 - - default default] Successfully bumped revision number for resource f6833bfb-1333-4bc5-9974-b31782066498 (type: security_group_rules) to 0
2026-05-11 06:45:06.303 10 INFO neutron.db.segments_db [None req-f79dab19-8d54-4d58-bde3-bd1d00b6e1b2 ed908715294d4a8c81e6c1379e4a42dd d69562675b6948ceb78b32d4447398a6 - - default default] Added segment ba1b5155-b1ca-4d0c-bea1-6532a3ac3123 of type geneve for network 3bee6205-10ba-4731-a148-9e0a5b320cbc
2026-05-11 06:45:06.466 10 INFO neutron.db.ovn_revision_numbers_db [None req-f79dab19-8d54-4d58-bde3-bd1d00b6e1b2 ed908715294d4a8c81e6c1379e4a42dd d69562675b6948ceb78b32d4447398a6 - - default default] Successfully bumped revision number for resource 3bee6205-10ba-4731-a148-9e0a5b320cbc (type: networks) to 1
2026-05-11 06:45:06.624 10 WARNING neutron.scheduler.dhcp_agent_scheduler [None req-f79dab19-8d54-4d58-bde3-bd1d00b6e1b2 ed908715294d4a8c81e6c1379e4a42dd d69562675b6948ceb78b32d4447398a6 - - default default] No more DHCP agents
2026-05-11 06:45:06.626 10 WARNING neutron.api.rpc.agentnotifiers.dhcp_rpc_agent_api [None req-f79dab19-8d54-4d58-bde3-bd1d00b6e1b2 ed908715294d4a8c81e6c1379e4a42dd d69562675b6948ceb78b32d4447398a6 - - default default] Unable to schedule network 3bee6205-10ba-4731-a148-9e0a5b320cbc: no agents available; will retry on subsequent port and subnet creation events.
2026-05-11 06:45:06.711 10 INFO neutron.db.ovn_revision_numbers_db [None req-f79dab19-8d54-4d58-bde3-bd1d00b6e1b2 ed908715294d4a8c81e6c1379e4a42dd d69562675b6948ceb78b32d4447398a6 - - default default] Successfully bumped revision number for resource 779bd7ca-d6f2-415d-bc40-11564c5f711e (type: ports) to 1
2026-05-11 06:45:06.738 10 INFO neutron.wsgi [None req-f79dab19-8d54-4d58-bde3-bd1d00b6e1b2 ed908715294d4a8c81e6c1379e4a42dd d69562675b6948ceb78b32d4447398a6 - - default default] 10.0.0.176 "POST /v2.0/networks HTTP/1.1" status: 201 len: 943 time: 0.9062438
2026-05-11 06:45:06.889 10 WARNING neutron.scheduler.dhcp_agent_scheduler [None req-b46052ee-86d6-4261-b451-b044fe3c4c8b ed908715294d4a8c81e6c1379e4a42dd d69562675b6948ceb78b32d4447398a6 - - default default] No more DHCP agents
2026-05-11 06:45:06.892 10 WARNING neutron.api.rpc.agentnotifiers.dhcp_rpc_agent_api [None req-b46052ee-86d6-4261-b451-b044fe3c4c8b ed908715294d4a8c81e6c1379e4a42dd d69562675b6948ceb78b32d4447398a6 - - default default] Unable to schedule network 3bee6205-10ba-4731-a148-9e0a5b320cbc: no agents available; will retry on subsequent port and subnet creation events.
2026-05-11 06:45:07.346 10 INFO neutron.db.ovn_revision_numbers_db [None req-b46052ee-86d6-4261-b451-b044fe3c4c8b ed908715294d4a8c81e6c1379e4a42dd d69562675b6948ceb78b32d4447398a6 - - default default] Successfully bumped revision number for resource 779bd7ca-d6f2-415d-bc40-11564c5f711e (type: ports) to 2
2026-05-11 06:45:07.383 10 INFO neutron.db.ovn_revision_numbers_db [None req-b46052ee-86d6-4261-b451-b044fe3c4c8b ed908715294d4a8c81e6c1379e4a42dd d69562675b6948ceb78b32d4447398a6 - - default default] Successfully bumped revision number for resource 57697ef1-5856-46b1-ae7f-f528259af917 (type: subnets) to 0
2026-05-11 06:45:07.402 10 INFO neutron.wsgi [None req-b46052ee-86d6-4261-b451-b044fe3c4c8b ed908715294d4a8c81e6c1379e4a42dd d69562675b6948ceb78b32d4447398a6 - - default default] 10.0.0.176 "POST /v2.0/subnets HTTP/1.1" status: 201 len: 863 time: 0.6588447
2026-05-11 06:45:07.562 9 WARNING neutron_lib.context [None req-0f436e39-f66d-4a08-9862-0aa890b5bad6 43859904b5db495b86e80ffef822accd bc2356fb00c0499eb9d5a9d79b904f05 - - default default] Method 'is_advsvc' is deprecated since 2023.2 release (neutron-lib 3.8.0) and will be removed once support for the old RBAC API policies will be removed from Neutron. Please use method 'is_service_role' instead.
2026-05-11 06:45:07.712 9 INFO neutron.db.ovn_revision_numbers_db [None req-0f436e39-f66d-4a08-9862-0aa890b5bad6 43859904b5db495b86e80ffef822accd bc2356fb00c0499eb9d5a9d79b904f05 - - default default] Successfully bumped revision number for resource 8d1168b1-1067-443a-bccf-36c1990f261c (type: security_groups) to 1
2026-05-11 06:45:07.728 9 INFO neutron.db.ovn_revision_numbers_db [None req-0f436e39-f66d-4a08-9862-0aa890b5bad6 43859904b5db495b86e80ffef822accd bc2356fb00c0499eb9d5a9d79b904f05 - - default default] Successfully bumped revision number for resource 09af48fe-a8d8-43b2-b12c-20d7f5d2529a (type: security_group_rules) to 0
2026-05-11 06:45:07.741 9 INFO neutron.db.ovn_revision_numbers_db [None req-0f436e39-f66d-4a08-9862-0aa890b5bad6 43859904b5db495b86e80ffef822accd bc2356fb00c0499eb9d5a9d79b904f05 - - default default] Successfully bumped revision number for resource c717ab1a-8770-43f9-9263-10abdcf2db53 (type: security_group_rules) to 0
2026-05-11 06:45:07.756 9 INFO neutron.db.ovn_revision_numbers_db [None req-0f436e39-f66d-4a08-9862-0aa890b5bad6 43859904b5db495b86e80ffef822accd bc2356fb00c0499eb9d5a9d79b904f05 - - default default] Successfully bumped revision number for resource c9663ac0-b0be-4086-a4cf-2cd9e00b7d6c (type: security_group_rules) to 0
2026-05-11 06:45:07.769 9 INFO neutron.db.ovn_revision_numbers_db [None req-0f436e39-f66d-4a08-9862-0aa890b5bad6 43859904b5db495b86e80ffef822accd bc2356fb00c0499eb9d5a9d79b904f05 - - default default] Successfully bumped revision number for resource f0d36dd2-6d22-4227-941f-80d544853b49 (type: security_group_rules) to 0
2026-05-11 06:45:07.819 9 INFO neutron.db.segments_db [None req-0f436e39-f66d-4a08-9862-0aa890b5bad6 43859904b5db495b86e80ffef822accd bc2356fb00c0499eb9d5a9d79b904f05 - - default default] Added segment e1c573c4-6af7-4e9a-bc28-5095775bfe42 of type geneve for network bd1fd95d-b8fd-4d52-b557-c76d3ba8b7d5
2026-05-11 06:45:07.874 10 WARNING neutron.scheduler.dhcp_agent_scheduler [None req-6171dfa8-d0a0-46cb-a60c-22f6b6e859f4 ed908715294d4a8c81e6c1379e4a42dd d69562675b6948ceb78b32d4447398a6 - - default default] No more DHCP agents
2026-05-11 06:45:07.877 10 WARNING neutron.api.rpc.agentnotifiers.dhcp_rpc_agent_api [None req-6171dfa8-d0a0-46cb-a60c-22f6b6e859f4 ed908715294d4a8c81e6c1379e4a42dd d69562675b6948ceb78b32d4447398a6 - - default default] Unable to schedule network b60092eb-297c-4390-8bb9-7ebd6553f877: no agents available; will retry on subsequent port and subnet creation events.
2026-05-11 06:45:07.965 9 INFO neutron.db.ovn_revision_numbers_db [None req-0f436e39-f66d-4a08-9862-0aa890b5bad6 43859904b5db495b86e80ffef822accd bc2356fb00c0499eb9d5a9d79b904f05 - - default default] Successfully bumped revision number for resource bd1fd95d-b8fd-4d52-b557-c76d3ba8b7d5 (type: networks) to 1
2026-05-11 06:45:08.045 10 INFO neutron.db.ovn_revision_numbers_db [None req-6171dfa8-d0a0-46cb-a60c-22f6b6e859f4 ed908715294d4a8c81e6c1379e4a42dd d69562675b6948ceb78b32d4447398a6 - - default default] Successfully bumped revision number for resource c865eb69-07a5-4c26-ac40-745570278ed7 (type: ports) to 1
2026-05-11 06:45:08.163 9 WARNING neutron.scheduler.dhcp_agent_scheduler [None req-0f436e39-f66d-4a08-9862-0aa890b5bad6 43859904b5db495b86e80ffef822accd bc2356fb00c0499eb9d5a9d79b904f05 - - default default] No more DHCP agents
2026-05-11 06:45:08.166 9 WARNING neutron.api.rpc.agentnotifiers.dhcp_rpc_agent_api [None req-0f436e39-f66d-4a08-9862-0aa890b5bad6 43859904b5db495b86e80ffef822accd bc2356fb00c0499eb9d5a9d79b904f05 - - default default] Unable to schedule network bd1fd95d-b8fd-4d52-b557-c76d3ba8b7d5: no agents available; will retry on subsequent port and subnet creation events.
2026-05-11 06:45:08.256 9 INFO neutron.db.ovn_revision_numbers_db [None req-0f436e39-f66d-4a08-9862-0aa890b5bad6 43859904b5db495b86e80ffef822accd bc2356fb00c0499eb9d5a9d79b904f05 - - default default] Successfully bumped revision number for resource 3b88894e-7970-48b7-92e8-4c24eb7ee412 (type: ports) to 1
2026-05-11 06:45:08.281 9 INFO neutron.wsgi [None req-0f436e39-f66d-4a08-9862-0aa890b5bad6 43859904b5db495b86e80ffef822accd bc2356fb00c0499eb9d5a9d79b904f05 - - default default] 10.0.0.176 "POST /v2.0/networks HTTP/1.1" status: 201 len: 831 time: 0.9079235
2026-05-11 06:45:08.292 9 WARNING neutron_lib.context [None req-e367672f-74ab-493f-989e-961213b45fab 43859904b5db495b86e80ffef822accd bc2356fb00c0499eb9d5a9d79b904f05 - - default default] Method 'is_advsvc' is deprecated since 2023.2 release (neutron-lib 3.8.0) and will be removed once support for the old RBAC API policies will be removed from Neutron. Please use method 'is_service_role' instead.
2026-05-11 06:45:08.334 9 INFO neutron.wsgi [None req-eb465501-d25f-4231-9a5b-b85549b8309f d0cf564d29ae49a4ba88c0bf3a72f59b 99802883f0e54dacbd19f60e6cfa2adb - - default default] 10.0.0.176 "GET /v2.0/subnets/7b5f72aa-08c3-49c4-87fe-68955f735de4 HTTP/1.1" status: 200 len: 846 time: 0.0370412
2026-05-11 06:45:08.420 9 INFO neutron.db.segments_db [None req-e367672f-74ab-493f-989e-961213b45fab 43859904b5db495b86e80ffef822accd bc2356fb00c0499eb9d5a9d79b904f05 - - default default] Added segment 837c8134-b1a2-4089-aaf3-046abbd3cfc5 of type geneve for network 2e41d2b9-47c7-4a43-95c4-7991b0a0cc4f
2026-05-11 06:45:08.587 9 INFO neutron.db.ovn_revision_numbers_db [None req-e367672f-74ab-493f-989e-961213b45fab 43859904b5db495b86e80ffef822accd bc2356fb00c0499eb9d5a9d79b904f05 - - default default] Successfully bumped revision number for resource 2e41d2b9-47c7-4a43-95c4-7991b0a0cc4f (type: networks) to 1
2026-05-11 06:45:08.671 10 INFO neutron.plugins.ml2.drivers.ovn.mech_driver.mech_driver [None req-9a9ff5d1-29cb-4687-a6f5-76877596e9b9 - - - - - -] OVN reports status up for port: c865eb69-07a5-4c26-ac40-745570278ed7
2026-05-11 06:45:08.710 10 INFO neutron.plugins.ml2.drivers.ovn.mech_driver.ovsdb.ovsdb_monitor [None req-7f20d9ac-6334-4a40-8f29-51a93d958624 - - - - - -] Router 454a8475-d3c6-4a3d-8776-fd940b8caebf is bound to host instance
2026-05-11 06:45:08.712 10 INFO neutron.plugins.ml2.plugin [None req-9a9ff5d1-29cb-4687-a6f5-76877596e9b9 - - - - - -] Attempt 1 to provision port c865eb69-07a5-4c26-ac40-745570278ed7
2026-05-11 06:45:08.756 10 INFO neutron.db.ovn_revision_numbers_db [None req-6171dfa8-d0a0-46cb-a60c-22f6b6e859f4 ed908715294d4a8c81e6c1379e4a42dd d69562675b6948ceb78b32d4447398a6 - - default default] Successfully bumped revision number for resource c865eb69-07a5-4c26-ac40-745570278ed7 (type: router_ports) to 1
2026-05-11 06:45:08.817 9 WARNING neutron.scheduler.dhcp_agent_scheduler [None req-e367672f-74ab-493f-989e-961213b45fab 43859904b5db495b86e80ffef822accd bc2356fb00c0499eb9d5a9d79b904f05 - - default default] No more DHCP agents
2026-05-11 06:45:08.819 9 WARNING neutron.api.rpc.agentnotifiers.dhcp_rpc_agent_api [None req-e367672f-74ab-493f-989e-961213b45fab 43859904b5db495b86e80ffef822accd bc2356fb00c0499eb9d5a9d79b904f05 - - default default] Unable to schedule network 2e41d2b9-47c7-4a43-95c4-7991b0a0cc4f: no agents available; will retry on subsequent port and subnet creation events.
2026-05-11 06:45:08.892 9 INFO neutron.db.ovn_revision_numbers_db [None req-e367672f-74ab-493f-989e-961213b45fab 43859904b5db495b86e80ffef822accd bc2356fb00c0499eb9d5a9d79b904f05 - - default default] Successfully bumped revision number for resource a4957d2a-2c6d-4bec-b9f3-9d9d1b541546 (type: ports) to 1
2026-05-11 06:45:08.911 9 INFO neutron.wsgi [None req-e367672f-74ab-493f-989e-961213b45fab 43859904b5db495b86e80ffef822accd bc2356fb00c0499eb9d5a9d79b904f05 - - default default] 10.0.0.176 "POST /v2.0/networks HTTP/1.1" status: 201 len: 831 time: 0.6254945
2026-05-11 06:45:08.920 9 WARNING neutron_lib.context [None req-4c7375be-1fd9-4203-a671-bfc66b0621ee 43859904b5db495b86e80ffef822accd bc2356fb00c0499eb9d5a9d79b904f05 - - default default] Method 'is_advsvc' is deprecated since 2023.2 release (neutron-lib 3.8.0) and will be removed once support for the old RBAC API policies will be removed from Neutron. Please use method 'is_service_role' instead.
2026-05-11 06:45:08.922 10 INFO neutron.db.ovn_revision_numbers_db [None req-6171dfa8-d0a0-46cb-a60c-22f6b6e859f4 ed908715294d4a8c81e6c1379e4a42dd d69562675b6948ceb78b32d4447398a6 - - default default] Successfully bumped revision number for resource 454a8475-d3c6-4a3d-8776-fd940b8caebf (type: routers) to 2
2026-05-11 06:45:08.994 9 INFO neutron.db.segments_db [None req-4c7375be-1fd9-4203-a671-bfc66b0621ee 43859904b5db495b86e80ffef822accd bc2356fb00c0499eb9d5a9d79b904f05 - - default default] Added segment 31e22d03-75b6-4562-affa-4a9f47e5a923 of type geneve for network 6f0e9ca5-20b7-4742-9c7a-86a31925d783
2026-05-11 06:45:09.144 9 INFO neutron.db.ovn_revision_numbers_db [None req-4c7375be-1fd9-4203-a671-bfc66b0621ee 43859904b5db495b86e80ffef822accd bc2356fb00c0499eb9d5a9d79b904f05 - - default default] Successfully bumped revision number for resource 6f0e9ca5-20b7-4742-9c7a-86a31925d783 (type: networks) to 1
2026-05-11 06:45:09.202 10 INFO neutron.wsgi [None req-6171dfa8-d0a0-46cb-a60c-22f6b6e859f4 ed908715294d4a8c81e6c1379e4a42dd d69562675b6948ceb78b32d4447398a6 - - default default] 10.0.0.176 "POST /v2.0/routers HTTP/1.1" status: 201 len: 874 time: 1.7953172
2026-05-11 06:45:09.232 9 INFO neutron.wsgi [None req-f45323c5-7f17-46ad-8a19-37ae12a3e6c8 ed908715294d4a8c81e6c1379e4a42dd d69562675b6948ceb78b32d4447398a6 - - default default] 10.0.0.210 "GET /v2.0/extensions/security-group HTTP/1.1" status: 200 len: 369 time: 0.0544126
2026-05-11 06:45:09.239 9 INFO neutron.wsgi [None req-932361d2-a8d4-41f7-8030-c951ea5a18f1 ed908715294d4a8c81e6c1379e4a42dd d69562675b6948ceb78b32d4447398a6 - - default default] 10.0.0.210 "GET /v2.0/extensions/dns-integration HTTP/1.1" status: 200 len: 371 time: 0.0030074
2026-05-11 06:45:09.247 9 INFO neutron.wsgi [None req-10e0bc89-c44f-4ac0-ba48-fe71ed7867fa ed908715294d4a8c81e6c1379e4a42dd d69562675b6948ceb78b32d4447398a6 - - default default] 10.0.0.210 "GET /v2.0/extensions/qos HTTP/1.1" status: 200 len: 365 time: 0.0054531
2026-05-11 06:45:09.256 9 INFO neutron.wsgi [None req-3ad92be6-aad6-423a-a197-1c7a42dfc91d ed908715294d4a8c81e6c1379e4a42dd d69562675b6948ceb78b32d4447398a6 - - default default] 10.0.0.210 "GET /v2.0/extensions/allowed-address-pairs HTTP/1.1" status: 200 len: 383 time: 0.0057919
2026-05-11 06:45:09.367 9 WARNING neutron.scheduler.dhcp_agent_scheduler [None req-4c7375be-1fd9-4203-a671-bfc66b0621ee 43859904b5db495b86e80ffef822accd bc2356fb00c0499eb9d5a9d79b904f05 - - default default] No more DHCP agents
2026-05-11 06:45:09.370 9 WARNING neutron.api.rpc.agentnotifiers.dhcp_rpc_agent_api [None req-4c7375be-1fd9-4203-a671-bfc66b0621ee 43859904b5db495b86e80ffef822accd bc2356fb00c0499eb9d5a9d79b904f05 - - default default] Unable to schedule network 6f0e9ca5-20b7-4742-9c7a-86a31925d783: no agents available; will retry on subsequent port and subnet creation events.
2026-05-11 06:45:09.453 9 INFO neutron.db.ovn_revision_numbers_db [None req-4c7375be-1fd9-4203-a671-bfc66b0621ee 43859904b5db495b86e80ffef822accd bc2356fb00c0499eb9d5a9d79b904f05 - - default default] Successfully bumped revision number for resource eb1a7be0-ce6a-492e-9d4d-d92f1bd59c37 (type: ports) to 1
2026-05-11 06:45:09.475 9 INFO neutron.wsgi [None req-4c7375be-1fd9-4203-a671-bfc66b0621ee 43859904b5db495b86e80ffef822accd bc2356fb00c0499eb9d5a9d79b904f05 - - default default] 10.0.0.176 "POST /v2.0/networks HTTP/1.1" status: 201 len: 831 time: 0.5592000
2026-05-11 06:45:09.485 9 WARNING neutron_lib.context [None req-16f56df3-d5c5-48e8-b359-e0e67462c130 43859904b5db495b86e80ffef822accd bc2356fb00c0499eb9d5a9d79b904f05 - - default default] Method 'is_advsvc' is deprecated since 2023.2 release (neutron-lib 3.8.0) and will be removed once support for the old RBAC API policies will be removed from Neutron. Please use method 'is_service_role' instead.
2026-05-11 06:45:09.576 9 INFO neutron.db.segments_db [None req-16f56df3-d5c5-48e8-b359-e0e67462c130 43859904b5db495b86e80ffef822accd bc2356fb00c0499eb9d5a9d79b904f05 - - default default] Added segment 5747bcc7-6caa-496c-bbc3-65a29c2ee826 of type geneve for network 6067abf9-3dc1-4e2d-90e2-78715d6c52d8
2026-05-11 06:45:09.676 10 INFO neutron.db.ovn_revision_numbers_db [None req-7f20d9ac-6334-4a40-8f29-51a93d958624 - - - - - -] Successfully bumped revision number for resource c865eb69-07a5-4c26-ac40-745570278ed7 (type: ports) to 1
2026-05-11 06:45:09.716 9 INFO neutron.db.ovn_revision_numbers_db [None req-16f56df3-d5c5-48e8-b359-e0e67462c130 43859904b5db495b86e80ffef822accd bc2356fb00c0499eb9d5a9d79b904f05 - - default default] Successfully bumped revision number for resource 6067abf9-3dc1-4e2d-90e2-78715d6c52d8 (type: networks) to 1
2026-05-11 06:45:09.724 10 INFO neutron.wsgi [-] 10.0.0.210 "GET / HTTP/1.1" status: 200 len: 284 time: 0.0012295
2026-05-11 06:45:09.759 10 WARNING neutron.scheduler.dhcp_agent_scheduler [None req-81dd1bff-9728-440f-83e4-4d47661f58d7 ed908715294d4a8c81e6c1379e4a42dd d69562675b6948ceb78b32d4447398a6 - - default default] No more DHCP agents
2026-05-11 06:45:09.768 10 WARNING neutron.api.rpc.agentnotifiers.dhcp_rpc_agent_api [None req-81dd1bff-9728-440f-83e4-4d47661f58d7 ed908715294d4a8c81e6c1379e4a42dd d69562675b6948ceb78b32d4447398a6 - - default default] Unable to schedule network 3bee6205-10ba-4731-a148-9e0a5b320cbc: no agents available; will retry on subsequent port and subnet creation events.
2026-05-11 06:45:09.797 10 INFO neutron.wsgi [None req-fc1296c7-4dc3-4a28-b3d0-a57134d675a9 b5edebad026d4222ba4845bf1bfae088 232f101a28a14751a0a0a23a564eda5e - - default default] 10.0.0.210 "GET /v2.0/subnets/7b5f72aa-08c3-49c4-87fe-68955f735de4 HTTP/1.1" status: 200 len: 833 time: 0.0566497
2026-05-11 06:45:09.814 9 INFO neutron.wsgi [None req-831fe907-970c-483a-8d66-fae98a72615c ed908715294d4a8c81e6c1379e4a42dd d69562675b6948ceb78b32d4447398a6 - - default default] 10.0.0.210 "GET /v2.0/extensions/security-group HTTP/1.1" status: 200 len: 369 time: 0.0068829
2026-05-11 06:45:09.825 9 INFO neutron.wsgi [None req-087ac94c-26f9-48cd-85eb-80c3762b5a00 ed908715294d4a8c81e6c1379e4a42dd d69562675b6948ceb78b32d4447398a6 - - default default] 10.0.0.210 "GET /v2.0/extensions/dns-integration HTTP/1.1" status: 200 len: 371 time: 0.0042272
2026-05-11 06:45:09.838 9 INFO neutron.wsgi [None req-110f5bdc-ff46-479c-9555-afb9cbc5271d ed908715294d4a8c81e6c1379e4a42dd d69562675b6948ceb78b32d4447398a6 - - default default] 10.0.0.210 "GET /v2.0/extensions/qos HTTP/1.1" status: 200 len: 365 time: 0.0053077
2026-05-11 06:45:09.847 9 INFO neutron.wsgi [None req-c460c6a4-12f1-4425-8658-7907c201888b ed908715294d4a8c81e6c1379e4a42dd d69562675b6948ceb78b32d4447398a6 - - default default] 10.0.0.210 "GET /v2.0/extensions/allowed-address-pairs HTTP/1.1" status: 200 len: 383 time: 0.0033188
2026-05-11 06:45:09.897 9 INFO neutron.wsgi [None req-872769f8-1d05-4b5c-9db0-0a023112d222 ed908715294d4a8c81e6c1379e4a42dd d69562675b6948ceb78b32d4447398a6 - - default default] 10.0.0.210 "GET /v2.0/subnets/7b5f72aa-08c3-49c4-87fe-68955f735de4 HTTP/1.1" status: 200 len: 851 time: 0.0404060
2026-05-11 06:45:09.935 9 WARNING neutron.scheduler.dhcp_agent_scheduler [None req-16f56df3-d5c5-48e8-b359-e0e67462c130 43859904b5db495b86e80ffef822accd bc2356fb00c0499eb9d5a9d79b904f05 - - default default] No more DHCP agents
2026-05-11 06:45:09.937 9 WARNING neutron.api.rpc.agentnotifiers.dhcp_rpc_agent_api [None req-16f56df3-d5c5-48e8-b359-e0e67462c130 43859904b5db495b86e80ffef822accd bc2356fb00c0499eb9d5a9d79b904f05 - - default default] Unable to schedule network 6067abf9-3dc1-4e2d-90e2-78715d6c52d8: no agents available; will retry on subsequent port and subnet creation events.
2026-05-11 06:45:09.998 9 INFO neutron.wsgi [None req-4ca2c3fa-c59d-45b9-bf01-872655f40dfd ed908715294d4a8c81e6c1379e4a42dd d69562675b6948ceb78b32d4447398a6 - - default default] 10.0.0.210 "GET /v2.0/extensions/security-group HTTP/1.1" status: 200 len: 369 time: 0.0080347
2026-05-11 06:45:10.007 10 INFO neutron.db.ovn_revision_numbers_db [None req-7f20d9ac-6334-4a40-8f29-51a93d958624 - - - - - -] Successfully bumped revision number for resource c865eb69-07a5-4c26-ac40-745570278ed7 (type: router_ports) to 3
2026-05-11 06:45:10.007 9 INFO neutron.wsgi [None req-118d585f-af8c-46d4-bb96-a7c8c284129c ed908715294d4a8c81e6c1379e4a42dd d69562675b6948ceb78b32d4447398a6 - - default default] 10.0.0.210 "GET /v2.0/extensions/dns-integration HTTP/1.1" status: 200 len: 371 time: 0.0038435
2026-05-11 06:45:10.017 9 INFO neutron.wsgi [None req-f28a7d3b-d6c2-4c3f-a6c0-347f4594a8fe ed908715294d4a8c81e6c1379e4a42dd d69562675b6948ceb78b32d4447398a6 - - default default] 10.0.0.210 "GET /v2.0/extensions/qos HTTP/1.1" status: 200 len: 365 time: 0.0031815
2026-05-11 06:45:10.018 10 INFO neutron.db.ovn_revision_numbers_db [None req-81dd1bff-9728-440f-83e4-4d47661f58d7 ed908715294d4a8c81e6c1379e4a42dd d69562675b6948ceb78b32d4447398a6 - - default default] Successfully bumped revision number for resource 0968654e-5b2c-4686-b2e6-83fbf209a14e (type: ports) to 1
2026-05-11 06:45:10.033 9 INFO neutron.wsgi [None req-6b5f05ff-2a09-42f3-bc84-dca8435f1164 ed908715294d4a8c81e6c1379e4a42dd d69562675b6948ceb78b32d4447398a6 - - default default] 10.0.0.210 "GET /v2.0/extensions/allowed-address-pairs HTTP/1.1" status: 200 len: 383 time: 0.0050340
2026-05-11 06:45:10.058 9 INFO neutron.db.ovn_revision_numbers_db [None req-16f56df3-d5c5-48e8-b359-e0e67462c130 43859904b5db495b86e80ffef822accd bc2356fb00c0499eb9d5a9d79b904f05 - - default default] Successfully bumped revision number for resource 69ee8a4d-2d1e-4184-9f2e-d566c9c8a6bd (type: ports) to 1
2026-05-11 06:45:10.086 9 INFO neutron.wsgi [None req-16f56df3-d5c5-48e8-b359-e0e67462c130 43859904b5db495b86e80ffef822accd bc2356fb00c0499eb9d5a9d79b904f05 - - default default] 10.0.0.176 "POST /v2.0/networks HTTP/1.1" status: 201 len: 830 time: 0.6058452
2026-05-11 06:45:10.101 9 WARNING neutron_lib.context [None req-672333c7-e54a-46f4-8454-2132615bc7a3 43859904b5db495b86e80ffef822accd bc2356fb00c0499eb9d5a9d79b904f05 - - default default] Method 'is_advsvc' is deprecated since 2023.2 release (neutron-lib 3.8.0) and will be removed once support for the old RBAC API policies will be removed from Neutron. Please use method 'is_service_role' instead.
2026-05-11 06:45:10.123 9 INFO neutron.wsgi [None req-3f41ef4c-a2a7-4c95-9c8e-e94beffc1b08 ed908715294d4a8c81e6c1379e4a42dd d69562675b6948ceb78b32d4447398a6 - - default default] 10.0.0.210 "GET /v2.0/networks/5aa89c9c-369e-4585-8e20-197930aaffe1 HTTP/1.1" status: 200 len: 1000 time: 0.0799098
2026-05-11 06:45:10.136 9 INFO neutron.wsgi [None req-4f5e596f-8722-49ac-98d9-7dff3b4fc852 ed908715294d4a8c81e6c1379e4a42dd d69562675b6948ceb78b32d4447398a6 - - default default] 10.0.0.210 "GET /v2.0/extensions/project-id HTTP/1.1" status: 200 len: 403 time: 0.0043888
2026-05-11 06:45:10.205 9 INFO neutron.db.segments_db [None req-672333c7-e54a-46f4-8454-2132615bc7a3 43859904b5db495b86e80ffef822accd bc2356fb00c0499eb9d5a9d79b904f05 - - default default] Added segment 12d20429-780a-42ea-8469-677295f485d3 of type geneve for network a414b455-5600-4971-a6d4-3f4a05a84510
2026-05-11 06:45:10.219 10 INFO neutron.db.ovn_revision_numbers_db [None req-7f20d9ac-6334-4a40-8f29-51a93d958624 - - - - - -] Successfully bumped revision number for resource c865eb69-07a5-4c26-ac40-745570278ed7 (type: ports) to 2
2026-05-11 06:45:10.440 9 INFO neutron.db.ovn_revision_numbers_db [None req-672333c7-e54a-46f4-8454-2132615bc7a3 43859904b5db495b86e80ffef822accd bc2356fb00c0499eb9d5a9d79b904f05 - - default default] Successfully bumped revision number for resource a414b455-5600-4971-a6d4-3f4a05a84510 (type: networks) to 1
2026-05-11 06:45:10.561 9 WARNING neutron.scheduler.dhcp_agent_scheduler [None req-140ed21d-ef32-4269-bf07-3a7078ff2c20 ed908715294d4a8c81e6c1379e4a42dd d69562675b6948ceb78b32d4447398a6 - - default default] No more DHCP agents
2026-05-11 06:45:10.566 9 WARNING neutron.api.rpc.agentnotifiers.dhcp_rpc_agent_api [None req-140ed21d-ef32-4269-bf07-3a7078ff2c20 ed908715294d4a8c81e6c1379e4a42dd d69562675b6948ceb78b32d4447398a6 - - default default] Unable to schedule network 5aa89c9c-369e-4585-8e20-197930aaffe1: no agents available; will retry on subsequent port and subnet creation events.
2026-05-11 06:45:10.576 9 INFO neutron.plugins.ml2.drivers.ovn.mech_driver.mech_driver [None req-b058cca0-9862-4edc-91f3-3bd69de2f577 - - - - - -] OVN reports status up for port: 0968654e-5b2c-4686-b2e6-83fbf209a14e
2026-05-11 06:45:10.591 10 INFO neutron.db.ovn_revision_numbers_db [None req-81dd1bff-9728-440f-83e4-4d47661f58d7 ed908715294d4a8c81e6c1379e4a42dd d69562675b6948ceb78b32d4447398a6 - - default default] Successfully bumped revision number for resource 0968654e-5b2c-4686-b2e6-83fbf209a14e (type: router_ports) to 1
2026-05-11 06:45:10.598 9 INFO neutron.plugins.ml2.plugin [None req-b058cca0-9862-4edc-91f3-3bd69de2f577 - - - - - -] Attempt 1 to provision port 0968654e-5b2c-4686-b2e6-83fbf209a14e
2026-05-11 06:45:10.617 10 INFO neutron.db.ovn_revision_numbers_db [None req-7f20d9ac-6334-4a40-8f29-51a93d958624 - - - - - -] Successfully bumped revision number for resource c865eb69-07a5-4c26-ac40-745570278ed7 (type: ports) to 4
2026-05-11 06:45:10.811 10 INFO neutron.db.ovn_revision_numbers_db [None req-81dd1bff-9728-440f-83e4-4d47661f58d7 ed908715294d4a8c81e6c1379e4a42dd d69562675b6948ceb78b32d4447398a6 - - default default] Successfully bumped revision number for resource 0968654e-5b2c-4686-b2e6-83fbf209a14e (type: ports) to 1
2026-05-11 06:45:10.873 10 INFO neutron.db.ovn_revision_numbers_db [None req-7f20d9ac-6334-4a40-8f29-51a93d958624 - - - - - -] Successfully bumped revision number for resource c865eb69-07a5-4c26-ac40-745570278ed7 (type: router_ports) to 4
2026-05-11 06:45:10.893 10 WARNING neutron.scheduler.dhcp_agent_scheduler [None req-81dd1bff-9728-440f-83e4-4d47661f58d7 ed908715294d4a8c81e6c1379e4a42dd d69562675b6948ceb78b32d4447398a6 - - default default] No more DHCP agents
2026-05-11 06:45:10.895 10 WARNING neutron.api.rpc.agentnotifiers.dhcp_rpc_agent_api [None req-81dd1bff-9728-440f-83e4-4d47661f58d7 ed908715294d4a8c81e6c1379e4a42dd d69562675b6948ceb78b32d4447398a6 - - default default] Unable to schedule network 3bee6205-10ba-4731-a148-9e0a5b320cbc: no agents available; will retry on subsequent port and subnet creation events.
2026-05-11 06:45:10.922 9 WARNING neutron.scheduler.dhcp_agent_scheduler [None req-672333c7-e54a-46f4-8454-2132615bc7a3 43859904b5db495b86e80ffef822accd bc2356fb00c0499eb9d5a9d79b904f05 - - default default] No more DHCP agents
2026-05-11 06:45:10.934 9 WARNING neutron.api.rpc.agentnotifiers.dhcp_rpc_agent_api [None req-672333c7-e54a-46f4-8454-2132615bc7a3 43859904b5db495b86e80ffef822accd bc2356fb00c0499eb9d5a9d79b904f05 - - default default] Unable to schedule network a414b455-5600-4971-a6d4-3f4a05a84510: no agents available; will retry on subsequent port and subnet creation events.
2026-05-11 06:45:11.067 9 INFO neutron.db.ovn_revision_numbers_db [None req-672333c7-e54a-46f4-8454-2132615bc7a3 43859904b5db495b86e80ffef822accd bc2356fb00c0499eb9d5a9d79b904f05 - - default default] Successfully bumped revision number for resource 8e246a05-4e79-4444-b3b1-4026aaf5e979 (type: ports) to 1
2026-05-11 06:45:11.074 9 INFO neutron.db.ovn_revision_numbers_db [None req-140ed21d-ef32-4269-bf07-3a7078ff2c20 ed908715294d4a8c81e6c1379e4a42dd d69562675b6948ceb78b32d4447398a6 - - default default] Successfully bumped revision number for resource 15e6b52f-4bb1-46b9-a36d-2e9e253a1490 (type: ports) to 1
2026-05-11 06:45:11.114 9 INFO neutron.wsgi [None req-140ed21d-ef32-4269-bf07-3a7078ff2c20 ed908715294d4a8c81e6c1379e4a42dd d69562675b6948ceb78b32d4447398a6 - - default default] 10.0.0.210 "POST /v2.0/ports HTTP/1.1" status: 201 len: 1333 time: 0.9724207
2026-05-11 06:45:11.125 9 INFO neutron.wsgi [None req-672333c7-e54a-46f4-8454-2132615bc7a3 43859904b5db495b86e80ffef822accd bc2356fb00c0499eb9d5a9d79b904f05 - - default default] 10.0.0.176 "POST /v2.0/networks HTTP/1.1" status: 201 len: 830 time: 1.0335782 /var/lib/openstack/lib/python3.10/site-packages/pycadf/identifier.py:71: UserWarning: Invalid uuid: neutron. To ensure interoperability, identifiers should be a valid uuid. warnings.warn(('Invalid uuid: %s. To ensure interoperability, '
2026-05-11 06:45:11.194 9 INFO neutron.wsgi [None req-f584cd05-5b5f-4d4f-a0fb-8c90ddb4dfe7 43859904b5db495b86e80ffef822accd bc2356fb00c0499eb9d5a9d79b904f05 - - default default] 10.0.0.176 "PUT /v2.0/networks/bd1fd95d-b8fd-4d52-b557-c76d3ba8b7d5/tags HTTP/1.1" status: 200 len: 210 time: 0.0644135
2026-05-11 06:45:11.267 9 INFO neutron.db.ovn_revision_numbers_db [None req-b058cca0-9862-4edc-91f3-3bd69de2f577 - - - - - -] Successfully bumped revision number for resource 0968654e-5b2c-4686-b2e6-83fbf209a14e (type: ports) to 2
2026-05-11 06:45:11.348 9 INFO neutron.db.ovn_revision_numbers_db [None req-b058cca0-9862-4edc-91f3-3bd69de2f577 - - - - - -] Successfully bumped revision number for resource 0968654e-5b2c-4686-b2e6-83fbf209a14e (type: router_ports) to 2
2026-05-11 06:45:11.533 10 INFO neutron.wsgi [None req-b1df1b5b-071e-46cf-bc23-185869884ef6 43859904b5db495b86e80ffef822accd bc2356fb00c0499eb9d5a9d79b904f05 - - default default] 10.0.0.176 "PUT /v2.0/networks/2e41d2b9-47c7-4a43-95c4-7991b0a0cc4f/tags HTTP/1.1" status: 200 len: 218 time: 0.3345969
2026-05-11 06:45:11.594 9 INFO neutron.wsgi [None req-6459228f-c269-436c-b8b5-01a1e1eafcd5 43859904b5db495b86e80ffef822accd bc2356fb00c0499eb9d5a9d79b904f05 - - default default] 10.0.0.176 "PUT /v2.0/networks/6f0e9ca5-20b7-4742-9c7a-86a31925d783/tags HTTP/1.1" status: 200 len: 227 time: 0.0557163
2026-05-11 06:45:11.652 9 INFO neutron.wsgi [None req-5908ab42-7314-4600-b1bf-846582195848 43859904b5db495b86e80ffef822accd bc2356fb00c0499eb9d5a9d79b904f05 - - default default] 10.0.0.176 "PUT /v2.0/networks/6067abf9-3dc1-4e2d-90e2-78715d6c52d8/tags HTTP/1.1" status: 200 len: 212 time: 0.0531785
2026-05-11 06:45:11.721 10 INFO neutron.wsgi [None req-81dd1bff-9728-440f-83e4-4d47661f58d7 ed908715294d4a8c81e6c1379e4a42dd d69562675b6948ceb78b32d4447398a6 - - default default] 10.0.0.176 "PUT /v2.0/routers/454a8475-d3c6-4a3d-8776-fd940b8caebf/add_router_interface HTTP/1.1" status: 200 len: 503 time: 2.5139914
2026-05-11 06:45:11.750 9 INFO neutron.wsgi [None req-001d1145-72b0-43b9-a9e2-a198a607b1c1 43859904b5db495b86e80ffef822accd bc2356fb00c0499eb9d5a9d79b904f05 - - default default] 10.0.0.176 "GET /v2.0/networks?tags=red HTTP/1.1" status: 200 len: 2070 time: 0.0925479
2026-05-11 06:45:11.816 9 INFO neutron.wsgi [None req-fac8e915-d882-4f4a-bb54-8b9358f81620 43859904b5db495b86e80ffef822accd bc2356fb00c0499eb9d5a9d79b904f05 - - default default] 10.0.0.176 "GET /v2.0/networks?tags=red%2Cblue HTTP/1.1" status: 200 len: 1457 time: 0.0611846
2026-05-11 06:45:11.877 9 INFO neutron.wsgi [None req-16b4e167-f65c-45d6-967b-d86002793394 43859904b5db495b86e80ffef822accd bc2356fb00c0499eb9d5a9d79b904f05 - - default default] 10.0.0.176 "GET /v2.0/networks?tags-any=blue HTTP/1.1" status: 200 len: 1457 time: 0.0567555
2026-05-11 06:45:11.928 9 INFO neutron.wsgi [None req-b4b4c73c-3dfe-448c-b9ae-34cacd0c5a70 43859904b5db495b86e80ffef822accd bc2356fb00c0499eb9d5a9d79b904f05 - - default default] 10.0.0.176 "GET /v2.0/networks?tags-any=red%2Cblue HTTP/1.1" status: 200 len: 2070 time: 0.0463893
2026-05-11 06:45:12.025 9 INFO neutron.wsgi [None req-47d8d8a2-7b00-4e91-a29c-087f7dc14bc3 43859904b5db495b86e80ffef822accd bc2356fb00c0499eb9d5a9d79b904f05 - - default default] 10.0.0.176 "GET /v2.0/networks?not-tags=red HTTP/1.1" status: 200 len: 2067 time: 0.0928111
2026-05-11 06:45:12.135 9 INFO neutron.wsgi [None req-f770936a-b924-43a8-b440-381a6a9f8dc6 43859904b5db495b86e80ffef822accd bc2356fb00c0499eb9d5a9d79b904f05 - - default default] 10.0.0.176 "GET /v2.0/networks?not-tags=red%2Cblue HTTP/1.1" status: 200 len: 2680 time: 0.1053858
2026-05-11 06:45:12.243 9 INFO neutron.wsgi [None req-3530d4f9-edb6-4eb4-bf62-850f05beb80a 43859904b5db495b86e80ffef822accd bc2356fb00c0499eb9d5a9d79b904f05 - - default default] 10.0.0.176 "GET /v2.0/networks?not-tags-any=blue HTTP/1.1" status: 200 len: 2680 time: 0.1048672
2026-05-11 06:45:12.324 9 INFO neutron.wsgi [None req-39387a6c-7109-485c-bb86-8f15b2d32444 43859904b5db495b86e80ffef822accd bc2356fb00c0499eb9d5a9d79b904f05 - - default default] 10.0.0.176 "GET /v2.0/networks?not-tags-any=red%2Cblue HTTP/1.1" status: 200 len: 2067 time: 0.0748498
2026-05-11 06:45:12.686 9 INFO neutron.services.segments.plugin [-] Segment e1c573c4-6af7-4e9a-bc28-5095775bfe42 resource provider aggregate not found
2026-05-11 06:45:12.693 9 INFO neutron.services.segments.plugin [-] Segment e1c573c4-6af7-4e9a-bc28-5095775bfe42 resource provider aggregate not found
2026-05-11 06:45:12.709 9 INFO neutron.services.segments.plugin [-] Segment e1c573c4-6af7-4e9a-bc28-5095775bfe42 resource provider not found; error: Placement Client Error (4xx): {"errors": [{"status": 404, "title": "Not Found", "detail": "The resource could not be found.\n\n No resource provider with uuid e1c573c4-6af7-4e9a-bc28-5095775bfe42 found for delete ", "request_id": "req-250689dd-b3bd-430b-8ded-f980e4419091"}]}
2026-05-11 06:45:12.710 9 INFO neutron.services.segments.plugin [-] Segment e1c573c4-6af7-4e9a-bc28-5095775bfe42 resource provider not found; error: Placement Client Error (4xx): {"errors": [{"status": 404, "title": "Not Found", "detail": "The resource could not be found.\n\n No resource provider with uuid e1c573c4-6af7-4e9a-bc28-5095775bfe42 found for delete ", "request_id": "req-d859ec42-8264-484c-a936-2328feed5e9f"}]}
2026-05-11 06:45:12.731 9 INFO neutron.wsgi [None req-0e688a90-27f4-4e71-8a75-480c3eedc9a2 43859904b5db495b86e80ffef822accd bc2356fb00c0499eb9d5a9d79b904f05 - - default default] 10.0.0.176 "DELETE /v2.0/networks/bd1fd95d-b8fd-4d52-b557-c76d3ba8b7d5 HTTP/1.1" status: 204 len: 168 time: 0.4014106
2026-05-11 06:45:12.887 9 INFO neutron.db.ovn_revision_numbers_db [None req-988a9007-797f-43ef-ab52-b301455607b6 ed908715294d4a8c81e6c1379e4a42dd d69562675b6948ceb78b32d4447398a6 - - default default] Successfully bumped revision number for resource 8cab39bf-59be-4730-a0d0-526033856c9c (type: security_groups) to 1
2026-05-11 06:45:12.901 9 INFO neutron.db.ovn_revision_numbers_db [None req-988a9007-797f-43ef-ab52-b301455607b6 ed908715294d4a8c81e6c1379e4a42dd d69562675b6948ceb78b32d4447398a6 - - default default] Successfully bumped revision number for resource 415649c0-8942-437a-90d9-20cda8a6f162 (type: security_group_rules) to 0
2026-05-11 06:45:12.917 9 INFO neutron.db.ovn_revision_numbers_db [None req-988a9007-797f-43ef-ab52-b301455607b6 ed908715294d4a8c81e6c1379e4a42dd d69562675b6948ceb78b32d4447398a6 - - default default] Successfully bumped revision number for resource 60d13b89-6f65-4ec6-8189-ba0e8937cff2 (type: security_group_rules) to 0
2026-05-11 06:45:12.933 9 INFO neutron.db.ovn_revision_numbers_db [None req-988a9007-797f-43ef-ab52-b301455607b6 ed908715294d4a8c81e6c1379e4a42dd d69562675b6948ceb78b32d4447398a6 - - default default] Successfully bumped revision number for resource 6872e2c2-f6d4-4f7c-aa5d-9c56cc1ae9cc (type: security_group_rules) to 0
2026-05-11 06:45:12.948 9 INFO neutron.db.ovn_revision_numbers_db [None req-988a9007-797f-43ef-ab52-b301455607b6 ed908715294d4a8c81e6c1379e4a42dd d69562675b6948ceb78b32d4447398a6 - - default default] Successfully bumped revision number for resource 9d002d3e-ea22-41a2-908d-a3010296be97 (type: security_group_rules) to 0
2026-05-11 06:45:13.002 9 INFO neutron.db.segments_db [None req-988a9007-797f-43ef-ab52-b301455607b6 ed908715294d4a8c81e6c1379e4a42dd d69562675b6948ceb78b32d4447398a6 - - default default] Added segment 5c7a8e46-9079-402b-8db1-5711e0821bfe of type geneve for network b1f62d84-9d13-44e9-8bfb-cb6b3d9ab99a
2026-05-11 06:45:13.115 10 INFO neutron.services.segments.plugin [-] Segment 837c8134-b1a2-4089-aaf3-046abbd3cfc5 resource provider aggregate not found
2026-05-11 06:45:13.119 10 INFO neutron.services.segments.plugin [-] Segment 837c8134-b1a2-4089-aaf3-046abbd3cfc5 resource provider aggregate not found
2026-05-11 06:45:13.134 10 INFO neutron.services.segments.plugin [-] Segment 837c8134-b1a2-4089-aaf3-046abbd3cfc5 resource provider not found; error: Placement Client Error (4xx): {"errors": [{"status": 404, "title": "Not Found", "detail": "The resource could not be found.\n\n No resource provider with uuid 837c8134-b1a2-4089-aaf3-046abbd3cfc5 found for delete ", "request_id": "req-ce7c9b81-b20c-4b2f-8f40-3c8564838fcd"}]}
2026-05-11 06:45:13.141 10 INFO neutron.services.segments.plugin [-] Segment 837c8134-b1a2-4089-aaf3-046abbd3cfc5 resource provider not found; error: Placement Client Error (4xx): {"errors": [{"status": 404, "title": "Not Found", "detail": "The resource could not be found.\n\n No resource provider with uuid 837c8134-b1a2-4089-aaf3-046abbd3cfc5 found for delete ", "request_id": "req-fb83722d-a84b-48b6-a526-20a53e98c449"}]}
2026-05-11 06:45:13.160 10 INFO neutron.wsgi [None req-b2382daa-eefa-4f33-960e-2c6da96b47fc 43859904b5db495b86e80ffef822accd bc2356fb00c0499eb9d5a9d79b904f05 - - default default] 10.0.0.176 "DELETE /v2.0/networks/2e41d2b9-47c7-4a43-95c4-7991b0a0cc4f HTTP/1.1" status: 204 len: 168 time: 0.4215291
2026-05-11 06:45:13.214 9 INFO neutron.db.ovn_revision_numbers_db [None req-988a9007-797f-43ef-ab52-b301455607b6 ed908715294d4a8c81e6c1379e4a42dd d69562675b6948ceb78b32d4447398a6 - - default default] Successfully bumped revision number for resource b1f62d84-9d13-44e9-8bfb-cb6b3d9ab99a (type: networks) to 1
2026-05-11 06:45:13.470 9 WARNING neutron.scheduler.dhcp_agent_scheduler [None req-988a9007-797f-43ef-ab52-b301455607b6 ed908715294d4a8c81e6c1379e4a42dd d69562675b6948ceb78b32d4447398a6 - - default default] No more DHCP agents
2026-05-11 06:45:13.477 9 WARNING neutron.api.rpc.agentnotifiers.dhcp_rpc_agent_api [None req-988a9007-797f-43ef-ab52-b301455607b6 ed908715294d4a8c81e6c1379e4a42dd d69562675b6948ceb78b32d4447398a6 - - default default] Unable to schedule network b1f62d84-9d13-44e9-8bfb-cb6b3d9ab99a: no agents available; will retry on subsequent port and subnet creation events.
2026-05-11 06:45:13.536 10 INFO neutron.wsgi [None req-a1ae583a-2e37-4662-836f-aed6562b667d ed908715294d4a8c81e6c1379e4a42dd d69562675b6948ceb78b32d4447398a6 - - default default] 199.204.45.78 "GET /v2.0/extensions/security-group HTTP/1.1" status: 200 len: 369 time: 0.1700046
2026-05-11 06:45:13.549 10 INFO neutron.wsgi [None req-d3fedb57-d031-4428-a2fc-c0bdcd204b95 ed908715294d4a8c81e6c1379e4a42dd d69562675b6948ceb78b32d4447398a6 - - default default] 199.204.45.78 "GET /v2.0/extensions/dns-integration HTTP/1.1" status: 200 len: 371 time: 0.0068498
2026-05-11 06:45:13.569 10 INFO neutron.wsgi [None req-2b5ab34e-1f8c-4d87-a07a-9a3f220d9f4e ed908715294d4a8c81e6c1379e4a42dd d69562675b6948ceb78b32d4447398a6 - - default default] 199.204.45.78 "GET /v2.0/extensions/qos HTTP/1.1" status: 200 len: 365 time: 0.0148981
2026-05-11 06:45:13.583 10 INFO neutron.wsgi [None req-acb679b6-778c-430a-8043-2f38b8c46cba ed908715294d4a8c81e6c1379e4a42dd d69562675b6948ceb78b32d4447398a6 - - default default] 199.204.45.78 "GET /v2.0/extensions/allowed-address-pairs HTTP/1.1" status: 200 len: 383 time: 0.0076988
2026-05-11 06:45:13.593 9 INFO neutron.db.ovn_revision_numbers_db [None req-988a9007-797f-43ef-ab52-b301455607b6 ed908715294d4a8c81e6c1379e4a42dd d69562675b6948ceb78b32d4447398a6 - - default default] Successfully bumped revision number for resource 2131a91a-c9ec-4159-b742-38d2e03574b5 (type: ports) to 1
