2026-05-11 06:36:20.139 10 INFO neutron.wsgi [-] 10.0.0.162 "GET / HTTP/1.1" status: 200 len: 247 time: 0.0017004
2026-05-11 06:36:20.140 9 INFO neutron.wsgi [-] 10.0.0.162 "GET / HTTP/1.1" status: 200 len: 247 time: 0.0031397
2026-05-11 06:36:35.141 10 INFO neutron.wsgi [-] 10.0.0.162 "GET / HTTP/1.1" status: 200 len: 247 time: 0.0032017
2026-05-11 06:36:35.141 9 INFO neutron.wsgi [-] 10.0.0.162 "GET / HTTP/1.1" status: 200 len: 247 time: 0.0024996
2026-05-11 06:36:50.141 9 INFO neutron.wsgi [-] 10.0.0.162 "GET / HTTP/1.1" status: 200 len: 247 time: 0.0030761
2026-05-11 06:36:50.144 9 INFO neutron.wsgi [-] 10.0.0.162 "GET / HTTP/1.1" status: 200 len: 247 time: 0.0014572
2026-05-11 06:37:05.139 9 INFO neutron.wsgi [-] 10.0.0.162 "GET / HTTP/1.1" status: 200 len: 247 time: 0.0017512
2026-05-11 06:37:05.140 10 INFO neutron.wsgi [-] 10.0.0.162 "GET / HTTP/1.1" status: 200 len: 247 time: 0.0025980
2026-05-11 06:37:15.580 9 INFO neutron.wsgi [None req-948d8081-97c6-4c30-8a70-0f453d73c1d6 ed908715294d4a8c81e6c1379e4a42dd d69562675b6948ceb78b32d4447398a6 - - default default] 10.0.0.50 "GET /v2.0/floatingips HTTP/1.1" status: 200 len: 193 time: 0.0906413
2026-05-11 06:37:15.653 9 INFO neutron.wsgi [None req-fbc2b015-df24-40e4-896b-d570ed3d1c99 ed908715294d4a8c81e6c1379e4a42dd d69562675b6948ceb78b32d4447398a6 - - default default] 10.0.0.50 "GET /v2.0/networks HTTP/1.1" status: 200 len: 2350 time: 0.0710526
2026-05-11 06:37:15.700 9 INFO neutron.wsgi [None req-548e240e-78a2-40b8-93ac-91311e15a955 ed908715294d4a8c81e6c1379e4a42dd d69562675b6948ceb78b32d4447398a6 - - default default] 10.0.0.50 "GET /v2.0/ports HTTP/1.1" status: 200 len: 5343 time: 0.0439889
2026-05-11 06:37:15.725 9 INFO neutron.wsgi [None req-3e301088-28ed-441a-bd89-b853bd78149a ed908715294d4a8c81e6c1379e4a42dd d69562675b6948ceb78b32d4447398a6 - - default default] 10.0.0.50 "GET /v2.0/routers HTTP/1.1" status: 200 len: 189 time: 0.0220146
2026-05-11 06:37:15.775 9 INFO neutron.wsgi [None req-321658de-d903-4491-a2d0-3b941ff9eb8b ed908715294d4a8c81e6c1379e4a42dd d69562675b6948ceb78b32d4447398a6 - - default default] 10.0.0.50 "GET /v2.0/agents?binary=ovn-controller HTTP/1.1" status: 200 len: 591 time: 0.0492632
2026-05-11 06:37:15.808 9 INFO neutron.wsgi [None req-99e82c32-82f2-40a7-8109-2251b2086da7 ed908715294d4a8c81e6c1379e4a42dd d69562675b6948ceb78b32d4447398a6 - - default default] 10.0.0.50 "GET /v2.0/subnets HTTP/1.1" status: 200 len: 1437 time: 0.0309064
2026-05-11 06:37:15.817 9 INFO neutron.wsgi [None req-d5e60da0-2136-4c91-8739-5fecfd09856d ed908715294d4a8c81e6c1379e4a42dd d69562675b6948ceb78b32d4447398a6 - - default default] 10.0.0.50 "GET /v2.0/subnetpools HTTP/1.1" status: 200 len: 193 time: 0.0085266
2026-05-11 06:37:15.853 9 INFO neutron.wsgi [None req-e967ad52-9657-438a-b3e7-29ee6ffc91ad ed908715294d4a8c81e6c1379e4a42dd d69562675b6948ceb78b32d4447398a6 - - default default] 10.0.0.50 "GET /v2.0/security-groups HTTP/1.1" status: 200 len: 16795 time: 0.0353744
2026-05-11 06:37:15.895 9 INFO neutron.wsgi [None req-e947d937-83cc-439a-a9b2-f438b64008d7 ed908715294d4a8c81e6c1379e4a42dd d69562675b6948ceb78b32d4447398a6 - - default default] 10.0.0.50 "GET /v2.0/subnets HTTP/1.1" status: 200 len: 1437 time: 0.0369856
2026-05-11 06:37:15.907 9 INFO neutron.wsgi [None req-c8c23255-890b-43b0-b9ea-e2c5f0e99f3b ed908715294d4a8c81e6c1379e4a42dd d69562675b6948ceb78b32d4447398a6 - - default default] 10.0.0.50 "GET /v2.0/agents HTTP/1.1" status: 200 len: 997 time: 0.0118339
2026-05-11 06:37:15.920 9 INFO neutron.wsgi [None req-7f6a29fa-49b0-43c5-bbeb-1a21b12c758d ed908715294d4a8c81e6c1379e4a42dd d69562675b6948ceb78b32d4447398a6 - - default default] 10.0.0.50 "GET /v2.0/network-ip-availabilities HTTP/1.1" status: 200 len: 1280 time: 0.0118599
2026-05-11 06:37:20.140 9 INFO neutron.wsgi [-] 10.0.0.162 "GET / HTTP/1.1" status: 200 len: 247 time: 0.0024023
2026-05-11 06:37:20.140 10 INFO neutron.wsgi [-] 10.0.0.162 "GET / HTTP/1.1" status: 200 len: 247 time: 0.0023010
2026-05-11 06:37:24.886 9 INFO neutron.pecan_wsgi.hooks.translation [None req-fdccab26-63bd-4e2b-9070-3327e6659c64 ed908715294d4a8c81e6c1379e4a42dd d69562675b6948ceb78b32d4447398a6 - - default default] GET failed (client error): The resource could not be found.
2026-05-11 06:37:24.888 9 INFO neutron.wsgi [None req-fdccab26-63bd-4e2b-9070-3327e6659c64 ed908715294d4a8c81e6c1379e4a42dd d69562675b6948ceb78b32d4447398a6 - - default default] 199.204.45.78,10.0.0.162 "GET /v2.0/networks/public HTTP/1.1" status: 404 len: 290 time: 0.0573468
2026-05-11 06:37:24.963 9 INFO neutron.wsgi [None req-abb418e2-dc99-4103-9c77-f0af2ace4eea ed908715294d4a8c81e6c1379e4a42dd d69562675b6948ceb78b32d4447398a6 - - default default] 199.204.45.78,10.0.0.162 "GET /v2.0/networks?name=public HTTP/1.1" status: 200 len: 928 time: 0.0718699
2026-05-11 06:37:26.267 9 INFO neutron.pecan_wsgi.hooks.translation [None req-608d7711-abbe-4646-856e-d27d899ba9ce ed908715294d4a8c81e6c1379e4a42dd d69562675b6948ceb78b32d4447398a6 - - default default] GET failed (client error): The resource could not be found.
2026-05-11 06:37:26.268 9 INFO neutron.wsgi [None req-608d7711-abbe-4646-856e-d27d899ba9ce ed908715294d4a8c81e6c1379e4a42dd d69562675b6948ceb78b32d4447398a6 - - default default] 199.204.45.78,10.0.0.162 "GET /v2.0/networks/public HTTP/1.1" status: 404 len: 290 time: 0.0593669
2026-05-11 06:37:26.331 9 INFO neutron.wsgi [None req-96646148-094c-49e3-be08-aca1de35d69e ed908715294d4a8c81e6c1379e4a42dd d69562675b6948ceb78b32d4447398a6 - - default default] 199.204.45.78,10.0.0.162 "GET /v2.0/networks?name=public HTTP/1.1" status: 200 len: 928 time: 0.0582151
2026-05-11 06:37:26.359 9 INFO neutron.pecan_wsgi.hooks.translation [None req-1596e337-7697-44f4-8959-a01caaae5e79 ed908715294d4a8c81e6c1379e4a42dd d69562675b6948ceb78b32d4447398a6 - - default default] GET failed (client error): The resource could not be found.
2026-05-11 06:37:26.361 9 INFO neutron.wsgi [None req-1596e337-7697-44f4-8959-a01caaae5e79 ed908715294d4a8c81e6c1379e4a42dd d69562675b6948ceb78b32d4447398a6 - - default default] 199.204.45.78,10.0.0.162 "GET /v2.0/subnets/public-subnet?network_id=b60092eb-297c-4390-8bb9-7ebd6553f877 HTTP/1.1" status: 404 len: 295 time: 0.0203562
2026-05-11 06:37:26.406 9 INFO neutron.wsgi [None req-c2b9d2e9-cddc-45ac-bb0e-fda986f9cd72 ed908715294d4a8c81e6c1379e4a42dd d69562675b6948ceb78b32d4447398a6 - - default default] 199.204.45.78,10.0.0.162 "GET /v2.0/subnets?name=public-subnet&network_id=b60092eb-297c-4390-8bb9-7ebd6553f877 HTTP/1.1" status: 200 len: 819 time: 0.0417478
2026-05-11 06:37:35.139 10 INFO neutron.wsgi [-] 10.0.0.162 "GET / HTTP/1.1" status: 200 len: 247 time: 0.0017507
2026-05-11 06:37:35.140 9 INFO neutron.wsgi [-] 10.0.0.162 "GET / HTTP/1.1" status: 200 len: 247 time: 0.0026619
2026-05-11 06:37:50.140 9 INFO neutron.wsgi [-] 10.0.0.162 "GET / HTTP/1.1" status: 200 len: 247 time: 0.0026162
2026-05-11 06:37:50.143 9 INFO neutron.wsgi [-] 10.0.0.162 "GET / HTTP/1.1" status: 200 len: 247 time: 0.0019779
2026-05-11 06:37:58.711 9 INFO neutron.pecan_wsgi.hooks.translation [None req-afebee97-20f5-49a8-9ddc-cbd56b15bcdb ed908715294d4a8c81e6c1379e4a42dd d69562675b6948ceb78b32d4447398a6 - - default default] GET failed (client error): The resource could not be found.
2026-05-11 06:37:58.713 9 INFO neutron.wsgi [None req-afebee97-20f5-49a8-9ddc-cbd56b15bcdb ed908715294d4a8c81e6c1379e4a42dd d69562675b6948ceb78b32d4447398a6 - - default default] 199.204.45.78,10.0.0.162 "GET /v2.0/networks/lb-mgmt-net HTTP/1.1" status: 404 len: 295 time: 0.0578225
2026-05-11 06:37:58.769 9 INFO neutron.wsgi [None req-4fbf8d53-05d8-496c-87dc-186979f337b8 ed908715294d4a8c81e6c1379e4a42dd d69562675b6948ceb78b32d4447398a6 - - default default] 199.204.45.78,10.0.0.162 "GET /v2.0/networks?name=lb-mgmt-net HTTP/1.1" status: 200 len: 913 time: 0.0524073
2026-05-11 06:37:59.711 9 INFO neutron.pecan_wsgi.hooks.translation [None req-7f8dd42e-1e6a-4953-b2fd-5cdf7c42004c ed908715294d4a8c81e6c1379e4a42dd d69562675b6948ceb78b32d4447398a6 - - default default] GET failed (client error): The resource could not be found.
2026-05-11 06:37:59.712 9 INFO neutron.wsgi [None req-7f8dd42e-1e6a-4953-b2fd-5cdf7c42004c ed908715294d4a8c81e6c1379e4a42dd d69562675b6948ceb78b32d4447398a6 - - default default] 199.204.45.78,10.0.0.162 "GET /v2.0/networks/lb-mgmt-net HTTP/1.1" status: 404 len: 295 time: 0.0526893
2026-05-11 06:37:59.770 9 INFO neutron.wsgi [None req-77c8ef69-b757-4a50-8fd2-c0f9c7dad157 ed908715294d4a8c81e6c1379e4a42dd d69562675b6948ceb78b32d4447398a6 - - default default] 199.204.45.78,10.0.0.162 "GET /v2.0/networks?name=lb-mgmt-net HTTP/1.1" status: 200 len: 913 time: 0.0537314
2026-05-11 06:37:59.797 9 INFO neutron.pecan_wsgi.hooks.translation [None req-7376694a-61f8-43e2-99ac-1f46928ca497 ed908715294d4a8c81e6c1379e4a42dd d69562675b6948ceb78b32d4447398a6 - - default default] GET failed (client error): The resource could not be found.
2026-05-11 06:37:59.798 9 INFO neutron.wsgi [None req-7376694a-61f8-43e2-99ac-1f46928ca497 ed908715294d4a8c81e6c1379e4a42dd d69562675b6948ceb78b32d4447398a6 - - default default] 199.204.45.78,10.0.0.162 "GET /v2.0/subnets/lb-mgmt-subnet?network_id=07829119-5768-4358-9804-cbe1ae92fc77 HTTP/1.1" status: 404 len: 296 time: 0.0188529
2026-05-11 06:37:59.832 9 INFO neutron.wsgi [None req-c06f45e4-d712-407d-9ef8-9181a299d6e4 ed908715294d4a8c81e6c1379e4a42dd d69562675b6948ceb78b32d4447398a6 - - default default] 199.204.45.78,10.0.0.162 "GET /v2.0/subnets?name=lb-mgmt-subnet&network_id=07829119-5768-4358-9804-cbe1ae92fc77 HTTP/1.1" status: 200 len: 805 time: 0.0301743
2026-05-11 06:38:00.811 9 INFO neutron.api.v2.resource [None req-9700306a-54ef-4989-a770-cc3488b58e81 ed908715294d4a8c81e6c1379e4a42dd d69562675b6948ceb78b32d4447398a6 - - default default] show failed (client error): The resource could not be found.
2026-05-11 06:38:00.812 9 INFO neutron.wsgi [None req-9700306a-54ef-4989-a770-cc3488b58e81 ed908715294d4a8c81e6c1379e4a42dd d69562675b6948ceb78b32d4447398a6 - - default default] 199.204.45.78,10.0.0.162 "GET /v2.0/security-groups/lb-health-mgr-sec-grp HTTP/1.1" status: 404 len: 313 time: 0.0418069
2026-05-11 06:38:00.859 9 INFO neutron.wsgi [None req-3297b67d-fd34-42f2-92e4-c933c3b69acb ed908715294d4a8c81e6c1379e4a42dd d69562675b6948ceb78b32d4447398a6 - - default default] 199.204.45.78,10.0.0.162 "GET /v2.0/security-groups?name=lb-health-mgr-sec-grp HTTP/1.1" status: 200 len: 4649 time: 0.0425677
2026-05-11 06:38:01.895 9 INFO neutron.wsgi [None req-307d6e40-e2bd-4f80-8add-b14d7ef70de2 ed908715294d4a8c81e6c1379e4a42dd d69562675b6948ceb78b32d4447398a6 - - default default] 199.204.45.78,10.0.0.162 "GET /v2.0/security-groups/b148b9bb-3adf-4977-a13b-bc4e1a37250b HTTP/1.1" status: 200 len: 4646 time: 0.0736635
2026-05-11 06:38:01.940 9 INFO neutron.wsgi [None req-b2e17c49-a76a-4bd1-bab6-932efa568b7f ed908715294d4a8c81e6c1379e4a42dd d69562675b6948ceb78b32d4447398a6 - - default default] 199.204.45.78,10.0.0.162 "GET /v2.0/security-groups/b148b9bb-3adf-4977-a13b-bc4e1a37250b HTTP/1.1" status: 200 len: 4646 time: 0.0374053
2026-05-11 06:38:01.963 9 INFO neutron.wsgi [None req-17a21d2f-3703-47ed-afc4-b07f615b5d56 ed908715294d4a8c81e6c1379e4a42dd d69562675b6948ceb78b32d4447398a6 - - default default] 199.204.45.78,10.0.0.162 "GET /v2.0/security-group-rules/39e867c5-b3be-4fcd-a60f-68dbe857cf53 HTTP/1.1" status: 200 len: 744 time: 0.0157883
2026-05-11 06:38:02.826 9 INFO neutron.wsgi [None req-138312b1-7675-44b0-8558-87c287d74956 ed908715294d4a8c81e6c1379e4a42dd d69562675b6948ceb78b32d4447398a6 - - default default] 199.204.45.78,10.0.0.162 "GET /v2.0/security-groups/b148b9bb-3adf-4977-a13b-bc4e1a37250b HTTP/1.1" status: 200 len: 4646 time: 0.0650611
2026-05-11 06:38:02.869 9 INFO neutron.wsgi [None req-a34a0aea-a39c-4f78-8b91-adb0499f0098 ed908715294d4a8c81e6c1379e4a42dd d69562675b6948ceb78b32d4447398a6 - - default default] 199.204.45.78,10.0.0.162 "GET /v2.0/security-groups/b148b9bb-3adf-4977-a13b-bc4e1a37250b HTTP/1.1" status: 200 len: 4646 time: 0.0345721
2026-05-11 06:38:02.894 9 INFO neutron.wsgi [None req-8c37cbfc-3717-4973-a3e4-8da9e8c6004f ed908715294d4a8c81e6c1379e4a42dd d69562675b6948ceb78b32d4447398a6 - - default default] 199.204.45.78,10.0.0.162 "GET /v2.0/security-group-rules/0f3a2796-39fb-4578-b979-a25d1a10b57e HTTP/1.1" status: 200 len: 746 time: 0.0169475
2026-05-11 06:38:03.786 9 INFO neutron.wsgi [None req-b32440d7-5469-458f-af2f-b840eb4d7d4c ed908715294d4a8c81e6c1379e4a42dd d69562675b6948ceb78b32d4447398a6 - - default default] 199.204.45.78,10.0.0.162 "GET /v2.0/security-groups/b148b9bb-3adf-4977-a13b-bc4e1a37250b HTTP/1.1" status: 200 len: 4646 time: 0.0762098
2026-05-11 06:38:03.827 9 INFO neutron.wsgi [None req-66a0def9-35c1-4a3b-8604-a717a77a2ba0 ed908715294d4a8c81e6c1379e4a42dd d69562675b6948ceb78b32d4447398a6 - - default default] 199.204.45.78,10.0.0.162 "GET /v2.0/security-groups/b148b9bb-3adf-4977-a13b-bc4e1a37250b HTTP/1.1" status: 200 len: 4646 time: 0.0357845
2026-05-11 06:38:03.846 9 INFO neutron.wsgi [None req-e3a77b7a-63d7-4d5d-8a54-7f258a9f271d ed908715294d4a8c81e6c1379e4a42dd d69562675b6948ceb78b32d4447398a6 - - default default] 199.204.45.78,10.0.0.162 "GET /v2.0/security-group-rules/3568888d-40d3-49cf-82f3-aba5f323b0b1 HTTP/1.1" status: 200 len: 746 time: 0.0128131
2026-05-11 06:38:04.703 9 INFO neutron.wsgi [None req-ae2a0a00-0edf-4834-b6ac-7ab5882f3f09 ed908715294d4a8c81e6c1379e4a42dd d69562675b6948ceb78b32d4447398a6 - - default default] 199.204.45.78,10.0.0.162 "GET /v2.0/security-groups/b148b9bb-3adf-4977-a13b-bc4e1a37250b HTTP/1.1" status: 200 len: 4646 time: 0.0680366
2026-05-11 06:38:04.743 9 INFO neutron.wsgi [None req-c849d143-a367-4e9e-b9e7-9977a95f1026 ed908715294d4a8c81e6c1379e4a42dd d69562675b6948ceb78b32d4447398a6 - - default default] 199.204.45.78,10.0.0.162 "GET /v2.0/security-groups/b148b9bb-3adf-4977-a13b-bc4e1a37250b HTTP/1.1" status: 200 len: 4646 time: 0.0328023
2026-05-11 06:38:04.764 9 INFO neutron.wsgi [None req-d603a35f-b06f-45ec-9339-4e85d66809f5 ed908715294d4a8c81e6c1379e4a42dd d69562675b6948ceb78b32d4447398a6 - - default default] 199.204.45.78,10.0.0.162 "GET /v2.0/security-group-rules/5ccebb5f-0821-4824-bf64-143a00873775 HTTP/1.1" status: 200 len: 746 time: 0.0143273
2026-05-11 06:38:05.140 10 INFO neutron.wsgi [-] 10.0.0.162 "GET / HTTP/1.1" status: 200 len: 247 time: 0.0023396
2026-05-11 06:38:05.140 9 INFO neutron.wsgi [-] 10.0.0.162 "GET / HTTP/1.1" status: 200 len: 247 time: 0.0024872
2026-05-11 06:38:05.633 9 INFO neutron.wsgi [None req-e2e11b8e-a464-44bf-9bd2-1ae2bd315a1d ed908715294d4a8c81e6c1379e4a42dd d69562675b6948ceb78b32d4447398a6 - - default default] 199.204.45.78,10.0.0.162 "GET /v2.0/security-groups/b148b9bb-3adf-4977-a13b-bc4e1a37250b HTTP/1.1" status: 200 len: 4646 time: 0.0699940
2026-05-11 06:38:05.672 9 INFO neutron.wsgi [None req-6d19795a-953d-4de0-ba04-6d20c3173c35 ed908715294d4a8c81e6c1379e4a42dd d69562675b6948ceb78b32d4447398a6 - - default default] 199.204.45.78,10.0.0.162 "GET /v2.0/security-groups/b148b9bb-3adf-4977-a13b-bc4e1a37250b HTTP/1.1" status: 200 len: 4646 time: 0.0319722
2026-05-11 06:38:05.691 9 INFO neutron.wsgi [None req-d4a5f726-5536-4385-a369-0f73be30f937 ed908715294d4a8c81e6c1379e4a42dd d69562675b6948ceb78b32d4447398a6 - - default default] 199.204.45.78,10.0.0.162 "GET /v2.0/security-group-rules/e46c582d-171c-4318-b215-df72cfc06397 HTTP/1.1" status: 200 len: 746 time: 0.0122900
2026-05-11 06:38:07.007 9 INFO neutron.wsgi [None req-9ff5c76d-0ab0-41cf-97ea-7f6056ba7524 ed908715294d4a8c81e6c1379e4a42dd d69562675b6948ceb78b32d4447398a6 - - default default] 199.204.45.78,10.0.0.162 "GET /v2.0/networks/07829119-5768-4358-9804-cbe1ae92fc77 HTTP/1.1" status: 200 len: 910 time: 0.1063025
2026-05-11 06:38:07.038 9 INFO neutron.pecan_wsgi.hooks.translation [None req-fdebfa61-336b-4576-aa4e-e945f1731c45 ed908715294d4a8c81e6c1379e4a42dd d69562675b6948ceb78b32d4447398a6 - - default default] GET failed (client error): The resource could not be found.
2026-05-11 06:38:07.039 9 INFO neutron.wsgi [None req-fdebfa61-336b-4576-aa4e-e945f1731c45 ed908715294d4a8c81e6c1379e4a42dd d69562675b6948ceb78b32d4447398a6 - - default default] 199.204.45.78,10.0.0.162 "GET /v2.0/ports/octavia-health-manager-port-instance?network_id=07829119-5768-4358-9804-cbe1ae92fc77 HTTP/1.1" status: 404 len: 314 time: 0.0239034
2026-05-11 06:38:07.170 9 INFO neutron.wsgi [None req-f7ef193b-9a3a-45f5-add0-5344bdf99e1e ed908715294d4a8c81e6c1379e4a42dd d69562675b6948ceb78b32d4447398a6 - - default default] 199.204.45.78,10.0.0.162 "GET /v2.0/ports?name=octavia-health-manager-port-instance&network_id=07829119-5768-4358-9804-cbe1ae92fc77 HTTP/1.1" status: 200 len: 1391 time: 0.1281767
2026-05-11 06:38:07.211 9 INFO neutron.wsgi [None req-8363270d-ff80-468b-ab03-3ef51f6e6f25 ed908715294d4a8c81e6c1379e4a42dd d69562675b6948ceb78b32d4447398a6 - - default default] 199.204.45.78,10.0.0.162 "GET /v2.0/security-groups/b148b9bb-3adf-4977-a13b-bc4e1a37250b HTTP/1.1" status: 200 len: 4646 time: 0.0299203
2026-05-11 06:38:13.128 9 INFO neutron.pecan_wsgi.hooks.translation [None req-fa8ef5a8-3d96-47bb-8fb1-8961151f0a34 ed908715294d4a8c81e6c1379e4a42dd d69562675b6948ceb78b32d4447398a6 - - default default] GET failed (client error): The resource could not be found.
2026-05-11 06:38:13.129 9 INFO neutron.wsgi [None req-fa8ef5a8-3d96-47bb-8fb1-8961151f0a34 ed908715294d4a8c81e6c1379e4a42dd d69562675b6948ceb78b32d4447398a6 - - default default] 199.204.45.78,10.0.0.162 "GET /v2.0/ports/octavia-health-manager-port-instance HTTP/1.1" status: 404 len: 314 time: 0.0633736
2026-05-11 06:38:13.166 9 INFO neutron.wsgi [None req-019f14b7-e81e-48a9-af62-a15927158b3d ed908715294d4a8c81e6c1379e4a42dd d69562675b6948ceb78b32d4447398a6 - - default default] 199.204.45.78,10.0.0.162 "GET /v2.0/ports?name=octavia-health-manager-port-instance HTTP/1.1" status: 200 len: 1391 time: 0.0325730
2026-05-11 06:38:14.785 9 INFO neutron.wsgi [None req-06986e44-3221-42f3-8369-03d443a62392 ed908715294d4a8c81e6c1379e4a42dd d69562675b6948ceb78b32d4447398a6 - - default default] 199.204.45.78,10.0.0.162 "GET /v2.0/ports HTTP/1.1" status: 200 len: 5343 time: 0.0836732
2026-05-11 06:38:16.227 9 INFO neutron.wsgi [None req-6a3ea349-19fc-4bf7-9460-9b29e7936c86 ed908715294d4a8c81e6c1379e4a42dd d69562675b6948ceb78b32d4447398a6 - - default default] 10.0.0.50 "GET /v2.0/ports HTTP/1.1" status: 200 len: 5343 time: 0.0958598
2026-05-11 06:38:16.300 9 INFO neutron.wsgi [None req-5cce2ae5-e249-446e-af5d-09f12eb8f9e2 ed908715294d4a8c81e6c1379e4a42dd d69562675b6948ceb78b32d4447398a6 - - default default] 10.0.0.50 "GET /v2.0/networks HTTP/1.1" status: 200 len: 2350 time: 0.0693858
2026-05-11 06:38:16.302 9 INFO neutron.api.v2.resource [None req-50dfc5ff-2b88-49f4-addf-881109e5bbf1 ed908715294d4a8c81e6c1379e4a42dd d69562675b6948ceb78b32d4447398a6 - - default default] show failed (client error): The resource could not be found.
2026-05-11 06:38:16.303 9 INFO neutron.wsgi [None req-50dfc5ff-2b88-49f4-addf-881109e5bbf1 ed908715294d4a8c81e6c1379e4a42dd d69562675b6948ceb78b32d4447398a6 - - default default] 199.204.45.78,10.0.0.162 "GET /v2.0/security-groups/lb-mgmt-sec-grp HTTP/1.1" status: 404 len: 307 time: 0.0659766
2026-05-11 06:38:16.343 9 INFO neutron.wsgi [None req-ba3a8782-0cd3-42de-ab43-aba98ddc8cd7 ed908715294d4a8c81e6c1379e4a42dd d69562675b6948ceb78b32d4447398a6 - - default default] 10.0.0.50 "GET /v2.0/subnets HTTP/1.1" status: 200 len: 1437 time: 0.0391176
2026-05-11 06:38:16.356 9 INFO neutron.wsgi [None req-2b20d57e-7aaf-472b-a2d0-ef4f3bd7744d ed908715294d4a8c81e6c1379e4a42dd d69562675b6948ceb78b32d4447398a6 - - default default] 199.204.45.78,10.0.0.162 "GET /v2.0/security-groups?name=lb-mgmt-sec-grp HTTP/1.1" status: 200 len: 2929 time: 0.0465698
2026-05-11 06:38:16.357 9 INFO neutron.wsgi [None req-57a48611-68fb-464a-9bbb-06d4316750a8 ed908715294d4a8c81e6c1379e4a42dd d69562675b6948ceb78b32d4447398a6 - - default default] 10.0.0.50 "GET /v2.0/subnetpools HTTP/1.1" status: 200 len: 193 time: 0.0131011
2026-05-11 06:38:16.384 9 INFO neutron.wsgi [None req-570a25e1-41d0-4b31-bd4d-32ab60165d30 ed908715294d4a8c81e6c1379e4a42dd d69562675b6948ceb78b32d4447398a6 - - default default] 10.0.0.50 "GET /v2.0/subnets HTTP/1.1" status: 200 len: 1437 time: 0.0259902
2026-05-11 06:38:16.402 9 INFO neutron.wsgi [None req-a4522ce8-b062-4382-afa8-597a17b8f12d ed908715294d4a8c81e6c1379e4a42dd d69562675b6948ceb78b32d4447398a6 - - default default] 10.0.0.50 "GET /v2.0/floatingips HTTP/1.1" status: 200 len: 193 time: 0.0172060
2026-05-11 06:38:16.441 9 INFO neutron.wsgi [None req-4ba0e75a-8650-4d95-bc94-a7c56e494eaf ed908715294d4a8c81e6c1379e4a42dd d69562675b6948ceb78b32d4447398a6 - - default default] 10.0.0.50 "GET /v2.0/security-groups HTTP/1.1" status: 200 len: 16795 time: 0.0375211
2026-05-11 06:38:16.467 9 INFO neutron.wsgi [None req-35f8b2b7-e25b-465b-9205-7fb60095b7e6 ed908715294d4a8c81e6c1379e4a42dd d69562675b6948ceb78b32d4447398a6 - - default default] 10.0.0.50 "GET /v2.0/routers HTTP/1.1" status: 200 len: 189 time: 0.0188074
2026-05-11 06:38:16.504 9 INFO neutron.wsgi [None req-f564ea7d-7de4-48c6-a7f5-bab2f7b7c80c ed908715294d4a8c81e6c1379e4a42dd d69562675b6948ceb78b32d4447398a6 - - default default] 10.0.0.50 "GET /v2.0/agents?binary=ovn-controller HTTP/1.1" status: 200 len: 591 time: 0.0359492
2026-05-11 06:38:16.520 9 INFO neutron.wsgi [None req-8024a247-edea-4df5-87c3-4928cb622174 ed908715294d4a8c81e6c1379e4a42dd d69562675b6948ceb78b32d4447398a6 - - default default] 10.0.0.50 "GET /v2.0/agents HTTP/1.1" status: 200 len: 997 time: 0.0155432
2026-05-11 06:38:16.533 9 INFO neutron.wsgi [None req-84f03fb4-d76b-484f-8b24-b3bde636bf24 ed908715294d4a8c81e6c1379e4a42dd d69562675b6948ceb78b32d4447398a6 - - default default] 10.0.0.50 "GET /v2.0/network-ip-availabilities HTTP/1.1" status: 200 len: 1280 time: 0.0113993
2026-05-11 06:38:17.312 9 INFO neutron.wsgi [None req-ff9f1926-9b07-4dd4-b727-935d546e1335 ed908715294d4a8c81e6c1379e4a42dd d69562675b6948ceb78b32d4447398a6 - - default default] 199.204.45.78,10.0.0.162 "GET /v2.0/security-groups/f45d7832-c2cb-4efe-beaf-b579af51f8f0 HTTP/1.1" status: 200 len: 2926 time: 0.0611680
2026-05-11 06:38:17.344 9 INFO neutron.wsgi [None req-f146b1d1-1a3b-43ac-be71-d7e9de82f717 ed908715294d4a8c81e6c1379e4a42dd d69562675b6948ceb78b32d4447398a6 - - default default] 199.204.45.78,10.0.0.162 "GET /v2.0/security-groups/f45d7832-c2cb-4efe-beaf-b579af51f8f0 HTTP/1.1" status: 200 len: 2926 time: 0.0260715
2026-05-11 06:38:17.361 9 INFO neutron.wsgi [None req-a1de9153-2b54-4fc7-b88f-58fb986c3fa1 ed908715294d4a8c81e6c1379e4a42dd d69562675b6948ceb78b32d4447398a6 - - default default] 199.204.45.78,10.0.0.162 "GET /v2.0/security-group-rules/752af7d3-2581-4431-99e4-d06e6c9bed2f HTTP/1.1" status: 200 len: 762 time: 0.0135190
2026-05-11 06:38:18.288 9 INFO neutron.wsgi [None req-6a8cd02b-9ac8-4bb0-9d36-3ef2f1be719d ed908715294d4a8c81e6c1379e4a42dd d69562675b6948ceb78b32d4447398a6 - - default default] 199.204.45.78,10.0.0.162 "GET /v2.0/security-groups/f45d7832-c2cb-4efe-beaf-b579af51f8f0 HTTP/1.1" status: 200 len: 2926 time: 0.0892620
2026-05-11 06:38:18.327 9 INFO neutron.wsgi [None req-8f41bf7c-27df-415d-8424-5b5f27a38b72 ed908715294d4a8c81e6c1379e4a42dd d69562675b6948ceb78b32d4447398a6 - - default default] 199.204.45.78,10.0.0.162 "GET /v2.0/security-groups/f45d7832-c2cb-4efe-beaf-b579af51f8f0 HTTP/1.1" status: 200 len: 2926 time: 0.0308774
2026-05-11 06:38:18.349 9 INFO neutron.wsgi [None req-0ae6b99d-3d8b-43b9-8344-611f4f4cb046 ed908715294d4a8c81e6c1379e4a42dd d69562675b6948ceb78b32d4447398a6 - - default default] 199.204.45.78,10.0.0.162 "GET /v2.0/security-group-rules/6aed17af-d1dc-4319-996b-19f630452baf HTTP/1.1" status: 200 len: 766 time: 0.0144098
2026-05-11 06:38:20.141 9 INFO neutron.wsgi [-] 10.0.0.162 "GET / HTTP/1.1" status: 200 len: 247 time: 0.0023975
2026-05-11 06:38:20.142 10 INFO neutron.wsgi [-] 10.0.0.162 "GET / HTTP/1.1" status: 200 len: 247 time: 0.0033259
2026-05-11 06:38:29.275 9 INFO neutron.wsgi [None req-5537fa62-ec55-4935-894e-09ddc54cb4c2 ed908715294d4a8c81e6c1379e4a42dd d69562675b6948ceb78b32d4447398a6 - - default default] 199.204.45.78,10.0.0.162 "GET /v2.0/quotas/d69562675b6948ceb78b32d4447398a6 HTTP/1.1" status: 200 len: 361 time: 0.0102634
2026-05-11 06:38:35.139 9 INFO neutron.wsgi [-] 10.0.0.162 "GET / HTTP/1.1" status: 200 len: 247 time: 0.0015943
2026-05-11 06:38:35.140 10 INFO neutron.wsgi [-] 10.0.0.162 "GET / HTTP/1.1" status: 200 len: 247 time: 0.0019639
2026-05-11 06:38:50.140 10 INFO neutron.wsgi [-] 10.0.0.162 "GET / HTTP/1.1" status: 200 len: 247 time: 0.0029387
2026-05-11 06:38:50.141 9 INFO neutron.wsgi [-] 10.0.0.162 "GET / HTTP/1.1" status: 200 len: 247 time: 0.0032012
2026-05-11 06:39:05.140 9 INFO neutron.wsgi [-] 10.0.0.162 "GET / HTTP/1.1" status: 200 len: 247 time: 0.0023332
2026-05-11 06:39:05.140 10 INFO neutron.wsgi [-] 10.0.0.162 "GET / HTTP/1.1" status: 200 len: 247 time: 0.0026109
2026-05-11 06:39:15.607 9 INFO neutron.wsgi [None req-9152e716-13cc-4163-a35d-882c80de1fc7 ed908715294d4a8c81e6c1379e4a42dd d69562675b6948ceb78b32d4447398a6 - - default default] 10.0.0.50 "GET /v2.0/security-groups HTTP/1.1" status: 200 len: 16795 time: 0.0971124
2026-05-11 06:39:15.657 9 INFO neutron.wsgi [None req-4ec54c02-d5e1-4a72-afb9-e7a885f43ffa ed908715294d4a8c81e6c1379e4a42dd d69562675b6948ceb78b32d4447398a6 - - default default] 10.0.0.50 "GET /v2.0/agents HTTP/1.1" status: 200 len: 997 time: 0.0448563
2026-05-11 06:39:15.677 9 INFO neutron.wsgi [None req-345ec370-60d6-4d3f-b174-9c1e28a1a8da ed908715294d4a8c81e6c1379e4a42dd d69562675b6948ceb78b32d4447398a6 - - default default] 10.0.0.50 "GET /v2.0/routers HTTP/1.1" status: 200 len: 189 time: 0.0190902
2026-05-11 06:39:15.687 9 INFO neutron.wsgi [None req-67e30740-02af-4bba-8f2f-e10ec9783273 ed908715294d4a8c81e6c1379e4a42dd d69562675b6948ceb78b32d4447398a6 - - default default] 10.0.0.50 "GET /v2.0/agents?binary=ovn-controller HTTP/1.1" status: 200 len: 591 time: 0.0096645
2026-05-11 06:39:15.698 9 INFO neutron.wsgi [None req-d18a7ad3-5a3b-4035-9e7c-e2587c4b6b0d ed908715294d4a8c81e6c1379e4a42dd d69562675b6948ceb78b32d4447398a6 - - default default] 10.0.0.50 "GET /v2.0/network-ip-availabilities HTTP/1.1" status: 200 len: 1280 time: 0.0096116
2026-05-11 06:39:15.728 9 INFO neutron.wsgi [None req-f8420b22-cae9-4f6f-933a-c3293ab28475 ed908715294d4a8c81e6c1379e4a42dd d69562675b6948ceb78b32d4447398a6 - - default default] 10.0.0.50 "GET /v2.0/subnets HTTP/1.1" status: 200 len: 1437 time: 0.0296822
2026-05-11 06:39:15.737 9 INFO neutron.wsgi [None req-1035a5a1-1985-4d57-af08-3c076ab44b17 ed908715294d4a8c81e6c1379e4a42dd d69562675b6948ceb78b32d4447398a6 - - default default] 10.0.0.50 "GET /v2.0/subnetpools HTTP/1.1" status: 200 len: 193 time: 0.0077009
2026-05-11 06:39:15.773 9 INFO neutron.wsgi [None req-dd8b4b70-82d9-4057-bcba-d95f10f123c7 ed908715294d4a8c81e6c1379e4a42dd d69562675b6948ceb78b32d4447398a6 - - default default] 10.0.0.50 "GET /v2.0/subnets HTTP/1.1" status: 200 len: 1437 time: 0.0338864
2026-05-11 06:39:15.799 9 INFO neutron.wsgi [None req-c2b5826d-ade4-411d-9c1a-0320fcf72c68 ed908715294d4a8c81e6c1379e4a42dd d69562675b6948ceb78b32d4447398a6 - - default default] 10.0.0.50 "GET /v2.0/floatingips HTTP/1.1" status: 200 len: 193 time: 0.0244894
2026-05-11 06:39:15.882 9 INFO neutron.wsgi [None req-840356f4-400c-491c-baf8-4597798e03b0 ed908715294d4a8c81e6c1379e4a42dd d69562675b6948ceb78b32d4447398a6 - - default default] 10.0.0.50 "GET /v2.0/networks HTTP/1.1" status: 200 len: 2350 time: 0.0824788
2026-05-11 06:39:15.929 9 INFO neutron.wsgi [None req-cc769623-c883-4b66-89bf-2a2543a9f2eb ed908715294d4a8c81e6c1379e4a42dd d69562675b6948ceb78b32d4447398a6 - - default default] 10.0.0.50 "GET /v2.0/ports HTTP/1.1" status: 200 len: 5343 time: 0.0454578
2026-05-11 06:39:17.473 9 INFO neutron.api.v2.resource [None req-ef04eb0c-9155-48bc-931c-f359472f3c3c ed908715294d4a8c81e6c1379e4a42dd d69562675b6948ceb78b32d4447398a6 - - default default] show failed (client error): The resource could not be found.
2026-05-11 06:39:17.474 9 INFO neutron.wsgi [None req-ef04eb0c-9155-48bc-931c-f359472f3c3c ed908715294d4a8c81e6c1379e4a42dd d69562675b6948ceb78b32d4447398a6 - - default default] 199.204.45.78,10.0.0.162 "GET /v2.0/security-groups/manila-service-security-group?project_id=01b417b577a04733a90891cb685be87a HTTP/1.1" status: 404 len: 321 time: 0.0527205
2026-05-11 06:39:17.517 9 INFO neutron.wsgi [None req-9d433292-a3ca-4e58-9711-63b81b64de7b ed908715294d4a8c81e6c1379e4a42dd d69562675b6948ceb78b32d4447398a6 - - default default] 199.204.45.78,10.0.0.162 "GET /v2.0/security-groups?name=manila-service-security-group&project_id=01b417b577a04733a90891cb685be87a HTTP/1.1" status: 200 len: 4062 time: 0.0382540
2026-05-11 06:39:18.693 10 INFO neutron.wsgi [None req-6ee477b7-70d0-49d0-9d20-7f829bf25872 ed908715294d4a8c81e6c1379e4a42dd d69562675b6948ceb78b32d4447398a6 - - default default] 199.204.45.78,10.0.0.162 "GET /v2.0/security-groups/6ce7e4ff-a069-4d2c-9905-38460af1bdf1?project_id=01b417b577a04733a90891cb685be87a HTTP/1.1" status: 200 len: 4059 time: 0.0974357
2026-05-11 06:39:18.776 10 INFO neutron.wsgi [None req-35eb9f51-43f1-4bab-9003-85f8d03c2a40 ed908715294d4a8c81e6c1379e4a42dd d69562675b6948ceb78b32d4447398a6 - - default default] 199.204.45.78,10.0.0.162 "GET /v2.0/security-groups/6ce7e4ff-a069-4d2c-9905-38460af1bdf1 HTTP/1.1" status: 200 len: 4059 time: 0.0757525
2026-05-11 06:39:18.796 10 INFO neutron.wsgi [None req-57f22ccf-08a0-48eb-b73d-ccad353c2a08 ed908715294d4a8c81e6c1379e4a42dd d69562675b6948ceb78b32d4447398a6 - - default default] 199.204.45.78,10.0.0.162 "GET /v2.0/security-group-rules/be15aa9d-a686-4491-9040-521c195d2e4e HTTP/1.1" status: 200 len: 740 time: 0.0136976
2026-05-11 06:39:19.746 9 INFO neutron.wsgi [None req-d07c5c91-6fba-49a1-8f8d-ef90c00699a5 ed908715294d4a8c81e6c1379e4a42dd d69562675b6948ceb78b32d4447398a6 - - default default] 199.204.45.78,10.0.0.162 "GET /v2.0/security-groups/6ce7e4ff-a069-4d2c-9905-38460af1bdf1?project_id=01b417b577a04733a90891cb685be87a HTTP/1.1" status: 200 len: 4059 time: 0.0835636
2026-05-11 06:39:19.795 9 INFO neutron.wsgi [None req-a094f005-cfa7-4ee0-bd54-459e88befd60 ed908715294d4a8c81e6c1379e4a42dd d69562675b6948ceb78b32d4447398a6 - - default default] 199.204.45.78,10.0.0.162 "GET /v2.0/security-groups/6ce7e4ff-a069-4d2c-9905-38460af1bdf1 HTTP/1.1" status: 200 len: 4059 time: 0.0377831
2026-05-11 06:39:19.816 9 INFO neutron.wsgi [None req-958cdbb6-0038-4b5f-b350-85f33b2060b5 ed908715294d4a8c81e6c1379e4a42dd d69562675b6948ceb78b32d4447398a6 - - default default] 199.204.45.78,10.0.0.162 "GET /v2.0/security-group-rules/87883119-3b0d-468f-9199-de26602f8642 HTTP/1.1" status: 200 len: 742 time: 0.0147450
2026-05-11 06:39:20.140 9 INFO neutron.wsgi [-] 10.0.0.162 "GET / HTTP/1.1" status: 200 len: 247 time: 0.0024922
2026-05-11 06:39:20.142 10 INFO neutron.wsgi [-] 10.0.0.162 "GET / HTTP/1.1" status: 200 len: 247 time: 0.0034177
2026-05-11 06:39:20.779 10 INFO neutron.wsgi [None req-e31c1fe4-0047-48e8-8ab1-9b613249a2df ed908715294d4a8c81e6c1379e4a42dd d69562675b6948ceb78b32d4447398a6 - - default default] 199.204.45.78,10.0.0.162 "GET /v2.0/security-groups/6ce7e4ff-a069-4d2c-9905-38460af1bdf1?project_id=01b417b577a04733a90891cb685be87a HTTP/1.1" status: 200 len: 4059 time: 0.0967994
2026-05-11 06:39:20.820 10 INFO neutron.wsgi [None req-512d58a3-ea24-4667-9093-5167b603c66c ed908715294d4a8c81e6c1379e4a42dd d69562675b6948ceb78b32d4447398a6 - - default default] 199.204.45.78,10.0.0.162 "GET /v2.0/security-groups/6ce7e4ff-a069-4d2c-9905-38460af1bdf1 HTTP/1.1" status: 200 len: 4059 time: 0.0339620
2026-05-11 06:39:20.845 10 INFO neutron.wsgi [None req-be47401b-8766-4885-8282-c6a1cd765727 ed908715294d4a8c81e6c1379e4a42dd d69562675b6948ceb78b32d4447398a6 - - default default] 199.204.45.78,10.0.0.162 "GET /v2.0/security-group-rules/d1442465-b695-47f4-868d-843cfbb94094 HTTP/1.1" status: 200 len: 744 time: 0.0173366
2026-05-11 06:39:21.868 10 INFO neutron.wsgi [None req-7701adf6-48d0-4d63-b3be-4eb88e2ce283 ed908715294d4a8c81e6c1379e4a42dd d69562675b6948ceb78b32d4447398a6 - - default default] 199.204.45.78,10.0.0.162 "GET /v2.0/security-groups/6ce7e4ff-a069-4d2c-9905-38460af1bdf1?project_id=01b417b577a04733a90891cb685be87a HTTP/1.1" status: 200 len: 4059 time: 0.0945876
2026-05-11 06:39:21.921 10 INFO neutron.wsgi [None req-cb1ded8d-6d0a-425e-b3b3-3a2c0af78697 ed908715294d4a8c81e6c1379e4a42dd d69562675b6948ceb78b32d4447398a6 - - default default] 199.204.45.78,10.0.0.162 "GET /v2.0/security-groups/6ce7e4ff-a069-4d2c-9905-38460af1bdf1 HTTP/1.1" status: 200 len: 4059 time: 0.0456710
2026-05-11 06:39:21.949 10 INFO neutron.wsgi [None req-304adb5f-330b-4430-bce1-c3d189ed098b ed908715294d4a8c81e6c1379e4a42dd d69562675b6948ceb78b32d4447398a6 - - default default] 199.204.45.78,10.0.0.162 "GET /v2.0/security-group-rules/1b0b919d-9f16-4ae6-a16b-df0781d6c8c6 HTTP/1.1" status: 200 len: 745 time: 0.0246229
2026-05-11 06:39:29.090 10 INFO neutron.wsgi [None req-7de10cb4-b8d9-4aed-8736-e2284555af57 ed908715294d4a8c81e6c1379e4a42dd d69562675b6948ceb78b32d4447398a6 - - default default] 199.204.45.78,10.0.0.162 "GET /v2.0/quotas/01b417b577a04733a90891cb685be87a HTTP/1.1" status: 200 len: 361 time: 0.0129137
2026-05-11 06:39:35.139 9 INFO neutron.wsgi [-] 10.0.0.162 "GET / HTTP/1.1" status: 200 len: 247 time: 0.0016456
2026-05-11 06:39:35.140 10 INFO neutron.wsgi [-] 10.0.0.162 "GET / HTTP/1.1" status: 200 len: 247 time: 0.0025737
2026-05-11 06:39:50.140 9 INFO neutron.wsgi [-] 10.0.0.162 "GET / HTTP/1.1" status: 200 len: 247 time: 0.0023718
2026-05-11 06:39:50.140 10 INFO neutron.wsgi [-] 10.0.0.162 "GET / HTTP/1.1" status: 200 len: 247 time: 0.0023770
2026-05-11 06:40:05.140 9 INFO neutron.wsgi [-] 10.0.0.162 "GET / HTTP/1.1" status: 200 len: 247 time: 0.0032322
2026-05-11 06:40:05.144 10 INFO neutron.wsgi [-] 10.0.0.162 "GET / HTTP/1.1" status: 200 len: 247 time: 0.0070510
2026-05-11 06:40:15.594 9 INFO neutron.wsgi [None req-7f0f21e2-89ca-4455-8d97-e34a8d064b84 ed908715294d4a8c81e6c1379e4a42dd d69562675b6948ceb78b32d4447398a6 - - default default] 10.0.0.50 "GET /v2.0/networks HTTP/1.1" status: 200 len: 2350 time: 0.1076567
2026-05-11 06:40:15.605 9 INFO neutron.wsgi [None req-d437efa0-a021-4c04-972e-e02efcb8b2d3 ed908715294d4a8c81e6c1379e4a42dd d69562675b6948ceb78b32d4447398a6 - - default default] 10.0.0.50 "GET /v2.0/network-ip-availabilities HTTP/1.1" status: 200 len: 1280 time: 0.0094988
2026-05-11 06:40:15.636 9 INFO neutron.wsgi [None req-f70c7a20-2014-4016-b266-831e03e290d1 ed908715294d4a8c81e6c1379e4a42dd d69562675b6948ceb78b32d4447398a6 - - default default] 10.0.0.50 "GET /v2.0/subnets HTTP/1.1" status: 200 len: 1437 time: 0.0300496
2026-05-11 06:40:15.646 9 INFO neutron.wsgi [None req-0feb5179-a267-4c62-8aca-953335b589fe ed908715294d4a8c81e6c1379e4a42dd d69562675b6948ceb78b32d4447398a6 - - default default] 10.0.0.50 "GET /v2.0/subnetpools HTTP/1.1" status: 200 len: 193 time: 0.0094271
2026-05-11 06:40:15.678 9 INFO neutron.wsgi [None req-4520e90a-a4b3-4ed0-8ab8-7ef1cda4e5e5 ed908715294d4a8c81e6c1379e4a42dd d69562675b6948ceb78b32d4447398a6 - - default default] 10.0.0.50 "GET /v2.0/agents HTTP/1.1" status: 200 len: 997 time: 0.0320079
2026-05-11 06:40:15.733 9 INFO neutron.wsgi [None req-53690a39-64a7-48e3-8493-17dd26760494 ed908715294d4a8c81e6c1379e4a42dd d69562675b6948ceb78b32d4447398a6 - - default default] 10.0.0.50 "GET /v2.0/security-groups HTTP/1.1" status: 200 len: 16795 time: 0.0524616
2026-05-11 06:40:15.782 9 INFO neutron.wsgi [None req-9a56fe11-9fbb-41d4-8a28-0402f9e4f4ae ed908715294d4a8c81e6c1379e4a42dd d69562675b6948ceb78b32d4447398a6 - - default default] 10.0.0.50 "GET /v2.0/subnets HTTP/1.1" status: 200 len: 1437 time: 0.0449805
2026-05-11 06:40:15.807 9 INFO neutron.wsgi [None req-fda0aca7-92db-4ced-9028-d1761dbc890d ed908715294d4a8c81e6c1379e4a42dd d69562675b6948ceb78b32d4447398a6 - - default default] 10.0.0.50 "GET /v2.0/routers HTTP/1.1" status: 200 len: 189 time: 0.0249958
2026-05-11 06:40:15.820 9 INFO neutron.wsgi [None req-8f80a219-830c-4481-9528-d465c19b051c ed908715294d4a8c81e6c1379e4a42dd d69562675b6948ceb78b32d4447398a6 - - default default] 10.0.0.50 "GET /v2.0/agents?binary=ovn-controller HTTP/1.1" status: 200 len: 591 time: 0.0118997
2026-05-11 06:40:15.901 9 INFO neutron.wsgi [None req-d5371a77-9698-47ff-a492-ca8a625b2568 ed908715294d4a8c81e6c1379e4a42dd d69562675b6948ceb78b32d4447398a6 - - default default] 10.0.0.50 "GET /v2.0/ports HTTP/1.1" status: 200 len: 5343 time: 0.0799148
2026-05-11 06:40:15.934 9 INFO neutron.wsgi [None req-758b2104-3131-4d46-bdc5-231a9bffe8d4 ed908715294d4a8c81e6c1379e4a42dd d69562675b6948ceb78b32d4447398a6 - - default default] 10.0.0.50 "GET /v2.0/floatingips HTTP/1.1" status: 200 len: 193 time: 0.0308647
2026-05-11 06:40:18.029 9 INFO neutron.wsgi [None req-a321ed88-30b3-4aaf-bafd-dbd5d011742d ed908715294d4a8c81e6c1379e4a42dd d69562675b6948ceb78b32d4447398a6 - - default default] 199.204.45.78,10.0.0.162 "GET /v2.0/networks?name=public HTTP/1.1" status: 200 len: 928 time: 0.0988355
2026-05-11 06:40:20.140 10 INFO neutron.wsgi [-] 10.0.0.162 "GET / HTTP/1.1" status: 200 len: 247 time: 0.0024397
2026-05-11 06:40:20.143 10 INFO neutron.wsgi [-] 10.0.0.162 "GET / HTTP/1.1" status: 200 len: 247 time: 0.0017610
2026-05-11 06:40:35.141 10 INFO neutron.wsgi [-] 10.0.0.162 "GET / HTTP/1.1" status: 200 len: 247 time: 0.0032532
2026-05-11 06:40:35.144 10 INFO neutron.wsgi [-] 10.0.0.162 "GET / HTTP/1.1" status: 200 len: 247 time: 0.0021188
2026-05-11 06:40:50.140 10 INFO neutron.wsgi [-] 10.0.0.162 "GET / HTTP/1.1" status: 200 len: 247 time: 0.0027540
2026-05-11 06:40:50.140 9 INFO neutron.wsgi [-] 10.0.0.162 "GET / HTTP/1.1" status: 200 len: 247 time: 0.0026059 /var/lib/openstack/lib/python3.10/site-packages/pycadf/identifier.py:71: UserWarning: Invalid uuid: neutron. To ensure interoperability, identifiers should be a valid uuid. warnings.warn(('Invalid uuid: %s. To ensure interoperability, '
2026-05-11 06:40:57.653 10 INFO neutron.wsgi [None req-7f4be458-206c-43ae-ba19-cade35380274 ed908715294d4a8c81e6c1379e4a42dd d69562675b6948ceb78b32d4447398a6 - - default default] 10.0.0.176 "GET /v2.0/networks HTTP/1.1" status: 200 len: 2369 time: 0.2173433
2026-05-11 06:40:58.775 10 INFO neutron.wsgi [None req-f57e237e-e291-4aad-9d3c-fef3309ebb0e ed908715294d4a8c81e6c1379e4a42dd d69562675b6948ceb78b32d4447398a6 - - default default] 10.0.0.176 "GET /v2.0/floatingips HTTP/1.1" status: 200 len: 212 time: 0.0423393
2026-05-11 06:40:58.810 10 INFO neutron.wsgi [None req-d5dce779-abda-4557-b369-aec09c2430ed ed908715294d4a8c81e6c1379e4a42dd d69562675b6948ceb78b32d4447398a6 - - default default] 10.0.0.176 "GET /v2.0/routers HTTP/1.1" status: 200 len: 208 time: 0.0300725
2026-05-11 06:40:58.870 10 INFO neutron.wsgi [None req-7e2a120f-cdaf-4a5c-b5c5-87505d92d9de ed908715294d4a8c81e6c1379e4a42dd d69562675b6948ceb78b32d4447398a6 - - default default] 10.0.0.176 "GET /v2.0/ports HTTP/1.1" status: 200 len: 5362 time: 0.0552504
2026-05-11 06:40:58.911 10 INFO neutron.wsgi [None req-c4c120b3-960b-4182-9765-bdd6c2ef5765 ed908715294d4a8c81e6c1379e4a42dd d69562675b6948ceb78b32d4447398a6 - - default default] 10.0.0.176 "GET /v2.0/subnets HTTP/1.1" status: 200 len: 1456 time: 0.0374315
2026-05-11 06:40:58.970 10 INFO neutron.wsgi [None req-a1d9821d-9aea-4bc6-8c03-6529265e74c8 ed908715294d4a8c81e6c1379e4a42dd d69562675b6948ceb78b32d4447398a6 - - default default] 10.0.0.176 "GET /v2.0/networks HTTP/1.1" status: 200 len: 2369 time: 0.0540805
2026-05-11 06:40:59.015 10 INFO neutron.wsgi [None req-64503050-df00-4e8e-a4a9-88b1c0d7c6c7 ed908715294d4a8c81e6c1379e4a42dd d69562675b6948ceb78b32d4447398a6 - - default default] 10.0.0.176 "GET /v2.0/security-groups HTTP/1.1" status: 200 len: 16814 time: 0.0412467
2026-05-11 06:40:59.031 10 INFO neutron.wsgi [None req-3edcabd4-f2ee-4d27-b8ed-11d93271b9a7 ed908715294d4a8c81e6c1379e4a42dd d69562675b6948ceb78b32d4447398a6 - - default default] 10.0.0.176 "GET /v2.0/subnetpools HTTP/1.1" status: 200 len: 212 time: 0.0099995
2026-05-11 06:41:05.140 10 INFO neutron.wsgi [-] 10.0.0.162 "GET / HTTP/1.1" status: 200 len: 247 time: 0.0034423
2026-05-11 06:41:05.143 9 INFO neutron.wsgi [-] 10.0.0.162 "GET / HTTP/1.1" status: 200 len: 247 time: 0.0042596
2026-05-11 06:41:09.714 10 INFO neutron.db.ovn_revision_numbers_db [None req-6bd1d131-fecd-4d43-8e44-09d3373f537f ed908715294d4a8c81e6c1379e4a42dd d69562675b6948ceb78b32d4447398a6 - - default default] Successfully bumped revision number for resource 4df04397-8628-4b7c-b48a-041d2f2845bc (type: security_groups) to 1
2026-05-11 06:41:09.727 9 INFO neutron.db.ovn_revision_numbers_db [None req-a56b7910-62fd-4bad-86ef-6d653f785e0f ed908715294d4a8c81e6c1379e4a42dd d69562675b6948ceb78b32d4447398a6 - - default default] Successfully bumped revision number for resource b2e76d8d-55ea-44bd-b48c-1fdda6347b3d (type: security_groups) to 1
2026-05-11 06:41:09.732 10 INFO neutron.db.ovn_revision_numbers_db [None req-6bd1d131-fecd-4d43-8e44-09d3373f537f ed908715294d4a8c81e6c1379e4a42dd d69562675b6948ceb78b32d4447398a6 - - default default] Successfully bumped revision number for resource 5d473920-86a7-4a76-ad02-726a7af278b8 (type: security_group_rules) to 0
2026-05-11 06:41:09.743 9 INFO neutron.db.ovn_revision_numbers_db [None req-a56b7910-62fd-4bad-86ef-6d653f785e0f ed908715294d4a8c81e6c1379e4a42dd d69562675b6948ceb78b32d4447398a6 - - default default] Successfully bumped revision number for resource 05fe729a-fd21-407f-a9e3-be84bd97969f (type: security_group_rules) to 0
2026-05-11 06:41:09.752 10 INFO neutron.db.ovn_revision_numbers_db [None req-6bd1d131-fecd-4d43-8e44-09d3373f537f ed908715294d4a8c81e6c1379e4a42dd d69562675b6948ceb78b32d4447398a6 - - default default] Successfully bumped revision number for resource 76f32e0b-a38a-412c-8b67-332354d8b42c (type: security_group_rules) to 0
2026-05-11 06:41:09.759 9 INFO neutron.db.ovn_revision_numbers_db [None req-a56b7910-62fd-4bad-86ef-6d653f785e0f ed908715294d4a8c81e6c1379e4a42dd d69562675b6948ceb78b32d4447398a6 - - default default] Successfully bumped revision number for resource 076026e9-33a7-4ab3-b833-a466988ebac3 (type: security_group_rules) to 0
2026-05-11 06:41:09.769 10 INFO neutron.db.ovn_revision_numbers_db [None req-6bd1d131-fecd-4d43-8e44-09d3373f537f ed908715294d4a8c81e6c1379e4a42dd d69562675b6948ceb78b32d4447398a6 - - default default] Successfully bumped revision number for resource d2571e89-8433-411d-9e08-186599791321 (type: security_group_rules) to 0
2026-05-11 06:41:09.782 9 INFO neutron.db.ovn_revision_numbers_db [None req-a56b7910-62fd-4bad-86ef-6d653f785e0f ed908715294d4a8c81e6c1379e4a42dd d69562675b6948ceb78b32d4447398a6 - - default default] Successfully bumped revision number for resource 4a63fbc5-64a1-46f7-a92c-38527f5ddb28 (type: security_group_rules) to 0
2026-05-11 06:41:09.787 10 INFO neutron.db.ovn_revision_numbers_db [None req-6bd1d131-fecd-4d43-8e44-09d3373f537f ed908715294d4a8c81e6c1379e4a42dd d69562675b6948ceb78b32d4447398a6 - - default default] Successfully bumped revision number for resource fe251f4b-f1b0-447a-b5f9-5a7a831920af (type: security_group_rules) to 0
2026-05-11 06:41:09.799 9 INFO neutron.db.ovn_revision_numbers_db [None req-a56b7910-62fd-4bad-86ef-6d653f785e0f ed908715294d4a8c81e6c1379e4a42dd d69562675b6948ceb78b32d4447398a6 - - default default] Successfully bumped revision number for resource e381d848-d8b2-4a1c-8135-083f1245a5c2 (type: security_group_rules) to 0
2026-05-11 06:41:09.849 10 INFO neutron.db.segments_db [None req-6bd1d131-fecd-4d43-8e44-09d3373f537f ed908715294d4a8c81e6c1379e4a42dd d69562675b6948ceb78b32d4447398a6 - - default default] Added segment 6bb46601-634f-4f1d-84bc-ac1a2846aa84 of type geneve for network 99e3b2f5-53fe-4d43-a6a0-d4fb27806fa8
2026-05-11 06:41:09.865 9 INFO neutron.db.segments_db [None req-a56b7910-62fd-4bad-86ef-6d653f785e0f ed908715294d4a8c81e6c1379e4a42dd d69562675b6948ceb78b32d4447398a6 - - default default] Added segment 3de8a1c8-d1a8-42e3-9469-ce3a1ffec9d2 of type geneve for network e2f04bb4-aed6-443b-bf22-fb80cade246d
2026-05-11 06:41:09.970 9 INFO neutron.db.ovn_revision_numbers_db [None req-8013c17b-6e02-4916-b4c0-f654469c30cc ed908715294d4a8c81e6c1379e4a42dd d69562675b6948ceb78b32d4447398a6 - - default default] Successfully bumped revision number for resource cb9d1d72-0aed-4dde-bef2-cfa96189261e (type: security_groups) to 1
2026-05-11 06:41:10.029 9 INFO neutron.db.ovn_revision_numbers_db [None req-8013c17b-6e02-4916-b4c0-f654469c30cc ed908715294d4a8c81e6c1379e4a42dd d69562675b6948ceb78b32d4447398a6 - - default default] Successfully bumped revision number for resource 18e2557c-17c1-4357-9e65-8811f5683b6d (type: security_group_rules) to 0
2026-05-11 06:41:10.036 9 INFO neutron.db.ovn_revision_numbers_db [None req-a56b7910-62fd-4bad-86ef-6d653f785e0f ed908715294d4a8c81e6c1379e4a42dd d69562675b6948ceb78b32d4447398a6 - - default default] Successfully bumped revision number for resource e2f04bb4-aed6-443b-bf22-fb80cade246d (type: networks) to 1
2026-05-11 06:41:10.048 9 INFO neutron.db.ovn_revision_numbers_db [None req-8013c17b-6e02-4916-b4c0-f654469c30cc ed908715294d4a8c81e6c1379e4a42dd d69562675b6948ceb78b32d4447398a6 - - default default] Successfully bumped revision number for resource 24c74faf-6000-4679-8dda-0778c930e8c5 (type: security_group_rules) to 0
2026-05-11 06:41:10.069 10 INFO neutron.db.ovn_revision_numbers_db [None req-6bd1d131-fecd-4d43-8e44-09d3373f537f ed908715294d4a8c81e6c1379e4a42dd d69562675b6948ceb78b32d4447398a6 - - default default] Successfully bumped revision number for resource 99e3b2f5-53fe-4d43-a6a0-d4fb27806fa8 (type: networks) to 1
2026-05-11 06:41:10.071 9 INFO neutron.db.ovn_revision_numbers_db [None req-8013c17b-6e02-4916-b4c0-f654469c30cc ed908715294d4a8c81e6c1379e4a42dd d69562675b6948ceb78b32d4447398a6 - - default default] Successfully bumped revision number for resource 8dbe43f4-b1c1-4c6e-b56a-43266d6eb4fa (type: security_group_rules) to 0
2026-05-11 06:41:10.093 9 INFO neutron.db.ovn_revision_numbers_db [None req-8013c17b-6e02-4916-b4c0-f654469c30cc ed908715294d4a8c81e6c1379e4a42dd d69562675b6948ceb78b32d4447398a6 - - default default] Successfully bumped revision number for resource c58d468c-bf50-4c6c-9651-34ca0e0645c7 (type: security_group_rules) to 0
2026-05-11 06:41:10.155 9 INFO neutron.db.segments_db [None req-8013c17b-6e02-4916-b4c0-f654469c30cc ed908715294d4a8c81e6c1379e4a42dd d69562675b6948ceb78b32d4447398a6 - - default default] Added segment 728ddd7b-0272-48a4-99f4-e5045017a388 of type geneve for network 896c2f98-f699-4c04-af26-58fa3334f86b
2026-05-11 06:41:10.254 9 WARNING neutron.scheduler.dhcp_agent_scheduler [None req-a56b7910-62fd-4bad-86ef-6d653f785e0f ed908715294d4a8c81e6c1379e4a42dd d69562675b6948ceb78b32d4447398a6 - - default default] No more DHCP agents
2026-05-11 06:41:10.257 9 WARNING neutron.api.rpc.agentnotifiers.dhcp_rpc_agent_api [None req-a56b7910-62fd-4bad-86ef-6d653f785e0f ed908715294d4a8c81e6c1379e4a42dd d69562675b6948ceb78b32d4447398a6 - - default default] Unable to schedule network e2f04bb4-aed6-443b-bf22-fb80cade246d: no agents available; will retry on subsequent port and subnet creation events.
2026-05-11 06:41:10.309 10 WARNING neutron.scheduler.dhcp_agent_scheduler [None req-6bd1d131-fecd-4d43-8e44-09d3373f537f ed908715294d4a8c81e6c1379e4a42dd d69562675b6948ceb78b32d4447398a6 - - default default] No more DHCP agents
2026-05-11 06:41:10.321 10 WARNING neutron.api.rpc.agentnotifiers.dhcp_rpc_agent_api [None req-6bd1d131-fecd-4d43-8e44-09d3373f537f ed908715294d4a8c81e6c1379e4a42dd d69562675b6948ceb78b32d4447398a6 - - default default] Unable to schedule network 99e3b2f5-53fe-4d43-a6a0-d4fb27806fa8: no agents available; will retry on subsequent port and subnet creation events.
2026-05-11 06:41:10.361 9 INFO neutron.db.ovn_revision_numbers_db [None req-8013c17b-6e02-4916-b4c0-f654469c30cc ed908715294d4a8c81e6c1379e4a42dd d69562675b6948ceb78b32d4447398a6 - - default default] Successfully bumped revision number for resource 896c2f98-f699-4c04-af26-58fa3334f86b (type: networks) to 1
2026-05-11 06:41:10.411 9 INFO neutron.db.ovn_revision_numbers_db [None req-a56b7910-62fd-4bad-86ef-6d653f785e0f ed908715294d4a8c81e6c1379e4a42dd d69562675b6948ceb78b32d4447398a6 - - default default] Successfully bumped revision number for resource 50a40eb4-30cb-4064-8cab-771845741ec5 (type: ports) to 1
2026-05-11 06:41:10.412 10 INFO neutron.db.ovn_revision_numbers_db [None req-6bd1d131-fecd-4d43-8e44-09d3373f537f ed908715294d4a8c81e6c1379e4a42dd d69562675b6948ceb78b32d4447398a6 - - default default] Successfully bumped revision number for resource e1d56c6b-fc5d-4063-9e1e-b0345b7af525 (type: ports) to 1
2026-05-11 06:41:10.432 10 INFO neutron.wsgi [None req-6bd1d131-fecd-4d43-8e44-09d3373f537f ed908715294d4a8c81e6c1379e4a42dd d69562675b6948ceb78b32d4447398a6 - - default default] 10.0.0.176 "POST /v2.0/networks HTTP/1.1" status: 201 len: 950 time: 1.0457671
2026-05-11 06:41:10.458 9 INFO neutron.wsgi [None req-a56b7910-62fd-4bad-86ef-6d653f785e0f ed908715294d4a8c81e6c1379e4a42dd d69562675b6948ceb78b32d4447398a6 - - default default] 10.0.0.176 "POST /v2.0/networks HTTP/1.1" status: 201 len: 947 time: 0.9445648
2026-05-11 06:41:10.664 10 WARNING neutron.scheduler.dhcp_agent_scheduler [None req-3a741bb0-c36e-4276-bb32-4db07ada0311 ed908715294d4a8c81e6c1379e4a42dd d69562675b6948ceb78b32d4447398a6 - - default default] No more DHCP agents
2026-05-11 06:41:10.675 10 WARNING neutron.api.rpc.agentnotifiers.dhcp_rpc_agent_api [None req-3a741bb0-c36e-4276-bb32-4db07ada0311 ed908715294d4a8c81e6c1379e4a42dd d69562675b6948ceb78b32d4447398a6 - - default default] Unable to schedule network e2f04bb4-aed6-443b-bf22-fb80cade246d: no agents available; will retry on subsequent port and subnet creation events.
