2026-05-11 06:41:10.702 9 WARNING neutron.scheduler.dhcp_agent_scheduler [None req-8013c17b-6e02-4916-b4c0-f654469c30cc ed908715294d4a8c81e6c1379e4a42dd d69562675b6948ceb78b32d4447398a6 - - default default] No more DHCP agents
2026-05-11 06:41:10.704 9 WARNING neutron.api.rpc.agentnotifiers.dhcp_rpc_agent_api [None req-8013c17b-6e02-4916-b4c0-f654469c30cc ed908715294d4a8c81e6c1379e4a42dd d69562675b6948ceb78b32d4447398a6 - - default default] Unable to schedule network 896c2f98-f699-4c04-af26-58fa3334f86b: no agents available; will retry on subsequent port and subnet creation events.
2026-05-11 06:41:10.737 10 INFO neutron.db.ovn_revision_numbers_db [None req-b10c8bde-f920-4d70-8659-006ad70bf58e ed908715294d4a8c81e6c1379e4a42dd d69562675b6948ceb78b32d4447398a6 - - default default] Successfully bumped revision number for resource 659fbf36-8429-4f99-838c-527b093d7d48 (type: security_groups) to 1
2026-05-11 06:41:10.756 10 INFO neutron.db.ovn_revision_numbers_db [None req-b10c8bde-f920-4d70-8659-006ad70bf58e ed908715294d4a8c81e6c1379e4a42dd d69562675b6948ceb78b32d4447398a6 - - default default] Successfully bumped revision number for resource 3730b163-4901-4655-ac91-be6709a3c699 (type: security_group_rules) to 0
2026-05-11 06:41:10.760 9 WARNING neutron.scheduler.dhcp_agent_scheduler [None req-35a30a59-1da5-4754-853a-8e420e54b2ac ed908715294d4a8c81e6c1379e4a42dd d69562675b6948ceb78b32d4447398a6 - - default default] No more DHCP agents
2026-05-11 06:41:10.769 9 WARNING neutron.api.rpc.agentnotifiers.dhcp_rpc_agent_api [None req-35a30a59-1da5-4754-853a-8e420e54b2ac ed908715294d4a8c81e6c1379e4a42dd d69562675b6948ceb78b32d4447398a6 - - default default] Unable to schedule network 99e3b2f5-53fe-4d43-a6a0-d4fb27806fa8: no agents available; will retry on subsequent port and subnet creation events.
2026-05-11 06:41:10.772 10 INFO neutron.db.ovn_revision_numbers_db [None req-b10c8bde-f920-4d70-8659-006ad70bf58e ed908715294d4a8c81e6c1379e4a42dd d69562675b6948ceb78b32d4447398a6 - - default default] Successfully bumped revision number for resource 78ecbb5e-b545-46c2-b77a-1807b843a27e (type: security_group_rules) to 0
2026-05-11 06:41:10.797 10 INFO neutron.db.ovn_revision_numbers_db [None req-b10c8bde-f920-4d70-8659-006ad70bf58e ed908715294d4a8c81e6c1379e4a42dd d69562675b6948ceb78b32d4447398a6 - - default default] Successfully bumped revision number for resource b91abcd4-809f-42b1-aa16-f785ca26de3b (type: security_group_rules) to 0
2026-05-11 06:41:10.832 9 INFO neutron.db.ovn_revision_numbers_db [None req-8013c17b-6e02-4916-b4c0-f654469c30cc ed908715294d4a8c81e6c1379e4a42dd d69562675b6948ceb78b32d4447398a6 - - default default] Successfully bumped revision number for resource a173731d-6837-42ed-8d47-457dfdada17a (type: ports) to 1
2026-05-11 06:41:10.837 10 INFO neutron.db.ovn_revision_numbers_db [None req-b10c8bde-f920-4d70-8659-006ad70bf58e ed908715294d4a8c81e6c1379e4a42dd d69562675b6948ceb78b32d4447398a6 - - default default] Successfully bumped revision number for resource cbf766c4-918f-47a4-8075-06ad92ac9998 (type: security_group_rules) to 0
2026-05-11 06:41:10.858 9 INFO neutron.wsgi [None req-8013c17b-6e02-4916-b4c0-f654469c30cc ed908715294d4a8c81e6c1379e4a42dd d69562675b6948ceb78b32d4447398a6 - - default default] 10.0.0.176 "POST /v2.0/networks HTTP/1.1" status: 201 len: 949 time: 1.1411476
2026-05-11 06:41:10.884 10 INFO neutron.wsgi [None req-b10c8bde-f920-4d70-8659-006ad70bf58e ed908715294d4a8c81e6c1379e4a42dd d69562675b6948ceb78b32d4447398a6 - - default default] 10.0.0.176 "GET /v2.0/security-groups?tenant_id=abb4b7e986774eafbc4ddd67def329b1&name=default HTTP/1.1" status: 200 len: 2992 time: 0.4457462
2026-05-11 06:41:11.068 9 WARNING neutron.scheduler.dhcp_agent_scheduler [None req-474157af-26ff-4ff0-8c6d-31769d549686 ed908715294d4a8c81e6c1379e4a42dd d69562675b6948ceb78b32d4447398a6 - - default default] No more DHCP agents
2026-05-11 06:41:11.072 9 WARNING neutron.api.rpc.agentnotifiers.dhcp_rpc_agent_api [None req-474157af-26ff-4ff0-8c6d-31769d549686 ed908715294d4a8c81e6c1379e4a42dd d69562675b6948ceb78b32d4447398a6 - - default default] Unable to schedule network 896c2f98-f699-4c04-af26-58fa3334f86b: no agents available; will retry on subsequent port and subnet creation events.
2026-05-11 06:41:11.234 10 INFO neutron.wsgi [None req-420725e3-f300-422f-9e39-e9971335e039 ed908715294d4a8c81e6c1379e4a42dd d69562675b6948ceb78b32d4447398a6 - - default default] 10.0.0.176 "DELETE /v2.0/security-groups/659fbf36-8429-4f99-838c-527b093d7d48 HTTP/1.1" status: 204 len: 168 time: 0.3446970
2026-05-11 06:41:11.305 10 INFO neutron.db.ovn_revision_numbers_db [None req-3a741bb0-c36e-4276-bb32-4db07ada0311 ed908715294d4a8c81e6c1379e4a42dd d69562675b6948ceb78b32d4447398a6 - - default default] Successfully bumped revision number for resource 50a40eb4-30cb-4064-8cab-771845741ec5 (type: ports) to 2
2026-05-11 06:41:11.362 10 INFO neutron.db.ovn_revision_numbers_db [None req-3a741bb0-c36e-4276-bb32-4db07ada0311 ed908715294d4a8c81e6c1379e4a42dd d69562675b6948ceb78b32d4447398a6 - - default default] Successfully bumped revision number for resource 7b29d0ec-e679-4689-9436-a3bc312e59eb (type: subnets) to 0
2026-05-11 06:41:11.386 10 INFO neutron.wsgi [None req-3a741bb0-c36e-4276-bb32-4db07ada0311 ed908715294d4a8c81e6c1379e4a42dd d69562675b6948ceb78b32d4447398a6 - - default default] 10.0.0.176 "POST /v2.0/subnets HTTP/1.1" status: 201 len: 867 time: 0.9220788
2026-05-11 06:41:11.453 9 INFO neutron.db.ovn_revision_numbers_db [None req-35a30a59-1da5-4754-853a-8e420e54b2ac ed908715294d4a8c81e6c1379e4a42dd d69562675b6948ceb78b32d4447398a6 - - default default] Successfully bumped revision number for resource e1d56c6b-fc5d-4063-9e1e-b0345b7af525 (type: ports) to 2
2026-05-11 06:41:11.507 9 INFO neutron.db.ovn_revision_numbers_db [None req-35a30a59-1da5-4754-853a-8e420e54b2ac ed908715294d4a8c81e6c1379e4a42dd d69562675b6948ceb78b32d4447398a6 - - default default] Successfully bumped revision number for resource 04fa0d11-6118-4d93-878d-84b9b1a33271 (type: subnets) to 0
2026-05-11 06:41:11.529 9 INFO neutron.wsgi [None req-35a30a59-1da5-4754-853a-8e420e54b2ac ed908715294d4a8c81e6c1379e4a42dd d69562675b6948ceb78b32d4447398a6 - - default default] 10.0.0.176 "POST /v2.0/subnets HTTP/1.1" status: 201 len: 870 time: 1.0905342
2026-05-11 06:41:11.874 9 INFO neutron.db.ovn_revision_numbers_db [None req-474157af-26ff-4ff0-8c6d-31769d549686 ed908715294d4a8c81e6c1379e4a42dd d69562675b6948ceb78b32d4447398a6 - - default default] Successfully bumped revision number for resource a173731d-6837-42ed-8d47-457dfdada17a (type: ports) to 2
2026-05-11 06:41:11.914 10 WARNING neutron.scheduler.dhcp_agent_scheduler [None req-816ef58b-ca81-4a83-9bf5-6be2315e2266 ed908715294d4a8c81e6c1379e4a42dd d69562675b6948ceb78b32d4447398a6 - - default default] No more DHCP agents
2026-05-11 06:41:11.917 10 WARNING neutron.api.rpc.agentnotifiers.dhcp_rpc_agent_api [None req-816ef58b-ca81-4a83-9bf5-6be2315e2266 ed908715294d4a8c81e6c1379e4a42dd d69562675b6948ceb78b32d4447398a6 - - default default] Unable to schedule network b60092eb-297c-4390-8bb9-7ebd6553f877: no agents available; will retry on subsequent port and subnet creation events.
2026-05-11 06:41:11.930 9 INFO neutron.db.ovn_revision_numbers_db [None req-474157af-26ff-4ff0-8c6d-31769d549686 ed908715294d4a8c81e6c1379e4a42dd d69562675b6948ceb78b32d4447398a6 - - default default] Successfully bumped revision number for resource 1ab1db87-fc45-4e08-bdf5-5597fa632de2 (type: subnets) to 0
2026-05-11 06:41:11.954 9 INFO neutron.wsgi [None req-474157af-26ff-4ff0-8c6d-31769d549686 ed908715294d4a8c81e6c1379e4a42dd d69562675b6948ceb78b32d4447398a6 - - default default] 10.0.0.176 "POST /v2.0/subnets HTTP/1.1" status: 201 len: 869 time: 1.0854809
2026-05-11 06:41:12.062 10 INFO neutron.db.ovn_revision_numbers_db [None req-816ef58b-ca81-4a83-9bf5-6be2315e2266 ed908715294d4a8c81e6c1379e4a42dd d69562675b6948ceb78b32d4447398a6 - - default default] Successfully bumped revision number for resource 8277d43d-da53-4cc8-bd83-fc8c06c08077 (type: ports) to 1
2026-05-11 06:41:12.234 9 WARNING neutron.scheduler.dhcp_agent_scheduler [None req-d29ad0b4-d436-4bc9-91a8-43b59f75ca81 ed908715294d4a8c81e6c1379e4a42dd d69562675b6948ceb78b32d4447398a6 - - default default] No more DHCP agents
2026-05-11 06:41:12.238 9 WARNING neutron.api.rpc.agentnotifiers.dhcp_rpc_agent_api [None req-d29ad0b4-d436-4bc9-91a8-43b59f75ca81 ed908715294d4a8c81e6c1379e4a42dd d69562675b6948ceb78b32d4447398a6 - - default default] Unable to schedule network b60092eb-297c-4390-8bb9-7ebd6553f877: no agents available; will retry on subsequent port and subnet creation events.
2026-05-11 06:41:12.384 10 INFO neutron.plugins.ml2.drivers.ovn.mech_driver.ovsdb.extensions.qos [None req-816ef58b-ca81-4a83-9bf5-6be2315e2266 ed908715294d4a8c81e6c1379e4a42dd d69562675b6948ceb78b32d4447398a6 - - default default] Starting OVNClientQosExtension
2026-05-11 06:41:12.406 9 INFO neutron.db.ovn_revision_numbers_db [None req-d29ad0b4-d436-4bc9-91a8-43b59f75ca81 ed908715294d4a8c81e6c1379e4a42dd d69562675b6948ceb78b32d4447398a6 - - default default] Successfully bumped revision number for resource 5cacd87c-0dd4-4f3b-a53a-f3f991a39688 (type: ports) to 1
2026-05-11 06:41:12.492 9 WARNING neutron.scheduler.dhcp_agent_scheduler [None req-18a23a65-ea16-4e7f-9eec-eb9dc2198212 ed908715294d4a8c81e6c1379e4a42dd d69562675b6948ceb78b32d4447398a6 - - default default] No more DHCP agents
2026-05-11 06:41:12.494 9 WARNING neutron.api.rpc.agentnotifiers.dhcp_rpc_agent_api [None req-18a23a65-ea16-4e7f-9eec-eb9dc2198212 ed908715294d4a8c81e6c1379e4a42dd d69562675b6948ceb78b32d4447398a6 - - default default] Unable to schedule network b60092eb-297c-4390-8bb9-7ebd6553f877: no agents available; will retry on subsequent port and subnet creation events.
2026-05-11 06:41:12.752 10 INFO neutron.plugins.ml2.drivers.ovn.mech_driver.mech_driver [None req-9a9ff5d1-29cb-4687-a6f5-76877596e9b9 - - - - - -] OVN reports status up for port: 8277d43d-da53-4cc8-bd83-fc8c06c08077
2026-05-11 06:41:12.776 10 INFO neutron.plugins.ml2.plugin [None req-9a9ff5d1-29cb-4687-a6f5-76877596e9b9 - - - - - -] Attempt 1 to provision port 8277d43d-da53-4cc8-bd83-fc8c06c08077
2026-05-11 06:41:12.777 9 INFO neutron.db.ovn_revision_numbers_db [None req-18a23a65-ea16-4e7f-9eec-eb9dc2198212 ed908715294d4a8c81e6c1379e4a42dd d69562675b6948ceb78b32d4447398a6 - - default default] Successfully bumped revision number for resource 57be4cd3-576a-4716-9fbd-f9267a65dc87 (type: ports) to 1
2026-05-11 06:41:12.784 9 INFO neutron.plugins.ml2.drivers.ovn.mech_driver.ovsdb.ovsdb_monitor [-] Router 05f9a84b-ba82-4cb9-8e39-dfacebf50baa is bound to host instance
2026-05-11 06:41:12.811 10 INFO neutron.db.ovn_revision_numbers_db [None req-816ef58b-ca81-4a83-9bf5-6be2315e2266 ed908715294d4a8c81e6c1379e4a42dd d69562675b6948ceb78b32d4447398a6 - - default default] Successfully bumped revision number for resource 8277d43d-da53-4cc8-bd83-fc8c06c08077 (type: router_ports) to 1
2026-05-11 06:41:12.890 10 INFO neutron.db.ovn_revision_numbers_db [None req-816ef58b-ca81-4a83-9bf5-6be2315e2266 ed908715294d4a8c81e6c1379e4a42dd d69562675b6948ceb78b32d4447398a6 - - default default] Successfully bumped revision number for resource 05f9a84b-ba82-4cb9-8e39-dfacebf50baa (type: routers) to 2
2026-05-11 06:41:12.906 10 INFO neutron.wsgi [None req-816ef58b-ca81-4a83-9bf5-6be2315e2266 ed908715294d4a8c81e6c1379e4a42dd d69562675b6948ceb78b32d4447398a6 - - default default] 10.0.0.176 "POST /v2.0/routers HTTP/1.1" status: 201 len: 878 time: 1.5136130
2026-05-11 06:41:12.937 9 INFO neutron.plugins.ml2.drivers.ovn.mech_driver.ovsdb.extensions.qos [None req-d29ad0b4-d436-4bc9-91a8-43b59f75ca81 ed908715294d4a8c81e6c1379e4a42dd d69562675b6948ceb78b32d4447398a6 - - default default] Starting OVNClientQosExtension
2026-05-11 06:41:13.213 10 INFO neutron.db.ovn_revision_numbers_db [None req-fa2af7ce-fd9a-47de-9848-b4dcae22d554 ed908715294d4a8c81e6c1379e4a42dd d69562675b6948ceb78b32d4447398a6 - - default default] Successfully bumped revision number for resource 9b8ee073-341e-4d1b-a776-c9b5eedcec52 (type: security_groups) to 1
2026-05-11 06:41:13.235 10 INFO neutron.db.ovn_revision_numbers_db [None req-fa2af7ce-fd9a-47de-9848-b4dcae22d554 ed908715294d4a8c81e6c1379e4a42dd d69562675b6948ceb78b32d4447398a6 - - default default] Successfully bumped revision number for resource 07a044e4-148e-4eba-a441-9757d6a1630c (type: security_group_rules) to 0
2026-05-11 06:41:13.253 10 INFO neutron.db.ovn_revision_numbers_db [None req-fa2af7ce-fd9a-47de-9848-b4dcae22d554 ed908715294d4a8c81e6c1379e4a42dd d69562675b6948ceb78b32d4447398a6 - - default default] Successfully bumped revision number for resource 3483c666-8e74-41cb-832e-1941e3c70738 (type: security_group_rules) to 0
2026-05-11 06:41:13.277 10 INFO neutron.db.ovn_revision_numbers_db [None req-fa2af7ce-fd9a-47de-9848-b4dcae22d554 ed908715294d4a8c81e6c1379e4a42dd d69562675b6948ceb78b32d4447398a6 - - default default] Successfully bumped revision number for resource 8369e418-0501-46bf-8742-7e32d35339e5 (type: security_group_rules) to 0
2026-05-11 06:41:13.290 10 INFO neutron.db.ovn_revision_numbers_db [None req-fa2af7ce-fd9a-47de-9848-b4dcae22d554 ed908715294d4a8c81e6c1379e4a42dd d69562675b6948ceb78b32d4447398a6 - - default default] Successfully bumped revision number for resource a7ba93af-f31c-4aa7-b5c1-3c45169f265e (type: security_group_rules) to 0
2026-05-11 06:41:13.323 10 WARNING neutron.scheduler.dhcp_agent_scheduler [None req-e12b8820-c02e-466a-928b-b16c3f00871a ed908715294d4a8c81e6c1379e4a42dd d69562675b6948ceb78b32d4447398a6 - - default default] No more DHCP agents
2026-05-11 06:41:13.326 10 WARNING neutron.api.rpc.agentnotifiers.dhcp_rpc_agent_api [None req-e12b8820-c02e-466a-928b-b16c3f00871a ed908715294d4a8c81e6c1379e4a42dd d69562675b6948ceb78b32d4447398a6 - - default default] Unable to schedule network e2f04bb4-aed6-443b-bf22-fb80cade246d: no agents available; will retry on subsequent port and subnet creation events.
2026-05-11 06:41:13.341 10 INFO neutron.db.segments_db [None req-fa2af7ce-fd9a-47de-9848-b4dcae22d554 ed908715294d4a8c81e6c1379e4a42dd d69562675b6948ceb78b32d4447398a6 - - default default] Added segment ecb78ce1-b56f-4370-b2b1-603476d1b4b6 of type geneve for network 92785e5d-3ac1-478c-8d17-19a9c7056d8f
2026-05-11 06:41:13.492 10 INFO neutron.db.ovn_revision_numbers_db [None req-e12b8820-c02e-466a-928b-b16c3f00871a ed908715294d4a8c81e6c1379e4a42dd d69562675b6948ceb78b32d4447398a6 - - default default] Successfully bumped revision number for resource 0c76220f-9806-4b7e-bb19-0dd48136860a (type: ports) to 1
2026-05-11 06:41:13.494 10 INFO neutron.db.ovn_revision_numbers_db [None req-fa2af7ce-fd9a-47de-9848-b4dcae22d554 ed908715294d4a8c81e6c1379e4a42dd d69562675b6948ceb78b32d4447398a6 - - default default] Successfully bumped revision number for resource 92785e5d-3ac1-478c-8d17-19a9c7056d8f (type: networks) to 1
2026-05-11 06:41:13.560 10 INFO neutron.plugins.ml2.drivers.ovn.mech_driver.ovsdb.ovsdb_monitor [-] Router 725b8521-a24a-411d-ae2f-ced0bc1dcd0e is bound to host instance
2026-05-11 06:41:13.577 9 INFO neutron.db.ovn_revision_numbers_db [None req-d29ad0b4-d436-4bc9-91a8-43b59f75ca81 ed908715294d4a8c81e6c1379e4a42dd d69562675b6948ceb78b32d4447398a6 - - default default] Successfully bumped revision number for resource 5cacd87c-0dd4-4f3b-a53a-f3f991a39688 (type: router_ports) to 1
2026-05-11 06:41:13.701 9 INFO neutron.db.ovn_revision_numbers_db [None req-d29ad0b4-d436-4bc9-91a8-43b59f75ca81 ed908715294d4a8c81e6c1379e4a42dd d69562675b6948ceb78b32d4447398a6 - - default default] Successfully bumped revision number for resource 725b8521-a24a-411d-ae2f-ced0bc1dcd0e (type: routers) to 2
2026-05-11 06:41:13.728 9 INFO neutron.wsgi [None req-d29ad0b4-d436-4bc9-91a8-43b59f75ca81 ed908715294d4a8c81e6c1379e4a42dd d69562675b6948ceb78b32d4447398a6 - - default default] 10.0.0.176 "POST /v2.0/routers HTTP/1.1" status: 201 len: 881 time: 2.1952331
2026-05-11 06:41:13.730 9 INFO neutron.db.ovn_revision_numbers_db [None req-9619f5ec-cc94-4f0f-87d8-66c5c49179c3 - - - - - -] Successfully bumped revision number for resource 8277d43d-da53-4cc8-bd83-fc8c06c08077 (type: ports) to 1
2026-05-11 06:41:13.865 9 INFO neutron.db.ovn_revision_numbers_db [None req-18a23a65-ea16-4e7f-9eec-eb9dc2198212 ed908715294d4a8c81e6c1379e4a42dd d69562675b6948ceb78b32d4447398a6 - - default default] Successfully bumped revision number for resource 57be4cd3-576a-4716-9fbd-f9267a65dc87 (type: router_ports) to 1
2026-05-11 06:41:13.930 10 WARNING neutron.scheduler.dhcp_agent_scheduler [None req-fa2af7ce-fd9a-47de-9848-b4dcae22d554 ed908715294d4a8c81e6c1379e4a42dd d69562675b6948ceb78b32d4447398a6 - - default default] No more DHCP agents
2026-05-11 06:41:13.941 10 WARNING neutron.api.rpc.agentnotifiers.dhcp_rpc_agent_api [None req-fa2af7ce-fd9a-47de-9848-b4dcae22d554 ed908715294d4a8c81e6c1379e4a42dd d69562675b6948ceb78b32d4447398a6 - - default default] Unable to schedule network 92785e5d-3ac1-478c-8d17-19a9c7056d8f: no agents available; will retry on subsequent port and subnet creation events.
2026-05-11 06:41:14.065 10 INFO neutron.db.ovn_revision_numbers_db [None req-fa2af7ce-fd9a-47de-9848-b4dcae22d554 ed908715294d4a8c81e6c1379e4a42dd d69562675b6948ceb78b32d4447398a6 - - default default] Successfully bumped revision number for resource f308561c-4ae4-4ff8-99c0-a48bd2908a81 (type: ports) to 1
2026-05-11 06:41:14.102 9 INFO neutron.db.ovn_revision_numbers_db [None req-18a23a65-ea16-4e7f-9eec-eb9dc2198212 ed908715294d4a8c81e6c1379e4a42dd d69562675b6948ceb78b32d4447398a6 - - default default] Successfully bumped revision number for resource 7d6792ff-322c-4ccf-9001-995c9d099f62 (type: routers) to 2
2026-05-11 06:41:14.128 10 INFO neutron.wsgi [None req-fa2af7ce-fd9a-47de-9848-b4dcae22d554 ed908715294d4a8c81e6c1379e4a42dd d69562675b6948ceb78b32d4447398a6 - - default default] 10.0.0.176 "POST /v2.0/networks HTTP/1.1" status: 201 len: 946 time: 1.2566483
2026-05-11 06:41:14.143 9 INFO neutron.wsgi [None req-18a23a65-ea16-4e7f-9eec-eb9dc2198212 ed908715294d4a8c81e6c1379e4a42dd d69562675b6948ceb78b32d4447398a6 - - default default] 10.0.0.176 "POST /v2.0/routers HTTP/1.1" status: 201 len: 880 time: 2.1829839
2026-05-11 06:41:14.321 9 INFO neutron.plugins.ml2.drivers.ovn.mech_driver.mech_driver [-] OVN reports status up for port: 0c76220f-9806-4b7e-bb19-0dd48136860a
2026-05-11 06:41:14.344 9 INFO neutron.plugins.ml2.plugin [None req-b058cca0-9862-4edc-91f3-3bd69de2f577 - - - - - -] Attempt 1 to provision port 0c76220f-9806-4b7e-bb19-0dd48136860a
2026-05-11 06:41:14.387 10 INFO neutron.db.ovn_revision_numbers_db [None req-e12b8820-c02e-466a-928b-b16c3f00871a ed908715294d4a8c81e6c1379e4a42dd d69562675b6948ceb78b32d4447398a6 - - default default] Successfully bumped revision number for resource 0c76220f-9806-4b7e-bb19-0dd48136860a (type: router_ports) to 1
2026-05-11 06:41:14.427 9 INFO neutron.db.ovn_revision_numbers_db [None req-9619f5ec-cc94-4f0f-87d8-66c5c49179c3 - - - - - -] Successfully bumped revision number for resource 8277d43d-da53-4cc8-bd83-fc8c06c08077 (type: router_ports) to 3
2026-05-11 06:41:14.446 9 WARNING neutron.scheduler.dhcp_agent_scheduler [None req-2c90590e-651e-4f92-a9c7-95af1be090d8 ed908715294d4a8c81e6c1379e4a42dd d69562675b6948ceb78b32d4447398a6 - - default default] No more DHCP agents
2026-05-11 06:41:14.467 9 WARNING neutron.api.rpc.agentnotifiers.dhcp_rpc_agent_api [None req-2c90590e-651e-4f92-a9c7-95af1be090d8 ed908715294d4a8c81e6c1379e4a42dd d69562675b6948ceb78b32d4447398a6 - - default default] Unable to schedule network 92785e5d-3ac1-478c-8d17-19a9c7056d8f: no agents available; will retry on subsequent port and subnet creation events.
2026-05-11 06:41:14.584 10 INFO neutron.db.ovn_revision_numbers_db [None req-7f20d9ac-6334-4a40-8f29-51a93d958624 - - - - - -] Successfully bumped revision number for resource 5cacd87c-0dd4-4f3b-a53a-f3f991a39688 (type: ports) to 1
2026-05-11 06:41:14.690 10 INFO neutron.db.ovn_revision_numbers_db [None req-e12b8820-c02e-466a-928b-b16c3f00871a ed908715294d4a8c81e6c1379e4a42dd d69562675b6948ceb78b32d4447398a6 - - default default] Successfully bumped revision number for resource 0c76220f-9806-4b7e-bb19-0dd48136860a (type: ports) to 1
2026-05-11 06:41:14.706 9 WARNING neutron.scheduler.dhcp_agent_scheduler [None req-1a70078f-43f5-4cad-8550-1d39f4510285 ed908715294d4a8c81e6c1379e4a42dd d69562675b6948ceb78b32d4447398a6 - - default default] No more DHCP agents
2026-05-11 06:41:14.715 9 WARNING neutron.api.rpc.agentnotifiers.dhcp_rpc_agent_api [None req-1a70078f-43f5-4cad-8550-1d39f4510285 ed908715294d4a8c81e6c1379e4a42dd d69562675b6948ceb78b32d4447398a6 - - default default] Unable to schedule network 99e3b2f5-53fe-4d43-a6a0-d4fb27806fa8: no agents available; will retry on subsequent port and subnet creation events.
2026-05-11 06:41:14.751 9 INFO neutron.db.ovn_revision_numbers_db [None req-9619f5ec-cc94-4f0f-87d8-66c5c49179c3 - - - - - -] Successfully bumped revision number for resource 8277d43d-da53-4cc8-bd83-fc8c06c08077 (type: ports) to 2
2026-05-11 06:41:14.846 10 WARNING neutron.scheduler.dhcp_agent_scheduler [None req-e12b8820-c02e-466a-928b-b16c3f00871a ed908715294d4a8c81e6c1379e4a42dd d69562675b6948ceb78b32d4447398a6 - - default default] No more DHCP agents
2026-05-11 06:41:14.850 10 WARNING neutron.api.rpc.agentnotifiers.dhcp_rpc_agent_api [None req-e12b8820-c02e-466a-928b-b16c3f00871a ed908715294d4a8c81e6c1379e4a42dd d69562675b6948ceb78b32d4447398a6 - - default default] Unable to schedule network e2f04bb4-aed6-443b-bf22-fb80cade246d: no agents available; will retry on subsequent port and subnet creation events.
2026-05-11 06:41:14.959 10 INFO neutron.db.ovn_revision_numbers_db [None req-7f20d9ac-6334-4a40-8f29-51a93d958624 - - - - - -] Successfully bumped revision number for resource 5cacd87c-0dd4-4f3b-a53a-f3f991a39688 (type: router_ports) to 3
2026-05-11 06:41:14.973 10 WARNING neutron.scheduler.dhcp_agent_scheduler [None req-f2e1ede9-a159-4ea2-8261-1e9e24825a70 ed908715294d4a8c81e6c1379e4a42dd d69562675b6948ceb78b32d4447398a6 - - default default] No more DHCP agents
2026-05-11 06:41:14.979 10 WARNING neutron.api.rpc.agentnotifiers.dhcp_rpc_agent_api [None req-f2e1ede9-a159-4ea2-8261-1e9e24825a70 ed908715294d4a8c81e6c1379e4a42dd d69562675b6948ceb78b32d4447398a6 - - default default] Unable to schedule network 896c2f98-f699-4c04-af26-58fa3334f86b: no agents available; will retry on subsequent port and subnet creation events.
2026-05-11 06:41:15.100 9 INFO neutron.db.ovn_revision_numbers_db [None req-b058cca0-9862-4edc-91f3-3bd69de2f577 - - - - - -] Successfully bumped revision number for resource 0c76220f-9806-4b7e-bb19-0dd48136860a (type: ports) to 2
2026-05-11 06:41:15.107 9 INFO neutron.db.ovn_revision_numbers_db [None req-1a70078f-43f5-4cad-8550-1d39f4510285 ed908715294d4a8c81e6c1379e4a42dd d69562675b6948ceb78b32d4447398a6 - - default default] Successfully bumped revision number for resource 389c3adb-d490-4c06-9d88-f94159532ffe (type: ports) to 1
2026-05-11 06:41:15.193 10 INFO neutron.db.ovn_revision_numbers_db [None req-7f20d9ac-6334-4a40-8f29-51a93d958624 - - - - - -] Successfully bumped revision number for resource 5cacd87c-0dd4-4f3b-a53a-f3f991a39688 (type: ports) to 2
2026-05-11 06:41:15.230 10 INFO neutron.db.ovn_revision_numbers_db [None req-f2e1ede9-a159-4ea2-8261-1e9e24825a70 ed908715294d4a8c81e6c1379e4a42dd d69562675b6948ceb78b32d4447398a6 - - default default] Successfully bumped revision number for resource 7aa1095a-9c9d-46b3-9ea8-c6002b06d1c0 (type: ports) to 1
2026-05-11 06:41:15.353 9 INFO neutron.db.ovn_revision_numbers_db [None req-b058cca0-9862-4edc-91f3-3bd69de2f577 - - - - - -] Successfully bumped revision number for resource 0c76220f-9806-4b7e-bb19-0dd48136860a (type: router_ports) to 2
2026-05-11 06:41:15.472 9 INFO neutron.db.ovn_revision_numbers_db [None req-9619f5ec-cc94-4f0f-87d8-66c5c49179c3 - - - - - -] Successfully bumped revision number for resource 8277d43d-da53-4cc8-bd83-fc8c06c08077 (type: ports) to 4
2026-05-11 06:41:15.586 9 INFO neutron.wsgi [None req-d66dae59-91f6-479e-b231-8e9e8d756db9 ed908715294d4a8c81e6c1379e4a42dd d69562675b6948ceb78b32d4447398a6 - - default default] 10.0.0.50 "GET /v2.0/network-ip-availabilities HTTP/1.1" status: 200 len: 3208 time: 0.0841184
2026-05-11 06:41:15.685 9 INFO neutron.wsgi [None req-b41e22ec-24a2-491e-a381-8fd5ecade52f ed908715294d4a8c81e6c1379e4a42dd d69562675b6948ceb78b32d4447398a6 - - default default] 10.0.0.50 "GET /v2.0/subnets HTTP/1.1" status: 200 len: 4073 time: 0.0762901
2026-05-11 06:41:15.685 10 INFO neutron.plugins.ml2.drivers.ovn.mech_driver.mech_driver [None req-9a9ff5d1-29cb-4687-a6f5-76877596e9b9 - - - - - -] OVN reports status up for port: 5cacd87c-0dd4-4f3b-a53a-f3f991a39688
2026-05-11 06:41:15.703 9 INFO neutron.wsgi [None req-3ac5e54d-a7e7-4e4e-8397-ef9dad3f1d32 ed908715294d4a8c81e6c1379e4a42dd d69562675b6948ceb78b32d4447398a6 - - default default] 10.0.0.50 "GET /v2.0/subnetpools HTTP/1.1" status: 200 len: 193 time: 0.0133166
2026-05-11 06:41:15.707 10 INFO neutron.plugins.ml2.plugin [None req-9a9ff5d1-29cb-4687-a6f5-76877596e9b9 - - - - - -] Attempt 1 to provision port 5cacd87c-0dd4-4f3b-a53a-f3f991a39688
2026-05-11 06:41:15.716 9 INFO neutron.db.ovn_revision_numbers_db [None req-2c90590e-651e-4f92-a9c7-95af1be090d8 ed908715294d4a8c81e6c1379e4a42dd d69562675b6948ceb78b32d4447398a6 - - default default] Successfully bumped revision number for resource f308561c-4ae4-4ff8-99c0-a48bd2908a81 (type: ports) to 2
2026-05-11 06:41:15.733 9 INFO neutron.wsgi [None req-905023ad-304b-4316-b77b-b04c3b52ad87 ed908715294d4a8c81e6c1379e4a42dd d69562675b6948ceb78b32d4447398a6 - - default default] 10.0.0.50 "GET /v2.0/floatingips HTTP/1.1" status: 200 len: 193 time: 0.0228872
2026-05-11 06:41:15.832 10 INFO neutron.db.ovn_revision_numbers_db [None req-7f20d9ac-6334-4a40-8f29-51a93d958624 - - - - - -] Successfully bumped revision number for resource 5cacd87c-0dd4-4f3b-a53a-f3f991a39688 (type: ports) to 4
2026-05-11 06:41:15.907 10 INFO neutron.plugins.ml2.drivers.ovn.mech_driver.mech_driver [None req-9a9ff5d1-29cb-4687-a6f5-76877596e9b9 - - - - - -] OVN reports status up for port: 57be4cd3-576a-4716-9fbd-f9267a65dc87
2026-05-11 06:41:15.940 10 INFO neutron.plugins.ml2.plugin [None req-9a9ff5d1-29cb-4687-a6f5-76877596e9b9 - - - - - -] Attempt 1 to provision port 57be4cd3-576a-4716-9fbd-f9267a65dc87
2026-05-11 06:41:15.962 9 INFO neutron.wsgi [None req-e8a47e70-be71-4cd6-b008-914a306276d4 ed908715294d4a8c81e6c1379e4a42dd d69562675b6948ceb78b32d4447398a6 - - default default] 10.0.0.50 "GET /v2.0/ports HTTP/1.1" status: 200 len: 15946 time: 0.2243266
2026-05-11 06:41:15.983 9 INFO neutron.db.ovn_revision_numbers_db [None req-2c90590e-651e-4f92-a9c7-95af1be090d8 ed908715294d4a8c81e6c1379e4a42dd d69562675b6948ceb78b32d4447398a6 - - default default] Successfully bumped revision number for resource 7effc17c-52f2-482d-b24d-511485692d43 (type: subnets) to 0
2026-05-11 06:41:16.013 9 INFO neutron.wsgi [None req-2c90590e-651e-4f92-a9c7-95af1be090d8 ed908715294d4a8c81e6c1379e4a42dd d69562675b6948ceb78b32d4447398a6 - - default default] 10.0.0.176 "POST /v2.0/subnets HTTP/1.1" status: 201 len: 866 time: 1.8795178
2026-05-11 06:41:16.086 9 INFO neutron.wsgi [None req-dac8f67f-f99a-4af6-9afb-9c71e10923a2 ed908715294d4a8c81e6c1379e4a42dd d69562675b6948ceb78b32d4447398a6 - - default default] 10.0.0.50 "GET /v2.0/networks HTTP/1.1" status: 200 len: 5402 time: 0.1134708
2026-05-11 06:41:16.106 9 INFO neutron.db.ovn_revision_numbers_db [None req-9619f5ec-cc94-4f0f-87d8-66c5c49179c3 - - - - - -] Successfully bumped revision number for resource 8277d43d-da53-4cc8-bd83-fc8c06c08077 (type: router_ports) to 4
2026-05-11 06:41:16.148 10 INFO neutron.db.ovn_revision_numbers_db [None req-e12b8820-c02e-466a-928b-b16c3f00871a ed908715294d4a8c81e6c1379e4a42dd d69562675b6948ceb78b32d4447398a6 - - default default] Successfully bumped revision number for resource 0c76220f-9806-4b7e-bb19-0dd48136860a (type: router_ports) to 2
2026-05-11 06:41:16.150 10 INFO neutron.wsgi [None req-e12b8820-c02e-466a-928b-b16c3f00871a ed908715294d4a8c81e6c1379e4a42dd d69562675b6948ceb78b32d4447398a6 - - default default] 10.0.0.176 "PUT /v2.0/routers/05f9a84b-ba82-4cb9-8e39-dfacebf50baa/add_router_interface HTTP/1.1" status: 200 len: 503 time: 3.2389302
2026-05-11 06:41:16.160 9 INFO neutron.plugins.ml2.drivers.ovn.mech_driver.ovsdb.ovsdb_monitor [None req-9619f5ec-cc94-4f0f-87d8-66c5c49179c3 - - - - - -] Router 7d6792ff-322c-4ccf-9001-995c9d099f62 is bound to host instance
2026-05-11 06:41:16.202 9 INFO neutron.wsgi [None req-f5b03fc5-b258-4637-9319-ab74f9eb74ff ed908715294d4a8c81e6c1379e4a42dd d69562675b6948ceb78b32d4447398a6 - - default default] 10.0.0.50 "GET /v2.0/security-groups HTTP/1.1" status: 200 len: 27899 time: 0.1109123
2026-05-11 06:41:16.212 9 INFO neutron.db.ovn_revision_numbers_db [None req-1a70078f-43f5-4cad-8550-1d39f4510285 ed908715294d4a8c81e6c1379e4a42dd d69562675b6948ceb78b32d4447398a6 - - default default] Successfully bumped revision number for resource 389c3adb-d490-4c06-9d88-f94159532ffe (type: router_ports) to 1
2026-05-11 06:41:16.276 9 INFO neutron.wsgi [None req-2f1876fb-18d1-44a7-abad-17cccc9ac7cf ed908715294d4a8c81e6c1379e4a42dd d69562675b6948ceb78b32d4447398a6 - - default default] 10.0.0.50 "GET /v2.0/subnets HTTP/1.1" status: 200 len: 4073 time: 0.0621765
2026-05-11 06:41:16.289 10 INFO neutron.db.ovn_revision_numbers_db [None req-f2e1ede9-a159-4ea2-8261-1e9e24825a70 ed908715294d4a8c81e6c1379e4a42dd d69562675b6948ceb78b32d4447398a6 - - default default] Successfully bumped revision number for resource 7aa1095a-9c9d-46b3-9ea8-c6002b06d1c0 (type: router_ports) to 1
2026-05-11 06:41:16.378 10 INFO neutron.db.ovn_revision_numbers_db [None req-7f20d9ac-6334-4a40-8f29-51a93d958624 - - - - - -] Successfully bumped revision number for resource 5cacd87c-0dd4-4f3b-a53a-f3f991a39688 (type: router_ports) to 4
2026-05-11 06:41:16.427 9 INFO neutron.wsgi [None req-09fdfc68-bf5f-41b7-af9b-1ef46c33a8ca ed908715294d4a8c81e6c1379e4a42dd d69562675b6948ceb78b32d4447398a6 - - default default] 10.0.0.50 "GET /v2.0/routers HTTP/1.1" status: 200 len: 2706 time: 0.1468918
2026-05-11 06:41:16.451 9 INFO neutron.wsgi [None req-dd935f7a-7533-4b2d-bd78-16f0525398a7 ed908715294d4a8c81e6c1379e4a42dd d69562675b6948ceb78b32d4447398a6 - - default default] 10.0.0.50 "GET /v2.0/agents?binary=ovn-controller HTTP/1.1" status: 200 len: 591 time: 0.0195615
2026-05-11 06:41:16.474 9 INFO neutron.wsgi [None req-39a9eb73-c5e9-4896-84b0-c3b87acad8b4 ed908715294d4a8c81e6c1379e4a42dd d69562675b6948ceb78b32d4447398a6 - - default default] 10.0.0.50 "GET /v2.0/agents HTTP/1.1" status: 200 len: 997 time: 0.0210230
2026-05-11 06:41:16.484 9 INFO neutron.db.ovn_revision_numbers_db [None req-1a70078f-43f5-4cad-8550-1d39f4510285 ed908715294d4a8c81e6c1379e4a42dd d69562675b6948ceb78b32d4447398a6 - - default default] Successfully bumped revision number for resource 389c3adb-d490-4c06-9d88-f94159532ffe (type: ports) to 1
2026-05-11 06:41:16.510 10 INFO neutron.db.ovn_revision_numbers_db [None req-f2e1ede9-a159-4ea2-8261-1e9e24825a70 ed908715294d4a8c81e6c1379e4a42dd d69562675b6948ceb78b32d4447398a6 - - default default] Successfully bumped revision number for resource 7aa1095a-9c9d-46b3-9ea8-c6002b06d1c0 (type: ports) to 1
2026-05-11 06:41:16.585 9 WARNING neutron.scheduler.dhcp_agent_scheduler [None req-1a70078f-43f5-4cad-8550-1d39f4510285 ed908715294d4a8c81e6c1379e4a42dd d69562675b6948ceb78b32d4447398a6 - - default default] No more DHCP agents
2026-05-11 06:41:16.587 9 WARNING neutron.api.rpc.agentnotifiers.dhcp_rpc_agent_api [None req-1a70078f-43f5-4cad-8550-1d39f4510285 ed908715294d4a8c81e6c1379e4a42dd d69562675b6948ceb78b32d4447398a6 - - default default] Unable to schedule network 99e3b2f5-53fe-4d43-a6a0-d4fb27806fa8: no agents available; will retry on subsequent port and subnet creation events.
2026-05-11 06:41:16.594 10 WARNING neutron.scheduler.dhcp_agent_scheduler [None req-f2e1ede9-a159-4ea2-8261-1e9e24825a70 ed908715294d4a8c81e6c1379e4a42dd d69562675b6948ceb78b32d4447398a6 - - default default] No more DHCP agents
2026-05-11 06:41:16.595 10 WARNING neutron.api.rpc.agentnotifiers.dhcp_rpc_agent_api [None req-f2e1ede9-a159-4ea2-8261-1e9e24825a70 ed908715294d4a8c81e6c1379e4a42dd d69562675b6948ceb78b32d4447398a6 - - default default] Unable to schedule network 896c2f98-f699-4c04-af26-58fa3334f86b: no agents available; will retry on subsequent port and subnet creation events.
2026-05-11 06:41:16.745 10 WARNING neutron.scheduler.dhcp_agent_scheduler [None req-9cb8450b-f505-4f74-ae0d-828a9b553f4a ed908715294d4a8c81e6c1379e4a42dd d69562675b6948ceb78b32d4447398a6 - - default default] No more DHCP agents
2026-05-11 06:41:16.749 10 WARNING neutron.api.rpc.agentnotifiers.dhcp_rpc_agent_api [None req-9cb8450b-f505-4f74-ae0d-828a9b553f4a ed908715294d4a8c81e6c1379e4a42dd d69562675b6948ceb78b32d4447398a6 - - default default] Unable to schedule network b60092eb-297c-4390-8bb9-7ebd6553f877: no agents available; will retry on subsequent port and subnet creation events.
2026-05-11 06:41:16.946 10 INFO neutron.db.ovn_revision_numbers_db [None req-9cb8450b-f505-4f74-ae0d-828a9b553f4a ed908715294d4a8c81e6c1379e4a42dd d69562675b6948ceb78b32d4447398a6 - - default default] Successfully bumped revision number for resource dabd20ef-fa06-4983-aed7-ecf8f3d20bf2 (type: ports) to 1
2026-05-11 06:41:17.108 9 INFO neutron.db.ovn_revision_numbers_db [None req-9619f5ec-cc94-4f0f-87d8-66c5c49179c3 - - - - - -] Successfully bumped revision number for resource 57be4cd3-576a-4716-9fbd-f9267a65dc87 (type: ports) to 1
2026-05-11 06:41:17.146 10 WARNING neutron_lib.context [req-ee7da904-2e01-4162-a9e4-e278319c7ad9 req-98d48fcb-143d-4d69-ae22-cfdc13fa25ad 4126bfa68d9f494e9fb34f9d1464bf46 8916dff21ee34808973638ac2739522b - - default default] Method 'is_advsvc' is deprecated since 2023.2 release (neutron-lib 3.8.0) and will be removed once support for the old RBAC API policies will be removed from Neutron. Please use method 'is_service_role' instead.
2026-05-11 06:41:17.389 10 INFO neutron.db.ovn_revision_numbers_db [req-ee7da904-2e01-4162-a9e4-e278319c7ad9 req-98d48fcb-143d-4d69-ae22-cfdc13fa25ad 4126bfa68d9f494e9fb34f9d1464bf46 8916dff21ee34808973638ac2739522b - - default default] Successfully bumped revision number for resource 59346f1a-8b8e-452a-b592-6811215d2c4d (type: security_groups) to 1
2026-05-11 06:41:17.417 10 INFO neutron.db.ovn_revision_numbers_db [req-ee7da904-2e01-4162-a9e4-e278319c7ad9 req-98d48fcb-143d-4d69-ae22-cfdc13fa25ad 4126bfa68d9f494e9fb34f9d1464bf46 8916dff21ee34808973638ac2739522b - - default default] Successfully bumped revision number for resource 7eedfbfa-d0a6-405a-b0de-7641581c01cb (type: security_group_rules) to 0
2026-05-11 06:41:17.451 10 INFO neutron.db.ovn_revision_numbers_db [req-ee7da904-2e01-4162-a9e4-e278319c7ad9 req-98d48fcb-143d-4d69-ae22-cfdc13fa25ad 4126bfa68d9f494e9fb34f9d1464bf46 8916dff21ee34808973638ac2739522b - - default default] Successfully bumped revision number for resource c4161c9b-b4aa-43ac-a245-b5dd2bb732a2 (type: security_group_rules) to 0
2026-05-11 06:41:17.477 9 INFO neutron.db.ovn_revision_numbers_db [None req-9619f5ec-cc94-4f0f-87d8-66c5c49179c3 - - - - - -] Successfully bumped revision number for resource 57be4cd3-576a-4716-9fbd-f9267a65dc87 (type: router_ports) to 3
2026-05-11 06:41:17.492 10 INFO neutron.wsgi [req-ee7da904-2e01-4162-a9e4-e278319c7ad9 req-98d48fcb-143d-4d69-ae22-cfdc13fa25ad 4126bfa68d9f494e9fb34f9d1464bf46 8916dff21ee34808973638ac2739522b - - default default] 10.0.0.137 "POST /v2.0/security-groups HTTP/1.1" status: 201 len: 1823 time: 0.4890213
2026-05-11 06:41:17.660 10 INFO neutron.db.ovn_revision_numbers_db [None req-f2e1ede9-a159-4ea2-8261-1e9e24825a70 ed908715294d4a8c81e6c1379e4a42dd d69562675b6948ceb78b32d4447398a6 - - default default] Successfully bumped revision number for resource 7aa1095a-9c9d-46b3-9ea8-c6002b06d1c0 (type: router_ports) to 1
2026-05-11 06:41:17.663 10 INFO neutron.wsgi [None req-f2e1ede9-a159-4ea2-8261-1e9e24825a70 ed908715294d4a8c81e6c1379e4a42dd d69562675b6948ceb78b32d4447398a6 - - default default] 10.0.0.176 "PUT /v2.0/routers/7d6792ff-322c-4ccf-9001-995c9d099f62/add_router_interface HTTP/1.1" status: 200 len: 503 time: 3.5039816
2026-05-11 06:41:17.667 9 INFO neutron.db.ovn_revision_numbers_db [None req-9619f5ec-cc94-4f0f-87d8-66c5c49179c3 - - - - - -] Successfully bumped revision number for resource 57be4cd3-576a-4716-9fbd-f9267a65dc87 (type: ports) to 2
2026-05-11 06:41:17.686 9 INFO neutron.db.ovn_revision_numbers_db [None req-1a70078f-43f5-4cad-8550-1d39f4510285 ed908715294d4a8c81e6c1379e4a42dd d69562675b6948ceb78b32d4447398a6 - - default default] Successfully bumped revision number for resource 389c3adb-d490-4c06-9d88-f94159532ffe (type: router_ports) to 1
2026-05-11 06:41:17.688 9 INFO neutron.wsgi [None req-1a70078f-43f5-4cad-8550-1d39f4510285 ed908715294d4a8c81e6c1379e4a42dd d69562675b6948ceb78b32d4447398a6 - - default default] 10.0.0.176 "PUT /v2.0/routers/725b8521-a24a-411d-ae2f-ced0bc1dcd0e/add_router_interface HTTP/1.1" status: 200 len: 503 time: 3.9533775
2026-05-11 06:41:17.799 10 INFO neutron.plugins.ml2.drivers.ovn.mech_driver.ovsdb.ovsdb_monitor [None req-7f20d9ac-6334-4a40-8f29-51a93d958624 - - - - - -] Router dc8be41f-6489-482b-aada-0acf616739b3 is bound to host instance
2026-05-11 06:41:17.828 10 INFO neutron.db.ovn_revision_numbers_db [None req-9cb8450b-f505-4f74-ae0d-828a9b553f4a ed908715294d4a8c81e6c1379e4a42dd d69562675b6948ceb78b32d4447398a6 - - default default] Successfully bumped revision number for resource dabd20ef-fa06-4983-aed7-ecf8f3d20bf2 (type: router_ports) to 1
2026-05-11 06:41:17.900 9 WARNING neutron_lib.context [req-21967822-a966-4709-8d72-038bc2896ef9 req-c9739ab2-9c26-4acf-b046-6c8301c49a02 4126bfa68d9f494e9fb34f9d1464bf46 8916dff21ee34808973638ac2739522b - - default default] Method 'is_advsvc' is deprecated since 2023.2 release (neutron-lib 3.8.0) and will be removed once support for the old RBAC API policies will be removed from Neutron. Please use method 'is_service_role' instead.
2026-05-11 06:41:17.983 9 INFO neutron.db.ovn_revision_numbers_db [None req-9619f5ec-cc94-4f0f-87d8-66c5c49179c3 - - - - - -] Successfully bumped revision number for resource 57be4cd3-576a-4716-9fbd-f9267a65dc87 (type: ports) to 4
2026-05-11 06:41:18.009 10 INFO neutron.db.ovn_revision_numbers_db [None req-9cb8450b-f505-4f74-ae0d-828a9b553f4a ed908715294d4a8c81e6c1379e4a42dd d69562675b6948ceb78b32d4447398a6 - - default default] Successfully bumped revision number for resource dc8be41f-6489-482b-aada-0acf616739b3 (type: routers) to 2
2026-05-11 06:41:18.026 10 INFO neutron.wsgi [None req-9cb8450b-f505-4f74-ae0d-828a9b553f4a ed908715294d4a8c81e6c1379e4a42dd d69562675b6948ceb78b32d4447398a6 - - default default] 10.0.0.176 "POST /v2.0/routers HTTP/1.1" status: 201 len: 877 time: 2.0071158
2026-05-11 06:41:18.175 9 WARNING neutron_lib.context [None req-6f6bb3a1-7e1b-4cc6-948f-5e40b1b7c4b6 000e6588461146cdaef26c07bf6638c0 ea531648b5cd493e9f7781279a5e1bff - - default default] Method 'is_advsvc' is deprecated since 2023.2 release (neutron-lib 3.8.0) and will be removed once support for the old RBAC API policies will be removed from Neutron. Please use method 'is_service_role' instead.
2026-05-11 06:41:18.233 10 WARNING neutron_lib.context [req-2b0c05b7-ad93-4cee-a067-0d6a1048b826 req-b605be3a-7a9c-4dd5-9502-b51b7a112ddc 576cbdcbca594fe995dbab3bd579e97c 0996b083c38e4b56adf186fa8a1dce35 - - default default] Method 'is_advsvc' is deprecated since 2023.2 release (neutron-lib 3.8.0) and will be removed once support for the old RBAC API policies will be removed from Neutron. Please use method 'is_service_role' instead.
2026-05-11 06:41:18.256 9 INFO neutron.db.ovn_revision_numbers_db [req-21967822-a966-4709-8d72-038bc2896ef9 req-c9739ab2-9c26-4acf-b046-6c8301c49a02 4126bfa68d9f494e9fb34f9d1464bf46 8916dff21ee34808973638ac2739522b - - default default] Successfully bumped revision number for resource 479c8936-82a2-4418-aee4-4f07df3f079f (type: security_groups) to 1
2026-05-11 06:41:18.277 9 INFO neutron.db.ovn_revision_numbers_db [req-21967822-a966-4709-8d72-038bc2896ef9 req-c9739ab2-9c26-4acf-b046-6c8301c49a02 4126bfa68d9f494e9fb34f9d1464bf46 8916dff21ee34808973638ac2739522b - - default default] Successfully bumped revision number for resource 61136bb0-7837-4743-a86b-c0a9560c69ce (type: security_group_rules) to 0
2026-05-11 06:41:18.310 9 INFO neutron.db.ovn_revision_numbers_db [req-21967822-a966-4709-8d72-038bc2896ef9 req-c9739ab2-9c26-4acf-b046-6c8301c49a02 4126bfa68d9f494e9fb34f9d1464bf46 8916dff21ee34808973638ac2739522b - - default default] Successfully bumped revision number for resource eded54ab-3862-486f-bae3-f5c264b13b66 (type: security_group_rules) to 0
2026-05-11 06:41:18.347 9 INFO neutron.wsgi [req-21967822-a966-4709-8d72-038bc2896ef9 req-c9739ab2-9c26-4acf-b046-6c8301c49a02 4126bfa68d9f494e9fb34f9d1464bf46 8916dff21ee34808973638ac2739522b - - default default] 10.0.0.137 "POST /v2.0/security-groups HTTP/1.1" status: 201 len: 1823 time: 0.4926360
2026-05-11 06:41:18.368 9 INFO neutron.db.ovn_revision_numbers_db [None req-6f6bb3a1-7e1b-4cc6-948f-5e40b1b7c4b6 000e6588461146cdaef26c07bf6638c0 ea531648b5cd493e9f7781279a5e1bff - - default default] Successfully bumped revision number for resource d9f77786-f52e-453b-b62e-97a39ea6403f (type: security_groups) to 1
2026-05-11 06:41:18.391 9 WARNING neutron_lib.context [req-f4c509b9-5b43-4545-908e-ecd41dd87a16 req-992fe733-03d9-48b0-a53f-793c5960ab49 4126bfa68d9f494e9fb34f9d1464bf46 8916dff21ee34808973638ac2739522b - - default default] Method 'is_advsvc' is deprecated since 2023.2 release (neutron-lib 3.8.0) and will be removed once support for the old RBAC API policies will be removed from Neutron. Please use method 'is_service_role' instead.
2026-05-11 06:41:18.402 9 INFO neutron.db.ovn_revision_numbers_db [None req-6f6bb3a1-7e1b-4cc6-948f-5e40b1b7c4b6 000e6588461146cdaef26c07bf6638c0 ea531648b5cd493e9f7781279a5e1bff - - default default] Successfully bumped revision number for resource bf3d14a8-0084-4f98-8e57-b4c7e77c2dc7 (type: security_group_rules) to 0
2026-05-11 06:41:18.413 9 INFO neutron.db.ovn_revision_numbers_db [None req-9619f5ec-cc94-4f0f-87d8-66c5c49179c3 - - - - - -] Successfully bumped revision number for resource 57be4cd3-576a-4716-9fbd-f9267a65dc87 (type: router_ports) to 4
2026-05-11 06:41:18.416 9 INFO neutron.db.ovn_revision_numbers_db [None req-6f6bb3a1-7e1b-4cc6-948f-5e40b1b7c4b6 000e6588461146cdaef26c07bf6638c0 ea531648b5cd493e9f7781279a5e1bff - - default default] Successfully bumped revision number for resource d6d760c5-9baa-4fcf-a7e1-020c38898dfe (type: security_group_rules) to 0
2026-05-11 06:41:18.449 9 INFO neutron.wsgi [None req-6f6bb3a1-7e1b-4cc6-948f-5e40b1b7c4b6 000e6588461146cdaef26c07bf6638c0 ea531648b5cd493e9f7781279a5e1bff - - default default] 10.0.0.176 "POST /v2.0/security-groups HTTP/1.1" status: 201 len: 1796 time: 0.2798905
2026-05-11 06:41:18.459 9 WARNING neutron_lib.context [None req-eaf7dbe7-87ea-42a9-9689-02b9f22b9c04 000e6588461146cdaef26c07bf6638c0 ea531648b5cd493e9f7781279a5e1bff - - default default] Method 'is_advsvc' is deprecated since 2023.2 release (neutron-lib 3.8.0) and will be removed once support for the old RBAC API policies will be removed from Neutron. Please use method 'is_service_role' instead.
2026-05-11 06:41:18.472 10 INFO neutron.db.ovn_revision_numbers_db [req-2b0c05b7-ad93-4cee-a067-0d6a1048b826 req-b605be3a-7a9c-4dd5-9502-b51b7a112ddc 576cbdcbca594fe995dbab3bd579e97c 0996b083c38e4b56adf186fa8a1dce35 - - default default] Successfully bumped revision number for resource 1b4f04b5-55c7-497f-99b6-a4aa815eb979 (type: security_groups) to 1
2026-05-11 06:41:18.506 10 INFO neutron.db.ovn_revision_numbers_db [req-2b0c05b7-ad93-4cee-a067-0d6a1048b826 req-b605be3a-7a9c-4dd5-9502-b51b7a112ddc 576cbdcbca594fe995dbab3bd579e97c 0996b083c38e4b56adf186fa8a1dce35 - - default default] Successfully bumped revision number for resource 4592e5b5-d883-4df6-90c9-7cace3077d2d (type: security_group_rules) to 0
2026-05-11 06:41:18.533 10 INFO neutron.db.ovn_revision_numbers_db [req-2b0c05b7-ad93-4cee-a067-0d6a1048b826 req-b605be3a-7a9c-4dd5-9502-b51b7a112ddc 576cbdcbca594fe995dbab3bd579e97c 0996b083c38e4b56adf186fa8a1dce35 - - default default] Successfully bumped revision number for resource 6db371b5-c84e-4cfd-a79b-3e915d25de14 (type: security_group_rules) to 0
2026-05-11 06:41:18.550 9 INFO neutron.db.ovn_revision_numbers_db [req-f4c509b9-5b43-4545-908e-ecd41dd87a16 req-992fe733-03d9-48b0-a53f-793c5960ab49 4126bfa68d9f494e9fb34f9d1464bf46 8916dff21ee34808973638ac2739522b - - default default] Successfully bumped revision number for resource 7c5c508b-9b8c-42bd-b0c8-edd2549f5cb5 (type: security_groups) to 1
2026-05-11 06:41:18.561 10 INFO neutron.db.ovn_revision_numbers_db [None req-7f20d9ac-6334-4a40-8f29-51a93d958624 - - - - - -] Successfully bumped revision number for resource dabd20ef-fa06-4983-aed7-ecf8f3d20bf2 (type: ports) to 1
2026-05-11 06:41:18.565 9 INFO neutron.db.ovn_revision_numbers_db [req-f4c509b9-5b43-4545-908e-ecd41dd87a16 req-992fe733-03d9-48b0-a53f-793c5960ab49 4126bfa68d9f494e9fb34f9d1464bf46 8916dff21ee34808973638ac2739522b - - default default] Successfully bumped revision number for resource 3e572b12-5096-413a-8f18-2548727ad2b6 (type: security_group_rules) to 0
2026-05-11 06:41:18.566 10 INFO neutron.wsgi [req-2b0c05b7-ad93-4cee-a067-0d6a1048b826 req-b605be3a-7a9c-4dd5-9502-b51b7a112ddc 576cbdcbca594fe995dbab3bd579e97c 0996b083c38e4b56adf186fa8a1dce35 - - default default] 10.0.0.137 "POST /v2.0/security-groups HTTP/1.1" status: 201 len: 1826 time: 0.3439479
2026-05-11 06:41:18.592 9 INFO neutron.db.ovn_revision_numbers_db [req-f4c509b9-5b43-4545-908e-ecd41dd87a16 req-992fe733-03d9-48b0-a53f-793c5960ab49 4126bfa68d9f494e9fb34f9d1464bf46 8916dff21ee34808973638ac2739522b - - default default] Successfully bumped revision number for resource 5e1c0861-8932-4956-a20a-6db6ef339dad (type: security_group_rules) to 0
2026-05-11 06:41:18.622 9 INFO neutron.wsgi [req-f4c509b9-5b43-4545-908e-ecd41dd87a16 req-992fe733-03d9-48b0-a53f-793c5960ab49 4126bfa68d9f494e9fb34f9d1464bf46 8916dff21ee34808973638ac2739522b - - default default] 10.0.0.137 "POST /v2.0/security-groups HTTP/1.1" status: 201 len: 1822 time: 0.2456324
2026-05-11 06:41:18.644 9 INFO neutron.db.ovn_revision_numbers_db [None req-eaf7dbe7-87ea-42a9-9689-02b9f22b9c04 000e6588461146cdaef26c07bf6638c0 ea531648b5cd493e9f7781279a5e1bff - - default default] Successfully bumped revision number for resource fe3a4b1c-c729-4adf-952c-ce5af880646c (type: security_group_rules) to 0
2026-05-11 06:41:18.659 10 WARNING neutron.scheduler.dhcp_agent_scheduler [None req-b1a4c43b-7fbe-4102-9e83-f4961164085d ed908715294d4a8c81e6c1379e4a42dd d69562675b6948ceb78b32d4447398a6 - - default default] No more DHCP agents
2026-05-11 06:41:18.666 10 INFO neutron.wsgi [req-b466bc99-ef9e-4c96-a749-ed1e0504fb19 req-6462467a-85fd-4aa7-939d-5407fb0d3d4e 576cbdcbca594fe995dbab3bd579e97c 0996b083c38e4b56adf186fa8a1dce35 - - default default] 10.0.0.137 "GET /v2.0/security-groups/1b4f04b5-55c7-497f-99b6-a4aa815eb979 HTTP/1.1" status: 200 len: 1821 time: 0.0704422
2026-05-11 06:41:18.668 10 WARNING neutron.api.rpc.agentnotifiers.dhcp_rpc_agent_api [None req-b1a4c43b-7fbe-4102-9e83-f4961164085d ed908715294d4a8c81e6c1379e4a42dd d69562675b6948ceb78b32d4447398a6 - - default default] Unable to schedule network 92785e5d-3ac1-478c-8d17-19a9c7056d8f: no agents available; will retry on subsequent port and subnet creation events.
2026-05-11 06:41:18.672 9 INFO neutron.wsgi [None req-eaf7dbe7-87ea-42a9-9689-02b9f22b9c04 000e6588461146cdaef26c07bf6638c0 ea531648b5cd493e9f7781279a5e1bff - - default default] 10.0.0.176 "POST /v2.0/security-group-rules HTTP/1.1" status: 201 len: 764 time: 0.2173657
2026-05-11 06:41:18.681 9 WARNING neutron_lib.context [None req-8c8e8dca-6a34-4327-b15d-d756bfa94367 000e6588461146cdaef26c07bf6638c0 ea531648b5cd493e9f7781279a5e1bff - - default default] Method 'is_advsvc' is deprecated since 2023.2 release (neutron-lib 3.8.0) and will be removed once support for the old RBAC API policies will be removed from Neutron. Please use method 'is_service_role' instead.
2026-05-11 06:41:18.686 10 WARNING neutron_lib.context [req-b466bc99-ef9e-4c96-a749-ed1e0504fb19 req-a031165d-60ca-467f-a15b-e8549013798f 576cbdcbca594fe995dbab3bd579e97c 0996b083c38e4b56adf186fa8a1dce35 - - default default] Method 'is_advsvc' is deprecated since 2023.2 release (neutron-lib 3.8.0) and will be removed once support for the old RBAC API policies will be removed from Neutron. Please use method 'is_service_role' instead.
2026-05-11 06:41:18.734 9 INFO neutron.wsgi [req-118cd646-33e8-454a-9349-836de55258eb req-bfbfb123-b161-42f8-9022-0eb6e5c9162f 4126bfa68d9f494e9fb34f9d1464bf46 8916dff21ee34808973638ac2739522b - - default default] 10.0.0.137 "GET /v2.0/security-groups?tenant_id=8916dff21ee34808973638ac2739522b HTTP/1.1" status: 200 len: 7796 time: 0.0820069
2026-05-11 06:41:18.756 10 INFO neutron.plugins.ml2.drivers.ovn.mech_driver.mech_driver [None req-9a9ff5d1-29cb-4687-a6f5-76877596e9b9 - - - - - -] OVN reports status up for port: 7aa1095a-9c9d-46b3-9ea8-c6002b06d1c0
2026-05-11 06:41:18.778 9 INFO neutron.wsgi [req-118cd646-33e8-454a-9349-836de55258eb req-409da9cd-5d7d-4305-b844-3124535c9ed9 4126bfa68d9f494e9fb34f9d1464bf46 8916dff21ee34808973638ac2739522b - - default default] 10.0.0.137 "GET /v2.0/security-groups/b2e76d8d-55ea-44bd-b48c-1fdda6347b3d HTTP/1.1" status: 200 len: 2994 time: 0.0349264
2026-05-11 06:41:18.785 10 INFO neutron.plugins.ml2.plugin [None req-9a9ff5d1-29cb-4687-a6f5-76877596e9b9 - - - - - -] Attempt 1 to provision port 7aa1095a-9c9d-46b3-9ea8-c6002b06d1c0
