2026-05-11 06:45:22.509 10 WARNING neutron_lib.context [None req-c36f0d8f-8eea-4d19-8227-ae4abc040025 c00cdb3da5074f508299b5adb5569a6f 683da0936ba54780a347a55eb1dbd0d5 - - default default] Method 'is_advsvc' is deprecated since 2023.2 release (neutron-lib 3.8.0) and will be removed once support for the old RBAC API policies will be removed from Neutron. Please use method 'is_service_role' instead.
2026-05-11 06:45:22.573 9 INFO neutron.wsgi [req-5c36b6ea-33fe-4f1e-bdea-0745e12b60bd req-8b87fee8-1cc2-42c7-ba5c-03ae266f0d69 7dfdd2179edc4f0796d35c98c005af3a 7c99061347cc4c1a823c3faefb007c65 - - default default] 10.0.0.137 "GET /v2.0/networks?id=3bee6205-10ba-4731-a148-9e0a5b320cbc HTTP/1.1" status: 200 len: 872 time: 0.0663574
2026-05-11 06:45:22.593 9 INFO neutron.wsgi [req-5c36b6ea-33fe-4f1e-bdea-0745e12b60bd req-3558b09f-5aad-4212-ab3c-78c34f51d094 7dfdd2179edc4f0796d35c98c005af3a 7c99061347cc4c1a823c3faefb007c65 - - default default] 10.0.0.137 "GET /v2.0/quotas/7c99061347cc4c1a823c3faefb007c65 HTTP/1.1" status: 200 len: 386 time: 0.0119612
2026-05-11 06:45:22.680 9 INFO neutron.wsgi [req-5c36b6ea-33fe-4f1e-bdea-0745e12b60bd req-52138c86-3538-4347-b547-2f333d187eb2 7dfdd2179edc4f0796d35c98c005af3a 7c99061347cc4c1a823c3faefb007c65 - - default default] 10.0.0.137 "GET /v2.0/ports?tenant_id=7c99061347cc4c1a823c3faefb007c65&fields=id HTTP/1.1" status: 200 len: 302 time: 0.0819376
2026-05-11 06:45:22.745 9 INFO neutron.wsgi [req-5c36b6ea-33fe-4f1e-bdea-0745e12b60bd req-020df067-3c37-4563-9d63-ac45e6804565 25baa6b53e1c49cd87e08a494459c120 01b417b577a04733a90891cb685be87a - - 11380852745b418999a0f1b4f5acfdc9 11380852745b418999a0f1b4f5acfdc9] 10.0.0.137 "GET /v2.0/networks/3bee6205-10ba-4731-a148-9e0a5b320cbc?fields=segments HTTP/1.1" status: 200 len: 212 time: 0.0532463
2026-05-11 06:45:22.815 9 INFO neutron.wsgi [req-5c36b6ea-33fe-4f1e-bdea-0745e12b60bd req-2ba7edb4-3f00-4b05-9d1b-ccd69d23d836 25baa6b53e1c49cd87e08a494459c120 01b417b577a04733a90891cb685be87a - - 11380852745b418999a0f1b4f5acfdc9 11380852745b418999a0f1b4f5acfdc9] 10.0.0.137 "GET /v2.0/networks/3bee6205-10ba-4731-a148-9e0a5b320cbc?fields=provider%3Aphysical_network&fields=provider%3Anetwork_type HTTP/1.1" status: 200 len: 277 time: 0.0609288
2026-05-11 06:45:22.853 10 INFO neutron.wsgi [req-6db7ea1d-3d82-447c-afb4-b58eaa846970 req-35fc6f92-0703-4725-be30-ec6290abe950 25baa6b53e1c49cd87e08a494459c120 01b417b577a04733a90891cb685be87a - - 11380852745b418999a0f1b4f5acfdc9 11380852745b418999a0f1b4f5acfdc9] 10.0.0.137 "GET /v2.0/networks/07829119-5768-4358-9804-cbe1ae92fc77?fields=segments HTTP/1.1" status: 200 len: 212 time: 0.3368137
2026-05-11 06:45:22.930 10 INFO neutron.wsgi [req-6db7ea1d-3d82-447c-afb4-b58eaa846970 req-89cf9b51-2863-4c3d-82a8-c973c9a60442 25baa6b53e1c49cd87e08a494459c120 01b417b577a04733a90891cb685be87a - - 11380852745b418999a0f1b4f5acfdc9 11380852745b418999a0f1b4f5acfdc9] 10.0.0.137 "GET /v2.0/networks/07829119-5768-4358-9804-cbe1ae92fc77?fields=provider%3Aphysical_network&fields=provider%3Anetwork_type HTTP/1.1" status: 200 len: 277 time: 0.0668788
2026-05-11 06:45:22.934 10 INFO neutron.db.ovn_revision_numbers_db [None req-c36f0d8f-8eea-4d19-8227-ae4abc040025 c00cdb3da5074f508299b5adb5569a6f 683da0936ba54780a347a55eb1dbd0d5 - - default default] Successfully bumped revision number for resource c9bea008-ba85-4027-a609-42e2c9b012e1 (type: security_groups) to 1
2026-05-11 06:45:22.952 10 INFO neutron.db.ovn_revision_numbers_db [None req-c36f0d8f-8eea-4d19-8227-ae4abc040025 c00cdb3da5074f508299b5adb5569a6f 683da0936ba54780a347a55eb1dbd0d5 - - default default] Successfully bumped revision number for resource a4d4c6af-724e-48e9-b339-07ad644beafc (type: security_group_rules) to 0
2026-05-11 06:45:22.972 10 INFO neutron.db.ovn_revision_numbers_db [None req-c36f0d8f-8eea-4d19-8227-ae4abc040025 c00cdb3da5074f508299b5adb5569a6f 683da0936ba54780a347a55eb1dbd0d5 - - default default] Successfully bumped revision number for resource ffd96002-9ef0-4d83-b500-bcc6fe5f34ba (type: security_group_rules) to 0
2026-05-11 06:45:22.974 9 INFO neutron.wsgi [req-19903144-6f8b-412e-9737-e7474af185bd req-1e5db062-182b-4ccd-843e-533fab289f69 7dfdd2179edc4f0796d35c98c005af3a 7c99061347cc4c1a823c3faefb007c65 - - default default] 10.0.0.137 "GET /v2.0/ports?device_id=2bf36026-3259-4ff4-9271-5810af39a6d5 HTTP/1.1" status: 200 len: 210 time: 0.0248866
2026-05-11 06:45:22.989 10 INFO neutron.wsgi [None req-c36f0d8f-8eea-4d19-8227-ae4abc040025 c00cdb3da5074f508299b5adb5569a6f 683da0936ba54780a347a55eb1dbd0d5 - - default default] 10.0.0.176 "POST /v2.0/security-groups HTTP/1.1" status: 201 len: 1739 time: 0.4833205
2026-05-11 06:45:22.998 10 WARNING neutron_lib.context [None req-f6673887-5390-454e-b1f2-9db8f484023e c00cdb3da5074f508299b5adb5569a6f 683da0936ba54780a347a55eb1dbd0d5 - - default default] Method 'is_advsvc' is deprecated since 2023.2 release (neutron-lib 3.8.0) and will be removed once support for the old RBAC API policies will be removed from Neutron. Please use method 'is_service_role' instead.
2026-05-11 06:45:23.094 10 INFO neutron.db.ovn_revision_numbers_db [None req-f6673887-5390-454e-b1f2-9db8f484023e c00cdb3da5074f508299b5adb5569a6f 683da0936ba54780a347a55eb1dbd0d5 - - default default] Successfully bumped revision number for resource c0ea4843-e4f3-4431-93bf-a6aa1426d036 (type: security_groups) to 1
2026-05-11 06:45:23.108 10 INFO neutron.db.ovn_revision_numbers_db [None req-f6673887-5390-454e-b1f2-9db8f484023e c00cdb3da5074f508299b5adb5569a6f 683da0936ba54780a347a55eb1dbd0d5 - - default default] Successfully bumped revision number for resource 161b8d3f-91bf-47f0-85a8-20613c37e3b6 (type: security_group_rules) to 0
2026-05-11 06:45:23.121 10 INFO neutron.db.ovn_revision_numbers_db [None req-f6673887-5390-454e-b1f2-9db8f484023e c00cdb3da5074f508299b5adb5569a6f 683da0936ba54780a347a55eb1dbd0d5 - - default default] Successfully bumped revision number for resource 90428ced-4082-4269-9497-582728554818 (type: security_group_rules) to 0
2026-05-11 06:45:23.139 10 INFO neutron.wsgi [None req-f6673887-5390-454e-b1f2-9db8f484023e c00cdb3da5074f508299b5adb5569a6f 683da0936ba54780a347a55eb1dbd0d5 - - default default] 10.0.0.176 "POST /v2.0/security-groups HTTP/1.1" status: 201 len: 1739 time: 0.1441784
2026-05-11 06:45:23.175 9 INFO neutron.wsgi [None req-965d9a34-15a9-4bd1-b2ec-34cd11237b38 c00cdb3da5074f508299b5adb5569a6f 683da0936ba54780a347a55eb1dbd0d5 - - default default] 10.0.0.176 "PUT /v2.0/security-groups/9406828d-fc51-4257-93e9-00222da441c0/tags HTTP/1.1" status: 200 len: 210 time: 0.0318272
2026-05-11 06:45:23.218 10 INFO neutron.wsgi [None req-89b86c15-2a4a-4678-a7b7-789ebe12010d c00cdb3da5074f508299b5adb5569a6f 683da0936ba54780a347a55eb1dbd0d5 - - default default] 10.0.0.176 "PUT /v2.0/security-groups/8f24cb8c-41d8-4275-9422-f2b328147b1f/tags HTTP/1.1" status: 200 len: 218 time: 0.0387480
2026-05-11 06:45:23.256 10 INFO neutron.wsgi [None req-67deca75-de65-4d79-8a8f-4080023474dd c00cdb3da5074f508299b5adb5569a6f 683da0936ba54780a347a55eb1dbd0d5 - - default default] 10.0.0.176 "PUT /v2.0/security-groups/234c2e91-8dff-452b-932e-f246df8c1b74/tags HTTP/1.1" status: 200 len: 227 time: 0.0335910
2026-05-11 06:45:23.290 10 INFO neutron.wsgi [None req-3c8a7bfd-b5e0-40d2-94aa-d7333061aef0 c00cdb3da5074f508299b5adb5569a6f 683da0936ba54780a347a55eb1dbd0d5 - - default default] 10.0.0.176 "PUT /v2.0/security-groups/c9bea008-ba85-4027-a609-42e2c9b012e1/tags HTTP/1.1" status: 200 len: 212 time: 0.0282681
2026-05-11 06:45:23.341 9 INFO neutron.wsgi [None req-9e526611-44b1-4854-b15f-dc4c5d1191c8 c00cdb3da5074f508299b5adb5569a6f 683da0936ba54780a347a55eb1dbd0d5 - - default default] 10.0.0.176 "GET /v2.0/security-groups?tags=red HTTP/1.1" status: 200 len: 4814 time: 0.0471225
2026-05-11 06:45:23.410 9 INFO neutron.wsgi [None req-bd074ee0-633e-4922-a2a1-ede504d832cd c00cdb3da5074f508299b5adb5569a6f 683da0936ba54780a347a55eb1dbd0d5 - - default default] 10.0.0.176 "GET /v2.0/security-groups?tags=red%2Cblue HTTP/1.1" status: 200 len: 3290 time: 0.0647898
2026-05-11 06:45:23.436 9 INFO neutron.wsgi [req-18b114e5-6aa5-4476-963c-2b8535c0f1a4 req-9bff8e2e-b050-47c1-8a54-a1603551fa7b ed908715294d4a8c81e6c1379e4a42dd d69562675b6948ceb78b32d4447398a6 - - default default] 10.0.0.137 "GET /v2.0/ports?device_id=34dd55e1-7cad-417b-93fa-e7d9698e9f1d HTTP/1.1" status: 200 len: 210 time: 0.0250978
2026-05-11 06:45:23.465 10 INFO neutron.wsgi [None req-87879995-872e-4c38-94ab-d11d018955d6 c00cdb3da5074f508299b5adb5569a6f 683da0936ba54780a347a55eb1dbd0d5 - - default default] 10.0.0.176 "GET /v2.0/security-groups?tags-any=blue HTTP/1.1" status: 200 len: 3290 time: 0.0456486
2026-05-11 06:45:23.506 10 INFO neutron.wsgi [req-13b944f9-1704-4c29-9304-c8cb9df45460 req-38e0c6d9-bd01-4dd1-ad5b-1702200d77b9 ed908715294d4a8c81e6c1379e4a42dd d69562675b6948ceb78b32d4447398a6 - - default default] 10.0.0.137 "GET /v2.0/ports?device_id=34dd55e1-7cad-417b-93fa-e7d9698e9f1d HTTP/1.1" status: 200 len: 210 time: 0.0297945
2026-05-11 06:45:23.529 10 INFO neutron.wsgi [None req-3d09f00b-82e8-476e-bd3d-c1b87e5d7a34 c00cdb3da5074f508299b5adb5569a6f 683da0936ba54780a347a55eb1dbd0d5 - - default default] 10.0.0.176 "GET /v2.0/security-groups?tags-any=red%2Cblue HTTP/1.1" status: 200 len: 4814 time: 0.0589433
2026-05-11 06:45:23.590 10 INFO neutron.wsgi [None req-0d63c0a2-eda9-4cad-955a-0cee8a73e19a c00cdb3da5074f508299b5adb5569a6f 683da0936ba54780a347a55eb1dbd0d5 - - default default] 10.0.0.176 "GET /v2.0/security-groups?not-tags=red HTTP/1.1" status: 200 len: 6045 time: 0.0492518
2026-05-11 06:45:23.645 10 INFO neutron.wsgi [None req-b320ea34-a570-40b5-9f1b-ec2755711c1f c00cdb3da5074f508299b5adb5569a6f 683da0936ba54780a347a55eb1dbd0d5 - - default default] 10.0.0.176 "GET /v2.0/security-groups?not-tags=red%2Cblue HTTP/1.1" status: 200 len: 7569 time: 0.0508313
2026-05-11 06:45:23.703 10 INFO neutron.wsgi [None req-a85ff699-a26e-48b2-a66c-dfa88f2635a7 c00cdb3da5074f508299b5adb5569a6f 683da0936ba54780a347a55eb1dbd0d5 - - default default] 10.0.0.176 "GET /v2.0/security-groups?not-tags-any=blue HTTP/1.1" status: 200 len: 7569 time: 0.0527363
2026-05-11 06:45:23.753 9 INFO neutron.wsgi [req-5c36b6ea-33fe-4f1e-bdea-0745e12b60bd req-4cc5e70e-bf5a-4fcd-a7a3-e67336978746 7dfdd2179edc4f0796d35c98c005af3a 7c99061347cc4c1a823c3faefb007c65 - - default default] 199.204.45.78 "GET /v2.0/networks?id=3bee6205-10ba-4731-a148-9e0a5b320cbc HTTP/1.1" status: 200 len: 872 time: 0.0814781
2026-05-11 06:45:23.759 9 INFO neutron.wsgi [None req-0c258ea1-4371-461d-9257-aee656a44925 c00cdb3da5074f508299b5adb5569a6f 683da0936ba54780a347a55eb1dbd0d5 - - default default] 10.0.0.176 "GET /v2.0/security-groups?not-tags-any=red%2Cblue HTTP/1.1" status: 200 len: 6045 time: 0.0521138
2026-05-11 06:45:23.803 9 INFO neutron.wsgi [req-5c36b6ea-33fe-4f1e-bdea-0745e12b60bd req-ae4d2813-7024-4c5f-84e2-31e54ef10a7a 7dfdd2179edc4f0796d35c98c005af3a 7c99061347cc4c1a823c3faefb007c65 - - default default] 199.204.45.78 "GET /v2.0/security-groups?fields=id&fields=name&tenant_id=7c99061347cc4c1a823c3faefb007c65 HTTP/1.1" status: 200 len: 473 time: 0.0430610
2026-05-11 06:45:23.829 9 WARNING neutron_lib.context [req-5c36b6ea-33fe-4f1e-bdea-0745e12b60bd req-acf79cdb-91e8-426c-bc07-38e581e307fc 7dfdd2179edc4f0796d35c98c005af3a 7c99061347cc4c1a823c3faefb007c65 - - default default] Method 'is_advsvc' is deprecated since 2023.2 release (neutron-lib 3.8.0) and will be removed once support for the old RBAC API policies will be removed from Neutron. Please use method 'is_service_role' instead.
2026-05-11 06:45:23.875 10 INFO neutron.wsgi [None req-b45ab4dd-00d7-40f6-baa6-f722e12ea268 c00cdb3da5074f508299b5adb5569a6f 683da0936ba54780a347a55eb1dbd0d5 - - default default] 10.0.0.176 "DELETE /v2.0/security-groups/9406828d-fc51-4257-93e9-00222da441c0 HTTP/1.1" status: 204 len: 168 time: 0.1077542
2026-05-11 06:45:23.995 10 INFO neutron.wsgi [None req-fd91160e-7365-43bd-bbbf-1f329300de11 c00cdb3da5074f508299b5adb5569a6f 683da0936ba54780a347a55eb1dbd0d5 - - default default] 10.0.0.176 "DELETE /v2.0/security-groups/8f24cb8c-41d8-4275-9422-f2b328147b1f HTTP/1.1" status: 204 len: 168 time: 0.1141601
2026-05-11 06:45:24.068 10 INFO neutron.wsgi [req-a7524055-517f-4207-8bf8-02ca73530a0b req-1d43d70f-5047-4556-8319-d2faee501582 7dfdd2179edc4f0796d35c98c005af3a 7c99061347cc4c1a823c3faefb007c65 - - default default] 10.0.0.137 "GET /v2.0/ports?device_id=2bf36026-3259-4ff4-9271-5810af39a6d5 HTTP/1.1" status: 200 len: 210 time: 0.0282707
2026-05-11 06:45:24.093 9 WARNING neutron.plugins.ml2.drivers.ovn.mech_driver.ovsdb.ovn_client [None req-b058cca0-9862-4edc-91f3-3bd69de2f577 - - - - - -] No hosting information found for port 94d1172d-607c-4730-b295-8d34e8d13e13: RuntimeError: No hosting information found for port 94d1172d-607c-4730-b295-8d34e8d13e13
2026-05-11 06:45:24.137 9 INFO neutron.wsgi [req-6db7ea1d-3d82-447c-afb4-b58eaa846970 req-1f748c29-166f-48ff-80b7-5bb5a96cdd6d ed908715294d4a8c81e6c1379e4a42dd d69562675b6948ceb78b32d4447398a6 - - default default] 199.204.45.78 "GET /v2.0/networks?id=07829119-5768-4358-9804-cbe1ae92fc77 HTTP/1.1" status: 200 len: 937 time: 0.1185021
2026-05-11 06:45:24.145 10 INFO neutron.wsgi [None req-3cbe2ac8-b0bd-448b-a23b-36d4596f55fa c00cdb3da5074f508299b5adb5569a6f 683da0936ba54780a347a55eb1dbd0d5 - - default default] 10.0.0.176 "DELETE /v2.0/security-groups/234c2e91-8dff-452b-932e-f246df8c1b74 HTTP/1.1" status: 204 len: 168 time: 0.1459672
2026-05-11 06:45:24.218 9 INFO neutron.wsgi [req-6db7ea1d-3d82-447c-afb4-b58eaa846970 req-59995415-3ec4-4fdc-9b92-81c6a7aaf309 ed908715294d4a8c81e6c1379e4a42dd d69562675b6948ceb78b32d4447398a6 - - default default] 199.204.45.78 "GET /v2.0/security-groups?fields=id&fields=name&tenant_id=d69562675b6948ceb78b32d4447398a6 HTTP/1.1" status: 200 len: 542 time: 0.0741687 /var/lib/openstack/lib/python3.10/site-packages/pycadf/identifier.py:71: UserWarning: Invalid uuid: neutron. To ensure interoperability, identifiers should be a valid uuid. warnings.warn(('Invalid uuid: %s. To ensure interoperability, '
2026-05-11 06:45:24.273 9 WARNING neutron.scheduler.dhcp_agent_scheduler [req-5c36b6ea-33fe-4f1e-bdea-0745e12b60bd req-acf79cdb-91e8-426c-bc07-38e581e307fc 7dfdd2179edc4f0796d35c98c005af3a 7c99061347cc4c1a823c3faefb007c65 - - default default] No more DHCP agents
2026-05-11 06:45:24.274 10 INFO neutron.wsgi [None req-da5cdee6-52fa-4e68-8cf3-7127b463af62 c00cdb3da5074f508299b5adb5569a6f 683da0936ba54780a347a55eb1dbd0d5 - - default default] 10.0.0.176 "DELETE /v2.0/security-groups/c9bea008-ba85-4027-a609-42e2c9b012e1 HTTP/1.1" status: 204 len: 168 time: 0.1232584
2026-05-11 06:45:24.277 9 WARNING neutron.api.rpc.agentnotifiers.dhcp_rpc_agent_api [req-5c36b6ea-33fe-4f1e-bdea-0745e12b60bd req-acf79cdb-91e8-426c-bc07-38e581e307fc 7dfdd2179edc4f0796d35c98c005af3a 7c99061347cc4c1a823c3faefb007c65 - - default default] Unable to schedule network 3bee6205-10ba-4731-a148-9e0a5b320cbc: no agents available; will retry on subsequent port and subnet creation events.
2026-05-11 06:45:24.394 10 INFO neutron.wsgi [None req-aa737fbb-8e53-4b64-9954-3a908ec695ca c00cdb3da5074f508299b5adb5569a6f 683da0936ba54780a347a55eb1dbd0d5 - - default default] 10.0.0.176 "DELETE /v2.0/security-groups/c0ea4843-e4f3-4431-93bf-a6aa1426d036 HTTP/1.1" status: 204 len: 168 time: 0.1150126
2026-05-11 06:45:24.496 9 INFO neutron.db.ovn_revision_numbers_db [req-5c36b6ea-33fe-4f1e-bdea-0745e12b60bd req-acf79cdb-91e8-426c-bc07-38e581e307fc 7dfdd2179edc4f0796d35c98c005af3a 7c99061347cc4c1a823c3faefb007c65 - - default default] Successfully bumped revision number for resource 6cf2ca3f-7579-42af-b6c7-4220729ff5ac (type: ports) to 1
2026-05-11 06:45:24.524 9 INFO neutron.wsgi [req-5c36b6ea-33fe-4f1e-bdea-0745e12b60bd req-acf79cdb-91e8-426c-bc07-38e581e307fc 7dfdd2179edc4f0796d35c98c005af3a 7c99061347cc4c1a823c3faefb007c65 - - default default] 199.204.45.78 "POST /v2.0/ports HTTP/1.1" status: 201 len: 1197 time: 0.7022619 /var/lib/openstack/lib/python3.10/site-packages/pycadf/identifier.py:71: UserWarning: Invalid uuid: neutron. To ensure interoperability, identifiers should be a valid uuid. warnings.warn(('Invalid uuid: %s. To ensure interoperability, '
2026-05-11 06:45:24.567 9 WARNING neutron.scheduler.dhcp_agent_scheduler [req-6db7ea1d-3d82-447c-afb4-b58eaa846970 req-0998c58c-054c-4cb4-aa1f-1a60ba808093 ed908715294d4a8c81e6c1379e4a42dd d69562675b6948ceb78b32d4447398a6 - - default default] No more DHCP agents
2026-05-11 06:45:24.572 9 WARNING neutron.api.rpc.agentnotifiers.dhcp_rpc_agent_api [req-6db7ea1d-3d82-447c-afb4-b58eaa846970 req-0998c58c-054c-4cb4-aa1f-1a60ba808093 ed908715294d4a8c81e6c1379e4a42dd d69562675b6948ceb78b32d4447398a6 - - default default] Unable to schedule network 07829119-5768-4358-9804-cbe1ae92fc77: no agents available; will retry on subsequent port and subnet creation events.
2026-05-11 06:45:25.071 9 INFO neutron.db.ovn_revision_numbers_db [req-6db7ea1d-3d82-447c-afb4-b58eaa846970 req-0998c58c-054c-4cb4-aa1f-1a60ba808093 ed908715294d4a8c81e6c1379e4a42dd d69562675b6948ceb78b32d4447398a6 - - default default] Successfully bumped revision number for resource 02273e17-91e9-469c-9a4a-099fb1dff265 (type: ports) to 1
2026-05-11 06:45:25.103 9 INFO neutron.wsgi [req-6db7ea1d-3d82-447c-afb4-b58eaa846970 req-0998c58c-054c-4cb4-aa1f-1a60ba808093 ed908715294d4a8c81e6c1379e4a42dd d69562675b6948ceb78b32d4447398a6 - - default default] 199.204.45.78 "POST /v2.0/ports HTTP/1.1" status: 201 len: 1283 time: 0.8800728 /var/lib/openstack/lib/python3.10/site-packages/pycadf/identifier.py:71: UserWarning: Invalid uuid: neutron. To ensure interoperability, identifiers should be a valid uuid. warnings.warn(('Invalid uuid: %s. To ensure interoperability, '
2026-05-11 06:45:25.231 9 INFO neutron.wsgi [req-cd3cac25-323a-4788-961f-88e5f1d60669 req-02e45eba-44d3-4e70-93d3-8268697ca651 7dfdd2179edc4f0796d35c98c005af3a 7c99061347cc4c1a823c3faefb007c65 - - default default] 10.0.0.137 "GET /v2.0/ports?device_id=2bf36026-3259-4ff4-9271-5810af39a6d5 HTTP/1.1" status: 200 len: 1208 time: 0.0771859 /var/lib/openstack/lib/python3.10/site-packages/pycadf/identifier.py:71: UserWarning: Invalid uuid: neutron. To ensure interoperability, identifiers should be a valid uuid. warnings.warn(('Invalid uuid: %s. To ensure interoperability, '
2026-05-11 06:45:25.338 9 INFO neutron.wsgi [req-cd3cac25-323a-4788-961f-88e5f1d60669 req-66a88252-975f-494d-82d7-1eda07c26411 7dfdd2179edc4f0796d35c98c005af3a 7c99061347cc4c1a823c3faefb007c65 - - default default] 10.0.0.137 "GET /v2.0/security-groups?id=d82fdff2-19f2-4bbc-9dbe-3a364c298b18&id=24e19a8d-d861-4b01-a069-de3a48321c3a&fields=id&fields=name HTTP/1.1" status: 200 len: 406 time: 0.0996487
2026-05-11 06:45:25.417 9 INFO neutron.db.ovn_revision_numbers_db [req-5c36b6ea-33fe-4f1e-bdea-0745e12b60bd req-b481bb7e-2006-45b3-945d-0d739268c9bc 25baa6b53e1c49cd87e08a494459c120 01b417b577a04733a90891cb685be87a - - 11380852745b418999a0f1b4f5acfdc9 11380852745b418999a0f1b4f5acfdc9] Successfully bumped revision number for resource 6cf2ca3f-7579-42af-b6c7-4220729ff5ac (type: ports) to 2
2026-05-11 06:45:25.448 10 INFO neutron.db.ovn_revision_numbers_db [None req-4ce06094-aa79-45cd-854a-00fe45dc8e55 ed908715294d4a8c81e6c1379e4a42dd d69562675b6948ceb78b32d4447398a6 - - default default] Successfully bumped revision number for resource afaae9e9-ed9d-4494-aa49-473db8f94ce5 (type: security_groups) to 1
2026-05-11 06:45:25.464 10 INFO neutron.db.ovn_revision_numbers_db [None req-4ce06094-aa79-45cd-854a-00fe45dc8e55 ed908715294d4a8c81e6c1379e4a42dd d69562675b6948ceb78b32d4447398a6 - - default default] Successfully bumped revision number for resource 0cc116d6-782b-4bad-8d08-d1cf717fd842 (type: security_group_rules) to 0
2026-05-11 06:45:25.479 10 INFO neutron.db.ovn_revision_numbers_db [None req-4ce06094-aa79-45cd-854a-00fe45dc8e55 ed908715294d4a8c81e6c1379e4a42dd d69562675b6948ceb78b32d4447398a6 - - default default] Successfully bumped revision number for resource 2263f0ac-c466-47ac-94c7-ab915d0a7da2 (type: security_group_rules) to 0
2026-05-11 06:45:25.496 10 INFO neutron.db.ovn_revision_numbers_db [None req-4ce06094-aa79-45cd-854a-00fe45dc8e55 ed908715294d4a8c81e6c1379e4a42dd d69562675b6948ceb78b32d4447398a6 - - default default] Successfully bumped revision number for resource 6e89a161-4111-4936-9bc5-e25a02c74117 (type: security_group_rules) to 0
2026-05-11 06:45:25.509 10 INFO neutron.db.ovn_revision_numbers_db [None req-4ce06094-aa79-45cd-854a-00fe45dc8e55 ed908715294d4a8c81e6c1379e4a42dd d69562675b6948ceb78b32d4447398a6 - - default default] Successfully bumped revision number for resource d57d7a90-ca93-4720-abf7-bcbdbe5f5069 (type: security_group_rules) to 0
2026-05-11 06:45:25.528 10 INFO neutron.wsgi [None req-4ce06094-aa79-45cd-854a-00fe45dc8e55 ed908715294d4a8c81e6c1379e4a42dd d69562675b6948ceb78b32d4447398a6 - - default default] 10.0.0.176 "GET /v2.0/security-groups?tenant_id=6bc806aa2feb435e96f62e585ebba555&name=default HTTP/1.1" status: 200 len: 3000 time: 0.3436997
2026-05-11 06:45:25.699 9 INFO neutron.db.ovn_revision_numbers_db [req-6db7ea1d-3d82-447c-afb4-b58eaa846970 req-1f278e47-5d1e-4fda-a677-06d32e4dade8 25baa6b53e1c49cd87e08a494459c120 01b417b577a04733a90891cb685be87a - - 11380852745b418999a0f1b4f5acfdc9 11380852745b418999a0f1b4f5acfdc9] Successfully bumped revision number for resource 02273e17-91e9-469c-9a4a-099fb1dff265 (type: ports) to 2
2026-05-11 06:45:25.703 9 INFO neutron.db.ovn_revision_numbers_db [req-5c36b6ea-33fe-4f1e-bdea-0745e12b60bd req-b481bb7e-2006-45b3-945d-0d739268c9bc 25baa6b53e1c49cd87e08a494459c120 01b417b577a04733a90891cb685be87a - - 11380852745b418999a0f1b4f5acfdc9 11380852745b418999a0f1b4f5acfdc9] Successfully bumped revision number for resource 6cf2ca3f-7579-42af-b6c7-4220729ff5ac (type: ports) to 2
2026-05-11 06:45:25.709 10 INFO neutron.wsgi [None req-9f3975b7-27cf-4b1d-8a3b-38d57c767699 ed908715294d4a8c81e6c1379e4a42dd d69562675b6948ceb78b32d4447398a6 - - default default] 10.0.0.176 "DELETE /v2.0/security-groups/afaae9e9-ed9d-4494-aa49-473db8f94ce5 HTTP/1.1" status: 204 len: 168 time: 0.1753495
2026-05-11 06:45:25.722 9 INFO neutron.wsgi [req-5c36b6ea-33fe-4f1e-bdea-0745e12b60bd req-b481bb7e-2006-45b3-945d-0d739268c9bc 25baa6b53e1c49cd87e08a494459c120 01b417b577a04733a90891cb685be87a - - 11380852745b418999a0f1b4f5acfdc9 11380852745b418999a0f1b4f5acfdc9] 199.204.45.78 "PUT /v2.0/ports/6cf2ca3f-7579-42af-b6c7-4220729ff5ac HTTP/1.1" status: 200 len: 1415 time: 1.1925335
2026-05-11 06:45:25.758 9 INFO neutron.notifiers.nova [-] Nova event matching ['req-ca87d07f-5cf5-4d91-a65e-cfeb9ade31c9'] response: {'name': 'network-changed', 'server_uuid': '2bf36026-3259-4ff4-9271-5810af39a6d5', 'tag': '6cf2ca3f-7579-42af-b6c7-4220729ff5ac', 'status': 'completed', 'code': 200} /var/lib/openstack/lib/python3.10/site-packages/pycadf/identifier.py:71: UserWarning: Invalid uuid: neutron. To ensure interoperability, identifiers should be a valid uuid. warnings.warn(('Invalid uuid: %s. To ensure interoperability, '
2026-05-11 06:45:25.814 9 INFO neutron.wsgi [req-5c36b6ea-33fe-4f1e-bdea-0745e12b60bd req-4dcb171f-3516-44a4-a9cd-15dbf51a4125 25baa6b53e1c49cd87e08a494459c120 01b417b577a04733a90891cb685be87a - - 11380852745b418999a0f1b4f5acfdc9 11380852745b418999a0f1b4f5acfdc9] 199.204.45.78 "GET /v2.0/ports?tenant_id=7c99061347cc4c1a823c3faefb007c65&device_id=2bf36026-3259-4ff4-9271-5810af39a6d5 HTTP/1.1" status: 200 len: 1446 time: 0.0594637
2026-05-11 06:45:25.855 9 INFO neutron.wsgi [req-5c36b6ea-33fe-4f1e-bdea-0745e12b60bd req-583f02c8-31dc-4420-ae77-bf55055c517a 25baa6b53e1c49cd87e08a494459c120 01b417b577a04733a90891cb685be87a - - 11380852745b418999a0f1b4f5acfdc9 11380852745b418999a0f1b4f5acfdc9] 199.204.45.78 "GET /v2.0/floatingips?fixed_ip_address=10.100.0.8&port_id=6cf2ca3f-7579-42af-b6c7-4220729ff5ac HTTP/1.1" status: 200 len: 217 time: 0.0341241
2026-05-11 06:45:25.928 9 INFO neutron.wsgi [None req-41ae143f-b9f1-4404-820a-7b7b349898fa ed908715294d4a8c81e6c1379e4a42dd d69562675b6948ceb78b32d4447398a6 - - default default] 10.0.0.176 "GET /v2.0/security-groups?tenant_id=683da0936ba54780a347a55eb1dbd0d5&name=default HTTP/1.1" status: 200 len: 2996 time: 0.1126554
2026-05-11 06:45:25.933 9 INFO neutron.wsgi [req-5c36b6ea-33fe-4f1e-bdea-0745e12b60bd req-a8488da2-84c3-4b59-923f-20f0cdcaf189 25baa6b53e1c49cd87e08a494459c120 01b417b577a04733a90891cb685be87a - - 11380852745b418999a0f1b4f5acfdc9 11380852745b418999a0f1b4f5acfdc9] 199.204.45.78 "GET /v2.0/subnets?id=57697ef1-5856-46b1-ae7f-f528259af917 HTTP/1.1" status: 200 len: 866 time: 0.0707526
2026-05-11 06:45:25.980 9 INFO neutron.wsgi [req-5c36b6ea-33fe-4f1e-bdea-0745e12b60bd req-d2a12e34-4b74-471e-96a6-4e7a9351e375 25baa6b53e1c49cd87e08a494459c120 01b417b577a04733a90891cb685be87a - - 11380852745b418999a0f1b4f5acfdc9 11380852745b418999a0f1b4f5acfdc9] 199.204.45.78 "GET /v2.0/ports?network_id=3bee6205-10ba-4731-a148-9e0a5b320cbc&device_owner=network%3Adhcp HTTP/1.1" status: 200 len: 210 time: 0.0392566 /var/lib/openstack/lib/python3.10/site-packages/pycadf/identifier.py:71: UserWarning: Invalid uuid: neutron. To ensure interoperability, identifiers should be a valid uuid. warnings.warn(('Invalid uuid: %s. To ensure interoperability, '
2026-05-11 06:45:26.056 9 INFO neutron.wsgi [req-5c36b6ea-33fe-4f1e-bdea-0745e12b60bd req-41a8d67f-3d7a-4cad-a869-76d1a4d42489 25baa6b53e1c49cd87e08a494459c120 01b417b577a04733a90891cb685be87a - - 11380852745b418999a0f1b4f5acfdc9 11380852745b418999a0f1b4f5acfdc9] 199.204.45.78 "GET /v2.0/networks/3bee6205-10ba-4731-a148-9e0a5b320cbc?fields=segments HTTP/1.1" status: 200 len: 212 time: 0.0677330
2026-05-11 06:45:26.070 9 INFO neutron.db.ovn_revision_numbers_db [req-6db7ea1d-3d82-447c-afb4-b58eaa846970 req-1f278e47-5d1e-4fda-a677-06d32e4dade8 25baa6b53e1c49cd87e08a494459c120 01b417b577a04733a90891cb685be87a - - 11380852745b418999a0f1b4f5acfdc9 11380852745b418999a0f1b4f5acfdc9] Successfully bumped revision number for resource 02273e17-91e9-469c-9a4a-099fb1dff265 (type: ports) to 2
2026-05-11 06:45:26.095 9 INFO neutron.wsgi [req-6db7ea1d-3d82-447c-afb4-b58eaa846970 req-1f278e47-5d1e-4fda-a677-06d32e4dade8 25baa6b53e1c49cd87e08a494459c120 01b417b577a04733a90891cb685be87a - - 11380852745b418999a0f1b4f5acfdc9 11380852745b418999a0f1b4f5acfdc9] 199.204.45.78 "PUT /v2.0/ports/02273e17-91e9-469c-9a4a-099fb1dff265 HTTP/1.1" status: 200 len: 1380 time: 0.9808979
2026-05-11 06:45:26.118 9 INFO neutron.wsgi [req-5c36b6ea-33fe-4f1e-bdea-0745e12b60bd req-2c533b5b-4f53-41bb-9b32-7f1649ed88bc 25baa6b53e1c49cd87e08a494459c120 01b417b577a04733a90891cb685be87a - - 11380852745b418999a0f1b4f5acfdc9 11380852745b418999a0f1b4f5acfdc9] 199.204.45.78 "GET /v2.0/networks/3bee6205-10ba-4731-a148-9e0a5b320cbc?fields=provider%3Aphysical_network&fields=provider%3Anetwork_type HTTP/1.1" status: 200 len: 277 time: 0.0563343
2026-05-11 06:45:26.129 10 INFO neutron.wsgi [None req-4faa9342-8b6a-4f2f-bad4-24960f8e2c7e ed908715294d4a8c81e6c1379e4a42dd d69562675b6948ceb78b32d4447398a6 - - default default] 10.0.0.176 "DELETE /v2.0/security-groups/86fe78d1-bb0b-4ee4-9767-f2547f9009a2 HTTP/1.1" status: 204 len: 168 time: 0.1948981
2026-05-11 06:45:26.188 9 INFO neutron.wsgi [req-6db7ea1d-3d82-447c-afb4-b58eaa846970 req-0173ba23-af1f-46f2-be66-712afa98f7ef 25baa6b53e1c49cd87e08a494459c120 01b417b577a04733a90891cb685be87a - - 11380852745b418999a0f1b4f5acfdc9 11380852745b418999a0f1b4f5acfdc9] 199.204.45.78 "GET /v2.0/ports?tenant_id=d69562675b6948ceb78b32d4447398a6&device_id=34dd55e1-7cad-417b-93fa-e7d9698e9f1d HTTP/1.1" status: 200 len: 1411 time: 0.0463672
2026-05-11 06:45:26.222 9 INFO neutron.wsgi [req-31fb0238-c882-47cd-b5ce-d3afd917c2e3 req-f3581f6f-310b-4bd1-9c6b-3e1de1853a9e 25baa6b53e1c49cd87e08a494459c120 01b417b577a04733a90891cb685be87a - - 11380852745b418999a0f1b4f5acfdc9 11380852745b418999a0f1b4f5acfdc9] 199.204.45.78 "GET /v2.0/ports?tenant_id=7c99061347cc4c1a823c3faefb007c65&device_id=2bf36026-3259-4ff4-9271-5810af39a6d5 HTTP/1.1" status: 200 len: 1446 time: 0.0599518
2026-05-11 06:45:26.226 9 INFO neutron.wsgi [req-6db7ea1d-3d82-447c-afb4-b58eaa846970 req-74c278d3-86e7-4faa-a784-46943f89436f 25baa6b53e1c49cd87e08a494459c120 01b417b577a04733a90891cb685be87a - - 11380852745b418999a0f1b4f5acfdc9 11380852745b418999a0f1b4f5acfdc9] 199.204.45.78 "GET /v2.0/floatingips?fixed_ip_address=172.24.1.69&port_id=02273e17-91e9-469c-9a4a-099fb1dff265 HTTP/1.1" status: 200 len: 217 time: 0.0283408
2026-05-11 06:45:26.287 9 INFO neutron.wsgi [req-6db7ea1d-3d82-447c-afb4-b58eaa846970 req-b62bf1fc-f6d7-42f4-b9c2-775016e9df2a 25baa6b53e1c49cd87e08a494459c120 01b417b577a04733a90891cb685be87a - - 11380852745b418999a0f1b4f5acfdc9 11380852745b418999a0f1b4f5acfdc9] 199.204.45.78 "GET /v2.0/subnets?id=b6dfaf71-b281-46e1-88c5-5c23d730e7b3 HTTP/1.1" status: 200 len: 829 time: 0.0512519
2026-05-11 06:45:26.316 9 INFO neutron.wsgi [req-6db7ea1d-3d82-447c-afb4-b58eaa846970 req-f41ba8fc-f17f-4ea8-8147-10dc82d3c284 25baa6b53e1c49cd87e08a494459c120 01b417b577a04733a90891cb685be87a - - 11380852745b418999a0f1b4f5acfdc9 11380852745b418999a0f1b4f5acfdc9] 199.204.45.78 "GET /v2.0/ports?network_id=07829119-5768-4358-9804-cbe1ae92fc77&device_owner=network%3Adhcp HTTP/1.1" status: 200 len: 210 time: 0.0239353
2026-05-11 06:45:26.345 9 INFO neutron.wsgi [req-31fb0238-c882-47cd-b5ce-d3afd917c2e3 req-87ccb53f-edcf-41ba-a5e1-f668491e05d9 25baa6b53e1c49cd87e08a494459c120 01b417b577a04733a90891cb685be87a - - 11380852745b418999a0f1b4f5acfdc9 11380852745b418999a0f1b4f5acfdc9] 199.204.45.78 "GET /v2.0/networks?id=3bee6205-10ba-4731-a148-9e0a5b320cbc HTTP/1.1" status: 200 len: 971 time: 0.1105402
2026-05-11 06:45:26.353 10 INFO neutron.wsgi [req-f2c0cd22-3c79-44bd-af04-ad1a6507ae7d req-41962099-126e-453a-bf39-8fb27846611e 25baa6b53e1c49cd87e08a494459c120 01b417b577a04733a90891cb685be87a - - 11380852745b418999a0f1b4f5acfdc9 11380852745b418999a0f1b4f5acfdc9] 199.204.45.78 "GET /v2.0/ports?device_id=2bf36026-3259-4ff4-9271-5810af39a6d5 HTTP/1.1" status: 200 len: 1446 time: 0.0500252
2026-05-11 06:45:26.408 10 INFO neutron.wsgi [req-f2c0cd22-3c79-44bd-af04-ad1a6507ae7d req-5beee8f3-e3c9-4dcf-8f79-51bb5b692ba7 25baa6b53e1c49cd87e08a494459c120 01b417b577a04733a90891cb685be87a - - 11380852745b418999a0f1b4f5acfdc9 11380852745b418999a0f1b4f5acfdc9] 199.204.45.78 "GET /v2.0/security-groups?id=d82fdff2-19f2-4bbc-9dbe-3a364c298b18&id=24e19a8d-d861-4b01-a069-de3a48321c3a&fields=id&fields=name HTTP/1.1" status: 200 len: 406 time: 0.0509045
2026-05-11 06:45:26.507 10 INFO neutron.db.ovn_revision_numbers_db [None req-8b28128d-35fc-493c-a16b-2e6c2a09b86c ed908715294d4a8c81e6c1379e4a42dd d69562675b6948ceb78b32d4447398a6 - - default default] Successfully bumped revision number for resource f92a6280-9771-4bf9-9249-00120959573f (type: security_groups) to 1
2026-05-11 06:45:26.528 10 INFO neutron.wsgi [req-f431a23c-ffe3-4fb2-a709-49ba7563c583 req-a533b173-93d1-46e0-bd7a-a1d3c69b55cb 7dfdd2179edc4f0796d35c98c005af3a 7c99061347cc4c1a823c3faefb007c65 - - default default] 10.0.0.137 "GET /v2.0/ports?device_id=2bf36026-3259-4ff4-9271-5810af39a6d5 HTTP/1.1" status: 200 len: 1208 time: 0.1129596
2026-05-11 06:45:26.529 10 INFO neutron.db.ovn_revision_numbers_db [None req-8b28128d-35fc-493c-a16b-2e6c2a09b86c ed908715294d4a8c81e6c1379e4a42dd d69562675b6948ceb78b32d4447398a6 - - default default] Successfully bumped revision number for resource 3ebb56bd-4ce0-4713-a267-3e2b986fb928 (type: security_group_rules) to 0
2026-05-11 06:45:26.546 10 INFO neutron.db.ovn_revision_numbers_db [None req-8b28128d-35fc-493c-a16b-2e6c2a09b86c ed908715294d4a8c81e6c1379e4a42dd d69562675b6948ceb78b32d4447398a6 - - default default] Successfully bumped revision number for resource 69b31eab-a49b-4365-b5a2-915b1831b654 (type: security_group_rules) to 0
2026-05-11 06:45:26.567 10 INFO neutron.db.ovn_revision_numbers_db [None req-8b28128d-35fc-493c-a16b-2e6c2a09b86c ed908715294d4a8c81e6c1379e4a42dd d69562675b6948ceb78b32d4447398a6 - - default default] Successfully bumped revision number for resource caa97f56-ac53-4dac-8b35-16e7da4d9e87 (type: security_group_rules) to 0
2026-05-11 06:45:26.588 9 INFO neutron.wsgi [req-3389d4b1-8480-4991-bf91-8addb5ff43fa req-29737c61-8b11-4efe-b270-dd5c845da353 ed908715294d4a8c81e6c1379e4a42dd d69562675b6948ceb78b32d4447398a6 - - default default] 10.0.0.137 "GET /v2.0/ports?device_id=34dd55e1-7cad-417b-93fa-e7d9698e9f1d HTTP/1.1" status: 200 len: 1411 time: 0.2843437
2026-05-11 06:45:26.600 10 INFO neutron.wsgi [req-f431a23c-ffe3-4fb2-a709-49ba7563c583 req-1c509031-d38c-4503-baa3-cba7e24a0278 7dfdd2179edc4f0796d35c98c005af3a 7c99061347cc4c1a823c3faefb007c65 - - default default] 10.0.0.137 "GET /v2.0/security-groups?id=d82fdff2-19f2-4bbc-9dbe-3a364c298b18&id=24e19a8d-d861-4b01-a069-de3a48321c3a&fields=id&fields=name HTTP/1.1" status: 200 len: 406 time: 0.0636945
2026-05-11 06:45:26.603 9 INFO neutron.wsgi [req-31fb0238-c882-47cd-b5ce-d3afd917c2e3 req-4de7f806-6f82-4b29-93e3-05ea32ff78f8 25baa6b53e1c49cd87e08a494459c120 01b417b577a04733a90891cb685be87a - - 11380852745b418999a0f1b4f5acfdc9 11380852745b418999a0f1b4f5acfdc9] 199.204.45.78 "GET /v2.0/floatingips?fixed_ip_address=10.100.0.8&port_id=6cf2ca3f-7579-42af-b6c7-4220729ff5ac HTTP/1.1" status: 200 len: 217 time: 0.2468591
2026-05-11 06:45:26.605 10 INFO neutron.db.ovn_revision_numbers_db [None req-8b28128d-35fc-493c-a16b-2e6c2a09b86c ed908715294d4a8c81e6c1379e4a42dd d69562675b6948ceb78b32d4447398a6 - - default default] Successfully bumped revision number for resource d1dba3b6-add8-4c3b-ad15-6ba5fb7c5da7 (type: security_group_rules) to 0
2026-05-11 06:45:26.607 9 INFO neutron.plugins.ml2.drivers.ovn.mech_driver.mech_driver [None req-b058cca0-9862-4edc-91f3-3bd69de2f577 - - - - - -] OVN reports status up for port: 6cf2ca3f-7579-42af-b6c7-4220729ff5ac
2026-05-11 06:45:26.633 10 INFO neutron.wsgi [None req-8b28128d-35fc-493c-a16b-2e6c2a09b86c ed908715294d4a8c81e6c1379e4a42dd d69562675b6948ceb78b32d4447398a6 - - default default] 10.0.0.176 "GET /v2.0/security-groups?tenant_id=7147dca9f6074096a47f26a66a5e3366&name=default HTTP/1.1" status: 200 len: 3000 time: 0.2998993
2026-05-11 06:45:26.638 9 INFO neutron.plugins.ml2.plugin [None req-b058cca0-9862-4edc-91f3-3bd69de2f577 - - - - - -] Attempt 1 to provision port 6cf2ca3f-7579-42af-b6c7-4220729ff5ac
2026-05-11 06:45:26.669 9 INFO neutron.wsgi [req-3389d4b1-8480-4991-bf91-8addb5ff43fa req-6d2b650c-1796-49ee-bd65-023166cd44dd ed908715294d4a8c81e6c1379e4a42dd d69562675b6948ceb78b32d4447398a6 - - default default] 10.0.0.137 "GET /v2.0/security-groups?id=f45d7832-c2cb-4efe-beaf-b579af51f8f0&fields=id&fields=name HTTP/1.1" status: 200 len: 294 time: 0.0696740
2026-05-11 06:45:26.677 9 INFO neutron.wsgi [req-6db7ea1d-3d82-447c-afb4-b58eaa846970 req-b75d2092-7b64-4c43-b518-9eeb3e352121 25baa6b53e1c49cd87e08a494459c120 01b417b577a04733a90891cb685be87a - - 11380852745b418999a0f1b4f5acfdc9 11380852745b418999a0f1b4f5acfdc9] 199.204.45.78 "GET /v2.0/networks/07829119-5768-4358-9804-cbe1ae92fc77?fields=segments HTTP/1.1" status: 200 len: 212 time: 0.3505969
2026-05-11 06:45:26.681 9 INFO neutron.wsgi [req-31fb0238-c882-47cd-b5ce-d3afd917c2e3 req-7c51485f-fc98-44d5-8f52-362420a2d85f 25baa6b53e1c49cd87e08a494459c120 01b417b577a04733a90891cb685be87a - - 11380852745b418999a0f1b4f5acfdc9 11380852745b418999a0f1b4f5acfdc9] 199.204.45.78 "GET /v2.0/subnets?id=57697ef1-5856-46b1-ae7f-f528259af917 HTTP/1.1" status: 200 len: 866 time: 0.0643008
2026-05-11 06:45:26.725 9 INFO neutron.wsgi [req-31fb0238-c882-47cd-b5ce-d3afd917c2e3 req-bc3b531b-a4b2-4dec-89c1-40b2e336856a 25baa6b53e1c49cd87e08a494459c120 01b417b577a04733a90891cb685be87a - - 11380852745b418999a0f1b4f5acfdc9 11380852745b418999a0f1b4f5acfdc9] 199.204.45.78 "GET /v2.0/ports?network_id=3bee6205-10ba-4731-a148-9e0a5b320cbc&device_owner=network%3Adhcp HTTP/1.1" status: 200 len: 210 time: 0.0354402
2026-05-11 06:45:26.790 9 INFO neutron.wsgi [req-6db7ea1d-3d82-447c-afb4-b58eaa846970 req-42006123-a934-4020-a127-1413cade48d7 25baa6b53e1c49cd87e08a494459c120 01b417b577a04733a90891cb685be87a - - 11380852745b418999a0f1b4f5acfdc9 11380852745b418999a0f1b4f5acfdc9] 199.204.45.78 "GET /v2.0/networks/07829119-5768-4358-9804-cbe1ae92fc77?fields=provider%3Aphysical_network&fields=provider%3Anetwork_type HTTP/1.1" status: 200 len: 277 time: 0.1005466
2026-05-11 06:45:26.817 9 INFO neutron.wsgi [req-31fb0238-c882-47cd-b5ce-d3afd917c2e3 req-5b5ca757-6583-4ab5-96c0-73b26a0b544a 25baa6b53e1c49cd87e08a494459c120 01b417b577a04733a90891cb685be87a - - 11380852745b418999a0f1b4f5acfdc9 11380852745b418999a0f1b4f5acfdc9] 199.204.45.78 "GET /v2.0/networks/3bee6205-10ba-4731-a148-9e0a5b320cbc?fields=segments HTTP/1.1" status: 200 len: 212 time: 0.0823834
2026-05-11 06:45:26.826 10 INFO neutron.wsgi [req-59fb8550-d96d-4243-8fbe-e7de888b8c44 req-70710b6c-5036-44b3-85ce-e64651abd45b ed908715294d4a8c81e6c1379e4a42dd d69562675b6948ceb78b32d4447398a6 - - default default] 10.0.0.137 "GET /v2.0/ports?device_id=34dd55e1-7cad-417b-93fa-e7d9698e9f1d HTTP/1.1" status: 200 len: 1411 time: 0.0576632
2026-05-11 06:45:26.904 9 INFO neutron.wsgi [req-31fb0238-c882-47cd-b5ce-d3afd917c2e3 req-a70f5329-73a9-4665-9c1c-48b4803f6287 25baa6b53e1c49cd87e08a494459c120 01b417b577a04733a90891cb685be87a - - 11380852745b418999a0f1b4f5acfdc9 11380852745b418999a0f1b4f5acfdc9] 199.204.45.78 "GET /v2.0/networks/3bee6205-10ba-4731-a148-9e0a5b320cbc?fields=provider%3Aphysical_network&fields=provider%3Anetwork_type HTTP/1.1" status: 200 len: 277 time: 0.0696430
2026-05-11 06:45:26.910 10 INFO neutron.wsgi [None req-148aba14-302b-4658-9a7c-bb582442de54 ed908715294d4a8c81e6c1379e4a42dd d69562675b6948ceb78b32d4447398a6 - - default default] 10.0.0.176 "DELETE /v2.0/security-groups/f92a6280-9771-4bf9-9249-00120959573f HTTP/1.1" status: 204 len: 168 time: 0.2719648
2026-05-11 06:45:27.044 9 INFO neutron.wsgi [req-d6bcebc1-be35-43f8-9280-2a3d6d5a30f9 req-1a7a6f39-ef39-4898-a469-e6d67c9b28e6 25baa6b53e1c49cd87e08a494459c120 01b417b577a04733a90891cb685be87a - - 11380852745b418999a0f1b4f5acfdc9 11380852745b418999a0f1b4f5acfdc9] 199.204.45.78 "GET /v2.0/ports?device_id=34dd55e1-7cad-417b-93fa-e7d9698e9f1d HTTP/1.1" status: 200 len: 1411 time: 0.0375698
2026-05-11 06:45:27.046 9 INFO neutron.db.ovn_revision_numbers_db [None req-b058cca0-9862-4edc-91f3-3bd69de2f577 - - - - - -] Successfully bumped revision number for resource 6cf2ca3f-7579-42af-b6c7-4220729ff5ac (type: ports) to 4
2026-05-11 06:45:27.115 9 INFO neutron.wsgi [req-d6bcebc1-be35-43f8-9280-2a3d6d5a30f9 req-c284394b-e935-427e-831e-d2ced34922f2 25baa6b53e1c49cd87e08a494459c120 01b417b577a04733a90891cb685be87a - - 11380852745b418999a0f1b4f5acfdc9 11380852745b418999a0f1b4f5acfdc9] 199.204.45.78 "GET /v2.0/security-groups?id=f45d7832-c2cb-4efe-beaf-b579af51f8f0&fields=id&fields=name HTTP/1.1" status: 200 len: 294 time: 0.0658553
2026-05-11 06:45:27.222 10 INFO neutron.plugins.ml2.drivers.ovn.mech_driver.mech_driver [None req-9a9ff5d1-29cb-4687-a6f5-76877596e9b9 - - - - - -] OVN reports status up for port: 02273e17-91e9-469c-9a4a-099fb1dff265
2026-05-11 06:45:27.235 10 INFO neutron.plugins.ml2.plugin [None req-9a9ff5d1-29cb-4687-a6f5-76877596e9b9 - - - - - -] Attempt 1 to provision port 02273e17-91e9-469c-9a4a-099fb1dff265
2026-05-11 06:45:27.357 10 INFO neutron.notifiers.nova [-] Nova event matching ['req-a0bacc9e-2349-4280-bd4b-9f4108cc2edc'] response: {'server_uuid': '34dd55e1-7cad-417b-93fa-e7d9698e9f1d', 'name': 'network-vif-plugged', 'status': 'completed', 'tag': '02273e17-91e9-469c-9a4a-099fb1dff265', 'code': 200}
2026-05-11 06:45:27.493 10 INFO neutron.db.ovn_revision_numbers_db [None req-9a9ff5d1-29cb-4687-a6f5-76877596e9b9 - - - - - -] Successfully bumped revision number for resource 02273e17-91e9-469c-9a4a-099fb1dff265 (type: ports) to 4 /var/lib/openstack/lib/python3.10/site-packages/pycadf/identifier.py:71: UserWarning: Invalid uuid: neutron. To ensure interoperability, identifiers should be a valid uuid. warnings.warn(('Invalid uuid: %s. To ensure interoperability, '
2026-05-11 06:45:27.789 9 INFO neutron.wsgi [req-3ddd83d5-1255-44cd-93aa-ddbc17cef371 req-259d180b-0a69-426a-b72b-595e20ab3912 7dfdd2179edc4f0796d35c98c005af3a 7c99061347cc4c1a823c3faefb007c65 - - default default] 10.0.0.137 "GET /v2.0/ports?device_id=2bf36026-3259-4ff4-9271-5810af39a6d5 HTTP/1.1" status: 200 len: 1210 time: 0.1190569
2026-05-11 06:45:27.810 9 INFO neutron.notifiers.nova [-] Nova event matching ['req-23dbfcec-f751-4c4c-a2d0-3bf7a2275ec1'] response: {'name': 'network-changed', 'server_uuid': '34dd55e1-7cad-417b-93fa-e7d9698e9f1d', 'tag': '02273e17-91e9-469c-9a4a-099fb1dff265', 'status': 'completed', 'code': 200}
2026-05-11 06:45:27.810 9 INFO neutron.notifiers.nova [-] Nova event matching ['req-23dbfcec-f751-4c4c-a2d0-3bf7a2275ec1'] response: {'server_uuid': '2bf36026-3259-4ff4-9271-5810af39a6d5', 'name': 'network-vif-plugged', 'status': 'completed', 'tag': '6cf2ca3f-7579-42af-b6c7-4220729ff5ac', 'code': 200}
2026-05-11 06:45:27.810 9 INFO neutron.notifiers.nova [-] Nova event matching ['req-23dbfcec-f751-4c4c-a2d0-3bf7a2275ec1'] response: {'server_uuid': '2bf36026-3259-4ff4-9271-5810af39a6d5', 'name': 'network-vif-plugged', 'status': 'completed', 'tag': '6cf2ca3f-7579-42af-b6c7-4220729ff5ac', 'code': 200}
2026-05-11 06:45:27.845 9 INFO neutron.wsgi [req-3ddd83d5-1255-44cd-93aa-ddbc17cef371 req-0ef4d89c-37f9-4580-9091-fd89c121f817 7dfdd2179edc4f0796d35c98c005af3a 7c99061347cc4c1a823c3faefb007c65 - - default default] 10.0.0.137 "GET /v2.0/security-groups?id=d82fdff2-19f2-4bbc-9dbe-3a364c298b18&id=24e19a8d-d861-4b01-a069-de3a48321c3a&fields=id&fields=name HTTP/1.1" status: 200 len: 406 time: 0.0495017
2026-05-11 06:45:27.875 9 INFO neutron.wsgi [req-ad95ae23-aa33-48fa-9728-f620cf5640d6 req-63a07068-4ace-4a93-9bdb-22000ae491ff 25baa6b53e1c49cd87e08a494459c120 01b417b577a04733a90891cb685be87a - - 11380852745b418999a0f1b4f5acfdc9 11380852745b418999a0f1b4f5acfdc9] 199.204.45.78 "GET /v2.0/ports?tenant_id=d69562675b6948ceb78b32d4447398a6&device_id=34dd55e1-7cad-417b-93fa-e7d9698e9f1d HTTP/1.1" status: 200 len: 1413 time: 0.0400517
2026-05-11 06:45:27.941 9 INFO neutron.wsgi [req-ad95ae23-aa33-48fa-9728-f620cf5640d6 req-e9dc67ba-37f9-4955-999d-bf36cb0624c5 25baa6b53e1c49cd87e08a494459c120 01b417b577a04733a90891cb685be87a - - 11380852745b418999a0f1b4f5acfdc9 11380852745b418999a0f1b4f5acfdc9] 199.204.45.78 "GET /v2.0/networks?id=07829119-5768-4358-9804-cbe1ae92fc77 HTTP/1.1" status: 200 len: 937 time: 0.0617516
2026-05-11 06:45:27.980 9 INFO neutron.wsgi [req-ad95ae23-aa33-48fa-9728-f620cf5640d6 req-46ed457a-cd3d-4b6d-9fd4-a11347d46c07 25baa6b53e1c49cd87e08a494459c120 01b417b577a04733a90891cb685be87a - - 11380852745b418999a0f1b4f5acfdc9 11380852745b418999a0f1b4f5acfdc9] 199.204.45.78 "GET /v2.0/floatingips?fixed_ip_address=172.24.1.69&port_id=02273e17-91e9-469c-9a4a-099fb1dff265 HTTP/1.1" status: 200 len: 217 time: 0.0277164
2026-05-11 06:45:28.034 9 INFO neutron.wsgi [req-ad95ae23-aa33-48fa-9728-f620cf5640d6 req-6ad73c83-f172-4675-acaa-6274eb1d0624 25baa6b53e1c49cd87e08a494459c120 01b417b577a04733a90891cb685be87a - - 11380852745b418999a0f1b4f5acfdc9 11380852745b418999a0f1b4f5acfdc9] 199.204.45.78 "GET /v2.0/subnets?id=b6dfaf71-b281-46e1-88c5-5c23d730e7b3 HTTP/1.1" status: 200 len: 829 time: 0.0467162
2026-05-11 06:45:28.058 9 INFO neutron.wsgi [req-ad95ae23-aa33-48fa-9728-f620cf5640d6 req-f2becc04-c2f1-4bc8-9968-c67bbc578bdc 25baa6b53e1c49cd87e08a494459c120 01b417b577a04733a90891cb685be87a - - 11380852745b418999a0f1b4f5acfdc9 11380852745b418999a0f1b4f5acfdc9] 199.204.45.78 "GET /v2.0/ports?network_id=07829119-5768-4358-9804-cbe1ae92fc77&device_owner=network%3Adhcp HTTP/1.1" status: 200 len: 210 time: 0.0204639
2026-05-11 06:45:28.130 9 INFO neutron.wsgi [req-ad95ae23-aa33-48fa-9728-f620cf5640d6 req-77c372fe-d892-4f60-b92a-14d9e23abae6 25baa6b53e1c49cd87e08a494459c120 01b417b577a04733a90891cb685be87a - - 11380852745b418999a0f1b4f5acfdc9 11380852745b418999a0f1b4f5acfdc9] 199.204.45.78 "GET /v2.0/networks/07829119-5768-4358-9804-cbe1ae92fc77?fields=segments HTTP/1.1" status: 200 len: 212 time: 0.0639598
2026-05-11 06:45:28.198 9 INFO neutron.wsgi [req-ad95ae23-aa33-48fa-9728-f620cf5640d6 req-caa3a801-3f34-487f-bf70-6443366a660e 25baa6b53e1c49cd87e08a494459c120 01b417b577a04733a90891cb685be87a - - 11380852745b418999a0f1b4f5acfdc9 11380852745b418999a0f1b4f5acfdc9] 199.204.45.78 "GET /v2.0/networks/07829119-5768-4358-9804-cbe1ae92fc77?fields=provider%3Aphysical_network&fields=provider%3Anetwork_type HTTP/1.1" status: 200 len: 277 time: 0.0619144 /var/lib/openstack/lib/python3.10/site-packages/pycadf/identifier.py:71: UserWarning: Invalid uuid: neutron. To ensure interoperability, identifiers should be a valid uuid. warnings.warn(('Invalid uuid: %s. To ensure interoperability, '
2026-05-11 06:45:28.972 10 INFO neutron.wsgi [req-b764341e-3c99-4435-bed3-4e748f97bd22 req-68135e24-9e5f-48b0-ab62-b92e332a7d13 7dfdd2179edc4f0796d35c98c005af3a 7c99061347cc4c1a823c3faefb007c65 - - default default] 10.0.0.137 "GET /v2.0/ports?device_id=2bf36026-3259-4ff4-9271-5810af39a6d5 HTTP/1.1" status: 200 len: 1210 time: 0.0517900
2026-05-11 06:45:29.029 10 INFO neutron.wsgi [req-b764341e-3c99-4435-bed3-4e748f97bd22 req-66c17708-a29e-4f77-8bb4-bf7c86851187 7dfdd2179edc4f0796d35c98c005af3a 7c99061347cc4c1a823c3faefb007c65 - - default default] 10.0.0.137 "GET /v2.0/security-groups?id=d82fdff2-19f2-4bbc-9dbe-3a364c298b18&id=24e19a8d-d861-4b01-a069-de3a48321c3a&fields=id&fields=name HTTP/1.1" status: 200 len: 406 time: 0.0471926
2026-05-11 06:45:29.177 9 INFO neutron.wsgi [req-418d775c-ff04-4f50-acd5-866428a77ca1 req-47bf83c3-52e8-45fd-9fee-e127e4d0d0a8 7dfdd2179edc4f0796d35c98c005af3a 7c99061347cc4c1a823c3faefb007c65 - - default default] 10.0.0.137 "GET /v2.0/ports?device_id=2bf36026-3259-4ff4-9271-5810af39a6d5 HTTP/1.1" status: 200 len: 1210 time: 0.0804262
2026-05-11 06:45:29.420 10 INFO neutron.notifiers.nova [-] Nova event matching ['req-08edd917-a2be-4910-b2f4-ad3f32784566'] response: {'server_uuid': '34dd55e1-7cad-417b-93fa-e7d9698e9f1d', 'name': 'network-vif-plugged', 'status': 'completed', 'tag': '02273e17-91e9-469c-9a4a-099fb1dff265', 'code': 200}
2026-05-11 06:45:29.563 10 INFO neutron.db.l3_db [None req-a6d549e2-f3ca-4264-b9b3-14d20b5c0bf3 7dfdd2179edc4f0796d35c98c005af3a 7c99061347cc4c1a823c3faefb007c65 - - default default] Floating IP b95ecbfb-d464-4cde-9631-fc2257eae2a1 associated. External IP: 10.96.250.211, port: 6cf2ca3f-7579-42af-b6c7-4220729ff5ac.
2026-05-11 06:45:29.818 9 INFO neutron.wsgi [req-fdf527df-70f1-4748-acbe-47f726e8872d req-4ab3e8f3-405d-48fa-a93d-d93fe9eb3a3d ed908715294d4a8c81e6c1379e4a42dd d69562675b6948ceb78b32d4447398a6 - - default default] 10.0.0.137 "GET /v2.0/ports?device_id=34dd55e1-7cad-417b-93fa-e7d9698e9f1d HTTP/1.1" status: 200 len: 1413 time: 0.0441108
2026-05-11 06:45:29.864 9 INFO neutron.wsgi [req-fdf527df-70f1-4748-acbe-47f726e8872d req-8f04cade-c162-4cb1-926d-32dc2786bccb ed908715294d4a8c81e6c1379e4a42dd d69562675b6948ceb78b32d4447398a6 - - default default] 10.0.0.137 "GET /v2.0/security-groups?id=f45d7832-c2cb-4efe-beaf-b579af51f8f0&fields=id&fields=name HTTP/1.1" status: 200 len: 294 time: 0.0386198
2026-05-11 06:45:30.019 10 INFO neutron.wsgi [req-7c5d53a8-4327-4ea1-9449-83684f828177 req-d08553b7-6821-4b82-8110-f0baecb102a8 ed908715294d4a8c81e6c1379e4a42dd d69562675b6948ceb78b32d4447398a6 - - default default] 10.0.0.137 "GET /v2.0/ports?device_id=34dd55e1-7cad-417b-93fa-e7d9698e9f1d HTTP/1.1" status: 200 len: 1413 time: 0.0918512
2026-05-11 06:45:30.032 10 INFO neutron.db.ovn_revision_numbers_db [None req-a6d549e2-f3ca-4264-b9b3-14d20b5c0bf3 7dfdd2179edc4f0796d35c98c005af3a 7c99061347cc4c1a823c3faefb007c65 - - default default] Successfully bumped revision number for resource b95ecbfb-d464-4cde-9631-fc2257eae2a1 (type: floatingips) to 1
2026-05-11 06:45:30.145 10 INFO neutron.db.ovn_revision_numbers_db [None req-a6d549e2-f3ca-4264-b9b3-14d20b5c0bf3 7dfdd2179edc4f0796d35c98c005af3a 7c99061347cc4c1a823c3faefb007c65 - - default default] Successfully bumped revision number for resource b95ecbfb-d464-4cde-9631-fc2257eae2a1 (type: floatingips) to 2
2026-05-11 06:45:30.170 10 INFO neutron.wsgi [None req-a6d549e2-f3ca-4264-b9b3-14d20b5c0bf3 7dfdd2179edc4f0796d35c98c005af3a 7c99061347cc4c1a823c3faefb007c65 - - default default] 10.0.0.176 "PUT /v2.0/floatingips/b95ecbfb-d464-4cde-9631-fc2257eae2a1 HTTP/1.1" status: 200 len: 1049 time: 0.9805865 /var/lib/openstack/lib/python3.10/site-packages/pycadf/identifier.py:71: UserWarning: Invalid uuid: neutron. To ensure interoperability, identifiers should be a valid uuid. warnings.warn(('Invalid uuid: %s. To ensure interoperability, '
2026-05-11 06:45:30.475 10 WARNING neutron_lib.context [None req-f3b50879-6f43-4d4d-9ddf-32ff0e6df44d d6ba7c3f01aa4f66bd7de0f9e99e4c79 ea5e49e14a7649d5bd1c28c4ab115ea9 - - default default] Method 'is_advsvc' is deprecated since 2023.2 release (neutron-lib 3.8.0) and will be removed once support for the old RBAC API policies will be removed from Neutron. Please use method 'is_service_role' instead.
2026-05-11 06:45:30.602 10 INFO neutron.db.ovn_revision_numbers_db [None req-f3b50879-6f43-4d4d-9ddf-32ff0e6df44d d6ba7c3f01aa4f66bd7de0f9e99e4c79 ea5e49e14a7649d5bd1c28c4ab115ea9 - - default default] Successfully bumped revision number for resource 7c924486-f59d-4e1c-b921-093f77cfb551 (type: security_groups) to 1
2026-05-11 06:45:30.616 10 INFO neutron.db.ovn_revision_numbers_db [None req-f3b50879-6f43-4d4d-9ddf-32ff0e6df44d d6ba7c3f01aa4f66bd7de0f9e99e4c79 ea5e49e14a7649d5bd1c28c4ab115ea9 - - default default] Successfully bumped revision number for resource 03325039-7a2b-4bb0-b493-03dc5c862d01 (type: security_group_rules) to 0
