2026-05-11 06:42:42.707 10 INFO neutron.services.segments.plugin [-] Segment 858ed012-1be3-459a-b3c9-9955e5fee63c resource provider not found; error: Placement Client Error (4xx): {"errors": [{"status": 404, "title": "Not Found", "detail": "The resource could not be found.\n\n No resource provider with uuid 858ed012-1be3-459a-b3c9-9955e5fee63c found for delete ", "request_id": "req-4bdd9129-a02f-462b-bbce-00762cd2ff04"}]}
2026-05-11 06:42:42.718 9 INFO neutron.db.ovn_revision_numbers_db [None req-69ecf2b3-f043-421f-abfb-ac397d3d991e ed908715294d4a8c81e6c1379e4a42dd d69562675b6948ceb78b32d4447398a6 - - default default] Successfully bumped revision number for resource 8d7a9437-5165-4011-866d-9f25ee89003c (type: security_group_rules) to 0
2026-05-11 06:42:42.721 10 INFO neutron.services.segments.plugin [-] Segment b6b5191b-1d8c-4a51-8f25-a8f0b1be1235 resource provider aggregate not found
2026-05-11 06:42:42.728 10 INFO neutron.services.segments.plugin [-] Segment b6b5191b-1d8c-4a51-8f25-a8f0b1be1235 resource provider aggregate not found
2026-05-11 06:42:42.739 10 INFO neutron.services.segments.plugin [-] Segment b6b5191b-1d8c-4a51-8f25-a8f0b1be1235 resource provider not found; error: Placement Client Error (4xx): {"errors": [{"status": 404, "title": "Not Found", "detail": "The resource could not be found.\n\n No resource provider with uuid b6b5191b-1d8c-4a51-8f25-a8f0b1be1235 found for delete ", "request_id": "req-1f123116-cfb1-462e-b125-640983fb0d20"}]}
2026-05-11 06:42:42.745 10 INFO neutron.services.segments.plugin [-] Segment b6b5191b-1d8c-4a51-8f25-a8f0b1be1235 resource provider not found; error: Placement Client Error (4xx): {"errors": [{"status": 404, "title": "Not Found", "detail": "The resource could not be found.\n\n No resource provider with uuid b6b5191b-1d8c-4a51-8f25-a8f0b1be1235 found for delete ", "request_id": "req-119f5f88-c1d6-4f64-b2de-e8390a48124a"}]}
2026-05-11 06:42:42.748 9 INFO neutron.db.ovn_revision_numbers_db [None req-69ecf2b3-f043-421f-abfb-ac397d3d991e ed908715294d4a8c81e6c1379e4a42dd d69562675b6948ceb78b32d4447398a6 - - default default] Successfully bumped revision number for resource f42200ea-c495-4ad4-b0ad-e6bb53ff3e01 (type: security_group_rules) to 0
2026-05-11 06:42:42.773 9 INFO neutron.wsgi [None req-69ecf2b3-f043-421f-abfb-ac397d3d991e ed908715294d4a8c81e6c1379e4a42dd d69562675b6948ceb78b32d4447398a6 - - default default] 10.0.0.176 "GET /v2.0/security-groups?tenant_id=457704a5361844ef90ad4a7f04d9ad18&name=default HTTP/1.1" status: 200 len: 2996 time: 0.4750102
2026-05-11 06:42:42.972 9 INFO neutron.wsgi [None req-9ca1cee2-8b90-4495-8a0b-26b2e1b0bcb0 ed908715294d4a8c81e6c1379e4a42dd d69562675b6948ceb78b32d4447398a6 - - default default] 10.0.0.176 "DELETE /v2.0/security-groups/9a48222f-a786-4117-a2d5-6148711c4cc0 HTTP/1.1" status: 204 len: 168 time: 0.1934979
2026-05-11 06:42:43.020 10 INFO neutron.wsgi [None req-a2b9cc94-cf74-481b-9e7c-f570407a306e 98784ce38bd64d3aad32bc138424c62c 709dd6e6e3a24d2ab5cecfa91aed0f14 - - default default] 10.0.0.176 "DELETE /v2.0/networks/264f2987-e44f-4176-bbb3-4029143692a6 HTTP/1.1" status: 204 len: 168 time: 0.4653263
2026-05-11 06:42:43.197 10 INFO neutron.db.ovn_revision_numbers_db [None req-510a0495-abbf-4fce-8926-108b9e66c014 ed908715294d4a8c81e6c1379e4a42dd d69562675b6948ceb78b32d4447398a6 - - default default] Successfully bumped revision number for resource 96f39f20-a88f-4be2-a791-1fc45579db51 (type: security_groups) to 1
2026-05-11 06:42:43.210 10 INFO neutron.db.ovn_revision_numbers_db [None req-510a0495-abbf-4fce-8926-108b9e66c014 ed908715294d4a8c81e6c1379e4a42dd d69562675b6948ceb78b32d4447398a6 - - default default] Successfully bumped revision number for resource 18b1e4a9-c20b-40da-886f-14a04c544983 (type: security_group_rules) to 0
2026-05-11 06:42:43.223 10 INFO neutron.db.ovn_revision_numbers_db [None req-510a0495-abbf-4fce-8926-108b9e66c014 ed908715294d4a8c81e6c1379e4a42dd d69562675b6948ceb78b32d4447398a6 - - default default] Successfully bumped revision number for resource 27f34339-2219-48fa-a935-ecfd46e1b0ed (type: security_group_rules) to 0
2026-05-11 06:42:43.237 10 INFO neutron.db.ovn_revision_numbers_db [None req-510a0495-abbf-4fce-8926-108b9e66c014 ed908715294d4a8c81e6c1379e4a42dd d69562675b6948ceb78b32d4447398a6 - - default default] Successfully bumped revision number for resource 5b23c5a1-5fb1-430b-8796-c4843db9e8ea (type: security_group_rules) to 0
2026-05-11 06:42:43.252 10 INFO neutron.db.ovn_revision_numbers_db [None req-510a0495-abbf-4fce-8926-108b9e66c014 ed908715294d4a8c81e6c1379e4a42dd d69562675b6948ceb78b32d4447398a6 - - default default] Successfully bumped revision number for resource 6eebb964-35d7-4149-ac1a-b114d84c1975 (type: security_group_rules) to 0
2026-05-11 06:42:43.280 10 INFO neutron.wsgi [None req-510a0495-abbf-4fce-8926-108b9e66c014 ed908715294d4a8c81e6c1379e4a42dd d69562675b6948ceb78b32d4447398a6 - - default default] 10.0.0.176 "GET /v2.0/security-groups?tenant_id=57e3590d12304c4fa9d576dc846346a8&name=default HTTP/1.1" status: 200 len: 2996 time: 0.1924763
2026-05-11 06:42:43.484 9 INFO neutron.wsgi [None req-d905f4a0-b41f-4158-b058-2541db39ed9c ed908715294d4a8c81e6c1379e4a42dd d69562675b6948ceb78b32d4447398a6 - - default default] 10.0.0.176 "DELETE /v2.0/security-groups/96f39f20-a88f-4be2-a791-1fc45579db51 HTTP/1.1" status: 204 len: 168 time: 0.1989288
2026-05-11 06:42:43.901 9 INFO neutron.services.segments.plugin [-] Segment 2b2e4104-e4fc-467f-b899-5dd6518bb8a7 resource provider aggregate not found
2026-05-11 06:42:43.908 9 INFO neutron.services.segments.plugin [-] Segment 2b2e4104-e4fc-467f-b899-5dd6518bb8a7 resource provider aggregate not found
2026-05-11 06:42:43.922 9 INFO neutron.services.segments.plugin [-] Segment 2b2e4104-e4fc-467f-b899-5dd6518bb8a7 resource provider not found; error: Placement Client Error (4xx): {"errors": [{"status": 404, "title": "Not Found", "detail": "The resource could not be found.\n\n No resource provider with uuid 2b2e4104-e4fc-467f-b899-5dd6518bb8a7 found for delete ", "request_id": "req-9389e5ed-d8eb-4551-b898-bd574439e5e3"}]}
2026-05-11 06:42:43.924 9 INFO neutron.services.segments.plugin [-] Segment 2b2e4104-e4fc-467f-b899-5dd6518bb8a7 resource provider not found; error: Placement Client Error (4xx): {"errors": [{"status": 404, "title": "Not Found", "detail": "The resource could not be found.\n\n No resource provider with uuid 2b2e4104-e4fc-467f-b899-5dd6518bb8a7 found for delete ", "request_id": "req-82e51dfa-e3ba-46db-97eb-591212c37e94"}]}
2026-05-11 06:42:44.025 9 INFO neutron.db.ovn_revision_numbers_db [None req-d2f6fb3d-cff2-4d82-958a-07e8a05f29ea ed908715294d4a8c81e6c1379e4a42dd d69562675b6948ceb78b32d4447398a6 - - default default] Successfully bumped revision number for resource 77013ad8-faae-4c49-98b0-b814e1e72e5e (type: security_groups) to 1
2026-05-11 06:42:44.040 9 INFO neutron.db.ovn_revision_numbers_db [None req-d2f6fb3d-cff2-4d82-958a-07e8a05f29ea ed908715294d4a8c81e6c1379e4a42dd d69562675b6948ceb78b32d4447398a6 - - default default] Successfully bumped revision number for resource 0e67c48e-f2e9-4ef2-9d1d-ac0fa4711ecf (type: security_group_rules) to 0
2026-05-11 06:42:44.054 9 INFO neutron.db.ovn_revision_numbers_db [None req-d2f6fb3d-cff2-4d82-958a-07e8a05f29ea ed908715294d4a8c81e6c1379e4a42dd d69562675b6948ceb78b32d4447398a6 - - default default] Successfully bumped revision number for resource 845cde6b-ffae-43de-bb9f-7128cb0048cd (type: security_group_rules) to 0
2026-05-11 06:42:44.065 9 INFO neutron.db.ovn_revision_numbers_db [None req-d2f6fb3d-cff2-4d82-958a-07e8a05f29ea ed908715294d4a8c81e6c1379e4a42dd d69562675b6948ceb78b32d4447398a6 - - default default] Successfully bumped revision number for resource d6f7c3de-fa68-4ded-afab-2dec30d2fd45 (type: security_group_rules) to 0
2026-05-11 06:42:44.076 9 INFO neutron.db.ovn_revision_numbers_db [None req-d2f6fb3d-cff2-4d82-958a-07e8a05f29ea ed908715294d4a8c81e6c1379e4a42dd d69562675b6948ceb78b32d4447398a6 - - default default] Successfully bumped revision number for resource e45bfa6e-59b6-4dd1-aa5e-e0bb886eb3cf (type: security_group_rules) to 0
2026-05-11 06:42:44.102 9 INFO neutron.wsgi [None req-d2f6fb3d-cff2-4d82-958a-07e8a05f29ea ed908715294d4a8c81e6c1379e4a42dd d69562675b6948ceb78b32d4447398a6 - - default default] 10.0.0.176 "GET /v2.0/security-groups?tenant_id=ced8eab62082432a95ccb3a91313dfa3&name=default HTTP/1.1" status: 200 len: 2996 time: 0.3888600
2026-05-11 06:42:44.138 9 WARNING neutron_lib.context [None req-eaf25966-a2a2-4339-a298-14398b5b8345 d56c0f9c4fd74d2c9e886431f5ef1e42 d32ead05adad4226b6d807a2eec8d888 - - default default] Method 'is_advsvc' is deprecated since 2023.2 release (neutron-lib 3.8.0) and will be removed once support for the old RBAC API policies will be removed from Neutron. Please use method 'is_service_role' instead.
2026-05-11 06:42:44.289 9 INFO neutron.db.ovn_revision_numbers_db [None req-eaf25966-a2a2-4339-a298-14398b5b8345 d56c0f9c4fd74d2c9e886431f5ef1e42 d32ead05adad4226b6d807a2eec8d888 - - default default] Successfully bumped revision number for resource fc56d3f4-a080-4948-b066-d3bec1df3f50 (type: security_groups) to 1
2026-05-11 06:42:44.303 9 INFO neutron.db.ovn_revision_numbers_db [None req-eaf25966-a2a2-4339-a298-14398b5b8345 d56c0f9c4fd74d2c9e886431f5ef1e42 d32ead05adad4226b6d807a2eec8d888 - - default default] Successfully bumped revision number for resource 002faff0-1ee9-49bd-8dba-b30c17c4ab52 (type: security_group_rules) to 0
2026-05-11 06:42:44.317 9 INFO neutron.db.ovn_revision_numbers_db [None req-eaf25966-a2a2-4339-a298-14398b5b8345 d56c0f9c4fd74d2c9e886431f5ef1e42 d32ead05adad4226b6d807a2eec8d888 - - default default] Successfully bumped revision number for resource 4042675b-7b90-4e24-8dd2-26fd7fd6e4f9 (type: security_group_rules) to 0
2026-05-11 06:42:44.321 9 INFO neutron.wsgi [None req-b23d7a74-284d-41d7-ad09-5f55b88f2c5e ed908715294d4a8c81e6c1379e4a42dd d69562675b6948ceb78b32d4447398a6 - - default default] 10.0.0.176 "DELETE /v2.0/security-groups/77013ad8-faae-4c49-98b0-b814e1e72e5e HTTP/1.1" status: 204 len: 168 time: 0.2133958
2026-05-11 06:42:44.335 9 INFO neutron.db.ovn_revision_numbers_db [None req-eaf25966-a2a2-4339-a298-14398b5b8345 d56c0f9c4fd74d2c9e886431f5ef1e42 d32ead05adad4226b6d807a2eec8d888 - - default default] Successfully bumped revision number for resource 68a91834-07c8-498f-a839-535b221ead60 (type: security_group_rules) to 0
2026-05-11 06:42:44.349 9 INFO neutron.db.ovn_revision_numbers_db [None req-eaf25966-a2a2-4339-a298-14398b5b8345 d56c0f9c4fd74d2c9e886431f5ef1e42 d32ead05adad4226b6d807a2eec8d888 - - default default] Successfully bumped revision number for resource ee1b9b23-9c22-4d51-a343-940a7431dcf4 (type: security_group_rules) to 0
2026-05-11 06:42:44.442 9 INFO neutron.db.ovn_revision_numbers_db [None req-eaf25966-a2a2-4339-a298-14398b5b8345 d56c0f9c4fd74d2c9e886431f5ef1e42 d32ead05adad4226b6d807a2eec8d888 - - default default] Successfully bumped revision number for resource 8624a876-0512-4b21-8f7e-658e6c107f11 (type: security_groups) to 1
2026-05-11 06:42:44.456 9 INFO neutron.db.ovn_revision_numbers_db [None req-eaf25966-a2a2-4339-a298-14398b5b8345 d56c0f9c4fd74d2c9e886431f5ef1e42 d32ead05adad4226b6d807a2eec8d888 - - default default] Successfully bumped revision number for resource a13b6b6d-12a0-4680-96e9-fc02fcd7f52e (type: security_group_rules) to 0
2026-05-11 06:42:44.469 9 INFO neutron.db.ovn_revision_numbers_db [None req-eaf25966-a2a2-4339-a298-14398b5b8345 d56c0f9c4fd74d2c9e886431f5ef1e42 d32ead05adad4226b6d807a2eec8d888 - - default default] Successfully bumped revision number for resource e99a8886-ee5b-43ba-a240-70fd5a834acd (type: security_group_rules) to 0
2026-05-11 06:42:44.492 9 INFO neutron.wsgi [None req-eaf25966-a2a2-4339-a298-14398b5b8345 d56c0f9c4fd74d2c9e886431f5ef1e42 d32ead05adad4226b6d807a2eec8d888 - - default default] 10.0.0.176 "POST /v2.0/security-groups HTTP/1.1" status: 201 len: 1761 time: 0.3976090
2026-05-11 06:42:44.539 10 INFO neutron.wsgi [None req-45e9a1a8-bed4-4679-a1e3-e303bce4b279 d56c0f9c4fd74d2c9e886431f5ef1e42 d32ead05adad4226b6d807a2eec8d888 - - default default] 10.0.0.176 "GET /v2.0/security-groups HTTP/1.1" status: 200 len: 4539 time: 0.0435390
2026-05-11 06:42:44.617 10 INFO neutron.db.ovn_revision_numbers_db [None req-0c576414-93f6-47b7-8ac0-70546dac329d ed908715294d4a8c81e6c1379e4a42dd d69562675b6948ceb78b32d4447398a6 - - default default] Successfully bumped revision number for resource f5e1e329-07db-4f5a-a431-7f5e38dabe91 (type: security_groups) to 1
2026-05-11 06:42:44.640 10 INFO neutron.db.ovn_revision_numbers_db [None req-0c576414-93f6-47b7-8ac0-70546dac329d ed908715294d4a8c81e6c1379e4a42dd d69562675b6948ceb78b32d4447398a6 - - default default] Successfully bumped revision number for resource 1d534ff1-91a0-4d94-9495-d519b32064fa (type: security_group_rules) to 0
2026-05-11 06:42:44.640 9 INFO neutron.db.ovn_revision_numbers_db [None req-c73d298e-1df9-4640-abd6-344de91671f2 d56c0f9c4fd74d2c9e886431f5ef1e42 d32ead05adad4226b6d807a2eec8d888 - - default default] Successfully bumped revision number for resource 8624a876-0512-4b21-8f7e-658e6c107f11 (type: security_groups) to 2
2026-05-11 06:42:44.644 9 INFO neutron.wsgi [None req-c73d298e-1df9-4640-abd6-344de91671f2 d56c0f9c4fd74d2c9e886431f5ef1e42 d32ead05adad4226b6d807a2eec8d888 - - default default] 10.0.0.176 "PUT /v2.0/security-groups/8624a876-0512-4b21-8f7e-658e6c107f11 HTTP/1.1" status: 200 len: 1794 time: 0.0996571
2026-05-11 06:42:44.672 10 INFO neutron.db.ovn_revision_numbers_db [None req-0c576414-93f6-47b7-8ac0-70546dac329d ed908715294d4a8c81e6c1379e4a42dd d69562675b6948ceb78b32d4447398a6 - - default default] Successfully bumped revision number for resource 24921043-7ad9-4b33-abfb-c28ed1d08b5a (type: security_group_rules) to 0
2026-05-11 06:42:44.696 10 INFO neutron.db.ovn_revision_numbers_db [None req-0c576414-93f6-47b7-8ac0-70546dac329d ed908715294d4a8c81e6c1379e4a42dd d69562675b6948ceb78b32d4447398a6 - - default default] Successfully bumped revision number for resource 5a10641a-9114-4dbd-89b1-b7a10ed04122 (type: security_group_rules) to 0
2026-05-11 06:42:44.704 10 INFO neutron.wsgi [None req-3ce5bd3d-ab7f-4fbc-b1c9-575f93a5f23d d56c0f9c4fd74d2c9e886431f5ef1e42 d32ead05adad4226b6d807a2eec8d888 - - default default] 10.0.0.176 "GET /v2.0/security-groups/8624a876-0512-4b21-8f7e-658e6c107f11 HTTP/1.1" status: 200 len: 1794 time: 0.0508013
2026-05-11 06:42:44.708 10 INFO neutron.wsgi [req-7918833b-6506-4c0d-9618-eb1b1732bdff req-ee302898-d9bf-4a6f-9d82-45125657e30d e391a16b391d4e14897a71f756930757 413a25e93d544d5fb1d6fec251b2e575 - - default default] 10.0.0.137 "GET /v2.0/ports?device_id=64f1674d-e871-427b-9e48-2bd4e283c5e9 HTTP/1.1" status: 200 len: 1170 time: 0.0983770
2026-05-11 06:42:44.715 10 INFO neutron.db.ovn_revision_numbers_db [None req-0c576414-93f6-47b7-8ac0-70546dac329d ed908715294d4a8c81e6c1379e4a42dd d69562675b6948ceb78b32d4447398a6 - - default default] Successfully bumped revision number for resource a328b2b2-9bdb-4b25-b264-c130a3569891 (type: security_group_rules) to 0
2026-05-11 06:42:44.753 10 INFO neutron.wsgi [None req-0c576414-93f6-47b7-8ac0-70546dac329d ed908715294d4a8c81e6c1379e4a42dd d69562675b6948ceb78b32d4447398a6 - - default default] 10.0.0.176 "GET /v2.0/security-groups?tenant_id=d91fc4d585ad4b22937cf61a51f4e9a7&name=default HTTP/1.1" status: 200 len: 2996 time: 0.2710965
2026-05-11 06:42:44.758 10 INFO neutron.services.segments.plugin [-] Segment b8bc43a8-708f-4951-97f6-e6eb3513902e resource provider aggregate not found
2026-05-11 06:42:44.763 10 INFO neutron.services.segments.plugin [-] Segment b8bc43a8-708f-4951-97f6-e6eb3513902e resource provider aggregate not found
2026-05-11 06:42:44.774 10 INFO neutron.services.segments.plugin [-] Segment b8bc43a8-708f-4951-97f6-e6eb3513902e resource provider not found; error: Placement Client Error (4xx): {"errors": [{"status": 404, "title": "Not Found", "detail": "The resource could not be found.\n\n No resource provider with uuid b8bc43a8-708f-4951-97f6-e6eb3513902e found for delete ", "request_id": "req-312aaa2f-16ba-490d-a2ce-cbe2c02d6b59"}]}
2026-05-11 06:42:44.776 10 INFO neutron.services.segments.plugin [-] Segment b8bc43a8-708f-4951-97f6-e6eb3513902e resource provider not found; error: Placement Client Error (4xx): {"errors": [{"status": 404, "title": "Not Found", "detail": "The resource could not be found.\n\n No resource provider with uuid b8bc43a8-708f-4951-97f6-e6eb3513902e found for delete ", "request_id": "req-a1431bef-9e3d-4730-87f2-790b0f751e61"}]}
2026-05-11 06:42:44.780 10 INFO neutron.wsgi [req-7918833b-6506-4c0d-9618-eb1b1732bdff req-d4fd5c2e-861b-4aae-b47a-d0de501327b4 e391a16b391d4e14897a71f756930757 413a25e93d544d5fb1d6fec251b2e575 - - default default] 10.0.0.137 "GET /v2.0/security-groups?id=bbc70312-5194-443e-beaf-16a4475a0b88&fields=id&fields=name HTTP/1.1" status: 200 len: 313 time: 0.0661490
2026-05-11 06:42:44.841 9 INFO neutron.wsgi [None req-1827b20d-7d35-46d1-bcb5-00e7fc10e52c d56c0f9c4fd74d2c9e886431f5ef1e42 d32ead05adad4226b6d807a2eec8d888 - - default default] 10.0.0.176 "DELETE /v2.0/security-groups/8624a876-0512-4b21-8f7e-658e6c107f11 HTTP/1.1" status: 204 len: 168 time: 0.1327310
2026-05-11 06:42:44.881 10 INFO neutron.wsgi [None req-6a84231e-eb21-44fb-9607-8f4742000704 d56c0f9c4fd74d2c9e886431f5ef1e42 d32ead05adad4226b6d807a2eec8d888 - - default default] 10.0.0.176 "GET /v2.0/security-groups HTTP/1.1" status: 200 len: 2996 time: 0.0338924
2026-05-11 06:42:44.901 9 INFO neutron.api.v2.resource [None req-addeab63-92c6-464b-9207-6d3278be16d3 d56c0f9c4fd74d2c9e886431f5ef1e42 d32ead05adad4226b6d807a2eec8d888 - - default default] delete failed (client error): The resource could not be found.
2026-05-11 06:42:44.902 9 INFO neutron.wsgi [None req-addeab63-92c6-464b-9207-6d3278be16d3 d56c0f9c4fd74d2c9e886431f5ef1e42 d32ead05adad4226b6d807a2eec8d888 - - default default] 10.0.0.176 "DELETE /v2.0/security-groups/8624a876-0512-4b21-8f7e-658e6c107f11 HTTP/1.1" status: 404 len: 347 time: 0.0161331
2026-05-11 06:42:44.916 10 WARNING neutron_lib.context [None req-125aca22-d1a5-493b-b8c8-16c3fd91e920 d56c0f9c4fd74d2c9e886431f5ef1e42 d32ead05adad4226b6d807a2eec8d888 - - default default] Method 'is_advsvc' is deprecated since 2023.2 release (neutron-lib 3.8.0) and will be removed once support for the old RBAC API policies will be removed from Neutron. Please use method 'is_service_role' instead.
2026-05-11 06:42:44.957 9 INFO neutron.wsgi [req-7983f0a8-b55b-4488-b0f1-acf83d286149 req-703c364c-07c9-4147-adb9-be210a9c6b8d e391a16b391d4e14897a71f756930757 413a25e93d544d5fb1d6fec251b2e575 - - default default] 10.0.0.137 "GET /v2.0/ports?device_id=64f1674d-e871-427b-9e48-2bd4e283c5e9 HTTP/1.1" status: 200 len: 1170 time: 0.1046803
2026-05-11 06:42:45.016 9 INFO neutron.wsgi [req-7983f0a8-b55b-4488-b0f1-acf83d286149 req-841a2ca7-784b-4dfd-b21a-c81fd6b21283 e391a16b391d4e14897a71f756930757 413a25e93d544d5fb1d6fec251b2e575 - - default default] 10.0.0.137 "GET /v2.0/security-groups?id=bbc70312-5194-443e-beaf-16a4475a0b88&fields=id&fields=name HTTP/1.1" status: 200 len: 313 time: 0.0475893
2026-05-11 06:42:45.026 10 INFO neutron.db.ovn_revision_numbers_db [None req-125aca22-d1a5-493b-b8c8-16c3fd91e920 d56c0f9c4fd74d2c9e886431f5ef1e42 d32ead05adad4226b6d807a2eec8d888 - - default default] Successfully bumped revision number for resource f5b17baa-6ecd-4511-a9fc-c7f7e75a93e2 (type: security_groups) to 1
2026-05-11 06:42:45.040 9 INFO neutron.wsgi [None req-b39c81d1-3d80-4c50-a048-1a47c615240c ed908715294d4a8c81e6c1379e4a42dd d69562675b6948ceb78b32d4447398a6 - - default default] 10.0.0.176 "DELETE /v2.0/security-groups/f5e1e329-07db-4f5a-a431-7f5e38dabe91 HTTP/1.1" status: 204 len: 168 time: 0.2791393
2026-05-11 06:42:45.045 10 INFO neutron.db.ovn_revision_numbers_db [None req-125aca22-d1a5-493b-b8c8-16c3fd91e920 d56c0f9c4fd74d2c9e886431f5ef1e42 d32ead05adad4226b6d807a2eec8d888 - - default default] Successfully bumped revision number for resource 9abe271d-0837-47bf-9eb2-06ff92d5d262 (type: security_group_rules) to 0
2026-05-11 06:42:45.060 10 INFO neutron.db.ovn_revision_numbers_db [None req-125aca22-d1a5-493b-b8c8-16c3fd91e920 d56c0f9c4fd74d2c9e886431f5ef1e42 d32ead05adad4226b6d807a2eec8d888 - - default default] Successfully bumped revision number for resource ff16f1be-0c1b-498f-adcc-01f9deb4536d (type: security_group_rules) to 0
2026-05-11 06:42:45.079 10 INFO neutron.wsgi [None req-125aca22-d1a5-493b-b8c8-16c3fd91e920 d56c0f9c4fd74d2c9e886431f5ef1e42 d32ead05adad4226b6d807a2eec8d888 - - default default] 10.0.0.176 "POST /v2.0/security-groups HTTP/1.1" status: 201 len: 1760 time: 0.1703615
2026-05-11 06:42:45.087 10 WARNING neutron_lib.context [None req-042a8a96-099b-4905-a0ba-47c16b1e1031 d56c0f9c4fd74d2c9e886431f5ef1e42 d32ead05adad4226b6d807a2eec8d888 - - default default] Method 'is_advsvc' is deprecated since 2023.2 release (neutron-lib 3.8.0) and will be removed once support for the old RBAC API policies will be removed from Neutron. Please use method 'is_service_role' instead.
2026-05-11 06:42:45.218 10 INFO neutron.db.ovn_revision_numbers_db [None req-042a8a96-099b-4905-a0ba-47c16b1e1031 d56c0f9c4fd74d2c9e886431f5ef1e42 d32ead05adad4226b6d807a2eec8d888 - - default default] Successfully bumped revision number for resource ff1ab2d7-07c0-4875-b6fa-6a497759a39c (type: security_group_rules) to 0
2026-05-11 06:42:45.240 10 INFO neutron.wsgi [None req-d2348d04-d500-446c-940c-ecfd7f442ba2 ed908715294d4a8c81e6c1379e4a42dd d69562675b6948ceb78b32d4447398a6 - - default default] 10.0.0.176 "GET /v2.0/security-groups?tenant_id=709dd6e6e3a24d2ab5cecfa91aed0f14&name=default HTTP/1.1" status: 200 len: 2996 time: 0.0372536
2026-05-11 06:42:45.243 10 INFO neutron.wsgi [None req-042a8a96-099b-4905-a0ba-47c16b1e1031 d56c0f9c4fd74d2c9e886431f5ef1e42 d32ead05adad4226b6d807a2eec8d888 - - default default] 10.0.0.176 "POST /v2.0/security-group-rules HTTP/1.1" status: 201 len: 768 time: 0.1589262
2026-05-11 06:42:45.292 9 INFO neutron.wsgi [None req-e03913e7-2130-44c0-9acd-9c8e27ff10ff d56c0f9c4fd74d2c9e886431f5ef1e42 d32ead05adad4226b6d807a2eec8d888 - - default default] 10.0.0.176 "GET /v2.0/security-group-rules/ff1ab2d7-07c0-4875-b6fa-6a497759a39c HTTP/1.1" status: 200 len: 763 time: 0.0428090
2026-05-11 06:42:45.352 9 INFO neutron.wsgi [req-0ae97d52-6912-4279-91dd-a0efedc0ed19 req-31e69aeb-77d1-4020-b353-aaaac90a8a80 e391a16b391d4e14897a71f756930757 413a25e93d544d5fb1d6fec251b2e575 - - default default] 10.0.0.137 "GET /v2.0/ports?device_id=64f1674d-e871-427b-9e48-2bd4e283c5e9 HTTP/1.1" status: 200 len: 1170 time: 0.0377169
2026-05-11 06:42:45.368 10 INFO neutron.wsgi [None req-b23465c9-390a-49ea-9ee1-3f9c2c2276d0 d56c0f9c4fd74d2c9e886431f5ef1e42 d32ead05adad4226b6d807a2eec8d888 - - default default] 10.0.0.176 "GET /v2.0/security-group-rules HTTP/1.1" status: 200 len: 4113 time: 0.0715640
2026-05-11 06:42:45.396 9 INFO neutron.wsgi [req-e0d50d74-0fb4-4eeb-bd55-7d93fee27190 req-f917e2f4-fc9a-4409-b181-f4855f5a2efc 25baa6b53e1c49cd87e08a494459c120 01b417b577a04733a90891cb685be87a - - 11380852745b418999a0f1b4f5acfdc9 11380852745b418999a0f1b4f5acfdc9] 199.204.45.78 "GET /v2.0/ports?tenant_id=413a25e93d544d5fb1d6fec251b2e575&device_id=64f1674d-e871-427b-9e48-2bd4e283c5e9 HTTP/1.1" status: 200 len: 1409 time: 0.0394661
2026-05-11 06:42:45.419 9 INFO neutron.wsgi [req-0ae97d52-6912-4279-91dd-a0efedc0ed19 req-db755fdd-3ebd-4b23-b36a-19cfdf7a177a e391a16b391d4e14897a71f756930757 413a25e93d544d5fb1d6fec251b2e575 - - default default] 10.0.0.137 "GET /v2.0/security-groups?id=bbc70312-5194-443e-beaf-16a4475a0b88&fields=id&fields=name HTTP/1.1" status: 200 len: 313 time: 0.0625522
2026-05-11 06:42:45.457 9 INFO neutron.wsgi [req-e0d50d74-0fb4-4eeb-bd55-7d93fee27190 req-210be17e-3ba5-4968-8150-f53e902e1bc7 25baa6b53e1c49cd87e08a494459c120 01b417b577a04733a90891cb685be87a - - 11380852745b418999a0f1b4f5acfdc9 11380852745b418999a0f1b4f5acfdc9] 199.204.45.78 "GET /v2.0/networks?id=ace11962-90b0-41ff-8f4a-48904ee0bdc1 HTTP/1.1" status: 200 len: 973 time: 0.0557876
2026-05-11 06:42:45.487 10 INFO neutron.wsgi [None req-aa62cd12-6151-425d-a6b2-7a89d4f1eb43 ed908715294d4a8c81e6c1379e4a42dd d69562675b6948ceb78b32d4447398a6 - - default default] 10.0.0.176 "DELETE /v2.0/security-groups/4e52dbcb-4ab5-4501-95c1-b293c9fc3c3b HTTP/1.1" status: 204 len: 168 time: 0.2419524
2026-05-11 06:42:45.500 9 INFO neutron.wsgi [req-e0d50d74-0fb4-4eeb-bd55-7d93fee27190 req-1ea69731-18d2-4f00-9272-87da42517dbc 25baa6b53e1c49cd87e08a494459c120 01b417b577a04733a90891cb685be87a - - 11380852745b418999a0f1b4f5acfdc9 11380852745b418999a0f1b4f5acfdc9] 199.204.45.78 "GET /v2.0/floatingips?fixed_ip_address=10.100.0.3&port_id=614717c0-568e-4f66-8e0c-d277dfec1adb HTTP/1.1" status: 200 len: 1059 time: 0.0364583
2026-05-11 06:42:45.503 10 INFO neutron.wsgi [None req-650f4c43-5079-4004-b5f8-cfb78af74b07 d56c0f9c4fd74d2c9e886431f5ef1e42 d32ead05adad4226b6d807a2eec8d888 - - default default] 10.0.0.176 "DELETE /v2.0/security-group-rules/ff1ab2d7-07c0-4875-b6fa-6a497759a39c HTTP/1.1" status: 204 len: 168 time: 0.1310415
2026-05-11 06:42:45.529 9 INFO neutron.wsgi [req-e0d50d74-0fb4-4eeb-bd55-7d93fee27190 req-1fa0dc5b-3ded-4ec9-839b-08b5bffd1cdd 25baa6b53e1c49cd87e08a494459c120 01b417b577a04733a90891cb685be87a - - 11380852745b418999a0f1b4f5acfdc9 11380852745b418999a0f1b4f5acfdc9] 199.204.45.78 "GET /v2.0/subnets?id=0b57a0a4-6d13-4ed6-960f-17dc9dc1698c HTTP/1.1" status: 200 len: 868 time: 0.0245996
2026-05-11 06:42:45.563 10 INFO neutron.wsgi [None req-1a310274-2abe-4178-89cb-ba788f03af54 d56c0f9c4fd74d2c9e886431f5ef1e42 d32ead05adad4226b6d807a2eec8d888 - - default default] 10.0.0.176 "GET /v2.0/security-group-rules HTTP/1.1" status: 200 len: 3567 time: 0.0554800
2026-05-11 06:42:45.570 9 INFO neutron.wsgi [req-e0d50d74-0fb4-4eeb-bd55-7d93fee27190 req-6066b86e-2b83-4ad7-9b7c-349543b1aa53 25baa6b53e1c49cd87e08a494459c120 01b417b577a04733a90891cb685be87a - - 11380852745b418999a0f1b4f5acfdc9 11380852745b418999a0f1b4f5acfdc9] 199.204.45.78 "GET /v2.0/ports?network_id=ace11962-90b0-41ff-8f4a-48904ee0bdc1&device_owner=network%3Adhcp HTTP/1.1" status: 200 len: 210 time: 0.0245504
2026-05-11 06:42:45.572 10 WARNING neutron_lib.context [None req-45628e10-0526-4738-b709-5728c28d521b d56c0f9c4fd74d2c9e886431f5ef1e42 d32ead05adad4226b6d807a2eec8d888 - - default default] Method 'is_advsvc' is deprecated since 2023.2 release (neutron-lib 3.8.0) and will be removed once support for the old RBAC API policies will be removed from Neutron. Please use method 'is_service_role' instead.
2026-05-11 06:42:45.646 9 INFO neutron.wsgi [req-e0d50d74-0fb4-4eeb-bd55-7d93fee27190 req-93429e20-bfdd-45f2-b134-a23118c1e252 25baa6b53e1c49cd87e08a494459c120 01b417b577a04733a90891cb685be87a - - 11380852745b418999a0f1b4f5acfdc9 11380852745b418999a0f1b4f5acfdc9] 199.204.45.78 "GET /v2.0/networks/ace11962-90b0-41ff-8f4a-48904ee0bdc1?fields=segments HTTP/1.1" status: 200 len: 212 time: 0.0727508
2026-05-11 06:42:45.703 10 INFO neutron.db.ovn_revision_numbers_db [None req-45628e10-0526-4738-b709-5728c28d521b d56c0f9c4fd74d2c9e886431f5ef1e42 d32ead05adad4226b6d807a2eec8d888 - - default default] Successfully bumped revision number for resource e6cd242e-f6d6-4762-8ea7-fee995485317 (type: security_group_rules) to 0
2026-05-11 06:42:45.715 9 INFO neutron.wsgi [req-e0d50d74-0fb4-4eeb-bd55-7d93fee27190 req-3ec01b9f-9f0b-496e-891e-f00a09491292 25baa6b53e1c49cd87e08a494459c120 01b417b577a04733a90891cb685be87a - - 11380852745b418999a0f1b4f5acfdc9 11380852745b418999a0f1b4f5acfdc9] 199.204.45.78 "GET /v2.0/networks/ace11962-90b0-41ff-8f4a-48904ee0bdc1?fields=provider%3Aphysical_network&fields=provider%3Anetwork_type HTTP/1.1" status: 200 len: 277 time: 0.0644448
2026-05-11 06:42:45.727 10 INFO neutron.wsgi [None req-45628e10-0526-4738-b709-5728c28d521b d56c0f9c4fd74d2c9e886431f5ef1e42 d32ead05adad4226b6d807a2eec8d888 - - default default] 10.0.0.176 "POST /v2.0/security-group-rules HTTP/1.1" status: 201 len: 768 time: 0.1591370
2026-05-11 06:42:45.749 10 INFO neutron.wsgi [None req-2e8bb14f-e967-44bc-ab44-c4d14c1669ca d56c0f9c4fd74d2c9e886431f5ef1e42 d32ead05adad4226b6d807a2eec8d888 - - default default] 10.0.0.176 "GET /v2.0/security-group-rules/e6cd242e-f6d6-4762-8ea7-fee995485317 HTTP/1.1" status: 200 len: 763 time: 0.0167923
2026-05-11 06:42:45.797 10 INFO neutron.wsgi [None req-dbf6d03e-ee8e-40e9-8dc0-4731d271f7b4 d56c0f9c4fd74d2c9e886431f5ef1e42 d32ead05adad4226b6d807a2eec8d888 - - default default] 10.0.0.176 "GET /v2.0/security-group-rules HTTP/1.1" status: 200 len: 4113 time: 0.0425057
2026-05-11 06:42:45.915 10 INFO neutron.wsgi [None req-e8de4be0-9b32-461b-a239-7e131400a01f d56c0f9c4fd74d2c9e886431f5ef1e42 d32ead05adad4226b6d807a2eec8d888 - - default default] 10.0.0.176 "DELETE /v2.0/security-group-rules/e6cd242e-f6d6-4762-8ea7-fee995485317 HTTP/1.1" status: 204 len: 168 time: 0.1135395
2026-05-11 06:42:45.945 10 INFO neutron.plugins.ml2.drivers.ovn.mech_driver.mech_driver [None req-9a9ff5d1-29cb-4687-a6f5-76877596e9b9 - - - - - -] OVN reports status down for port: 614717c0-568e-4f66-8e0c-d277dfec1adb
2026-05-11 06:42:45.972 10 INFO neutron.wsgi [None req-d4230ea6-0f21-42a8-a65f-9e38ac0b7356 d56c0f9c4fd74d2c9e886431f5ef1e42 d32ead05adad4226b6d807a2eec8d888 - - default default] 10.0.0.176 "GET /v2.0/security-group-rules HTTP/1.1" status: 200 len: 3567 time: 0.0519934
2026-05-11 06:42:45.984 9 WARNING neutron_lib.context [None req-17207b2f-1ff9-457a-9a7e-d7ca356a1482 d56c0f9c4fd74d2c9e886431f5ef1e42 d32ead05adad4226b6d807a2eec8d888 - - default default] Method 'is_advsvc' is deprecated since 2023.2 release (neutron-lib 3.8.0) and will be removed once support for the old RBAC API policies will be removed from Neutron. Please use method 'is_service_role' instead.
2026-05-11 06:42:46.004 9 INFO neutron.db.securitygroups_db [None req-17207b2f-1ff9-457a-9a7e-d7ca356a1482 d56c0f9c4fd74d2c9e886431f5ef1e42 d32ead05adad4226b6d807a2eec8d888 - - default default] Project d32ead05adad4226b6d807a2eec8d888 added a security group rule with legacy IPv6 ICMP protocol name icmp, ipv6-icmp should be used instead. It was automatically converted.
2026-05-11 06:42:46.077 10 INFO neutron.notifiers.nova [-] Nova event matching ['req-0142cf9f-5637-4167-8f66-e2cea80d38d0'] response: {'server_uuid': '64f1674d-e871-427b-9e48-2bd4e283c5e9', 'name': 'network-vif-unplugged', 'status': 'completed', 'tag': '614717c0-568e-4f66-8e0c-d277dfec1adb', 'code': 200}
2026-05-11 06:42:46.123 9 INFO neutron.db.ovn_revision_numbers_db [None req-17207b2f-1ff9-457a-9a7e-d7ca356a1482 d56c0f9c4fd74d2c9e886431f5ef1e42 d32ead05adad4226b6d807a2eec8d888 - - default default] Successfully bumped revision number for resource ddf636d2-ef58-44d7-ad52-3718d4073f43 (type: security_group_rules) to 0
2026-05-11 06:42:46.145 9 INFO neutron.wsgi [None req-17207b2f-1ff9-457a-9a7e-d7ca356a1482 d56c0f9c4fd74d2c9e886431f5ef1e42 d32ead05adad4226b6d807a2eec8d888 - - default default] 10.0.0.176 "POST /v2.0/security-group-rules HTTP/1.1" status: 201 len: 774 time: 0.1671557
2026-05-11 06:42:46.164 9 INFO neutron.wsgi [None req-10eca98a-613f-4221-9538-907dabd7e2ee d56c0f9c4fd74d2c9e886431f5ef1e42 d32ead05adad4226b6d807a2eec8d888 - - default default] 10.0.0.176 "GET /v2.0/security-group-rules/ddf636d2-ef58-44d7-ad52-3718d4073f43 HTTP/1.1" status: 200 len: 769 time: 0.0150023
2026-05-11 06:42:46.215 10 INFO neutron.wsgi [None req-0153cda1-1b85-494a-b3b8-0e1fd0c74443 d56c0f9c4fd74d2c9e886431f5ef1e42 d32ead05adad4226b6d807a2eec8d888 - - default default] 10.0.0.176 "GET /v2.0/security-group-rules HTTP/1.1" status: 200 len: 4119 time: 0.0475218
2026-05-11 06:42:46.240 10 INFO neutron.db.ovn_revision_numbers_db [None req-9a9ff5d1-29cb-4687-a6f5-76877596e9b9 - - - - - -] Successfully bumped revision number for resource 614717c0-568e-4f66-8e0c-d277dfec1adb (type: ports) to 5
2026-05-11 06:42:46.361 10 INFO neutron.wsgi [None req-e4914c1c-b830-4612-98ff-9f94de9e2e4d d56c0f9c4fd74d2c9e886431f5ef1e42 d32ead05adad4226b6d807a2eec8d888 - - default default] 10.0.0.176 "DELETE /v2.0/security-group-rules/ddf636d2-ef58-44d7-ad52-3718d4073f43 HTTP/1.1" status: 204 len: 168 time: 0.1409528 /var/lib/openstack/lib/python3.10/site-packages/pycadf/identifier.py:71: UserWarning: Invalid uuid: neutron. To ensure interoperability, identifiers should be a valid uuid. warnings.warn(('Invalid uuid: %s. To ensure interoperability, '
2026-05-11 06:42:46.421 10 INFO neutron.wsgi [None req-cc972be4-3fd6-413d-9531-89aae6d53db6 d56c0f9c4fd74d2c9e886431f5ef1e42 d32ead05adad4226b6d807a2eec8d888 - - default default] 10.0.0.176 "GET /v2.0/security-group-rules HTTP/1.1" status: 200 len: 3567 time: 0.0550690
2026-05-11 06:42:46.536 9 INFO neutron.wsgi [req-53f10eff-edcd-4137-9be8-e33a3fa8b450 req-0fb50e89-1ce0-4203-bf97-218250c4d2e6 e391a16b391d4e14897a71f756930757 413a25e93d544d5fb1d6fec251b2e575 - - default default] 10.0.0.137 "GET /v2.0/ports?device_id=64f1674d-e871-427b-9e48-2bd4e283c5e9 HTTP/1.1" status: 200 len: 1168 time: 0.0424035
2026-05-11 06:42:46.557 10 INFO neutron.plugins.ml2.drivers.ovn.mech_driver.mech_driver [None req-9a9ff5d1-29cb-4687-a6f5-76877596e9b9 - - - - - -] OVN reports status up for port: 614717c0-568e-4f66-8e0c-d277dfec1adb
2026-05-11 06:42:46.574 10 INFO neutron.plugins.ml2.plugin [None req-9a9ff5d1-29cb-4687-a6f5-76877596e9b9 - - - - - -] Attempt 1 to provision port 614717c0-568e-4f66-8e0c-d277dfec1adb
2026-05-11 06:42:46.590 9 INFO neutron.wsgi [req-53f10eff-edcd-4137-9be8-e33a3fa8b450 req-150110e1-9a14-42a4-b5a8-d4d1ac2c77c7 e391a16b391d4e14897a71f756930757 413a25e93d544d5fb1d6fec251b2e575 - - default default] 10.0.0.137 "GET /v2.0/security-groups?id=bbc70312-5194-443e-beaf-16a4475a0b88&fields=id&fields=name HTTP/1.1" status: 200 len: 313 time: 0.0444167
2026-05-11 06:42:46.613 9 INFO neutron.wsgi [None req-6ae428d8-97ee-4db5-820d-8de252442bc1 d56c0f9c4fd74d2c9e886431f5ef1e42 d32ead05adad4226b6d807a2eec8d888 - - default default] 10.0.0.176 "DELETE /v2.0/security-groups/f5b17baa-6ecd-4511-a9fc-c7f7e75a93e2 HTTP/1.1" status: 204 len: 168 time: 0.1848147
2026-05-11 06:42:46.679 10 INFO neutron.wsgi [None req-347db4a4-26c9-46b0-ae8a-23370388b065 d56c0f9c4fd74d2c9e886431f5ef1e42 d32ead05adad4226b6d807a2eec8d888 - - default default] 10.0.0.176 "GET /v2.0/security-groups HTTP/1.1" status: 200 len: 2996 time: 0.0609033
2026-05-11 06:42:46.732 10 INFO neutron.wsgi [None req-1d38f197-34dc-4e3f-982a-1ac76bbcdc7b d56c0f9c4fd74d2c9e886431f5ef1e42 d32ead05adad4226b6d807a2eec8d888 - - default default] 10.0.0.176 "GET /v2.0/security-groups HTTP/1.1" status: 200 len: 2996 time: 0.0458069
2026-05-11 06:42:46.864 10 INFO neutron.db.ovn_revision_numbers_db [None req-9a9ff5d1-29cb-4687-a6f5-76877596e9b9 - - - - - -] Successfully bumped revision number for resource 614717c0-568e-4f66-8e0c-d277dfec1adb (type: ports) to 6 /var/lib/openstack/lib/python3.10/site-packages/pycadf/identifier.py:71: UserWarning: Invalid uuid: neutron. To ensure interoperability, identifiers should be a valid uuid. warnings.warn(('Invalid uuid: %s. To ensure interoperability, '
2026-05-11 06:42:47.473 10 INFO neutron.wsgi [None req-8b7d7702-eb9e-43ac-8210-eccf2d1974d7 ed908715294d4a8c81e6c1379e4a42dd d69562675b6948ceb78b32d4447398a6 - - default default] 10.0.0.176 "GET /v2.0/security-groups?tenant_id=d32ead05adad4226b6d807a2eec8d888&name=default HTTP/1.1" status: 200 len: 2996 time: 0.2011020
2026-05-11 06:42:47.595 10 INFO neutron.db.ovn_revision_numbers_db [None req-10e05650-1cad-4679-9392-afcba04a2a0f ed908715294d4a8c81e6c1379e4a42dd d69562675b6948ceb78b32d4447398a6 - - default default] Successfully bumped revision number for resource 0c2ab204-b16c-4640-bcb6-520c89d13549 (type: security_groups) to 1
2026-05-11 06:42:47.616 10 INFO neutron.db.ovn_revision_numbers_db [None req-10e05650-1cad-4679-9392-afcba04a2a0f ed908715294d4a8c81e6c1379e4a42dd d69562675b6948ceb78b32d4447398a6 - - default default] Successfully bumped revision number for resource 537d261c-873a-46d3-bb8f-884d7f75f685 (type: security_group_rules) to 0
2026-05-11 06:42:47.633 10 INFO neutron.db.ovn_revision_numbers_db [None req-10e05650-1cad-4679-9392-afcba04a2a0f ed908715294d4a8c81e6c1379e4a42dd d69562675b6948ceb78b32d4447398a6 - - default default] Successfully bumped revision number for resource 58e5d045-f51b-4279-ab0f-73e721bd5769 (type: security_group_rules) to 0
2026-05-11 06:42:47.661 10 INFO neutron.db.ovn_revision_numbers_db [None req-10e05650-1cad-4679-9392-afcba04a2a0f ed908715294d4a8c81e6c1379e4a42dd d69562675b6948ceb78b32d4447398a6 - - default default] Successfully bumped revision number for resource 8fce369a-d1cd-43af-b0c5-fe74a5c965a9 (type: security_group_rules) to 0
2026-05-11 06:42:47.681 10 INFO neutron.db.ovn_revision_numbers_db [None req-10e05650-1cad-4679-9392-afcba04a2a0f ed908715294d4a8c81e6c1379e4a42dd d69562675b6948ceb78b32d4447398a6 - - default default] Successfully bumped revision number for resource a29b1317-6314-4fb7-8769-0e06c47e64e9 (type: security_group_rules) to 0
2026-05-11 06:42:47.727 10 INFO neutron.wsgi [None req-10e05650-1cad-4679-9392-afcba04a2a0f ed908715294d4a8c81e6c1379e4a42dd d69562675b6948ceb78b32d4447398a6 - - default default] 10.0.0.176 "GET /v2.0/security-groups?tenant_id=66cdc9b2efcc4097bf0242d999689184&name=default HTTP/1.1" status: 200 len: 2996 time: 0.3909497
2026-05-11 06:42:47.733 10 INFO neutron.wsgi [req-8e238d08-7511-46f3-8078-0f7ce67fdffd req-9fdc6aae-a7d5-40a4-aaae-39bd7672551d e391a16b391d4e14897a71f756930757 413a25e93d544d5fb1d6fec251b2e575 - - default default] 10.0.0.137 "GET /v2.0/ports?device_id=64f1674d-e871-427b-9e48-2bd4e283c5e9 HTTP/1.1" status: 200 len: 1170 time: 0.0576236
2026-05-11 06:42:47.804 10 INFO neutron.wsgi [req-8e238d08-7511-46f3-8078-0f7ce67fdffd req-80d54c95-0a67-49f7-b4a6-e6196afa9072 e391a16b391d4e14897a71f756930757 413a25e93d544d5fb1d6fec251b2e575 - - default default] 10.0.0.137 "GET /v2.0/security-groups?id=bbc70312-5194-443e-beaf-16a4475a0b88&fields=id&fields=name HTTP/1.1" status: 200 len: 313 time: 0.0648780
2026-05-11 06:42:47.826 9 INFO neutron.wsgi [None req-5c239fe2-4850-4501-b485-2d1780aa11f2 ed908715294d4a8c81e6c1379e4a42dd d69562675b6948ceb78b32d4447398a6 - - default default] 10.0.0.176 "DELETE /v2.0/security-groups/fc56d3f4-a080-4948-b066-d3bec1df3f50 HTTP/1.1" status: 204 len: 168 time: 0.3470709
2026-05-11 06:42:47.965 9 INFO neutron.wsgi [None req-11d1672f-c680-4f70-829c-2670301bac48 ed908715294d4a8c81e6c1379e4a42dd d69562675b6948ceb78b32d4447398a6 - - default default] 10.0.0.176 "DELETE /v2.0/security-groups/0c2ab204-b16c-4640-bcb6-520c89d13549 HTTP/1.1" status: 204 len: 168 time: 0.2317369
2026-05-11 06:42:48.223 10 INFO neutron.notifiers.nova [-] Nova event matching ['req-26eef605-22b3-401e-a2ff-99c9b1ab82d3'] response: {'server_uuid': '64f1674d-e871-427b-9e48-2bd4e283c5e9', 'name': 'network-vif-plugged', 'status': 'completed', 'tag': '614717c0-568e-4f66-8e0c-d277dfec1adb', 'code': 200}
2026-05-11 06:42:48.224 10 INFO neutron.notifiers.nova [-] Nova event matching ['req-26eef605-22b3-401e-a2ff-99c9b1ab82d3'] response: {'server_uuid': '64f1674d-e871-427b-9e48-2bd4e283c5e9', 'name': 'network-vif-plugged', 'status': 'completed', 'tag': '614717c0-568e-4f66-8e0c-d277dfec1adb', 'code': 200}
2026-05-11 06:42:48.224 10 INFO neutron.notifiers.nova [-] Nova event matching ['req-26eef605-22b3-401e-a2ff-99c9b1ab82d3'] response: {'server_uuid': '64f1674d-e871-427b-9e48-2bd4e283c5e9', 'name': 'network-vif-plugged', 'status': 'completed', 'tag': '614717c0-568e-4f66-8e0c-d277dfec1adb', 'code': 200}
2026-05-11 06:42:48.352 9 INFO neutron.db.ovn_revision_numbers_db [None req-46e653cc-2402-4076-a405-5fd30d4f6e05 ed908715294d4a8c81e6c1379e4a42dd d69562675b6948ceb78b32d4447398a6 - - default default] Successfully bumped revision number for resource 61a9ed5f-4da0-4573-8742-4ee3f2f65549 (type: security_groups) to 1
2026-05-11 06:42:48.364 9 INFO neutron.db.ovn_revision_numbers_db [None req-46e653cc-2402-4076-a405-5fd30d4f6e05 ed908715294d4a8c81e6c1379e4a42dd d69562675b6948ceb78b32d4447398a6 - - default default] Successfully bumped revision number for resource 5794a7af-9122-4739-b8fa-bd5a8c8ca4dc (type: security_group_rules) to 0
2026-05-11 06:42:48.377 9 INFO neutron.db.ovn_revision_numbers_db [None req-46e653cc-2402-4076-a405-5fd30d4f6e05 ed908715294d4a8c81e6c1379e4a42dd d69562675b6948ceb78b32d4447398a6 - - default default] Successfully bumped revision number for resource 622c33aa-bdf7-4362-990b-f5c4860b8d89 (type: security_group_rules) to 0
2026-05-11 06:42:48.389 9 INFO neutron.db.ovn_revision_numbers_db [None req-46e653cc-2402-4076-a405-5fd30d4f6e05 ed908715294d4a8c81e6c1379e4a42dd d69562675b6948ceb78b32d4447398a6 - - default default] Successfully bumped revision number for resource 8d5e42e1-2b64-4be4-acbf-f744c779df1c (type: security_group_rules) to 0
2026-05-11 06:42:48.402 9 INFO neutron.db.ovn_revision_numbers_db [None req-46e653cc-2402-4076-a405-5fd30d4f6e05 ed908715294d4a8c81e6c1379e4a42dd d69562675b6948ceb78b32d4447398a6 - - default default] Successfully bumped revision number for resource bb7bb0bb-f1fd-42d8-b648-31d0a5748ab0 (type: security_group_rules) to 0
2026-05-11 06:42:48.424 9 INFO neutron.wsgi [None req-46e653cc-2402-4076-a405-5fd30d4f6e05 ed908715294d4a8c81e6c1379e4a42dd d69562675b6948ceb78b32d4447398a6 - - default default] 10.0.0.176 "GET /v2.0/security-groups?tenant_id=c1d72402e09543bb8ac8bf66ebe33d7f&name=default HTTP/1.1" status: 200 len: 2996 time: 0.1763604
2026-05-11 06:42:48.665 9 INFO neutron.wsgi [None req-8d69a149-1af0-4e36-a14b-14b4f5a2a88d ed908715294d4a8c81e6c1379e4a42dd d69562675b6948ceb78b32d4447398a6 - - default default] 10.0.0.176 "DELETE /v2.0/security-groups/61a9ed5f-4da0-4573-8742-4ee3f2f65549 HTTP/1.1" status: 204 len: 168 time: 0.2357368
2026-05-11 06:42:50.140 10 INFO neutron.wsgi [-] 10.0.0.162 "GET / HTTP/1.1" status: 200 len: 247 time: 0.0024111
2026-05-11 06:42:50.143 10 INFO neutron.wsgi [-] 10.0.0.162 "GET / HTTP/1.1" status: 200 len: 247 time: 0.0019889
2026-05-11 06:42:50.571 10 INFO neutron.wsgi [None req-ffbba25a-2c03-4fae-bfe4-41cd1ba97630 a12357af0f69422196b4f6db49187bae 1d041de4bd9d43aea70149f465f87148 - - default default] 10.0.0.176 "POST /v2.0/qos/policies HTTP/1.1" status: 201 len: 558 time: 0.2631390
2026-05-11 06:42:50.622 10 INFO neutron.wsgi [None req-7b85ba98-de49-48bc-a85d-f2106f473f72 a12357af0f69422196b4f6db49187bae 1d041de4bd9d43aea70149f465f87148 - - default default] 10.0.0.176 "POST /v2.0/qos/policies HTTP/1.1" status: 201 len: 558 time: 0.0452108
2026-05-11 06:42:50.699 9 INFO neutron.wsgi [None req-c5708528-a138-48eb-a310-35b3c5268742 a12357af0f69422196b4f6db49187bae 1d041de4bd9d43aea70149f465f87148 - - default default] 10.0.0.176 "POST /v2.0/qos/policies HTTP/1.1" status: 201 len: 558 time: 0.0716619
2026-05-11 06:42:50.742 9 INFO neutron.wsgi [None req-49d3acf5-d46c-4bdb-8975-bd15c725b798 a12357af0f69422196b4f6db49187bae 1d041de4bd9d43aea70149f465f87148 - - default default] 10.0.0.176 "POST /v2.0/qos/policies HTTP/1.1" status: 201 len: 558 time: 0.0387070
2026-05-11 06:42:50.786 9 INFO neutron.wsgi [None req-5ab8008a-b38d-4465-9523-8267f611c1df a12357af0f69422196b4f6db49187bae 1d041de4bd9d43aea70149f465f87148 - - default default] 10.0.0.176 "POST /v2.0/qos/policies HTTP/1.1" status: 201 len: 558 time: 0.0389020
2026-05-11 06:42:50.826 9 INFO neutron.wsgi [None req-3f0e2b7d-56b1-4a5d-a567-70d5260a3ed5 a12357af0f69422196b4f6db49187bae 1d041de4bd9d43aea70149f465f87148 - - default default] 10.0.0.176 "PUT /v2.0/policies/48007140-9e81-4ae2-b060-6da3c47509af/tags HTTP/1.1" status: 200 len: 210 time: 0.0346150
2026-05-11 06:42:50.859 9 INFO neutron.wsgi [None req-4471554b-2b5c-4b46-8b00-9829be3dc308 a12357af0f69422196b4f6db49187bae 1d041de4bd9d43aea70149f465f87148 - - default default] 10.0.0.176 "PUT /v2.0/policies/5bbd95b3-b2ec-46d5-a18e-ff3987b89052/tags HTTP/1.1" status: 200 len: 218 time: 0.0282006
2026-05-11 06:42:50.905 9 INFO neutron.wsgi [None req-27987b5e-65c6-4f44-9b6d-7f6a46a1e0b6 a12357af0f69422196b4f6db49187bae 1d041de4bd9d43aea70149f465f87148 - - default default] 10.0.0.176 "PUT /v2.0/policies/240926d3-ac19-41d4-b9b6-c71acc1ba43a/tags HTTP/1.1" status: 200 len: 227 time: 0.0406406
2026-05-11 06:42:50.938 9 INFO neutron.wsgi [None req-720b7ffa-4a2f-4cd9-9f82-a9079952b078 a12357af0f69422196b4f6db49187bae 1d041de4bd9d43aea70149f465f87148 - - default default] 10.0.0.176 "PUT /v2.0/policies/a8f1e532-1d86-4639-8692-15a4ea421120/tags HTTP/1.1" status: 200 len: 212 time: 0.0258024
2026-05-11 06:42:51.444 10 INFO neutron.wsgi [None req-02fa3eb9-ad40-4c7e-bfe0-8fd1572879b3 2826d1c2acc24f65a75e2b462a2d0271 6356fa3427e54f998719c2de61d45a51 - - default default] 10.0.0.176 "GET /v2.0/qos/policies?tags=red HTTP/1.1" status: 200 len: 1296 time: 0.1325181
2026-05-11 06:42:51.516 10 INFO neutron.wsgi [None req-3f9f9f86-4342-456a-9379-834dfbb4bb62 2826d1c2acc24f65a75e2b462a2d0271 6356fa3427e54f998719c2de61d45a51 - - default default] 10.0.0.176 "GET /v2.0/qos/policies?tags=red%2Cblue HTTP/1.1" status: 200 len: 941 time: 0.0663519
2026-05-11 06:42:51.579 10 INFO neutron.wsgi [None req-42648c6d-e718-41f2-a8c0-4a62aebd738b 2826d1c2acc24f65a75e2b462a2d0271 6356fa3427e54f998719c2de61d45a51 - - default default] 10.0.0.176 "GET /v2.0/qos/policies?tags-any=blue HTTP/1.1" status: 200 len: 941 time: 0.0588150
2026-05-11 06:42:51.667 10 INFO neutron.wsgi [None req-30cdddad-290a-4279-8f04-ed498649461b 2826d1c2acc24f65a75e2b462a2d0271 6356fa3427e54f998719c2de61d45a51 - - default default] 10.0.0.176 "GET /v2.0/qos/policies?tags-any=red%2Cblue HTTP/1.1" status: 200 len: 1296 time: 0.0827506
2026-05-11 06:42:51.747 9 INFO neutron.wsgi [None req-d23f64a3-3bed-4cff-ba7e-df3403a61686 2826d1c2acc24f65a75e2b462a2d0271 6356fa3427e54f998719c2de61d45a51 - - default default] 10.0.0.176 "GET /v2.0/qos/policies?not-tags=red HTTP/1.1" status: 200 len: 913 time: 0.0706465
2026-05-11 06:42:51.817 9 INFO neutron.wsgi [None req-c9ab1091-fcab-4cb6-9861-8f053511cd1a 2826d1c2acc24f65a75e2b462a2d0271 6356fa3427e54f998719c2de61d45a51 - - default default] 10.0.0.176 "GET /v2.0/qos/policies?not-tags=red%2Cblue HTTP/1.1" status: 200 len: 1268 time: 0.0661418
2026-05-11 06:42:51.891 9 INFO neutron.wsgi [None req-ae7e37ee-c707-4cd6-9f46-b9a315992023 2826d1c2acc24f65a75e2b462a2d0271 6356fa3427e54f998719c2de61d45a51 - - default default] 10.0.0.176 "GET /v2.0/qos/policies?not-tags-any=blue HTTP/1.1" status: 200 len: 1268 time: 0.0674014
2026-05-11 06:42:51.943 9 INFO neutron.wsgi [None req-f5540bd4-0c35-4124-bef9-1fe4cf48a929 2826d1c2acc24f65a75e2b462a2d0271 6356fa3427e54f998719c2de61d45a51 - - default default] 10.0.0.176 "GET /v2.0/qos/policies?not-tags-any=red%2Cblue HTTP/1.1" status: 200 len: 913 time: 0.0464160
2026-05-11 06:42:52.006 9 INFO neutron.wsgi [None req-939c3739-3e2d-47c9-800c-9a2a0dd99307 a12357af0f69422196b4f6db49187bae 1d041de4bd9d43aea70149f465f87148 - - default default] 10.0.0.176 "DELETE /v2.0/qos/policies/48007140-9e81-4ae2-b060-6da3c47509af HTTP/1.1" status: 204 len: 168 time: 0.0569580
2026-05-11 06:42:52.064 9 INFO neutron.wsgi [None req-5d99f804-0b23-4ea4-827b-ff4213fe88ac a12357af0f69422196b4f6db49187bae 1d041de4bd9d43aea70149f465f87148 - - default default] 10.0.0.176 "DELETE /v2.0/qos/policies/5bbd95b3-b2ec-46d5-a18e-ff3987b89052 HTTP/1.1" status: 204 len: 168 time: 0.0544190
2026-05-11 06:42:52.127 9 INFO neutron.wsgi [None req-5bf8eeff-7dfb-44fa-97c9-40af1df2c156 a12357af0f69422196b4f6db49187bae 1d041de4bd9d43aea70149f465f87148 - - default default] 10.0.0.176 "DELETE /v2.0/qos/policies/240926d3-ac19-41d4-b9b6-c71acc1ba43a HTTP/1.1" status: 204 len: 168 time: 0.0580306
2026-05-11 06:42:52.191 9 INFO neutron.wsgi [None req-a99315eb-e021-4080-8f6f-ef14e9405158 a12357af0f69422196b4f6db49187bae 1d041de4bd9d43aea70149f465f87148 - - default default] 10.0.0.176 "DELETE /v2.0/qos/policies/a8f1e532-1d86-4639-8692-15a4ea421120 HTTP/1.1" status: 204 len: 168 time: 0.0596290
2026-05-11 06:42:52.255 9 INFO neutron.wsgi [None req-bdc3d0d5-ad2c-4ae2-92c4-e839aa699df5 a12357af0f69422196b4f6db49187bae 1d041de4bd9d43aea70149f465f87148 - - default default] 10.0.0.176 "DELETE /v2.0/qos/policies/91b8bf17-a9d4-4659-8094-dcc4b5968bf6 HTTP/1.1" status: 204 len: 168 time: 0.0585515
2026-05-11 06:42:52.670 9 INFO neutron.db.ovn_revision_numbers_db [None req-8c73f84a-e5fc-422c-8414-26372371fe35 ed908715294d4a8c81e6c1379e4a42dd d69562675b6948ceb78b32d4447398a6 - - default default] Successfully bumped revision number for resource 525addb7-17d5-4cb9-9b67-aa9dfc2bf707 (type: security_groups) to 1
2026-05-11 06:42:52.683 9 INFO neutron.db.ovn_revision_numbers_db [None req-8c73f84a-e5fc-422c-8414-26372371fe35 ed908715294d4a8c81e6c1379e4a42dd d69562675b6948ceb78b32d4447398a6 - - default default] Successfully bumped revision number for resource 39b429a0-556a-4e90-a694-58ce283a7268 (type: security_group_rules) to 0
2026-05-11 06:42:52.697 9 INFO neutron.db.ovn_revision_numbers_db [None req-8c73f84a-e5fc-422c-8414-26372371fe35 ed908715294d4a8c81e6c1379e4a42dd d69562675b6948ceb78b32d4447398a6 - - default default] Successfully bumped revision number for resource 74cbac24-7495-4e57-aba7-ae13fe9ed527 (type: security_group_rules) to 0
2026-05-11 06:42:52.711 9 INFO neutron.db.ovn_revision_numbers_db [None req-8c73f84a-e5fc-422c-8414-26372371fe35 ed908715294d4a8c81e6c1379e4a42dd d69562675b6948ceb78b32d4447398a6 - - default default] Successfully bumped revision number for resource b10c85fa-d089-4f7e-ab77-76c6a79ef022 (type: security_group_rules) to 0
2026-05-11 06:42:52.724 9 INFO neutron.db.ovn_revision_numbers_db [None req-8c73f84a-e5fc-422c-8414-26372371fe35 ed908715294d4a8c81e6c1379e4a42dd d69562675b6948ceb78b32d4447398a6 - - default default] Successfully bumped revision number for resource f90a0bf9-1307-4759-a801-b4e820fb4a85 (type: security_group_rules) to 0
