2026-05-11 06:41:27.459 9 INFO neutron.wsgi [req-c77e0bf6-de0f-4f93-b7e1-f48a697ae6f7 req-adb8d85f-0668-4834-bd1b-a7a1c509f474 25baa6b53e1c49cd87e08a494459c120 01b417b577a04733a90891cb685be87a - - 11380852745b418999a0f1b4f5acfdc9 11380852745b418999a0f1b4f5acfdc9] 199.204.45.78 "GET /v2.0/ports?network_id=92785e5d-3ac1-478c-8d17-19a9c7056d8f&device_owner=network%3Adhcp HTTP/1.1" status: 200 len: 210 time: 0.0429153 /var/lib/openstack/lib/python3.10/site-packages/pycadf/identifier.py:71: UserWarning: Invalid uuid: neutron. To ensure interoperability, identifiers should be a valid uuid. warnings.warn(('Invalid uuid: %s. To ensure interoperability, '
2026-05-11 06:41:27.517 9 WARNING neutron.scheduler.dhcp_agent_scheduler [None req-b533ecbe-1db4-49c7-9949-d49c922b7664 ed908715294d4a8c81e6c1379e4a42dd d69562675b6948ceb78b32d4447398a6 - - default default] No more DHCP agents
2026-05-11 06:41:27.521 9 INFO neutron.wsgi [req-f916e7eb-2277-4e4c-9975-1baa55da10e6 req-4414ad7c-33a6-41ec-b91e-42b91cb33863 000e6588461146cdaef26c07bf6638c0 ea531648b5cd493e9f7781279a5e1bff - - default default] 10.0.0.137 "GET /v2.0/security-groups?id=d9f77786-f52e-453b-b62e-97a39ea6403f&fields=id&fields=name HTTP/1.1" status: 200 len: 313 time: 0.0979474
2026-05-11 06:41:27.524 9 WARNING neutron.api.rpc.agentnotifiers.dhcp_rpc_agent_api [None req-b533ecbe-1db4-49c7-9949-d49c922b7664 ed908715294d4a8c81e6c1379e4a42dd d69562675b6948ceb78b32d4447398a6 - - default default] Unable to schedule network 772a9dc1-6d49-4d5b-9ed7-c1814d86a13d: no agents available; will retry on subsequent port and subnet creation events.
2026-05-11 06:41:27.533 10 INFO neutron.wsgi [req-8dea5e48-ec02-4460-9e16-f27ddd5cf30b req-b36d88ea-d335-46bb-aeab-9f2cf4f68d65 25baa6b53e1c49cd87e08a494459c120 01b417b577a04733a90891cb685be87a - - 11380852745b418999a0f1b4f5acfdc9 11380852745b418999a0f1b4f5acfdc9] 199.204.45.78 "GET /v2.0/ports?tenant_id=ea531648b5cd493e9f7781279a5e1bff&device_id=22c360a6-db71-4df9-ad8f-885cd135373f HTTP/1.1" status: 200 len: 1411 time: 0.0633450
2026-05-11 06:41:27.540 10 INFO neutron.wsgi [req-3d690d3e-c29a-4cd6-938f-106a769fdc45 req-8fc2c136-28ae-440e-a206-2de8b2efe4d7 072dfb52eb6b475f8ca0f29b5b9f95d4 3ea00281e5404625a4a9eab9fe0656d7 - - default default] 10.0.0.137 "GET /v2.0/ports?device_id=62d6decf-0760-4974-afc5-e03de6845e94 HTTP/1.1" status: 200 len: 1168 time: 0.0689318
2026-05-11 06:41:27.558 9 INFO neutron.wsgi [req-c77e0bf6-de0f-4f93-b7e1-f48a697ae6f7 req-8491e6ea-281f-42ce-acc4-d5ab0cbb58f9 25baa6b53e1c49cd87e08a494459c120 01b417b577a04733a90891cb685be87a - - 11380852745b418999a0f1b4f5acfdc9 11380852745b418999a0f1b4f5acfdc9] 199.204.45.78 "GET /v2.0/networks/92785e5d-3ac1-478c-8d17-19a9c7056d8f?fields=segments HTTP/1.1" status: 200 len: 212 time: 0.0888309
2026-05-11 06:41:27.575 10 INFO neutron.wsgi [req-8dea5e48-ec02-4460-9e16-f27ddd5cf30b req-aee78e4b-333c-4bd6-b08a-a92dc2aed055 25baa6b53e1c49cd87e08a494459c120 01b417b577a04733a90891cb685be87a - - 11380852745b418999a0f1b4f5acfdc9 11380852745b418999a0f1b4f5acfdc9] 199.204.45.78 "GET /v2.0/floatingips?fixed_ip_address=10.100.0.14&port_id=8e0b9a6d-5a32-45e0-97ba-cd4e2822b396 HTTP/1.1" status: 200 len: 217 time: 0.0347123
2026-05-11 06:41:27.610 10 INFO neutron.wsgi [req-3d690d3e-c29a-4cd6-938f-106a769fdc45 req-926b6202-42ed-4e91-80c8-891af2a4ffb4 072dfb52eb6b475f8ca0f29b5b9f95d4 3ea00281e5404625a4a9eab9fe0656d7 - - default default] 10.0.0.137 "GET /v2.0/security-groups?id=9b8ee073-341e-4d1b-a776-c9b5eedcec52&fields=id&fields=name HTTP/1.1" status: 200 len: 286 time: 0.0653005
2026-05-11 06:41:27.614 10 INFO neutron.wsgi [req-8dea5e48-ec02-4460-9e16-f27ddd5cf30b req-f8f43f06-b587-4878-b594-5e2a390c4838 25baa6b53e1c49cd87e08a494459c120 01b417b577a04733a90891cb685be87a - - 11380852745b418999a0f1b4f5acfdc9 11380852745b418999a0f1b4f5acfdc9] 199.204.45.78 "GET /v2.0/subnets?id=1ab1db87-fc45-4e08-bdf5-5597fa632de2 HTTP/1.1" status: 200 len: 872 time: 0.0339940
2026-05-11 06:41:27.646 9 INFO neutron.wsgi [req-c77e0bf6-de0f-4f93-b7e1-f48a697ae6f7 req-70f362b5-4e58-412a-b990-85acc23352e5 25baa6b53e1c49cd87e08a494459c120 01b417b577a04733a90891cb685be87a - - 11380852745b418999a0f1b4f5acfdc9 11380852745b418999a0f1b4f5acfdc9] 199.204.45.78 "GET /v2.0/networks/92785e5d-3ac1-478c-8d17-19a9c7056d8f?fields=provider%3Aphysical_network&fields=provider%3Anetwork_type HTTP/1.1" status: 200 len: 277 time: 0.0787461
2026-05-11 06:41:27.648 9 INFO neutron.notifiers.nova [-] Nova event matching ['req-751e41b6-7ef6-4c89-abdb-19d5a7f2ce9e'] response: {'name': 'network-changed', 'server_uuid': '62d6decf-0760-4974-afc5-e03de6845e94', 'tag': '4b04ae9f-2831-42bc-b24e-c3482162c0b3', 'status': 'completed', 'code': 200}
2026-05-11 06:41:27.651 10 INFO neutron.wsgi [req-8dea5e48-ec02-4460-9e16-f27ddd5cf30b req-1490935d-5305-41d5-9fc1-1626e1b2ef68 25baa6b53e1c49cd87e08a494459c120 01b417b577a04733a90891cb685be87a - - 11380852745b418999a0f1b4f5acfdc9 11380852745b418999a0f1b4f5acfdc9] 199.204.45.78 "GET /v2.0/ports?network_id=896c2f98-f699-4c04-af26-58fa3334f86b&device_owner=network%3Adhcp HTTP/1.1" status: 200 len: 210 time: 0.0322073
2026-05-11 06:41:27.721 10 INFO neutron.wsgi [req-8dea5e48-ec02-4460-9e16-f27ddd5cf30b req-9f2949d5-6ba1-44d4-9a99-3894bbae842c 25baa6b53e1c49cd87e08a494459c120 01b417b577a04733a90891cb685be87a - - 11380852745b418999a0f1b4f5acfdc9 11380852745b418999a0f1b4f5acfdc9] 199.204.45.78 "GET /v2.0/networks/896c2f98-f699-4c04-af26-58fa3334f86b?fields=segments HTTP/1.1" status: 200 len: 212 time: 0.0652382
2026-05-11 06:41:27.724 9 INFO neutron.wsgi [req-125eb359-070a-46d8-8dbb-f660b80784de req-01e33163-aadb-46cf-bf6a-75997eb12fb7 25baa6b53e1c49cd87e08a494459c120 01b417b577a04733a90891cb685be87a - - 11380852745b418999a0f1b4f5acfdc9 11380852745b418999a0f1b4f5acfdc9] 199.204.45.78 "GET /v2.0/ports?tenant_id=3ea00281e5404625a4a9eab9fe0656d7&device_id=62d6decf-0760-4974-afc5-e03de6845e94 HTTP/1.1" status: 200 len: 1407 time: 0.0343812
2026-05-11 06:41:27.790 10 INFO neutron.wsgi [req-8dea5e48-ec02-4460-9e16-f27ddd5cf30b req-5ba1196f-78e9-4bc8-97e5-a615d6a3217d 25baa6b53e1c49cd87e08a494459c120 01b417b577a04733a90891cb685be87a - - 11380852745b418999a0f1b4f5acfdc9 11380852745b418999a0f1b4f5acfdc9] 199.204.45.78 "GET /v2.0/networks/896c2f98-f699-4c04-af26-58fa3334f86b?fields=provider%3Aphysical_network&fields=provider%3Anetwork_type HTTP/1.1" status: 200 len: 277 time: 0.0567296
2026-05-11 06:41:27.813 9 INFO neutron.wsgi [req-125eb359-070a-46d8-8dbb-f660b80784de req-0263df69-0d08-4f27-ac8b-dba91f5fc4eb 25baa6b53e1c49cd87e08a494459c120 01b417b577a04733a90891cb685be87a - - 11380852745b418999a0f1b4f5acfdc9 11380852745b418999a0f1b4f5acfdc9] 199.204.45.78 "GET /v2.0/networks?id=92785e5d-3ac1-478c-8d17-19a9c7056d8f HTTP/1.1" status: 200 len: 974 time: 0.0829046
2026-05-11 06:41:27.819 10 INFO neutron.notifiers.nova [-] Nova event matching ['req-5c896299-a690-4693-b60c-ba78ad148e3f'] response: {'name': 'network-changed', 'server_uuid': '22c360a6-db71-4df9-ad8f-885cd135373f', 'tag': '8e0b9a6d-5a32-45e0-97ba-cd4e2822b396', 'status': 'completed', 'code': 200}
2026-05-11 06:41:27.846 9 INFO neutron.wsgi [req-125eb359-070a-46d8-8dbb-f660b80784de req-118cdbb7-3582-4b03-8457-6276c747fc98 25baa6b53e1c49cd87e08a494459c120 01b417b577a04733a90891cb685be87a - - 11380852745b418999a0f1b4f5acfdc9 11380852745b418999a0f1b4f5acfdc9] 199.204.45.78 "GET /v2.0/floatingips?fixed_ip_address=10.100.0.5&port_id=4b04ae9f-2831-42bc-b24e-c3482162c0b3 HTTP/1.1" status: 200 len: 217 time: 0.0209713
2026-05-11 06:41:27.882 10 INFO neutron.wsgi [req-7befee92-6d20-4cdd-aebb-66049971e61a req-ef606fa9-f3fb-40fc-9de8-7d4b93b15462 25baa6b53e1c49cd87e08a494459c120 01b417b577a04733a90891cb685be87a - - 11380852745b418999a0f1b4f5acfdc9 11380852745b418999a0f1b4f5acfdc9] 199.204.45.78 "GET /v2.0/ports?tenant_id=ea531648b5cd493e9f7781279a5e1bff&device_id=22c360a6-db71-4df9-ad8f-885cd135373f HTTP/1.1" status: 200 len: 1411 time: 0.0464580
2026-05-11 06:41:27.899 9 INFO neutron.wsgi [req-125eb359-070a-46d8-8dbb-f660b80784de req-c8051936-5c43-4e94-9cb4-14a829483e69 25baa6b53e1c49cd87e08a494459c120 01b417b577a04733a90891cb685be87a - - 11380852745b418999a0f1b4f5acfdc9 11380852745b418999a0f1b4f5acfdc9] 199.204.45.78 "GET /v2.0/subnets?id=7effc17c-52f2-482d-b24d-511485692d43 HTTP/1.1" status: 200 len: 869 time: 0.0473678
2026-05-11 06:41:27.946 10 INFO neutron.wsgi [req-7befee92-6d20-4cdd-aebb-66049971e61a req-79d03a77-2c3f-488d-b358-cdec606ab6b6 25baa6b53e1c49cd87e08a494459c120 01b417b577a04733a90891cb685be87a - - 11380852745b418999a0f1b4f5acfdc9 11380852745b418999a0f1b4f5acfdc9] 199.204.45.78 "GET /v2.0/networks?id=896c2f98-f699-4c04-af26-58fa3334f86b HTTP/1.1" status: 200 len: 977 time: 0.0588593
2026-05-11 06:41:27.981 10 INFO neutron.wsgi [req-7befee92-6d20-4cdd-aebb-66049971e61a req-08e6ef3e-aefa-4f9a-b121-c5712f9cfa61 25baa6b53e1c49cd87e08a494459c120 01b417b577a04733a90891cb685be87a - - 11380852745b418999a0f1b4f5acfdc9 11380852745b418999a0f1b4f5acfdc9] 199.204.45.78 "GET /v2.0/floatingips?fixed_ip_address=10.100.0.14&port_id=8e0b9a6d-5a32-45e0-97ba-cd4e2822b396 HTTP/1.1" status: 200 len: 217 time: 0.0274856
2026-05-11 06:41:28.020 10 INFO neutron.wsgi [req-7befee92-6d20-4cdd-aebb-66049971e61a req-88b850d9-bb4f-43fb-844c-9b37f2525dfa 25baa6b53e1c49cd87e08a494459c120 01b417b577a04733a90891cb685be87a - - 11380852745b418999a0f1b4f5acfdc9 11380852745b418999a0f1b4f5acfdc9] 199.204.45.78 "GET /v2.0/subnets?id=1ab1db87-fc45-4e08-bdf5-5597fa632de2 HTTP/1.1" status: 200 len: 872 time: 0.0281157
2026-05-11 06:41:28.069 10 INFO neutron.wsgi [req-7befee92-6d20-4cdd-aebb-66049971e61a req-5ca24c62-6a0a-439a-8914-8ca83466b397 25baa6b53e1c49cd87e08a494459c120 01b417b577a04733a90891cb685be87a - - 11380852745b418999a0f1b4f5acfdc9 11380852745b418999a0f1b4f5acfdc9] 199.204.45.78 "GET /v2.0/ports?network_id=896c2f98-f699-4c04-af26-58fa3334f86b&device_owner=network%3Adhcp HTTP/1.1" status: 200 len: 210 time: 0.0236740
2026-05-11 06:41:28.086 9 INFO neutron.wsgi [req-125eb359-070a-46d8-8dbb-f660b80784de req-1bcfa50d-ef12-45d5-9d8a-b7ddc4942d0a 25baa6b53e1c49cd87e08a494459c120 01b417b577a04733a90891cb685be87a - - 11380852745b418999a0f1b4f5acfdc9 11380852745b418999a0f1b4f5acfdc9] 199.204.45.78 "GET /v2.0/ports?network_id=92785e5d-3ac1-478c-8d17-19a9c7056d8f&device_owner=network%3Adhcp HTTP/1.1" status: 200 len: 210 time: 0.0261104
2026-05-11 06:41:28.153 10 INFO neutron.wsgi [req-7befee92-6d20-4cdd-aebb-66049971e61a req-c73ca80c-9650-492e-8180-0df98f6bba5d 25baa6b53e1c49cd87e08a494459c120 01b417b577a04733a90891cb685be87a - - 11380852745b418999a0f1b4f5acfdc9 11380852745b418999a0f1b4f5acfdc9] 199.204.45.78 "GET /v2.0/networks/896c2f98-f699-4c04-af26-58fa3334f86b?fields=segments HTTP/1.1" status: 200 len: 212 time: 0.0590041
2026-05-11 06:41:28.178 9 INFO neutron.wsgi [req-125eb359-070a-46d8-8dbb-f660b80784de req-adccb887-e1be-40fc-8f09-6d0d75eb31bc 25baa6b53e1c49cd87e08a494459c120 01b417b577a04733a90891cb685be87a - - 11380852745b418999a0f1b4f5acfdc9 11380852745b418999a0f1b4f5acfdc9] 199.204.45.78 "GET /v2.0/networks/92785e5d-3ac1-478c-8d17-19a9c7056d8f?fields=segments HTTP/1.1" status: 200 len: 212 time: 0.0692277
2026-05-11 06:41:28.218 10 INFO neutron.wsgi [req-7befee92-6d20-4cdd-aebb-66049971e61a req-0d2a5c33-1351-4856-8ac7-e4208d3b608a 25baa6b53e1c49cd87e08a494459c120 01b417b577a04733a90891cb685be87a - - 11380852745b418999a0f1b4f5acfdc9 11380852745b418999a0f1b4f5acfdc9] 199.204.45.78 "GET /v2.0/networks/896c2f98-f699-4c04-af26-58fa3334f86b?fields=provider%3Aphysical_network&fields=provider%3Anetwork_type HTTP/1.1" status: 200 len: 277 time: 0.0560846
2026-05-11 06:41:28.289 9 INFO neutron.wsgi [req-125eb359-070a-46d8-8dbb-f660b80784de req-29ddbde4-f34a-43ca-a9bd-02349e360528 25baa6b53e1c49cd87e08a494459c120 01b417b577a04733a90891cb685be87a - - 11380852745b418999a0f1b4f5acfdc9 11380852745b418999a0f1b4f5acfdc9] 199.204.45.78 "GET /v2.0/networks/92785e5d-3ac1-478c-8d17-19a9c7056d8f?fields=provider%3Aphysical_network&fields=provider%3Anetwork_type HTTP/1.1" status: 200 len: 277 time: 0.0969925
2026-05-11 06:41:28.318 9 INFO neutron.db.ovn_revision_numbers_db [None req-b533ecbe-1db4-49c7-9949-d49c922b7664 ed908715294d4a8c81e6c1379e4a42dd d69562675b6948ceb78b32d4447398a6 - - default default] Successfully bumped revision number for resource 7ba5e987-0597-41dd-894d-dbfce751e2ff (type: ports) to 2
2026-05-11 06:41:28.358 9 INFO neutron.db.ovn_revision_numbers_db [None req-b533ecbe-1db4-49c7-9949-d49c922b7664 ed908715294d4a8c81e6c1379e4a42dd d69562675b6948ceb78b32d4447398a6 - - default default] Successfully bumped revision number for resource 0bbb2d18-8ccf-461b-be2a-ce03972da357 (type: subnets) to 0
2026-05-11 06:41:28.374 9 INFO neutron.wsgi [None req-b533ecbe-1db4-49c7-9949-d49c922b7664 ed908715294d4a8c81e6c1379e4a42dd d69562675b6948ceb78b32d4447398a6 - - default default] 10.0.0.176 "POST /v2.0/subnets HTTP/1.1" status: 201 len: 874 time: 1.1826718
2026-05-11 06:41:28.654 9 INFO neutron.wsgi [req-3a188bd6-810e-40aa-a71a-bdb27f7c6ee5 req-843ab90b-de79-4aed-ada5-0a0b1f69c1ce 000e6588461146cdaef26c07bf6638c0 ea531648b5cd493e9f7781279a5e1bff - - default default] 10.0.0.137 "GET /v2.0/ports?device_id=22c360a6-db71-4df9-ad8f-885cd135373f HTTP/1.1" status: 200 len: 1172 time: 0.0503979
2026-05-11 06:41:28.714 9 INFO neutron.wsgi [req-3a188bd6-810e-40aa-a71a-bdb27f7c6ee5 req-a7265fa2-441b-4d67-8f49-4c482a277958 000e6588461146cdaef26c07bf6638c0 ea531648b5cd493e9f7781279a5e1bff - - default default] 10.0.0.137 "GET /v2.0/security-groups?id=d9f77786-f52e-453b-b62e-97a39ea6403f&fields=id&fields=name HTTP/1.1" status: 200 len: 313 time: 0.0521171
2026-05-11 06:41:28.753 10 INFO neutron.wsgi [req-321732b8-3dbb-4f27-a9ac-7c1e5c3e9c5d req-c0c5ede3-5f2e-4146-862c-1c6b67e0d9ba 072dfb52eb6b475f8ca0f29b5b9f95d4 3ea00281e5404625a4a9eab9fe0656d7 - - default default] 10.0.0.137 "GET /v2.0/ports?device_id=62d6decf-0760-4974-afc5-e03de6845e94 HTTP/1.1" status: 200 len: 1168 time: 0.0795119
2026-05-11 06:41:28.815 10 INFO neutron.wsgi [req-321732b8-3dbb-4f27-a9ac-7c1e5c3e9c5d req-74dc91b6-7b7e-4253-80e2-6de358d37210 072dfb52eb6b475f8ca0f29b5b9f95d4 3ea00281e5404625a4a9eab9fe0656d7 - - default default] 10.0.0.137 "GET /v2.0/security-groups?id=9b8ee073-341e-4d1b-a776-c9b5eedcec52&fields=id&fields=name HTTP/1.1" status: 200 len: 286 time: 0.0431969
2026-05-11 06:41:28.873 9 WARNING neutron.scheduler.dhcp_agent_scheduler [None req-dd1e8e55-1d2a-4c33-bf68-9db6b6c8489a ed908715294d4a8c81e6c1379e4a42dd d69562675b6948ceb78b32d4447398a6 - - default default] No more DHCP agents
2026-05-11 06:41:28.877 9 WARNING neutron.api.rpc.agentnotifiers.dhcp_rpc_agent_api [None req-dd1e8e55-1d2a-4c33-bf68-9db6b6c8489a ed908715294d4a8c81e6c1379e4a42dd d69562675b6948ceb78b32d4447398a6 - - default default] Unable to schedule network b60092eb-297c-4390-8bb9-7ebd6553f877: no agents available; will retry on subsequent port and subnet creation events.
2026-05-11 06:41:29.033 9 INFO neutron.db.ovn_revision_numbers_db [None req-dd1e8e55-1d2a-4c33-bf68-9db6b6c8489a ed908715294d4a8c81e6c1379e4a42dd d69562675b6948ceb78b32d4447398a6 - - default default] Successfully bumped revision number for resource 23fc89df-d0f5-4d6e-a186-530ddd2b0e1c (type: ports) to 1
2026-05-11 06:41:29.630 9 INFO neutron.plugins.ml2.drivers.ovn.mech_driver.ovsdb.ovsdb_monitor [None req-9619f5ec-cc94-4f0f-87d8-66c5c49179c3 - - - - - -] Router 165b3eb2-71d0-4c5d-a9e3-39fd504ad8b8 is bound to host instance
2026-05-11 06:41:29.680 9 INFO neutron.db.ovn_revision_numbers_db [None req-dd1e8e55-1d2a-4c33-bf68-9db6b6c8489a ed908715294d4a8c81e6c1379e4a42dd d69562675b6948ceb78b32d4447398a6 - - default default] Successfully bumped revision number for resource 23fc89df-d0f5-4d6e-a186-530ddd2b0e1c (type: router_ports) to 1
2026-05-11 06:41:29.730 10 INFO neutron.db.ovn_revision_numbers_db [None req-9dfc890b-79c8-471d-bc56-dbf90769a82c ed908715294d4a8c81e6c1379e4a42dd d69562675b6948ceb78b32d4447398a6 - - default default] Successfully bumped revision number for resource 241751f1-2a6c-479a-8fc3-3f2e24931cf8 (type: security_groups) to 1
2026-05-11 06:41:29.756 10 INFO neutron.db.ovn_revision_numbers_db [None req-9dfc890b-79c8-471d-bc56-dbf90769a82c ed908715294d4a8c81e6c1379e4a42dd d69562675b6948ceb78b32d4447398a6 - - default default] Successfully bumped revision number for resource 37804410-f65c-42cc-95bb-12111047bda8 (type: security_group_rules) to 0
2026-05-11 06:41:29.776 10 INFO neutron.db.ovn_revision_numbers_db [None req-9dfc890b-79c8-471d-bc56-dbf90769a82c ed908715294d4a8c81e6c1379e4a42dd d69562675b6948ceb78b32d4447398a6 - - default default] Successfully bumped revision number for resource 536ee2d7-11cd-4d6d-baa6-f2250d4805c0 (type: security_group_rules) to 0
2026-05-11 06:41:29.790 10 INFO neutron.db.ovn_revision_numbers_db [None req-9dfc890b-79c8-471d-bc56-dbf90769a82c ed908715294d4a8c81e6c1379e4a42dd d69562675b6948ceb78b32d4447398a6 - - default default] Successfully bumped revision number for resource 6a66d6e4-e003-4475-9a3e-a8aa1f524f90 (type: security_group_rules) to 0
2026-05-11 06:41:29.805 10 INFO neutron.db.ovn_revision_numbers_db [None req-9dfc890b-79c8-471d-bc56-dbf90769a82c ed908715294d4a8c81e6c1379e4a42dd d69562675b6948ceb78b32d4447398a6 - - default default] Successfully bumped revision number for resource d55737c3-e0ff-4562-88da-063e263eb5cc (type: security_group_rules) to 0
2026-05-11 06:41:29.813 9 INFO neutron.db.ovn_revision_numbers_db [None req-dd1e8e55-1d2a-4c33-bf68-9db6b6c8489a ed908715294d4a8c81e6c1379e4a42dd d69562675b6948ceb78b32d4447398a6 - - default default] Successfully bumped revision number for resource 165b3eb2-71d0-4c5d-a9e3-39fd504ad8b8 (type: routers) to 2
2026-05-11 06:41:29.835 10 INFO neutron.wsgi [None req-9dfc890b-79c8-471d-bc56-dbf90769a82c ed908715294d4a8c81e6c1379e4a42dd d69562675b6948ceb78b32d4447398a6 - - default default] 10.0.0.176 "GET /v2.0/security-groups?tenant_id=dcf867dff1584937bf9b9e3116a1fe7e&name=default HTTP/1.1" status: 200 len: 2996 time: 0.4040318
2026-05-11 06:41:29.847 9 INFO neutron.wsgi [req-e26a14f9-c301-4141-a1ed-e03d7c4a07dd req-c5d0daa7-c7d0-419b-982c-e228f23adef2 000e6588461146cdaef26c07bf6638c0 ea531648b5cd493e9f7781279a5e1bff - - default default] 10.0.0.137 "GET /v2.0/ports?device_id=22c360a6-db71-4df9-ad8f-885cd135373f HTTP/1.1" status: 200 len: 1172 time: 0.0594361
2026-05-11 06:41:29.850 9 INFO neutron.wsgi [None req-dd1e8e55-1d2a-4c33-bf68-9db6b6c8489a ed908715294d4a8c81e6c1379e4a42dd d69562675b6948ceb78b32d4447398a6 - - default default] 10.0.0.176 "POST /v2.0/routers HTTP/1.1" status: 201 len: 885 time: 1.4699051
2026-05-11 06:41:29.895 9 INFO neutron.wsgi [req-e26a14f9-c301-4141-a1ed-e03d7c4a07dd req-b123b7c0-e4f8-401a-80cf-434681250991 000e6588461146cdaef26c07bf6638c0 ea531648b5cd493e9f7781279a5e1bff - - default default] 10.0.0.137 "GET /v2.0/security-groups?id=d9f77786-f52e-453b-b62e-97a39ea6403f&fields=id&fields=name HTTP/1.1" status: 200 len: 313 time: 0.0423179
2026-05-11 06:41:29.958 10 INFO neutron.wsgi [req-68671b97-b1e4-443f-940e-03b577b6a473 req-de2c3f9c-4219-44a0-bcaa-f33fd56b1a44 072dfb52eb6b475f8ca0f29b5b9f95d4 3ea00281e5404625a4a9eab9fe0656d7 - - default default] 10.0.0.137 "GET /v2.0/ports?device_id=62d6decf-0760-4974-afc5-e03de6845e94 HTTP/1.1" status: 200 len: 1168 time: 0.0695226
2026-05-11 06:41:30.048 10 INFO neutron.wsgi [req-68671b97-b1e4-443f-940e-03b577b6a473 req-efbe1040-4176-41f0-b075-4ede70408cec 072dfb52eb6b475f8ca0f29b5b9f95d4 3ea00281e5404625a4a9eab9fe0656d7 - - default default] 10.0.0.137 "GET /v2.0/security-groups?id=9b8ee073-341e-4d1b-a776-c9b5eedcec52&fields=id&fields=name HTTP/1.1" status: 200 len: 286 time: 0.0622280
2026-05-11 06:41:30.256 10 WARNING neutron.plugins.ml2.drivers.ovn.mech_driver.ovsdb.ovn_client [None req-9a9ff5d1-29cb-4687-a6f5-76877596e9b9 - - - - - -] No hosting information found for port d6d4b105-cab0-4db0-a3d6-d02071027673: RuntimeError: No hosting information found for port d6d4b105-cab0-4db0-a3d6-d02071027673
2026-05-11 06:41:30.257 10 INFO neutron.plugins.ml2.drivers.ovn.mech_driver.mech_driver [None req-9a9ff5d1-29cb-4687-a6f5-76877596e9b9 - - - - - -] OVN reports status up for port: 23fc89df-d0f5-4d6e-a186-530ddd2b0e1c
2026-05-11 06:41:30.282 10 INFO neutron.plugins.ml2.plugin [None req-9a9ff5d1-29cb-4687-a6f5-76877596e9b9 - - - - - -] Attempt 1 to provision port 23fc89df-d0f5-4d6e-a186-530ddd2b0e1c
2026-05-11 06:41:30.366 9 INFO neutron.db.ovn_revision_numbers_db [None req-9619f5ec-cc94-4f0f-87d8-66c5c49179c3 - - - - - -] Successfully bumped revision number for resource 23fc89df-d0f5-4d6e-a186-530ddd2b0e1c (type: ports) to 1
2026-05-11 06:41:30.380 10 INFO neutron.wsgi [None req-58871d67-dcca-4d2c-9f90-625d12dbfd69 ed908715294d4a8c81e6c1379e4a42dd d69562675b6948ceb78b32d4447398a6 - - default default] 10.0.0.176 "DELETE /v2.0/security-groups/241751f1-2a6c-479a-8fc3-3f2e24931cf8 HTTP/1.1" status: 204 len: 168 time: 0.5371964
2026-05-11 06:41:30.574 9 INFO neutron.db.ovn_revision_numbers_db [None req-9619f5ec-cc94-4f0f-87d8-66c5c49179c3 - - - - - -] Successfully bumped revision number for resource 23fc89df-d0f5-4d6e-a186-530ddd2b0e1c (type: router_ports) to 3
2026-05-11 06:41:30.577 10 WARNING neutron.scheduler.dhcp_agent_scheduler [None req-2568d285-14c8-4d26-be42-e71dabda4e19 ed908715294d4a8c81e6c1379e4a42dd d69562675b6948ceb78b32d4447398a6 - - default default] No more DHCP agents
2026-05-11 06:41:30.583 10 WARNING neutron.api.rpc.agentnotifiers.dhcp_rpc_agent_api [None req-2568d285-14c8-4d26-be42-e71dabda4e19 ed908715294d4a8c81e6c1379e4a42dd d69562675b6948ceb78b32d4447398a6 - - default default] Unable to schedule network 772a9dc1-6d49-4d5b-9ed7-c1814d86a13d: no agents available; will retry on subsequent port and subnet creation events.
2026-05-11 06:41:30.630 10 INFO neutron.db.ovn_revision_numbers_db [None req-369d15a1-8084-4f4d-9c47-4203ca242987 ed908715294d4a8c81e6c1379e4a42dd d69562675b6948ceb78b32d4447398a6 - - default default] Successfully bumped revision number for resource 3ecadce3-1d85-44b9-b95b-68e317d5290c (type: security_groups) to 1
2026-05-11 06:41:30.651 10 INFO neutron.db.ovn_revision_numbers_db [None req-369d15a1-8084-4f4d-9c47-4203ca242987 ed908715294d4a8c81e6c1379e4a42dd d69562675b6948ceb78b32d4447398a6 - - default default] Successfully bumped revision number for resource 0f9bb398-9611-4ba6-ada9-215855412370 (type: security_group_rules) to 0
2026-05-11 06:41:30.672 10 INFO neutron.db.ovn_revision_numbers_db [None req-369d15a1-8084-4f4d-9c47-4203ca242987 ed908715294d4a8c81e6c1379e4a42dd d69562675b6948ceb78b32d4447398a6 - - default default] Successfully bumped revision number for resource 139cd14b-b353-41cc-89b2-c6bc6812e3ac (type: security_group_rules) to 0
2026-05-11 06:41:30.688 10 INFO neutron.db.ovn_revision_numbers_db [None req-369d15a1-8084-4f4d-9c47-4203ca242987 ed908715294d4a8c81e6c1379e4a42dd d69562675b6948ceb78b32d4447398a6 - - default default] Successfully bumped revision number for resource 4905c9f8-8314-47b8-97f3-5ab76d9180d9 (type: security_group_rules) to 0
2026-05-11 06:41:30.720 10 INFO neutron.db.ovn_revision_numbers_db [None req-369d15a1-8084-4f4d-9c47-4203ca242987 ed908715294d4a8c81e6c1379e4a42dd d69562675b6948ceb78b32d4447398a6 - - default default] Successfully bumped revision number for resource 4db1f027-f493-47ec-a105-5b634818d1e8 (type: security_group_rules) to 0
2026-05-11 06:41:30.720 9 INFO neutron.db.ovn_revision_numbers_db [None req-9619f5ec-cc94-4f0f-87d8-66c5c49179c3 - - - - - -] Successfully bumped revision number for resource 23fc89df-d0f5-4d6e-a186-530ddd2b0e1c (type: ports) to 2
2026-05-11 06:41:30.749 10 INFO neutron.wsgi [None req-369d15a1-8084-4f4d-9c47-4203ca242987 ed908715294d4a8c81e6c1379e4a42dd d69562675b6948ceb78b32d4447398a6 - - default default] 10.0.0.176 "GET /v2.0/security-groups?tenant_id=6c1124efbaf6410fa126475cb1c95182&name=default HTTP/1.1" status: 200 len: 2996 time: 0.2759037
2026-05-11 06:41:30.824 10 INFO neutron.db.ovn_revision_numbers_db [None req-2568d285-14c8-4d26-be42-e71dabda4e19 ed908715294d4a8c81e6c1379e4a42dd d69562675b6948ceb78b32d4447398a6 - - default default] Successfully bumped revision number for resource c3e797db-3e63-46f3-b28b-9f1c4bb55d78 (type: ports) to 1
2026-05-11 06:41:30.948 9 INFO neutron.plugins.ml2.drivers.ovn.mech_driver.mech_driver [None req-b058cca0-9862-4edc-91f3-3bd69de2f577 - - - - - -] OVN reports status up for port: 8e0b9a6d-5a32-45e0-97ba-cd4e2822b396
2026-05-11 06:41:30.957 10 INFO neutron.plugins.ml2.drivers.ovn.mech_driver.mech_driver [None req-9a9ff5d1-29cb-4687-a6f5-76877596e9b9 - - - - - -] OVN reports status up for port: 4b04ae9f-2831-42bc-b24e-c3482162c0b3
2026-05-11 06:41:30.981 10 INFO neutron.plugins.ml2.plugin [None req-9a9ff5d1-29cb-4687-a6f5-76877596e9b9 - - - - - -] Attempt 1 to provision port 4b04ae9f-2831-42bc-b24e-c3482162c0b3
2026-05-11 06:41:30.991 9 INFO neutron.plugins.ml2.plugin [None req-b058cca0-9862-4edc-91f3-3bd69de2f577 - - - - - -] Attempt 1 to provision port 8e0b9a6d-5a32-45e0-97ba-cd4e2822b396
2026-05-11 06:41:31.014 9 INFO neutron.db.ovn_revision_numbers_db [None req-9619f5ec-cc94-4f0f-87d8-66c5c49179c3 - - - - - -] Successfully bumped revision number for resource 23fc89df-d0f5-4d6e-a186-530ddd2b0e1c (type: ports) to 4
2026-05-11 06:41:31.058 9 INFO neutron.wsgi [req-b0516e97-78ac-476b-a946-d0de4da04c55 req-0bd36a89-4cd9-4b9c-96b1-158186d862a5 000e6588461146cdaef26c07bf6638c0 ea531648b5cd493e9f7781279a5e1bff - - default default] 10.0.0.137 "GET /v2.0/ports?device_id=22c360a6-db71-4df9-ad8f-885cd135373f HTTP/1.1" status: 200 len: 1172 time: 0.0786612
2026-05-11 06:41:31.089 10 INFO neutron.wsgi [None req-8ca97fdb-6c64-4921-8f99-a5fc5f758e14 ed908715294d4a8c81e6c1379e4a42dd d69562675b6948ceb78b32d4447398a6 - - default default] 10.0.0.176 "DELETE /v2.0/security-groups/3ecadce3-1d85-44b9-b95b-68e317d5290c HTTP/1.1" status: 204 len: 168 time: 0.3352644
2026-05-11 06:41:31.145 9 INFO neutron.wsgi [req-b0516e97-78ac-476b-a946-d0de4da04c55 req-82ff9dcd-eac0-4a56-b90f-a96c593debe5 000e6588461146cdaef26c07bf6638c0 ea531648b5cd493e9f7781279a5e1bff - - default default] 10.0.0.137 "GET /v2.0/security-groups?id=d9f77786-f52e-453b-b62e-97a39ea6403f&fields=id&fields=name HTTP/1.1" status: 200 len: 313 time: 0.0756242
2026-05-11 06:41:31.183 10 INFO neutron.wsgi [req-5b841576-789e-4ec7-95f0-e1a8cd82bb60 req-016ac1f4-ec11-45ad-8a9c-fb652e5a672a 072dfb52eb6b475f8ca0f29b5b9f95d4 3ea00281e5404625a4a9eab9fe0656d7 - - default default] 10.0.0.137 "GET /v2.0/ports?device_id=62d6decf-0760-4974-afc5-e03de6845e94 HTTP/1.1" status: 200 len: 1170 time: 0.0560465
2026-05-11 06:41:31.189 10 INFO neutron.notifiers.nova [-] Nova event matching ['req-51f272c5-a0f0-4029-b30a-d10711d30210'] response: {'server_uuid': '62d6decf-0760-4974-afc5-e03de6845e94', 'name': 'network-vif-plugged', 'status': 'completed', 'tag': '4b04ae9f-2831-42bc-b24e-c3482162c0b3', 'code': 200}
2026-05-11 06:41:31.216 9 INFO neutron.notifiers.nova [-] Nova event matching ['req-105fac01-9650-46c6-a1af-4117a6c4fa2f'] response: {'server_uuid': '22c360a6-db71-4df9-ad8f-885cd135373f', 'name': 'network-vif-plugged', 'status': 'completed', 'tag': '8e0b9a6d-5a32-45e0-97ba-cd4e2822b396', 'code': 200}
2026-05-11 06:41:31.253 10 INFO neutron.wsgi [req-5b841576-789e-4ec7-95f0-e1a8cd82bb60 req-68ae1e9c-f9ac-43ac-b378-d7354d0762cd 072dfb52eb6b475f8ca0f29b5b9f95d4 3ea00281e5404625a4a9eab9fe0656d7 - - default default] 10.0.0.137 "GET /v2.0/security-groups?id=9b8ee073-341e-4d1b-a776-c9b5eedcec52&fields=id&fields=name HTTP/1.1" status: 200 len: 286 time: 0.0646586
2026-05-11 06:41:31.277 9 INFO neutron.db.ovn_revision_numbers_db [None req-9619f5ec-cc94-4f0f-87d8-66c5c49179c3 - - - - - -] Successfully bumped revision number for resource 23fc89df-d0f5-4d6e-a186-530ddd2b0e1c (type: router_ports) to 4
2026-05-11 06:41:31.390 10 INFO neutron.db.ovn_revision_numbers_db [None req-2568d285-14c8-4d26-be42-e71dabda4e19 ed908715294d4a8c81e6c1379e4a42dd d69562675b6948ceb78b32d4447398a6 - - default default] Successfully bumped revision number for resource c3e797db-3e63-46f3-b28b-9f1c4bb55d78 (type: router_ports) to 1
2026-05-11 06:41:31.398 9 INFO neutron.db.ovn_revision_numbers_db [None req-b058cca0-9862-4edc-91f3-3bd69de2f577 - - - - - -] Successfully bumped revision number for resource 8e0b9a6d-5a32-45e0-97ba-cd4e2822b396 (type: ports) to 4
2026-05-11 06:41:31.404 10 INFO neutron.db.ovn_revision_numbers_db [None req-9a9ff5d1-29cb-4687-a6f5-76877596e9b9 - - - - - -] Successfully bumped revision number for resource 4b04ae9f-2831-42bc-b24e-c3482162c0b3 (type: ports) to 4
2026-05-11 06:41:31.457 10 INFO neutron.plugins.ml2.drivers.ovn.mech_driver.mech_driver [None req-9a9ff5d1-29cb-4687-a6f5-76877596e9b9 - - - - - -] OVN reports status up for port: c3e797db-3e63-46f3-b28b-9f1c4bb55d78
2026-05-11 06:41:31.480 10 INFO neutron.plugins.ml2.plugin [None req-9a9ff5d1-29cb-4687-a6f5-76877596e9b9 - - - - - -] Attempt 1 to provision port c3e797db-3e63-46f3-b28b-9f1c4bb55d78
2026-05-11 06:41:31.605 10 INFO neutron.db.ovn_revision_numbers_db [None req-2568d285-14c8-4d26-be42-e71dabda4e19 ed908715294d4a8c81e6c1379e4a42dd d69562675b6948ceb78b32d4447398a6 - - default default] Successfully bumped revision number for resource c3e797db-3e63-46f3-b28b-9f1c4bb55d78 (type: ports) to 1
2026-05-11 06:41:31.697 10 WARNING neutron.scheduler.dhcp_agent_scheduler [None req-2568d285-14c8-4d26-be42-e71dabda4e19 ed908715294d4a8c81e6c1379e4a42dd d69562675b6948ceb78b32d4447398a6 - - default default] No more DHCP agents
2026-05-11 06:41:31.704 10 WARNING neutron.api.rpc.agentnotifiers.dhcp_rpc_agent_api [None req-2568d285-14c8-4d26-be42-e71dabda4e19 ed908715294d4a8c81e6c1379e4a42dd d69562675b6948ceb78b32d4447398a6 - - default default] Unable to schedule network 772a9dc1-6d49-4d5b-9ed7-c1814d86a13d: no agents available; will retry on subsequent port and subnet creation events.
2026-05-11 06:41:31.854 10 INFO neutron.db.ovn_revision_numbers_db [None req-9a9ff5d1-29cb-4687-a6f5-76877596e9b9 - - - - - -] Successfully bumped revision number for resource c3e797db-3e63-46f3-b28b-9f1c4bb55d78 (type: ports) to 2
2026-05-11 06:41:31.958 10 INFO neutron.db.ovn_revision_numbers_db [None req-9a9ff5d1-29cb-4687-a6f5-76877596e9b9 - - - - - -] Successfully bumped revision number for resource c3e797db-3e63-46f3-b28b-9f1c4bb55d78 (type: router_ports) to 2 /var/lib/openstack/lib/python3.10/site-packages/pycadf/identifier.py:71: UserWarning: Invalid uuid: neutron. To ensure interoperability, identifiers should be a valid uuid. warnings.warn(('Invalid uuid: %s. To ensure interoperability, '
2026-05-11 06:41:32.254 9 INFO neutron.wsgi [req-4ab811dc-5787-41d7-b28b-8eb1ed81017f req-27bfa6c6-9ff5-4754-8b1c-adf32df7ce2b 000e6588461146cdaef26c07bf6638c0 ea531648b5cd493e9f7781279a5e1bff - - default default] 10.0.0.137 "GET /v2.0/ports?device_id=22c360a6-db71-4df9-ad8f-885cd135373f HTTP/1.1" status: 200 len: 1174 time: 0.0349579
2026-05-11 06:41:32.300 9 INFO neutron.wsgi [req-4ab811dc-5787-41d7-b28b-8eb1ed81017f req-a806075a-9da2-4308-9340-4f7c4d813376 000e6588461146cdaef26c07bf6638c0 ea531648b5cd493e9f7781279a5e1bff - - default default] 10.0.0.137 "GET /v2.0/security-groups?id=d9f77786-f52e-453b-b62e-97a39ea6403f&fields=id&fields=name HTTP/1.1" status: 200 len: 313 time: 0.0382116 /var/lib/openstack/lib/python3.10/site-packages/pycadf/identifier.py:71: UserWarning: Invalid uuid: neutron. To ensure interoperability, identifiers should be a valid uuid. warnings.warn(('Invalid uuid: %s. To ensure interoperability, '
2026-05-11 06:41:32.437 10 INFO neutron.wsgi [req-61a4eeed-18a4-4f54-89c3-95218c2815a0 req-c05a5307-70df-44df-bfe6-944c1ef16281 072dfb52eb6b475f8ca0f29b5b9f95d4 3ea00281e5404625a4a9eab9fe0656d7 - - default default] 10.0.0.137 "GET /v2.0/ports?device_id=62d6decf-0760-4974-afc5-e03de6845e94 HTTP/1.1" status: 200 len: 1170 time: 0.0442989
2026-05-11 06:41:32.479 9 INFO neutron.wsgi [req-4ad7ec12-a10c-489a-92dd-77e745bfbbed req-eceb9ab3-28ba-42d5-83e4-f8f9653e81c9 000e6588461146cdaef26c07bf6638c0 ea531648b5cd493e9f7781279a5e1bff - - default default] 10.0.0.137 "GET /v2.0/ports?device_id=22c360a6-db71-4df9-ad8f-885cd135373f HTTP/1.1" status: 200 len: 1174 time: 0.0926347
2026-05-11 06:41:32.486 10 INFO neutron.wsgi [req-61a4eeed-18a4-4f54-89c3-95218c2815a0 req-6ebc13ac-f7f7-40fc-ab76-1ff3138cd992 072dfb52eb6b475f8ca0f29b5b9f95d4 3ea00281e5404625a4a9eab9fe0656d7 - - default default] 10.0.0.137 "GET /v2.0/security-groups?id=9b8ee073-341e-4d1b-a776-c9b5eedcec52&fields=id&fields=name HTTP/1.1" status: 200 len: 286 time: 0.0426910
2026-05-11 06:41:32.558 10 INFO neutron.db.ovn_revision_numbers_db [None req-2568d285-14c8-4d26-be42-e71dabda4e19 ed908715294d4a8c81e6c1379e4a42dd d69562675b6948ceb78b32d4447398a6 - - default default] Successfully bumped revision number for resource c3e797db-3e63-46f3-b28b-9f1c4bb55d78 (type: router_ports) to 2
2026-05-11 06:41:32.561 10 INFO neutron.wsgi [None req-2568d285-14c8-4d26-be42-e71dabda4e19 ed908715294d4a8c81e6c1379e4a42dd d69562675b6948ceb78b32d4447398a6 - - default default] 10.0.0.176 "PUT /v2.0/routers/165b3eb2-71d0-4c5d-a9e3-39fd504ad8b8/add_router_interface HTTP/1.1" status: 200 len: 503 time: 2.7025027
2026-05-11 06:41:32.815 9 INFO neutron.db.l3_db [None req-a7d828ef-21c3-4378-a56b-b247728cdef8 000e6588461146cdaef26c07bf6638c0 ea531648b5cd493e9f7781279a5e1bff - - default default] Floating IP 60b63e1b-37e0-4394-ad60-019c5058eadf associated. External IP: 10.96.250.218, port: 8e0b9a6d-5a32-45e0-97ba-cd4e2822b396.
2026-05-11 06:41:33.134 9 INFO neutron.wsgi [req-a5e72a57-195f-4100-9f0f-5a5ab0f41638 req-70a59382-512b-4f16-a345-f57e74da4138 072dfb52eb6b475f8ca0f29b5b9f95d4 3ea00281e5404625a4a9eab9fe0656d7 - - default default] 10.0.0.137 "GET /v2.0/ports?device_id=62d6decf-0760-4974-afc5-e03de6845e94 HTTP/1.1" status: 200 len: 1170 time: 0.2868843
2026-05-11 06:41:33.178 9 INFO neutron.wsgi [req-a5e72a57-195f-4100-9f0f-5a5ab0f41638 req-5012b057-7cf2-4f8b-91ee-12147493bd98 072dfb52eb6b475f8ca0f29b5b9f95d4 3ea00281e5404625a4a9eab9fe0656d7 - - default default] 10.0.0.137 "GET /v2.0/security-groups?id=9b8ee073-341e-4d1b-a776-c9b5eedcec52&fields=id&fields=name HTTP/1.1" status: 200 len: 286 time: 0.0397155
2026-05-11 06:41:33.224 10 INFO neutron.notifiers.nova [-] Nova event matching ['req-f812daad-2db0-40b4-959e-9c5f33c0af55'] response: {'server_uuid': '62d6decf-0760-4974-afc5-e03de6845e94', 'name': 'network-vif-plugged', 'status': 'completed', 'tag': '4b04ae9f-2831-42bc-b24e-c3482162c0b3', 'code': 200}
2026-05-11 06:41:33.257 9 INFO neutron.notifiers.nova [-] Nova event matching ['req-e4d749f0-dfda-4003-9325-f771c4ed9390'] response: {'server_uuid': '22c360a6-db71-4df9-ad8f-885cd135373f', 'name': 'network-vif-plugged', 'status': 'completed', 'tag': '8e0b9a6d-5a32-45e0-97ba-cd4e2822b396', 'code': 200}
2026-05-11 06:41:33.262 9 INFO neutron.wsgi [req-6ddc5d21-1bff-4d0d-b79d-c248cf8e67b9 req-0ff54961-0a01-4463-85a2-b3c0b371fe7c 072dfb52eb6b475f8ca0f29b5b9f95d4 3ea00281e5404625a4a9eab9fe0656d7 - - default default] 199.204.45.78 "GET /v2.0/ports?device_id=62d6decf-0760-4974-afc5-e03de6845e94 HTTP/1.1" status: 200 len: 1170 time: 0.0641944
2026-05-11 06:41:33.299 9 INFO neutron.db.ovn_revision_numbers_db [None req-a7d828ef-21c3-4378-a56b-b247728cdef8 000e6588461146cdaef26c07bf6638c0 ea531648b5cd493e9f7781279a5e1bff - - default default] Successfully bumped revision number for resource 60b63e1b-37e0-4394-ad60-019c5058eadf (type: floatingips) to 1
2026-05-11 06:41:33.304 10 WARNING neutron_lib.context [None req-f32bab34-cf03-4c38-a1e9-05190f6663ca 328acbb70dd44ee1906238c5128cd92b 36aab99057f64968990b000273b79c31 - - default default] Method 'is_advsvc' is deprecated since 2023.2 release (neutron-lib 3.8.0) and will be removed once support for the old RBAC API policies will be removed from Neutron. Please use method 'is_service_role' instead.
2026-05-11 06:41:33.425 10 INFO neutron.db.ovn_revision_numbers_db [None req-f32bab34-cf03-4c38-a1e9-05190f6663ca 328acbb70dd44ee1906238c5128cd92b 36aab99057f64968990b000273b79c31 - - default default] Successfully bumped revision number for resource df92bc56-46b0-476a-bb24-fd4c4f094200 (type: security_groups) to 1
2026-05-11 06:41:33.440 10 INFO neutron.db.ovn_revision_numbers_db [None req-f32bab34-cf03-4c38-a1e9-05190f6663ca 328acbb70dd44ee1906238c5128cd92b 36aab99057f64968990b000273b79c31 - - default default] Successfully bumped revision number for resource 96dfda87-8532-4989-9afa-c281cbf9ec09 (type: security_group_rules) to 0
2026-05-11 06:41:33.452 10 INFO neutron.db.ovn_revision_numbers_db [None req-f32bab34-cf03-4c38-a1e9-05190f6663ca 328acbb70dd44ee1906238c5128cd92b 36aab99057f64968990b000273b79c31 - - default default] Successfully bumped revision number for resource 988d02f6-e092-4820-9f46-e48607193fff (type: security_group_rules) to 0
2026-05-11 06:41:33.460 9 INFO neutron.db.ovn_revision_numbers_db [None req-a7d828ef-21c3-4378-a56b-b247728cdef8 000e6588461146cdaef26c07bf6638c0 ea531648b5cd493e9f7781279a5e1bff - - default default] Successfully bumped revision number for resource 60b63e1b-37e0-4394-ad60-019c5058eadf (type: floatingips) to 2
2026-05-11 06:41:33.477 10 INFO neutron.wsgi [None req-f32bab34-cf03-4c38-a1e9-05190f6663ca 328acbb70dd44ee1906238c5128cd92b 36aab99057f64968990b000273b79c31 - - default default] 10.0.0.176 "POST /v2.0/security-groups HTTP/1.1" status: 201 len: 1797 time: 0.1802888
2026-05-11 06:41:33.485 10 WARNING neutron_lib.context [None req-5ca99a7f-7a57-4fc4-a9a6-f6ad7f5f85c9 328acbb70dd44ee1906238c5128cd92b 36aab99057f64968990b000273b79c31 - - default default] Method 'is_advsvc' is deprecated since 2023.2 release (neutron-lib 3.8.0) and will be removed once support for the old RBAC API policies will be removed from Neutron. Please use method 'is_service_role' instead.
2026-05-11 06:41:33.507 9 INFO neutron.wsgi [None req-a7d828ef-21c3-4378-a56b-b247728cdef8 000e6588461146cdaef26c07bf6638c0 ea531648b5cd493e9f7781279a5e1bff - - default default] 10.0.0.176 "PUT /v2.0/floatingips/60b63e1b-37e0-4394-ad60-019c5058eadf HTTP/1.1" status: 200 len: 1050 time: 1.0167954
2026-05-11 06:41:33.592 9 INFO neutron.wsgi [req-23b2c36a-c4c7-4987-8f5a-d9d157c111d4 req-476fea87-01df-4dd1-8150-c8a8bd851840 000e6588461146cdaef26c07bf6638c0 ea531648b5cd493e9f7781279a5e1bff - - default default] 10.0.0.137 "GET /v2.0/ports?device_id=22c360a6-db71-4df9-ad8f-885cd135373f HTTP/1.1" status: 200 len: 1174 time: 0.0396855
2026-05-11 06:41:33.619 9 INFO neutron.wsgi [req-6ddc5d21-1bff-4d0d-b79d-c248cf8e67b9 req-370124f5-adc1-43f9-8ecd-a43372c29701 072dfb52eb6b475f8ca0f29b5b9f95d4 3ea00281e5404625a4a9eab9fe0656d7 - - default default] 199.204.45.78 "DELETE /v2.0/ports/4b04ae9f-2831-42bc-b24e-c3482162c0b3 HTTP/1.1" status: 204 len: 173 time: 0.3535006
2026-05-11 06:41:33.638 9 INFO neutron.wsgi [req-23b2c36a-c4c7-4987-8f5a-d9d157c111d4 req-64a48f01-0346-4ddf-b327-c810c4aba052 000e6588461146cdaef26c07bf6638c0 ea531648b5cd493e9f7781279a5e1bff - - default default] 10.0.0.137 "GET /v2.0/security-groups?id=d9f77786-f52e-453b-b62e-97a39ea6403f&fields=id&fields=name HTTP/1.1" status: 200 len: 313 time: 0.0387368
2026-05-11 06:41:33.647 10 INFO neutron.db.ovn_revision_numbers_db [None req-5ca99a7f-7a57-4fc4-a9a6-f6ad7f5f85c9 328acbb70dd44ee1906238c5128cd92b 36aab99057f64968990b000273b79c31 - - default default] Successfully bumped revision number for resource 12a00e56-628d-466a-a2f3-ab9fd59c12b6 (type: security_group_rules) to 0
2026-05-11 06:41:33.682 10 INFO neutron.wsgi [None req-5ca99a7f-7a57-4fc4-a9a6-f6ad7f5f85c9 328acbb70dd44ee1906238c5128cd92b 36aab99057f64968990b000273b79c31 - - default default] 10.0.0.176 "POST /v2.0/security-group-rules HTTP/1.1" status: 201 len: 764 time: 0.2005570
2026-05-11 06:41:33.690 10 WARNING neutron_lib.context [None req-2a5496f0-719c-49e2-b3cc-71f9433aebce 328acbb70dd44ee1906238c5128cd92b 36aab99057f64968990b000273b79c31 - - default default] Method 'is_advsvc' is deprecated since 2023.2 release (neutron-lib 3.8.0) and will be removed once support for the old RBAC API policies will be removed from Neutron. Please use method 'is_service_role' instead.
2026-05-11 06:41:33.842 10 INFO neutron.db.ovn_revision_numbers_db [None req-2a5496f0-719c-49e2-b3cc-71f9433aebce 328acbb70dd44ee1906238c5128cd92b 36aab99057f64968990b000273b79c31 - - default default] Successfully bumped revision number for resource 0255458a-84c0-4d47-9e85-291d466d4e4e (type: security_group_rules) to 0
2026-05-11 06:41:33.867 10 INFO neutron.wsgi [None req-2a5496f0-719c-49e2-b3cc-71f9433aebce 328acbb70dd44ee1906238c5128cd92b 36aab99057f64968990b000273b79c31 - - default default] 10.0.0.176 "POST /v2.0/security-group-rules HTTP/1.1" status: 201 len: 769 time: 0.1807501
2026-05-11 06:41:33.877 10 WARNING neutron_lib.context [None req-732d4409-b1e0-4607-95de-9647007c6486 328acbb70dd44ee1906238c5128cd92b 36aab99057f64968990b000273b79c31 - - default default] Method 'is_advsvc' is deprecated since 2023.2 release (neutron-lib 3.8.0) and will be removed once support for the old RBAC API policies will be removed from Neutron. Please use method 'is_service_role' instead.
2026-05-11 06:41:34.077 9 INFO neutron.plugins.ml2.drivers.ovn.mech_driver.mech_driver [None req-b058cca0-9862-4edc-91f3-3bd69de2f577 - - - - - -] OVN reports status down for port: 8e0b9a6d-5a32-45e0-97ba-cd4e2822b396
2026-05-11 06:41:34.156 10 WARNING neutron.scheduler.dhcp_agent_scheduler [None req-732d4409-b1e0-4607-95de-9647007c6486 328acbb70dd44ee1906238c5128cd92b 36aab99057f64968990b000273b79c31 - - default default] No more DHCP agents
2026-05-11 06:41:34.161 10 WARNING neutron.api.rpc.agentnotifiers.dhcp_rpc_agent_api [None req-732d4409-b1e0-4607-95de-9647007c6486 328acbb70dd44ee1906238c5128cd92b 36aab99057f64968990b000273b79c31 - - default default] Unable to schedule network b60092eb-297c-4390-8bb9-7ebd6553f877: no agents available; will retry on subsequent port and subnet creation events.
2026-05-11 06:41:34.167 10 INFO neutron.wsgi [req-0505a862-31ef-4f73-813d-65de8476cda6 req-1e7fea15-b2df-46a9-b82f-f2a0375902c4 000e6588461146cdaef26c07bf6638c0 ea531648b5cd493e9f7781279a5e1bff - - default default] 10.0.0.137 "GET /v2.0/ports?device_id=22c360a6-db71-4df9-ad8f-885cd135373f HTTP/1.1" status: 200 len: 1174 time: 0.1195564
2026-05-11 06:41:34.262 10 INFO neutron.wsgi [req-0505a862-31ef-4f73-813d-65de8476cda6 req-ef96e037-9225-4210-80a6-a8029a99ed2b 000e6588461146cdaef26c07bf6638c0 ea531648b5cd493e9f7781279a5e1bff - - default default] 10.0.0.137 "GET /v2.0/security-groups?id=d9f77786-f52e-453b-b62e-97a39ea6403f&fields=id&fields=name HTTP/1.1" status: 200 len: 313 time: 0.0851116
2026-05-11 06:41:34.406 9 INFO neutron.wsgi [req-6da67fed-8d3c-4b82-8216-0afc2e6be01d req-0314add2-95eb-47d5-b322-7ce8ff6a19b0 000e6588461146cdaef26c07bf6638c0 ea531648b5cd493e9f7781279a5e1bff - - default default] 199.204.45.78 "GET /v2.0/ports?device_id=22c360a6-db71-4df9-ad8f-885cd135373f HTTP/1.1" status: 200 len: 1172 time: 0.0427468
2026-05-11 06:41:34.413 9 INFO neutron.db.ovn_revision_numbers_db [None req-b058cca0-9862-4edc-91f3-3bd69de2f577 - - - - - -] Successfully bumped revision number for resource 8e0b9a6d-5a32-45e0-97ba-cd4e2822b396 (type: ports) to 5
2026-05-11 06:41:34.615 10 INFO neutron.db.ovn_revision_numbers_db [None req-732d4409-b1e0-4607-95de-9647007c6486 328acbb70dd44ee1906238c5128cd92b 36aab99057f64968990b000273b79c31 - - default default] Successfully bumped revision number for resource 48a2e906-d29e-47d5-977a-cb8a7240ff57 (type: floatingips) to 0
2026-05-11 06:41:34.632 10 INFO neutron.wsgi [None req-732d4409-b1e0-4607-95de-9647007c6486 328acbb70dd44ee1906238c5128cd92b 36aab99057f64968990b000273b79c31 - - default default] 10.0.0.176 "POST /v2.0/floatingips HTTP/1.1" status: 201 len: 751 time: 0.7610302
2026-05-11 06:41:34.746 9 INFO neutron.db.l3_db [req-6da67fed-8d3c-4b82-8216-0afc2e6be01d req-9d5f8275-1ff7-499f-9ea9-a1e5792ac5a1 000e6588461146cdaef26c07bf6638c0 ea531648b5cd493e9f7781279a5e1bff - - default default] Floating IP 60b63e1b-37e0-4394-ad60-019c5058eadf disassociated. External IP: 10.96.250.218, port: 8e0b9a6d-5a32-45e0-97ba-cd4e2822b396.
2026-05-11 06:41:34.940 9 INFO neutron.wsgi [req-6da67fed-8d3c-4b82-8216-0afc2e6be01d req-9d5f8275-1ff7-499f-9ea9-a1e5792ac5a1 000e6588461146cdaef26c07bf6638c0 ea531648b5cd493e9f7781279a5e1bff - - default default] 199.204.45.78 "DELETE /v2.0/ports/8e0b9a6d-5a32-45e0-97ba-cd4e2822b396 HTTP/1.1" status: 204 len: 173 time: 0.5286186 /var/lib/openstack/lib/python3.10/site-packages/pycadf/identifier.py:71: UserWarning: Invalid uuid: neutron. To ensure interoperability, identifiers should be a valid uuid. warnings.warn(('Invalid uuid: %s. To ensure interoperability, '
2026-05-11 06:41:35.117 9 INFO neutron.wsgi [req-44f54a9b-b529-42ca-ac38-bbf7218cefc5 req-cb07f0e4-2972-4eb3-8bc0-71494e6b3a12 328acbb70dd44ee1906238c5128cd92b 36aab99057f64968990b000273b79c31 - - default default] 10.0.0.137 "GET /v2.0/security-groups?name=tempest-securitygroup--1016062339&fields=id&tenant_id=36aab99057f64968990b000273b79c31 HTTP/1.1" status: 200 len: 267 time: 0.0594602
2026-05-11 06:41:35.138 9 INFO neutron.wsgi [-] 10.0.0.162 "GET / HTTP/1.1" status: 200 len: 247 time: 0.0010874
2026-05-11 06:41:35.140 9 INFO neutron.wsgi [-] 10.0.0.162 "GET / HTTP/1.1" status: 200 len: 247 time: 0.0010138
2026-05-11 06:41:35.195 9 INFO neutron.wsgi [req-44f54a9b-b529-42ca-ac38-bbf7218cefc5 req-ef1bfbe9-d91f-4314-808d-3a93aafb3a56 328acbb70dd44ee1906238c5128cd92b 36aab99057f64968990b000273b79c31 - - default default] 10.0.0.137 "GET /v2.0/networks?id=772a9dc1-6d49-4d5b-9ed7-c1814d86a13d HTTP/1.1" status: 200 len: 883 time: 0.0654535
2026-05-11 06:41:35.214 9 INFO neutron.wsgi [req-44f54a9b-b529-42ca-ac38-bbf7218cefc5 req-eb11722c-3115-4a3d-95ae-ce95259e868d 328acbb70dd44ee1906238c5128cd92b 36aab99057f64968990b000273b79c31 - - default default] 10.0.0.137 "GET /v2.0/quotas/36aab99057f64968990b000273b79c31 HTTP/1.1" status: 200 len: 386 time: 0.0107756
2026-05-11 06:41:35.299 9 INFO neutron.notifiers.nova [-] Nova event matching ['req-5993fa9c-73eb-4e73-a27b-bec29cab8e45'] response: {'name': 'network-changed', 'server_uuid': '22c360a6-db71-4df9-ad8f-885cd135373f', 'tag': '8e0b9a6d-5a32-45e0-97ba-cd4e2822b396', 'status': 'completed', 'code': 200}
2026-05-11 06:41:35.300 9 INFO neutron.notifiers.nova [-] Nova event matching ['req-5993fa9c-73eb-4e73-a27b-bec29cab8e45'] response: {'server_uuid': '62d6decf-0760-4974-afc5-e03de6845e94', 'name': 'network-vif-deleted', 'tag': '4b04ae9f-2831-42bc-b24e-c3482162c0b3', 'status': 'completed', 'code': 200}
2026-05-11 06:41:35.300 9 INFO neutron.notifiers.nova [-] Nova event matching ['req-5993fa9c-73eb-4e73-a27b-bec29cab8e45'] response: {'server_uuid': '22c360a6-db71-4df9-ad8f-885cd135373f', 'name': 'network-vif-unplugged', 'status': 'completed', 'tag': '8e0b9a6d-5a32-45e0-97ba-cd4e2822b396', 'code': 200}
2026-05-11 06:41:35.300 9 INFO neutron.notifiers.nova [-] Nova event matching ['req-5993fa9c-73eb-4e73-a27b-bec29cab8e45'] response: {'server_uuid': '22c360a6-db71-4df9-ad8f-885cd135373f', 'name': 'network-vif-plugged', 'status': 'completed', 'tag': '8e0b9a6d-5a32-45e0-97ba-cd4e2822b396', 'code': 200}
2026-05-11 06:41:35.300 9 INFO neutron.notifiers.nova [-] Nova event matching ['req-5993fa9c-73eb-4e73-a27b-bec29cab8e45'] response: {'server_uuid': '22c360a6-db71-4df9-ad8f-885cd135373f', 'name': 'network-vif-deleted', 'tag': '8e0b9a6d-5a32-45e0-97ba-cd4e2822b396', 'status': 'completed', 'code': 200}
2026-05-11 06:41:35.345 9 INFO neutron.wsgi [req-44f54a9b-b529-42ca-ac38-bbf7218cefc5 req-87da246b-5147-4742-814d-a0817dd4d496 328acbb70dd44ee1906238c5128cd92b 36aab99057f64968990b000273b79c31 - - default default] 10.0.0.137 "GET /v2.0/ports?tenant_id=36aab99057f64968990b000273b79c31&fields=id HTTP/1.1" status: 200 len: 302 time: 0.1231287
2026-05-11 06:41:35.346 9 INFO neutron.wsgi [req-fec5be37-15f7-4df9-8f2b-1d903fda573b req-0e87923b-b540-4f0d-abe0-d6d096faa6a0 25baa6b53e1c49cd87e08a494459c120 01b417b577a04733a90891cb685be87a - - 11380852745b418999a0f1b4f5acfdc9 11380852745b418999a0f1b4f5acfdc9] 199.204.45.78 "GET /v2.0/ports?tenant_id=ea531648b5cd493e9f7781279a5e1bff&device_id=22c360a6-db71-4df9-ad8f-885cd135373f HTTP/1.1" status: 200 len: 210 time: 0.0263112
2026-05-11 06:41:35.385 10 INFO neutron.wsgi [req-8e103fca-c5fa-46e1-9898-11ee6bae151d req-f388c556-ed72-423f-a150-8b85f2233d89 000e6588461146cdaef26c07bf6638c0 ea531648b5cd493e9f7781279a5e1bff - - default default] 10.0.0.137 "GET /v2.0/ports?device_id=22c360a6-db71-4df9-ad8f-885cd135373f HTTP/1.1" status: 200 len: 210 time: 0.0248411
2026-05-11 06:41:35.432 9 INFO neutron.wsgi [req-fec5be37-15f7-4df9-8f2b-1d903fda573b req-f16af449-4d01-49b8-a947-9d955b644026 25baa6b53e1c49cd87e08a494459c120 01b417b577a04733a90891cb685be87a - - 11380852745b418999a0f1b4f5acfdc9 11380852745b418999a0f1b4f5acfdc9] 199.204.45.78 "GET /v2.0/networks?tenant_id=ea531648b5cd493e9f7781279a5e1bff&shared=False HTTP/1.1" status: 200 len: 977 time: 0.0799012
2026-05-11 06:41:35.507 9 INFO neutron.wsgi [req-fec5be37-15f7-4df9-8f2b-1d903fda573b req-cd7c5381-a16b-47ed-bf62-6ee070d53090 25baa6b53e1c49cd87e08a494459c120 01b417b577a04733a90891cb685be87a - - 11380852745b418999a0f1b4f5acfdc9 11380852745b418999a0f1b4f5acfdc9] 199.204.45.78 "GET /v2.0/networks?shared=True HTTP/1.1" status: 200 len: 952 time: 0.0690048
2026-05-11 06:41:35.649 10 INFO neutron.db.ovn_revision_numbers_db [None req-39e794be-68a9-4a8e-b1f3-df8066194037 ed908715294d4a8c81e6c1379e4a42dd d69562675b6948ceb78b32d4447398a6 - - default default] Successfully bumped revision number for resource 5f628b4d-66d9-46f0-b0d9-10d55f581e2c (type: security_groups) to 1
2026-05-11 06:41:35.689 10 INFO neutron.wsgi [None req-1ac24063-29b1-4ab0-a73a-bface0832664 ed908715294d4a8c81e6c1379e4a42dd d69562675b6948ceb78b32d4447398a6 - - default default] 10.0.0.176 "PUT /v2.0/routers/dc8be41f-6489-482b-aada-0acf616739b3/remove_router_interface HTTP/1.1" status: 200 len: 503 time: 1.4547653
