Apr 03 02:58:23.696030 np0000163377 nova-scheduler[107319]: DEBUG cotyledon.oslo_config_glue [-] workarounds.disable_deep_image_inspection = False {{(pid=107319) log_opt_values /opt/stack/data/venv/lib/python3.12/site-packages/oslo_config/cfg.py:3006}}
Apr 03 02:58:23.696434 np0000163377 nova-scheduler[107319]: DEBUG cotyledon.oslo_config_glue [-] workarounds.disable_fallback_pcpu_query = False {{(pid=107319) log_opt_values /opt/stack/data/venv/lib/python3.12/site-packages/oslo_config/cfg.py:3006}}
Apr 03 02:58:23.696434 np0000163377 nova-scheduler[107319]: DEBUG cotyledon.oslo_config_glue [-] workarounds.disable_group_policy_check_upcall = False {{(pid=107319) log_opt_values /opt/stack/data/venv/lib/python3.12/site-packages/oslo_config/cfg.py:3006}}
Apr 03 02:58:23.696434 np0000163377 nova-scheduler[107319]: DEBUG cotyledon.oslo_config_glue [-] workarounds.disable_libvirt_livesnapshot = False {{(pid=107319) log_opt_values /opt/stack/data/venv/lib/python3.12/site-packages/oslo_config/cfg.py:3006}}
Apr 03 02:58:23.696434 np0000163377 nova-scheduler[107319]: DEBUG cotyledon.oslo_config_glue [-] workarounds.disable_rootwrap = False {{(pid=107319) log_opt_values /opt/stack/data/venv/lib/python3.12/site-packages/oslo_config/cfg.py:3006}}
Apr 03 02:58:23.696434 np0000163377 nova-scheduler[107319]: DEBUG cotyledon.oslo_config_glue [-] workarounds.enable_numa_live_migration = False {{(pid=107319) log_opt_values /opt/stack/data/venv/lib/python3.12/site-packages/oslo_config/cfg.py:3006}}
Apr 03 02:58:23.696434 np0000163377 nova-scheduler[107319]: DEBUG cotyledon.oslo_config_glue [-] workarounds.enable_qemu_monitor_announce_self = False {{(pid=107319) log_opt_values /opt/stack/data/venv/lib/python3.12/site-packages/oslo_config/cfg.py:3006}}
Apr 03 02:58:23.696434 np0000163377 nova-scheduler[107319]: DEBUG cotyledon.oslo_config_glue [-] workarounds.ensure_libvirt_rbd_instance_dir_cleanup = False {{(pid=107319) log_opt_values /opt/stack/data/venv/lib/python3.12/site-packages/oslo_config/cfg.py:3006}}
Apr 03 02:58:23.696434 np0000163377 nova-scheduler[107319]: DEBUG cotyledon.oslo_config_glue [-] workarounds.handle_virt_lifecycle_events = True {{(pid=107319) log_opt_values /opt/stack/data/venv/lib/python3.12/site-packages/oslo_config/cfg.py:3006}}
Apr 03 02:58:23.696434 np0000163377 nova-scheduler[107319]: DEBUG cotyledon.oslo_config_glue [-] workarounds.libvirt_disable_apic = False {{(pid=107319) log_opt_values /opt/stack/data/venv/lib/python3.12/site-packages/oslo_config/cfg.py:3006}}
Apr 03 02:58:23.696950 np0000163377 nova-scheduler[107319]: DEBUG cotyledon.oslo_config_glue [-] workarounds.never_download_image_if_on_rbd = False {{(pid=107319) log_opt_values /opt/stack/data/venv/lib/python3.12/site-packages/oslo_config/cfg.py:3006}}
Apr 03 02:58:23.696950 np0000163377 nova-scheduler[107319]: DEBUG cotyledon.oslo_config_glue [-] workarounds.qemu_monitor_announce_self_count = 3 {{(pid=107319) log_opt_values /opt/stack/data/venv/lib/python3.12/site-packages/oslo_config/cfg.py:3006}}
Apr 03 02:58:23.696950 np0000163377 nova-scheduler[107319]: DEBUG cotyledon.oslo_config_glue [-] workarounds.qemu_monitor_announce_self_interval = 1 {{(pid=107319) log_opt_values /opt/stack/data/venv/lib/python3.12/site-packages/oslo_config/cfg.py:3006}}
Apr 03 02:58:23.696950 np0000163377 nova-scheduler[107319]: DEBUG cotyledon.oslo_config_glue [-] workarounds.reserve_disk_resource_for_image_cache = False {{(pid=107319) log_opt_values /opt/stack/data/venv/lib/python3.12/site-packages/oslo_config/cfg.py:3006}}
Apr 03 02:58:23.696950 np0000163377 nova-scheduler[107319]: DEBUG cotyledon.oslo_config_glue [-] workarounds.skip_cpu_compare_at_startup = False {{(pid=107319) log_opt_values /opt/stack/data/venv/lib/python3.12/site-packages/oslo_config/cfg.py:3006}}
Apr 03 02:58:23.696950 np0000163377 nova-scheduler[107319]: DEBUG cotyledon.oslo_config_glue [-] workarounds.skip_cpu_compare_on_dest = False {{(pid=107319) log_opt_values /opt/stack/data/venv/lib/python3.12/site-packages/oslo_config/cfg.py:3006}}
Apr 03 02:58:23.696950 np0000163377 nova-scheduler[107319]: DEBUG cotyledon.oslo_config_glue [-] workarounds.skip_hypervisor_version_check_on_lm = False {{(pid=107319) log_opt_values /opt/stack/data/venv/lib/python3.12/site-packages/oslo_config/cfg.py:3006}}
Apr 03 02:58:23.696950 np0000163377 nova-scheduler[107319]: DEBUG cotyledon.oslo_config_glue [-] workarounds.skip_reserve_in_use_ironic_nodes = False {{(pid=107319) log_opt_values /opt/stack/data/venv/lib/python3.12/site-packages/oslo_config/cfg.py:3006}}
Apr 03 02:58:23.697578 np0000163377 nova-scheduler[107319]: DEBUG cotyledon.oslo_config_glue [-] workarounds.unified_limits_count_pcpu_as_vcpu = False {{(pid=107319) log_opt_values /opt/stack/data/venv/lib/python3.12/site-packages/oslo_config/cfg.py:3006}}
Apr 03 02:58:23.697578 np0000163377 nova-scheduler[107319]: DEBUG cotyledon.oslo_config_glue [-] workarounds.wait_for_vif_plugged_event_during_hard_reboot = [] {{(pid=107319) log_opt_values /opt/stack/data/venv/lib/python3.12/site-packages/oslo_config/cfg.py:3006}}
Apr 03 02:58:23.697578 np0000163377 nova-scheduler[107319]: DEBUG cotyledon.oslo_config_glue [-] wsgi.api_paste_config = /etc/nova/api-paste.ini {{(pid=107319) log_opt_values /opt/stack/data/venv/lib/python3.12/site-packages/oslo_config/cfg.py:3006}}
Apr 03 02:58:23.697578 np0000163377 nova-scheduler[107319]: DEBUG cotyledon.oslo_config_glue [-] wsgi.secure_proxy_ssl_header = None {{(pid=107319) log_opt_values /opt/stack/data/venv/lib/python3.12/site-packages/oslo_config/cfg.py:3006}}
Apr 03 02:58:23.697578 np0000163377 nova-scheduler[107319]: DEBUG cotyledon.oslo_config_glue [-] zvm.ca_file = None {{(pid=107319) log_opt_values /opt/stack/data/venv/lib/python3.12/site-packages/oslo_config/cfg.py:3006}}
Apr 03 02:58:23.697578 np0000163377 nova-scheduler[107319]: DEBUG cotyledon.oslo_config_glue [-] zvm.cloud_connector_url = None {{(pid=107319) log_opt_values /opt/stack/data/venv/lib/python3.12/site-packages/oslo_config/cfg.py:3006}}
Apr 03 02:58:23.697578 np0000163377 nova-scheduler[107319]: DEBUG cotyledon.oslo_config_glue [-] zvm.image_tmp_path = /opt/stack/data/nova/images {{(pid=107319) log_opt_values /opt/stack/data/venv/lib/python3.12/site-packages/oslo_config/cfg.py:3006}}
Apr 03 02:58:23.697578 np0000163377 nova-scheduler[107319]: DEBUG cotyledon.oslo_config_glue [-] zvm.reachable_timeout = 300 {{(pid=107319) log_opt_values /opt/stack/data/venv/lib/python3.12/site-packages/oslo_config/cfg.py:3006}}
Apr 03 02:58:23.697578 np0000163377 nova-scheduler[107319]: DEBUG cotyledon.oslo_config_glue [-] oslo_versionedobjects.fatal_exception_format_errors = False {{(pid=107319) log_opt_values /opt/stack/data/venv/lib/python3.12/site-packages/oslo_config/cfg.py:3006}}
Apr 03 02:58:23.698123 np0000163377 nova-scheduler[107319]: DEBUG cotyledon.oslo_config_glue [-] oslo_middleware.http_basic_auth_user_file = /etc/htpasswd {{(pid=107319) log_opt_values /opt/stack/data/venv/lib/python3.12/site-packages/oslo_config/cfg.py:3006}}
Apr 03 02:58:23.698123 np0000163377 nova-scheduler[107319]: DEBUG cotyledon.oslo_config_glue [-] oslo_messaging_metrics.metrics_buffer_size = 1000 {{(pid=107319) log_opt_values /opt/stack/data/venv/lib/python3.12/site-packages/oslo_config/cfg.py:3006}}
Apr 03 02:58:23.698123 np0000163377 nova-scheduler[107319]: DEBUG cotyledon.oslo_config_glue [-] oslo_messaging_metrics.metrics_enabled = False {{(pid=107319) log_opt_values /opt/stack/data/venv/lib/python3.12/site-packages/oslo_config/cfg.py:3006}}
Apr 03 02:58:23.698123 np0000163377 nova-scheduler[107319]: DEBUG cotyledon.oslo_config_glue [-] oslo_messaging_metrics.metrics_process_name = {{(pid=107319) log_opt_values /opt/stack/data/venv/lib/python3.12/site-packages/oslo_config/cfg.py:3006}}
Apr 03 02:58:23.698123 np0000163377 nova-scheduler[107319]: DEBUG cotyledon.oslo_config_glue [-] oslo_messaging_metrics.metrics_socket_file = /var/tmp/metrics_collector.sock {{(pid=107319) log_opt_values /opt/stack/data/venv/lib/python3.12/site-packages/oslo_config/cfg.py:3006}}
Apr 03 02:58:23.698123 np0000163377 nova-scheduler[107319]: DEBUG cotyledon.oslo_config_glue [-] oslo_messaging_metrics.metrics_thread_stop_timeout = 10 {{(pid=107319) log_opt_values /opt/stack/data/venv/lib/python3.12/site-packages/oslo_config/cfg.py:3006}}
Apr 03 02:58:23.698123 np0000163377 nova-scheduler[107319]: DEBUG cotyledon.oslo_config_glue [-] profiler.connection_string = messaging:// {{(pid=107319) log_opt_values /opt/stack/data/venv/lib/python3.12/site-packages/oslo_config/cfg.py:3006}}
Apr 03 02:58:23.698123 np0000163377 nova-scheduler[107319]: DEBUG cotyledon.oslo_config_glue [-] profiler.enabled = False {{(pid=107319) log_opt_values /opt/stack/data/venv/lib/python3.12/site-packages/oslo_config/cfg.py:3006}}
Apr 03 02:58:23.698834 np0000163377 nova-scheduler[107319]: DEBUG cotyledon.oslo_config_glue [-] profiler.es_doc_type = notification {{(pid=107319) log_opt_values /opt/stack/data/venv/lib/python3.12/site-packages/oslo_config/cfg.py:3006}}
Apr 03 02:58:23.698834 np0000163377 nova-scheduler[107319]: DEBUG cotyledon.oslo_config_glue [-] profiler.es_scroll_size = 10000 {{(pid=107319) log_opt_values /opt/stack/data/venv/lib/python3.12/site-packages/oslo_config/cfg.py:3006}}
Apr 03 02:58:23.698834 np0000163377 nova-scheduler[107319]: DEBUG cotyledon.oslo_config_glue [-] profiler.es_scroll_time = 2m {{(pid=107319) log_opt_values /opt/stack/data/venv/lib/python3.12/site-packages/oslo_config/cfg.py:3006}}
Apr 03 02:58:23.698932 np0000163377 nova-scheduler[107298]: DEBUG dbcounter [-] [107298] Writer thread running {{(pid=107298) stat_writer /opt/stack/data/venv/lib/python3.12/site-packages/dbcounter.py:102}}
Apr 03 02:58:23.698985 np0000163377 nova-scheduler[107319]: DEBUG cotyledon.oslo_config_glue [-] profiler.filter_error_trace = False {{(pid=107319) log_opt_values /opt/stack/data/venv/lib/python3.12/site-packages/oslo_config/cfg.py:3006}}
Apr 03 02:58:23.698985 np0000163377 nova-scheduler[107319]: DEBUG cotyledon.oslo_config_glue [-] profiler.hmac_keys = **** {{(pid=107319) log_opt_values /opt/stack/data/venv/lib/python3.12/site-packages/oslo_config/cfg.py:3006}}
Apr 03 02:58:23.698985 np0000163377 nova-scheduler[107319]: DEBUG cotyledon.oslo_config_glue [-] profiler.sentinel_service_name = mymaster {{(pid=107319) log_opt_values /opt/stack/data/venv/lib/python3.12/site-packages/oslo_config/cfg.py:3006}}
Apr 03 02:58:23.698985 np0000163377 nova-scheduler[107319]: DEBUG cotyledon.oslo_config_glue [-] profiler.socket_timeout = 0.1 {{(pid=107319) log_opt_values /opt/stack/data/venv/lib/python3.12/site-packages/oslo_config/cfg.py:3006}}
Apr 03 02:58:23.698985 np0000163377 nova-scheduler[107319]: DEBUG cotyledon.oslo_config_glue [-] profiler.trace_requests = False {{(pid=107319) log_opt_values /opt/stack/data/venv/lib/python3.12/site-packages/oslo_config/cfg.py:3006}}
Apr 03 02:58:23.698985 np0000163377 nova-scheduler[107319]: DEBUG cotyledon.oslo_config_glue [-] profiler.trace_sqlalchemy = False {{(pid=107319) log_opt_values /opt/stack/data/venv/lib/python3.12/site-packages/oslo_config/cfg.py:3006}}
Apr 03 02:58:23.698985 np0000163377 nova-scheduler[107319]: DEBUG cotyledon.oslo_config_glue [-] profiler_jaeger.process_tags = {} {{(pid=107319) log_opt_values /opt/stack/data/venv/lib/python3.12/site-packages/oslo_config/cfg.py:3006}}
Apr 03 02:58:23.698985 np0000163377 nova-scheduler[107319]: DEBUG cotyledon.oslo_config_glue [-] profiler_jaeger.service_name_prefix = None {{(pid=107319) log_opt_values /opt/stack/data/venv/lib/python3.12/site-packages/oslo_config/cfg.py:3006}}
Apr 03 02:58:23.698985 np0000163377 nova-scheduler[107319]: DEBUG cotyledon.oslo_config_glue [-] profiler_otlp.service_name_prefix = None {{(pid=107319) log_opt_values /opt/stack/data/venv/lib/python3.12/site-packages/oslo_config/cfg.py:3006}}
Apr 03 02:58:23.699442 np0000163377 nova-scheduler[107319]: DEBUG cotyledon.oslo_config_glue [-] oslo_messaging_rabbit.amqp_auto_delete = False {{(pid=107319) log_opt_values /opt/stack/data/venv/lib/python3.12/site-packages/oslo_config/cfg.py:3006}}
Apr 03 02:58:23.699442 np0000163377 nova-scheduler[107319]: DEBUG cotyledon.oslo_config_glue [-] oslo_messaging_rabbit.amqp_durable_queues = False {{(pid=107319) log_opt_values /opt/stack/data/venv/lib/python3.12/site-packages/oslo_config/cfg.py:3006}}
Apr 03 02:58:23.699442 np0000163377 nova-scheduler[107319]: DEBUG cotyledon.oslo_config_glue [-] oslo_messaging_rabbit.conn_pool_min_size = 2 {{(pid=107319) log_opt_values /opt/stack/data/venv/lib/python3.12/site-packages/oslo_config/cfg.py:3006}}
Apr 03 02:58:23.699442 np0000163377 nova-scheduler[107319]: DEBUG cotyledon.oslo_config_glue [-] oslo_messaging_rabbit.conn_pool_ttl = 1200 {{(pid=107319) log_opt_values /opt/stack/data/venv/lib/python3.12/site-packages/oslo_config/cfg.py:3006}}
Apr 03 02:58:23.699442 np0000163377 nova-scheduler[107319]: DEBUG cotyledon.oslo_config_glue [-] oslo_messaging_rabbit.direct_mandatory_flag = True {{(pid=107319) log_opt_values /opt/stack/data/venv/lib/python3.12/site-packages/oslo_config/cfg.py:3006}}
Apr 03 02:58:23.699442 np0000163377 nova-scheduler[107319]: DEBUG cotyledon.oslo_config_glue [-] oslo_messaging_rabbit.enable_cancel_on_failover = False {{(pid=107319) log_opt_values /opt/stack/data/venv/lib/python3.12/site-packages/oslo_config/cfg.py:3006}}
Apr 03 02:58:23.699442 np0000163377 nova-scheduler[107319]: DEBUG cotyledon.oslo_config_glue [-] oslo_messaging_rabbit.heartbeat_in_pthread = False {{(pid=107319) log_opt_values /opt/stack/data/venv/lib/python3.12/site-packages/oslo_config/cfg.py:3006}}
Apr 03 02:58:23.699442 np0000163377 nova-scheduler[107319]: DEBUG cotyledon.oslo_config_glue [-] oslo_messaging_rabbit.heartbeat_rate = 3 {{(pid=107319) log_opt_values /opt/stack/data/venv/lib/python3.12/site-packages/oslo_config/cfg.py:3006}}
Apr 03 02:58:23.699442 np0000163377 nova-scheduler[107319]: DEBUG cotyledon.oslo_config_glue [-] oslo_messaging_rabbit.heartbeat_timeout_threshold = 60 {{(pid=107319) log_opt_values /opt/stack/data/venv/lib/python3.12/site-packages/oslo_config/cfg.py:3006}}
Apr 03 02:58:23.699729 np0000163377 nova-scheduler[107319]: DEBUG cotyledon.oslo_config_glue [-] oslo_messaging_rabbit.hostname = np0000163377 {{(pid=107319) log_opt_values /opt/stack/data/venv/lib/python3.12/site-packages/oslo_config/cfg.py:3006}}
Apr 03 02:58:23.699729 np0000163377 nova-scheduler[107319]: DEBUG cotyledon.oslo_config_glue [-] oslo_messaging_rabbit.kombu_compression = None {{(pid=107319) log_opt_values /opt/stack/data/venv/lib/python3.12/site-packages/oslo_config/cfg.py:3006}}
Apr 03 02:58:23.699729 np0000163377 nova-scheduler[107319]: DEBUG cotyledon.oslo_config_glue [-] oslo_messaging_rabbit.kombu_failover_strategy = round-robin {{(pid=107319) log_opt_values /opt/stack/data/venv/lib/python3.12/site-packages/oslo_config/cfg.py:3006}}
Apr 03 02:58:23.699729 np0000163377 nova-scheduler[107319]: DEBUG cotyledon.oslo_config_glue [-] oslo_messaging_rabbit.kombu_missing_consumer_retry_timeout = 60 {{(pid=107319) log_opt_values /opt/stack/data/venv/lib/python3.12/site-packages/oslo_config/cfg.py:3006}}
Apr 03 02:58:23.699729 np0000163377 nova-scheduler[107319]: DEBUG cotyledon.oslo_config_glue [-] oslo_messaging_rabbit.kombu_reconnect_delay = 1.0 {{(pid=107319) log_opt_values /opt/stack/data/venv/lib/python3.12/site-packages/oslo_config/cfg.py:3006}}
Apr 03 02:58:23.699729 np0000163377 nova-scheduler[107319]: DEBUG cotyledon.oslo_config_glue [-] oslo_messaging_rabbit.kombu_reconnect_splay = 0.0 {{(pid=107319) log_opt_values /opt/stack/data/venv/lib/python3.12/site-packages/oslo_config/cfg.py:3006}}
Apr 03 02:58:23.699729 np0000163377 nova-scheduler[107319]: DEBUG cotyledon.oslo_config_glue [-] oslo_messaging_rabbit.processname = nova-scheduler {{(pid=107319) log_opt_values /opt/stack/data/venv/lib/python3.12/site-packages/oslo_config/cfg.py:3006}}
Apr 03 02:58:23.699729 np0000163377 nova-scheduler[107319]: DEBUG cotyledon.oslo_config_glue [-] oslo_messaging_rabbit.rabbit_ha_queues = False {{(pid=107319) log_opt_values /opt/stack/data/venv/lib/python3.12/site-packages/oslo_config/cfg.py:3006}}
Apr 03 02:58:23.699729 np0000163377 nova-scheduler[107319]: DEBUG cotyledon.oslo_config_glue [-] oslo_messaging_rabbit.rabbit_interval_max = 30 {{(pid=107319) log_opt_values /opt/stack/data/venv/lib/python3.12/site-packages/oslo_config/cfg.py:3006}}
Apr 03 02:58:23.700145 np0000163377 nova-scheduler[107319]: DEBUG cotyledon.oslo_config_glue [-] oslo_messaging_rabbit.rabbit_login_method = AMQPLAIN {{(pid=107319) log_opt_values /opt/stack/data/venv/lib/python3.12/site-packages/oslo_config/cfg.py:3006}}
Apr 03 02:58:23.700145 np0000163377 nova-scheduler[107319]: DEBUG cotyledon.oslo_config_glue [-] oslo_messaging_rabbit.rabbit_qos_prefetch_count = 0 {{(pid=107319) log_opt_values /opt/stack/data/venv/lib/python3.12/site-packages/oslo_config/cfg.py:3006}}
Apr 03 02:58:23.700145 np0000163377 nova-scheduler[107319]: DEBUG cotyledon.oslo_config_glue [-] oslo_messaging_rabbit.rabbit_quorum_delivery_limit = 0 {{(pid=107319) log_opt_values /opt/stack/data/venv/lib/python3.12/site-packages/oslo_config/cfg.py:3006}}
Apr 03 02:58:23.700145 np0000163377 nova-scheduler[107319]: DEBUG cotyledon.oslo_config_glue [-] oslo_messaging_rabbit.rabbit_quorum_max_memory_bytes = 0 {{(pid=107319) log_opt_values /opt/stack/data/venv/lib/python3.12/site-packages/oslo_config/cfg.py:3006}}
Apr 03 02:58:23.700145 np0000163377 nova-scheduler[107319]: DEBUG cotyledon.oslo_config_glue [-] oslo_messaging_rabbit.rabbit_quorum_max_memory_length = 0 {{(pid=107319) log_opt_values /opt/stack/data/venv/lib/python3.12/site-packages/oslo_config/cfg.py:3006}}
Apr 03 02:58:23.700145 np0000163377 nova-scheduler[107319]: DEBUG cotyledon.oslo_config_glue [-] oslo_messaging_rabbit.rabbit_quorum_queue = False {{(pid=107319) log_opt_values /opt/stack/data/venv/lib/python3.12/site-packages/oslo_config/cfg.py:3006}}
Apr 03 02:58:23.700145 np0000163377 nova-scheduler[107319]: DEBUG cotyledon.oslo_config_glue [-] oslo_messaging_rabbit.rabbit_retry_backoff = 2 {{(pid=107319) log_opt_values /opt/stack/data/venv/lib/python3.12/site-packages/oslo_config/cfg.py:3006}}
Apr 03 02:58:23.700145 np0000163377 nova-scheduler[107319]: DEBUG cotyledon.oslo_config_glue [-] oslo_messaging_rabbit.rabbit_retry_interval = 1 {{(pid=107319) log_opt_values /opt/stack/data/venv/lib/python3.12/site-packages/oslo_config/cfg.py:3006}}
Apr 03 02:58:23.700628 np0000163377 nova-scheduler[107319]: DEBUG cotyledon.oslo_config_glue [-] oslo_messaging_rabbit.rabbit_stream_fanout = False {{(pid=107319) log_opt_values /opt/stack/data/venv/lib/python3.12/site-packages/oslo_config/cfg.py:3006}}
Apr 03 02:58:23.700628 np0000163377 nova-scheduler[107319]: DEBUG cotyledon.oslo_config_glue [-] oslo_messaging_rabbit.rabbit_transient_queues_ttl = 1800 {{(pid=107319) log_opt_values /opt/stack/data/venv/lib/python3.12/site-packages/oslo_config/cfg.py:3006}}
Apr 03 02:58:23.700628 np0000163377 nova-scheduler[107319]: DEBUG cotyledon.oslo_config_glue [-] oslo_messaging_rabbit.rabbit_transient_quorum_queue = False {{(pid=107319) log_opt_values /opt/stack/data/venv/lib/python3.12/site-packages/oslo_config/cfg.py:3006}}
Apr 03 02:58:23.700628 np0000163377 nova-scheduler[107319]: DEBUG cotyledon.oslo_config_glue [-] oslo_messaging_rabbit.rpc_conn_pool_size = 30 {{(pid=107319) log_opt_values /opt/stack/data/venv/lib/python3.12/site-packages/oslo_config/cfg.py:3006}}
Apr 03 02:58:23.700628 np0000163377 nova-scheduler[107319]: DEBUG cotyledon.oslo_config_glue [-] oslo_messaging_rabbit.ssl = False {{(pid=107319) log_opt_values /opt/stack/data/venv/lib/python3.12/site-packages/oslo_config/cfg.py:3006}}
Apr 03 02:58:23.700628 np0000163377 nova-scheduler[107319]: DEBUG cotyledon.oslo_config_glue [-] oslo_messaging_rabbit.ssl_ca_file = {{(pid=107319) log_opt_values /opt/stack/data/venv/lib/python3.12/site-packages/oslo_config/cfg.py:3006}}
Apr 03 02:58:23.700628 np0000163377 nova-scheduler[107319]: DEBUG cotyledon.oslo_config_glue [-] oslo_messaging_rabbit.ssl_cert_file = {{(pid=107319) log_opt_values /opt/stack/data/venv/lib/python3.12/site-packages/oslo_config/cfg.py:3006}}
Apr 03 02:58:23.700628 np0000163377 nova-scheduler[107319]: DEBUG cotyledon.oslo_config_glue [-] oslo_messaging_rabbit.ssl_enforce_fips_mode = False {{(pid=107319) log_opt_values /opt/stack/data/venv/lib/python3.12/site-packages/oslo_config/cfg.py:3006}}
Apr 03 02:58:23.700628 np0000163377 nova-scheduler[107319]: DEBUG cotyledon.oslo_config_glue [-] oslo_messaging_rabbit.ssl_key_file = {{(pid=107319) log_opt_values /opt/stack/data/venv/lib/python3.12/site-packages/oslo_config/cfg.py:3006}}
Apr 03 02:58:23.700920 np0000163377 nova-scheduler[107319]: DEBUG cotyledon.oslo_config_glue [-] oslo_messaging_rabbit.ssl_version = {{(pid=107319) log_opt_values /opt/stack/data/venv/lib/python3.12/site-packages/oslo_config/cfg.py:3006}}
Apr 03 02:58:23.700920 np0000163377 nova-scheduler[107319]: DEBUG cotyledon.oslo_config_glue [-] oslo_messaging_rabbit.use_queue_manager = False {{(pid=107319) log_opt_values /opt/stack/data/venv/lib/python3.12/site-packages/oslo_config/cfg.py:3006}}
Apr 03 02:58:23.700920 np0000163377 nova-scheduler[107319]: DEBUG cotyledon.oslo_config_glue [-] oslo_messaging_notifications.driver = ['messagingv2'] {{(pid=107319) log_opt_values /opt/stack/data/venv/lib/python3.12/site-packages/oslo_config/cfg.py:3006}}
Apr 03 02:58:23.700920 np0000163377 nova-scheduler[107319]: DEBUG cotyledon.oslo_config_glue [-] oslo_messaging_notifications.retry = -1 {{(pid=107319) log_opt_values /opt/stack/data/venv/lib/python3.12/site-packages/oslo_config/cfg.py:3006}}
Apr 03 02:58:23.700920 np0000163377 nova-scheduler[107319]: DEBUG cotyledon.oslo_config_glue [-] oslo_messaging_notifications.topics = ['notifications'] {{(pid=107319) log_opt_values /opt/stack/data/venv/lib/python3.12/site-packages/oslo_config/cfg.py:3006}}
Apr 03 02:58:23.700920 np0000163377 nova-scheduler[107319]: DEBUG cotyledon.oslo_config_glue [-] oslo_messaging_notifications.transport_url = **** {{(pid=107319) log_opt_values /opt/stack/data/venv/lib/python3.12/site-packages/oslo_config/cfg.py:3006}}
Apr 03 02:58:23.700920 np0000163377 nova-scheduler[107319]: DEBUG cotyledon.oslo_config_glue [-] oslo_limit.auth_section = None {{(pid=107319) log_opt_values /opt/stack/data/venv/lib/python3.12/site-packages/oslo_config/cfg.py:3006}}
Apr 03 02:58:23.700920 np0000163377 nova-scheduler[107319]: DEBUG cotyledon.oslo_config_glue [-] oslo_limit.auth_type = None {{(pid=107319) log_opt_values /opt/stack/data/venv/lib/python3.12/site-packages/oslo_config/cfg.py:3006}}
Apr 03 02:58:23.700920 np0000163377 nova-scheduler[107319]: DEBUG cotyledon.oslo_config_glue [-] oslo_limit.cafile = None {{(pid=107319) log_opt_values /opt/stack/data/venv/lib/python3.12/site-packages/oslo_config/cfg.py:3006}}
Apr 03 02:58:23.701177 np0000163377 nova-scheduler[107319]: DEBUG cotyledon.oslo_config_glue [-] oslo_limit.certfile = None {{(pid=107319) log_opt_values /opt/stack/data/venv/lib/python3.12/site-packages/oslo_config/cfg.py:3006}}
Apr 03 02:58:23.701177 np0000163377 nova-scheduler[107319]: DEBUG cotyledon.oslo_config_glue [-] oslo_limit.collect_timing = False {{(pid=107319) log_opt_values /opt/stack/data/venv/lib/python3.12/site-packages/oslo_config/cfg.py:3006}}
Apr 03 02:58:23.701177 np0000163377 nova-scheduler[107319]: DEBUG cotyledon.oslo_config_glue [-] oslo_limit.connect_retries = None {{(pid=107319) log_opt_values /opt/stack/data/venv/lib/python3.12/site-packages/oslo_config/cfg.py:3006}}
Apr 03 02:58:23.701177 np0000163377 nova-scheduler[107319]: DEBUG cotyledon.oslo_config_glue [-] oslo_limit.connect_retry_delay = None {{(pid=107319) log_opt_values /opt/stack/data/venv/lib/python3.12/site-packages/oslo_config/cfg.py:3006}}
Apr 03 02:58:23.701177 np0000163377 nova-scheduler[107319]: DEBUG cotyledon.oslo_config_glue [-] oslo_limit.endpoint_id = None {{(pid=107319) log_opt_values /opt/stack/data/venv/lib/python3.12/site-packages/oslo_config/cfg.py:3006}}
Apr 03 02:58:23.701177 np0000163377 nova-scheduler[107319]: DEBUG cotyledon.oslo_config_glue [-] oslo_limit.endpoint_interface = public {{(pid=107319) log_opt_values /opt/stack/data/venv/lib/python3.12/site-packages/oslo_config/cfg.py:3006}}
Apr 03 02:58:23.701177 np0000163377 nova-scheduler[107319]: DEBUG cotyledon.oslo_config_glue [-] oslo_limit.endpoint_override = None {{(pid=107319) log_opt_values /opt/stack/data/venv/lib/python3.12/site-packages/oslo_config/cfg.py:3006}}
Apr 03 02:58:23.701177 np0000163377 nova-scheduler[107319]: DEBUG cotyledon.oslo_config_glue [-] oslo_limit.endpoint_region_name = None {{(pid=107319) log_opt_values /opt/stack/data/venv/lib/python3.12/site-packages/oslo_config/cfg.py:3006}}
Apr 03 02:58:23.701177 np0000163377 nova-scheduler[107319]: DEBUG cotyledon.oslo_config_glue [-] oslo_limit.endpoint_service_name = None {{(pid=107319) log_opt_values /opt/stack/data/venv/lib/python3.12/site-packages/oslo_config/cfg.py:3006}}
Apr 03 02:58:23.701474 np0000163377 nova-scheduler[107319]: DEBUG cotyledon.oslo_config_glue [-] oslo_limit.endpoint_service_type = None {{(pid=107319) log_opt_values /opt/stack/data/venv/lib/python3.12/site-packages/oslo_config/cfg.py:3006}}
Apr 03 02:58:23.701474 np0000163377 nova-scheduler[107319]: DEBUG cotyledon.oslo_config_glue [-] oslo_limit.insecure = False {{(pid=107319) log_opt_values /opt/stack/data/venv/lib/python3.12/site-packages/oslo_config/cfg.py:3006}}
Apr 03 02:58:23.701474 np0000163377 nova-scheduler[107319]: DEBUG cotyledon.oslo_config_glue [-] oslo_limit.keyfile = None {{(pid=107319) log_opt_values /opt/stack/data/venv/lib/python3.12/site-packages/oslo_config/cfg.py:3006}}
Apr 03 02:58:23.701474 np0000163377 nova-scheduler[107319]: DEBUG cotyledon.oslo_config_glue [-] oslo_limit.max_version = None {{(pid=107319) log_opt_values /opt/stack/data/venv/lib/python3.12/site-packages/oslo_config/cfg.py:3006}}
Apr 03 02:58:23.701474 np0000163377 nova-scheduler[107319]: DEBUG cotyledon.oslo_config_glue [-] oslo_limit.min_version = None {{(pid=107319) log_opt_values /opt/stack/data/venv/lib/python3.12/site-packages/oslo_config/cfg.py:3006}}
Apr 03 02:58:23.701474 np0000163377 nova-scheduler[107319]: DEBUG cotyledon.oslo_config_glue [-] oslo_limit.region_name = None {{(pid=107319) log_opt_values /opt/stack/data/venv/lib/python3.12/site-packages/oslo_config/cfg.py:3006}}
Apr 03 02:58:23.701474 np0000163377 nova-scheduler[107319]: DEBUG cotyledon.oslo_config_glue [-] oslo_limit.retriable_status_codes = None {{(pid=107319) log_opt_values /opt/stack/data/venv/lib/python3.12/site-packages/oslo_config/cfg.py:3006}}
Apr 03 02:58:23.701474 np0000163377 nova-scheduler[107319]: DEBUG cotyledon.oslo_config_glue [-] oslo_limit.service_name = None {{(pid=107319) log_opt_values /opt/stack/data/venv/lib/python3.12/site-packages/oslo_config/cfg.py:3006}}
Apr 03 02:58:23.701474 np0000163377 nova-scheduler[107319]: DEBUG cotyledon.oslo_config_glue [-] oslo_limit.service_type = None {{(pid=107319) log_opt_values /opt/stack/data/venv/lib/python3.12/site-packages/oslo_config/cfg.py:3006}}
Apr 03 02:58:23.701786 np0000163377 nova-scheduler[107319]: DEBUG cotyledon.oslo_config_glue [-] oslo_limit.split_loggers = False {{(pid=107319) log_opt_values /opt/stack/data/venv/lib/python3.12/site-packages/oslo_config/cfg.py:3006}}
Apr 03 02:58:23.701786 np0000163377 nova-scheduler[107319]: DEBUG cotyledon.oslo_config_glue [-] oslo_limit.status_code_retries = None {{(pid=107319) log_opt_values /opt/stack/data/venv/lib/python3.12/site-packages/oslo_config/cfg.py:3006}}
Apr 03 02:58:23.701786 np0000163377 nova-scheduler[107319]: DEBUG cotyledon.oslo_config_glue [-] oslo_limit.status_code_retry_delay = None {{(pid=107319) log_opt_values /opt/stack/data/venv/lib/python3.12/site-packages/oslo_config/cfg.py:3006}}
Apr 03 02:58:23.701786 np0000163377 nova-scheduler[107319]: DEBUG cotyledon.oslo_config_glue [-] oslo_limit.timeout = None {{(pid=107319) log_opt_values /opt/stack/data/venv/lib/python3.12/site-packages/oslo_config/cfg.py:3006}}
Apr 03 02:58:23.701786 np0000163377 nova-scheduler[107319]: DEBUG cotyledon.oslo_config_glue [-] oslo_limit.valid_interfaces = None {{(pid=107319) log_opt_values /opt/stack/data/venv/lib/python3.12/site-packages/oslo_config/cfg.py:3006}}
Apr 03 02:58:23.701786 np0000163377 nova-scheduler[107319]: DEBUG cotyledon.oslo_config_glue [-] oslo_limit.version = None {{(pid=107319) log_opt_values /opt/stack/data/venv/lib/python3.12/site-packages/oslo_config/cfg.py:3006}}
Apr 03 02:58:23.701786 np0000163377 nova-scheduler[107319]: DEBUG cotyledon.oslo_config_glue [-] oslo_reports.file_event_handler = None {{(pid=107319) log_opt_values /opt/stack/data/venv/lib/python3.12/site-packages/oslo_config/cfg.py:3006}}
Apr 03 02:58:23.701786 np0000163377 nova-scheduler[107319]: DEBUG cotyledon.oslo_config_glue [-] oslo_reports.file_event_handler_interval = 1 {{(pid=107319) log_opt_values /opt/stack/data/venv/lib/python3.12/site-packages/oslo_config/cfg.py:3006}}
Apr 03 02:58:23.701786 np0000163377 nova-scheduler[107319]: DEBUG cotyledon.oslo_config_glue [-] oslo_reports.log_dir = None {{(pid=107319) log_opt_values /opt/stack/data/venv/lib/python3.12/site-packages/oslo_config/cfg.py:3006}}
Apr 03 02:58:23.702061 np0000163377 nova-scheduler[107319]: DEBUG cotyledon.oslo_config_glue [-] ******************************************************************************** {{(pid=107319) log_opt_values /opt/stack/data/venv/lib/python3.12/site-packages/oslo_config/cfg.py:3013}}
Apr 03 02:58:23.702061 np0000163377 nova-scheduler[107319]: DEBUG cotyledon._service_worker [-] Run service ServiceWrapper(3) [107319] {{(pid=107319) wait_forever /opt/stack/data/venv/lib/python3.12/site-packages/cotyledon/_service_worker.py:218}}
Apr 03 02:58:23.702061 np0000163377 nova-scheduler[107319]: INFO nova.service [-] Starting scheduler node (version 33.1.0)
Apr 03 02:58:23.702160 np0000163377 nova-scheduler[107313]: INFO dbcounter [None req-1760c592-c47e-461e-a488-adae0df07f6d None None] Registered counter for database nova_cell0
Apr 03 02:58:23.702213 np0000163377 nova-scheduler[107319]: INFO dbcounter [None req-c27e77e8-949d-4438-b499-099c21f5e990 None None] Registered counter for database nova_cell0
Apr 03 02:58:23.702258 np0000163377 nova-scheduler[107306]: DEBUG dbcounter [-] [107306] Writer thread running {{(pid=107306) stat_writer /opt/stack/data/venv/lib/python3.12/site-packages/dbcounter.py:102}}
Apr 03 02:58:23.702333 np0000163377 nova-scheduler[107313]: DEBUG oslo_db.sqlalchemy.engines [None req-1760c592-c47e-461e-a488-adae0df07f6d None None] MySQL server mode set to STRICT_TRANS_TABLES,STRICT_ALL_TABLES,NO_ZERO_IN_DATE,NO_ZERO_DATE,ERROR_FOR_DIVISION_BY_ZERO,TRADITIONAL,NO_ENGINE_SUBSTITUTION {{(pid=107313) _check_effective_sql_mode /opt/stack/data/venv/lib/python3.12/site-packages/oslo_db/sqlalchemy/engines.py:325}}
Apr 03 02:58:23.702383 np0000163377 nova-scheduler[107298]: DEBUG nova.service [None req-440895d8-2736-4f54-8232-5b45569265ab None None] Creating RPC server for service: nova-scheduler on topic: scheduler {{(pid=107298) start /opt/stack/nova/nova/service.py:195}}
Apr 03 02:58:23.702437 np0000163377 nova-scheduler[107319]: DEBUG oslo_db.sqlalchemy.engines [None req-c27e77e8-949d-4438-b499-099c21f5e990 None None] MySQL server mode set to STRICT_TRANS_TABLES,STRICT_ALL_TABLES,NO_ZERO_IN_DATE,NO_ZERO_DATE,ERROR_FOR_DIVISION_BY_ZERO,TRADITIONAL,NO_ENGINE_SUBSTITUTION {{(pid=107319) _check_effective_sql_mode /opt/stack/data/venv/lib/python3.12/site-packages/oslo_db/sqlalchemy/engines.py:325}}
Apr 03 02:58:23.702482 np0000163377 nova-scheduler[107313]: DEBUG dbcounter [-] [107313] Writer thread running {{(pid=107313) stat_writer /opt/stack/data/venv/lib/python3.12/site-packages/dbcounter.py:102}}
Apr 03 02:58:23.702482 np0000163377 nova-scheduler[107313]: DEBUG nova.service [None req-1760c592-c47e-461e-a488-adae0df07f6d None None] Creating RPC server for service: nova-scheduler on topic: scheduler {{(pid=107313) start /opt/stack/nova/nova/service.py:195}}
Apr 03 02:58:23.702564 np0000163377 nova-scheduler[107319]: DEBUG dbcounter [-] [107319] Writer thread running {{(pid=107319) stat_writer /opt/stack/data/venv/lib/python3.12/site-packages/dbcounter.py:102}}
Apr 03 02:58:23.702605 np0000163377 nova-scheduler[107306]: DEBUG nova.service [None req-dbf97c3d-0be5-4ce0-bac8-a933770528cc None None] Creating RPC server for service: nova-scheduler on topic: scheduler {{(pid=107306) start /opt/stack/nova/nova/service.py:195}}
Apr 03 02:58:23.702662 np0000163377 nova-scheduler[107319]: DEBUG nova.service [None req-c27e77e8-949d-4438-b499-099c21f5e990 None None] Creating RPC server for service: nova-scheduler on topic: scheduler {{(pid=107319) start /opt/stack/nova/nova/service.py:195}}
Apr 03 02:58:23.707502 np0000163377 nova-scheduler[107313]: DEBUG nova.service [None req-1760c592-c47e-461e-a488-adae0df07f6d None None] Join ServiceGroup membership for this service scheduler {{(pid=107313) start /opt/stack/nova/nova/service.py:221}}
Apr 03 02:58:23.707738 np0000163377 nova-scheduler[107313]: DEBUG nova.servicegroup.drivers.db [None req-1760c592-c47e-461e-a488-adae0df07f6d None None] DB_Driver: join new ServiceGroup member np0000163377 to the scheduler group, service = {{(pid=107313) join /opt/stack/nova/nova/servicegroup/drivers/db.py:44}}
Apr 03 02:58:23.707779 np0000163377 nova-scheduler[107298]: DEBUG nova.service [None req-440895d8-2736-4f54-8232-5b45569265ab None None] Join ServiceGroup membership for this service scheduler {{(pid=107298) start /opt/stack/nova/nova/service.py:221}}
Apr 03 02:58:23.708138 np0000163377 nova-scheduler[107298]: DEBUG nova.servicegroup.drivers.db [None req-440895d8-2736-4f54-8232-5b45569265ab None None] DB_Driver: join new ServiceGroup member np0000163377 to the scheduler group, service = {{(pid=107298) join /opt/stack/nova/nova/servicegroup/drivers/db.py:44}}
Apr 03 02:58:23.717703 np0000163377 nova-scheduler[107319]: DEBUG nova.service [None req-c27e77e8-949d-4438-b499-099c21f5e990 None None] Join ServiceGroup membership for this service scheduler {{(pid=107319) start /opt/stack/nova/nova/service.py:221}}
Apr 03 02:58:23.718308 np0000163377 nova-scheduler[107319]: DEBUG nova.servicegroup.drivers.db [None req-c27e77e8-949d-4438-b499-099c21f5e990 None None] DB_Driver: join new ServiceGroup member np0000163377 to the scheduler group, service = {{(pid=107319) join /opt/stack/nova/nova/servicegroup/drivers/db.py:44}}
Apr 03 02:58:23.721743 np0000163377 nova-scheduler[107306]: DEBUG nova.service [None req-dbf97c3d-0be5-4ce0-bac8-a933770528cc None None] Join ServiceGroup membership for this service scheduler {{(pid=107306) start /opt/stack/nova/nova/service.py:221}}
Apr 03 02:58:23.722022 np0000163377 nova-scheduler[107306]: DEBUG nova.servicegroup.drivers.db [None req-dbf97c3d-0be5-4ce0-bac8-a933770528cc None None] DB_Driver: join new ServiceGroup member np0000163377 to the scheduler group, service = {{(pid=107306) join /opt/stack/nova/nova/servicegroup/drivers/db.py:44}}
Apr 03 02:58:28.714524 np0000163377 nova-scheduler[107298]: DEBUG oslo.service.backend._threading.loopingcall [None req-657fb265-709a-4b02-8d60-520ed35476bd None None] Dynamic interval looping call 'nova.service.Service.periodic_tasks' sleeping for 60.00 seconds {{(pid=107298) _run_loop /opt/stack/data/venv/lib/python3.12/site-packages/oslo_service/backend/_threading/loopingcall.py:125}}
Apr 03 02:58:28.735502 np0000163377 nova-scheduler[107298]: DEBUG oslo.service.backend._threading.loopingcall [-] Fixed interval looping call 'nova.servicegroup.drivers.db.DbDriver._report_state' sleeping for 119.98 seconds {{(pid=107298) _run_loop /opt/stack/data/venv/lib/python3.12/site-packages/oslo_service/backend/_threading/loopingcall.py:125}}
Apr 03 02:58:28.736581 np0000163377 nova-scheduler[107313]: DEBUG oslo.service.backend._threading.loopingcall [-] Fixed interval looping call 'nova.servicegroup.drivers.db.DbDriver._report_state' sleeping for 119.97 seconds {{(pid=107313) _run_loop /opt/stack/data/venv/lib/python3.12/site-packages/oslo_service/backend/_threading/loopingcall.py:125}}
Apr 03 02:58:28.737089 np0000163377 nova-scheduler[107306]: DEBUG oslo.service.backend._threading.loopingcall [-] Fixed interval looping call 'nova.servicegroup.drivers.db.DbDriver._report_state' sleeping for 119.99 seconds {{(pid=107306) _run_loop /opt/stack/data/venv/lib/python3.12/site-packages/oslo_service/backend/_threading/loopingcall.py:125}}
Apr 03 02:58:28.739018 np0000163377 nova-scheduler[107319]: DEBUG oslo.service.backend._threading.loopingcall [-] Fixed interval looping call 'nova.servicegroup.drivers.db.DbDriver._report_state' sleeping for 119.98 seconds {{(pid=107319) _run_loop /opt/stack/data/venv/lib/python3.12/site-packages/oslo_service/backend/_threading/loopingcall.py:125}}
Apr 03 02:58:32.278996 np0000163377 nova-scheduler[106502]: DEBUG dbcounter [-] [106502] Writing DB stats nova_api:SELECT=3 {{(pid=106502) stat_writer /opt/stack/data/venv/lib/python3.12/site-packages/dbcounter.py:115}}
Apr 03 02:58:32.388154 np0000163377 nova-scheduler[106502]: DEBUG dbcounter [-] [106502] Writing DB stats nova_cell1:SELECT=1 {{(pid=106502) stat_writer /opt/stack/data/venv/lib/python3.12/site-packages/dbcounter.py:115}}
Apr 03 02:58:32.393994 np0000163377 nova-scheduler[106502]: DEBUG dbcounter [-] [106502] Writing DB stats nova_cell0:SELECT=1 {{(pid=106502) stat_writer /opt/stack/data/venv/lib/python3.12/site-packages/dbcounter.py:115}}
Apr 03 02:58:35.711688 np0000163377 nova-scheduler[107313]: DEBUG oslo.service.backend._threading.loopingcall [None req-fd324c67-e6ca-4879-bc0f-73706f3f41c4 None None] Dynamic interval looping call 'nova.service.Service.periodic_tasks' sleeping for 60.00 seconds {{(pid=107313) _run_loop /opt/stack/data/venv/lib/python3.12/site-packages/oslo_service/backend/_threading/loopingcall.py:125}}
Apr 03 02:58:38.724173 np0000163377 nova-scheduler[107298]: DEBUG dbcounter [-] [107298] Writing DB stats nova_cell0:SELECT=4,nova_cell0:INSERT=1,nova_cell0:UPDATE=1 {{(pid=107298) stat_writer /opt/stack/data/venv/lib/python3.12/site-packages/dbcounter.py:115}}
Apr 03 02:58:38.728845 np0000163377 nova-scheduler[107313]: DEBUG dbcounter [-] [107313] Writing DB stats nova_cell0:SELECT=3,nova_cell0:UPDATE=1 {{(pid=107313) stat_writer /opt/stack/data/venv/lib/python3.12/site-packages/dbcounter.py:115}}
Apr 03 02:58:38.735405 np0000163377 nova-scheduler[107306]: DEBUG dbcounter [-] [107306] Writing DB stats nova_cell0:SELECT=4,nova_cell0:INSERT=1,nova_cell0:UPDATE=1 {{(pid=107306) stat_writer /opt/stack/data/venv/lib/python3.12/site-packages/dbcounter.py:115}}
Apr 03 02:58:38.736547 np0000163377 nova-scheduler[107319]: DEBUG dbcounter [-] [107319] Writing DB stats nova_cell0:SELECT=3,nova_cell0:UPDATE=1 {{(pid=107319) stat_writer /opt/stack/data/venv/lib/python3.12/site-packages/dbcounter.py:115}}
Apr 03 02:58:52.720953 np0000163377 nova-scheduler[107319]: DEBUG oslo.service.backend._threading.loopingcall [None req-759a3343-ad70-4117-ad51-62c031f8cacd None None] Dynamic interval looping call 'nova.service.Service.periodic_tasks' sleeping for 60.00 seconds {{(pid=107319) _run_loop /opt/stack/data/venv/lib/python3.12/site-packages/oslo_service/backend/_threading/loopingcall.py:125}}
Apr 03 02:59:14.726072 np0000163377 nova-scheduler[107306]: DEBUG oslo.service.backend._threading.loopingcall [None req-10544c4e-0625-4dab-ab49-f3c9b3366595 None None] Dynamic interval looping call 'nova.service.Service.periodic_tasks' sleeping for 60.00 seconds {{(pid=107306) _run_loop /opt/stack/data/venv/lib/python3.12/site-packages/oslo_service/backend/_threading/loopingcall.py:125}}
Apr 03 02:59:28.716013 np0000163377 nova-scheduler[107298]: DEBUG oslo.service.backend._threading.loopingcall [None req-657fb265-709a-4b02-8d60-520ed35476bd None None] Dynamic interval looping call 'nova.service.Service.periodic_tasks' sleeping for 60.00 seconds {{(pid=107298) _run_loop /opt/stack/data/venv/lib/python3.12/site-packages/oslo_service/backend/_threading/loopingcall.py:125}}
Apr 03 02:59:35.712824 np0000163377 nova-scheduler[107313]: DEBUG oslo.service.backend._threading.loopingcall [None req-fd324c67-e6ca-4879-bc0f-73706f3f41c4 None None] Dynamic interval looping call 'nova.service.Service.periodic_tasks' sleeping for 60.00 seconds {{(pid=107313) _run_loop /opt/stack/data/venv/lib/python3.12/site-packages/oslo_service/backend/_threading/loopingcall.py:125}}
Apr 03 02:59:52.721833 np0000163377 nova-scheduler[107319]: DEBUG oslo.service.backend._threading.loopingcall [None req-759a3343-ad70-4117-ad51-62c031f8cacd None None] Dynamic interval looping call 'nova.service.Service.periodic_tasks' sleeping for 60.00 seconds {{(pid=107319) _run_loop /opt/stack/data/venv/lib/python3.12/site-packages/oslo_service/backend/_threading/loopingcall.py:125}}
Apr 03 03:00:14.726579 np0000163377 nova-scheduler[107306]: DEBUG oslo.service.backend._threading.loopingcall [None req-10544c4e-0625-4dab-ab49-f3c9b3366595 None None] Dynamic interval looping call 'nova.service.Service.periodic_tasks' sleeping for 60.00 seconds {{(pid=107306) _run_loop /opt/stack/data/venv/lib/python3.12/site-packages/oslo_service/backend/_threading/loopingcall.py:125}}
Apr 03 03:00:28.717316 np0000163377 nova-scheduler[107298]: DEBUG oslo.service.backend._threading.loopingcall [None req-657fb265-709a-4b02-8d60-520ed35476bd None None] Dynamic interval looping call 'nova.service.Service.periodic_tasks' sleeping for 60.00 seconds {{(pid=107298) _run_loop /opt/stack/data/venv/lib/python3.12/site-packages/oslo_service/backend/_threading/loopingcall.py:125}}
Apr 03 03:00:28.718909 np0000163377 nova-scheduler[107313]: DEBUG oslo.service.backend._threading.loopingcall [-] Fixed interval looping call 'nova.servicegroup.drivers.db.DbDriver._report_state' sleeping for 119.99 seconds {{(pid=107313) _run_loop /opt/stack/data/venv/lib/python3.12/site-packages/oslo_service/backend/_threading/loopingcall.py:125}}
Apr 03 03:00:28.721482 np0000163377 nova-scheduler[107298]: DEBUG oslo.service.backend._threading.loopingcall [-] Fixed interval looping call 'nova.servicegroup.drivers.db.DbDriver._report_state' sleeping for 119.99 seconds {{(pid=107298) _run_loop /opt/stack/data/venv/lib/python3.12/site-packages/oslo_service/backend/_threading/loopingcall.py:125}}
Apr 03 03:00:28.723310 np0000163377 nova-scheduler[107319]: DEBUG oslo.service.backend._threading.loopingcall [-] Fixed interval looping call 'nova.servicegroup.drivers.db.DbDriver._report_state' sleeping for 120.00 seconds {{(pid=107319) _run_loop /opt/stack/data/venv/lib/python3.12/site-packages/oslo_service/backend/_threading/loopingcall.py:125}}
Apr 03 03:00:28.732857 np0000163377 nova-scheduler[107306]: DEBUG oslo.service.backend._threading.loopingcall [-] Fixed interval looping call 'nova.servicegroup.drivers.db.DbDriver._report_state' sleeping for 119.99 seconds {{(pid=107306) _run_loop /opt/stack/data/venv/lib/python3.12/site-packages/oslo_service/backend/_threading/loopingcall.py:125}}
Apr 03 03:00:35.713691 np0000163377 nova-scheduler[107313]: DEBUG oslo.service.backend._threading.loopingcall [None req-fd324c67-e6ca-4879-bc0f-73706f3f41c4 None None] Dynamic interval looping call 'nova.service.Service.periodic_tasks' sleeping for 60.00 seconds {{(pid=107313) _run_loop /opt/stack/data/venv/lib/python3.12/site-packages/oslo_service/backend/_threading/loopingcall.py:125}}
Apr 03 03:00:38.712447 np0000163377 nova-scheduler[107313]: DEBUG dbcounter [-] [107313] Writing DB stats nova_cell0:SELECT=1,nova_cell0:UPDATE=1 {{(pid=107313) stat_writer /opt/stack/data/venv/lib/python3.12/site-packages/dbcounter.py:115}}
Apr 03 03:00:38.718629 np0000163377 nova-scheduler[107298]: DEBUG dbcounter [-] [107298] Writing DB stats nova_cell0:SELECT=1 {{(pid=107298) stat_writer /opt/stack/data/venv/lib/python3.12/site-packages/dbcounter.py:115}}
Apr 03 03:00:38.721375 np0000163377 nova-scheduler[107319]: DEBUG dbcounter [-] [107319] Writing DB stats nova_cell0:SELECT=1 {{(pid=107319) stat_writer /opt/stack/data/venv/lib/python3.12/site-packages/dbcounter.py:115}}
Apr 03 03:00:38.730138 np0000163377 nova-scheduler[107306]: DEBUG dbcounter [-] [107306] Writing DB stats nova_cell0:SELECT=1 {{(pid=107306) stat_writer /opt/stack/data/venv/lib/python3.12/site-packages/dbcounter.py:115}}
Apr 03 03:00:52.722551 np0000163377 nova-scheduler[107319]: DEBUG oslo.service.backend._threading.loopingcall [None req-759a3343-ad70-4117-ad51-62c031f8cacd None None] Dynamic interval looping call 'nova.service.Service.periodic_tasks' sleeping for 60.00 seconds {{(pid=107319) _run_loop /opt/stack/data/venv/lib/python3.12/site-packages/oslo_service/backend/_threading/loopingcall.py:125}}
Apr 03 03:01:14.727185 np0000163377 nova-scheduler[107306]: DEBUG oslo.service.backend._threading.loopingcall [None req-10544c4e-0625-4dab-ab49-f3c9b3366595 None None] Dynamic interval looping call 'nova.service.Service.periodic_tasks' sleeping for 60.00 seconds {{(pid=107306) _run_loop /opt/stack/data/venv/lib/python3.12/site-packages/oslo_service/backend/_threading/loopingcall.py:125}}
Apr 03 03:01:28.718181 np0000163377 nova-scheduler[107298]: DEBUG oslo.service.backend._threading.loopingcall [None req-657fb265-709a-4b02-8d60-520ed35476bd None None] Dynamic interval looping call 'nova.service.Service.periodic_tasks' sleeping for 60.00 seconds {{(pid=107298) _run_loop /opt/stack/data/venv/lib/python3.12/site-packages/oslo_service/backend/_threading/loopingcall.py:125}}
Apr 03 03:01:35.714305 np0000163377 nova-scheduler[107313]: DEBUG oslo.service.backend._threading.loopingcall [None req-fd324c67-e6ca-4879-bc0f-73706f3f41c4 None None] Dynamic interval looping call 'nova.service.Service.periodic_tasks' sleeping for 60.00 seconds {{(pid=107313) _run_loop /opt/stack/data/venv/lib/python3.12/site-packages/oslo_service/backend/_threading/loopingcall.py:125}}
Apr 03 03:01:52.723349 np0000163377 nova-scheduler[107319]: DEBUG oslo.service.backend._threading.loopingcall [None req-759a3343-ad70-4117-ad51-62c031f8cacd None None] Dynamic interval looping call 'nova.service.Service.periodic_tasks' sleeping for 60.00 seconds {{(pid=107319) _run_loop /opt/stack/data/venv/lib/python3.12/site-packages/oslo_service/backend/_threading/loopingcall.py:125}}
Apr 03 03:02:14.727843 np0000163377 nova-scheduler[107306]: DEBUG oslo.service.backend._threading.loopingcall [None req-10544c4e-0625-4dab-ab49-f3c9b3366595 None None] Dynamic interval looping call 'nova.service.Service.periodic_tasks' sleeping for 60.00 seconds {{(pid=107306) _run_loop /opt/stack/data/venv/lib/python3.12/site-packages/oslo_service/backend/_threading/loopingcall.py:125}}