Apr 03 02:57:52.299745 np0000163377 devstack@neutron-api.service[102041]: DEBUG ovsdbapp.backend.ovs_idl [None req-0fb37bed-2f73-4b4e-9050-76fab5ef7c4f None None] Created schema index Chassis_Private.name {{(pid=102041) autocreate_indices /opt/stack/data/venv/lib/python3.12/site-packages/ovsdbapp/backend/ovs_idl/__init__.py:106}}
Apr 03 02:57:52.299745 np0000163377 devstack@neutron-api.service[102041]: DEBUG ovsdbapp.backend.ovs_idl [None req-0fb37bed-2f73-4b4e-9050-76fab5ef7c4f None None] Created schema index Datapath_Binding.tunnel_key {{(pid=102041) autocreate_indices /opt/stack/data/venv/lib/python3.12/site-packages/ovsdbapp/backend/ovs_idl/__init__.py:106}}
Apr 03 02:57:52.301605 np0000163377 devstack@neutron-api.service[102041]: INFO ovsdbapp.backend.ovs_idl.vlog [None req-0fb37bed-2f73-4b4e-9050-76fab5ef7c4f None None] ssl:199.19.213.225:6642: connecting...
Apr 03 02:57:52.304308 np0000163377 devstack@neutron-api.service[102042]: DEBUG ovsdbapp.backend.ovs_idl [None req-2a99e8a4-aac7-4d9c-8d00-cea2623c64bd None None] Created lookup_table index Chassis.name {{(pid=102042) autocreate_indices /opt/stack/data/venv/lib/python3.12/site-packages/ovsdbapp/backend/ovs_idl/__init__.py:87}}
Apr 03 02:57:52.304308 np0000163377 devstack@neutron-api.service[102042]: DEBUG ovsdbapp.backend.ovs_idl [None req-2a99e8a4-aac7-4d9c-8d00-cea2623c64bd None None] Created lookup_table index Port_Binding.logical_port {{(pid=102042) autocreate_indices /opt/stack/data/venv/lib/python3.12/site-packages/ovsdbapp/backend/ovs_idl/__init__.py:87}}
Apr 03 02:57:52.304471 np0000163377 devstack@neutron-api.service[102042]: DEBUG ovsdbapp.backend.ovs_idl [None req-2a99e8a4-aac7-4d9c-8d00-cea2623c64bd None None] Created schema index Chassis_Private.name {{(pid=102042) autocreate_indices /opt/stack/data/venv/lib/python3.12/site-packages/ovsdbapp/backend/ovs_idl/__init__.py:106}}
Apr 03 02:57:52.304471 np0000163377 devstack@neutron-api.service[102042]: DEBUG ovsdbapp.backend.ovs_idl [None req-2a99e8a4-aac7-4d9c-8d00-cea2623c64bd None None] Created schema index Datapath_Binding.tunnel_key {{(pid=102042) autocreate_indices /opt/stack/data/venv/lib/python3.12/site-packages/ovsdbapp/backend/ovs_idl/__init__.py:106}}
Apr 03 02:57:52.305206 np0000163377 devstack@neutron-api.service[102043]: DEBUG neutron.common.ovn.hash_ring_manager [None req-1df8e4dd-4404-4a08-a6f6-cde517fa90a9 None None] Hash Ring loaded. 4 active nodes. 0 offline nodes {{(pid=102043) _load_hash_ring /opt/stack/neutron/neutron/common/ovn/hash_ring_manager.py:102}}
Apr 03 02:57:52.305403 np0000163377 devstack@neutron-api.service[102043]: DEBUG neutron.plugins.ml2.drivers.ovn.mech_driver.ovsdb.ovsdb_monitor [None req-1df8e4dd-4404-4a08-a6f6-cde517fa90a9 None None] ChassisAgentWriteEvent : Matched Chassis_Private, create, None None {{(pid=102043) matches /opt/stack/neutron/neutron/plugins/ml2/drivers/ovn/mech_driver/ovsdb/ovsdb_monitor.py:64}}
Apr 03 02:57:52.305591 np0000163377 devstack@neutron-api.service[102043]: DEBUG neutron.plugins.ml2.drivers.ovn.mech_driver.ovsdb.ovsdb_monitor [None req-1df8e4dd-4404-4a08-a6f6-cde517fa90a9 None None] ChassisOVNAgentWriteEvent : Matched Chassis_Private, create, None None {{(pid=102043) matches /opt/stack/neutron/neutron/plugins/ml2/drivers/ovn/mech_driver/ovsdb/ovsdb_monitor.py:64}}
Apr 03 02:57:52.306884 np0000163377 devstack@neutron-api.service[102042]: INFO ovsdbapp.backend.ovs_idl.vlog [None req-2a99e8a4-aac7-4d9c-8d00-cea2623c64bd None None] ssl:199.19.213.225:6642: connecting...
Apr 03 02:57:52.307597 np0000163377 devstack@neutron-api.service[102041]: INFO ovsdbapp.backend.ovs_idl.vlog [None req-0fb37bed-2f73-4b4e-9050-76fab5ef7c4f None None] ssl:199.19.213.225:6642: connected
Apr 03 02:57:52.308037 np0000163377 devstack@neutron-api.service[102043]: INFO neutron.plugins.ml2.drivers.ovn.mech_driver.mech_driver [None req-1df8e4dd-4404-4a08-a6f6-cde517fa90a9 None None] WorkerService process has finished the post initialization
Apr 03 02:57:52.309341 np0000163377 devstack@neutron-api.service[102043]: WSGI app 0 (mountpoint='') ready in 8 seconds on interpreter 0x7430b1aa3668 pid: 102043 (default app)
Apr 03 02:57:52.312231 np0000163377 devstack@neutron-api.service[102042]: INFO ovsdbapp.backend.ovs_idl.vlog [None req-2a99e8a4-aac7-4d9c-8d00-cea2623c64bd None None] ssl:199.19.213.225:6642: connected
Apr 03 02:57:52.339418 np0000163377 devstack@neutron-api.service[102042]: DEBUG neutron.common.ovn.hash_ring_manager [None req-2a99e8a4-aac7-4d9c-8d00-cea2623c64bd None None] Allow caching, nodes 4>=4 {{(pid=102042) _wait_startup_before_caching /opt/stack/neutron/neutron/common/ovn/hash_ring_manager.py:65}}
Apr 03 02:57:52.346210 np0000163377 devstack@neutron-api.service[102041]: DEBUG neutron.common.ovn.hash_ring_manager [None req-0fb37bed-2f73-4b4e-9050-76fab5ef7c4f None None] Allow caching, nodes 4>=4 {{(pid=102041) _wait_startup_before_caching /opt/stack/neutron/neutron/common/ovn/hash_ring_manager.py:65}}
Apr 03 02:57:52.347842 np0000163377 devstack@neutron-api.service[102042]: DEBUG neutron.common.ovn.hash_ring_manager [None req-2a99e8a4-aac7-4d9c-8d00-cea2623c64bd None None] Hash Ring loaded. 4 active nodes. 0 offline nodes {{(pid=102042) _load_hash_ring /opt/stack/neutron/neutron/common/ovn/hash_ring_manager.py:102}}
Apr 03 02:57:52.348140 np0000163377 devstack@neutron-api.service[102042]: DEBUG neutron.plugins.ml2.drivers.ovn.mech_driver.ovsdb.ovsdb_monitor [None req-2a99e8a4-aac7-4d9c-8d00-cea2623c64bd None None] Hash Ring: Node b4fb6845fc1a5bd5a80172e5610ff67d (host: np0000163377) handling event "create" for row fb408bbd-3fd6-4ac6-850e-dcd341ac05ad (table: Chassis) {{(pid=102042) notify /opt/stack/neutron/neutron/plugins/ml2/drivers/ovn/mech_driver/ovsdb/ovsdb_monitor.py:912}}
Apr 03 02:57:52.349529 np0000163377 devstack@neutron-api.service[102042]: DEBUG ovsdbapp.backend.ovs_idl.event [None req-2a99e8a4-aac7-4d9c-8d00-cea2623c64bd None None] Matched CREATE: ChassisBandwidthConfigEvent(events=('create', 'update'), table='Chassis', conditions=None, old_conditions=None), priority=20 to row=Chassis(uuid=fb408bbd-3fd6-4ac6-850e-dcd341ac05ad, encaps=[83c5beb5-6849-4a31-9c44-3d563d40cb9a], external_ids={}, hostname='np0000163377', name='e35216f4-2010-48ce-93c9-5a5de43b6b52', nb_cfg=0, other_config={'ct-commit-nat-v2': 'true', 'ct-commit-to-zone': 'true', 'ct-next-zone': 'true', 'ct-no-masked-label': 'true', 'ct-state-save': 'true', 'datapath-type': 'system', 'fdb-timestamp': 'true', 'iface-types': 'afxdp,afxdp-nonpmd,bareudp,erspan,geneve,gre,gtpu,internal,ip6erspan,ip6gre,lisp,patch,srv6,stt,system,tap,vxlan', 'is-interconn': 'false', 'ls-dpg-column': 'true', 'mac-binding-timestamp': 'true', 'ovn-bridge-mappings': 'public:br-ex', 'ovn-chassis-mac-mappings': '', 'ovn-cms-options': 'enable-chassis-as-gw', 'ovn-ct-lb-related': 'true', 'ovn-enable-lflow-cache': 'true', 'ovn-limit-lflow-cache': '', 'ovn-memlimit-lflow-cache-kb': '', 'ovn-monitor-all': 'false', 'ovn-trim-limit-lflow-cache': '', 'ovn-trim-timeout-ms': '', 'ovn-trim-wmark-perc-lflow-cache': '', 'port-up-notif': 'true'}, transport_zones=[], vtep_logical_switches=[]) old= {{(pid=102042) matches /opt/stack/data/venv/lib/python3.12/site-packages/ovsdbapp/backend/ovs_idl/event.py:55}}
Apr 03 02:57:52.350264 np0000163377 devstack@neutron-api.service[102042]: DEBUG neutron.plugins.ml2.drivers.ovn.mech_driver.ovsdb.ovsdb_monitor [None req-2a99e8a4-aac7-4d9c-8d00-cea2623c64bd None None] ChassisAgentWriteEvent : Matched Chassis_Private, create, None None {{(pid=102042) matches /opt/stack/neutron/neutron/plugins/ml2/drivers/ovn/mech_driver/ovsdb/ovsdb_monitor.py:64}}
Apr 03 02:57:52.350565 np0000163377 devstack@neutron-api.service[102042]: DEBUG neutron.plugins.ml2.drivers.ovn.mech_driver.ovsdb.ovsdb_monitor [None req-2a99e8a4-aac7-4d9c-8d00-cea2623c64bd None None] ChassisOVNAgentWriteEvent : Matched Chassis_Private, create, None None {{(pid=102042) matches /opt/stack/neutron/neutron/plugins/ml2/drivers/ovn/mech_driver/ovsdb/ovsdb_monitor.py:64}}
Apr 03 02:57:52.350992 np0000163377 devstack@neutron-api.service[102041]: DEBUG neutron.common.ovn.hash_ring_manager [None req-0fb37bed-2f73-4b4e-9050-76fab5ef7c4f None None] Hash Ring loaded. 4 active nodes. 0 offline nodes {{(pid=102041) _load_hash_ring /opt/stack/neutron/neutron/common/ovn/hash_ring_manager.py:102}}
Apr 03 02:57:52.351075 np0000163377 devstack@neutron-api.service[102042]: DEBUG neutron.plugins.ml2.drivers.ovn.mech_driver.ovsdb.ovsdb_monitor [None req-2a99e8a4-aac7-4d9c-8d00-cea2623c64bd None None] Hash Ring: Node b4fb6845fc1a5bd5a80172e5610ff67d (host: np0000163377) handling event "create" for row 83c5beb5-6849-4a31-9c44-3d563d40cb9a (table: Encap) {{(pid=102042) notify /opt/stack/neutron/neutron/plugins/ml2/drivers/ovn/mech_driver/ovsdb/ovsdb_monitor.py:912}}
Apr 03 02:57:52.351442 np0000163377 devstack@neutron-api.service[102041]: DEBUG neutron.plugins.ml2.drivers.ovn.mech_driver.ovsdb.ovsdb_monitor [None req-0fb37bed-2f73-4b4e-9050-76fab5ef7c4f None None] ChassisOVNAgentWriteEvent : Matched Chassis_Private, create, None None {{(pid=102041) matches /opt/stack/neutron/neutron/plugins/ml2/drivers/ovn/mech_driver/ovsdb/ovsdb_monitor.py:64}}
Apr 03 02:57:52.351700 np0000163377 devstack@neutron-api.service[102041]: DEBUG neutron.plugins.ml2.drivers.ovn.mech_driver.ovsdb.ovsdb_monitor [None req-0fb37bed-2f73-4b4e-9050-76fab5ef7c4f None None] ChassisAgentWriteEvent : Matched Chassis_Private, create, None None {{(pid=102041) matches /opt/stack/neutron/neutron/plugins/ml2/drivers/ovn/mech_driver/ovsdb/ovsdb_monitor.py:64}}
Apr 03 02:57:52.352314 np0000163377 devstack@neutron-api.service[102041]: DEBUG neutron.plugins.ml2.drivers.ovn.mech_driver.ovsdb.ovsdb_monitor [None req-0fb37bed-2f73-4b4e-9050-76fab5ef7c4f None None] Hash Ring: Node cc9cb8ee40ce5e7fad0717a83588d768 (host: np0000163377) handling event "create" for row bccfd8bc-4632-4b97-8378-2f4b5a1a8272 (table: Chassis_Private) {{(pid=102041) notify /opt/stack/neutron/neutron/plugins/ml2/drivers/ovn/mech_driver/ovsdb/ovsdb_monitor.py:912}}
Apr 03 02:57:52.352657 np0000163377 devstack@neutron-api.service[102042]: INFO neutron.plugins.ml2.drivers.ovn.mech_driver.mech_driver [None req-2a99e8a4-aac7-4d9c-8d00-cea2623c64bd None None] WorkerService process has finished the post initialization
Apr 03 02:57:52.353568 np0000163377 devstack@neutron-api.service[102042]: INFO neutron.plugins.ml2.drivers.ovn.mech_driver.ovsdb.extensions.qos [-] Starting OVNClientQosExtension
Apr 03 02:57:52.353773 np0000163377 devstack@neutron-api.service[102042]: INFO neutron.plugins.ml2.drivers.ovn.mech_driver.ovsdb.extensions.placement [-] Starting OVNClientPlacementExtension
Apr 03 02:57:52.355395 np0000163377 devstack@neutron-api.service[102041]: INFO neutron.plugins.ml2.drivers.ovn.mech_driver.mech_driver [None req-0fb37bed-2f73-4b4e-9050-76fab5ef7c4f None None] WorkerService process has finished the post initialization
Apr 03 02:57:52.355788 np0000163377 devstack@neutron-api.service[102042]: WSGI app 0 (mountpoint='') ready in 8 seconds on interpreter 0x7430b1aa3668 pid: 102042 (default app)
Apr 03 02:57:52.357219 np0000163377 devstack@neutron-api.service[102041]: WSGI app 0 (mountpoint='') ready in 8 seconds on interpreter 0x7430b1aa3668 pid: 102041 (default app)
Apr 03 02:57:53.648856 np0000163377 devstack@neutron-api.service[102040]: DEBUG neutron.common.ovn.hash_ring_manager [-] Allow caching, nodes 4>=4 {{(pid=102040) _wait_startup_before_caching /opt/stack/neutron/neutron/common/ovn/hash_ring_manager.py:65}}
Apr 03 02:57:53.648856 np0000163377 devstack@neutron-api.service[102040]: DEBUG neutron.plugins.ml2.drivers.ovn.mech_driver.ovsdb.ovsdb_monitor [-] Hash Ring: Node b32d241167ac597a853fe03e148e2916 (host: np0000163377) handling event "update" for row 6ac22aec-1c1f-450b-8a9b-2b855c3823d1 (table: Connection) {{(pid=102040) notify /opt/stack/neutron/neutron/plugins/ml2/drivers/ovn/mech_driver/ovsdb/ovsdb_monitor.py:912}}
Apr 03 02:57:56.150192 np0000163377 devstack@neutron-api.service[102040]: DEBUG neutron.plugins.ml2.drivers.ovn.mech_driver.ovsdb.ovsdb_monitor [-] Hash Ring: Node b32d241167ac597a853fe03e148e2916 (host: np0000163377) handling event "update" for row 6ac22aec-1c1f-450b-8a9b-2b855c3823d1 (table: Connection) {{(pid=102040) notify /opt/stack/neutron/neutron/plugins/ml2/drivers/ovn/mech_driver/ovsdb/ovsdb_monitor.py:912}}
Apr 03 02:57:57.768678 np0000163377 devstack@neutron-api.service[102040]: DEBUG neutron.api.wsgi [None req-d9f42cfa-d1ff-491a-b9ff-cfc1e6ec808d admin admin] Missing Content-Type {{(pid=102040) get_content_type /opt/stack/neutron/neutron/api/wsgi.py:85}}
Apr 03 02:57:57.769595 np0000163377 devstack@neutron-api.service[102040]: DEBUG neutron.api.wsgi [None req-d9f42cfa-d1ff-491a-b9ff-cfc1e6ec808d admin admin] https://199.19.213.225/networking/v2.0/extensions returned with HTTP 200 {{(pid=102040) __call__ /opt/stack/neutron/neutron/api/wsgi.py:545}}
Apr 03 02:57:57.769595 np0000163377 devstack@neutron-api.service[102040]: [pid: 102040|app: 0|req: 2/2] 199.19.213.225 () {64 vars in 1323 bytes} [Fri Apr 3 02:57:57 2026] GET /networking/v2.0/extensions => generated 15208 bytes in 274 msecs (HTTP/1.1 200) 4 headers in 159 bytes (1 switches on core 0)
Apr 03 02:57:58.192543 np0000163377 devstack@neutron-api.service[102043]: DEBUG neutron.api.v2.base [None req-1085abaf-5941-452b-9d16-c312d1e76fb5 admin admin] Request body: {'subnetpool': {'prefixes': ['10.1.0.0/20'], 'is_default': True, 'default_prefixlen': 26, 'name': 'shared-default-subnetpool-v4', 'shared': True}} {{(pid=102043) prepare_request_body /opt/stack/neutron/neutron/api/v2/base.py:729}}
Apr 03 02:57:58.406143 np0000163377 devstack@neutron-api.service[102043]: DEBUG neutron.policy [None req-1085abaf-5941-452b-9d16-c312d1e76fb5 admin admin] Loaded default policies from ['neutron'] under neutron.policies entry points {{(pid=102043) register_rules /opt/stack/neutron/neutron/policy.py:65}}
Apr 03 02:57:58.553347 np0000163377 devstack@neutron-api.service[102043]: DEBUG neutron_lib.callbacks.manager [None req-1085abaf-5941-452b-9d16-c312d1e76fb5 admin admin] Publish callbacks ['neutron.objects.securitygroup.RbacNeutronDbObjectMixin.validate_rbac_policy_change-3179429926461', 'neutron.objects.address_group.RbacNeutronDbObjectMixin.validate_rbac_policy_change-3179430031704', 'neutron.objects.network.RbacNeutronDbObjectMixin.validate_rbac_policy_change-3179429891713', 'neutron.objects.qos.policy.RbacNeutronDbObjectMixin.validate_rbac_policy_change-3179429892996', 'neutron.objects.subnetpool.RbacNeutronDbObjectMixin.validate_rbac_policy_change-3179430001615', 'neutron.objects.address_scope.RbacNeutronDbObjectMixin.validate_rbac_policy_change-3179430000668', 'neutron.plugins.ml2.plugin.External_net_db_mixin._process_ext_policy_create-7385672', 'neutron.plugins.ml2.plugin.NeutronDbPluginV2.validate_network_rbac_policy_change-7377640'] for rbac-policy (None), before_create {{(pid=102043) _notify_loop /opt/stack/data/venv/lib/python3.12/site-packages/neutron_lib/callbacks/manager.py:184}}
Apr 03 02:57:58.602616 np0000163377 devstack@neutron-api.service[102043]: DEBUG neutron_lib.callbacks.manager [None req-1085abaf-5941-452b-9d16-c312d1e76fb5 admin admin] Publish callbacks [] for subnetpool (None), before_response {{(pid=102043) _notify_loop /opt/stack/data/venv/lib/python3.12/site-packages/neutron_lib/callbacks/manager.py:184}}
Apr 03 02:57:58.603332 np0000163377 devstack@neutron-api.service[102043]: [pid: 102043|app: 0|req: 1/3] 199.19.213.225 () {68 vars in 1367 bytes} [Fri Apr 3 02:57:58 2026] POST /networking/v2.0/subnetpools => generated 533 bytes in 518 msecs (HTTP/1.1 201) 4 headers in 162 bytes (1 switches on core 0)
Apr 03 02:57:58.913751 np0000163377 devstack@neutron-api.service[102042]: DEBUG neutron.api.v2.base [None req-4040457f-6bd6-40ce-bb06-306abc115285 admin admin] Request body: {'subnetpool': {'prefixes': ['fd24:3a99:70f0::/56'], 'is_default': True, 'default_prefixlen': 64, 'name': 'shared-default-subnetpool-v6', 'shared': True}} {{(pid=102042) prepare_request_body /opt/stack/neutron/neutron/api/v2/base.py:729}}
Apr 03 02:57:59.087429 np0000163377 devstack@neutron-api.service[102042]: DEBUG neutron.policy [None req-4040457f-6bd6-40ce-bb06-306abc115285 admin admin] Loaded default policies from ['neutron'] under neutron.policies entry points {{(pid=102042) register_rules /opt/stack/neutron/neutron/policy.py:65}}
Apr 03 02:57:59.257600 np0000163377 devstack@neutron-api.service[102042]: DEBUG neutron_lib.callbacks.manager [None req-4040457f-6bd6-40ce-bb06-306abc115285 admin admin] Publish callbacks ['neutron.objects.securitygroup.RbacNeutronDbObjectMixin.validate_rbac_policy_change-3179430078180', 'neutron.objects.address_group.RbacNeutronDbObjectMixin.validate_rbac_policy_change-3179430049882', 'neutron.objects.network.RbacNeutronDbObjectMixin.validate_rbac_policy_change-3179429918036', 'neutron.objects.qos.policy.RbacNeutronDbObjectMixin.validate_rbac_policy_change-3179429913078', 'neutron.objects.subnetpool.RbacNeutronDbObjectMixin.validate_rbac_policy_change-3179430018985', 'neutron.objects.address_scope.RbacNeutronDbObjectMixin.validate_rbac_policy_change-3179430018361', 'neutron.plugins.ml2.plugin.External_net_db_mixin._process_ext_policy_create-1996882', 'neutron.plugins.ml2.plugin.NeutronDbPluginV2.validate_network_rbac_policy_change-1971378'] for rbac-policy (None), before_create {{(pid=102042) _notify_loop /opt/stack/data/venv/lib/python3.12/site-packages/neutron_lib/callbacks/manager.py:184}}
Apr 03 02:57:59.306182 np0000163377 devstack@neutron-api.service[102042]: DEBUG neutron_lib.callbacks.manager [None req-4040457f-6bd6-40ce-bb06-306abc115285 admin admin] Publish callbacks [] for subnetpool (None), before_response {{(pid=102042) _notify_loop /opt/stack/data/venv/lib/python3.12/site-packages/neutron_lib/callbacks/manager.py:184}}
Apr 03 02:57:59.306666 np0000163377 devstack@neutron-api.service[102042]: [pid: 102042|app: 0|req: 1/4] 199.19.213.225 () {68 vars in 1367 bytes} [Fri Apr 3 02:57:58 2026] POST /networking/v2.0/subnetpools => generated 543 bytes in 504 msecs (HTTP/1.1 201) 4 headers in 162 bytes (1 switches on core 0)
Apr 03 02:57:59.702664 np0000163377 devstack@neutron-api.service[102041]: DEBUG neutron.api.v2.base [None req-7ac56479-6b92-45db-ab5a-2a0b713d7fab admin admin] Request body: {'network': {'name': 'private', 'admin_state_up': True}} {{(pid=102041) prepare_request_body /opt/stack/neutron/neutron/api/v2/base.py:729}}
Apr 03 02:57:59.728507 np0000163377 devstack@neutron-api.service[102041]: DEBUG neutron.pecan_wsgi.hooks.quota_enforcement [None req-7ac56479-6b92-45db-ab5a-2a0b713d7fab admin admin] Made reservation on behalf of 916d74e6a8b34c38b4f5228d4118d9f8 for: {'network': 1} {{(pid=102041) before /opt/stack/neutron/neutron/pecan_wsgi/hooks/quota_enforcement.py:66}}
Apr 03 02:57:59.908385 np0000163377 devstack@neutron-api.service[102041]: DEBUG neutron.policy [None req-7ac56479-6b92-45db-ab5a-2a0b713d7fab admin admin] Loaded default policies from ['neutron'] under neutron.policies entry points {{(pid=102041) register_rules /opt/stack/neutron/neutron/policy.py:65}}
Apr 03 02:58:00.009117 np0000163377 devstack@neutron-api.service[102041]: DEBUG neutron_lib.callbacks.manager [None req-7ac56479-6b92-45db-ab5a-2a0b713d7fab admin admin] Publish callbacks ['neutron.plugins.ml2.plugin.SecurityGroupDbMixin._ensure_default_security_group_handler-1983026'] for network (None), before_create {{(pid=102041) _notify_loop /opt/stack/data/venv/lib/python3.12/site-packages/neutron_lib/callbacks/manager.py:184}}
Apr 03 02:58:00.029548 np0000163377 devstack@neutron-api.service[102041]: DEBUG neutron_lib.callbacks.manager [None req-7ac56479-6b92-45db-ab5a-2a0b713d7fab admin admin] Publish callbacks [] for security_group (None), before_create {{(pid=102041) _notify_loop /opt/stack/data/venv/lib/python3.12/site-packages/neutron_lib/callbacks/manager.py:184}}
Apr 03 02:58:00.135217 np0000163377 devstack@neutron-api.service[102041]: DEBUG neutron_lib.callbacks.manager [None req-7ac56479-6b92-45db-ab5a-2a0b713d7fab admin admin] Publish callbacks ['neutron.plugins.ml2.drivers.ovn.mech_driver.mech_driver.OVNMechanismDriver._create_security_group_precommit-350144'] for security_group (0463da2f-680b-424f-b817-568d6ca87b24), precommit_create {{(pid=102041) _notify_loop /opt/stack/data/venv/lib/python3.12/site-packages/neutron_lib/callbacks/manager.py:184}}
Apr 03 02:58:00.135555 np0000163377 devstack@neutron-api.service[102041]: DEBUG neutron.db.ovn_revision_numbers_db [None req-7ac56479-6b92-45db-ab5a-2a0b713d7fab admin admin] create_initial_revision uuid=0463da2f-680b-424f-b817-568d6ca87b24, type=security_groups, rev=-1 {{(pid=102041) create_initial_revision /opt/stack/neutron/neutron/db/ovn_revision_numbers_db.py:98}}
Apr 03 02:58:00.138518 np0000163377 devstack@neutron-api.service[102041]: DEBUG neutron.db.ovn_revision_numbers_db [None req-7ac56479-6b92-45db-ab5a-2a0b713d7fab admin admin] create_initial_revision uuid=23dd1b76-75da-486c-9474-d804403f49ba, type=security_group_rules, rev=-1 {{(pid=102041) create_initial_revision /opt/stack/neutron/neutron/db/ovn_revision_numbers_db.py:98}}
Apr 03 02:58:00.139537 np0000163377 devstack@neutron-api.service[102041]: DEBUG neutron.db.ovn_revision_numbers_db [None req-7ac56479-6b92-45db-ab5a-2a0b713d7fab admin admin] create_initial_revision uuid=523d1975-bfa1-435a-ad6b-382330e93281, type=security_group_rules, rev=-1 {{(pid=102041) create_initial_revision /opt/stack/neutron/neutron/db/ovn_revision_numbers_db.py:98}}
Apr 03 02:58:00.140543 np0000163377 devstack@neutron-api.service[102041]: DEBUG neutron.db.ovn_revision_numbers_db [None req-7ac56479-6b92-45db-ab5a-2a0b713d7fab admin admin] create_initial_revision uuid=b0f9fbc6-382d-42eb-be86-18cdf1e92911, type=security_group_rules, rev=-1 {{(pid=102041) create_initial_revision /opt/stack/neutron/neutron/db/ovn_revision_numbers_db.py:98}}
Apr 03 02:58:00.141499 np0000163377 devstack@neutron-api.service[102041]: DEBUG neutron.db.ovn_revision_numbers_db [None req-7ac56479-6b92-45db-ab5a-2a0b713d7fab admin admin] create_initial_revision uuid=be0510c0-9ea7-4db2-8e14-ab3a64cdac22, type=security_group_rules, rev=-1 {{(pid=102041) create_initial_revision /opt/stack/neutron/neutron/db/ovn_revision_numbers_db.py:98}}
Apr 03 02:58:00.150429 np0000163377 devstack@neutron-api.service[102041]: DEBUG neutron_lib.callbacks.manager [None req-7ac56479-6b92-45db-ab5a-2a0b713d7fab admin admin] Publish callbacks ['neutron.plugins.ml2.drivers.ovn.mech_driver.mech_driver.OVNMechanismDriver._create_security_group-350174', 'neutron.plugins.ml2.ovo_rpc._ObjectChangeHandler.handle_event-3824010'] for security_group (0463da2f-680b-424f-b817-568d6ca87b24), after_create {{(pid=102041) _notify_loop /opt/stack/data/venv/lib/python3.12/site-packages/neutron_lib/callbacks/manager.py:184}}
Apr 03 02:58:00.150737 np0000163377 devstack@neutron-api.service[102041]: INFO neutron.plugins.ml2.drivers.ovn.mech_driver.ovsdb.extensions.qos [None req-7ac56479-6b92-45db-ab5a-2a0b713d7fab admin admin] Starting OVNClientQosExtension
Apr 03 02:58:00.150968 np0000163377 devstack@neutron-api.service[102041]: INFO neutron.plugins.ml2.drivers.ovn.mech_driver.ovsdb.extensions.placement [None req-7ac56479-6b92-45db-ab5a-2a0b713d7fab admin admin] Starting OVNClientPlacementExtension
Apr 03 02:58:00.152616 np0000163377 devstack@neutron-api.service[102041]: DEBUG ovsdbapp.backend.ovs_idl.transaction [-] Running txn n=1 command(idx=0): PgAddCommand(_result=None, name=pg_0463da2f_680b_424f_b817_568d6ca87b24, may_exist=False, columns={'acls': [], 'external_ids': {'neutron:security_group_id': '0463da2f-680b-424f-b817-568d6ca87b24'}}) {{(pid=102041) do_commit /opt/stack/data/venv/lib/python3.12/site-packages/ovsdbapp/backend/ovs_idl/transaction.py:89}}
Apr 03 02:58:00.154764 np0000163377 devstack@neutron-api.service[102041]: DEBUG ovsdbapp.backend.ovs_idl.transaction [-] Running txn n=1 command(idx=1): PgAclAddCommand(_result=None, entity=pg_0463da2f_680b_424f_b817_568d6ca87b24, direction=to-lport, priority=1002, match=outport == @pg_0463da2f_680b_424f_b817_568d6ca87b24 && ip6 && ip6.src == $pg_0463da2f_680b_424f_b817_568d6ca87b24_ip6, action=allow-related, log=False, may_exist=True, severity=[], name=[], meter=[], external_ids={'neutron:security_group_rule_id': '23dd1b76-75da-486c-9474-d804403f49ba'}) {{(pid=102041) do_commit /opt/stack/data/venv/lib/python3.12/site-packages/ovsdbapp/backend/ovs_idl/transaction.py:89}}
Apr 03 02:58:00.155384 np0000163377 devstack@neutron-api.service[102041]: DEBUG ovsdbapp.backend.ovs_idl.transaction [-] Running txn n=1 command(idx=2): PgAclAddCommand(_result=None, entity=pg_0463da2f_680b_424f_b817_568d6ca87b24, direction=to-lport, priority=1002, match=outport == @pg_0463da2f_680b_424f_b817_568d6ca87b24 && ip4 && ip4.src == $pg_0463da2f_680b_424f_b817_568d6ca87b24_ip4, action=allow-related, log=False, may_exist=True, severity=[], name=[], meter=[], external_ids={'neutron:security_group_rule_id': '523d1975-bfa1-435a-ad6b-382330e93281'}) {{(pid=102041) do_commit /opt/stack/data/venv/lib/python3.12/site-packages/ovsdbapp/backend/ovs_idl/transaction.py:89}}
Apr 03 02:58:00.155897 np0000163377 devstack@neutron-api.service[102041]: DEBUG ovsdbapp.backend.ovs_idl.transaction [-] Running txn n=1 command(idx=3): PgAclAddCommand(_result=None, entity=pg_0463da2f_680b_424f_b817_568d6ca87b24, direction=from-lport, priority=1002, match=inport == @pg_0463da2f_680b_424f_b817_568d6ca87b24 && ip4, action=allow-related, log=False, may_exist=True, severity=[], name=[], meter=[], external_ids={'neutron:security_group_rule_id': 'b0f9fbc6-382d-42eb-be86-18cdf1e92911'}) {{(pid=102041) do_commit /opt/stack/data/venv/lib/python3.12/site-packages/ovsdbapp/backend/ovs_idl/transaction.py:89}}
Apr 03 02:58:00.156466 np0000163377 devstack@neutron-api.service[102041]: DEBUG ovsdbapp.backend.ovs_idl.transaction [-] Running txn n=1 command(idx=4): PgAclAddCommand(_result=None, entity=pg_0463da2f_680b_424f_b817_568d6ca87b24, direction=from-lport, priority=1002, match=inport == @pg_0463da2f_680b_424f_b817_568d6ca87b24 && ip6, action=allow-related, log=False, may_exist=True, severity=[], name=[], meter=[], external_ids={'neutron:security_group_rule_id': 'be0510c0-9ea7-4db2-8e14-ab3a64cdac22'}) {{(pid=102041) do_commit /opt/stack/data/venv/lib/python3.12/site-packages/ovsdbapp/backend/ovs_idl/transaction.py:89}}
Apr 03 02:58:00.162541 np0000163377 devstack@neutron-api.service[102041]: DEBUG neutron.plugins.ml2.drivers.ovn.mech_driver.ovsdb.ovsdb_monitor [-] Hash Ring: Node cc9cb8ee40ce5e7fad0717a83588d768 (host: np0000163377) handling event "create" for row dc2acb94-2379-4ccb-8583-2a4f0ff63d04 (table: ACL) {{(pid=102041) notify /opt/stack/neutron/neutron/plugins/ml2/drivers/ovn/mech_driver/ovsdb/ovsdb_monitor.py:912}}
Apr 03 02:58:00.164075 np0000163377 devstack@neutron-api.service[102042]: DEBUG neutron.plugins.ml2.drivers.ovn.mech_driver.ovsdb.ovsdb_monitor [-] Hash Ring: Node b4fb6845fc1a5bd5a80172e5610ff67d (host: np0000163377) handling event "create" for row 2ae02add-a016-4262-9e64-48a3aa12f66f (table: ACL) {{(pid=102042) notify /opt/stack/neutron/neutron/plugins/ml2/drivers/ovn/mech_driver/ovsdb/ovsdb_monitor.py:912}}
Apr 03 02:58:00.164409 np0000163377 devstack@neutron-api.service[102042]: DEBUG neutron.plugins.ml2.drivers.ovn.mech_driver.ovsdb.ovsdb_monitor [-] Hash Ring: Node b4fb6845fc1a5bd5a80172e5610ff67d (host: np0000163377) handling event "create" for row 4f16f641-b58d-418d-88bc-c96fbfd859a6 (table: Port_Group) {{(pid=102042) notify /opt/stack/neutron/neutron/plugins/ml2/drivers/ovn/mech_driver/ovsdb/ovsdb_monitor.py:912}}
Apr 03 02:58:00.165768 np0000163377 devstack@neutron-api.service[102040]: DEBUG neutron.plugins.ml2.drivers.ovn.mech_driver.ovsdb.ovsdb_monitor [-] Hash Ring: Node b32d241167ac597a853fe03e148e2916 (host: np0000163377) handling event "create" for row 2ae02add-a016-4262-9e64-48a3aa12f66f (table: ACL) {{(pid=102040) notify /opt/stack/neutron/neutron/plugins/ml2/drivers/ovn/mech_driver/ovsdb/ovsdb_monitor.py:912}}
Apr 03 02:58:00.166239 np0000163377 devstack@neutron-api.service[102040]: DEBUG neutron.plugins.ml2.drivers.ovn.mech_driver.ovsdb.ovsdb_monitor [-] Hash Ring: Node b32d241167ac597a853fe03e148e2916 (host: np0000163377) handling event "create" for row 3548f43d-9ddb-46c4-abc7-2600bfd12329 (table: ACL) {{(pid=102040) notify /opt/stack/neutron/neutron/plugins/ml2/drivers/ovn/mech_driver/ovsdb/ovsdb_monitor.py:912}}
Apr 03 02:58:00.166646 np0000163377 devstack@neutron-api.service[102040]: DEBUG neutron.plugins.ml2.drivers.ovn.mech_driver.ovsdb.ovsdb_monitor [-] Hash Ring: Node b32d241167ac597a853fe03e148e2916 (host: np0000163377) handling event "create" for row 8109e8d0-e192-4e78-96e5-9ec13507aad3 (table: ACL) {{(pid=102040) notify /opt/stack/neutron/neutron/plugins/ml2/drivers/ovn/mech_driver/ovsdb/ovsdb_monitor.py:912}}
Apr 03 02:58:00.167361 np0000163377 devstack@neutron-api.service[102040]: DEBUG neutron.plugins.ml2.drivers.ovn.mech_driver.ovsdb.ovsdb_monitor [-] Hash Ring: Node b32d241167ac597a853fe03e148e2916 (host: np0000163377) handling event "create" for row dc2acb94-2379-4ccb-8583-2a4f0ff63d04 (table: ACL) {{(pid=102040) notify /opt/stack/neutron/neutron/plugins/ml2/drivers/ovn/mech_driver/ovsdb/ovsdb_monitor.py:912}}
Apr 03 02:58:00.167558 np0000163377 devstack@neutron-api.service[102040]: DEBUG neutron.plugins.ml2.drivers.ovn.mech_driver.ovsdb.ovsdb_monitor [-] Hash Ring: Node b32d241167ac597a853fe03e148e2916 (host: np0000163377) handling event "create" for row 4f16f641-b58d-418d-88bc-c96fbfd859a6 (table: Port_Group) {{(pid=102040) notify /opt/stack/neutron/neutron/plugins/ml2/drivers/ovn/mech_driver/ovsdb/ovsdb_monitor.py:912}}
Apr 03 02:58:00.167765 np0000163377 devstack@neutron-api.service[102043]: DEBUG neutron.plugins.ml2.drivers.ovn.mech_driver.ovsdb.ovsdb_monitor [-] Hash Ring: Node b6ecc0280e1152bb8c33a9051c0a45f8 (host: np0000163377) handling event "create" for row 3548f43d-9ddb-46c4-abc7-2600bfd12329 (table: ACL) {{(pid=102043) notify /opt/stack/neutron/neutron/plugins/ml2/drivers/ovn/mech_driver/ovsdb/ovsdb_monitor.py:912}}
Apr 03 02:58:00.189964 np0000163377 devstack@neutron-api.service[102041]: INFO neutron.db.ovn_revision_numbers_db [None req-7ac56479-6b92-45db-ab5a-2a0b713d7fab admin admin] Successfully bumped revision number for resource 0463da2f-680b-424f-b817-568d6ca87b24 (type: security_groups) to 1
Apr 03 02:58:00.208683 np0000163377 devstack@neutron-api.service[102041]: INFO neutron.db.ovn_revision_numbers_db [None req-7ac56479-6b92-45db-ab5a-2a0b713d7fab admin admin] Successfully bumped revision number for resource 23dd1b76-75da-486c-9474-d804403f49ba (type: security_group_rules) to 0
Apr 03 02:58:00.222696 np0000163377 devstack@neutron-api.service[102041]: INFO neutron.db.ovn_revision_numbers_db [None req-7ac56479-6b92-45db-ab5a-2a0b713d7fab admin admin] Successfully bumped revision number for resource 523d1975-bfa1-435a-ad6b-382330e93281 (type: security_group_rules) to 0
Apr 03 02:58:00.235104 np0000163377 devstack@neutron-api.service[102041]: INFO neutron.db.ovn_revision_numbers_db [None req-7ac56479-6b92-45db-ab5a-2a0b713d7fab admin admin] Successfully bumped revision number for resource b0f9fbc6-382d-42eb-be86-18cdf1e92911 (type: security_group_rules) to 0
Apr 03 02:58:00.246771 np0000163377 devstack@neutron-api.service[102041]: INFO neutron.db.ovn_revision_numbers_db [None req-7ac56479-6b92-45db-ab5a-2a0b713d7fab admin admin] Successfully bumped revision number for resource be0510c0-9ea7-4db2-8e14-ab3a64cdac22 (type: security_group_rules) to 0
Apr 03 02:58:00.274358 np0000163377 devstack@neutron-api.service[102041]: DEBUG neutron.api.rpc.handlers.resources_rpc [None req-7ac56479-6b92-45db-ab5a-2a0b713d7fab admin admin] Pushing event updated for resources: {'SecurityGroup': ['ID=0463da2f-680b-424f-b817-568d6ca87b24,revision_number=1']} {{(pid=102041) push /opt/stack/neutron/neutron/api/rpc/handlers/resources_rpc.py:237}}
Apr 03 02:58:00.281067 np0000163377 devstack@neutron-api.service[102041]: DEBUG ovsdbapp.backend.ovs_idl.transaction [-] Running txn n=1 command(idx=0): CheckLivenessCommand(_result=None) {{(pid=102041) do_commit /opt/stack/data/venv/lib/python3.12/site-packages/ovsdbapp/backend/ovs_idl/transaction.py:89}}
Apr 03 02:58:00.284843 np0000163377 devstack@neutron-api.service[102040]: DEBUG neutron.plugins.ml2.drivers.ovn.mech_driver.ovsdb.ovsdb_monitor [-] Hash Ring: Node b32d241167ac597a853fe03e148e2916 (host: np0000163377) handling event "update" for row c2421aa5-534b-4c1d-806a-56aa20e3ed1b (table: NB_Global) {{(pid=102040) notify /opt/stack/neutron/neutron/plugins/ml2/drivers/ovn/mech_driver/ovsdb/ovsdb_monitor.py:912}}
Apr 03 02:58:00.285570 np0000163377 devstack@neutron-api.service[102042]: DEBUG neutron.plugins.ml2.drivers.ovn.mech_driver.ovsdb.ovsdb_monitor [-] Hash Ring: Node b4fb6845fc1a5bd5a80172e5610ff67d (host: np0000163377) handling event "update" for row c2421aa5-534b-4c1d-806a-56aa20e3ed1b (table: NB_Global) {{(pid=102042) notify /opt/stack/neutron/neutron/plugins/ml2/drivers/ovn/mech_driver/ovsdb/ovsdb_monitor.py:912}}
Apr 03 02:58:00.285898 np0000163377 devstack@neutron-api.service[102040]: DEBUG neutron.plugins.ml2.drivers.ovn.mech_driver.ovsdb.ovsdb_monitor [-] Hash Ring: Node b32d241167ac597a853fe03e148e2916 (host: np0000163377) handling event "update" for row c2421aa5-534b-4c1d-806a-56aa20e3ed1b (table: NB_Global) {{(pid=102040) notify /opt/stack/neutron/neutron/plugins/ml2/drivers/ovn/mech_driver/ovsdb/ovsdb_monitor.py:912}}
Apr 03 02:58:00.286727 np0000163377 devstack@neutron-api.service[102042]: DEBUG neutron.plugins.ml2.drivers.ovn.mech_driver.ovsdb.ovsdb_monitor [-] Hash Ring: Node b4fb6845fc1a5bd5a80172e5610ff67d (host: np0000163377) handling event "update" for row c2421aa5-534b-4c1d-806a-56aa20e3ed1b (table: NB_Global) {{(pid=102042) notify /opt/stack/neutron/neutron/plugins/ml2/drivers/ovn/mech_driver/ovsdb/ovsdb_monitor.py:912}}
Apr 03 02:58:00.286956 np0000163377 devstack@neutron-api.service[102041]: DEBUG neutron.api.rpc.callbacks.version_manager [None req-7ac56479-6b92-45db-ab5a-2a0b713d7fab admin admin] Tracked resource versions report:
Apr 03 02:58:00.286956 np0000163377 devstack@neutron-api.service[102041]: pushed versions:
Apr 03 02:58:00.286956 np0000163377 devstack@neutron-api.service[102041]: { 'AddressGroup': {'1.2'},
Apr 03 02:58:00.286956 np0000163377 devstack@neutron-api.service[102041]: 'Agent': {'1.1'},
Apr 03 02:58:00.286956 np0000163377 devstack@neutron-api.service[102041]: 'ConntrackHelper': {'1.0'},
Apr 03 02:58:00.286956 np0000163377 devstack@neutron-api.service[102041]: 'LocalIPAssociation': {'1.0'},
Apr 03 02:58:00.286956 np0000163377 devstack@neutron-api.service[102041]: 'Log': {'1.0'},
Apr 03 02:58:00.286956 np0000163377 devstack@neutron-api.service[102041]: 'NDPProxy': {'1.0'},
Apr 03 02:58:00.286956 np0000163377 devstack@neutron-api.service[102041]: 'Network': {'1.2'},
Apr 03 02:58:00.286956 np0000163377 devstack@neutron-api.service[102041]: 'Port': {'1.10'},
Apr 03 02:58:00.286956 np0000163377 devstack@neutron-api.service[102041]: 'PortForwarding': {'1.3'},
Apr 03 02:58:00.286956 np0000163377 devstack@neutron-api.service[102041]: 'QosPolicy': {'1.10'},
Apr 03 02:58:00.286956 np0000163377 devstack@neutron-api.service[102041]: 'SecurityGroup': {'1.6'},
Apr 03 02:58:00.286956 np0000163377 devstack@neutron-api.service[102041]: 'SecurityGroupRule': {'1.3'},
Apr 03 02:58:00.286956 np0000163377 devstack@neutron-api.service[102041]: 'SubPort': {'1.0'},
Apr 03 02:58:00.286956 np0000163377 devstack@neutron-api.service[102041]: 'Subnet': {'1.2'},
Apr 03 02:58:00.286956 np0000163377 devstack@neutron-api.service[102041]: 'Trunk': {'1.1'}}
Apr 03 02:58:00.286956 np0000163377 devstack@neutron-api.service[102041]: consumer versions:
Apr 03 02:58:00.286956 np0000163377 devstack@neutron-api.service[102041]: {}
Apr 03 02:58:00.286956 np0000163377 devstack@neutron-api.service[102041]: {{(pid=102041) report /opt/stack/neutron/neutron/api/rpc/callbacks/version_manager.py:183}}
Apr 03 02:58:00.289144 np0000163377 devstack@neutron-api.service[102040]: DEBUG neutron.plugins.ml2.drivers.ovn.mech_driver.ovsdb.ovsdb_monitor [-] Hash Ring: Node b32d241167ac597a853fe03e148e2916 (host: np0000163377) handling event "update" for row c2421aa5-534b-4c1d-806a-56aa20e3ed1b (table: NB_Global) {{(pid=102040) notify /opt/stack/neutron/neutron/plugins/ml2/drivers/ovn/mech_driver/ovsdb/ovsdb_monitor.py:912}}
Apr 03 02:58:00.290313 np0000163377 devstack@neutron-api.service[102042]: DEBUG neutron.plugins.ml2.drivers.ovn.mech_driver.ovsdb.ovsdb_monitor [-] Hash Ring: Node b4fb6845fc1a5bd5a80172e5610ff67d (host: np0000163377) handling event "update" for row c2421aa5-534b-4c1d-806a-56aa20e3ed1b (table: NB_Global) {{(pid=102042) notify /opt/stack/neutron/neutron/plugins/ml2/drivers/ovn/mech_driver/ovsdb/ovsdb_monitor.py:912}}
Apr 03 02:58:00.290816 np0000163377 devstack@neutron-api.service[102040]: DEBUG neutron.plugins.ml2.drivers.ovn.mech_driver.ovsdb.ovsdb_monitor [-] ChassisAgentWriteEvent : Matched Chassis_Private, update, None None {{(pid=102040) matches /opt/stack/neutron/neutron/plugins/ml2/drivers/ovn/mech_driver/ovsdb/ovsdb_monitor.py:64}}
Apr 03 02:58:00.290959 np0000163377 devstack@neutron-api.service[102042]: DEBUG neutron.plugins.ml2.drivers.ovn.mech_driver.ovsdb.ovsdb_monitor [-] ChassisAgentWriteEvent : Matched Chassis_Private, update, None None {{(pid=102042) matches /opt/stack/neutron/neutron/plugins/ml2/drivers/ovn/mech_driver/ovsdb/ovsdb_monitor.py:64}}
Apr 03 02:58:00.291926 np0000163377 devstack@neutron-api.service[102042]: DEBUG neutron.plugins.ml2.drivers.ovn.mech_driver.ovsdb.ovsdb_monitor [-] Hash Ring: Node b4fb6845fc1a5bd5a80172e5610ff67d (host: np0000163377) handling event "update" for row c2421aa5-534b-4c1d-806a-56aa20e3ed1b (table: NB_Global) {{(pid=102042) notify /opt/stack/neutron/neutron/plugins/ml2/drivers/ovn/mech_driver/ovsdb/ovsdb_monitor.py:912}}
Apr 03 02:58:00.292144 np0000163377 devstack@neutron-api.service[102040]: DEBUG neutron.plugins.ml2.drivers.ovn.mech_driver.ovsdb.ovsdb_monitor [-] Hash Ring: Node b32d241167ac597a853fe03e148e2916 (host: np0000163377) handling event "update" for row c2421aa5-534b-4c1d-806a-56aa20e3ed1b (table: NB_Global) {{(pid=102040) notify /opt/stack/neutron/neutron/plugins/ml2/drivers/ovn/mech_driver/ovsdb/ovsdb_monitor.py:912}}
Apr 03 02:58:00.292797 np0000163377 devstack@neutron-api.service[102043]: DEBUG neutron.plugins.ml2.drivers.ovn.mech_driver.ovsdb.ovsdb_monitor [-] ChassisAgentWriteEvent : Matched Chassis_Private, update, None None {{(pid=102043) matches /opt/stack/neutron/neutron/plugins/ml2/drivers/ovn/mech_driver/ovsdb/ovsdb_monitor.py:64}}
Apr 03 02:58:00.294850 np0000163377 devstack@neutron-api.service[102041]: DEBUG neutron.plugins.ml2.drivers.ovn.mech_driver.ovsdb.ovsdb_monitor [-] ChassisAgentWriteEvent : Matched Chassis_Private, update, None None {{(pid=102041) matches /opt/stack/neutron/neutron/plugins/ml2/drivers/ovn/mech_driver/ovsdb/ovsdb_monitor.py:64}}
Apr 03 02:58:00.295266 np0000163377 devstack@neutron-api.service[102041]: DEBUG neutron.plugins.ml2.drivers.ovn.mech_driver.ovsdb.ovsdb_monitor [-] Hash Ring: Node cc9cb8ee40ce5e7fad0717a83588d768 (host: np0000163377) handling event "update" for row bccfd8bc-4632-4b97-8378-2f4b5a1a8272 (table: Chassis_Private) {{(pid=102041) notify /opt/stack/neutron/neutron/plugins/ml2/drivers/ovn/mech_driver/ovsdb/ovsdb_monitor.py:912}}
Apr 03 02:58:00.295717 np0000163377 devstack@neutron-api.service[102042]: DEBUG neutron.plugins.ml2.drivers.ovn.mech_driver.ovsdb.ovsdb_monitor [-] ChassisOVNAgentWriteEvent : Matched Chassis_Private, update, None None {{(pid=102042) matches /opt/stack/neutron/neutron/plugins/ml2/drivers/ovn/mech_driver/ovsdb/ovsdb_monitor.py:64}}
Apr 03 02:58:00.295865 np0000163377 devstack@neutron-api.service[102040]: DEBUG neutron.common.ovn.hash_ring_manager [-] Allow caching, nodes 4>=4 {{(pid=102040) _wait_startup_before_caching /opt/stack/neutron/neutron/common/ovn/hash_ring_manager.py:65}}
Apr 03 02:58:00.296002 np0000163377 devstack@neutron-api.service[102040]: DEBUG neutron.plugins.ml2.drivers.ovn.mech_driver.ovsdb.ovsdb_monitor [-] Hash Ring: Node b32d241167ac597a853fe03e148e2916 (host: np0000163377) handling event "update" for row bccfd8bc-4632-4b97-8378-2f4b5a1a8272 (table: Chassis_Private) {{(pid=102040) notify /opt/stack/neutron/neutron/plugins/ml2/drivers/ovn/mech_driver/ovsdb/ovsdb_monitor.py:912}}
Apr 03 02:58:00.297113 np0000163377 devstack@neutron-api.service[102040]: DEBUG neutron.plugins.ml2.drivers.ovn.mech_driver.ovsdb.ovsdb_monitor [-] ChassisOVNAgentWriteEvent : Matched Chassis_Private, update, None None {{(pid=102040) matches /opt/stack/neutron/neutron/plugins/ml2/drivers/ovn/mech_driver/ovsdb/ovsdb_monitor.py:64}}
Apr 03 02:58:00.297515 np0000163377 devstack@neutron-api.service[102043]: DEBUG neutron.plugins.ml2.drivers.ovn.mech_driver.ovsdb.ovsdb_monitor [-] ChassisOVNAgentWriteEvent : Matched Chassis_Private, update, None None {{(pid=102043) matches /opt/stack/neutron/neutron/plugins/ml2/drivers/ovn/mech_driver/ovsdb/ovsdb_monitor.py:64}}
Apr 03 02:58:00.297597 np0000163377 devstack@neutron-api.service[102040]: DEBUG neutron.plugins.ml2.drivers.ovn.mech_driver.ovsdb.ovsdb_monitor [-] Hash Ring: Node b32d241167ac597a853fe03e148e2916 (host: np0000163377) handling event "update" for row bccfd8bc-4632-4b97-8378-2f4b5a1a8272 (table: Chassis_Private) {{(pid=102040) notify /opt/stack/neutron/neutron/plugins/ml2/drivers/ovn/mech_driver/ovsdb/ovsdb_monitor.py:912}}
Apr 03 02:58:00.299626 np0000163377 devstack@neutron-api.service[102041]: DEBUG neutron.plugins.ml2.drivers.ovn.mech_driver.ovsdb.ovsdb_monitor [-] ChassisOVNAgentWriteEvent : Matched Chassis_Private, update, None None {{(pid=102041) matches /opt/stack/neutron/neutron/plugins/ml2/drivers/ovn/mech_driver/ovsdb/ovsdb_monitor.py:64}}
Apr 03 02:58:00.300101 np0000163377 devstack@neutron-api.service[102041]: DEBUG neutron.plugins.ml2.drivers.ovn.mech_driver.ovsdb.ovsdb_monitor [-] Hash Ring: Node cc9cb8ee40ce5e7fad0717a83588d768 (host: np0000163377) handling event "update" for row bccfd8bc-4632-4b97-8378-2f4b5a1a8272 (table: Chassis_Private) {{(pid=102041) notify /opt/stack/neutron/neutron/plugins/ml2/drivers/ovn/mech_driver/ovsdb/ovsdb_monitor.py:912}}
Apr 03 02:58:00.356963 np0000163377 devstack@neutron-api.service[102041]: DEBUG neutron.plugins.ml2.drivers.helpers [None req-7ac56479-6b92-45db-ab5a-2a0b713d7fab admin admin] geneve segment allocate from pool success with {'geneve_vni': 2997} {{(pid=102041) allocate_partially_specified_segment /opt/stack/neutron/neutron/plugins/ml2/drivers/helpers.py:142}}
Apr 03 02:58:00.370891 np0000163377 devstack@neutron-api.service[102041]: DEBUG neutron_lib.callbacks.manager [None req-7ac56479-6b92-45db-ab5a-2a0b713d7fab admin admin] Publish callbacks ['neutron.services.segments.db._add_segment_host_mapping_for_segment-7984523488290', 'neutron.plugins.ml2.plugin.Ml2Plugin._handle_segment_change-139214'] for segment (d0234544-ff11-4b77-a821-d33cf8cb3807), precommit_create {{(pid=102041) _notify_loop /opt/stack/data/venv/lib/python3.12/site-packages/neutron_lib/callbacks/manager.py:184}}
Apr 03 02:58:00.371071 np0000163377 devstack@neutron-api.service[102041]: INFO neutron.db.segments_db [None req-7ac56479-6b92-45db-ab5a-2a0b713d7fab admin admin] Added segment d0234544-ff11-4b77-a821-d33cf8cb3807 of type geneve for network 7a4caa78-b26b-40b7-ba9f-3bb338a3d377
Apr 03 02:58:00.420277 np0000163377 devstack@neutron-api.service[102041]: DEBUG neutron_lib.callbacks.manager [None req-7ac56479-6b92-45db-ab5a-2a0b713d7fab admin admin] Publish callbacks ['neutron.services.auto_allocate.db._ensure_external_network_default_value_callback-7984521791572'] for network (7a4caa78-b26b-40b7-ba9f-3bb338a3d377), precommit_create {{(pid=102041) _notify_loop /opt/stack/data/venv/lib/python3.12/site-packages/neutron_lib/callbacks/manager.py:184}}
Apr 03 02:58:00.442729 np0000163377 devstack@neutron-api.service[102041]: DEBUG neutron.plugins.ml2.drivers.ovn.mech_driver.mech_driver [None req-7ac56479-6b92-45db-ab5a-2a0b713d7fab admin admin] Validating network segment with type geneve, segmentation ID 2997, physical network None {{(pid=102041) _validate_network_segments /opt/stack/neutron/neutron/plugins/ml2/drivers/ovn/mech_driver/mech_driver.py:631}}
Apr 03 02:58:00.442936 np0000163377 devstack@neutron-api.service[102041]: DEBUG neutron.db.ovn_revision_numbers_db [None req-7ac56479-6b92-45db-ab5a-2a0b713d7fab admin admin] create_initial_revision uuid=7a4caa78-b26b-40b7-ba9f-3bb338a3d377, type=networks, rev=-1 {{(pid=102041) create_initial_revision /opt/stack/neutron/neutron/db/ovn_revision_numbers_db.py:98}}
Apr 03 02:58:00.462170 np0000163377 devstack@neutron-api.service[102041]: DEBUG neutron_lib.callbacks.manager [None req-7ac56479-6b92-45db-ab5a-2a0b713d7fab admin admin] Publish callbacks ['neutron.plugins.ml2.ovo_rpc._ObjectChangeHandler.handle_event-3824005'] for network (7a4caa78-b26b-40b7-ba9f-3bb338a3d377), after_create {{(pid=102041) _notify_loop /opt/stack/data/venv/lib/python3.12/site-packages/neutron_lib/callbacks/manager.py:184}}
Apr 03 02:58:00.510120 np0000163377 devstack@neutron-api.service[102041]: DEBUG neutron.api.rpc.handlers.resources_rpc [None req-7ac56479-6b92-45db-ab5a-2a0b713d7fab admin admin] Pushing event updated for resources: {'Network': ['ID=7a4caa78-b26b-40b7-ba9f-3bb338a3d377,revision_number=1']} {{(pid=102041) push /opt/stack/neutron/neutron/api/rpc/handlers/resources_rpc.py:237}}
Apr 03 02:58:00.518110 np0000163377 devstack@neutron-api.service[102041]: DEBUG ovsdbapp.backend.ovs_idl.transaction [-] Running txn n=1 command(idx=0): AddNetworkCommand(_result=None, network_uuid=7a4caa78-b26b-40b7-ba9f-3bb338a3d377, may_exist=True, columns={'external_ids': {'neutron:network_name': 'private', 'neutron:mtu': '1372', 'neutron:revision_number': '1', 'neutron:availability_zone_hints': '', 'neutron:provnet-network-type': 'geneve'}, 'other_config': {'mcast_snoop': 'false', 'mcast_flood_unregistered': 'false', 'vlan-passthru': 'false'}}) {{(pid=102041) do_commit /opt/stack/data/venv/lib/python3.12/site-packages/ovsdbapp/backend/ovs_idl/transaction.py:89}}
Apr 03 02:58:00.518896 np0000163377 devstack@neutron-api.service[102041]: DEBUG neutron.common.ovn.utils [-] OVS persist_uuid supported=True {{(pid=102041) ovs_persist_uuid_supported /opt/stack/neutron/neutron/common/ovn/utils.py:1535}}
Apr 03 02:58:00.523104 np0000163377 devstack@neutron-api.service[102041]: DEBUG neutron.plugins.ml2.drivers.ovn.mech_driver.ovsdb.ovsdb_monitor [-] Hash Ring: Node cc9cb8ee40ce5e7fad0717a83588d768 (host: np0000163377) handling event "create" for row 7a4caa78-b26b-40b7-ba9f-3bb338a3d377 (table: Logical_Switch) {{(pid=102041) notify /opt/stack/neutron/neutron/plugins/ml2/drivers/ovn/mech_driver/ovsdb/ovsdb_monitor.py:912}}
Apr 03 02:58:00.523852 np0000163377 devstack@neutron-api.service[102040]: DEBUG neutron.plugins.ml2.drivers.ovn.mech_driver.ovsdb.ovsdb_monitor [-] Hash Ring: Node b32d241167ac597a853fe03e148e2916 (host: np0000163377) handling event "create" for row 7a4caa78-b26b-40b7-ba9f-3bb338a3d377 (table: Logical_Switch) {{(pid=102040) notify /opt/stack/neutron/neutron/plugins/ml2/drivers/ovn/mech_driver/ovsdb/ovsdb_monitor.py:912}}
Apr 03 02:58:00.528909 np0000163377 devstack@neutron-api.service[102040]: DEBUG neutron.plugins.ml2.drivers.ovn.mech_driver.ovsdb.ovsdb_monitor [-] Hash Ring: Node b32d241167ac597a853fe03e148e2916 (host: np0000163377) handling event "create" for row a6bbd317-cae0-4f94-b052-b98cd99ade86 (table: Datapath_Binding) {{(pid=102040) notify /opt/stack/neutron/neutron/plugins/ml2/drivers/ovn/mech_driver/ovsdb/ovsdb_monitor.py:912}}
Apr 03 02:58:00.538803 np0000163377 devstack@neutron-api.service[102041]: DEBUG neutron.plugins.ml2.drivers.ovn.mech_driver.ovsdb.ovsdb_monitor [-] Hash Ring: Node cc9cb8ee40ce5e7fad0717a83588d768 (host: np0000163377) handling event "create" for row a6bbd317-cae0-4f94-b052-b98cd99ade86 (table: Datapath_Binding) {{(pid=102041) notify /opt/stack/neutron/neutron/plugins/ml2/drivers/ovn/mech_driver/ovsdb/ovsdb_monitor.py:912}}
Apr 03 02:58:00.554137 np0000163377 devstack@neutron-api.service[102041]: INFO neutron.db.ovn_revision_numbers_db [None req-7ac56479-6b92-45db-ab5a-2a0b713d7fab admin admin] Successfully bumped revision number for resource 7a4caa78-b26b-40b7-ba9f-3bb338a3d377 (type: networks) to 1
Apr 03 02:58:00.617041 np0000163377 devstack@neutron-api.service[102041]: DEBUG neutron_lib.callbacks.manager [None req-7ac56479-6b92-45db-ab5a-2a0b713d7fab admin admin] Publish callbacks ['neutron.plugins.ml2.plugin.SecurityGroupDbMixin._ensure_default_security_group_handler-1983026'] for port (None), before_create {{(pid=102041) _notify_loop /opt/stack/data/venv/lib/python3.12/site-packages/neutron_lib/callbacks/manager.py:184}}
Apr 03 02:58:00.716974 np0000163377 devstack@neutron-api.service[102041]: DEBUG neutron_lib.callbacks.manager [None req-7ac56479-6b92-45db-ab5a-2a0b713d7fab admin admin] Publish callbacks ['neutron.plugins.ml2.drivers.ovn.mech_driver.mech_driver.OVNMechanismDriver._validate_allowed_address_pairs-349768'] for allowed_address_pair (a3e23c2b-3620-445f-a6b6-5dc4193e82ea), before_create {{(pid=102041) _notify_loop /opt/stack/data/venv/lib/python3.12/site-packages/neutron_lib/callbacks/manager.py:184}}
Apr 03 02:58:00.718030 np0000163377 devstack@neutron-api.service[102041]: DEBUG neutron_lib.callbacks.manager [None req-7ac56479-6b92-45db-ab5a-2a0b713d7fab admin admin] Publish callbacks [] for port (a3e23c2b-3620-445f-a6b6-5dc4193e82ea), precommit_create {{(pid=102041) _notify_loop /opt/stack/data/venv/lib/python3.12/site-packages/neutron_lib/callbacks/manager.py:184}}
