2026-05-09 17:30:25.575 9 INFO neutron.wsgi [-] 10.0.0.127 "GET / HTTP/1.1" status: 200 len: 247 time: 0.0022957
2026-05-09 17:30:25.580 9 INFO neutron.wsgi [-] 10.0.0.127 "GET / HTTP/1.1" status: 200 len: 247 time: 0.0032578
2026-05-09 17:30:40.578 10 INFO neutron.wsgi [-] 10.0.0.127 "GET / HTTP/1.1" status: 200 len: 247 time: 0.0053711
2026-05-09 17:30:40.579 9 INFO neutron.wsgi [-] 10.0.0.127 "GET / HTTP/1.1" status: 200 len: 247 time: 0.0054708
2026-05-09 17:30:55.574 9 INFO neutron.wsgi [-] 10.0.0.127 "GET / HTTP/1.1" status: 200 len: 247 time: 0.0012629
2026-05-09 17:30:55.576 10 INFO neutron.wsgi [-] 10.0.0.127 "GET / HTTP/1.1" status: 200 len: 247 time: 0.0032456
2026-05-09 17:31:10.575 10 INFO neutron.wsgi [-] 10.0.0.127 "GET / HTTP/1.1" status: 200 len: 247 time: 0.0021927
2026-05-09 17:31:10.575 9 INFO neutron.wsgi [-] 10.0.0.127 "GET / HTTP/1.1" status: 200 len: 247 time: 0.0022821
2026-05-09 17:31:25.575 10 INFO neutron.wsgi [-] 10.0.0.127 "GET / HTTP/1.1" status: 200 len: 247 time: 0.0026782
2026-05-09 17:31:25.575 9 INFO neutron.wsgi [-] 10.0.0.127 "GET / HTTP/1.1" status: 200 len: 247 time: 0.0025268
2026-05-09 17:31:40.580 9 INFO neutron.wsgi [-] 10.0.0.127 "GET / HTTP/1.1" status: 200 len: 247 time: 0.0039084
2026-05-09 17:31:40.583 9 INFO neutron.wsgi [-] 10.0.0.127 "GET / HTTP/1.1" status: 200 len: 247 time: 0.0016944
2026-05-09 17:31:55.574 9 INFO neutron.wsgi [-] 10.0.0.127 "GET / HTTP/1.1" status: 200 len: 247 time: 0.0017066
2026-05-09 17:31:55.574 10 INFO neutron.wsgi [-] 10.0.0.127 "GET / HTTP/1.1" status: 200 len: 247 time: 0.0017805
2026-05-09 17:32:10.574 9 INFO neutron.wsgi [-] 10.0.0.127 "GET / HTTP/1.1" status: 200 len: 247 time: 0.0016625
2026-05-09 17:32:10.575 10 INFO neutron.wsgi [-] 10.0.0.127 "GET / HTTP/1.1" status: 200 len: 247 time: 0.0022576
2026-05-09 17:32:25.575 10 INFO neutron.wsgi [-] 10.0.0.127 "GET / HTTP/1.1" status: 200 len: 247 time: 0.0026245
2026-05-09 17:32:25.579 10 INFO neutron.wsgi [-] 10.0.0.127 "GET / HTTP/1.1" status: 200 len: 247 time: 0.0028665
2026-05-09 17:32:40.575 10 INFO neutron.wsgi [-] 10.0.0.127 "GET / HTTP/1.1" status: 200 len: 247 time: 0.0018396
2026-05-09 17:32:40.587 9 INFO neutron.wsgi [-] 10.0.0.127 "GET / HTTP/1.1" status: 200 len: 247 time: 0.0132699
2026-05-09 17:32:53.714 15 INFO neutron.db.ovn_revision_numbers_db [None req-fee7405a-5b43-4b86-834c-107fb3accd92 - - - - - -] Successfully bumped revision number for resource 88e7bb26-a568-4093-80fc-6ec43b37b557 (type: networks) to 2
2026-05-09 17:32:53.715 15 INFO neutron.plugins.ml2.drivers.ovn.mech_driver.ovsdb.maintenance [None req-fee7405a-5b43-4b86-834c-107fb3accd92 - - - - - -] Maintenance task: Synchronization finished (took 0.18 seconds)
2026-05-09 17:32:55.575 9 INFO neutron.wsgi [-] 10.0.0.127 "GET / HTTP/1.1" status: 200 len: 247 time: 0.0022683
2026-05-09 17:32:55.575 10 INFO neutron.wsgi [-] 10.0.0.127 "GET / HTTP/1.1" status: 200 len: 247 time: 0.0027850
2026-05-09 17:33:10.574 10 INFO neutron.wsgi [-] 10.0.0.127 "GET / HTTP/1.1" status: 200 len: 247 time: 0.0020146
2026-05-09 17:33:10.582 9 INFO neutron.wsgi [-] 10.0.0.127 "GET / HTTP/1.1" status: 200 len: 247 time: 0.0081758
2026-05-09 17:33:25.577 9 INFO neutron.wsgi [-] 10.0.0.127 "GET / HTTP/1.1" status: 200 len: 247 time: 0.0035670
2026-05-09 17:33:25.580 9 INFO neutron.wsgi [-] 10.0.0.127 "GET / HTTP/1.1" status: 200 len: 247 time: 0.0020821
2026-05-09 17:33:40.574 9 INFO neutron.wsgi [-] 10.0.0.127 "GET / HTTP/1.1" status: 200 len: 247 time: 0.0015399
2026-05-09 17:33:40.576 10 INFO neutron.wsgi [-] 10.0.0.127 "GET / HTTP/1.1" status: 200 len: 247 time: 0.0034506
2026-05-09 17:33:55.575 10 INFO neutron.wsgi [-] 10.0.0.127 "GET / HTTP/1.1" status: 200 len: 247 time: 0.0021555
2026-05-09 17:33:55.577 9 INFO neutron.wsgi [-] 10.0.0.127 "GET / HTTP/1.1" status: 200 len: 247 time: 0.0018015
2026-05-09 17:34:10.575 9 INFO neutron.wsgi [-] 10.0.0.127 "GET / HTTP/1.1" status: 200 len: 247 time: 0.0024858
2026-05-09 17:34:10.577 9 INFO neutron.wsgi [-] 10.0.0.127 "GET / HTTP/1.1" status: 200 len: 247 time: 0.0013082
2026-05-09 17:34:25.576 10 INFO neutron.wsgi [-] 10.0.0.127 "GET / HTTP/1.1" status: 200 len: 247 time: 0.0029840
2026-05-09 17:34:25.576 9 INFO neutron.wsgi [-] 10.0.0.127 "GET / HTTP/1.1" status: 200 len: 247 time: 0.0027828
2026-05-09 17:34:35.603 10 INFO neutron.wsgi [None req-1e9bd79e-4b13-4bcb-b24c-81aaeae9f1af d00cc3ab3a484fe79bff78e836f15b19 1eb91f905ae040f1adf2e676920ce475 - - default default] 199.204.45.227,10.0.0.127 "GET /v2.0/networks HTTP/1.1" status: 200 len: 928 time: 0.2195849
2026-05-09 17:34:35.701 10 INFO neutron.db.segments_db [None req-19637a41-0a82-4bec-b469-eb7dee5c8257 d00cc3ab3a484fe79bff78e836f15b19 1eb91f905ae040f1adf2e676920ce475 - - default default] Added segment 261ac239-51f6-463f-9afb-550aadd6ecb7 of type geneve for network 7f958478-9a22-4cff-9bcc-89c3c972d8d7
2026-05-09 17:34:35.862 10 INFO neutron.db.ovn_revision_numbers_db [None req-19637a41-0a82-4bec-b469-eb7dee5c8257 d00cc3ab3a484fe79bff78e836f15b19 1eb91f905ae040f1adf2e676920ce475 - - default default] Successfully bumped revision number for resource 7f958478-9a22-4cff-9bcc-89c3c972d8d7 (type: networks) to 1
2026-05-09 17:34:36.016 10 WARNING neutron.scheduler.dhcp_agent_scheduler [None req-19637a41-0a82-4bec-b469-eb7dee5c8257 d00cc3ab3a484fe79bff78e836f15b19 1eb91f905ae040f1adf2e676920ce475 - - default default] No more DHCP agents
2026-05-09 17:34:36.018 10 WARNING neutron.api.rpc.agentnotifiers.dhcp_rpc_agent_api [None req-19637a41-0a82-4bec-b469-eb7dee5c8257 d00cc3ab3a484fe79bff78e836f15b19 1eb91f905ae040f1adf2e676920ce475 - - default default] Unable to schedule network 7f958478-9a22-4cff-9bcc-89c3c972d8d7: no agents available; will retry on subsequent port and subnet creation events.
2026-05-09 17:34:36.094 10 INFO neutron.db.ovn_revision_numbers_db [None req-19637a41-0a82-4bec-b469-eb7dee5c8257 d00cc3ab3a484fe79bff78e836f15b19 1eb91f905ae040f1adf2e676920ce475 - - default default] Successfully bumped revision number for resource ba71c5e1-ec65-4c02-a79e-54c6036dad61 (type: ports) to 1
2026-05-09 17:34:36.114 10 INFO neutron.wsgi [None req-19637a41-0a82-4bec-b469-eb7dee5c8257 d00cc3ab3a484fe79bff78e836f15b19 1eb91f905ae040f1adf2e676920ce475 - - default default] 199.204.45.227,10.0.0.127 "POST /v2.0/networks HTTP/1.1" status: 201 len: 890 time: 0.5062766 /var/lib/openstack/lib/python3.10/site-packages/memcache.py:1303: SyntaxWarning: "is" with a literal. Did you mean "=="? if key is '': /var/lib/openstack/lib/python3.10/site-packages/memcache.py:1304: SyntaxWarning: "is" with a literal. Did you mean "=="? if key_extra_len is 0: /var/lib/openstack/lib/python3.10/site-packages/pycadf/identifier.py:71: UserWarning: Invalid uuid: unknown. To ensure interoperability, identifiers should be a valid uuid. warnings.warn(('Invalid uuid: %s. To ensure interoperability, '
2026-05-09 17:34:37.326 9 WARNING oslo_policy.policy [None req-ea0ee22c-8826-46d5-b541-ed0706736ff8 d00cc3ab3a484fe79bff78e836f15b19 1eb91f905ae040f1adf2e676920ce475 - - default default] Policies ['delete_port', 'update_port:allowed_address_pairs', 'update_port:allowed_address_pairs:ip_address', 'update_port:allowed_address_pairs:mac_address', 'update_port:fixed_ips', 'update_port:mac_address'] reference a rule that is not defined.
2026-05-09 17:34:37.591 9 INFO neutron.wsgi [None req-ea0ee22c-8826-46d5-b541-ed0706736ff8 d00cc3ab3a484fe79bff78e836f15b19 1eb91f905ae040f1adf2e676920ce475 - - default default] 199.204.45.227,10.0.0.127 "GET /v2.0/subnets HTTP/1.1" status: 200 len: 819 time: 0.6776154
2026-05-09 17:34:37.709 9 INFO neutron.wsgi [None req-2bca8440-eec4-4c12-adcf-f87c896a6f7e d00cc3ab3a484fe79bff78e836f15b19 1eb91f905ae040f1adf2e676920ce475 - - default default] 199.204.45.227,10.0.0.127 "GET /v2.0/networks HTTP/1.1" status: 200 len: 1615 time: 0.1093500
2026-05-09 17:34:37.936 9 WARNING neutron.scheduler.dhcp_agent_scheduler [None req-2d609613-fdbc-4f36-883a-050dd2f8e394 d00cc3ab3a484fe79bff78e836f15b19 1eb91f905ae040f1adf2e676920ce475 - - default default] No more DHCP agents
2026-05-09 17:34:37.938 9 WARNING neutron.api.rpc.agentnotifiers.dhcp_rpc_agent_api [None req-2d609613-fdbc-4f36-883a-050dd2f8e394 d00cc3ab3a484fe79bff78e836f15b19 1eb91f905ae040f1adf2e676920ce475 - - default default] Unable to schedule network 7f958478-9a22-4cff-9bcc-89c3c972d8d7: no agents available; will retry on subsequent port and subnet creation events.
2026-05-09 17:34:37.938 9 INFO neutron.plugins.ml2.drivers.ovn.mech_driver.ovsdb.extensions.qos [None req-2d609613-fdbc-4f36-883a-050dd2f8e394 d00cc3ab3a484fe79bff78e836f15b19 1eb91f905ae040f1adf2e676920ce475 - - default default] Starting OVNClientQosExtension
2026-05-09 17:34:37.938 9 INFO neutron.plugins.ml2.drivers.ovn.mech_driver.ovsdb.extensions.placement [None req-2d609613-fdbc-4f36-883a-050dd2f8e394 d00cc3ab3a484fe79bff78e836f15b19 1eb91f905ae040f1adf2e676920ce475 - - default default] Starting OVNClientPlacementExtension
2026-05-09 17:34:38.549 9 INFO neutron.db.ovn_revision_numbers_db [None req-2d609613-fdbc-4f36-883a-050dd2f8e394 d00cc3ab3a484fe79bff78e836f15b19 1eb91f905ae040f1adf2e676920ce475 - - default default] Successfully bumped revision number for resource ba71c5e1-ec65-4c02-a79e-54c6036dad61 (type: ports) to 2
2026-05-09 17:34:38.595 9 INFO neutron.db.ovn_revision_numbers_db [None req-2d609613-fdbc-4f36-883a-050dd2f8e394 d00cc3ab3a484fe79bff78e836f15b19 1eb91f905ae040f1adf2e676920ce475 - - default default] Successfully bumped revision number for resource c2ae9a2c-d36f-48e7-86b7-8cc506b4a8f3 (type: subnets) to 0
2026-05-09 17:34:38.612 9 INFO neutron.wsgi [None req-2d609613-fdbc-4f36-883a-050dd2f8e394 d00cc3ab3a484fe79bff78e836f15b19 1eb91f905ae040f1adf2e676920ce475 - - default default] 199.204.45.227,10.0.0.127 "POST /v2.0/subnets HTTP/1.1" status: 201 len: 807 time: 0.8965359
2026-05-09 17:34:39.693 10 INFO neutron.wsgi [None req-4972f9bf-be9a-45f6-956a-13575b2b2598 d00cc3ab3a484fe79bff78e836f15b19 1eb91f905ae040f1adf2e676920ce475 - - default default] 199.204.45.227,10.0.0.127 "GET /v2.0/security-groups?tenant_id=1eb91f905ae040f1adf2e676920ce475 HTTP/1.1" status: 200 len: 2969 time: 0.0759587
2026-05-09 17:34:39.819 10 INFO neutron.db.ovn_revision_numbers_db [None req-d74787c2-205c-4718-bda7-566d223ff43d d00cc3ab3a484fe79bff78e836f15b19 1eb91f905ae040f1adf2e676920ce475 - - default default] Successfully bumped revision number for resource 12ae17de-214b-49eb-9ac1-c19ff9e556f5 (type: security_groups) to 1
2026-05-09 17:34:39.830 10 INFO neutron.db.ovn_revision_numbers_db [None req-d74787c2-205c-4718-bda7-566d223ff43d d00cc3ab3a484fe79bff78e836f15b19 1eb91f905ae040f1adf2e676920ce475 - - default default] Successfully bumped revision number for resource 59ec6961-8a2b-4795-93f0-b11dc29c0836 (type: security_group_rules) to 0
2026-05-09 17:34:39.844 10 INFO neutron.db.ovn_revision_numbers_db [None req-d74787c2-205c-4718-bda7-566d223ff43d d00cc3ab3a484fe79bff78e836f15b19 1eb91f905ae040f1adf2e676920ce475 - - default default] Successfully bumped revision number for resource f6783e67-0063-4d3e-8138-76e8af972fc2 (type: security_group_rules) to 0
2026-05-09 17:34:39.868 10 INFO neutron.wsgi [None req-d74787c2-205c-4718-bda7-566d223ff43d d00cc3ab3a484fe79bff78e836f15b19 1eb91f905ae040f1adf2e676920ce475 - - default default] 199.204.45.227,10.0.0.127 "POST /v2.0/security-groups HTTP/1.1" status: 201 len: 1733 time: 0.1659272
2026-05-09 17:34:40.574 9 INFO neutron.wsgi [-] 10.0.0.127 "GET / HTTP/1.1" status: 200 len: 247 time: 0.0017965
2026-05-09 17:34:40.575 10 INFO neutron.wsgi [-] 10.0.0.127 "GET / HTTP/1.1" status: 200 len: 247 time: 0.0032606
2026-05-09 17:34:40.992 9 INFO neutron.wsgi [None req-d52ebe32-3791-400a-87c4-4b4f92b7890c d00cc3ab3a484fe79bff78e836f15b19 1eb91f905ae040f1adf2e676920ce475 - - default default] 199.204.45.227,10.0.0.127 "GET /v2.0/security-groups?tenant_id=1eb91f905ae040f1adf2e676920ce475 HTTP/1.1" status: 200 len: 4503 time: 0.0867963
2026-05-09 17:34:41.040 9 INFO neutron.wsgi [None req-1a5f6fac-8e37-493e-8e21-fa800eff0fd9 d00cc3ab3a484fe79bff78e836f15b19 1eb91f905ae040f1adf2e676920ce475 - - default default] 199.204.45.227,10.0.0.127 "GET /v2.0/security-groups HTTP/1.1" status: 200 len: 4503 time: 0.0364709
2026-05-09 17:34:41.187 9 INFO neutron.db.ovn_revision_numbers_db [None req-d816d2d9-8368-410c-9fda-2c03c8670c42 d00cc3ab3a484fe79bff78e836f15b19 1eb91f905ae040f1adf2e676920ce475 - - default default] Successfully bumped revision number for resource e56af6a9-e0b4-47e1-978c-efe5e838ce35 (type: security_group_rules) to 0
2026-05-09 17:34:41.214 9 INFO neutron.wsgi [None req-d816d2d9-8368-410c-9fda-2c03c8670c42 d00cc3ab3a484fe79bff78e836f15b19 1eb91f905ae040f1adf2e676920ce475 - - default default] 199.204.45.227,10.0.0.127 "POST /v2.0/security-group-rules HTTP/1.1" status: 201 len: 749 time: 0.1664453
2026-05-09 17:34:42.072 9 INFO neutron.wsgi [None req-5345f7e0-e9f0-4cfc-a9cd-74023e0d550d d00cc3ab3a484fe79bff78e836f15b19 1eb91f905ae040f1adf2e676920ce475 - - default default] 199.204.45.227,10.0.0.127 "GET /v2.0/security-groups?tenant_id=1eb91f905ae040f1adf2e676920ce475 HTTP/1.1" status: 200 len: 5085 time: 0.1007543
2026-05-09 17:34:42.118 9 INFO neutron.wsgi [None req-f518d7fc-e5b2-422a-b2bf-804f1fb6ab7a d00cc3ab3a484fe79bff78e836f15b19 1eb91f905ae040f1adf2e676920ce475 - - default default] 199.204.45.227,10.0.0.127 "GET /v2.0/security-groups HTTP/1.1" status: 200 len: 5085 time: 0.0363581
2026-05-09 17:34:42.271 9 INFO neutron.db.ovn_revision_numbers_db [None req-caf197ba-1bec-4426-8046-5d4952b4d952 d00cc3ab3a484fe79bff78e836f15b19 1eb91f905ae040f1adf2e676920ce475 - - default default] Successfully bumped revision number for resource 6826bc61-4a9c-42d2-9dae-10b0376e386a (type: security_group_rules) to 0
2026-05-09 17:34:42.294 9 INFO neutron.wsgi [None req-caf197ba-1bec-4426-8046-5d4952b4d952 d00cc3ab3a484fe79bff78e836f15b19 1eb91f905ae040f1adf2e676920ce475 - - default default] 199.204.45.227,10.0.0.127 "POST /v2.0/security-group-rules HTTP/1.1" status: 201 len: 751 time: 0.1666906
2026-05-09 17:34:43.107 9 INFO neutron.wsgi [None req-f22bbc9f-bfe7-43a2-aef8-f4c13423c2f5 d00cc3ab3a484fe79bff78e836f15b19 1eb91f905ae040f1adf2e676920ce475 - - default default] 199.204.45.227,10.0.0.127 "GET /v2.0/security-groups?tenant_id=1eb91f905ae040f1adf2e676920ce475 HTTP/1.1" status: 200 len: 5669 time: 0.0740492
2026-05-09 17:34:43.151 9 INFO neutron.wsgi [None req-cee0caa2-dcfd-4984-8506-6b6360597183 d00cc3ab3a484fe79bff78e836f15b19 1eb91f905ae040f1adf2e676920ce475 - - default default] 199.204.45.227,10.0.0.127 "GET /v2.0/security-groups HTTP/1.1" status: 200 len: 5669 time: 0.0357435
2026-05-09 17:34:43.279 9 INFO neutron.db.ovn_revision_numbers_db [None req-f9c379a2-70d6-43f4-8aaa-0fb9b1b41d76 d00cc3ab3a484fe79bff78e836f15b19 1eb91f905ae040f1adf2e676920ce475 - - default default] Successfully bumped revision number for resource 3009b5b2-cba9-4b05-88da-2f7c9941e651 (type: security_group_rules) to 0
2026-05-09 17:34:43.300 9 INFO neutron.wsgi [None req-f9c379a2-70d6-43f4-8aaa-0fb9b1b41d76 d00cc3ab3a484fe79bff78e836f15b19 1eb91f905ae040f1adf2e676920ce475 - - default default] 199.204.45.227,10.0.0.127 "POST /v2.0/security-group-rules HTTP/1.1" status: 201 len: 751 time: 0.1414781
2026-05-09 17:34:44.123 9 INFO neutron.wsgi [None req-fda4a07e-247f-42af-93b4-6dc287c0e5ab d00cc3ab3a484fe79bff78e836f15b19 1eb91f905ae040f1adf2e676920ce475 - - default default] 199.204.45.227,10.0.0.127 "GET /v2.0/security-groups?tenant_id=1eb91f905ae040f1adf2e676920ce475 HTTP/1.1" status: 200 len: 6253 time: 0.0702891
2026-05-09 17:34:44.166 9 INFO neutron.wsgi [None req-5f66fb12-c654-4c5e-8b1e-91fc4aefa042 d00cc3ab3a484fe79bff78e836f15b19 1eb91f905ae040f1adf2e676920ce475 - - default default] 199.204.45.227,10.0.0.127 "GET /v2.0/security-groups HTTP/1.1" status: 200 len: 6253 time: 0.0342860
2026-05-09 17:34:44.306 9 INFO neutron.db.ovn_revision_numbers_db [None req-2335c0cf-ae2d-41cd-ad30-23120b3c67c2 d00cc3ab3a484fe79bff78e836f15b19 1eb91f905ae040f1adf2e676920ce475 - - default default] Successfully bumped revision number for resource 6e5cf9d4-fb95-49d2-8dc1-a6ed6e38500a (type: security_group_rules) to 0
2026-05-09 17:34:44.333 9 INFO neutron.wsgi [None req-2335c0cf-ae2d-41cd-ad30-23120b3c67c2 d00cc3ab3a484fe79bff78e836f15b19 1eb91f905ae040f1adf2e676920ce475 - - default default] 199.204.45.227,10.0.0.127 "POST /v2.0/security-group-rules HTTP/1.1" status: 201 len: 751 time: 0.1569126
2026-05-09 17:34:45.135 9 INFO neutron.wsgi [None req-6f281d20-366e-47b8-9a10-0c151983d0b9 d00cc3ab3a484fe79bff78e836f15b19 1eb91f905ae040f1adf2e676920ce475 - - default default] 199.204.45.227,10.0.0.127 "GET /v2.0/security-groups?tenant_id=1eb91f905ae040f1adf2e676920ce475 HTTP/1.1" status: 200 len: 6837 time: 0.0746005
2026-05-09 17:34:45.177 9 INFO neutron.wsgi [None req-fa50c0b8-c2e9-4a13-a8c9-9bfad5ffc389 d00cc3ab3a484fe79bff78e836f15b19 1eb91f905ae040f1adf2e676920ce475 - - default default] 199.204.45.227,10.0.0.127 "GET /v2.0/security-groups HTTP/1.1" status: 200 len: 6837 time: 0.0325074
2026-05-09 17:34:45.298 9 INFO neutron.db.ovn_revision_numbers_db [None req-77a1a99e-fa0d-41fb-b599-daa916b45c15 d00cc3ab3a484fe79bff78e836f15b19 1eb91f905ae040f1adf2e676920ce475 - - default default] Successfully bumped revision number for resource bdaa2119-2fea-48c2-bfa3-ff07489215cc (type: security_group_rules) to 0
2026-05-09 17:34:45.318 9 INFO neutron.wsgi [None req-77a1a99e-fa0d-41fb-b599-daa916b45c15 d00cc3ab3a484fe79bff78e836f15b19 1eb91f905ae040f1adf2e676920ce475 - - default default] 199.204.45.227,10.0.0.127 "POST /v2.0/security-group-rules HTTP/1.1" status: 201 len: 751 time: 0.1348901
2026-05-09 17:34:46.453 10 INFO neutron.wsgi [None req-3e8c8990-f201-4814-82de-cb707fb1f3df d00cc3ab3a484fe79bff78e836f15b19 1eb91f905ae040f1adf2e676920ce475 - - default default] 199.204.45.227,10.0.0.127 "GET /v2.0/security-groups HTTP/1.1" status: 200 len: 7421 time: 0.0760148
2026-05-09 17:34:46.507 10 INFO neutron.wsgi [None req-49f2d0e8-b2a5-4644-8184-9b33abd26a2f d00cc3ab3a484fe79bff78e836f15b19 1eb91f905ae040f1adf2e676920ce475 - - default default] 199.204.45.227,10.0.0.127 "GET /v2.0/ports HTTP/1.1" status: 200 len: 2301 time: 0.0443807
2026-05-09 17:34:46.581 10 INFO neutron.wsgi [None req-30832c27-7d51-49de-a507-020287d9d46c d00cc3ab3a484fe79bff78e836f15b19 1eb91f905ae040f1adf2e676920ce475 - - default default] 199.204.45.227,10.0.0.127 "GET /v2.0/networks HTTP/1.1" status: 200 len: 1653 time: 0.0664899
2026-05-09 17:34:46.895 10 WARNING neutron.scheduler.dhcp_agent_scheduler [None req-e2b79adb-0810-4794-b765-eb64b38f018a d00cc3ab3a484fe79bff78e836f15b19 1eb91f905ae040f1adf2e676920ce475 - - default default] No more DHCP agents
2026-05-09 17:34:46.898 10 WARNING neutron.api.rpc.agentnotifiers.dhcp_rpc_agent_api [None req-e2b79adb-0810-4794-b765-eb64b38f018a d00cc3ab3a484fe79bff78e836f15b19 1eb91f905ae040f1adf2e676920ce475 - - default default] Unable to schedule network 7f958478-9a22-4cff-9bcc-89c3c972d8d7: no agents available; will retry on subsequent port and subnet creation events.
2026-05-09 17:34:47.025 10 INFO neutron.db.ovn_revision_numbers_db [None req-e2b79adb-0810-4794-b765-eb64b38f018a d00cc3ab3a484fe79bff78e836f15b19 1eb91f905ae040f1adf2e676920ce475 - - default default] Successfully bumped revision number for resource b61aa0ff-7ba0-4dd0-81e5-8b1226ec94ed (type: ports) to 1
2026-05-09 17:34:47.043 10 INFO neutron.wsgi [None req-e2b79adb-0810-4794-b765-eb64b38f018a d00cc3ab3a484fe79bff78e836f15b19 1eb91f905ae040f1adf2e676920ce475 - - default default] 199.204.45.227,10.0.0.127 "POST /v2.0/ports HTTP/1.1" status: 201 len: 1277 time: 0.4559331 /var/lib/openstack/lib/python3.10/site-packages/pycadf/identifier.py:71: UserWarning: Invalid uuid: unknown. To ensure interoperability, identifiers should be a valid uuid. warnings.warn(('Invalid uuid: %s. To ensure interoperability, '
2026-05-09 17:34:53.182 10 INFO neutron.pecan_wsgi.hooks.translation [None req-8c0e6dbe-3a08-4616-9969-7d8f1a40027c d00cc3ab3a484fe79bff78e836f15b19 1eb91f905ae040f1adf2e676920ce475 - - default default] GET failed (client error): The resource could not be found.
2026-05-09 17:34:53.184 10 INFO neutron.wsgi [None req-8c0e6dbe-3a08-4616-9969-7d8f1a40027c d00cc3ab3a484fe79bff78e836f15b19 1eb91f905ae040f1adf2e676920ce475 - - default default] 199.204.45.227,10.0.0.127 "GET /v2.0/ports/octavia-health-manager-port-instance HTTP/1.1" status: 404 len: 314 time: 0.0613675
2026-05-09 17:34:53.232 10 INFO neutron.wsgi [None req-a8d69812-122f-406a-9b36-fa7c2b78d76c d00cc3ab3a484fe79bff78e836f15b19 1eb91f905ae040f1adf2e676920ce475 - - default default] 199.204.45.227,10.0.0.127 "GET /v2.0/ports?name=octavia-health-manager-port-instance HTTP/1.1" status: 200 len: 1275 time: 0.0439794
2026-05-09 17:34:53.590 10 INFO neutron.db.ovn_revision_numbers_db [None req-0204e2e2-c867-4bb2-a099-ec7dd8dba320 d00cc3ab3a484fe79bff78e836f15b19 1eb91f905ae040f1adf2e676920ce475 - - default default] Successfully bumped revision number for resource b61aa0ff-7ba0-4dd0-81e5-8b1226ec94ed (type: ports) to 1
2026-05-09 17:34:53.863 10 INFO neutron.db.ovn_revision_numbers_db [None req-0204e2e2-c867-4bb2-a099-ec7dd8dba320 d00cc3ab3a484fe79bff78e836f15b19 1eb91f905ae040f1adf2e676920ce475 - - default default] Successfully bumped revision number for resource b61aa0ff-7ba0-4dd0-81e5-8b1226ec94ed (type: ports) to 2
2026-05-09 17:34:53.881 10 INFO neutron.wsgi [None req-0204e2e2-c867-4bb2-a099-ec7dd8dba320 d00cc3ab3a484fe79bff78e836f15b19 1eb91f905ae040f1adf2e676920ce475 - - default default] 199.204.45.227,10.0.0.127 "PUT /v2.0/ports/b61aa0ff-7ba0-4dd0-81e5-8b1226ec94ed HTTP/1.1" status: 200 len: 1362 time: 0.6402812 /var/lib/openstack/lib/python3.10/site-packages/pycadf/identifier.py:71: UserWarning: Invalid uuid: unknown. To ensure interoperability, identifiers should be a valid uuid. warnings.warn(('Invalid uuid: %s. To ensure interoperability, '
2026-05-09 17:34:55.362 10 INFO neutron.wsgi [None req-85da84ee-e34e-4c3e-ac49-33b1eff2209c d00cc3ab3a484fe79bff78e836f15b19 1eb91f905ae040f1adf2e676920ce475 - - default default] 199.204.45.227,10.0.0.127 "GET /v2.0/ports HTTP/1.1" status: 200 len: 3507 time: 0.0681739
2026-05-09 17:34:55.575 9 INFO neutron.wsgi [-] 10.0.0.127 "GET / HTTP/1.1" status: 200 len: 247 time: 0.0021694
2026-05-09 17:34:55.576 10 INFO neutron.wsgi [-] 10.0.0.127 "GET / HTTP/1.1" status: 200 len: 247 time: 0.0033007
2026-05-09 17:34:56.345 9 INFO neutron.wsgi [None req-609856a9-0f14-485b-adbb-3632ea1af134 d00cc3ab3a484fe79bff78e836f15b19 1eb91f905ae040f1adf2e676920ce475 - - default default] 199.204.45.227,10.0.0.127 "GET /v2.0/security-groups?tenant_id=1eb91f905ae040f1adf2e676920ce475 HTTP/1.1" status: 200 len: 7421 time: 0.0828791
2026-05-09 17:34:56.455 9 INFO neutron.db.ovn_revision_numbers_db [None req-7f3ccb93-9627-42db-9d5a-26687a4bb676 d00cc3ab3a484fe79bff78e836f15b19 1eb91f905ae040f1adf2e676920ce475 - - default default] Successfully bumped revision number for resource 68a36ed7-67ed-4655-b856-c9c657de1998 (type: security_groups) to 1
2026-05-09 17:34:56.470 9 INFO neutron.db.ovn_revision_numbers_db [None req-7f3ccb93-9627-42db-9d5a-26687a4bb676 d00cc3ab3a484fe79bff78e836f15b19 1eb91f905ae040f1adf2e676920ce475 - - default default] Successfully bumped revision number for resource b76d52e7-5667-47a5-9b87-90ea3ba08e69 (type: security_group_rules) to 0
2026-05-09 17:34:56.486 9 INFO neutron.db.ovn_revision_numbers_db [None req-7f3ccb93-9627-42db-9d5a-26687a4bb676 d00cc3ab3a484fe79bff78e836f15b19 1eb91f905ae040f1adf2e676920ce475 - - default default] Successfully bumped revision number for resource c46deb5b-efaa-4cbf-a97a-c6197cc574d7 (type: security_group_rules) to 0
2026-05-09 17:34:56.507 9 INFO neutron.wsgi [None req-7f3ccb93-9627-42db-9d5a-26687a4bb676 d00cc3ab3a484fe79bff78e836f15b19 1eb91f905ae040f1adf2e676920ce475 - - default default] 199.204.45.227,10.0.0.127 "POST /v2.0/security-groups HTTP/1.1" status: 201 len: 1727 time: 0.1521499
2026-05-09 17:34:57.393 10 INFO neutron.wsgi [None req-90ea7824-e4e0-4a05-a01b-ee50d5397398 d00cc3ab3a484fe79bff78e836f15b19 1eb91f905ae040f1adf2e676920ce475 - - default default] 199.204.45.227,10.0.0.127 "GET /v2.0/security-groups?tenant_id=1eb91f905ae040f1adf2e676920ce475 HTTP/1.1" status: 200 len: 8949 time: 0.0802193
2026-05-09 17:34:57.453 10 INFO neutron.wsgi [None req-36ed5b1c-732a-4344-a6e0-97299d82e6bb d00cc3ab3a484fe79bff78e836f15b19 1eb91f905ae040f1adf2e676920ce475 - - default default] 199.204.45.227,10.0.0.127 "GET /v2.0/security-groups HTTP/1.1" status: 200 len: 8949 time: 0.0488901
2026-05-09 17:34:57.596 10 INFO neutron.db.ovn_revision_numbers_db [None req-4c0f32ce-4b75-4724-8b29-64533ed7aea0 d00cc3ab3a484fe79bff78e836f15b19 1eb91f905ae040f1adf2e676920ce475 - - default default] Successfully bumped revision number for resource 07d33e1f-b55f-4c70-bf59-4a3546d23bab (type: security_group_rules) to 0
2026-05-09 17:34:57.623 10 INFO neutron.wsgi [None req-4c0f32ce-4b75-4724-8b29-64533ed7aea0 d00cc3ab3a484fe79bff78e836f15b19 1eb91f905ae040f1adf2e676920ce475 - - default default] 199.204.45.227,10.0.0.127 "POST /v2.0/security-group-rules HTTP/1.1" status: 201 len: 769 time: 0.1574328
2026-05-09 17:34:58.444 9 INFO neutron.wsgi [None req-aa0b2371-054d-4db7-b3ca-d57722d23a29 d00cc3ab3a484fe79bff78e836f15b19 1eb91f905ae040f1adf2e676920ce475 - - default default] 199.204.45.227,10.0.0.127 "GET /v2.0/security-groups?tenant_id=1eb91f905ae040f1adf2e676920ce475 HTTP/1.1" status: 200 len: 9551 time: 0.0901179
2026-05-09 17:34:58.493 9 INFO neutron.wsgi [None req-ec616731-2bc7-413a-8b87-a1a818d3eaf8 d00cc3ab3a484fe79bff78e836f15b19 1eb91f905ae040f1adf2e676920ce475 - - default default] 199.204.45.227,10.0.0.127 "GET /v2.0/security-groups HTTP/1.1" status: 200 len: 9551 time: 0.0431948
2026-05-09 17:34:58.620 9 INFO neutron.db.ovn_revision_numbers_db [None req-a8cdb7f5-0740-4c01-af0a-8d60ec2c9981 d00cc3ab3a484fe79bff78e836f15b19 1eb91f905ae040f1adf2e676920ce475 - - default default] Successfully bumped revision number for resource 2a723f9a-b403-43b8-a823-f795a91bef65 (type: security_group_rules) to 0
2026-05-09 17:34:58.645 9 INFO neutron.wsgi [None req-a8cdb7f5-0740-4c01-af0a-8d60ec2c9981 d00cc3ab3a484fe79bff78e836f15b19 1eb91f905ae040f1adf2e676920ce475 - - default default] 199.204.45.227,10.0.0.127 "POST /v2.0/security-group-rules HTTP/1.1" status: 201 len: 773 time: 0.1457648
2026-05-09 17:35:10.584 10 INFO neutron.wsgi [-] 10.0.0.127 "GET / HTTP/1.1" status: 200 len: 247 time: 0.0013247
2026-05-09 17:35:10.589 9 INFO neutron.wsgi [-] 10.0.0.127 "GET / HTTP/1.1" status: 200 len: 247 time: 0.0013487
2026-05-09 17:35:25.576 10 INFO neutron.wsgi [-] 10.0.0.127 "GET / HTTP/1.1" status: 200 len: 247 time: 0.0023973
2026-05-09 17:35:25.576 9 INFO neutron.wsgi [-] 10.0.0.127 "GET / HTTP/1.1" status: 200 len: 247 time: 0.0029249
2026-05-09 17:35:40.576 10 INFO neutron.wsgi [-] 10.0.0.127 "GET / HTTP/1.1" status: 200 len: 247 time: 0.0025845
2026-05-09 17:35:40.576 9 INFO neutron.wsgi [-] 10.0.0.127 "GET / HTTP/1.1" status: 200 len: 247 time: 0.0026202
2026-05-09 17:35:55.576 9 INFO neutron.wsgi [-] 10.0.0.127 "GET / HTTP/1.1" status: 200 len: 247 time: 0.0035284
2026-05-09 17:35:55.580 10 INFO neutron.wsgi [-] 10.0.0.127 "GET / HTTP/1.1" status: 200 len: 247 time: 0.0074699
2026-05-09 17:36:10.575 9 INFO neutron.wsgi [-] 10.0.0.127 "GET / HTTP/1.1" status: 200 len: 247 time: 0.0024805
2026-05-09 17:36:10.576 10 INFO neutron.wsgi [-] 10.0.0.127 "GET / HTTP/1.1" status: 200 len: 247 time: 0.0029416
2026-05-09 17:36:11.009 10 INFO neutron.wsgi [None req-2671ca09-2f66-4f8b-96d0-5395f1ed9fec d00cc3ab3a484fe79bff78e836f15b19 1eb91f905ae040f1adf2e676920ce475 - - default default] 199.204.45.227,10.0.0.127 "GET /v2.0/quotas/1eb91f905ae040f1adf2e676920ce475 HTTP/1.1" status: 200 len: 362 time: 0.0146935 /var/lib/openstack/lib/python3.10/site-packages/neutron/extensions/quotasv2.py:140: UserWarning: Neutron quota engine will require "--force" parameter to set a quota limit without checking the resource usage. warnings.warn('Neutron quota engine will require "--force" '
2026-05-09 17:36:11.352 10 INFO neutron.wsgi [None req-c1eb338a-e515-4513-841d-e59b46f8864c d00cc3ab3a484fe79bff78e836f15b19 1eb91f905ae040f1adf2e676920ce475 - - default default] 199.204.45.227,10.0.0.127 "PUT /v2.0/quotas/1eb91f905ae040f1adf2e676920ce475 HTTP/1.1" status: 200 len: 361 time: 0.0329928
2026-05-09 17:36:11.668 10 INFO neutron.wsgi [None req-e5de5e71-12ec-4092-a978-912c8f677745 d00cc3ab3a484fe79bff78e836f15b19 1eb91f905ae040f1adf2e676920ce475 - - default default] 199.204.45.227,10.0.0.127 "GET /v2.0/quotas/1eb91f905ae040f1adf2e676920ce475 HTTP/1.1" status: 200 len: 361 time: 0.0114608
2026-05-09 17:36:25.575 9 INFO neutron.wsgi [-] 10.0.0.127 "GET / HTTP/1.1" status: 200 len: 247 time: 0.0022495
2026-05-09 17:36:25.575 10 INFO neutron.wsgi [-] 10.0.0.127 "GET / HTTP/1.1" status: 200 len: 247 time: 0.0025344
2026-05-09 17:36:40.574 9 INFO neutron.wsgi [-] 10.0.0.127 "GET / HTTP/1.1" status: 200 len: 247 time: 0.0016837
2026-05-09 17:36:40.574 10 INFO neutron.wsgi [-] 10.0.0.127 "GET / HTTP/1.1" status: 200 len: 247 time: 0.0017085
2026-05-09 17:36:55.575 10 INFO neutron.wsgi [-] 10.0.0.127 "GET / HTTP/1.1" status: 200 len: 247 time: 0.0028236
2026-05-09 17:36:55.576 9 INFO neutron.wsgi [-] 10.0.0.127 "GET / HTTP/1.1" status: 200 len: 247 time: 0.0033736
2026-05-09 17:37:10.575 9 INFO neutron.wsgi [-] 10.0.0.127 "GET / HTTP/1.1" status: 200 len: 247 time: 0.0023515
2026-05-09 17:37:10.576 10 INFO neutron.wsgi [-] 10.0.0.127 "GET / HTTP/1.1" status: 200 len: 247 time: 0.0024824
2026-05-09 17:37:25.576 9 INFO neutron.wsgi [-] 10.0.0.127 "GET / HTTP/1.1" status: 200 len: 247 time: 0.0024750
2026-05-09 17:37:25.580 9 INFO neutron.wsgi [-] 10.0.0.127 "GET / HTTP/1.1" status: 200 len: 247 time: 0.0026374
2026-05-09 17:37:40.576 9 INFO neutron.wsgi [-] 10.0.0.127 "GET / HTTP/1.1" status: 200 len: 247 time: 0.0027778
2026-05-09 17:37:40.578 10 INFO neutron.wsgi [-] 10.0.0.127 "GET / HTTP/1.1" status: 200 len: 247 time: 0.0050814
2026-05-09 17:37:53.671 15 INFO neutron.db.ovn_revision_numbers_db [None req-fee7405a-5b43-4b86-834c-107fb3accd92 - - - - - -] Successfully bumped revision number for resource 7f958478-9a22-4cff-9bcc-89c3c972d8d7 (type: networks) to 2
2026-05-09 17:37:53.730 15 INFO neutron.db.ovn_revision_numbers_db [None req-fee7405a-5b43-4b86-834c-107fb3accd92 - - - - - -] Successfully bumped revision number for resource 12ae17de-214b-49eb-9ac1-c19ff9e556f5 (type: security_groups) to 6
2026-05-09 17:37:53.789 15 INFO neutron.db.ovn_revision_numbers_db [None req-fee7405a-5b43-4b86-834c-107fb3accd92 - - - - - -] Successfully bumped revision number for resource 68a36ed7-67ed-4655-b856-c9c657de1998 (type: security_groups) to 3
2026-05-09 17:37:53.990 15 INFO neutron.db.ovn_revision_numbers_db [None req-fee7405a-5b43-4b86-834c-107fb3accd92 - - - - - -] Successfully bumped revision number for resource b61aa0ff-7ba0-4dd0-81e5-8b1226ec94ed (type: ports) to 3
2026-05-09 17:37:53.990 15 INFO neutron.plugins.ml2.drivers.ovn.mech_driver.ovsdb.maintenance [None req-fee7405a-5b43-4b86-834c-107fb3accd92 - - - - - -] Maintenance task: Synchronization finished (took 0.41 seconds)
2026-05-09 17:37:55.576 10 INFO neutron.wsgi [-] 10.0.0.127 "GET / HTTP/1.1" status: 200 len: 247 time: 0.0025091
2026-05-09 17:37:55.577 9 INFO neutron.wsgi [-] 10.0.0.127 "GET / HTTP/1.1" status: 200 len: 247 time: 0.0031352
2026-05-09 17:38:10.574 10 INFO neutron.wsgi [-] 10.0.0.127 "GET / HTTP/1.1" status: 200 len: 247 time: 0.0012715
2026-05-09 17:38:10.575 10 INFO neutron.wsgi [-] 10.0.0.127 "GET / HTTP/1.1" status: 200 len: 247 time: 0.0009096 /var/lib/openstack/lib/python3.10/site-packages/pycadf/identifier.py:71: UserWarning: Invalid uuid: neutron. To ensure interoperability, identifiers should be a valid uuid. warnings.warn(('Invalid uuid: %s. To ensure interoperability, '
2026-05-09 17:38:21.160 9 INFO neutron.pecan_wsgi.hooks.translation [None req-24a76c58-5049-4b36-a913-fba1eeeaad84 d00cc3ab3a484fe79bff78e836f15b19 1eb91f905ae040f1adf2e676920ce475 - - default default] GET failed (client error): The resource could not be found.
2026-05-09 17:38:21.161 9 INFO neutron.wsgi [None req-24a76c58-5049-4b36-a913-fba1eeeaad84 d00cc3ab3a484fe79bff78e836f15b19 1eb91f905ae040f1adf2e676920ce475 - - default default] 199.204.45.227 "GET /v2.0/ports/octavia-health-manager-port-instance HTTP/1.1" status: 404 len: 338 time: 0.2621315
2026-05-09 17:38:21.216 9 INFO neutron.wsgi [None req-3dee6ab7-dc85-46ab-ad5c-810251982206 d00cc3ab3a484fe79bff78e836f15b19 1eb91f905ae040f1adf2e676920ce475 - - default default] 199.204.45.227 "GET /v2.0/ports?name=octavia-health-manager-port-instance HTTP/1.1" status: 200 len: 1417 time: 0.0498714 /var/lib/openstack/lib/python3.10/site-packages/pycadf/identifier.py:71: UserWarning: Invalid uuid: neutron. To ensure interoperability, identifiers should be a valid uuid. warnings.warn(('Invalid uuid: %s. To ensure interoperability, '
2026-05-09 17:38:22.975 10 INFO neutron.pecan_wsgi.hooks.translation [None req-f8d24345-c9d3-4c64-aca1-497ac54f472a d00cc3ab3a484fe79bff78e836f15b19 1eb91f905ae040f1adf2e676920ce475 - - default default] GET failed (client error): The resource could not be found.
2026-05-09 17:38:22.977 10 INFO neutron.wsgi [None req-f8d24345-c9d3-4c64-aca1-497ac54f472a d00cc3ab3a484fe79bff78e836f15b19 1eb91f905ae040f1adf2e676920ce475 - - default default] 199.204.45.227 "GET /v2.0/ports/octavia-health-manager-port-instance HTTP/1.1" status: 404 len: 338 time: 0.0981040
2026-05-09 17:38:23.022 10 INFO neutron.wsgi [None req-d5433d99-3782-4478-8a29-9e728e0161b6 d00cc3ab3a484fe79bff78e836f15b19 1eb91f905ae040f1adf2e676920ce475 - - default default] 199.204.45.227 "GET /v2.0/ports?name=octavia-health-manager-port-instance HTTP/1.1" status: 200 len: 1417 time: 0.0402291
2026-05-09 17:38:23.910 9 INFO neutron.plugins.ml2.drivers.ovn.mech_driver.mech_driver [-] OVN reports status up for port: b61aa0ff-7ba0-4dd0-81e5-8b1226ec94ed
2026-05-09 17:38:23.923 9 INFO neutron.plugins.ml2.plugin [None req-606e43d8-c699-4cc4-b824-d32feb3342e7 - - - - - -] Attempt 1 to provision port b61aa0ff-7ba0-4dd0-81e5-8b1226ec94ed
2026-05-09 17:38:24.203 9 INFO neutron.db.ovn_revision_numbers_db [None req-606e43d8-c699-4cc4-b824-d32feb3342e7 - - - - - -] Successfully bumped revision number for resource b61aa0ff-7ba0-4dd0-81e5-8b1226ec94ed (type: ports) to 4
2026-05-09 17:38:25.575 10 INFO neutron.wsgi [-] 10.0.0.127 "GET / HTTP/1.1" status: 200 len: 247 time: 0.0024154
2026-05-09 17:38:25.576 9 INFO neutron.wsgi [-] 10.0.0.127 "GET / HTTP/1.1" status: 200 len: 247 time: 0.0025632
2026-05-09 17:38:40.574 10 INFO neutron.wsgi [-] 10.0.0.127 "GET / HTTP/1.1" status: 200 len: 247 time: 0.0015464
2026-05-09 17:38:40.576 9 INFO neutron.wsgi [-] 10.0.0.127 "GET / HTTP/1.1" status: 200 len: 247 time: 0.0024128
2026-05-09 17:38:55.575 9 INFO neutron.wsgi [-] 10.0.0.127 "GET / HTTP/1.1" status: 200 len: 247 time: 0.0024621
2026-05-09 17:38:55.577 10 INFO neutron.wsgi [-] 10.0.0.127 "GET / HTTP/1.1" status: 200 len: 247 time: 0.0041375
2026-05-09 17:39:10.575 9 INFO neutron.wsgi [-] 10.0.0.127 "GET / HTTP/1.1" status: 200 len: 247 time: 0.0026345
2026-05-09 17:39:10.576 10 INFO neutron.wsgi [-] 10.0.0.127 "GET / HTTP/1.1" status: 200 len: 247 time: 0.0033469
2026-05-09 17:39:25.576 10 INFO neutron.wsgi [-] 10.0.0.127 "GET / HTTP/1.1" status: 200 len: 247 time: 0.0024159
2026-05-09 17:39:25.576 9 INFO neutron.wsgi [-] 10.0.0.127 "GET / HTTP/1.1" status: 200 len: 247 time: 0.0026233
2026-05-09 17:39:40.577 10 INFO neutron.wsgi [-] 10.0.0.127 "GET / HTTP/1.1" status: 200 len: 247 time: 0.0037389
2026-05-09 17:39:40.579 10 INFO neutron.wsgi [-] 10.0.0.127 "GET / HTTP/1.1" status: 200 len: 247 time: 0.0015225
2026-05-09 17:39:55.575 9 INFO neutron.wsgi [-] 10.0.0.127 "GET / HTTP/1.1" status: 200 len: 247 time: 0.0024917
2026-05-09 17:39:55.576 10 INFO neutron.wsgi [-] 10.0.0.127 "GET / HTTP/1.1" status: 200 len: 247 time: 0.0025797
2026-05-09 17:40:10.576 10 INFO neutron.wsgi [-] 10.0.0.127 "GET / HTTP/1.1" status: 200 len: 247 time: 0.0028648
2026-05-09 17:40:10.576 9 INFO neutron.wsgi [-] 10.0.0.127 "GET / HTTP/1.1" status: 200 len: 247 time: 0.0034378
2026-05-09 17:40:25.576 10 INFO neutron.wsgi [-] 10.0.0.127 "GET / HTTP/1.1" status: 200 len: 247 time: 0.0024338
2026-05-09 17:40:25.576 9 INFO neutron.wsgi [-] 10.0.0.127 "GET / HTTP/1.1" status: 200 len: 247 time: 0.0024014
2026-05-09 17:40:40.575 9 INFO neutron.wsgi [-] 10.0.0.127 "GET / HTTP/1.1" status: 200 len: 247 time: 0.0022924
2026-05-09 17:40:40.577 10 INFO neutron.wsgi [-] 10.0.0.127 "GET / HTTP/1.1" status: 200 len: 247 time: 0.0040317
2026-05-09 17:40:55.575 9 INFO neutron.wsgi [-] 10.0.0.127 "GET / HTTP/1.1" status: 200 len: 247 time: 0.0025964
2026-05-09 17:40:55.577 10 INFO neutron.wsgi [-] 10.0.0.127 "GET / HTTP/1.1" status: 200 len: 247 time: 0.0036469
2026-05-09 17:41:10.576 10 INFO neutron.wsgi [-] 10.0.0.127 "GET / HTTP/1.1" status: 200 len: 247 time: 0.0026627
2026-05-09 17:41:10.579 10 INFO neutron.wsgi [-] 10.0.0.127 "GET / HTTP/1.1" status: 200 len: 247 time: 0.0019600
2026-05-09 17:41:25.575 10 INFO neutron.wsgi [-] 10.0.0.127 "GET / HTTP/1.1" status: 200 len: 247 time: 0.0023708
2026-05-09 17:41:25.578 10 INFO neutron.wsgi [-] 10.0.0.127 "GET / HTTP/1.1" status: 200 len: 247 time: 0.0026517
2026-05-09 17:41:40.575 9 INFO neutron.wsgi [-] 10.0.0.127 "GET / HTTP/1.1" status: 200 len: 247 time: 0.0026455
2026-05-09 17:41:40.578 9 INFO neutron.wsgi [-] 10.0.0.127 "GET / HTTP/1.1" status: 200 len: 247 time: 0.0021386
2026-05-09 17:41:55.574 10 INFO neutron.wsgi [-] 10.0.0.127 "GET / HTTP/1.1" status: 200 len: 247 time: 0.0014465
2026-05-09 17:41:55.575 9 INFO neutron.wsgi [-] 10.0.0.127 "GET / HTTP/1.1" status: 200 len: 247 time: 0.0021768
2026-05-09 17:42:10.575 10 INFO neutron.wsgi [-] 10.0.0.127 "GET / HTTP/1.1" status: 200 len: 247 time: 0.0023782
2026-05-09 17:42:10.578 10 INFO neutron.wsgi [-] 10.0.0.127 "GET / HTTP/1.1" status: 200 len: 247 time: 0.0019965
2026-05-09 17:42:25.575 9 INFO neutron.wsgi [-] 10.0.0.127 "GET / HTTP/1.1" status: 200 len: 247 time: 0.0020230
2026-05-09 17:42:25.576 10 INFO neutron.wsgi [-] 10.0.0.127 "GET / HTTP/1.1" status: 200 len: 247 time: 0.0026774
2026-05-09 17:42:40.575 10 INFO neutron.wsgi [-] 10.0.0.127 "GET / HTTP/1.1" status: 200 len: 247 time: 0.0026104
2026-05-09 17:42:40.576 9 INFO neutron.wsgi [-] 10.0.0.127 "GET / HTTP/1.1" status: 200 len: 247 time: 0.0034988
2026-05-09 17:42:55.575 9 INFO neutron.wsgi [-] 10.0.0.127 "GET / HTTP/1.1" status: 200 len: 247 time: 0.0026119
2026-05-09 17:42:55.586 9 INFO neutron.wsgi [-] 10.0.0.127 "GET / HTTP/1.1" status: 200 len: 247 time: 0.0104816
2026-05-09 17:43:10.575 10 INFO neutron.wsgi [-] 10.0.0.127 "GET / HTTP/1.1" status: 200 len: 247 time: 0.0024698
2026-05-09 17:43:10.577 9 INFO neutron.wsgi [-] 10.0.0.127 "GET / HTTP/1.1" status: 200 len: 247 time: 0.0042830
2026-05-09 17:43:25.573 10 INFO neutron.wsgi [-] 10.0.0.127 "GET / HTTP/1.1" status: 200 len: 247 time: 0.0013654
2026-05-09 17:43:25.575 9 INFO neutron.wsgi [-] 10.0.0.127 "GET / HTTP/1.1" status: 200 len: 247 time: 0.0024405
2026-05-09 17:43:40.574 10 INFO neutron.wsgi [-] 10.0.0.127 "GET / HTTP/1.1" status: 200 len: 247 time: 0.0016556
2026-05-09 17:43:40.576 10 INFO neutron.wsgi [-] 10.0.0.127 "GET / HTTP/1.1" status: 200 len: 247 time: 0.0008993
2026-05-09 17:43:55.576 10 INFO neutron.wsgi [-] 10.0.0.127 "GET / HTTP/1.1" status: 200 len: 247 time: 0.0023239
2026-05-09 17:43:55.577 9 INFO neutron.wsgi [-] 10.0.0.127 "GET / HTTP/1.1" status: 200 len: 247 time: 0.0035868
2026-05-09 17:44:03.147 10 INFO neutron.db.ovn_revision_numbers_db [None req-6f93647d-4ad6-4e4a-9c3f-4686dc006f66 d00cc3ab3a484fe79bff78e836f15b19 1eb91f905ae040f1adf2e676920ce475 - - default default] Successfully bumped revision number for resource d6d64843-0075-4268-b385-98bde80f8581 (type: security_groups) to 1
2026-05-09 17:44:03.172 10 INFO neutron.db.ovn_revision_numbers_db [None req-6f93647d-4ad6-4e4a-9c3f-4686dc006f66 d00cc3ab3a484fe79bff78e836f15b19 1eb91f905ae040f1adf2e676920ce475 - - default default] Successfully bumped revision number for resource 0f226898-9f3a-49ec-85aa-763c1d0d31de (type: security_group_rules) to 0
2026-05-09 17:44:03.193 10 INFO neutron.db.ovn_revision_numbers_db [None req-6f93647d-4ad6-4e4a-9c3f-4686dc006f66 d00cc3ab3a484fe79bff78e836f15b19 1eb91f905ae040f1adf2e676920ce475 - - default default] Successfully bumped revision number for resource 19cac865-f670-4db6-bdb3-497d76d93fb3 (type: security_group_rules) to 0
2026-05-09 17:44:03.212 10 INFO neutron.db.ovn_revision_numbers_db [None req-6f93647d-4ad6-4e4a-9c3f-4686dc006f66 d00cc3ab3a484fe79bff78e836f15b19 1eb91f905ae040f1adf2e676920ce475 - - default default] Successfully bumped revision number for resource 3f4719a1-c691-4ac1-af4f-6f8c5c445ff6 (type: security_group_rules) to 0
2026-05-09 17:44:03.229 10 INFO neutron.db.ovn_revision_numbers_db [None req-6f93647d-4ad6-4e4a-9c3f-4686dc006f66 d00cc3ab3a484fe79bff78e836f15b19 1eb91f905ae040f1adf2e676920ce475 - - default default] Successfully bumped revision number for resource 82150196-0317-40f8-933f-727c1426062d (type: security_group_rules) to 0
2026-05-09 17:44:03.253 10 INFO neutron.wsgi [None req-6f93647d-4ad6-4e4a-9c3f-4686dc006f66 d00cc3ab3a484fe79bff78e836f15b19 1eb91f905ae040f1adf2e676920ce475 - - default default] 199.204.45.227,10.0.0.127 "GET /v2.0/security-groups?tenant_id=0cae20e70bcd468f84bad8d4fc779003 HTTP/1.1" status: 200 len: 2973 time: 0.3716252
2026-05-09 17:44:03.370 10 INFO neutron.db.ovn_revision_numbers_db [None req-3be5c572-48a7-4b30-b3a7-3a392d99603a d00cc3ab3a484fe79bff78e836f15b19 1eb91f905ae040f1adf2e676920ce475 - - default default] Successfully bumped revision number for resource 67e1884a-5f71-4ffe-a367-e4df6c4dcdb4 (type: security_groups) to 1
2026-05-09 17:44:03.382 10 INFO neutron.db.ovn_revision_numbers_db [None req-3be5c572-48a7-4b30-b3a7-3a392d99603a d00cc3ab3a484fe79bff78e836f15b19 1eb91f905ae040f1adf2e676920ce475 - - default default] Successfully bumped revision number for resource 5f20489d-cfbd-4b42-94ed-3030d917e6bd (type: security_group_rules) to 0
2026-05-09 17:44:03.394 10 INFO neutron.db.ovn_revision_numbers_db [None req-3be5c572-48a7-4b30-b3a7-3a392d99603a d00cc3ab3a484fe79bff78e836f15b19 1eb91f905ae040f1adf2e676920ce475 - - default default] Successfully bumped revision number for resource bac8a4d0-4789-495d-bf65-a24f3143c968 (type: security_group_rules) to 0
2026-05-09 17:44:03.412 10 INFO neutron.wsgi [None req-3be5c572-48a7-4b30-b3a7-3a392d99603a d00cc3ab3a484fe79bff78e836f15b19 1eb91f905ae040f1adf2e676920ce475 - - default default] 199.204.45.227,10.0.0.127 "POST /v2.0/security-groups HTTP/1.1" status: 201 len: 1741 time: 0.1481583
2026-05-09 17:44:04.379 10 INFO neutron.wsgi [None req-5d5bcdff-3e2c-473a-809b-5233d48a33bb d00cc3ab3a484fe79bff78e836f15b19 1eb91f905ae040f1adf2e676920ce475 - - default default] 199.204.45.227,10.0.0.127 "GET /v2.0/security-groups?tenant_id=0cae20e70bcd468f84bad8d4fc779003 HTTP/1.1" status: 200 len: 4515 time: 0.0714660
2026-05-09 17:44:04.498 10 INFO neutron.wsgi [None req-e88f6a9b-c38d-4695-954c-f5c73859c2d0 d00cc3ab3a484fe79bff78e836f15b19 1eb91f905ae040f1adf2e676920ce475 - - default default] 199.204.45.227,10.0.0.127 "GET /v2.0/security-groups HTTP/1.1" status: 200 len: 14476 time: 0.1100566
2026-05-09 17:44:04.635 10 INFO neutron.db.ovn_revision_numbers_db [None req-141aa005-284f-4c26-bbf2-fef359c97748 d00cc3ab3a484fe79bff78e836f15b19 1eb91f905ae040f1adf2e676920ce475 - - default default] Successfully bumped revision number for resource 2791459e-0bb4-42b9-8751-5e111d7bf8da (type: security_group_rules) to 0
2026-05-09 17:44:04.659 10 INFO neutron.wsgi [None req-141aa005-284f-4c26-bbf2-fef359c97748 d00cc3ab3a484fe79bff78e836f15b19 1eb91f905ae040f1adf2e676920ce475 - - default default] 199.204.45.227,10.0.0.127 "POST /v2.0/security-group-rules HTTP/1.1" status: 201 len: 745 time: 0.1510320
2026-05-09 17:44:05.568 10 INFO neutron.wsgi [None req-56ce3bdd-305c-4620-b7c5-fa7bfbc13670 d00cc3ab3a484fe79bff78e836f15b19 1eb91f905ae040f1adf2e676920ce475 - - default default] 199.204.45.227,10.0.0.127 "GET /v2.0/security-groups?tenant_id=0cae20e70bcd468f84bad8d4fc779003 HTTP/1.1" status: 200 len: 5093 time: 0.0701854
2026-05-09 17:44:05.619 10 INFO neutron.wsgi [None req-e80a5411-26f6-4708-a75c-b62427f59668 d00cc3ab3a484fe79bff78e836f15b19 1eb91f905ae040f1adf2e676920ce475 - - default default] 199.204.45.227,10.0.0.127 "GET /v2.0/security-groups HTTP/1.1" status: 200 len: 15054 time: 0.0408757
2026-05-09 17:44:05.764 10 INFO neutron.db.ovn_revision_numbers_db [None req-538693f6-900d-4784-b2f4-5f8458de7a8e d00cc3ab3a484fe79bff78e836f15b19 1eb91f905ae040f1adf2e676920ce475 - - default default] Successfully bumped revision number for resource 9dc05414-80ea-414c-976f-73a8b953a242 (type: security_group_rules) to 0
2026-05-09 17:44:05.791 10 INFO neutron.wsgi [None req-538693f6-900d-4784-b2f4-5f8458de7a8e d00cc3ab3a484fe79bff78e836f15b19 1eb91f905ae040f1adf2e676920ce475 - - default default] 199.204.45.227,10.0.0.127 "POST /v2.0/security-group-rules HTTP/1.1" status: 201 len: 747 time: 0.1582465
2026-05-09 17:44:06.630 10 INFO neutron.wsgi [None req-921cdb4f-3d5e-4f36-8f88-f04f4b1c460e d00cc3ab3a484fe79bff78e836f15b19 1eb91f905ae040f1adf2e676920ce475 - - default default] 199.204.45.227,10.0.0.127 "GET /v2.0/security-groups?tenant_id=0cae20e70bcd468f84bad8d4fc779003 HTTP/1.1" status: 200 len: 5673 time: 0.0693414
2026-05-09 17:44:06.687 10 INFO neutron.wsgi [None req-96c0df57-b990-4f4f-9640-a524a6722b95 d00cc3ab3a484fe79bff78e836f15b19 1eb91f905ae040f1adf2e676920ce475 - - default default] 199.204.45.227,10.0.0.127 "GET /v2.0/security-groups HTTP/1.1" status: 200 len: 15634 time: 0.0468814
2026-05-09 17:44:06.825 10 INFO neutron.db.ovn_revision_numbers_db [None req-92bae261-2b7b-4a7b-aa0b-ace36cb50bcd d00cc3ab3a484fe79bff78e836f15b19 1eb91f905ae040f1adf2e676920ce475 - - default default] Successfully bumped revision number for resource 0e18abb0-899e-49cb-ad8c-264a250c011e (type: security_group_rules) to 0
2026-05-09 17:44:06.850 10 INFO neutron.wsgi [None req-92bae261-2b7b-4a7b-aa0b-ace36cb50bcd d00cc3ab3a484fe79bff78e836f15b19 1eb91f905ae040f1adf2e676920ce475 - - default default] 199.204.45.227,10.0.0.127 "POST /v2.0/security-group-rules HTTP/1.1" status: 201 len: 749 time: 0.1504412
2026-05-09 17:44:07.797 10 INFO neutron.wsgi [None req-117d0781-94cd-4f78-ae2a-8d3424555faa d00cc3ab3a484fe79bff78e836f15b19 1eb91f905ae040f1adf2e676920ce475 - - default default] 199.204.45.227,10.0.0.127 "GET /v2.0/security-groups?tenant_id=0cae20e70bcd468f84bad8d4fc779003 HTTP/1.1" status: 200 len: 6255 time: 0.0819738
2026-05-09 17:44:07.852 10 INFO neutron.wsgi [None req-9dd02777-e401-4b57-bb9f-3c936163f158 d00cc3ab3a484fe79bff78e836f15b19 1eb91f905ae040f1adf2e676920ce475 - - default default] 199.204.45.227,10.0.0.127 "GET /v2.0/security-groups HTTP/1.1" status: 200 len: 16216 time: 0.0453789
2026-05-09 17:44:07.982 10 INFO neutron.db.ovn_revision_numbers_db [None req-d197cb92-7fb5-435d-893c-2db1deae8ba5 d00cc3ab3a484fe79bff78e836f15b19 1eb91f905ae040f1adf2e676920ce475 - - default default] Successfully bumped revision number for resource dfa8786a-4e6f-4842-b98e-20b2bda9ae38 (type: security_group_rules) to 0
2026-05-09 17:44:08.004 10 INFO neutron.wsgi [None req-d197cb92-7fb5-435d-893c-2db1deae8ba5 d00cc3ab3a484fe79bff78e836f15b19 1eb91f905ae040f1adf2e676920ce475 - - default default] 199.204.45.227,10.0.0.127 "POST /v2.0/security-group-rules HTTP/1.1" status: 201 len: 750 time: 0.1398282
2026-05-09 17:44:10.576 9 INFO neutron.wsgi [-] 10.0.0.127 "GET / HTTP/1.1" status: 200 len: 247 time: 0.0030785
2026-05-09 17:44:10.581 9 INFO neutron.wsgi [-] 10.0.0.127 "GET / HTTP/1.1" status: 200 len: 247 time: 0.0035648
2026-05-09 17:44:25.574 10 INFO neutron.wsgi [-] 10.0.0.127 "GET / HTTP/1.1" status: 200 len: 247 time: 0.0016851
2026-05-09 17:44:25.575 9 INFO neutron.wsgi [-] 10.0.0.127 "GET / HTTP/1.1" status: 200 len: 247 time: 0.0024242
2026-05-09 17:44:40.576 9 INFO neutron.wsgi [-] 10.0.0.127 "GET / HTTP/1.1" status: 200 len: 247 time: 0.0023985
2026-05-09 17:44:40.580 9 INFO neutron.wsgi [-] 10.0.0.127 "GET / HTTP/1.1" status: 200 len: 247 time: 0.0034120
2026-05-09 17:44:55.576 9 INFO neutron.wsgi [-] 10.0.0.127 "GET / HTTP/1.1" status: 200 len: 247 time: 0.0023704
2026-05-09 17:44:55.578 10 INFO neutron.wsgi [-] 10.0.0.127 "GET / HTTP/1.1" status: 200 len: 247 time: 0.0049839
2026-05-09 17:45:10.575 10 INFO neutron.wsgi [-] 10.0.0.127 "GET / HTTP/1.1" status: 200 len: 247 time: 0.0023656
2026-05-09 17:45:10.575 9 INFO neutron.wsgi [-] 10.0.0.127 "GET / HTTP/1.1" status: 200 len: 247 time: 0.0024645
2026-05-09 17:45:25.574 9 INFO neutron.wsgi [-] 10.0.0.127 "GET / HTTP/1.1" status: 200 len: 247 time: 0.0015087
2026-05-09 17:45:25.575 10 INFO neutron.wsgi [-] 10.0.0.127 "GET / HTTP/1.1" status: 200 len: 247 time: 0.0026155
2026-05-09 17:45:40.575 10 INFO neutron.wsgi [-] 10.0.0.127 "GET / HTTP/1.1" status: 200 len: 247 time: 0.0022368
2026-05-09 17:45:40.577 10 INFO neutron.wsgi [-] 10.0.0.127 "GET / HTTP/1.1" status: 200 len: 247 time: 0.0015235
2026-05-09 17:45:55.575 9 INFO neutron.wsgi [-] 10.0.0.127 "GET / HTTP/1.1" status: 200 len: 247 time: 0.0020010
2026-05-09 17:45:55.576 10 INFO neutron.wsgi [-] 10.0.0.127 "GET / HTTP/1.1" status: 200 len: 247 time: 0.0032294
2026-05-09 17:46:10.575 9 INFO neutron.wsgi [-] 10.0.0.127 "GET / HTTP/1.1" status: 200 len: 247 time: 0.0024183
2026-05-09 17:46:10.579 10 INFO neutron.wsgi [-] 10.0.0.127 "GET / HTTP/1.1" status: 200 len: 247 time: 0.0020297
