2026-05-09 18:04:21.905 9 INFO neutron.wsgi [None req-3eb2d849-2137-4ab0-aad5-be1c579c0a91 f59681e67f6045d49dac40340f59ba79 c5e11689151a41bc9cd5da36ab855aaf - - default default] 10.0.0.132 "GET /v2.0/ports?device_id=b6852a21-29bd-4a02-abbb-4ff6d1c39fae HTTP/1.1" status: 200 len: 205 time: 0.0231886
2026-05-09 18:04:21.918 9 INFO neutron.wsgi [None req-ee4fefd1-da22-4531-a9d5-0eba8dfce9eb 809e4f8ac94947d1928a1d235fbce739 48a437d616f34ebc9c5f11f025958413 - - default default] 10.0.0.132 "PUT /v2.0/subnetpools/88580c75-15ed-4b74-acb7-bb9532f6b924/tags HTTP/1.1" status: 200 len: 210 time: 0.0500338
2026-05-09 18:04:21.967 10 INFO neutron.wsgi [None req-be036936-498a-469b-b670-2a52bdc67267 809e4f8ac94947d1928a1d235fbce739 48a437d616f34ebc9c5f11f025958413 - - default default] 10.0.0.132 "PUT /v2.0/subnetpools/0fa4c422-f909-4d95-9a33-d5c3bfc86c01/tags HTTP/1.1" status: 200 len: 218 time: 0.0316632
2026-05-09 18:04:22.006 10 INFO neutron.wsgi [None req-d21211d9-e659-435f-8399-2db1813f9af2 809e4f8ac94947d1928a1d235fbce739 48a437d616f34ebc9c5f11f025958413 - - default default] 10.0.0.132 "PUT /v2.0/subnetpools/0a54dfb1-2d5e-4fb6-b845-d18601919ab1/tags HTTP/1.1" status: 200 len: 227 time: 0.0337434
2026-05-09 18:04:22.062 10 INFO neutron.wsgi [None req-bc2d59b5-c92d-49d7-9c27-f45c3b038260 809e4f8ac94947d1928a1d235fbce739 48a437d616f34ebc9c5f11f025958413 - - default default] 10.0.0.132 "PUT /v2.0/subnetpools/519651c4-9f68-47d5-bc27-fd0c503a6ff3/tags HTTP/1.1" status: 200 len: 212 time: 0.0518503
2026-05-09 18:04:22.100 10 INFO neutron.wsgi [None req-6acfdf88-6e2d-42fc-9253-8889901f6300 809e4f8ac94947d1928a1d235fbce739 48a437d616f34ebc9c5f11f025958413 - - default default] 10.0.0.132 "GET /v2.0/subnetpools?tags=red HTTP/1.1" status: 200 len: 1758 time: 0.0324359
2026-05-09 18:04:22.117 9 INFO neutron.wsgi [None req-2dc2d106-db05-4bc9-bd44-f29e1c7407c9 f59681e67f6045d49dac40340f59ba79 c5e11689151a41bc9cd5da36ab855aaf - - default default] 10.0.0.132 "DELETE /v2.0/routers/b6852a21-29bd-4a02-abbb-4ff6d1c39fae HTTP/1.1" status: 204 len: 168 time: 0.2074301
2026-05-09 18:04:22.155 9 INFO neutron.wsgi [None req-40866915-62ca-4f7b-be80-4431ca596f2e 809e4f8ac94947d1928a1d235fbce739 48a437d616f34ebc9c5f11f025958413 - - default default] 10.0.0.132 "GET /v2.0/subnetpools?tags=red%2Cblue HTTP/1.1" status: 200 len: 1251 time: 0.0510449
2026-05-09 18:04:22.175 9 INFO neutron.wsgi [None req-e08aad4a-08fa-4606-8d7d-5d12b2600744 f59681e67f6045d49dac40340f59ba79 c5e11689151a41bc9cd5da36ab855aaf - - default default] 10.0.0.132 "GET /v2.0/routers/0140ce60-795e-448c-95da-aa66ea03d0b9 HTTP/1.1" status: 200 len: 668 time: 0.0526760
2026-05-09 18:04:22.194 10 INFO neutron.wsgi [None req-75515d7b-8fb2-41cb-af7a-f5fcc6db3395 809e4f8ac94947d1928a1d235fbce739 48a437d616f34ebc9c5f11f025958413 - - default default] 10.0.0.132 "GET /v2.0/subnetpools?tags-any=blue HTTP/1.1" status: 200 len: 1251 time: 0.0332973
2026-05-09 18:04:22.231 10 INFO neutron.wsgi [None req-1b5de41c-1bba-4dbd-b5fb-917d745b8688 809e4f8ac94947d1928a1d235fbce739 48a437d616f34ebc9c5f11f025958413 - - default default] 10.0.0.132 "GET /v2.0/subnetpools?tags-any=red%2Cblue HTTP/1.1" status: 200 len: 1758 time: 0.0329125
2026-05-09 18:04:22.266 10 INFO neutron.wsgi [None req-9f75e2e5-35b3-4e72-93ba-2ebe70bf0813 809e4f8ac94947d1928a1d235fbce739 48a437d616f34ebc9c5f11f025958413 - - default default] 10.0.0.132 "GET /v2.0/subnetpools?not-tags=red HTTP/1.1" status: 200 len: 1223 time: 0.0288112
2026-05-09 18:04:22.302 10 INFO neutron.wsgi [None req-7fdc2dda-715f-4e6f-80b3-59e9828747ab 809e4f8ac94947d1928a1d235fbce739 48a437d616f34ebc9c5f11f025958413 - - default default] 10.0.0.132 "GET /v2.0/subnetpools?not-tags=red%2Cblue HTTP/1.1" status: 200 len: 1730 time: 0.0272865
2026-05-09 18:04:22.341 10 INFO neutron.wsgi [None req-afa2677a-1a1e-4622-92dd-9f29842983ec 809e4f8ac94947d1928a1d235fbce739 48a437d616f34ebc9c5f11f025958413 - - default default] 10.0.0.132 "GET /v2.0/subnetpools?not-tags-any=blue HTTP/1.1" status: 200 len: 1730 time: 0.0335839
2026-05-09 18:04:22.368 10 INFO neutron.wsgi [None req-07b2ca0c-ee28-4cc4-8d14-d8835274a23f 809e4f8ac94947d1928a1d235fbce739 48a437d616f34ebc9c5f11f025958413 - - default default] 10.0.0.132 "GET /v2.0/subnetpools?not-tags-any=red%2Cblue HTTP/1.1" status: 200 len: 1223 time: 0.0217292
2026-05-09 18:04:22.434 10 INFO neutron.wsgi [None req-fa821f75-14a1-458c-b2e8-3fb34536a091 809e4f8ac94947d1928a1d235fbce739 48a437d616f34ebc9c5f11f025958413 - - default default] 10.0.0.132 "DELETE /v2.0/subnetpools/88580c75-15ed-4b74-acb7-bb9532f6b924 HTTP/1.1" status: 204 len: 168 time: 0.0604653
2026-05-09 18:04:22.505 10 INFO neutron.wsgi [None req-b1f3bb66-59ec-4fc0-8c62-909d2726fc73 809e4f8ac94947d1928a1d235fbce739 48a437d616f34ebc9c5f11f025958413 - - default default] 10.0.0.132 "DELETE /v2.0/subnetpools/0fa4c422-f909-4d95-9a33-d5c3bfc86c01 HTTP/1.1" status: 204 len: 168 time: 0.0648022
2026-05-09 18:04:22.570 10 INFO neutron.wsgi [None req-d2c6b62a-d840-464f-832f-f2d75b3d1627 809e4f8ac94947d1928a1d235fbce739 48a437d616f34ebc9c5f11f025958413 - - default default] 10.0.0.132 "DELETE /v2.0/subnetpools/0a54dfb1-2d5e-4fb6-b845-d18601919ab1 HTTP/1.1" status: 204 len: 168 time: 0.0597928
2026-05-09 18:04:22.603 9 WARNING neutron.scheduler.dhcp_agent_scheduler [None req-ca7cf15e-4bdd-4e75-9dac-e4babd1ad7b8 1b1e50a65c0240bd87779051c54d7259 db8242fb71a14a7a81b37a5e558020f7 - - default default] No more DHCP agents
2026-05-09 18:04:22.607 9 WARNING neutron.api.rpc.agentnotifiers.dhcp_rpc_agent_api [None req-ca7cf15e-4bdd-4e75-9dac-e4babd1ad7b8 1b1e50a65c0240bd87779051c54d7259 db8242fb71a14a7a81b37a5e558020f7 - - default default] Unable to schedule network 88e7bb26-a568-4093-80fc-6ec43b37b557: no agents available; will retry on subsequent port and subnet creation events.
2026-05-09 18:04:22.615 10 INFO neutron.wsgi [None req-ce885bb9-4bf8-4461-a97e-ba8a99919a76 2e6a4927d9674630b9c0931fcffc1969 b1f82a57074449859636cd0062dc7e84 - - default default] 10.0.0.73 "GET /v2.0/extensions HTTP/1.1" status: 200 len: 16525 time: 0.0051010
2026-05-09 18:04:22.629 10 INFO neutron.wsgi [None req-cdd2aa4d-fee7-42f8-ae17-ddc3e3cffeda 809e4f8ac94947d1928a1d235fbce739 48a437d616f34ebc9c5f11f025958413 - - default default] 10.0.0.132 "DELETE /v2.0/subnetpools/519651c4-9f68-47d5-bc27-fd0c503a6ff3 HTTP/1.1" status: 204 len: 168 time: 0.0536702
2026-05-09 18:04:22.682 9 INFO neutron.db.ovn_revision_numbers_db [None req-90592775-11d4-402c-bb96-3e7ad8ab361b f59681e67f6045d49dac40340f59ba79 c5e11689151a41bc9cd5da36ab855aaf - - default default] Successfully bumped revision number for resource 0140ce60-795e-448c-95da-aa66ea03d0b9 (type: routers) to 2
2026-05-09 18:04:22.685 9 INFO neutron.wsgi [None req-90592775-11d4-402c-bb96-3e7ad8ab361b f59681e67f6045d49dac40340f59ba79 c5e11689151a41bc9cd5da36ab855aaf - - default default] 10.0.0.132 "PUT /v2.0/routers/0140ce60-795e-448c-95da-aa66ea03d0b9 HTTP/1.1" status: 200 len: 668 time: 0.5017376
2026-05-09 18:04:22.706 10 INFO neutron.wsgi [None req-20a650eb-cadf-4a3d-af27-527211f11561 f59681e67f6045d49dac40340f59ba79 c5e11689151a41bc9cd5da36ab855aaf - - default default] 10.0.0.132 "GET /v2.0/ports?device_id=0140ce60-795e-448c-95da-aa66ea03d0b9 HTTP/1.1" status: 200 len: 205 time: 0.0164115
2026-05-09 18:04:22.721 9 INFO neutron.wsgi [None req-251e9aee-feda-46d9-90a1-f17f0dd047fb 809e4f8ac94947d1928a1d235fbce739 48a437d616f34ebc9c5f11f025958413 - - default default] 10.0.0.132 "DELETE /v2.0/subnetpools/39bf97df-2500-4896-aa64-4c6a58121537 HTTP/1.1" status: 204 len: 168 time: 0.0866146
2026-05-09 18:04:22.739 10 INFO neutron.wsgi [None req-1442eada-0a29-4faa-8ad3-369a5deb4805 2e6a4927d9674630b9c0931fcffc1969 b1f82a57074449859636cd0062dc7e84 - - default default] 10.0.0.73 "GET /v2.0/quotas/b1f82a57074449859636cd0062dc7e84/details HTTP/1.1" status: 200 len: 756 time: 0.1088121
2026-05-09 18:04:23.110 10 INFO neutron.wsgi [None req-7d0169de-9c1f-4a8a-b73b-7a039c0b30d1 f59681e67f6045d49dac40340f59ba79 c5e11689151a41bc9cd5da36ab855aaf - - default default] 10.0.0.132 "DELETE /v2.0/routers/0140ce60-795e-448c-95da-aa66ea03d0b9 HTTP/1.1" status: 204 len: 168 time: 0.3979390
2026-05-09 18:04:23.154 10 INFO neutron.wsgi [None req-e35e5034-5f97-4248-90b3-9a4f8a1bd66e f59681e67f6045d49dac40340f59ba79 c5e11689151a41bc9cd5da36ab855aaf - - default default] 10.0.0.132 "GET /v2.0/routers/a118de98-ca5b-4cbe-a271-4d4e7ffee420 HTTP/1.1" status: 200 len: 677 time: 0.0383575
2026-05-09 18:04:23.186 9 INFO neutron.db.ovn_revision_numbers_db [None req-ca7cf15e-4bdd-4e75-9dac-e4babd1ad7b8 1b1e50a65c0240bd87779051c54d7259 db8242fb71a14a7a81b37a5e558020f7 - - default default] Successfully bumped revision number for resource 570f7545-d5e9-4ea5-b08e-569591767bfb (type: floatingips) to 0
2026-05-09 18:04:23.207 9 INFO neutron.wsgi [None req-ca7cf15e-4bdd-4e75-9dac-e4babd1ad7b8 1b1e50a65c0240bd87779051c54d7259 db8242fb71a14a7a81b37a5e558020f7 - - default default] 10.0.0.132 "POST /v2.0/floatingips HTTP/1.1" status: 201 len: 751 time: 1.1189928
2026-05-09 18:04:23.255 9 INFO neutron.wsgi [None req-af2bdce3-dfd3-4f75-ac3e-c1112065c84d 1b1e50a65c0240bd87779051c54d7259 db8242fb71a14a7a81b37a5e558020f7 - - default default] 10.0.0.132 "PUT /v2.0/floatingips/570f7545-d5e9-4ea5-b08e-569591767bfb/tags HTTP/1.1" status: 200 len: 218 time: 0.0413165
2026-05-09 18:04:23.342 10 INFO neutron.wsgi [None req-79b3d938-4a6b-4f16-ab8a-0cf01f2f5329 1b1e50a65c0240bd87779051c54d7259 db8242fb71a14a7a81b37a5e558020f7 - - default default] 10.0.0.132 "GET /v2.0/floatingips/570f7545-d5e9-4ea5-b08e-569591767bfb/tags HTTP/1.1" status: 200 len: 218 time: 0.0638425
2026-05-09 18:04:23.386 9 INFO neutron.wsgi [None req-c2b330dd-f881-4b91-9972-7dac0d7cf1ad 1b1e50a65c0240bd87779051c54d7259 db8242fb71a14a7a81b37a5e558020f7 - - default default] 10.0.0.132 "PUT /v2.0/floatingips/570f7545-d5e9-4ea5-b08e-569591767bfb/tags/green HTTP/1.1" status: 201 len: 201 time: 0.0373271
2026-05-09 18:04:23.417 9 INFO neutron.wsgi [None req-cf31bc12-9b91-490a-aab6-ed6a158b4ea1 1b1e50a65c0240bd87779051c54d7259 db8242fb71a14a7a81b37a5e558020f7 - - default default] 10.0.0.132 "GET /v2.0/floatingips/570f7545-d5e9-4ea5-b08e-569591767bfb/tags HTTP/1.1" status: 200 len: 227 time: 0.0259387
2026-05-09 18:04:23.446 9 INFO neutron.wsgi [None req-4a31ac6c-1ea1-4410-a126-438f6a776205 1b1e50a65c0240bd87779051c54d7259 db8242fb71a14a7a81b37a5e558020f7 - - default default] 10.0.0.132 "PUT /v2.0/floatingips/570f7545-d5e9-4ea5-b08e-569591767bfb/tags/red HTTP/1.1" status: 201 len: 201 time: 0.0238814
2026-05-09 18:04:23.484 10 INFO neutron.wsgi [None req-73a0722f-508e-4392-abf6-0f0e413d3b47 1b1e50a65c0240bd87779051c54d7259 db8242fb71a14a7a81b37a5e558020f7 - - default default] 10.0.0.132 "GET /v2.0/floatingips/570f7545-d5e9-4ea5-b08e-569591767bfb/tags HTTP/1.1" status: 200 len: 227 time: 0.0323820
2026-05-09 18:04:23.535 9 INFO neutron.wsgi [None req-c2aeeb18-1d6a-4910-83cf-cb54f1f2560e 1b1e50a65c0240bd87779051c54d7259 db8242fb71a14a7a81b37a5e558020f7 - - default default] 10.0.0.132 "PUT /v2.0/floatingips/570f7545-d5e9-4ea5-b08e-569591767bfb/tags/black.or.white HTTP/1.1" status: 201 len: 201 time: 0.0447974
2026-05-09 18:04:23.567 9 INFO neutron.wsgi [None req-a138ca4c-ce68-459c-a304-bf33394c4f06 1b1e50a65c0240bd87779051c54d7259 db8242fb71a14a7a81b37a5e558020f7 - - default default] 10.0.0.132 "GET /v2.0/floatingips/570f7545-d5e9-4ea5-b08e-569591767bfb/tags HTTP/1.1" status: 200 len: 245 time: 0.0277033
2026-05-09 18:04:23.656 10 INFO neutron.wsgi [None req-91e019e5-6abe-4ae9-bbf4-37624779cea7 1b1e50a65c0240bd87779051c54d7259 db8242fb71a14a7a81b37a5e558020f7 - - default default] 10.0.0.132 "PUT /v2.0/floatingips/570f7545-d5e9-4ea5-b08e-569591767bfb/tags HTTP/1.1" status: 200 len: 230 time: 0.0843110
2026-05-09 18:04:23.734 10 INFO neutron.wsgi [None req-8c5ef17e-e0d6-40fc-8986-c458e5044732 1b1e50a65c0240bd87779051c54d7259 db8242fb71a14a7a81b37a5e558020f7 - - default default] 10.0.0.132 "GET /v2.0/floatingips/570f7545-d5e9-4ea5-b08e-569591767bfb/tags HTTP/1.1" status: 200 len: 230 time: 0.0734954
2026-05-09 18:04:23.753 10 INFO neutron.db.ovn_revision_numbers_db [None req-31023a87-aa55-4926-820c-b12556dd84eb f59681e67f6045d49dac40340f59ba79 c5e11689151a41bc9cd5da36ab855aaf - - default default] Successfully bumped revision number for resource a118de98-ca5b-4cbe-a271-4d4e7ffee420 (type: routers) to 2
2026-05-09 18:04:23.758 10 INFO neutron.wsgi [None req-31023a87-aa55-4926-820c-b12556dd84eb f59681e67f6045d49dac40340f59ba79 c5e11689151a41bc9cd5da36ab855aaf - - default default] 10.0.0.132 "PUT /v2.0/routers/a118de98-ca5b-4cbe-a271-4d4e7ffee420 HTTP/1.1" status: 200 len: 677 time: 0.5981343
2026-05-09 18:04:23.778 9 INFO neutron.wsgi [None req-ab3f8279-92e5-42cc-b980-74e11b704fbb 1b1e50a65c0240bd87779051c54d7259 db8242fb71a14a7a81b37a5e558020f7 - - default default] 10.0.0.132 "GET /v2.0/floatingips/570f7545-d5e9-4ea5-b08e-569591767bfb/tags/red HTTP/1.1" status: 204 len: 168 time: 0.0393686
2026-05-09 18:04:23.790 10 INFO neutron.wsgi [None req-52a647c9-241d-4ccf-97f2-6c58e591b577 f59681e67f6045d49dac40340f59ba79 c5e11689151a41bc9cd5da36ab855aaf - - default default] 10.0.0.132 "GET /v2.0/ports?device_id=a118de98-ca5b-4cbe-a271-4d4e7ffee420 HTTP/1.1" status: 200 len: 205 time: 0.0264666
2026-05-09 18:04:23.820 9 INFO neutron.api.v2.resource [None req-2533732e-9c71-4041-8b71-11650be1ec42 1b1e50a65c0240bd87779051c54d7259 db8242fb71a14a7a81b37a5e558020f7 - - default default] show failed (client error): The resource could not be found.
2026-05-09 18:04:23.821 9 INFO neutron.wsgi [None req-2533732e-9c71-4041-8b71-11650be1ec42 1b1e50a65c0240bd87779051c54d7259 db8242fb71a14a7a81b37a5e558020f7 - - default default] 10.0.0.132 "GET /v2.0/floatingips/570f7545-d5e9-4ea5-b08e-569591767bfb/tags/green HTTP/1.1" status: 404 len: 299 time: 0.0367632
2026-05-09 18:04:23.909 9 INFO neutron.wsgi [None req-0e1ec4de-0def-47a7-8b16-bc28c644d872 1b1e50a65c0240bd87779051c54d7259 db8242fb71a14a7a81b37a5e558020f7 - - default default] 10.0.0.132 "DELETE /v2.0/floatingips/570f7545-d5e9-4ea5-b08e-569591767bfb/tags/red HTTP/1.1" status: 204 len: 168 time: 0.0635855
2026-05-09 18:04:23.943 9 INFO neutron.wsgi [None req-49fd6cd9-932a-43b0-9218-a1a11de64502 1b1e50a65c0240bd87779051c54d7259 db8242fb71a14a7a81b37a5e558020f7 - - default default] 10.0.0.132 "GET /v2.0/floatingips/570f7545-d5e9-4ea5-b08e-569591767bfb/tags HTTP/1.1" status: 200 len: 223 time: 0.0301895
2026-05-09 18:04:23.944 9 INFO neutron.db.ovn_revision_numbers_db [None req-45f96ad3-1287-4027-8cfc-7205778611c3 d00cc3ab3a484fe79bff78e836f15b19 1eb91f905ae040f1adf2e676920ce475 - - default default] Successfully bumped revision number for resource 53b6b157-3fb7-431d-9ee1-e426ba58ea17 (type: security_groups) to 1
2026-05-09 18:04:23.971 9 INFO neutron.db.ovn_revision_numbers_db [None req-45f96ad3-1287-4027-8cfc-7205778611c3 d00cc3ab3a484fe79bff78e836f15b19 1eb91f905ae040f1adf2e676920ce475 - - default default] Successfully bumped revision number for resource 80b8b05f-2e30-4aa7-8846-4d1ec80d2aa3 (type: security_group_rules) to 0
2026-05-09 18:04:23.976 9 INFO neutron.api.v2.resource [None req-7da31c91-708a-4614-9e44-60d25ae686a1 1b1e50a65c0240bd87779051c54d7259 db8242fb71a14a7a81b37a5e558020f7 - - default default] delete failed (client error): The resource could not be found.
2026-05-09 18:04:23.977 9 INFO neutron.wsgi [None req-7da31c91-708a-4614-9e44-60d25ae686a1 1b1e50a65c0240bd87779051c54d7259 db8242fb71a14a7a81b37a5e558020f7 - - default default] 10.0.0.132 "DELETE /v2.0/floatingips/570f7545-d5e9-4ea5-b08e-569591767bfb/tags/green HTTP/1.1" status: 404 len: 299 time: 0.0301719
2026-05-09 18:04:23.985 9 INFO neutron.db.ovn_revision_numbers_db [None req-45f96ad3-1287-4027-8cfc-7205778611c3 d00cc3ab3a484fe79bff78e836f15b19 1eb91f905ae040f1adf2e676920ce475 - - default default] Successfully bumped revision number for resource 905bc945-95ab-4368-8143-c6a3fea264de (type: security_group_rules) to 0
2026-05-09 18:04:24.004 9 INFO neutron.db.ovn_revision_numbers_db [None req-45f96ad3-1287-4027-8cfc-7205778611c3 d00cc3ab3a484fe79bff78e836f15b19 1eb91f905ae040f1adf2e676920ce475 - - default default] Successfully bumped revision number for resource ebd6ea5e-e264-48de-9e9e-7387abeaf7f0 (type: security_group_rules) to 0
2026-05-09 18:04:24.018 9 INFO neutron.db.ovn_revision_numbers_db [None req-45f96ad3-1287-4027-8cfc-7205778611c3 d00cc3ab3a484fe79bff78e836f15b19 1eb91f905ae040f1adf2e676920ce475 - - default default] Successfully bumped revision number for resource ebd7df1e-25ad-41aa-b494-feb4f3dfd432 (type: security_group_rules) to 0
2026-05-09 18:04:24.033 10 INFO neutron.wsgi [None req-3725e2d6-fa2c-43f0-82b3-89b59a282d9e 1b1e50a65c0240bd87779051c54d7259 db8242fb71a14a7a81b37a5e558020f7 - - default default] 10.0.0.132 "DELETE /v2.0/floatingips/570f7545-d5e9-4ea5-b08e-569591767bfb/tags HTTP/1.1" status: 204 len: 168 time: 0.0504169
2026-05-09 18:04:24.043 9 INFO neutron.wsgi [None req-45f96ad3-1287-4027-8cfc-7205778611c3 d00cc3ab3a484fe79bff78e836f15b19 1eb91f905ae040f1adf2e676920ce475 - - default default] 10.0.0.132 "GET /v2.0/security-groups?tenant_id=988633eee5004c6db8f3c63caf11e7f7&name=default HTTP/1.1" status: 200 len: 2996 time: 0.4644861
2026-05-09 18:04:24.045 10 INFO neutron.wsgi [None req-2fcea4a6-303f-49c6-8d52-508dbb4ffc30 f59681e67f6045d49dac40340f59ba79 c5e11689151a41bc9cd5da36ab855aaf - - default default] 10.0.0.132 "DELETE /v2.0/routers/a118de98-ca5b-4cbe-a271-4d4e7ffee420 HTTP/1.1" status: 204 len: 168 time: 0.2482991
2026-05-09 18:04:24.089 9 INFO neutron.wsgi [None req-c869e1aa-b1e2-4d4d-8516-c320a5c883dd 1b1e50a65c0240bd87779051c54d7259 db8242fb71a14a7a81b37a5e558020f7 - - default default] 10.0.0.132 "GET /v2.0/floatingips/570f7545-d5e9-4ea5-b08e-569591767bfb/tags HTTP/1.1" status: 200 len: 205 time: 0.0448418
2026-05-09 18:04:24.097 9 INFO neutron.wsgi [None req-76f28cd1-d406-4829-98f8-0e9e9326d0c5 f59681e67f6045d49dac40340f59ba79 c5e11689151a41bc9cd5da36ab855aaf - - default default] 10.0.0.132 "GET /v2.0/routers/caf7290a-82f9-4aa6-9a3f-c762b25cb71a HTTP/1.1" status: 200 len: 662 time: 0.0463793
2026-05-09 18:04:24.342 10 INFO neutron.wsgi [None req-facbeef2-f7c6-438f-8011-c2a9ec08e20e d00cc3ab3a484fe79bff78e836f15b19 1eb91f905ae040f1adf2e676920ce475 - - default default] 10.0.0.132 "DELETE /v2.0/security-groups/53b6b157-3fb7-431d-9ee1-e426ba58ea17 HTTP/1.1" status: 204 len: 168 time: 0.2951870
2026-05-09 18:04:24.498 10 INFO neutron.wsgi [None req-4982d9e4-6e25-4186-8d08-73803393c74f 1b1e50a65c0240bd87779051c54d7259 db8242fb71a14a7a81b37a5e558020f7 - - default default] 10.0.0.132 "DELETE /v2.0/floatingips/570f7545-d5e9-4ea5-b08e-569591767bfb HTTP/1.1" status: 204 len: 168 time: 0.4021463
2026-05-09 18:04:24.524 9 INFO neutron.db.ovn_revision_numbers_db [None req-77330983-0664-4472-9780-21b28cc1430e f59681e67f6045d49dac40340f59ba79 c5e11689151a41bc9cd5da36ab855aaf - - default default] Successfully bumped revision number for resource caf7290a-82f9-4aa6-9a3f-c762b25cb71a (type: routers) to 2
2026-05-09 18:04:24.528 9 INFO neutron.wsgi [None req-77330983-0664-4472-9780-21b28cc1430e f59681e67f6045d49dac40340f59ba79 c5e11689151a41bc9cd5da36ab855aaf - - default default] 10.0.0.132 "PUT /v2.0/routers/caf7290a-82f9-4aa6-9a3f-c762b25cb71a HTTP/1.1" status: 200 len: 662 time: 0.4253302
2026-05-09 18:04:24.560 9 INFO neutron.wsgi [None req-fdb4bc4f-dabe-499d-8d9e-b33c21142e5a f59681e67f6045d49dac40340f59ba79 c5e11689151a41bc9cd5da36ab855aaf - - default default] 10.0.0.132 "GET /v2.0/ports?device_id=caf7290a-82f9-4aa6-9a3f-c762b25cb71a HTTP/1.1" status: 200 len: 205 time: 0.0260527
2026-05-09 18:04:24.569 10 INFO neutron.db.ovn_revision_numbers_db [None req-c6e735b6-b3d1-463c-9313-5cb35952e5bb d00cc3ab3a484fe79bff78e836f15b19 1eb91f905ae040f1adf2e676920ce475 - - default default] Successfully bumped revision number for resource 29e491f7-1d52-4269-a97e-fb9769a9f009 (type: security_groups) to 1
2026-05-09 18:04:24.589 10 INFO neutron.db.ovn_revision_numbers_db [None req-c6e735b6-b3d1-463c-9313-5cb35952e5bb d00cc3ab3a484fe79bff78e836f15b19 1eb91f905ae040f1adf2e676920ce475 - - default default] Successfully bumped revision number for resource 7ffae8df-4cc2-40f7-a85c-26642ee3d844 (type: security_group_rules) to 0
2026-05-09 18:04:24.606 10 INFO neutron.db.ovn_revision_numbers_db [None req-c6e735b6-b3d1-463c-9313-5cb35952e5bb d00cc3ab3a484fe79bff78e836f15b19 1eb91f905ae040f1adf2e676920ce475 - - default default] Successfully bumped revision number for resource 810d46bf-9006-46c4-8289-0bbecce9dd89 (type: security_group_rules) to 0
2026-05-09 18:04:24.626 10 INFO neutron.db.ovn_revision_numbers_db [None req-c6e735b6-b3d1-463c-9313-5cb35952e5bb d00cc3ab3a484fe79bff78e836f15b19 1eb91f905ae040f1adf2e676920ce475 - - default default] Successfully bumped revision number for resource c4f75747-57db-4345-b1e8-7715b5cf67d4 (type: security_group_rules) to 0
2026-05-09 18:04:24.644 10 INFO neutron.db.ovn_revision_numbers_db [None req-c6e735b6-b3d1-463c-9313-5cb35952e5bb d00cc3ab3a484fe79bff78e836f15b19 1eb91f905ae040f1adf2e676920ce475 - - default default] Successfully bumped revision number for resource da89e796-adf2-421e-9988-f6bd1033f8bb (type: security_group_rules) to 0
2026-05-09 18:04:24.670 10 INFO neutron.wsgi [None req-c6e735b6-b3d1-463c-9313-5cb35952e5bb d00cc3ab3a484fe79bff78e836f15b19 1eb91f905ae040f1adf2e676920ce475 - - default default] 10.0.0.132 "GET /v2.0/security-groups?tenant_id=48a437d616f34ebc9c5f11f025958413&name=default HTTP/1.1" status: 200 len: 2996 time: 0.2186465
2026-05-09 18:04:24.752 9 INFO neutron.wsgi [None req-d034c625-4ec0-4474-b40e-12663ff5e4bb f59681e67f6045d49dac40340f59ba79 c5e11689151a41bc9cd5da36ab855aaf - - default default] 10.0.0.132 "DELETE /v2.0/routers/caf7290a-82f9-4aa6-9a3f-c762b25cb71a HTTP/1.1" status: 204 len: 168 time: 0.1862068
2026-05-09 18:04:24.801 9 INFO neutron.wsgi [None req-16971940-bf60-4305-836d-b421ddbcb18d f59681e67f6045d49dac40340f59ba79 c5e11689151a41bc9cd5da36ab855aaf - - default default] 10.0.0.132 "GET /v2.0/routers/c8c9f725-5e79-43d7-8294-b08071c6bf7d HTTP/1.1" status: 200 len: 655 time: 0.0440500
2026-05-09 18:04:24.874 10 INFO neutron.wsgi [None req-094a0709-dd05-4de4-ab2a-45b938426919 d00cc3ab3a484fe79bff78e836f15b19 1eb91f905ae040f1adf2e676920ce475 - - default default] 10.0.0.132 "DELETE /v2.0/security-groups/29e491f7-1d52-4269-a97e-fb9769a9f009 HTTP/1.1" status: 204 len: 168 time: 0.1992745
2026-05-09 18:04:25.184 9 INFO neutron.wsgi [None req-4cfe5791-b173-4cd5-8081-347e62b2acc5 f59681e67f6045d49dac40340f59ba79 c5e11689151a41bc9cd5da36ab855aaf - - default default] 10.0.0.132 "PUT /v2.0/routers/c8c9f725-5e79-43d7-8294-b08071c6bf7d HTTP/1.1" status: 200 len: 655 time: 0.3780212
2026-05-09 18:04:25.195 10 INFO neutron.db.ovn_revision_numbers_db [None req-3f4d6aad-1e40-421e-aa3d-bd8c26ab3a17 d00cc3ab3a484fe79bff78e836f15b19 1eb91f905ae040f1adf2e676920ce475 - - default default] Successfully bumped revision number for resource 21c0416d-ef4a-4dab-993b-faf247bad34e (type: security_groups) to 1
2026-05-09 18:04:25.221 9 INFO neutron.wsgi [None req-36efc949-4891-49b1-a884-f2579b042da9 f59681e67f6045d49dac40340f59ba79 c5e11689151a41bc9cd5da36ab855aaf - - default default] 10.0.0.132 "GET /v2.0/ports?device_id=c8c9f725-5e79-43d7-8294-b08071c6bf7d HTTP/1.1" status: 200 len: 205 time: 0.0287671
2026-05-09 18:04:25.225 10 INFO neutron.db.ovn_revision_numbers_db [None req-3f4d6aad-1e40-421e-aa3d-bd8c26ab3a17 d00cc3ab3a484fe79bff78e836f15b19 1eb91f905ae040f1adf2e676920ce475 - - default default] Successfully bumped revision number for resource 572c753a-838d-4f54-8d10-21b7b5d1e78a (type: security_group_rules) to 0
2026-05-09 18:04:25.241 10 INFO neutron.db.ovn_revision_numbers_db [None req-3f4d6aad-1e40-421e-aa3d-bd8c26ab3a17 d00cc3ab3a484fe79bff78e836f15b19 1eb91f905ae040f1adf2e676920ce475 - - default default] Successfully bumped revision number for resource acf3b8eb-ca4a-4d4d-b7fa-daedb7962f54 (type: security_group_rules) to 0
2026-05-09 18:04:25.258 10 INFO neutron.db.ovn_revision_numbers_db [None req-3f4d6aad-1e40-421e-aa3d-bd8c26ab3a17 d00cc3ab3a484fe79bff78e836f15b19 1eb91f905ae040f1adf2e676920ce475 - - default default] Successfully bumped revision number for resource e4361e6b-67d0-4771-8182-002675031dbb (type: security_group_rules) to 0
2026-05-09 18:04:25.274 10 INFO neutron.db.ovn_revision_numbers_db [None req-3f4d6aad-1e40-421e-aa3d-bd8c26ab3a17 d00cc3ab3a484fe79bff78e836f15b19 1eb91f905ae040f1adf2e676920ce475 - - default default] Successfully bumped revision number for resource fe9db52e-d64c-4926-aa35-0b725e0a593e (type: security_group_rules) to 0
2026-05-09 18:04:25.305 10 INFO neutron.wsgi [None req-3f4d6aad-1e40-421e-aa3d-bd8c26ab3a17 d00cc3ab3a484fe79bff78e836f15b19 1eb91f905ae040f1adf2e676920ce475 - - default default] 10.0.0.132 "GET /v2.0/security-groups?tenant_id=fd265e23c0fe46a593542026ac4a6c3c&name=default HTTP/1.1" status: 200 len: 2996 time: 0.2590373
2026-05-09 18:04:25.431 9 INFO neutron.wsgi [None req-8f921fbb-05f6-4a87-bc4a-0950a6edb947 f59681e67f6045d49dac40340f59ba79 c5e11689151a41bc9cd5da36ab855aaf - - default default] 10.0.0.132 "DELETE /v2.0/routers/c8c9f725-5e79-43d7-8294-b08071c6bf7d HTTP/1.1" status: 204 len: 168 time: 0.2055230
2026-05-09 18:04:25.508 9 INFO neutron.db.ovn_revision_numbers_db [None req-5e971380-00c4-4420-a42a-725382d7bf38 d00cc3ab3a484fe79bff78e836f15b19 1eb91f905ae040f1adf2e676920ce475 - - default default] Successfully bumped revision number for resource caadde64-2a59-4a39-a0bf-9afc0ac53e84 (type: security_groups) to 1
2026-05-09 18:04:25.530 9 INFO neutron.db.ovn_revision_numbers_db [None req-5e971380-00c4-4420-a42a-725382d7bf38 d00cc3ab3a484fe79bff78e836f15b19 1eb91f905ae040f1adf2e676920ce475 - - default default] Successfully bumped revision number for resource 38a672e4-3522-472f-9842-304a60970fc6 (type: security_group_rules) to 0
2026-05-09 18:04:25.533 10 INFO neutron.wsgi [None req-538630da-9cab-49ac-8124-942f58048f3c d00cc3ab3a484fe79bff78e836f15b19 1eb91f905ae040f1adf2e676920ce475 - - default default] 10.0.0.132 "DELETE /v2.0/security-groups/21c0416d-ef4a-4dab-993b-faf247bad34e HTTP/1.1" status: 204 len: 168 time: 0.2227273
2026-05-09 18:04:25.545 9 INFO neutron.db.ovn_revision_numbers_db [None req-5e971380-00c4-4420-a42a-725382d7bf38 d00cc3ab3a484fe79bff78e836f15b19 1eb91f905ae040f1adf2e676920ce475 - - default default] Successfully bumped revision number for resource 510ce20c-5028-4fc9-878a-a57cc4d6b6c3 (type: security_group_rules) to 0
2026-05-09 18:04:25.565 9 INFO neutron.db.ovn_revision_numbers_db [None req-5e971380-00c4-4420-a42a-725382d7bf38 d00cc3ab3a484fe79bff78e836f15b19 1eb91f905ae040f1adf2e676920ce475 - - default default] Successfully bumped revision number for resource 9d4ce0d3-ff24-48be-bdab-53d2926ebbfe (type: security_group_rules) to 0
2026-05-09 18:04:25.576 10 INFO neutron.wsgi [-] 10.0.0.127 "GET / HTTP/1.1" status: 200 len: 247 time: 0.0030153
2026-05-09 18:04:25.578 9 INFO neutron.db.ovn_revision_numbers_db [None req-b88951d6-9c06-4560-96b2-2945b3007494 d00cc3ab3a484fe79bff78e836f15b19 1eb91f905ae040f1adf2e676920ce475 - - default default] Successfully bumped revision number for resource 474b14bc-1738-4810-a532-c13e66766230 (type: security_groups) to 1
2026-05-09 18:04:25.582 9 INFO neutron.db.ovn_revision_numbers_db [None req-5e971380-00c4-4420-a42a-725382d7bf38 d00cc3ab3a484fe79bff78e836f15b19 1eb91f905ae040f1adf2e676920ce475 - - default default] Successfully bumped revision number for resource dee6697e-da68-4e7f-bb96-b9c020b2427b (type: security_group_rules) to 0
2026-05-09 18:04:25.582 10 INFO neutron.wsgi [-] 10.0.0.127 "GET / HTTP/1.1" status: 200 len: 247 time: 0.0033545
2026-05-09 18:04:25.603 9 INFO neutron.db.ovn_revision_numbers_db [None req-b88951d6-9c06-4560-96b2-2945b3007494 d00cc3ab3a484fe79bff78e836f15b19 1eb91f905ae040f1adf2e676920ce475 - - default default] Successfully bumped revision number for resource 00eb3311-a128-426f-a26f-003e86977a48 (type: security_group_rules) to 0
2026-05-09 18:04:25.608 9 INFO neutron.wsgi [None req-5e971380-00c4-4420-a42a-725382d7bf38 d00cc3ab3a484fe79bff78e836f15b19 1eb91f905ae040f1adf2e676920ce475 - - default default] 10.0.0.132 "GET /v2.0/security-groups?tenant_id=db8242fb71a14a7a81b37a5e558020f7&name=default HTTP/1.1" status: 200 len: 2996 time: 0.3969431
2026-05-09 18:04:25.618 9 INFO neutron.db.ovn_revision_numbers_db [None req-b88951d6-9c06-4560-96b2-2945b3007494 d00cc3ab3a484fe79bff78e836f15b19 1eb91f905ae040f1adf2e676920ce475 - - default default] Successfully bumped revision number for resource 2ea850d6-2d92-49eb-85c4-4114ad144142 (type: security_group_rules) to 0
2026-05-09 18:04:25.635 9 INFO neutron.db.ovn_revision_numbers_db [None req-b88951d6-9c06-4560-96b2-2945b3007494 d00cc3ab3a484fe79bff78e836f15b19 1eb91f905ae040f1adf2e676920ce475 - - default default] Successfully bumped revision number for resource 85df948a-25e0-41b7-a2b9-24952a7dbfa9 (type: security_group_rules) to 0
2026-05-09 18:04:25.649 9 INFO neutron.db.ovn_revision_numbers_db [None req-b88951d6-9c06-4560-96b2-2945b3007494 d00cc3ab3a484fe79bff78e836f15b19 1eb91f905ae040f1adf2e676920ce475 - - default default] Successfully bumped revision number for resource e016743b-d628-4a7c-87e4-ec64f96c7809 (type: security_group_rules) to 0
2026-05-09 18:04:25.674 9 INFO neutron.wsgi [None req-b88951d6-9c06-4560-96b2-2945b3007494 d00cc3ab3a484fe79bff78e836f15b19 1eb91f905ae040f1adf2e676920ce475 - - default default] 10.0.0.132 "GET /v2.0/security-groups?tenant_id=b1f82a57074449859636cd0062dc7e84&name=default HTTP/1.1" status: 200 len: 2996 time: 0.3431702
2026-05-09 18:04:25.793 9 INFO neutron.wsgi [None req-3eec02d3-04f1-4622-95a6-364a20395920 d00cc3ab3a484fe79bff78e836f15b19 1eb91f905ae040f1adf2e676920ce475 - - default default] 10.0.0.132 "DELETE /v2.0/security-groups/caadde64-2a59-4a39-a0bf-9afc0ac53e84 HTTP/1.1" status: 204 len: 168 time: 0.1797953
2026-05-09 18:04:25.896 10 INFO neutron.wsgi [None req-1ae18499-e8bf-4d3c-85af-0649b312330b d00cc3ab3a484fe79bff78e836f15b19 1eb91f905ae040f1adf2e676920ce475 - - default default] 10.0.0.132 "DELETE /v2.0/security-groups/474b14bc-1738-4810-a532-c13e66766230 HTTP/1.1" status: 204 len: 168 time: 0.2140768
2026-05-09 18:04:26.039 10 INFO neutron.db.ovn_revision_numbers_db [None req-8ff9d139-7deb-465d-b48e-132e4d41b885 d00cc3ab3a484fe79bff78e836f15b19 1eb91f905ae040f1adf2e676920ce475 - - default default] Successfully bumped revision number for resource 6b063600-b7b2-4237-b690-575f7c2746f8 (type: security_groups) to 1
2026-05-09 18:04:26.057 10 INFO neutron.db.ovn_revision_numbers_db [None req-8ff9d139-7deb-465d-b48e-132e4d41b885 d00cc3ab3a484fe79bff78e836f15b19 1eb91f905ae040f1adf2e676920ce475 - - default default] Successfully bumped revision number for resource 3b856670-45c7-458c-8812-dd0ee1da42e7 (type: security_group_rules) to 0
2026-05-09 18:04:26.069 10 INFO neutron.db.ovn_revision_numbers_db [None req-8ff9d139-7deb-465d-b48e-132e4d41b885 d00cc3ab3a484fe79bff78e836f15b19 1eb91f905ae040f1adf2e676920ce475 - - default default] Successfully bumped revision number for resource 4a0b9c9f-e3e3-49e0-bacf-eb27b9461046 (type: security_group_rules) to 0
2026-05-09 18:04:26.083 10 INFO neutron.db.ovn_revision_numbers_db [None req-8ff9d139-7deb-465d-b48e-132e4d41b885 d00cc3ab3a484fe79bff78e836f15b19 1eb91f905ae040f1adf2e676920ce475 - - default default] Successfully bumped revision number for resource 53943482-e826-4023-9685-c9147044684f (type: security_group_rules) to 0
2026-05-09 18:04:26.098 10 INFO neutron.db.ovn_revision_numbers_db [None req-8ff9d139-7deb-465d-b48e-132e4d41b885 d00cc3ab3a484fe79bff78e836f15b19 1eb91f905ae040f1adf2e676920ce475 - - default default] Successfully bumped revision number for resource f0a98634-3787-4601-bddc-f1cd5973bf99 (type: security_group_rules) to 0
2026-05-09 18:04:26.119 10 INFO neutron.wsgi [None req-8ff9d139-7deb-465d-b48e-132e4d41b885 d00cc3ab3a484fe79bff78e836f15b19 1eb91f905ae040f1adf2e676920ce475 - - default default] 10.0.0.132 "GET /v2.0/security-groups?tenant_id=3d5d8a4fd66c4eb3985c2a91fe837ea6&name=default HTTP/1.1" status: 200 len: 2996 time: 0.1803064
2026-05-09 18:04:26.300 10 INFO neutron.wsgi [None req-470c65b6-7e2d-4a75-bc87-91ccc533ba0a d00cc3ab3a484fe79bff78e836f15b19 1eb91f905ae040f1adf2e676920ce475 - - default default] 10.0.0.132 "DELETE /v2.0/security-groups/6b063600-b7b2-4237-b690-575f7c2746f8 HTTP/1.1" status: 204 len: 168 time: 0.1766446
2026-05-09 18:04:26.560 10 INFO neutron.db.ovn_revision_numbers_db [None req-6bb6f6e1-4820-4def-af60-c7ef18507723 d00cc3ab3a484fe79bff78e836f15b19 1eb91f905ae040f1adf2e676920ce475 - - default default] Successfully bumped revision number for resource 57fcb55e-1b0e-421d-a4fc-5093f50fe4e2 (type: security_groups) to 1
2026-05-09 18:04:26.573 10 INFO neutron.db.ovn_revision_numbers_db [None req-6bb6f6e1-4820-4def-af60-c7ef18507723 d00cc3ab3a484fe79bff78e836f15b19 1eb91f905ae040f1adf2e676920ce475 - - default default] Successfully bumped revision number for resource 4b44151a-ff8a-4bff-8097-77e00418c26e (type: security_group_rules) to 0
2026-05-09 18:04:26.585 10 INFO neutron.db.ovn_revision_numbers_db [None req-6bb6f6e1-4820-4def-af60-c7ef18507723 d00cc3ab3a484fe79bff78e836f15b19 1eb91f905ae040f1adf2e676920ce475 - - default default] Successfully bumped revision number for resource 63dee380-c006-437a-8ec0-5eed1c1c603d (type: security_group_rules) to 0
2026-05-09 18:04:26.601 10 INFO neutron.db.ovn_revision_numbers_db [None req-6bb6f6e1-4820-4def-af60-c7ef18507723 d00cc3ab3a484fe79bff78e836f15b19 1eb91f905ae040f1adf2e676920ce475 - - default default] Successfully bumped revision number for resource 81985ed4-5440-4944-a6b4-1c4829e9e5f7 (type: security_group_rules) to 0
2026-05-09 18:04:26.619 10 INFO neutron.db.ovn_revision_numbers_db [None req-6bb6f6e1-4820-4def-af60-c7ef18507723 d00cc3ab3a484fe79bff78e836f15b19 1eb91f905ae040f1adf2e676920ce475 - - default default] Successfully bumped revision number for resource ef31f8d9-94bc-4d1d-9c6c-698a2cc2348f (type: security_group_rules) to 0
2026-05-09 18:04:26.644 10 INFO neutron.wsgi [None req-6bb6f6e1-4820-4def-af60-c7ef18507723 d00cc3ab3a484fe79bff78e836f15b19 1eb91f905ae040f1adf2e676920ce475 - - default default] 10.0.0.132 "GET /v2.0/security-groups?tenant_id=c5e11689151a41bc9cd5da36ab855aaf&name=default HTTP/1.1" status: 200 len: 2996 time: 0.3653898
2026-05-09 18:04:26.838 10 INFO neutron.wsgi [None req-861e51f6-6cc0-4b4d-8f42-605167dc012a d00cc3ab3a484fe79bff78e836f15b19 1eb91f905ae040f1adf2e676920ce475 - - default default] 10.0.0.132 "DELETE /v2.0/security-groups/57fcb55e-1b0e-421d-a4fc-5093f50fe4e2 HTTP/1.1" status: 204 len: 168 time: 0.1906796
2026-05-09 18:04:27.111 9 INFO neutron.db.ovn_revision_numbers_db [None req-5bd92b25-3b81-4a58-a1ac-322c092d6d1b d00cc3ab3a484fe79bff78e836f15b19 1eb91f905ae040f1adf2e676920ce475 - - default default] Successfully bumped revision number for resource a50a4ed6-d698-4df5-b38e-97db9c6a4cd1 (type: security_groups) to 1
2026-05-09 18:04:27.136 9 INFO neutron.db.ovn_revision_numbers_db [None req-5bd92b25-3b81-4a58-a1ac-322c092d6d1b d00cc3ab3a484fe79bff78e836f15b19 1eb91f905ae040f1adf2e676920ce475 - - default default] Successfully bumped revision number for resource 486eaf97-cd9f-4df5-b970-c16c3542ce1f (type: security_group_rules) to 0
2026-05-09 18:04:27.158 9 INFO neutron.db.ovn_revision_numbers_db [None req-5bd92b25-3b81-4a58-a1ac-322c092d6d1b d00cc3ab3a484fe79bff78e836f15b19 1eb91f905ae040f1adf2e676920ce475 - - default default] Successfully bumped revision number for resource 8cfe07de-d8d8-42f8-90f7-10949d9bb92a (type: security_group_rules) to 0
2026-05-09 18:04:27.173 9 INFO neutron.db.ovn_revision_numbers_db [None req-5bd92b25-3b81-4a58-a1ac-322c092d6d1b d00cc3ab3a484fe79bff78e836f15b19 1eb91f905ae040f1adf2e676920ce475 - - default default] Successfully bumped revision number for resource 971aba07-e9fa-45bd-b8e2-32fd5aa886e9 (type: security_group_rules) to 0
2026-05-09 18:04:27.186 9 INFO neutron.db.ovn_revision_numbers_db [None req-5bd92b25-3b81-4a58-a1ac-322c092d6d1b d00cc3ab3a484fe79bff78e836f15b19 1eb91f905ae040f1adf2e676920ce475 - - default default] Successfully bumped revision number for resource e6d4e91e-b04e-4fa7-9112-2a7525ffa891 (type: security_group_rules) to 0
2026-05-09 18:04:27.210 9 INFO neutron.wsgi [None req-5bd92b25-3b81-4a58-a1ac-322c092d6d1b d00cc3ab3a484fe79bff78e836f15b19 1eb91f905ae040f1adf2e676920ce475 - - default default] 10.0.0.132 "GET /v2.0/security-groups?tenant_id=ecb89d4b9dc246368120c1c9e4265b94&name=default HTTP/1.1" status: 200 len: 2996 time: 0.2335694
2026-05-09 18:04:27.437 9 INFO neutron.wsgi [None req-01489e71-540a-4d98-949d-eb5eec1bc3f8 d00cc3ab3a484fe79bff78e836f15b19 1eb91f905ae040f1adf2e676920ce475 - - default default] 10.0.0.132 "DELETE /v2.0/security-groups/a50a4ed6-d698-4df5-b38e-97db9c6a4cd1 HTTP/1.1" status: 204 len: 168 time: 0.2234094
2026-05-09 18:04:27.661 10 INFO neutron.db.ovn_revision_numbers_db [None req-56f5dae6-23cd-4ae3-b08b-93f87daaf046 d00cc3ab3a484fe79bff78e836f15b19 1eb91f905ae040f1adf2e676920ce475 - - default default] Successfully bumped revision number for resource 15e6bebc-d826-45a4-a598-7b29a00dda87 (type: security_groups) to 1
2026-05-09 18:04:27.676 10 INFO neutron.db.ovn_revision_numbers_db [None req-56f5dae6-23cd-4ae3-b08b-93f87daaf046 d00cc3ab3a484fe79bff78e836f15b19 1eb91f905ae040f1adf2e676920ce475 - - default default] Successfully bumped revision number for resource 4aa3f6a9-fa3c-40d9-986a-e99bafbb0887 (type: security_group_rules) to 0
2026-05-09 18:04:27.695 10 INFO neutron.db.ovn_revision_numbers_db [None req-56f5dae6-23cd-4ae3-b08b-93f87daaf046 d00cc3ab3a484fe79bff78e836f15b19 1eb91f905ae040f1adf2e676920ce475 - - default default] Successfully bumped revision number for resource 895d483e-4c04-4cb6-8af5-190a06224a16 (type: security_group_rules) to 0
2026-05-09 18:04:27.709 10 INFO neutron.db.ovn_revision_numbers_db [None req-56f5dae6-23cd-4ae3-b08b-93f87daaf046 d00cc3ab3a484fe79bff78e836f15b19 1eb91f905ae040f1adf2e676920ce475 - - default default] Successfully bumped revision number for resource cb50059a-9b8d-4dcb-84f0-a588f902c39d (type: security_group_rules) to 0
2026-05-09 18:04:27.722 10 INFO neutron.db.ovn_revision_numbers_db [None req-56f5dae6-23cd-4ae3-b08b-93f87daaf046 d00cc3ab3a484fe79bff78e836f15b19 1eb91f905ae040f1adf2e676920ce475 - - default default] Successfully bumped revision number for resource fc3d0412-67e9-485a-8e65-7a66fc5af536 (type: security_group_rules) to 0
2026-05-09 18:04:27.750 10 INFO neutron.wsgi [None req-56f5dae6-23cd-4ae3-b08b-93f87daaf046 d00cc3ab3a484fe79bff78e836f15b19 1eb91f905ae040f1adf2e676920ce475 - - default default] 10.0.0.132 "GET /v2.0/security-groups?tenant_id=a39a8162cb3d439d992391222487a4b3&name=default HTTP/1.1" status: 200 len: 2996 time: 0.2066588
2026-05-09 18:04:27.987 10 INFO neutron.wsgi [None req-49b9450e-86d6-44d3-a836-6fa84c27c86b d00cc3ab3a484fe79bff78e836f15b19 1eb91f905ae040f1adf2e676920ce475 - - default default] 10.0.0.132 "DELETE /v2.0/security-groups/15e6bebc-d826-45a4-a598-7b29a00dda87 HTTP/1.1" status: 204 len: 168 time: 0.2313461
2026-05-09 18:04:29.984 9 INFO neutron.db.ovn_revision_numbers_db [None req-6ac71449-c1d3-41e0-8b7a-9246078af204 2c375b735a304d558bc726501544c486 4c642ad78fd247a2871e5e5c03de8058 - - default default] Successfully bumped revision number for resource b87798e8-0895-438e-8436-d375446ce69a (type: security_groups) to 1
2026-05-09 18:04:30.003 9 INFO neutron.db.ovn_revision_numbers_db [None req-6ac71449-c1d3-41e0-8b7a-9246078af204 2c375b735a304d558bc726501544c486 4c642ad78fd247a2871e5e5c03de8058 - - default default] Successfully bumped revision number for resource 417b7fc7-3a9f-4f09-b2fc-58b86d626eb0 (type: security_group_rules) to 0
2026-05-09 18:04:30.026 9 INFO neutron.db.ovn_revision_numbers_db [None req-6ac71449-c1d3-41e0-8b7a-9246078af204 2c375b735a304d558bc726501544c486 4c642ad78fd247a2871e5e5c03de8058 - - default default] Successfully bumped revision number for resource a1fb68c8-2e82-4703-8ccb-a968295d6018 (type: security_group_rules) to 0
2026-05-09 18:04:30.044 9 INFO neutron.db.ovn_revision_numbers_db [None req-6ac71449-c1d3-41e0-8b7a-9246078af204 2c375b735a304d558bc726501544c486 4c642ad78fd247a2871e5e5c03de8058 - - default default] Successfully bumped revision number for resource bdecae21-b898-4b53-808d-08934ba2cf63 (type: security_group_rules) to 0
2026-05-09 18:04:30.062 9 INFO neutron.db.ovn_revision_numbers_db [None req-6ac71449-c1d3-41e0-8b7a-9246078af204 2c375b735a304d558bc726501544c486 4c642ad78fd247a2871e5e5c03de8058 - - default default] Successfully bumped revision number for resource c7d17dc6-17fb-4eb0-a1a2-0f1267b851ab (type: security_group_rules) to 0
2026-05-09 18:04:30.079 9 INFO neutron.db.ovn_revision_numbers_db [None req-5ee9f194-af50-4d32-aa56-cd1aabb1d5fb 64594cb3eed54a8d868047bc868ca4a8 7f5feb6f7c5b487f965f5d18ea0e9f59 - - default default] Successfully bumped revision number for resource e41dfd89-69f6-4bce-96b5-947ba3005971 (type: security_groups) to 1
2026-05-09 18:04:30.092 9 INFO neutron.db.ovn_revision_numbers_db [None req-5ee9f194-af50-4d32-aa56-cd1aabb1d5fb 64594cb3eed54a8d868047bc868ca4a8 7f5feb6f7c5b487f965f5d18ea0e9f59 - - default default] Successfully bumped revision number for resource 08018e2d-ca1d-403a-9778-2c821f5b9139 (type: security_group_rules) to 0
2026-05-09 18:04:30.109 9 INFO neutron.db.ovn_revision_numbers_db [None req-5ee9f194-af50-4d32-aa56-cd1aabb1d5fb 64594cb3eed54a8d868047bc868ca4a8 7f5feb6f7c5b487f965f5d18ea0e9f59 - - default default] Successfully bumped revision number for resource 0bc43182-ede2-4172-87e5-00752f0c22d6 (type: security_group_rules) to 0
2026-05-09 18:04:30.116 9 INFO neutron.db.segments_db [None req-6ac71449-c1d3-41e0-8b7a-9246078af204 2c375b735a304d558bc726501544c486 4c642ad78fd247a2871e5e5c03de8058 - - default default] Added segment c59fd83b-2917-42f1-8b85-903a51e7ef71 of type geneve for network ca27f229-05fa-4fdb-a906-b043152b9843
2026-05-09 18:04:30.128 9 INFO neutron.db.ovn_revision_numbers_db [None req-5ee9f194-af50-4d32-aa56-cd1aabb1d5fb 64594cb3eed54a8d868047bc868ca4a8 7f5feb6f7c5b487f965f5d18ea0e9f59 - - default default] Successfully bumped revision number for resource 6b29911d-b33a-458c-9157-9ee4e79e6616 (type: security_group_rules) to 0
2026-05-09 18:04:30.147 9 INFO neutron.db.ovn_revision_numbers_db [None req-5ee9f194-af50-4d32-aa56-cd1aabb1d5fb 64594cb3eed54a8d868047bc868ca4a8 7f5feb6f7c5b487f965f5d18ea0e9f59 - - default default] Successfully bumped revision number for resource 9e8a2e03-66f7-455a-9cc2-9e9d6e713b0e (type: security_group_rules) to 0
2026-05-09 18:04:30.214 9 INFO neutron.db.segments_db [None req-5ee9f194-af50-4d32-aa56-cd1aabb1d5fb 64594cb3eed54a8d868047bc868ca4a8 7f5feb6f7c5b487f965f5d18ea0e9f59 - - default default] Added segment 4a4f398d-789b-4789-87ac-181eb9282200 of type geneve for network 35c1a971-2519-4a57-8644-8e8c118e8c13
2026-05-09 18:04:30.282 9 INFO neutron.db.ovn_revision_numbers_db [None req-6ac71449-c1d3-41e0-8b7a-9246078af204 2c375b735a304d558bc726501544c486 4c642ad78fd247a2871e5e5c03de8058 - - default default] Successfully bumped revision number for resource ca27f229-05fa-4fdb-a906-b043152b9843 (type: networks) to 1
2026-05-09 18:04:30.467 10 WARNING neutron.scheduler.dhcp_agent_scheduler [None req-4a7492e4-5a5b-4de6-9d0d-5770e609f99c ba29f6756d1f4891bcf70ff87e30e323 c61ffebbe90b45eaad2ebeeec8b7d364 - - default default] No more DHCP agents
2026-05-09 18:04:30.470 10 WARNING neutron.api.rpc.agentnotifiers.dhcp_rpc_agent_api [None req-4a7492e4-5a5b-4de6-9d0d-5770e609f99c ba29f6756d1f4891bcf70ff87e30e323 c61ffebbe90b45eaad2ebeeec8b7d364 - - default default] Unable to schedule network 88e7bb26-a568-4093-80fc-6ec43b37b557: no agents available; will retry on subsequent port and subnet creation events.
2026-05-09 18:04:30.612 9 INFO neutron.db.ovn_revision_numbers_db [None req-5ee9f194-af50-4d32-aa56-cd1aabb1d5fb 64594cb3eed54a8d868047bc868ca4a8 7f5feb6f7c5b487f965f5d18ea0e9f59 - - default default] Successfully bumped revision number for resource 35c1a971-2519-4a57-8644-8e8c118e8c13 (type: networks) to 1
2026-05-09 18:04:30.720 9 WARNING neutron.scheduler.dhcp_agent_scheduler [None req-6ac71449-c1d3-41e0-8b7a-9246078af204 2c375b735a304d558bc726501544c486 4c642ad78fd247a2871e5e5c03de8058 - - default default] No more DHCP agents
2026-05-09 18:04:30.730 9 WARNING neutron.api.rpc.agentnotifiers.dhcp_rpc_agent_api [None req-6ac71449-c1d3-41e0-8b7a-9246078af204 2c375b735a304d558bc726501544c486 4c642ad78fd247a2871e5e5c03de8058 - - default default] Unable to schedule network ca27f229-05fa-4fdb-a906-b043152b9843: no agents available; will retry on subsequent port and subnet creation events.
2026-05-09 18:04:30.851 9 WARNING neutron.scheduler.dhcp_agent_scheduler [None req-5ee9f194-af50-4d32-aa56-cd1aabb1d5fb 64594cb3eed54a8d868047bc868ca4a8 7f5feb6f7c5b487f965f5d18ea0e9f59 - - default default] No more DHCP agents
2026-05-09 18:04:30.852 9 INFO neutron.db.ovn_revision_numbers_db [None req-6ac71449-c1d3-41e0-8b7a-9246078af204 2c375b735a304d558bc726501544c486 4c642ad78fd247a2871e5e5c03de8058 - - default default] Successfully bumped revision number for resource f01f18c6-99c6-4728-9c68-58668dcfb344 (type: ports) to 1
2026-05-09 18:04:30.854 9 WARNING neutron.api.rpc.agentnotifiers.dhcp_rpc_agent_api [None req-5ee9f194-af50-4d32-aa56-cd1aabb1d5fb 64594cb3eed54a8d868047bc868ca4a8 7f5feb6f7c5b487f965f5d18ea0e9f59 - - default default] Unable to schedule network 35c1a971-2519-4a57-8644-8e8c118e8c13: no agents available; will retry on subsequent port and subnet creation events.
2026-05-09 18:04:30.887 9 INFO neutron.wsgi [None req-6ac71449-c1d3-41e0-8b7a-9246078af204 2c375b735a304d558bc726501544c486 4c642ad78fd247a2871e5e5c03de8058 - - default default] 10.0.0.132 "POST /v2.0/networks HTTP/1.1" status: 201 len: 830 time: 1.1382430
2026-05-09 18:04:30.930 9 INFO neutron.wsgi [None req-1d3ae556-7b5e-4bd8-987d-2026de5c60f6 d00cc3ab3a484fe79bff78e836f15b19 1eb91f905ae040f1adf2e676920ce475 - - default default] 10.0.0.236 "GET /v2.0/subnets HTTP/1.1" status: 200 len: 1437 time: 0.1612911
2026-05-09 18:04:30.943 9 INFO neutron.wsgi [None req-46c3d5d7-0048-4175-b87d-5f74550776b2 d00cc3ab3a484fe79bff78e836f15b19 1eb91f905ae040f1adf2e676920ce475 - - default default] 10.0.0.236 "GET /v2.0/agents HTTP/1.1" status: 200 len: 997 time: 0.0119863
2026-05-09 18:04:30.991 9 INFO neutron.wsgi [None req-0929d0a8-d119-404d-adcd-529046bf9483 d00cc3ab3a484fe79bff78e836f15b19 1eb91f905ae040f1adf2e676920ce475 - - default default] 10.0.0.236 "GET /v2.0/floatingips HTTP/1.1" status: 200 len: 730 time: 0.0466299
2026-05-09 18:04:31.066 9 INFO neutron.db.ovn_revision_numbers_db [None req-5ee9f194-af50-4d32-aa56-cd1aabb1d5fb 64594cb3eed54a8d868047bc868ca4a8 7f5feb6f7c5b487f965f5d18ea0e9f59 - - default default] Successfully bumped revision number for resource 2df6dbaf-198f-4ce1-ade2-532bca9d2e0d (type: ports) to 1
2026-05-09 18:04:31.073 10 INFO neutron.db.ovn_revision_numbers_db [None req-4a7492e4-5a5b-4de6-9d0d-5770e609f99c ba29f6756d1f4891bcf70ff87e30e323 c61ffebbe90b45eaad2ebeeec8b7d364 - - default default] Successfully bumped revision number for resource f5e2adf5-c142-4c33-8c0c-edca83136337 (type: floatingips) to 0
2026-05-09 18:04:31.087 10 INFO neutron.wsgi [None req-4a7492e4-5a5b-4de6-9d0d-5770e609f99c ba29f6756d1f4891bcf70ff87e30e323 c61ffebbe90b45eaad2ebeeec8b7d364 - - default default] 10.0.0.132 "POST /v2.0/floatingips HTTP/1.1" status: 201 len: 751 time: 0.9783680
2026-05-09 18:04:31.093 9 INFO neutron.wsgi [None req-20909593-1fa4-4c24-84f6-d4126b09181d d00cc3ab3a484fe79bff78e836f15b19 1eb91f905ae040f1adf2e676920ce475 - - default default] 10.0.0.236 "GET /v2.0/networks HTTP/1.1" status: 200 len: 3762 time: 0.0938153
2026-05-09 18:04:31.095 9 INFO neutron.db.segments_db [None req-24d265e3-653d-44f3-92d8-f0dfb0c06e70 2c375b735a304d558bc726501544c486 4c642ad78fd247a2871e5e5c03de8058 - - default default] Added segment eee3c660-0a4d-4e20-839c-e3b6025068f8 of type geneve for network c2c3c764-d400-4976-9d2e-bf92b78d7dc4
2026-05-09 18:04:31.115 9 INFO neutron.wsgi [None req-5ee9f194-af50-4d32-aa56-cd1aabb1d5fb 64594cb3eed54a8d868047bc868ca4a8 7f5feb6f7c5b487f965f5d18ea0e9f59 - - default default] 10.0.0.132 "POST /v2.0/networks HTTP/1.1" status: 201 len: 830 time: 1.2268536
2026-05-09 18:04:31.229 9 INFO neutron.wsgi [None req-a0f91298-2649-42a5-bc0a-24657ab395b9 d00cc3ab3a484fe79bff78e836f15b19 1eb91f905ae040f1adf2e676920ce475 - - default default] 10.0.0.236 "GET /v2.0/security-groups HTTP/1.1" status: 200 len: 22359 time: 0.1306357
2026-05-09 18:04:31.266 9 INFO neutron.wsgi [None req-93dd61b6-6c21-4b91-a5eb-38de879dc94f d00cc3ab3a484fe79bff78e836f15b19 1eb91f905ae040f1adf2e676920ce475 - - default default] 10.0.0.236 "GET /v2.0/routers HTTP/1.1" status: 200 len: 189 time: 0.0303075
2026-05-09 18:04:31.299 9 INFO neutron.wsgi [None req-34541b2c-5143-4148-baf8-284342dd76d9 d00cc3ab3a484fe79bff78e836f15b19 1eb91f905ae040f1adf2e676920ce475 - - default default] 10.0.0.236 "GET /v2.0/agents?binary=ovn-controller HTTP/1.1" status: 200 len: 591 time: 0.0234554
2026-05-09 18:04:31.328 9 INFO neutron.wsgi [None req-6e41a569-f21a-4d2f-bc3b-f038a64a14a4 d00cc3ab3a484fe79bff78e836f15b19 1eb91f905ae040f1adf2e676920ce475 - - default default] 10.0.0.236 "GET /v2.0/network-ip-availabilities HTTP/1.1" status: 200 len: 2082 time: 0.0265536
2026-05-09 18:04:31.379 9 INFO neutron.wsgi [None req-cc7c70ce-a395-4f1e-af67-b1c0d73778c1 d00cc3ab3a484fe79bff78e836f15b19 1eb91f905ae040f1adf2e676920ce475 - - default default] 10.0.0.236 "GET /v2.0/subnets HTTP/1.1" status: 200 len: 1437 time: 0.0472190
2026-05-09 18:04:31.391 9 INFO neutron.db.ovn_revision_numbers_db [None req-24d265e3-653d-44f3-92d8-f0dfb0c06e70 2c375b735a304d558bc726501544c486 4c642ad78fd247a2871e5e5c03de8058 - - default default] Successfully bumped revision number for resource c2c3c764-d400-4976-9d2e-bf92b78d7dc4 (type: networks) to 1
