2026-05-09 18:04:37.609 9 INFO neutron.wsgi [None req-48536d3a-2cea-499a-ab9e-f5c9cbfd8c4e 64594cb3eed54a8d868047bc868ca4a8 7f5feb6f7c5b487f965f5d18ea0e9f59 - - default default] 10.0.0.132 "PUT /v2.0/trunks/8fcf092a-6c1b-4784-8c28-3804c37223b4/tags HTTP/1.1" status: 200 len: 210 time: 0.0271585
2026-05-09 18:04:37.640 9 INFO neutron.wsgi [None req-da18b103-bd24-4cc5-920d-d9957123f14e 64594cb3eed54a8d868047bc868ca4a8 7f5feb6f7c5b487f965f5d18ea0e9f59 - - default default] 10.0.0.132 "PUT /v2.0/trunks/be79fc31-4850-49b9-b294-349ec6665192/tags HTTP/1.1" status: 200 len: 218 time: 0.0249832
2026-05-09 18:04:37.673 9 INFO neutron.wsgi [None req-9c005976-2765-490a-a429-c3c9cb22b9d1 64594cb3eed54a8d868047bc868ca4a8 7f5feb6f7c5b487f965f5d18ea0e9f59 - - default default] 10.0.0.132 "PUT /v2.0/trunks/145d7230-6ef2-4fc5-81f7-8b8cde07bfec/tags HTTP/1.1" status: 200 len: 227 time: 0.0297596
2026-05-09 18:04:37.703 9 INFO neutron.wsgi [None req-5d34872c-df62-4b5e-88f6-d2cd2830cb58 64594cb3eed54a8d868047bc868ca4a8 7f5feb6f7c5b487f965f5d18ea0e9f59 - - default default] 10.0.0.132 "PUT /v2.0/trunks/c18cb2d7-6be4-4962-a4e1-cd2323398dfc/tags HTTP/1.1" status: 200 len: 212 time: 0.0249028
2026-05-09 18:04:37.738 9 INFO neutron.wsgi [None req-c6fed233-b3d5-4e39-86bd-ad6e8df47af9 64594cb3eed54a8d868047bc868ca4a8 7f5feb6f7c5b487f965f5d18ea0e9f59 - - default default] 10.0.0.132 "GET /v2.0/trunks?tags=red HTTP/1.1" status: 200 len: 1447 time: 0.0283568
2026-05-09 18:04:37.782 10 INFO neutron.wsgi [None req-3d1b02e2-1d89-4177-9708-a97fd4bd6af1 64594cb3eed54a8d868047bc868ca4a8 7f5feb6f7c5b487f965f5d18ea0e9f59 - - default default] 10.0.0.132 "GET /v2.0/trunks?tags=red%2Cblue HTTP/1.1" status: 200 len: 1041 time: 0.0392509
2026-05-09 18:04:37.810 10 INFO neutron.wsgi [None req-5487a823-098d-4ddc-bd91-b9f793b86010 64594cb3eed54a8d868047bc868ca4a8 7f5feb6f7c5b487f965f5d18ea0e9f59 - - default default] 10.0.0.132 "GET /v2.0/trunks?tags-any=blue HTTP/1.1" status: 200 len: 1041 time: 0.0218825
2026-05-09 18:04:37.833 10 INFO neutron.wsgi [None req-0768e00a-6948-4422-aa39-50f055fdb778 d00cc3ab3a484fe79bff78e836f15b19 1eb91f905ae040f1adf2e676920ce475 - - default default] 10.0.0.132 "DELETE /v2.0/security-groups/68e281e4-3d85-49b6-922f-4404798baafe HTTP/1.1" status: 204 len: 168 time: 0.2356420
2026-05-09 18:04:37.840 9 INFO neutron.wsgi [None req-6c4814b5-cc59-42c6-9d21-30cbe8c4ebac 64594cb3eed54a8d868047bc868ca4a8 7f5feb6f7c5b487f965f5d18ea0e9f59 - - default default] 10.0.0.132 "GET /v2.0/trunks?tags-any=red%2Cblue HTTP/1.1" status: 200 len: 1447 time: 0.0231092
2026-05-09 18:04:37.873 9 INFO neutron.db.ovn_revision_numbers_db [None req-54050d12-2a46-4320-a5af-421c66e8ec55 d00cc3ab3a484fe79bff78e836f15b19 1eb91f905ae040f1adf2e676920ce475 - - default default] Successfully bumped revision number for resource 93e62ee6-7e3d-48ff-a055-be93d117d8d9 (type: security_groups) to 1
2026-05-09 18:04:37.877 10 INFO neutron.wsgi [None req-3f7dce9c-008d-4d15-a336-4747fc833d32 64594cb3eed54a8d868047bc868ca4a8 7f5feb6f7c5b487f965f5d18ea0e9f59 - - default default] 10.0.0.132 "GET /v2.0/trunks?not-tags=red HTTP/1.1" status: 200 len: 1013 time: 0.0313151
2026-05-09 18:04:37.890 9 INFO neutron.db.ovn_revision_numbers_db [None req-54050d12-2a46-4320-a5af-421c66e8ec55 d00cc3ab3a484fe79bff78e836f15b19 1eb91f905ae040f1adf2e676920ce475 - - default default] Successfully bumped revision number for resource 51ddd4ba-a5a8-44c9-8c2e-996eb92fee8e (type: security_group_rules) to 0
2026-05-09 18:04:37.903 9 INFO neutron.db.ovn_revision_numbers_db [None req-54050d12-2a46-4320-a5af-421c66e8ec55 d00cc3ab3a484fe79bff78e836f15b19 1eb91f905ae040f1adf2e676920ce475 - - default default] Successfully bumped revision number for resource 6c99e922-9512-474c-86d4-4388a55fe3cd (type: security_group_rules) to 0
2026-05-09 18:04:37.909 10 INFO neutron.wsgi [None req-8beb1af4-c264-46e7-9b39-b98b8ad1aebe 64594cb3eed54a8d868047bc868ca4a8 7f5feb6f7c5b487f965f5d18ea0e9f59 - - default default] 10.0.0.132 "GET /v2.0/trunks?not-tags=red%2Cblue HTTP/1.1" status: 200 len: 1419 time: 0.0265105
2026-05-09 18:04:37.920 9 INFO neutron.db.ovn_revision_numbers_db [None req-54050d12-2a46-4320-a5af-421c66e8ec55 d00cc3ab3a484fe79bff78e836f15b19 1eb91f905ae040f1adf2e676920ce475 - - default default] Successfully bumped revision number for resource 7b4b07c0-e125-4788-87c7-8c04e6d6d4c2 (type: security_group_rules) to 0
2026-05-09 18:04:37.937 9 INFO neutron.db.ovn_revision_numbers_db [None req-54050d12-2a46-4320-a5af-421c66e8ec55 d00cc3ab3a484fe79bff78e836f15b19 1eb91f905ae040f1adf2e676920ce475 - - default default] Successfully bumped revision number for resource e11d1be6-95d8-4e75-838d-4eab65f76d55 (type: security_group_rules) to 0
2026-05-09 18:04:37.937 10 INFO neutron.wsgi [None req-8467ba46-f817-4362-84d7-11932f76fc51 64594cb3eed54a8d868047bc868ca4a8 7f5feb6f7c5b487f965f5d18ea0e9f59 - - default default] 10.0.0.132 "GET /v2.0/trunks?not-tags-any=blue HTTP/1.1" status: 200 len: 1419 time: 0.0229259
2026-05-09 18:04:37.959 10 INFO neutron.wsgi [None req-71dbc647-28a7-4411-970b-55541453c73a 64594cb3eed54a8d868047bc868ca4a8 7f5feb6f7c5b487f965f5d18ea0e9f59 - - default default] 10.0.0.132 "GET /v2.0/trunks?not-tags-any=red%2Cblue HTTP/1.1" status: 200 len: 1013 time: 0.0174515
2026-05-09 18:04:37.972 9 INFO neutron.wsgi [None req-54050d12-2a46-4320-a5af-421c66e8ec55 d00cc3ab3a484fe79bff78e836f15b19 1eb91f905ae040f1adf2e676920ce475 - - default default] 10.0.0.132 "GET /v2.0/security-groups?tenant_id=115e7124029343e89e0145d0f4e0a673&name=default HTTP/1.1" status: 200 len: 2996 time: 0.4159153
2026-05-09 18:04:37.987 10 INFO neutron.wsgi [None req-dad60201-c1b8-4f5a-8198-fd74324bd009 64594cb3eed54a8d868047bc868ca4a8 7f5feb6f7c5b487f965f5d18ea0e9f59 - - default default] 10.0.0.132 "GET /v2.0/trunks/8fcf092a-6c1b-4784-8c28-3804c37223b4 HTTP/1.1" status: 200 len: 608 time: 0.0219448
2026-05-09 18:04:38.100 10 INFO neutron.wsgi [None req-921be5c5-5139-4123-abc9-990d94c86d11 64594cb3eed54a8d868047bc868ca4a8 7f5feb6f7c5b487f965f5d18ea0e9f59 - - default default] 10.0.0.132 "GET /v2.0/ports/e6e74a0d-9152-41a9-8b30-10cc0a05baf0 HTTP/1.1" status: 200 len: 1020 time: 0.1082866
2026-05-09 18:04:38.103 9 INFO neutron.db.ovn_revision_numbers_db [None req-ddfec7a3-28a2-48f5-996b-db9f88634cd9 d00cc3ab3a484fe79bff78e836f15b19 1eb91f905ae040f1adf2e676920ce475 - - default default] Successfully bumped revision number for resource ccc4d62e-73fd-4399-9b90-8a85050264d5 (type: security_groups) to 1
2026-05-09 18:04:38.122 9 INFO neutron.db.ovn_revision_numbers_db [None req-ddfec7a3-28a2-48f5-996b-db9f88634cd9 d00cc3ab3a484fe79bff78e836f15b19 1eb91f905ae040f1adf2e676920ce475 - - default default] Successfully bumped revision number for resource 0c4c3eb6-0814-4a51-82d4-7f9751e9ecfe (type: security_group_rules) to 0
2026-05-09 18:04:38.137 9 INFO neutron.db.ovn_revision_numbers_db [None req-ddfec7a3-28a2-48f5-996b-db9f88634cd9 d00cc3ab3a484fe79bff78e836f15b19 1eb91f905ae040f1adf2e676920ce475 - - default default] Successfully bumped revision number for resource 114d01ce-1d8f-47f0-a9b7-4dc48ca7e4ec (type: security_group_rules) to 0
2026-05-09 18:04:38.157 9 INFO neutron.db.ovn_revision_numbers_db [None req-ddfec7a3-28a2-48f5-996b-db9f88634cd9 d00cc3ab3a484fe79bff78e836f15b19 1eb91f905ae040f1adf2e676920ce475 - - default default] Successfully bumped revision number for resource 9b46a0a2-61f8-45f9-a0e5-7abba53fc943 (type: security_group_rules) to 0
2026-05-09 18:04:38.173 9 INFO neutron.db.ovn_revision_numbers_db [None req-ddfec7a3-28a2-48f5-996b-db9f88634cd9 d00cc3ab3a484fe79bff78e836f15b19 1eb91f905ae040f1adf2e676920ce475 - - default default] Successfully bumped revision number for resource fdab71d5-8a8a-4f6c-8d7b-8599b99f041e (type: security_group_rules) to 0
2026-05-09 18:04:38.184 10 INFO neutron.wsgi [None req-bff6cc0b-4681-463c-b916-75fd4b1698ca 64594cb3eed54a8d868047bc868ca4a8 7f5feb6f7c5b487f965f5d18ea0e9f59 - - default default] 10.0.0.132 "DELETE /v2.0/trunks/8fcf092a-6c1b-4784-8c28-3804c37223b4 HTTP/1.1" status: 204 len: 168 time: 0.0790882
2026-05-09 18:04:38.210 9 INFO neutron.wsgi [None req-ddfec7a3-28a2-48f5-996b-db9f88634cd9 d00cc3ab3a484fe79bff78e836f15b19 1eb91f905ae040f1adf2e676920ce475 - - default default] 10.0.0.132 "GET /v2.0/security-groups?tenant_id=014e2a73569b4437a4c60e8a35192b54&name=default HTTP/1.1" status: 200 len: 2996 time: 0.2191210
2026-05-09 18:04:38.218 9 INFO neutron.wsgi [None req-84c37754-6256-4401-aef9-662e6ec7799e 64594cb3eed54a8d868047bc868ca4a8 7f5feb6f7c5b487f965f5d18ea0e9f59 - - default default] 10.0.0.132 "GET /v2.0/trunks/be79fc31-4850-49b9-b294-349ec6665192 HTTP/1.1" status: 200 len: 616 time: 0.0264885
2026-05-09 18:04:38.241 10 INFO neutron.wsgi [None req-20e06e4f-e97e-4c26-b624-2c5267101deb d00cc3ab3a484fe79bff78e836f15b19 1eb91f905ae040f1adf2e676920ce475 - - default default] 10.0.0.132 "DELETE /v2.0/security-groups/93e62ee6-7e3d-48ff-a055-be93d117d8d9 HTTP/1.1" status: 204 len: 168 time: 0.2636459
2026-05-09 18:04:38.322 9 INFO neutron.wsgi [None req-fd4eff8b-11f9-4b24-bc83-0966418432d3 64594cb3eed54a8d868047bc868ca4a8 7f5feb6f7c5b487f965f5d18ea0e9f59 - - default default] 10.0.0.132 "GET /v2.0/ports/0ae92d46-3c20-49f3-8b5a-78256e39ccf3 HTTP/1.1" status: 200 len: 1020 time: 0.1007025
2026-05-09 18:04:38.407 10 INFO neutron.wsgi [None req-42e034ec-5ae2-4ae2-afe4-6cb72c59ddbf 64594cb3eed54a8d868047bc868ca4a8 7f5feb6f7c5b487f965f5d18ea0e9f59 - - default default] 10.0.0.132 "DELETE /v2.0/trunks/be79fc31-4850-49b9-b294-349ec6665192 HTTP/1.1" status: 204 len: 168 time: 0.0804236
2026-05-09 18:04:38.435 10 INFO neutron.wsgi [None req-98e3fb22-1919-4103-92d1-0aaebeeff230 64594cb3eed54a8d868047bc868ca4a8 7f5feb6f7c5b487f965f5d18ea0e9f59 - - default default] 10.0.0.132 "GET /v2.0/trunks/145d7230-6ef2-4fc5-81f7-8b8cde07bfec HTTP/1.1" status: 200 len: 625 time: 0.0219231
2026-05-09 18:04:38.438 10 INFO neutron.wsgi [None req-d969d6a2-0993-472a-a9aa-f2553ad5ef3a d00cc3ab3a484fe79bff78e836f15b19 1eb91f905ae040f1adf2e676920ce475 - - default default] 10.0.0.132 "DELETE /v2.0/security-groups/ccc4d62e-73fd-4399-9b90-8a85050264d5 HTTP/1.1" status: 204 len: 168 time: 0.2221477
2026-05-09 18:04:38.506 9 INFO neutron.db.ovn_revision_numbers_db [None req-11d3cb9e-eb44-4167-92dd-44ef224bd550 d00cc3ab3a484fe79bff78e836f15b19 1eb91f905ae040f1adf2e676920ce475 - - default default] Successfully bumped revision number for resource 4f6842b2-2ddc-4ca2-82b2-618b2e854bc6 (type: security_groups) to 1
2026-05-09 18:04:38.521 9 INFO neutron.db.ovn_revision_numbers_db [None req-11d3cb9e-eb44-4167-92dd-44ef224bd550 d00cc3ab3a484fe79bff78e836f15b19 1eb91f905ae040f1adf2e676920ce475 - - default default] Successfully bumped revision number for resource 29d920ca-6073-42de-92cf-9b5430ed8709 (type: security_group_rules) to 0
2026-05-09 18:04:38.527 10 INFO neutron.wsgi [None req-84e9189f-c26a-495e-ad53-32af952298b0 64594cb3eed54a8d868047bc868ca4a8 7f5feb6f7c5b487f965f5d18ea0e9f59 - - default default] 10.0.0.132 "GET /v2.0/ports/935c26f4-8a5f-468a-8b8c-e712c0b687d1 HTTP/1.1" status: 200 len: 1020 time: 0.0861390
2026-05-09 18:04:38.539 9 INFO neutron.db.ovn_revision_numbers_db [None req-11d3cb9e-eb44-4167-92dd-44ef224bd550 d00cc3ab3a484fe79bff78e836f15b19 1eb91f905ae040f1adf2e676920ce475 - - default default] Successfully bumped revision number for resource 5d0cf592-c557-4328-b877-05befe3e7bf3 (type: security_group_rules) to 0
2026-05-09 18:04:38.557 9 INFO neutron.db.ovn_revision_numbers_db [None req-11d3cb9e-eb44-4167-92dd-44ef224bd550 d00cc3ab3a484fe79bff78e836f15b19 1eb91f905ae040f1adf2e676920ce475 - - default default] Successfully bumped revision number for resource 6d532dd1-1b64-41e2-b7f5-bf7c0784e109 (type: security_group_rules) to 0
2026-05-09 18:04:38.571 9 INFO neutron.db.ovn_revision_numbers_db [None req-11d3cb9e-eb44-4167-92dd-44ef224bd550 d00cc3ab3a484fe79bff78e836f15b19 1eb91f905ae040f1adf2e676920ce475 - - default default] Successfully bumped revision number for resource c392f78b-132c-4f67-89fb-11be35d6013b (type: security_group_rules) to 0
2026-05-09 18:04:38.592 9 INFO neutron.wsgi [None req-11d3cb9e-eb44-4167-92dd-44ef224bd550 d00cc3ab3a484fe79bff78e836f15b19 1eb91f905ae040f1adf2e676920ce475 - - default default] 10.0.0.132 "GET /v2.0/security-groups?tenant_id=c61ffebbe90b45eaad2ebeeec8b7d364&name=default HTTP/1.1" status: 200 len: 2996 time: 0.2102773
2026-05-09 18:04:38.627 10 INFO neutron.wsgi [None req-e14e1182-e06d-4bc6-b425-5da8eb6ebe3e 64594cb3eed54a8d868047bc868ca4a8 7f5feb6f7c5b487f965f5d18ea0e9f59 - - default default] 10.0.0.132 "DELETE /v2.0/trunks/145d7230-6ef2-4fc5-81f7-8b8cde07bfec HTTP/1.1" status: 204 len: 168 time: 0.0958040
2026-05-09 18:04:38.676 10 INFO neutron.wsgi [None req-d3108f58-1e77-4f88-a5ee-c0d2dfb45e35 64594cb3eed54a8d868047bc868ca4a8 7f5feb6f7c5b487f965f5d18ea0e9f59 - - default default] 10.0.0.132 "GET /v2.0/trunks/c18cb2d7-6be4-4962-a4e1-cd2323398dfc HTTP/1.1" status: 200 len: 610 time: 0.0438929
2026-05-09 18:04:38.902 10 INFO neutron.wsgi [None req-1267116e-34c7-4e93-ba20-a2d30a59152b 64594cb3eed54a8d868047bc868ca4a8 7f5feb6f7c5b487f965f5d18ea0e9f59 - - default default] 10.0.0.132 "GET /v2.0/ports/b57d48fe-be77-4bd2-bbc2-d06accfd838f HTTP/1.1" status: 200 len: 1020 time: 0.2210658
2026-05-09 18:04:38.989 10 INFO neutron.wsgi [None req-c0b5664d-8d4b-4b8d-a0f9-cedc45a901df 64594cb3eed54a8d868047bc868ca4a8 7f5feb6f7c5b487f965f5d18ea0e9f59 - - default default] 10.0.0.132 "DELETE /v2.0/trunks/c18cb2d7-6be4-4962-a4e1-cd2323398dfc HTTP/1.1" status: 204 len: 168 time: 0.0820889
2026-05-09 18:04:39.014 10 INFO neutron.wsgi [None req-9d021bae-d126-441d-ab79-86a02d340c38 64594cb3eed54a8d868047bc868ca4a8 7f5feb6f7c5b487f965f5d18ea0e9f59 - - default default] 10.0.0.132 "GET /v2.0/trunks/9328d8fa-fd47-4232-9e22-0d90126bb080 HTTP/1.1" status: 200 len: 603 time: 0.0207255
2026-05-09 18:04:39.107 9 INFO neutron.wsgi [None req-1a38f4f8-dfb1-4aff-ac1d-d6534097c744 64594cb3eed54a8d868047bc868ca4a8 7f5feb6f7c5b487f965f5d18ea0e9f59 - - default default] 10.0.0.132 "GET /v2.0/ports/5c73dc2f-372b-4dcc-b298-a339386b9e61 HTTP/1.1" status: 200 len: 1020 time: 0.0845551
2026-05-09 18:04:39.133 9 INFO neutron.wsgi [None req-9d858b33-e061-458c-ba45-466568df06b5 d00cc3ab3a484fe79bff78e836f15b19 1eb91f905ae040f1adf2e676920ce475 - - default default] 10.0.0.132 "DELETE /v2.0/security-groups/4f6842b2-2ddc-4ca2-82b2-618b2e854bc6 HTTP/1.1" status: 204 len: 168 time: 0.5352569
2026-05-09 18:04:39.191 10 INFO neutron.wsgi [None req-1a3294d2-2b36-476e-80f0-3aa23df0837b 64594cb3eed54a8d868047bc868ca4a8 7f5feb6f7c5b487f965f5d18ea0e9f59 - - default default] 10.0.0.132 "DELETE /v2.0/trunks/9328d8fa-fd47-4232-9e22-0d90126bb080 HTTP/1.1" status: 204 len: 168 time: 0.0755844
2026-05-09 18:04:39.260 9 INFO neutron.db.ovn_revision_numbers_db [None req-25b1ec05-da51-45d9-a359-69a499e7af48 d00cc3ab3a484fe79bff78e836f15b19 1eb91f905ae040f1adf2e676920ce475 - - default default] Successfully bumped revision number for resource 32fbee2c-800e-4d34-ab39-117ba3086701 (type: security_groups) to 1
2026-05-09 18:04:39.275 9 INFO neutron.db.ovn_revision_numbers_db [None req-25b1ec05-da51-45d9-a359-69a499e7af48 d00cc3ab3a484fe79bff78e836f15b19 1eb91f905ae040f1adf2e676920ce475 - - default default] Successfully bumped revision number for resource 246095de-5521-41e6-b7f3-0ebca9f77895 (type: security_group_rules) to 0
2026-05-09 18:04:39.290 9 INFO neutron.db.ovn_revision_numbers_db [None req-25b1ec05-da51-45d9-a359-69a499e7af48 d00cc3ab3a484fe79bff78e836f15b19 1eb91f905ae040f1adf2e676920ce475 - - default default] Successfully bumped revision number for resource 411260aa-3996-40c1-9242-4194ca774fc2 (type: security_group_rules) to 0
2026-05-09 18:04:39.302 9 INFO neutron.db.ovn_revision_numbers_db [None req-25b1ec05-da51-45d9-a359-69a499e7af48 d00cc3ab3a484fe79bff78e836f15b19 1eb91f905ae040f1adf2e676920ce475 - - default default] Successfully bumped revision number for resource 87175403-2b47-4e54-b3b6-31267a4d4f34 (type: security_group_rules) to 0
2026-05-09 18:04:39.315 9 INFO neutron.db.ovn_revision_numbers_db [None req-25b1ec05-da51-45d9-a359-69a499e7af48 d00cc3ab3a484fe79bff78e836f15b19 1eb91f905ae040f1adf2e676920ce475 - - default default] Successfully bumped revision number for resource 93e3b2c3-e6bf-42ba-9e03-b4f2b783f559 (type: security_group_rules) to 0
2026-05-09 18:04:39.337 9 INFO neutron.wsgi [None req-25b1ec05-da51-45d9-a359-69a499e7af48 d00cc3ab3a484fe79bff78e836f15b19 1eb91f905ae040f1adf2e676920ce475 - - default default] 10.0.0.132 "GET /v2.0/security-groups?tenant_id=49f9f4b36f4049838450bdd48aa91f4e&name=default HTTP/1.1" status: 200 len: 2996 time: 0.4011948
2026-05-09 18:04:39.395 10 INFO neutron.db.ovn_revision_numbers_db [None req-73097acd-fccf-46ed-82fa-479624212b06 d00cc3ab3a484fe79bff78e836f15b19 1eb91f905ae040f1adf2e676920ce475 - - default default] Successfully bumped revision number for resource 65cf59e1-44f3-43ed-9172-9b5345c49429 (type: security_groups) to 1
2026-05-09 18:04:39.419 10 INFO neutron.db.ovn_revision_numbers_db [None req-73097acd-fccf-46ed-82fa-479624212b06 d00cc3ab3a484fe79bff78e836f15b19 1eb91f905ae040f1adf2e676920ce475 - - default default] Successfully bumped revision number for resource 4903eed1-e9eb-4625-8278-4aff3420c9e8 (type: security_group_rules) to 0
2026-05-09 18:04:39.444 10 INFO neutron.db.ovn_revision_numbers_db [None req-73097acd-fccf-46ed-82fa-479624212b06 d00cc3ab3a484fe79bff78e836f15b19 1eb91f905ae040f1adf2e676920ce475 - - default default] Successfully bumped revision number for resource 6499a502-e4f9-4ba6-8b5b-1150e845e7f8 (type: security_group_rules) to 0
2026-05-09 18:04:39.460 10 INFO neutron.db.ovn_revision_numbers_db [None req-73097acd-fccf-46ed-82fa-479624212b06 d00cc3ab3a484fe79bff78e836f15b19 1eb91f905ae040f1adf2e676920ce475 - - default default] Successfully bumped revision number for resource 7868c33b-194e-4b73-995f-3703386a8f07 (type: security_group_rules) to 0
2026-05-09 18:04:39.466 10 INFO neutron.wsgi [None req-fba5183d-ca07-4b9a-b0b6-df117fbba924 64594cb3eed54a8d868047bc868ca4a8 7f5feb6f7c5b487f965f5d18ea0e9f59 - - default default] 10.0.0.132 "DELETE /v2.0/ports/e6e74a0d-9152-41a9-8b30-10cc0a05baf0 HTTP/1.1" status: 204 len: 168 time: 0.2680290
2026-05-09 18:04:39.478 10 INFO neutron.db.ovn_revision_numbers_db [None req-73097acd-fccf-46ed-82fa-479624212b06 d00cc3ab3a484fe79bff78e836f15b19 1eb91f905ae040f1adf2e676920ce475 - - default default] Successfully bumped revision number for resource e4cf723d-0701-4db5-b554-5328deed1773 (type: security_group_rules) to 0
2026-05-09 18:04:39.516 10 INFO neutron.wsgi [None req-73097acd-fccf-46ed-82fa-479624212b06 d00cc3ab3a484fe79bff78e836f15b19 1eb91f905ae040f1adf2e676920ce475 - - default default] 10.0.0.132 "GET /v2.0/security-groups?tenant_id=5a1dc9a4f49047d794a9c2fc1d658b19&name=default HTTP/1.1" status: 200 len: 2996 time: 0.2893977
2026-05-09 18:04:39.575 9 INFO neutron.wsgi [None req-97b8214b-827d-4965-8443-3ecff626eaca d00cc3ab3a484fe79bff78e836f15b19 1eb91f905ae040f1adf2e676920ce475 - - default default] 10.0.0.132 "DELETE /v2.0/security-groups/32fbee2c-800e-4d34-ab39-117ba3086701 HTTP/1.1" status: 204 len: 168 time: 0.2317073
2026-05-09 18:04:39.735 9 INFO neutron.wsgi [None req-96423301-0ed5-4de6-a162-76024a0ffcfe d00cc3ab3a484fe79bff78e836f15b19 1eb91f905ae040f1adf2e676920ce475 - - default default] 10.0.0.132 "DELETE /v2.0/security-groups/65cf59e1-44f3-43ed-9172-9b5345c49429 HTTP/1.1" status: 204 len: 168 time: 0.2139378
2026-05-09 18:04:39.752 10 INFO neutron.wsgi [None req-dc97366d-e49a-4191-8fb4-03504754b5e8 64594cb3eed54a8d868047bc868ca4a8 7f5feb6f7c5b487f965f5d18ea0e9f59 - - default default] 10.0.0.132 "DELETE /v2.0/ports/0ae92d46-3c20-49f3-8b5a-78256e39ccf3 HTTP/1.1" status: 204 len: 168 time: 0.2598906
2026-05-09 18:04:39.829 10 INFO neutron.db.ovn_revision_numbers_db [None req-4e6a5fe4-eaf4-4472-aa14-b9fb1f5b2a51 d00cc3ab3a484fe79bff78e836f15b19 1eb91f905ae040f1adf2e676920ce475 - - default default] Successfully bumped revision number for resource c1390aae-f97a-4cad-8f4e-6bfd55fb2d59 (type: security_groups) to 1
2026-05-09 18:04:39.848 10 INFO neutron.db.ovn_revision_numbers_db [None req-4e6a5fe4-eaf4-4472-aa14-b9fb1f5b2a51 d00cc3ab3a484fe79bff78e836f15b19 1eb91f905ae040f1adf2e676920ce475 - - default default] Successfully bumped revision number for resource 1fb54459-75f7-41cc-aa59-98f63c09b7ae (type: security_group_rules) to 0
2026-05-09 18:04:39.873 10 INFO neutron.db.ovn_revision_numbers_db [None req-4e6a5fe4-eaf4-4472-aa14-b9fb1f5b2a51 d00cc3ab3a484fe79bff78e836f15b19 1eb91f905ae040f1adf2e676920ce475 - - default default] Successfully bumped revision number for resource 49623d73-7506-4c98-9ccf-18226f8b38ee (type: security_group_rules) to 0
2026-05-09 18:04:39.896 10 INFO neutron.db.ovn_revision_numbers_db [None req-4e6a5fe4-eaf4-4472-aa14-b9fb1f5b2a51 d00cc3ab3a484fe79bff78e836f15b19 1eb91f905ae040f1adf2e676920ce475 - - default default] Successfully bumped revision number for resource 9ba731c7-983f-46f6-b278-b12055921446 (type: security_group_rules) to 0
2026-05-09 18:04:40.132 10 INFO neutron.db.ovn_revision_numbers_db [None req-4e6a5fe4-eaf4-4472-aa14-b9fb1f5b2a51 d00cc3ab3a484fe79bff78e836f15b19 1eb91f905ae040f1adf2e676920ce475 - - default default] Successfully bumped revision number for resource ab612deb-22d4-4631-af7b-d05ee1e11a57 (type: security_group_rules) to 0
2026-05-09 18:04:40.166 10 INFO neutron.wsgi [None req-4e6a5fe4-eaf4-4472-aa14-b9fb1f5b2a51 d00cc3ab3a484fe79bff78e836f15b19 1eb91f905ae040f1adf2e676920ce475 - - default default] 10.0.0.132 "GET /v2.0/security-groups?tenant_id=09fb4479fdbe449f8f3d1822f570b561&name=default HTTP/1.1" status: 200 len: 2996 time: 0.4710565
2026-05-09 18:04:40.189 10 INFO neutron.wsgi [None req-ba2bd6b6-1f29-4ce2-8707-d7682ce21d49 64594cb3eed54a8d868047bc868ca4a8 7f5feb6f7c5b487f965f5d18ea0e9f59 - - default default] 10.0.0.132 "DELETE /v2.0/ports/935c26f4-8a5f-468a-8b8c-e712c0b687d1 HTTP/1.1" status: 204 len: 168 time: 0.4304037
2026-05-09 18:04:40.438 10 INFO neutron.wsgi [None req-cb3df50e-d0b3-48e0-8a2c-da15f8574ac8 64594cb3eed54a8d868047bc868ca4a8 7f5feb6f7c5b487f965f5d18ea0e9f59 - - default default] 10.0.0.132 "DELETE /v2.0/ports/b57d48fe-be77-4bd2-bbc2-d06accfd838f HTTP/1.1" status: 204 len: 168 time: 0.2450151
2026-05-09 18:04:40.441 10 INFO neutron.wsgi [None req-4f8816c0-ae83-4ef0-9c80-9ff25cfb91f3 d00cc3ab3a484fe79bff78e836f15b19 1eb91f905ae040f1adf2e676920ce475 - - default default] 10.0.0.132 "DELETE /v2.0/security-groups/c1390aae-f97a-4cad-8f4e-6bfd55fb2d59 HTTP/1.1" status: 204 len: 168 time: 0.2667820
2026-05-09 18:04:40.575 9 INFO neutron.wsgi [-] 10.0.0.127 "GET / HTTP/1.1" status: 200 len: 247 time: 0.0023592
2026-05-09 18:04:40.577 9 INFO neutron.wsgi [-] 10.0.0.127 "GET / HTTP/1.1" status: 200 len: 247 time: 0.0014839
2026-05-09 18:04:40.669 10 INFO neutron.wsgi [None req-f5615e3a-d73f-4c4f-8dc8-ee291ad5168f 64594cb3eed54a8d868047bc868ca4a8 7f5feb6f7c5b487f965f5d18ea0e9f59 - - default default] 10.0.0.132 "DELETE /v2.0/ports/5c73dc2f-372b-4dcc-b298-a339386b9e61 HTTP/1.1" status: 204 len: 168 time: 0.2258883
2026-05-09 18:04:41.070 9 INFO neutron.services.segments.plugin [-] Segment 4a4f398d-789b-4789-87ac-181eb9282200 resource provider aggregate not found
2026-05-09 18:04:41.085 9 INFO neutron.services.segments.plugin [-] Segment 4a4f398d-789b-4789-87ac-181eb9282200 resource provider not found; error: Placement Client Error (4xx): {"errors": [{"status": 404, "title": "Not Found", "detail": "The resource could not be found.\n\n No resource provider with uuid 4a4f398d-789b-4789-87ac-181eb9282200 found for delete ", "request_id": "req-0d6dddc3-3bb6-453b-b6bb-087aa10de3ac"}]}
2026-05-09 18:04:41.100 9 INFO neutron.services.segments.plugin [-] Segment 4a4f398d-789b-4789-87ac-181eb9282200 resource provider aggregate not found
2026-05-09 18:04:41.113 9 INFO neutron.wsgi [None req-0db14021-263b-422c-aa0d-f8a8c0872d66 64594cb3eed54a8d868047bc868ca4a8 7f5feb6f7c5b487f965f5d18ea0e9f59 - - default default] 10.0.0.132 "DELETE /v2.0/networks/35c1a971-2519-4a57-8644-8e8c118e8c13 HTTP/1.1" status: 204 len: 168 time: 0.4397762
2026-05-09 18:04:41.127 9 INFO neutron.services.segments.plugin [-] Segment 4a4f398d-789b-4789-87ac-181eb9282200 resource provider not found; error: Placement Client Error (4xx): {"errors": [{"status": 404, "title": "Not Found", "detail": "The resource could not be found.\n\n No resource provider with uuid 4a4f398d-789b-4789-87ac-181eb9282200 found for delete ", "request_id": "req-fda7e9ff-dd92-4156-ac91-b113ee9fb170"}]}
2026-05-09 18:04:41.552 9 INFO neutron.wsgi [None req-5a777a1e-daf7-4530-b44f-ef3d447a0614 64594cb3eed54a8d868047bc868ca4a8 7f5feb6f7c5b487f965f5d18ea0e9f59 - - default default] 10.0.0.132 "DELETE /v2.0/networks/c83e575b-fe74-40f9-9e97-068ed2f9101e HTTP/1.1" status: 204 len: 168 time: 0.4347734
2026-05-09 18:04:41.918 9 INFO neutron.wsgi [None req-a8fba147-8467-496d-a614-6bf319080879 64594cb3eed54a8d868047bc868ca4a8 7f5feb6f7c5b487f965f5d18ea0e9f59 - - default default] 10.0.0.132 "DELETE /v2.0/networks/b6a949f9-ece2-45f0-bc61-95ef711071f8 HTTP/1.1" status: 204 len: 168 time: 0.3522286
2026-05-09 18:04:41.991 10 INFO neutron.wsgi [None req-9adb259a-91c0-4dba-b969-1face5623b02 9954a21d447e45b7becc4ef96f0e6c38 ed810a7101d54152b5a8248c68e41832 - - default default] 10.0.0.132 "POST /v2.0/qos/policies HTTP/1.1" status: 201 len: 558 time: 0.1609657
2026-05-09 18:04:42.021 9 INFO neutron.wsgi [None req-4e645a42-f649-43e2-babb-60f3e0c880fa 9954a21d447e45b7becc4ef96f0e6c38 ed810a7101d54152b5a8248c68e41832 - - default default] 10.0.0.132 "PUT /v2.0/policies/25cf773b-e6ea-4279-9103-2825315fb216/tags HTTP/1.1" status: 200 len: 218 time: 0.0240595
2026-05-09 18:04:42.040 9 INFO neutron.wsgi [None req-fb5b3a08-3650-4fc6-afc9-87cec23ed65d 9954a21d447e45b7becc4ef96f0e6c38 ed810a7101d54152b5a8248c68e41832 - - default default] 10.0.0.132 "GET /v2.0/policies/25cf773b-e6ea-4279-9103-2825315fb216/tags HTTP/1.1" status: 200 len: 218 time: 0.0129995
2026-05-09 18:04:42.067 9 INFO neutron.wsgi [None req-1252d40f-816d-46b3-aeac-8c3b45e9352d 9954a21d447e45b7becc4ef96f0e6c38 ed810a7101d54152b5a8248c68e41832 - - default default] 10.0.0.132 "PUT /v2.0/policies/25cf773b-e6ea-4279-9103-2825315fb216/tags/green HTTP/1.1" status: 201 len: 201 time: 0.0224640
2026-05-09 18:04:42.085 9 INFO neutron.wsgi [None req-47c04b91-504b-4a35-ad17-f1ac33012b13 9954a21d447e45b7becc4ef96f0e6c38 ed810a7101d54152b5a8248c68e41832 - - default default] 10.0.0.132 "GET /v2.0/policies/25cf773b-e6ea-4279-9103-2825315fb216/tags HTTP/1.1" status: 200 len: 227 time: 0.0134547
2026-05-09 18:04:42.102 9 INFO neutron.wsgi [None req-9f840837-4219-4fce-8a10-ed1fa7354ade 9954a21d447e45b7becc4ef96f0e6c38 ed810a7101d54152b5a8248c68e41832 - - default default] 10.0.0.132 "PUT /v2.0/policies/25cf773b-e6ea-4279-9103-2825315fb216/tags/red HTTP/1.1" status: 201 len: 201 time: 0.0128260
2026-05-09 18:04:42.117 9 INFO neutron.wsgi [None req-31772d5c-77d1-40f8-bf5b-ddd9a2677a80 9954a21d447e45b7becc4ef96f0e6c38 ed810a7101d54152b5a8248c68e41832 - - default default] 10.0.0.132 "GET /v2.0/policies/25cf773b-e6ea-4279-9103-2825315fb216/tags HTTP/1.1" status: 200 len: 227 time: 0.0117977
2026-05-09 18:04:42.145 9 INFO neutron.wsgi [None req-3376103f-2bea-4c2b-8b08-b17e1a7ed971 9954a21d447e45b7becc4ef96f0e6c38 ed810a7101d54152b5a8248c68e41832 - - default default] 10.0.0.132 "PUT /v2.0/policies/25cf773b-e6ea-4279-9103-2825315fb216/tags/black.or.white HTTP/1.1" status: 201 len: 201 time: 0.0231788
2026-05-09 18:04:42.163 9 INFO neutron.wsgi [None req-a4d52e8a-162e-4abd-9bb1-2db7cc8c7977 9954a21d447e45b7becc4ef96f0e6c38 ed810a7101d54152b5a8248c68e41832 - - default default] 10.0.0.132 "GET /v2.0/policies/25cf773b-e6ea-4279-9103-2825315fb216/tags HTTP/1.1" status: 200 len: 245 time: 0.0133052
2026-05-09 18:04:42.191 9 INFO neutron.wsgi [None req-489c1af2-f385-47de-90c8-0a70379c02f0 9954a21d447e45b7becc4ef96f0e6c38 ed810a7101d54152b5a8248c68e41832 - - default default] 10.0.0.132 "PUT /v2.0/policies/25cf773b-e6ea-4279-9103-2825315fb216/tags HTTP/1.1" status: 200 len: 230 time: 0.0239751
2026-05-09 18:04:42.208 9 INFO neutron.wsgi [None req-baec5015-20f0-448c-8114-dbb22cf679d7 9954a21d447e45b7becc4ef96f0e6c38 ed810a7101d54152b5a8248c68e41832 - - default default] 10.0.0.132 "GET /v2.0/policies/25cf773b-e6ea-4279-9103-2825315fb216/tags HTTP/1.1" status: 200 len: 230 time: 0.0116796
2026-05-09 18:04:42.222 9 INFO neutron.wsgi [None req-be31698f-0edd-44d7-b6c4-1fec137ad18f 9954a21d447e45b7becc4ef96f0e6c38 ed810a7101d54152b5a8248c68e41832 - - default default] 10.0.0.132 "GET /v2.0/policies/25cf773b-e6ea-4279-9103-2825315fb216/tags/red HTTP/1.1" status: 204 len: 168 time: 0.0104916
2026-05-09 18:04:42.239 9 INFO neutron.api.v2.resource [None req-7f7b77ff-c78e-4b6b-a033-18d9f302c862 9954a21d447e45b7becc4ef96f0e6c38 ed810a7101d54152b5a8248c68e41832 - - default default] show failed (client error): The resource could not be found.
2026-05-09 18:04:42.241 9 INFO neutron.wsgi [None req-7f7b77ff-c78e-4b6b-a033-18d9f302c862 9954a21d447e45b7becc4ef96f0e6c38 ed810a7101d54152b5a8248c68e41832 - - default default] 10.0.0.132 "GET /v2.0/policies/25cf773b-e6ea-4279-9103-2825315fb216/tags/green HTTP/1.1" status: 404 len: 299 time: 0.0150149
2026-05-09 18:04:42.258 10 INFO neutron.services.segments.plugin [-] Segment d3f185f8-9797-4e35-8025-607ce4568193 resource provider aggregate not found
2026-05-09 18:04:42.265 10 INFO neutron.services.segments.plugin [-] Segment d3f185f8-9797-4e35-8025-607ce4568193 resource provider aggregate not found
2026-05-09 18:04:42.277 9 INFO neutron.wsgi [None req-854b5d18-c442-4cf2-924a-24bfbaf7d4e8 9954a21d447e45b7becc4ef96f0e6c38 ed810a7101d54152b5a8248c68e41832 - - default default] 10.0.0.132 "DELETE /v2.0/policies/25cf773b-e6ea-4279-9103-2825315fb216/tags/red HTTP/1.1" status: 204 len: 168 time: 0.0293648
2026-05-09 18:04:42.281 10 INFO neutron.services.segments.plugin [-] Segment d3f185f8-9797-4e35-8025-607ce4568193 resource provider not found; error: Placement Client Error (4xx): {"errors": [{"status": 404, "title": "Not Found", "detail": "The resource could not be found.\n\n No resource provider with uuid d3f185f8-9797-4e35-8025-607ce4568193 found for delete ", "request_id": "req-71756194-e014-4d29-b66c-34b1c6aee6e4"}]}
2026-05-09 18:04:42.283 10 INFO neutron.services.segments.plugin [-] Segment d3f185f8-9797-4e35-8025-607ce4568193 resource provider not found; error: Placement Client Error (4xx): {"errors": [{"status": 404, "title": "Not Found", "detail": "The resource could not be found.\n\n No resource provider with uuid d3f185f8-9797-4e35-8025-607ce4568193 found for delete ", "request_id": "req-5c55b66f-ddc3-4532-bb88-10b9823edcc6"}]}
2026-05-09 18:04:42.297 9 INFO neutron.wsgi [None req-fa55fb3e-99b6-4150-8766-9e4d31df3123 9954a21d447e45b7becc4ef96f0e6c38 ed810a7101d54152b5a8248c68e41832 - - default default] 10.0.0.132 "GET /v2.0/policies/25cf773b-e6ea-4279-9103-2825315fb216/tags HTTP/1.1" status: 200 len: 223 time: 0.0158112
2026-05-09 18:04:42.304 10 INFO neutron.wsgi [None req-57d55893-1ffa-49b9-9545-05b28817233c 64594cb3eed54a8d868047bc868ca4a8 7f5feb6f7c5b487f965f5d18ea0e9f59 - - default default] 10.0.0.132 "DELETE /v2.0/networks/096ca3f0-4df5-4721-ad33-282da2164e28 HTTP/1.1" status: 204 len: 168 time: 0.3809948
2026-05-09 18:04:42.323 9 INFO neutron.api.v2.resource [None req-ec1a5a64-d09a-482c-91c3-df7b81152c69 9954a21d447e45b7becc4ef96f0e6c38 ed810a7101d54152b5a8248c68e41832 - - default default] delete failed (client error): The resource could not be found.
2026-05-09 18:04:42.324 9 INFO neutron.wsgi [None req-ec1a5a64-d09a-482c-91c3-df7b81152c69 9954a21d447e45b7becc4ef96f0e6c38 ed810a7101d54152b5a8248c68e41832 - - default default] 10.0.0.132 "DELETE /v2.0/policies/25cf773b-e6ea-4279-9103-2825315fb216/tags/green HTTP/1.1" status: 404 len: 299 time: 0.0230556
2026-05-09 18:04:42.371 9 INFO neutron.wsgi [None req-e5bb996b-c18e-45b7-ac8f-5979210f2bc9 9954a21d447e45b7becc4ef96f0e6c38 ed810a7101d54152b5a8248c68e41832 - - default default] 10.0.0.132 "DELETE /v2.0/policies/25cf773b-e6ea-4279-9103-2825315fb216/tags HTTP/1.1" status: 204 len: 168 time: 0.0413001
2026-05-09 18:04:42.398 9 INFO neutron.wsgi [None req-829f8b0f-b7d5-4553-80e7-9050b197a38c 9954a21d447e45b7becc4ef96f0e6c38 ed810a7101d54152b5a8248c68e41832 - - default default] 10.0.0.132 "GET /v2.0/policies/25cf773b-e6ea-4279-9103-2825315fb216/tags HTTP/1.1" status: 200 len: 205 time: 0.0229135
2026-05-09 18:04:42.462 10 INFO neutron.wsgi [None req-178c9413-1fbd-46e4-a909-6335ef495092 9954a21d447e45b7becc4ef96f0e6c38 ed810a7101d54152b5a8248c68e41832 - - default default] 10.0.0.132 "DELETE /v2.0/qos/policies/25cf773b-e6ea-4279-9103-2825315fb216 HTTP/1.1" status: 204 len: 168 time: 0.0541017
2026-05-09 18:04:42.703 9 INFO neutron.wsgi [None req-306be2ae-529e-4ad0-8ec3-094b99b35cb2 64594cb3eed54a8d868047bc868ca4a8 7f5feb6f7c5b487f965f5d18ea0e9f59 - - default default] 10.0.0.132 "DELETE /v2.0/networks/46b00c3c-ab4e-4a09-ae1d-eb497eeb976c HTTP/1.1" status: 204 len: 168 time: 0.3927472
2026-05-09 18:04:43.104 9 INFO neutron.services.segments.plugin [-] Segment aa0e0f46-7b3e-4493-9e4a-05783b0ca469 resource provider aggregate not found
2026-05-09 18:04:43.119 9 INFO neutron.services.segments.plugin [-] Segment aa0e0f46-7b3e-4493-9e4a-05783b0ca469 resource provider not found; error: Placement Client Error (4xx): {"errors": [{"status": 404, "title": "Not Found", "detail": "The resource could not be found.\n\n No resource provider with uuid aa0e0f46-7b3e-4493-9e4a-05783b0ca469 found for delete ", "request_id": "req-d9828cc3-c3b7-465f-ae51-6711067de77d"}]}
2026-05-09 18:04:43.135 9 INFO neutron.services.segments.plugin [-] Segment db5e6066-7bd3-4fd6-a4dc-55f54fc0d613 resource provider aggregate not found
2026-05-09 18:04:43.141 9 INFO neutron.services.segments.plugin [-] Segment aa0e0f46-7b3e-4493-9e4a-05783b0ca469 resource provider aggregate not found
2026-05-09 18:04:43.148 9 INFO neutron.services.segments.plugin [-] Segment db5e6066-7bd3-4fd6-a4dc-55f54fc0d613 resource provider not found; error: Placement Client Error (4xx): {"errors": [{"status": 404, "title": "Not Found", "detail": "The resource could not be found.\n\n No resource provider with uuid db5e6066-7bd3-4fd6-a4dc-55f54fc0d613 found for delete ", "request_id": "req-1275f071-65a5-4ac8-a3a9-5d2b5749ddc0"}]}
2026-05-09 18:04:43.156 9 INFO neutron.services.segments.plugin [-] Segment aa0e0f46-7b3e-4493-9e4a-05783b0ca469 resource provider not found; error: Placement Client Error (4xx): {"errors": [{"status": 404, "title": "Not Found", "detail": "The resource could not be found.\n\n No resource provider with uuid aa0e0f46-7b3e-4493-9e4a-05783b0ca469 found for delete ", "request_id": "req-f4f2a79a-3a88-4d57-8fb3-4d8412a5a02f"}]}
2026-05-09 18:04:43.164 9 INFO neutron.services.segments.plugin [-] Segment c4b1095f-d7c0-4990-8568-4a8efd089566 resource provider aggregate not found
2026-05-09 18:04:43.170 9 INFO neutron.services.segments.plugin [-] Segment db5e6066-7bd3-4fd6-a4dc-55f54fc0d613 resource provider aggregate not found
2026-05-09 18:04:43.181 9 INFO neutron.services.segments.plugin [-] Segment c4b1095f-d7c0-4990-8568-4a8efd089566 resource provider not found; error: Placement Client Error (4xx): {"errors": [{"status": 404, "title": "Not Found", "detail": "The resource could not be found.\n\n No resource provider with uuid c4b1095f-d7c0-4990-8568-4a8efd089566 found for delete ", "request_id": "req-f4857ae0-87a7-4c78-b9f1-783c57a20b6f"}]}
2026-05-09 18:04:43.191 9 INFO neutron.services.segments.plugin [-] Segment db5e6066-7bd3-4fd6-a4dc-55f54fc0d613 resource provider not found; error: Placement Client Error (4xx): {"errors": [{"status": 404, "title": "Not Found", "detail": "The resource could not be found.\n\n No resource provider with uuid db5e6066-7bd3-4fd6-a4dc-55f54fc0d613 found for delete ", "request_id": "req-c3d01bfc-5793-47ca-9e46-5a8c646be97e"}]}
2026-05-09 18:04:43.218 9 INFO neutron.services.segments.plugin [-] Segment c4b1095f-d7c0-4990-8568-4a8efd089566 resource provider aggregate not found
2026-05-09 18:04:43.239 9 INFO neutron.services.segments.plugin [-] Segment c4b1095f-d7c0-4990-8568-4a8efd089566 resource provider not found; error: Placement Client Error (4xx): {"errors": [{"status": 404, "title": "Not Found", "detail": "The resource could not be found.\n\n No resource provider with uuid c4b1095f-d7c0-4990-8568-4a8efd089566 found for delete ", "request_id": "req-8cdba10a-cf3f-495e-9456-b763c0180a34"}]}
2026-05-09 18:04:43.489 10 INFO neutron.db.ovn_revision_numbers_db [None req-dd8695d7-c26b-4987-8df5-27d38bc6d500 d00cc3ab3a484fe79bff78e836f15b19 1eb91f905ae040f1adf2e676920ce475 - - default default] Successfully bumped revision number for resource 023f76ac-7783-4715-80a8-c16ca85040e4 (type: security_groups) to 1
2026-05-09 18:04:43.502 10 INFO neutron.db.ovn_revision_numbers_db [None req-dd8695d7-c26b-4987-8df5-27d38bc6d500 d00cc3ab3a484fe79bff78e836f15b19 1eb91f905ae040f1adf2e676920ce475 - - default default] Successfully bumped revision number for resource 356f3b5a-ce7c-4e78-af77-d934ef93fa42 (type: security_group_rules) to 0
2026-05-09 18:04:43.515 10 INFO neutron.db.ovn_revision_numbers_db [None req-dd8695d7-c26b-4987-8df5-27d38bc6d500 d00cc3ab3a484fe79bff78e836f15b19 1eb91f905ae040f1adf2e676920ce475 - - default default] Successfully bumped revision number for resource 9d3f683d-df23-409c-b835-2e5ed6fa14f5 (type: security_group_rules) to 0
2026-05-09 18:04:43.535 10 INFO neutron.db.ovn_revision_numbers_db [None req-dd8695d7-c26b-4987-8df5-27d38bc6d500 d00cc3ab3a484fe79bff78e836f15b19 1eb91f905ae040f1adf2e676920ce475 - - default default] Successfully bumped revision number for resource c289f9f3-42b7-4614-b775-0ea3ff9fff64 (type: security_group_rules) to 0
2026-05-09 18:04:43.549 10 INFO neutron.db.ovn_revision_numbers_db [None req-dd8695d7-c26b-4987-8df5-27d38bc6d500 d00cc3ab3a484fe79bff78e836f15b19 1eb91f905ae040f1adf2e676920ce475 - - default default] Successfully bumped revision number for resource d245675f-064e-4f3e-89e6-bbc626336242 (type: security_group_rules) to 0
2026-05-09 18:04:43.572 10 INFO neutron.wsgi [None req-dd8695d7-c26b-4987-8df5-27d38bc6d500 d00cc3ab3a484fe79bff78e836f15b19 1eb91f905ae040f1adf2e676920ce475 - - default default] 10.0.0.132 "GET /v2.0/security-groups?tenant_id=033154e023394da79e2288797a8e6349&name=default HTTP/1.1" status: 200 len: 2996 time: 0.4068470
2026-05-09 18:04:43.794 10 INFO neutron.wsgi [None req-0ee5c118-2a78-45c3-968b-ae161c6253d6 d00cc3ab3a484fe79bff78e836f15b19 1eb91f905ae040f1adf2e676920ce475 - - default default] 10.0.0.132 "DELETE /v2.0/security-groups/023f76ac-7783-4715-80a8-c16ca85040e4 HTTP/1.1" status: 204 len: 168 time: 0.2134500
2026-05-09 18:04:43.940 9 INFO neutron.db.ovn_revision_numbers_db [None req-42ab8cb0-e0ee-4531-a248-8da4849ffb3a d00cc3ab3a484fe79bff78e836f15b19 1eb91f905ae040f1adf2e676920ce475 - - default default] Successfully bumped revision number for resource af087d70-23d6-4a83-a29c-ea0643ec027d (type: security_groups) to 1
2026-05-09 18:04:43.953 9 INFO neutron.db.ovn_revision_numbers_db [None req-42ab8cb0-e0ee-4531-a248-8da4849ffb3a d00cc3ab3a484fe79bff78e836f15b19 1eb91f905ae040f1adf2e676920ce475 - - default default] Successfully bumped revision number for resource 430254cd-3adb-49d9-91b5-acdc9baac936 (type: security_group_rules) to 0
2026-05-09 18:04:43.967 9 INFO neutron.db.ovn_revision_numbers_db [None req-42ab8cb0-e0ee-4531-a248-8da4849ffb3a d00cc3ab3a484fe79bff78e836f15b19 1eb91f905ae040f1adf2e676920ce475 - - default default] Successfully bumped revision number for resource 8484d35e-d0ce-43c3-a264-cbf0db7db590 (type: security_group_rules) to 0
2026-05-09 18:04:43.983 9 INFO neutron.db.ovn_revision_numbers_db [None req-42ab8cb0-e0ee-4531-a248-8da4849ffb3a d00cc3ab3a484fe79bff78e836f15b19 1eb91f905ae040f1adf2e676920ce475 - - default default] Successfully bumped revision number for resource 9f65d5a2-e509-4e73-966f-5a84c4048fda (type: security_group_rules) to 0
2026-05-09 18:04:43.996 9 INFO neutron.db.ovn_revision_numbers_db [None req-42ab8cb0-e0ee-4531-a248-8da4849ffb3a d00cc3ab3a484fe79bff78e836f15b19 1eb91f905ae040f1adf2e676920ce475 - - default default] Successfully bumped revision number for resource b8c83e74-9535-4b9c-920e-57190e4ef7f9 (type: security_group_rules) to 0
2026-05-09 18:04:44.003 10 INFO neutron.db.ovn_revision_numbers_db [None req-67f0a00a-2911-48a8-b31a-dd35a56ee93f d00cc3ab3a484fe79bff78e836f15b19 1eb91f905ae040f1adf2e676920ce475 - - default default] Successfully bumped revision number for resource dcd14223-d4fd-4900-ab40-f18534dc89e6 (type: security_groups) to 1
2026-05-09 18:04:44.021 9 INFO neutron.wsgi [None req-42ab8cb0-e0ee-4531-a248-8da4849ffb3a d00cc3ab3a484fe79bff78e836f15b19 1eb91f905ae040f1adf2e676920ce475 - - default default] 10.0.0.132 "GET /v2.0/security-groups?tenant_id=b6dde08435924a6b8bdb99bf1448b16e&name=default HTTP/1.1" status: 200 len: 2996 time: 0.3957639
2026-05-09 18:04:44.030 10 INFO neutron.db.ovn_revision_numbers_db [None req-67f0a00a-2911-48a8-b31a-dd35a56ee93f d00cc3ab3a484fe79bff78e836f15b19 1eb91f905ae040f1adf2e676920ce475 - - default default] Successfully bumped revision number for resource 1120c640-434b-47e6-995e-6366726d9456 (type: security_group_rules) to 0
2026-05-09 18:04:44.043 10 INFO neutron.db.ovn_revision_numbers_db [None req-67f0a00a-2911-48a8-b31a-dd35a56ee93f d00cc3ab3a484fe79bff78e836f15b19 1eb91f905ae040f1adf2e676920ce475 - - default default] Successfully bumped revision number for resource 12e6b1b7-f8bb-434e-bc94-30feb1388ea4 (type: security_group_rules) to 0
2026-05-09 18:04:44.061 10 INFO neutron.db.ovn_revision_numbers_db [None req-67f0a00a-2911-48a8-b31a-dd35a56ee93f d00cc3ab3a484fe79bff78e836f15b19 1eb91f905ae040f1adf2e676920ce475 - - default default] Successfully bumped revision number for resource 7f70965d-1e7f-4cca-9e4b-e92d8c456d4b (type: security_group_rules) to 0
2026-05-09 18:04:44.077 10 INFO neutron.db.ovn_revision_numbers_db [None req-67f0a00a-2911-48a8-b31a-dd35a56ee93f d00cc3ab3a484fe79bff78e836f15b19 1eb91f905ae040f1adf2e676920ce475 - - default default] Successfully bumped revision number for resource edece526-a921-4007-aa58-cdec8e25503f (type: security_group_rules) to 0
2026-05-09 18:04:44.101 10 INFO neutron.wsgi [None req-67f0a00a-2911-48a8-b31a-dd35a56ee93f d00cc3ab3a484fe79bff78e836f15b19 1eb91f905ae040f1adf2e676920ce475 - - default default] 10.0.0.132 "GET /v2.0/security-groups?tenant_id=ed810a7101d54152b5a8248c68e41832&name=default HTTP/1.1" status: 200 len: 2996 time: 0.2120104
2026-05-09 18:04:44.216 9 INFO neutron.wsgi [None req-b724e5f5-4be9-4873-8517-b787b753c27e d00cc3ab3a484fe79bff78e836f15b19 1eb91f905ae040f1adf2e676920ce475 - - default default] 10.0.0.132 "DELETE /v2.0/security-groups/af087d70-23d6-4a83-a29c-ea0643ec027d HTTP/1.1" status: 204 len: 168 time: 0.1906433
2026-05-09 18:04:44.302 10 INFO neutron.wsgi [None req-91688410-8982-4479-ada2-2c19c4053b02 d00cc3ab3a484fe79bff78e836f15b19 1eb91f905ae040f1adf2e676920ce475 - - default default] 10.0.0.132 "DELETE /v2.0/security-groups/dcd14223-d4fd-4900-ab40-f18534dc89e6 HTTP/1.1" status: 204 len: 168 time: 0.1938040
2026-05-09 18:04:44.402 9 INFO neutron.wsgi [None req-00fbda21-8ed0-42bf-be79-88e9ebb018e8 d00cc3ab3a484fe79bff78e836f15b19 1eb91f905ae040f1adf2e676920ce475 - - default default] 10.0.0.132 "GET /v2.0/security-groups?tenant_id=7f5feb6f7c5b487f965f5d18ea0e9f59&name=default HTTP/1.1" status: 200 len: 2996 time: 0.0377097
2026-05-09 18:04:44.576 10 INFO neutron.db.ovn_revision_numbers_db [None req-bf1f9bfa-6cbc-4bf3-8ff0-6a12679ea831 3e5d83805ece46bd8bfb07f08e5a5cdd fb31966bbb8349e0951fc192381e4d09 - - default default] Successfully bumped revision number for resource 3d4258f7-7397-4551-b96c-83dd9d550a67 (type: security_groups) to 1
2026-05-09 18:04:44.590 9 INFO neutron.wsgi [None req-e0ccc670-a7a9-4860-af06-7dc7f0c17c2f d00cc3ab3a484fe79bff78e836f15b19 1eb91f905ae040f1adf2e676920ce475 - - default default] 10.0.0.132 "DELETE /v2.0/security-groups/e41dfd89-69f6-4bce-96b5-947ba3005971 HTTP/1.1" status: 204 len: 168 time: 0.1847749
2026-05-09 18:04:44.593 10 INFO neutron.db.ovn_revision_numbers_db [None req-bf1f9bfa-6cbc-4bf3-8ff0-6a12679ea831 3e5d83805ece46bd8bfb07f08e5a5cdd fb31966bbb8349e0951fc192381e4d09 - - default default] Successfully bumped revision number for resource 3a236047-f23c-4552-bfc9-32f01f21a6cd (type: security_group_rules) to 0
2026-05-09 18:04:44.606 10 INFO neutron.db.ovn_revision_numbers_db [None req-bf1f9bfa-6cbc-4bf3-8ff0-6a12679ea831 3e5d83805ece46bd8bfb07f08e5a5cdd fb31966bbb8349e0951fc192381e4d09 - - default default] Successfully bumped revision number for resource 7ac1540b-d20e-4524-b140-e62b2ed30cf9 (type: security_group_rules) to 0
2026-05-09 18:04:44.619 10 INFO neutron.db.ovn_revision_numbers_db [None req-bf1f9bfa-6cbc-4bf3-8ff0-6a12679ea831 3e5d83805ece46bd8bfb07f08e5a5cdd fb31966bbb8349e0951fc192381e4d09 - - default default] Successfully bumped revision number for resource 8bbca945-1ebe-4d3d-9205-e084c544d75f (type: security_group_rules) to 0
2026-05-09 18:04:44.631 10 INFO neutron.db.ovn_revision_numbers_db [None req-bf1f9bfa-6cbc-4bf3-8ff0-6a12679ea831 3e5d83805ece46bd8bfb07f08e5a5cdd fb31966bbb8349e0951fc192381e4d09 - - default default] Successfully bumped revision number for resource e5b16320-f935-4487-8c48-4c5607096f5c (type: security_group_rules) to 0
2026-05-09 18:04:44.679 10 INFO neutron.db.segments_db [None req-bf1f9bfa-6cbc-4bf3-8ff0-6a12679ea831 3e5d83805ece46bd8bfb07f08e5a5cdd fb31966bbb8349e0951fc192381e4d09 - - default default] Added segment 0d44f467-bf9a-4b01-b97a-ea1c977febb2 of type geneve for network 7b9ecc16-ee01-4616-b79b-fd512a98e3f1
2026-05-09 18:04:44.817 10 INFO neutron.db.ovn_revision_numbers_db [None req-bf1f9bfa-6cbc-4bf3-8ff0-6a12679ea831 3e5d83805ece46bd8bfb07f08e5a5cdd fb31966bbb8349e0951fc192381e4d09 - - default default] Successfully bumped revision number for resource 7b9ecc16-ee01-4616-b79b-fd512a98e3f1 (type: networks) to 1
2026-05-09 18:04:44.883 9 INFO neutron.db.ovn_revision_numbers_db [None req-0fcf9694-10c2-41ae-a204-979c885aaecc d00cc3ab3a484fe79bff78e836f15b19 1eb91f905ae040f1adf2e676920ce475 - - default default] Successfully bumped revision number for resource f9315a81-132d-468a-a5bc-0a55a4bedd68 (type: security_groups) to 1
2026-05-09 18:04:44.899 9 INFO neutron.db.ovn_revision_numbers_db [None req-0fcf9694-10c2-41ae-a204-979c885aaecc d00cc3ab3a484fe79bff78e836f15b19 1eb91f905ae040f1adf2e676920ce475 - - default default] Successfully bumped revision number for resource 410d5acb-39a6-4f6b-8e45-35d724f8c152 (type: security_group_rules) to 0
2026-05-09 18:04:44.914 9 INFO neutron.db.ovn_revision_numbers_db [None req-0fcf9694-10c2-41ae-a204-979c885aaecc d00cc3ab3a484fe79bff78e836f15b19 1eb91f905ae040f1adf2e676920ce475 - - default default] Successfully bumped revision number for resource 82b00c51-1694-43b7-a362-f4066228650a (type: security_group_rules) to 0
2026-05-09 18:04:44.931 9 INFO neutron.db.ovn_revision_numbers_db [None req-0fcf9694-10c2-41ae-a204-979c885aaecc d00cc3ab3a484fe79bff78e836f15b19 1eb91f905ae040f1adf2e676920ce475 - - default default] Successfully bumped revision number for resource bd643d3b-75f5-4421-a840-1839e4081013 (type: security_group_rules) to 0
2026-05-09 18:04:44.946 9 INFO neutron.db.ovn_revision_numbers_db [None req-0fcf9694-10c2-41ae-a204-979c885aaecc d00cc3ab3a484fe79bff78e836f15b19 1eb91f905ae040f1adf2e676920ce475 - - default default] Successfully bumped revision number for resource cae19f5d-6e83-4418-a5f7-0dfd28b6c5b6 (type: security_group_rules) to 0
2026-05-09 18:04:44.975 9 INFO neutron.wsgi [None req-0fcf9694-10c2-41ae-a204-979c885aaecc d00cc3ab3a484fe79bff78e836f15b19 1eb91f905ae040f1adf2e676920ce475 - - default default] 10.0.0.132 "GET /v2.0/security-groups?tenant_id=2b133066d8744ac4ac7497e368f185b1&name=default HTTP/1.1" status: 200 len: 2996 time: 0.1963441
2026-05-09 18:04:45.004 10 WARNING neutron.scheduler.dhcp_agent_scheduler [None req-bf1f9bfa-6cbc-4bf3-8ff0-6a12679ea831 3e5d83805ece46bd8bfb07f08e5a5cdd fb31966bbb8349e0951fc192381e4d09 - - default default] No more DHCP agents
2026-05-09 18:04:45.007 10 WARNING neutron.api.rpc.agentnotifiers.dhcp_rpc_agent_api [None req-bf1f9bfa-6cbc-4bf3-8ff0-6a12679ea831 3e5d83805ece46bd8bfb07f08e5a5cdd fb31966bbb8349e0951fc192381e4d09 - - default default] Unable to schedule network 7b9ecc16-ee01-4616-b79b-fd512a98e3f1: no agents available; will retry on subsequent port and subnet creation events.
2026-05-09 18:04:45.095 10 INFO neutron.db.ovn_revision_numbers_db [None req-bf1f9bfa-6cbc-4bf3-8ff0-6a12679ea831 3e5d83805ece46bd8bfb07f08e5a5cdd fb31966bbb8349e0951fc192381e4d09 - - default default] Successfully bumped revision number for resource 9063da5e-9fba-45e9-95fd-9a95b6f7a45e (type: ports) to 1
2026-05-09 18:04:45.119 10 INFO neutron.wsgi [None req-bf1f9bfa-6cbc-4bf3-8ff0-6a12679ea831 3e5d83805ece46bd8bfb07f08e5a5cdd fb31966bbb8349e0951fc192381e4d09 - - default default] 10.0.0.132 "POST /v2.0/networks HTTP/1.1" status: 201 len: 830 time: 0.8679335
2026-05-09 18:04:45.160 9 INFO neutron.wsgi [None req-a963a0f7-e81c-4bf5-8ea6-2dc386fcabc9 d00cc3ab3a484fe79bff78e836f15b19 1eb91f905ae040f1adf2e676920ce475 - - default default] 10.0.0.132 "DELETE /v2.0/security-groups/f9315a81-132d-468a-a5bc-0a55a4bedd68 HTTP/1.1" status: 204 len: 168 time: 0.1793590
2026-05-09 18:04:45.210 10 INFO neutron.db.segments_db [None req-56db3f21-21db-428e-a032-e586d78c5fa9 3e5d83805ece46bd8bfb07f08e5a5cdd fb31966bbb8349e0951fc192381e4d09 - - default default] Added segment d2e2da9f-ffbe-46f3-a87e-42e314a6b9f4 of type geneve for network 06492f56-7b10-4abd-870c-9c62075a8f92
2026-05-09 18:04:45.362 10 INFO neutron.db.ovn_revision_numbers_db [None req-56db3f21-21db-428e-a032-e586d78c5fa9 3e5d83805ece46bd8bfb07f08e5a5cdd fb31966bbb8349e0951fc192381e4d09 - - default default] Successfully bumped revision number for resource 06492f56-7b10-4abd-870c-9c62075a8f92 (type: networks) to 1
