2026-05-09 18:05:04.795 10 INFO neutron.db.ovn_revision_numbers_db [None req-738aacaa-c5fc-4959-830a-484f90024eeb d1fd654856ba4049804572e8924f1456 d35b7bdd4ba647c6870d0e129a617998 - - default default] Successfully bumped revision number for resource 29adec37-2829-4532-9702-819e7995d33d (type: ports) to 2
2026-05-09 18:05:04.799 9 INFO neutron.wsgi [None req-3c879f32-a77b-43bf-815f-ca31b496ae99 21377c65c3d741b792fe9efcc2f6e10f 791ab1d62ff1406c95ded5403d8c88bb - - default default] 10.0.0.132 "GET /v2.0/trunks/acd80142-09b1-4028-8f4b-37176a6fc6f3/tags HTTP/1.1" status: 200 len: 230 time: 0.0151978
2026-05-09 18:05:04.819 9 INFO neutron.wsgi [None req-b82514b7-3d6f-41b3-a6fd-a3c4f165fbcd 21377c65c3d741b792fe9efcc2f6e10f 791ab1d62ff1406c95ded5403d8c88bb - - default default] 10.0.0.132 "GET /v2.0/trunks/acd80142-09b1-4028-8f4b-37176a6fc6f3/tags/red HTTP/1.1" status: 204 len: 168 time: 0.0159185
2026-05-09 18:05:04.833 10 INFO neutron.db.ovn_revision_numbers_db [None req-738aacaa-c5fc-4959-830a-484f90024eeb d1fd654856ba4049804572e8924f1456 d35b7bdd4ba647c6870d0e129a617998 - - default default] Successfully bumped revision number for resource 049f6cf8-8461-4681-94cc-bda92eb70ea2 (type: subnets) to 0
2026-05-09 18:05:04.837 9 INFO neutron.api.v2.resource [None req-a81be5f6-2cb1-495b-9a9a-c8240959a164 21377c65c3d741b792fe9efcc2f6e10f 791ab1d62ff1406c95ded5403d8c88bb - - default default] show failed (client error): The resource could not be found.
2026-05-09 18:05:04.838 9 INFO neutron.wsgi [None req-a81be5f6-2cb1-495b-9a9a-c8240959a164 21377c65c3d741b792fe9efcc2f6e10f 791ab1d62ff1406c95ded5403d8c88bb - - default default] 10.0.0.132 "GET /v2.0/trunks/acd80142-09b1-4028-8f4b-37176a6fc6f3/tags/green HTTP/1.1" status: 404 len: 299 time: 0.0133998
2026-05-09 18:05:04.860 10 INFO neutron.wsgi [None req-738aacaa-c5fc-4959-830a-484f90024eeb d1fd654856ba4049804572e8924f1456 d35b7bdd4ba647c6870d0e129a617998 - - default default] 10.0.0.132 "POST /v2.0/subnets HTTP/1.1" status: 201 len: 804 time: 1.1186633
2026-05-09 18:05:04.872 9 INFO neutron.wsgi [None req-8d91d36c-e25d-4cdf-93e7-166b2f956d97 21377c65c3d741b792fe9efcc2f6e10f 791ab1d62ff1406c95ded5403d8c88bb - - default default] 10.0.0.132 "DELETE /v2.0/trunks/acd80142-09b1-4028-8f4b-37176a6fc6f3/tags/red HTTP/1.1" status: 204 len: 168 time: 0.0292137
2026-05-09 18:05:04.893 10 INFO neutron.wsgi [None req-3f9fa854-488a-4b99-a080-3cb0f79f90f2 21377c65c3d741b792fe9efcc2f6e10f 791ab1d62ff1406c95ded5403d8c88bb - - default default] 10.0.0.132 "GET /v2.0/trunks/acd80142-09b1-4028-8f4b-37176a6fc6f3/tags HTTP/1.1" status: 200 len: 223 time: 0.0158591
2026-05-09 18:05:04.903 9 INFO neutron.wsgi [None req-34a2a28b-4e46-4bbd-ba44-e1074ea9a799 d1fd654856ba4049804572e8924f1456 d35b7bdd4ba647c6870d0e129a617998 - - default default] 10.0.0.132 "PUT /v2.0/subnets/b01759f0-6844-4860-86be-c90f6f2c89a2/tags HTTP/1.1" status: 200 len: 210 time: 0.0376379
2026-05-09 18:05:04.915 10 INFO neutron.api.v2.resource [None req-c4a9bab7-4f5c-4975-ace0-3eb801fb76dd 21377c65c3d741b792fe9efcc2f6e10f 791ab1d62ff1406c95ded5403d8c88bb - - default default] delete failed (client error): The resource could not be found.
2026-05-09 18:05:04.917 10 INFO neutron.wsgi [None req-c4a9bab7-4f5c-4975-ace0-3eb801fb76dd 21377c65c3d741b792fe9efcc2f6e10f 791ab1d62ff1406c95ded5403d8c88bb - - default default] 10.0.0.132 "DELETE /v2.0/trunks/acd80142-09b1-4028-8f4b-37176a6fc6f3/tags/green HTTP/1.1" status: 404 len: 299 time: 0.0192380
2026-05-09 18:05:04.949 9 INFO neutron.wsgi [None req-f855ae75-5150-490a-8bf4-260c0e4560c7 d1fd654856ba4049804572e8924f1456 d35b7bdd4ba647c6870d0e129a617998 - - default default] 10.0.0.132 "PUT /v2.0/subnets/8ea0b586-f55a-495d-be89-5a6f08fd887f/tags HTTP/1.1" status: 200 len: 218 time: 0.0420828
2026-05-09 18:05:04.984 10 INFO neutron.wsgi [None req-201a5cb5-4685-4910-a9a0-905fd71858a6 21377c65c3d741b792fe9efcc2f6e10f 791ab1d62ff1406c95ded5403d8c88bb - - default default] 10.0.0.132 "DELETE /v2.0/trunks/acd80142-09b1-4028-8f4b-37176a6fc6f3/tags HTTP/1.1" status: 204 len: 168 time: 0.0628924
2026-05-09 18:05:04.996 9 INFO neutron.wsgi [None req-55432464-43a0-4157-95c8-7e8c751bb9de d1fd654856ba4049804572e8924f1456 d35b7bdd4ba647c6870d0e129a617998 - - default default] 10.0.0.132 "PUT /v2.0/subnets/810a0f8e-a886-459e-ad39-9638e0294b5e/tags HTTP/1.1" status: 200 len: 227 time: 0.0429635
2026-05-09 18:05:05.006 10 INFO neutron.wsgi [None req-2ea3bfe8-f2fa-4a8a-adaa-c381ad12a758 21377c65c3d741b792fe9efcc2f6e10f 791ab1d62ff1406c95ded5403d8c88bb - - default default] 10.0.0.132 "GET /v2.0/trunks/acd80142-09b1-4028-8f4b-37176a6fc6f3/tags HTTP/1.1" status: 200 len: 205 time: 0.0169623
2026-05-09 18:05:05.039 9 INFO neutron.wsgi [None req-3b5795f5-256c-4902-a858-6148e546e7d1 d1fd654856ba4049804572e8924f1456 d35b7bdd4ba647c6870d0e129a617998 - - default default] 10.0.0.132 "PUT /v2.0/subnets/af711deb-b537-4a16-b6dc-b6574dfbb080/tags HTTP/1.1" status: 200 len: 212 time: 0.0385990
2026-05-09 18:05:05.040 10 INFO neutron.wsgi [None req-186f1d3d-5a01-40e1-8dc5-a5ede3e3c0fa 21377c65c3d741b792fe9efcc2f6e10f 791ab1d62ff1406c95ded5403d8c88bb - - default default] 10.0.0.132 "GET /v2.0/trunks/acd80142-09b1-4028-8f4b-37176a6fc6f3 HTTP/1.1" status: 200 len: 603 time: 0.0212564
2026-05-09 18:05:05.092 10 INFO neutron.wsgi [None req-56276e0c-0dc0-4a53-9680-3d7c27bf708e d1fd654856ba4049804572e8924f1456 d35b7bdd4ba647c6870d0e129a617998 - - default default] 10.0.0.132 "GET /v2.0/subnets?tags=red HTTP/1.1" status: 200 len: 2027 time: 0.0485508
2026-05-09 18:05:05.168 9 INFO neutron.wsgi [None req-4d63d3b3-72b2-4660-818f-93cf484c9844 21377c65c3d741b792fe9efcc2f6e10f 791ab1d62ff1406c95ded5403d8c88bb - - default default] 10.0.0.132 "GET /v2.0/ports/fd458de9-a0eb-4d2d-80a2-31f5b7fca051 HTTP/1.1" status: 200 len: 1020 time: 0.1236763
2026-05-09 18:05:05.188 9 INFO neutron.wsgi [None req-d8c3d0d8-ffaa-47c0-a35b-5b3e7d182212 d1fd654856ba4049804572e8924f1456 d35b7bdd4ba647c6870d0e129a617998 - - default default] 10.0.0.132 "GET /v2.0/subnets?tags=red%2Cblue HTTP/1.1" status: 200 len: 1430 time: 0.0912220
2026-05-09 18:05:05.514 9 INFO neutron.wsgi [None req-8ec40f49-1aaf-4f84-bf21-2b8ca15cb777 d1fd654856ba4049804572e8924f1456 d35b7bdd4ba647c6870d0e129a617998 - - default default] 10.0.0.132 "GET /v2.0/subnets?tags-any=blue HTTP/1.1" status: 200 len: 1430 time: 0.3211555
2026-05-09 18:05:05.560 9 INFO neutron.wsgi [None req-144df674-6dc9-4791-81f5-5cdf0ac390d8 d1fd654856ba4049804572e8924f1456 d35b7bdd4ba647c6870d0e129a617998 - - default default] 10.0.0.132 "GET /v2.0/subnets?tags-any=red%2Cblue HTTP/1.1" status: 200 len: 2027 time: 0.0411620
2026-05-09 18:05:05.563 9 INFO neutron.wsgi [None req-9a15cefd-b67f-459e-baee-061215b7345f 21377c65c3d741b792fe9efcc2f6e10f 791ab1d62ff1406c95ded5403d8c88bb - - default default] 10.0.0.132 "DELETE /v2.0/trunks/acd80142-09b1-4028-8f4b-37176a6fc6f3 HTTP/1.1" status: 204 len: 168 time: 0.3905351
2026-05-09 18:05:05.622 9 INFO neutron.wsgi [None req-c101b7d2-92c6-4eac-9141-4f9a89f6b252 d1fd654856ba4049804572e8924f1456 d35b7bdd4ba647c6870d0e129a617998 - - default default] 10.0.0.132 "GET /v2.0/subnets?not-tags=red HTTP/1.1" status: 200 len: 2018 time: 0.0572734
2026-05-09 18:05:05.687 9 INFO neutron.wsgi [None req-0d0e49d4-22f5-4b78-a70c-03703f35245e d1fd654856ba4049804572e8924f1456 d35b7bdd4ba647c6870d0e129a617998 - - default default] 10.0.0.132 "GET /v2.0/subnets?not-tags=red%2Cblue HTTP/1.1" status: 200 len: 2615 time: 0.0598865
2026-05-09 18:05:05.740 9 INFO neutron.wsgi [None req-23f90b19-8ef7-4c8d-831c-23f3483d39db d1fd654856ba4049804572e8924f1456 d35b7bdd4ba647c6870d0e129a617998 - - default default] 10.0.0.132 "GET /v2.0/subnets?not-tags-any=blue HTTP/1.1" status: 200 len: 2615 time: 0.0496321
2026-05-09 18:05:05.786 10 INFO neutron.wsgi [None req-5f5bedec-a027-4816-b672-44487bf1aafb 21377c65c3d741b792fe9efcc2f6e10f 791ab1d62ff1406c95ded5403d8c88bb - - default default] 10.0.0.132 "DELETE /v2.0/ports/fd458de9-a0eb-4d2d-80a2-31f5b7fca051 HTTP/1.1" status: 204 len: 168 time: 0.2179739
2026-05-09 18:05:05.792 9 INFO neutron.wsgi [None req-0181e8c3-7c84-4752-a3dd-fee9a3542a55 d1fd654856ba4049804572e8924f1456 d35b7bdd4ba647c6870d0e129a617998 - - default default] 10.0.0.132 "GET /v2.0/subnets?not-tags-any=red%2Cblue HTTP/1.1" status: 200 len: 2018 time: 0.0466068
2026-05-09 18:05:06.114 10 INFO neutron.wsgi [None req-c03edb0d-bdfb-4e42-beb7-70475e7bf71b d1fd654856ba4049804572e8924f1456 d35b7bdd4ba647c6870d0e129a617998 - - default default] 10.0.0.132 "DELETE /v2.0/subnets/b01759f0-6844-4860-86be-c90f6f2c89a2 HTTP/1.1" status: 204 len: 168 time: 0.3145447
2026-05-09 18:05:06.269 10 INFO neutron.services.segments.plugin [-] Segment 99a75733-1688-4ead-9856-c17d5b523683 resource provider aggregate not found
2026-05-09 18:05:06.275 10 INFO neutron.services.segments.plugin [-] Segment 99a75733-1688-4ead-9856-c17d5b523683 resource provider aggregate not found
2026-05-09 18:05:06.291 10 INFO neutron.services.segments.plugin [-] Segment 99a75733-1688-4ead-9856-c17d5b523683 resource provider not found; error: Placement Client Error (4xx): {"errors": [{"status": 404, "title": "Not Found", "detail": "The resource could not be found.\n\n No resource provider with uuid 99a75733-1688-4ead-9856-c17d5b523683 found for delete ", "request_id": "req-5c4e627c-aa13-4802-ae8e-4bf0325e35a7"}]}
2026-05-09 18:05:06.292 10 INFO neutron.services.segments.plugin [-] Segment 99a75733-1688-4ead-9856-c17d5b523683 resource provider not found; error: Placement Client Error (4xx): {"errors": [{"status": 404, "title": "Not Found", "detail": "The resource could not be found.\n\n No resource provider with uuid 99a75733-1688-4ead-9856-c17d5b523683 found for delete ", "request_id": "req-4619e979-5fa9-49f5-8ac4-b584b3d01468"}]}
2026-05-09 18:05:06.313 10 INFO neutron.wsgi [None req-245c317b-4542-441e-b67f-c1e817440c8e 21377c65c3d741b792fe9efcc2f6e10f 791ab1d62ff1406c95ded5403d8c88bb - - default default] 10.0.0.132 "DELETE /v2.0/networks/4d19d070-ae1f-4744-9a44-1ad8cf1a9f66 HTTP/1.1" status: 204 len: 168 time: 0.5211375
2026-05-09 18:05:06.354 9 INFO neutron.wsgi [None req-7de48a9a-b97f-4487-b8e2-13410390c01b d1fd654856ba4049804572e8924f1456 d35b7bdd4ba647c6870d0e129a617998 - - default default] 10.0.0.132 "DELETE /v2.0/subnets/8ea0b586-f55a-495d-be89-5a6f08fd887f HTTP/1.1" status: 204 len: 168 time: 0.2334964
2026-05-09 18:05:06.560 9 INFO neutron.wsgi [None req-0b9d228a-d1bd-40af-b7d4-963d085d22c8 d1fd654856ba4049804572e8924f1456 d35b7bdd4ba647c6870d0e129a617998 - - default default] 10.0.0.132 "DELETE /v2.0/subnets/810a0f8e-a886-459e-ad39-9638e0294b5e HTTP/1.1" status: 204 len: 168 time: 0.2011724
2026-05-09 18:05:06.776 9 INFO neutron.wsgi [None req-7515fa28-12e5-4711-9134-5b0de55587dd d1fd654856ba4049804572e8924f1456 d35b7bdd4ba647c6870d0e129a617998 - - default default] 10.0.0.132 "DELETE /v2.0/subnets/af711deb-b537-4a16-b6dc-b6574dfbb080 HTTP/1.1" status: 204 len: 168 time: 0.2120020
2026-05-09 18:05:06.972 9 INFO neutron.wsgi [None req-2238dbe9-5274-4984-b617-4b05511202ed d1fd654856ba4049804572e8924f1456 d35b7bdd4ba647c6870d0e129a617998 - - default default] 10.0.0.132 "DELETE /v2.0/subnets/049f6cf8-8461-4681-94cc-bda92eb70ea2 HTTP/1.1" status: 204 len: 168 time: 0.1911490
2026-05-09 18:05:07.210 9 INFO neutron.wsgi [None req-2ed5f25f-bcaa-4a18-bf9b-93e7b0cded74 d00cc3ab3a484fe79bff78e836f15b19 1eb91f905ae040f1adf2e676920ce475 - - default default] 10.0.0.132 "GET /v2.0/security-groups?tenant_id=791ab1d62ff1406c95ded5403d8c88bb&name=default HTTP/1.1" status: 200 len: 3000 time: 0.1540570
2026-05-09 18:05:07.430 9 INFO neutron.wsgi [None req-507842dd-d868-4f9e-b7fc-990843892ba5 d00cc3ab3a484fe79bff78e836f15b19 1eb91f905ae040f1adf2e676920ce475 - - default default] 10.0.0.132 "DELETE /v2.0/security-groups/5c02c606-c25f-42c5-a3c0-806bd9df14d2 HTTP/1.1" status: 204 len: 168 time: 0.2145441
2026-05-09 18:05:07.485 10 INFO neutron.wsgi [None req-5d966802-f165-47e8-ab18-ee6ddbb050c0 d1fd654856ba4049804572e8924f1456 d35b7bdd4ba647c6870d0e129a617998 - - default default] 10.0.0.132 "DELETE /v2.0/networks/6d9e8964-3a9b-44d1-ab5a-478f820d8d22 HTTP/1.1" status: 204 len: 168 time: 0.5070269
2026-05-09 18:05:07.673 9 INFO neutron.db.ovn_revision_numbers_db [None req-03120301-19f4-4626-9f1b-78acbdd02c60 d00cc3ab3a484fe79bff78e836f15b19 1eb91f905ae040f1adf2e676920ce475 - - default default] Successfully bumped revision number for resource 0b26fa55-045c-410a-ba43-c4a34b7314d9 (type: security_groups) to 1
2026-05-09 18:05:07.686 9 INFO neutron.db.ovn_revision_numbers_db [None req-03120301-19f4-4626-9f1b-78acbdd02c60 d00cc3ab3a484fe79bff78e836f15b19 1eb91f905ae040f1adf2e676920ce475 - - default default] Successfully bumped revision number for resource 0d4a3d54-4954-4f40-88d0-643ca784ef90 (type: security_group_rules) to 0
2026-05-09 18:05:07.707 9 INFO neutron.db.ovn_revision_numbers_db [None req-03120301-19f4-4626-9f1b-78acbdd02c60 d00cc3ab3a484fe79bff78e836f15b19 1eb91f905ae040f1adf2e676920ce475 - - default default] Successfully bumped revision number for resource 26f6f429-0ab1-4650-a3dc-935786c3db6c (type: security_group_rules) to 0
2026-05-09 18:05:07.724 9 INFO neutron.db.ovn_revision_numbers_db [None req-03120301-19f4-4626-9f1b-78acbdd02c60 d00cc3ab3a484fe79bff78e836f15b19 1eb91f905ae040f1adf2e676920ce475 - - default default] Successfully bumped revision number for resource 419bb477-d432-4581-bd9b-9233e9ab7e8c (type: security_group_rules) to 0
2026-05-09 18:05:07.747 9 INFO neutron.db.ovn_revision_numbers_db [None req-03120301-19f4-4626-9f1b-78acbdd02c60 d00cc3ab3a484fe79bff78e836f15b19 1eb91f905ae040f1adf2e676920ce475 - - default default] Successfully bumped revision number for resource eacbc841-9095-4050-9758-29cb1fbd5efc (type: security_group_rules) to 0
2026-05-09 18:05:07.775 9 INFO neutron.wsgi [None req-03120301-19f4-4626-9f1b-78acbdd02c60 d00cc3ab3a484fe79bff78e836f15b19 1eb91f905ae040f1adf2e676920ce475 - - default default] 10.0.0.132 "GET /v2.0/security-groups?tenant_id=8343eea823344fceadb84d1e5b542775&name=default HTTP/1.1" status: 200 len: 3000 time: 0.2408335
2026-05-09 18:05:07.863 9 INFO neutron.services.segments.plugin [-] Segment ba955ca1-37e9-4846-babf-066a4762be5a resource provider aggregate not found
2026-05-09 18:05:07.871 9 INFO neutron.services.segments.plugin [-] Segment ba955ca1-37e9-4846-babf-066a4762be5a resource provider aggregate not found
2026-05-09 18:05:07.881 9 INFO neutron.services.segments.plugin [-] Segment ba955ca1-37e9-4846-babf-066a4762be5a resource provider not found; error: Placement Client Error (4xx): {"errors": [{"status": 404, "title": "Not Found", "detail": "The resource could not be found.\n\n No resource provider with uuid ba955ca1-37e9-4846-babf-066a4762be5a found for delete ", "request_id": "req-f8c672d7-06b6-468d-b31d-00cc38b47dc4"}]}
2026-05-09 18:05:07.891 9 INFO neutron.services.segments.plugin [-] Segment ba955ca1-37e9-4846-babf-066a4762be5a resource provider not found; error: Placement Client Error (4xx): {"errors": [{"status": 404, "title": "Not Found", "detail": "The resource could not be found.\n\n No resource provider with uuid ba955ca1-37e9-4846-babf-066a4762be5a found for delete ", "request_id": "req-dffc3a43-d159-40fd-855f-e45ccceb602e"}]}
2026-05-09 18:05:07.910 9 INFO neutron.wsgi [None req-b187dbca-118e-48b1-8c53-5db53ff52eeb d1fd654856ba4049804572e8924f1456 d35b7bdd4ba647c6870d0e129a617998 - - default default] 10.0.0.132 "DELETE /v2.0/networks/961ecd12-651e-4ae0-9824-35a93a0ec3a3 HTTP/1.1" status: 204 len: 168 time: 0.4192116
2026-05-09 18:05:08.054 10 INFO neutron.wsgi [None req-c88c03b4-0061-433d-8f02-5b7a83d1df77 d00cc3ab3a484fe79bff78e836f15b19 1eb91f905ae040f1adf2e676920ce475 - - default default] 10.0.0.132 "DELETE /v2.0/security-groups/0b26fa55-045c-410a-ba43-c4a34b7314d9 HTTP/1.1" status: 204 len: 168 time: 0.2729123
2026-05-09 18:05:08.287 10 INFO neutron.wsgi [None req-8eca3e36-6e80-4b05-a15f-727ae1b8a805 d1fd654856ba4049804572e8924f1456 d35b7bdd4ba647c6870d0e129a617998 - - default default] 10.0.0.132 "DELETE /v2.0/networks/4c523b03-ada5-47c5-9f21-7a316a469fe5 HTTP/1.1" status: 204 len: 168 time: 0.3715727
2026-05-09 18:05:08.310 10 INFO neutron.services.segments.plugin [-] Segment 0e256f8f-f34b-4a67-a945-76263c8b528a resource provider aggregate not found
2026-05-09 18:05:08.319 10 INFO neutron.services.segments.plugin [-] Segment 0e256f8f-f34b-4a67-a945-76263c8b528a resource provider aggregate not found
2026-05-09 18:05:08.333 10 INFO neutron.services.segments.plugin [-] Segment 0e256f8f-f34b-4a67-a945-76263c8b528a resource provider not found; error: Placement Client Error (4xx): {"errors": [{"status": 404, "title": "Not Found", "detail": "The resource could not be found.\n\n No resource provider with uuid 0e256f8f-f34b-4a67-a945-76263c8b528a found for delete ", "request_id": "req-57e7e0b1-187d-45cb-80d6-5436b4c9c357"}]}
2026-05-09 18:05:08.340 10 INFO neutron.services.segments.plugin [-] Segment 0e256f8f-f34b-4a67-a945-76263c8b528a resource provider not found; error: Placement Client Error (4xx): {"errors": [{"status": 404, "title": "Not Found", "detail": "The resource could not be found.\n\n No resource provider with uuid 0e256f8f-f34b-4a67-a945-76263c8b528a found for delete ", "request_id": "req-bb4462dd-0136-44d6-8bb0-2cdc26b372b0"}]}
2026-05-09 18:05:08.354 10 INFO neutron.services.segments.plugin [-] Segment 89de36e1-41b9-4703-90e2-3b0b8d78926b resource provider aggregate not found
2026-05-09 18:05:08.360 10 INFO neutron.services.segments.plugin [-] Segment 89de36e1-41b9-4703-90e2-3b0b8d78926b resource provider aggregate not found
2026-05-09 18:05:08.375 10 INFO neutron.services.segments.plugin [-] Segment 89de36e1-41b9-4703-90e2-3b0b8d78926b resource provider not found; error: Placement Client Error (4xx): {"errors": [{"status": 404, "title": "Not Found", "detail": "The resource could not be found.\n\n No resource provider with uuid 89de36e1-41b9-4703-90e2-3b0b8d78926b found for delete ", "request_id": "req-ff081fc5-9d29-48c1-b07f-6fb86313cd96"}]}
2026-05-09 18:05:08.376 10 INFO neutron.services.segments.plugin [-] Segment 89de36e1-41b9-4703-90e2-3b0b8d78926b resource provider not found; error: Placement Client Error (4xx): {"errors": [{"status": 404, "title": "Not Found", "detail": "The resource could not be found.\n\n No resource provider with uuid 89de36e1-41b9-4703-90e2-3b0b8d78926b found for delete ", "request_id": "req-2349da96-ce6a-4664-8309-7e56cc1fec4b"}]}
2026-05-09 18:05:08.697 9 INFO neutron.wsgi [None req-c5068efb-c6c8-4527-b823-4f98360bf80a d1fd654856ba4049804572e8924f1456 d35b7bdd4ba647c6870d0e129a617998 - - default default] 10.0.0.132 "DELETE /v2.0/networks/bd74b7d6-3fa1-4391-8224-763f91bc17d6 HTTP/1.1" status: 204 len: 168 time: 0.4035842
2026-05-09 18:05:09.067 10 INFO neutron.wsgi [None req-b024ed38-29f1-4c9b-b28e-e81e37f34253 d1fd654856ba4049804572e8924f1456 d35b7bdd4ba647c6870d0e129a617998 - - default default] 10.0.0.132 "DELETE /v2.0/networks/b1ec2b7c-c414-4dc9-998d-3ab71c7b4bbb HTTP/1.1" status: 204 len: 168 time: 0.3670783
2026-05-09 18:05:09.904 9 INFO neutron.services.segments.plugin [-] Segment 0d39fca0-c4d7-4a98-89ef-abfd03729938 resource provider aggregate not found
2026-05-09 18:05:09.913 9 INFO neutron.services.segments.plugin [-] Segment 0d39fca0-c4d7-4a98-89ef-abfd03729938 resource provider aggregate not found
2026-05-09 18:05:09.919 9 INFO neutron.services.segments.plugin [-] Segment 0d39fca0-c4d7-4a98-89ef-abfd03729938 resource provider not found; error: Placement Client Error (4xx): {"errors": [{"status": 404, "title": "Not Found", "detail": "The resource could not be found.\n\n No resource provider with uuid 0d39fca0-c4d7-4a98-89ef-abfd03729938 found for delete ", "request_id": "req-8bee5c75-5a85-4fda-a92c-dabe45f6ac48"}]}
2026-05-09 18:05:09.930 9 INFO neutron.services.segments.plugin [-] Segment 0d39fca0-c4d7-4a98-89ef-abfd03729938 resource provider not found; error: Placement Client Error (4xx): {"errors": [{"status": 404, "title": "Not Found", "detail": "The resource could not be found.\n\n No resource provider with uuid 0d39fca0-c4d7-4a98-89ef-abfd03729938 found for delete ", "request_id": "req-9a803b29-82e9-4c3b-b7cb-b9ca0b277e24"}]}
2026-05-09 18:05:10.144 10 INFO neutron.db.ovn_revision_numbers_db [None req-207bf2e6-9c79-44f8-9930-5d71d20bb617 d00cc3ab3a484fe79bff78e836f15b19 1eb91f905ae040f1adf2e676920ce475 - - default default] Successfully bumped revision number for resource b819b8ed-18b8-4311-ab12-52cddf1b95f5 (type: security_groups) to 1
2026-05-09 18:05:10.180 10 INFO neutron.db.ovn_revision_numbers_db [None req-207bf2e6-9c79-44f8-9930-5d71d20bb617 d00cc3ab3a484fe79bff78e836f15b19 1eb91f905ae040f1adf2e676920ce475 - - default default] Successfully bumped revision number for resource 3b8d78a6-3d06-4cab-8275-e5ca7fba56f8 (type: security_group_rules) to 0
2026-05-09 18:05:10.193 10 INFO neutron.db.ovn_revision_numbers_db [None req-207bf2e6-9c79-44f8-9930-5d71d20bb617 d00cc3ab3a484fe79bff78e836f15b19 1eb91f905ae040f1adf2e676920ce475 - - default default] Successfully bumped revision number for resource 4b0352ba-e0e2-4ec2-8e54-c02bc0c94965 (type: security_group_rules) to 0
2026-05-09 18:05:10.218 10 INFO neutron.db.ovn_revision_numbers_db [None req-207bf2e6-9c79-44f8-9930-5d71d20bb617 d00cc3ab3a484fe79bff78e836f15b19 1eb91f905ae040f1adf2e676920ce475 - - default default] Successfully bumped revision number for resource d893b317-0fb7-4330-9cac-a55e16a6260e (type: security_group_rules) to 0
2026-05-09 18:05:10.233 10 INFO neutron.db.ovn_revision_numbers_db [None req-207bf2e6-9c79-44f8-9930-5d71d20bb617 d00cc3ab3a484fe79bff78e836f15b19 1eb91f905ae040f1adf2e676920ce475 - - default default] Successfully bumped revision number for resource f5c71094-de27-4b9d-8ab4-2f406748e3f4 (type: security_group_rules) to 0
2026-05-09 18:05:10.257 10 INFO neutron.wsgi [None req-207bf2e6-9c79-44f8-9930-5d71d20bb617 d00cc3ab3a484fe79bff78e836f15b19 1eb91f905ae040f1adf2e676920ce475 - - default default] 10.0.0.132 "GET /v2.0/security-groups?tenant_id=24b5faeaf095472188407a2ecf880076&name=default HTTP/1.1" status: 200 len: 3000 time: 0.3818350
2026-05-09 18:05:10.398 10 INFO neutron.services.segments.plugin [-] Segment a623454c-45c2-424e-9efd-a5aa12e7934b resource provider aggregate not found
2026-05-09 18:05:10.404 10 INFO neutron.services.segments.plugin [-] Segment a623454c-45c2-424e-9efd-a5aa12e7934b resource provider aggregate not found
2026-05-09 18:05:10.419 10 INFO neutron.services.segments.plugin [-] Segment a623454c-45c2-424e-9efd-a5aa12e7934b resource provider not found; error: Placement Client Error (4xx): {"errors": [{"status": 404, "title": "Not Found", "detail": "The resource could not be found.\n\n No resource provider with uuid a623454c-45c2-424e-9efd-a5aa12e7934b found for delete ", "request_id": "req-6669add6-4694-41e9-bda9-95115afe48d2"}]}
2026-05-09 18:05:10.421 10 INFO neutron.services.segments.plugin [-] Segment a623454c-45c2-424e-9efd-a5aa12e7934b resource provider not found; error: Placement Client Error (4xx): {"errors": [{"status": 404, "title": "Not Found", "detail": "The resource could not be found.\n\n No resource provider with uuid a623454c-45c2-424e-9efd-a5aa12e7934b found for delete ", "request_id": "req-d5da73b0-6f12-4000-96b7-ab90878da3db"}]}
2026-05-09 18:05:10.492 10 INFO neutron.wsgi [None req-05a2940d-d484-4c7b-957c-07eaca01f2dd d00cc3ab3a484fe79bff78e836f15b19 1eb91f905ae040f1adf2e676920ce475 - - default default] 10.0.0.132 "DELETE /v2.0/security-groups/b819b8ed-18b8-4311-ab12-52cddf1b95f5 HTTP/1.1" status: 204 len: 168 time: 0.2315953
2026-05-09 18:05:10.577 9 INFO neutron.wsgi [-] 10.0.0.127 "GET / HTTP/1.1" status: 200 len: 247 time: 0.0029840
2026-05-09 18:05:10.580 9 INFO neutron.wsgi [-] 10.0.0.127 "GET / HTTP/1.1" status: 200 len: 247 time: 0.0020952
2026-05-09 18:05:10.691 9 INFO neutron.db.ovn_revision_numbers_db [None req-076ad90c-6504-41ee-b46f-def78d5d7cb5 d00cc3ab3a484fe79bff78e836f15b19 1eb91f905ae040f1adf2e676920ce475 - - default default] Successfully bumped revision number for resource 7c5906eb-2611-4971-a2ab-94b2ef5424a6 (type: security_groups) to 1
2026-05-09 18:05:10.704 9 INFO neutron.db.ovn_revision_numbers_db [None req-076ad90c-6504-41ee-b46f-def78d5d7cb5 d00cc3ab3a484fe79bff78e836f15b19 1eb91f905ae040f1adf2e676920ce475 - - default default] Successfully bumped revision number for resource 044be6e9-3ceb-47ef-8e64-5a814edc6814 (type: security_group_rules) to 0
2026-05-09 18:05:10.718 9 INFO neutron.db.ovn_revision_numbers_db [None req-076ad90c-6504-41ee-b46f-def78d5d7cb5 d00cc3ab3a484fe79bff78e836f15b19 1eb91f905ae040f1adf2e676920ce475 - - default default] Successfully bumped revision number for resource 98e78e7d-3fa5-497a-b147-ae3bbc0c19b0 (type: security_group_rules) to 0
2026-05-09 18:05:10.731 9 INFO neutron.db.ovn_revision_numbers_db [None req-076ad90c-6504-41ee-b46f-def78d5d7cb5 d00cc3ab3a484fe79bff78e836f15b19 1eb91f905ae040f1adf2e676920ce475 - - default default] Successfully bumped revision number for resource a586a186-952e-4b54-971b-89e11fba8637 (type: security_group_rules) to 0
2026-05-09 18:05:10.746 9 INFO neutron.db.ovn_revision_numbers_db [None req-076ad90c-6504-41ee-b46f-def78d5d7cb5 d00cc3ab3a484fe79bff78e836f15b19 1eb91f905ae040f1adf2e676920ce475 - - default default] Successfully bumped revision number for resource e4df3f9c-6715-44f3-b9f1-660e2dc1bc9c (type: security_group_rules) to 0
2026-05-09 18:05:10.771 9 INFO neutron.wsgi [None req-076ad90c-6504-41ee-b46f-def78d5d7cb5 d00cc3ab3a484fe79bff78e836f15b19 1eb91f905ae040f1adf2e676920ce475 - - default default] 10.0.0.132 "GET /v2.0/security-groups?tenant_id=6cadc1a89b9a4a49ab81a57136248ed5&name=default HTTP/1.1" status: 200 len: 3000 time: 0.1817658
2026-05-09 18:05:10.979 9 INFO neutron.wsgi [None req-a04f7a5c-3f7f-4f1c-a0cc-d2b8bf71436b d00cc3ab3a484fe79bff78e836f15b19 1eb91f905ae040f1adf2e676920ce475 - - default default] 10.0.0.132 "DELETE /v2.0/security-groups/7c5906eb-2611-4971-a2ab-94b2ef5424a6 HTTP/1.1" status: 204 len: 168 time: 0.2008858
2026-05-09 18:05:11.231 9 INFO neutron.wsgi [None req-2bc9697e-353c-4c98-8041-64190fa41da9 d00cc3ab3a484fe79bff78e836f15b19 1eb91f905ae040f1adf2e676920ce475 - - default default] 10.0.0.132 "GET /v2.0/security-groups?tenant_id=d35b7bdd4ba647c6870d0e129a617998&name=default HTTP/1.1" status: 200 len: 3000 time: 0.0369134
2026-05-09 18:05:11.425 9 INFO neutron.wsgi [None req-b02eec9f-ca38-4a24-b04b-06780ea1d196 d00cc3ab3a484fe79bff78e836f15b19 1eb91f905ae040f1adf2e676920ce475 - - default default] 10.0.0.132 "DELETE /v2.0/security-groups/756804e6-30ed-4fdf-92a0-4a1c6aaf4735 HTTP/1.1" status: 204 len: 168 time: 0.1902087
2026-05-09 18:05:14.870 9 INFO neutron.db.ovn_revision_numbers_db [None req-19fd8b43-dd6e-454e-8276-49577e563c7d 4a62fd001def4c8a867640658051ec5d a73d75b094a74cd7bf98d5c33e33af13 - - default default] Successfully bumped revision number for resource aef26ef7-225c-4852-bbe9-e16a80762fec (type: security_groups) to 1
2026-05-09 18:05:14.888 9 INFO neutron.db.ovn_revision_numbers_db [None req-19fd8b43-dd6e-454e-8276-49577e563c7d 4a62fd001def4c8a867640658051ec5d a73d75b094a74cd7bf98d5c33e33af13 - - default default] Successfully bumped revision number for resource 552dec37-c027-4e77-9a69-836b86148973 (type: security_group_rules) to 0
2026-05-09 18:05:14.905 9 INFO neutron.db.ovn_revision_numbers_db [None req-19fd8b43-dd6e-454e-8276-49577e563c7d 4a62fd001def4c8a867640658051ec5d a73d75b094a74cd7bf98d5c33e33af13 - - default default] Successfully bumped revision number for resource 880a500c-aa47-4ba1-b9b5-30d767a9cbfd (type: security_group_rules) to 0
2026-05-09 18:05:14.922 9 INFO neutron.db.ovn_revision_numbers_db [None req-19fd8b43-dd6e-454e-8276-49577e563c7d 4a62fd001def4c8a867640658051ec5d a73d75b094a74cd7bf98d5c33e33af13 - - default default] Successfully bumped revision number for resource a8d15c79-9c11-43cf-9e35-d181b6b61dcf (type: security_group_rules) to 0
2026-05-09 18:05:14.938 9 INFO neutron.db.ovn_revision_numbers_db [None req-19fd8b43-dd6e-454e-8276-49577e563c7d 4a62fd001def4c8a867640658051ec5d a73d75b094a74cd7bf98d5c33e33af13 - - default default] Successfully bumped revision number for resource e97eada7-c091-472c-b37c-fb855f5127c5 (type: security_group_rules) to 0
2026-05-09 18:05:14.992 9 INFO neutron.db.segments_db [None req-19fd8b43-dd6e-454e-8276-49577e563c7d 4a62fd001def4c8a867640658051ec5d a73d75b094a74cd7bf98d5c33e33af13 - - default default] Added segment 750a37c1-bffb-42af-8c7a-7b429eed3de7 of type geneve for network e27ff16f-6b5d-47ae-9461-63f3e3a9f03a
2026-05-09 18:05:15.157 9 INFO neutron.db.ovn_revision_numbers_db [None req-19fd8b43-dd6e-454e-8276-49577e563c7d 4a62fd001def4c8a867640658051ec5d a73d75b094a74cd7bf98d5c33e33af13 - - default default] Successfully bumped revision number for resource e27ff16f-6b5d-47ae-9461-63f3e3a9f03a (type: networks) to 1
2026-05-09 18:05:15.320 9 WARNING neutron.scheduler.dhcp_agent_scheduler [None req-19fd8b43-dd6e-454e-8276-49577e563c7d 4a62fd001def4c8a867640658051ec5d a73d75b094a74cd7bf98d5c33e33af13 - - default default] No more DHCP agents
2026-05-09 18:05:15.323 9 WARNING neutron.api.rpc.agentnotifiers.dhcp_rpc_agent_api [None req-19fd8b43-dd6e-454e-8276-49577e563c7d 4a62fd001def4c8a867640658051ec5d a73d75b094a74cd7bf98d5c33e33af13 - - default default] Unable to schedule network e27ff16f-6b5d-47ae-9461-63f3e3a9f03a: no agents available; will retry on subsequent port and subnet creation events.
2026-05-09 18:05:15.409 9 INFO neutron.db.ovn_revision_numbers_db [None req-19fd8b43-dd6e-454e-8276-49577e563c7d 4a62fd001def4c8a867640658051ec5d a73d75b094a74cd7bf98d5c33e33af13 - - default default] Successfully bumped revision number for resource 0fc4b8af-9daa-4611-9484-baa3673e34d4 (type: ports) to 1
2026-05-09 18:05:15.435 9 INFO neutron.wsgi [None req-19fd8b43-dd6e-454e-8276-49577e563c7d 4a62fd001def4c8a867640658051ec5d a73d75b094a74cd7bf98d5c33e33af13 - - default default] 10.0.0.132 "POST /v2.0/networks HTTP/1.1" status: 201 len: 830 time: 0.8645325
2026-05-09 18:05:15.495 9 INFO neutron.wsgi [None req-564cb469-088e-4f7c-90ea-6b9d7120a7e2 4a62fd001def4c8a867640658051ec5d a73d75b094a74cd7bf98d5c33e33af13 - - default default] 10.0.0.132 "PUT /v2.0/networks/e27ff16f-6b5d-47ae-9461-63f3e3a9f03a/tags HTTP/1.1" status: 200 len: 218 time: 0.0524759
2026-05-09 18:05:15.536 9 INFO neutron.wsgi [None req-fd762fec-e8f2-4dea-b67e-1fdc2f4b1455 4a62fd001def4c8a867640658051ec5d a73d75b094a74cd7bf98d5c33e33af13 - - default default] 10.0.0.132 "GET /v2.0/networks/e27ff16f-6b5d-47ae-9461-63f3e3a9f03a/tags HTTP/1.1" status: 200 len: 218 time: 0.0364544
2026-05-09 18:05:15.592 9 INFO neutron.wsgi [None req-e6b25294-b0e6-4fc2-8a33-090b42339dc9 4a62fd001def4c8a867640658051ec5d a73d75b094a74cd7bf98d5c33e33af13 - - default default] 10.0.0.132 "PUT /v2.0/networks/e27ff16f-6b5d-47ae-9461-63f3e3a9f03a/tags/green HTTP/1.1" status: 201 len: 201 time: 0.0514052
2026-05-09 18:05:15.630 9 INFO neutron.wsgi [None req-0c046e31-f4f5-4053-b840-0d8fbc103bb0 4a62fd001def4c8a867640658051ec5d a73d75b094a74cd7bf98d5c33e33af13 - - default default] 10.0.0.132 "GET /v2.0/networks/e27ff16f-6b5d-47ae-9461-63f3e3a9f03a/tags HTTP/1.1" status: 200 len: 227 time: 0.0315454
2026-05-09 18:05:15.671 9 INFO neutron.wsgi [None req-37f87ec8-fc6f-4593-b219-48a618377f44 4a62fd001def4c8a867640658051ec5d a73d75b094a74cd7bf98d5c33e33af13 - - default default] 10.0.0.132 "PUT /v2.0/networks/e27ff16f-6b5d-47ae-9461-63f3e3a9f03a/tags/red HTTP/1.1" status: 201 len: 201 time: 0.0370104
2026-05-09 18:05:15.717 9 INFO neutron.wsgi [None req-991255fb-2cc9-4e82-860c-6bb66eb7ec6a 4a62fd001def4c8a867640658051ec5d a73d75b094a74cd7bf98d5c33e33af13 - - default default] 10.0.0.132 "GET /v2.0/networks/e27ff16f-6b5d-47ae-9461-63f3e3a9f03a/tags HTTP/1.1" status: 200 len: 227 time: 0.0404432
2026-05-09 18:05:15.775 9 INFO neutron.wsgi [None req-75fbfe2e-29d8-46b4-bf6e-e6f9382c74d1 4a62fd001def4c8a867640658051ec5d a73d75b094a74cd7bf98d5c33e33af13 - - default default] 10.0.0.132 "PUT /v2.0/networks/e27ff16f-6b5d-47ae-9461-63f3e3a9f03a/tags/black.or.white HTTP/1.1" status: 201 len: 201 time: 0.0534143
2026-05-09 18:05:15.818 9 INFO neutron.wsgi [None req-f942a971-0649-4052-9455-f13a064a5c80 4a62fd001def4c8a867640658051ec5d a73d75b094a74cd7bf98d5c33e33af13 - - default default] 10.0.0.132 "GET /v2.0/networks/e27ff16f-6b5d-47ae-9461-63f3e3a9f03a/tags HTTP/1.1" status: 200 len: 245 time: 0.0376511
2026-05-09 18:05:15.869 9 INFO neutron.wsgi [None req-71703407-02e9-4228-8f21-323f47f1f066 4a62fd001def4c8a867640658051ec5d a73d75b094a74cd7bf98d5c33e33af13 - - default default] 10.0.0.132 "PUT /v2.0/networks/e27ff16f-6b5d-47ae-9461-63f3e3a9f03a/tags HTTP/1.1" status: 200 len: 230 time: 0.0463686
2026-05-09 18:05:15.917 9 INFO neutron.wsgi [None req-85088036-43de-47e5-a5f5-856cb50e4779 4a62fd001def4c8a867640658051ec5d a73d75b094a74cd7bf98d5c33e33af13 - - default default] 10.0.0.132 "GET /v2.0/networks/e27ff16f-6b5d-47ae-9461-63f3e3a9f03a/tags HTTP/1.1" status: 200 len: 230 time: 0.0414009
2026-05-09 18:05:15.956 9 INFO neutron.wsgi [None req-7722e907-2417-4b2f-bd17-4d6a0fd1de95 4a62fd001def4c8a867640658051ec5d a73d75b094a74cd7bf98d5c33e33af13 - - default default] 10.0.0.132 "GET /v2.0/networks/e27ff16f-6b5d-47ae-9461-63f3e3a9f03a/tags/red HTTP/1.1" status: 204 len: 168 time: 0.0329130
2026-05-09 18:05:15.994 9 INFO neutron.api.v2.resource [None req-3e4d5e82-0c20-428a-b699-7a8bb25a2f0a 4a62fd001def4c8a867640658051ec5d a73d75b094a74cd7bf98d5c33e33af13 - - default default] show failed (client error): The resource could not be found.
2026-05-09 18:05:15.995 9 INFO neutron.wsgi [None req-3e4d5e82-0c20-428a-b699-7a8bb25a2f0a 4a62fd001def4c8a867640658051ec5d a73d75b094a74cd7bf98d5c33e33af13 - - default default] 10.0.0.132 "GET /v2.0/networks/e27ff16f-6b5d-47ae-9461-63f3e3a9f03a/tags/green HTTP/1.1" status: 404 len: 299 time: 0.0347676
2026-05-09 18:05:16.061 9 INFO neutron.wsgi [None req-7d0a46b6-b892-4045-8c8f-895efb3fdfe1 4a62fd001def4c8a867640658051ec5d a73d75b094a74cd7bf98d5c33e33af13 - - default default] 10.0.0.132 "DELETE /v2.0/networks/e27ff16f-6b5d-47ae-9461-63f3e3a9f03a/tags/red HTTP/1.1" status: 204 len: 168 time: 0.0604346
2026-05-09 18:05:16.110 9 INFO neutron.wsgi [None req-623be4bb-5dca-4b98-931d-be2736127cb9 4a62fd001def4c8a867640658051ec5d a73d75b094a74cd7bf98d5c33e33af13 - - default default] 10.0.0.132 "GET /v2.0/networks/e27ff16f-6b5d-47ae-9461-63f3e3a9f03a/tags HTTP/1.1" status: 200 len: 223 time: 0.0433633
2026-05-09 18:05:16.167 9 INFO neutron.api.v2.resource [None req-4bd08106-40b7-4054-92c1-2afea962f183 4a62fd001def4c8a867640658051ec5d a73d75b094a74cd7bf98d5c33e33af13 - - default default] delete failed (client error): The resource could not be found.
2026-05-09 18:05:16.168 9 INFO neutron.wsgi [None req-4bd08106-40b7-4054-92c1-2afea962f183 4a62fd001def4c8a867640658051ec5d a73d75b094a74cd7bf98d5c33e33af13 - - default default] 10.0.0.132 "DELETE /v2.0/networks/e27ff16f-6b5d-47ae-9461-63f3e3a9f03a/tags/green HTTP/1.1" status: 404 len: 299 time: 0.0538526
2026-05-09 18:05:16.222 9 INFO neutron.wsgi [None req-7a2bbac2-4f7f-421d-8fe0-88dea5c20ae1 4a62fd001def4c8a867640658051ec5d a73d75b094a74cd7bf98d5c33e33af13 - - default default] 10.0.0.132 "DELETE /v2.0/networks/e27ff16f-6b5d-47ae-9461-63f3e3a9f03a/tags HTTP/1.1" status: 204 len: 168 time: 0.0490146
2026-05-09 18:05:16.281 9 INFO neutron.wsgi [None req-310bf966-dc2b-4913-a8e9-ede44d71d005 4a62fd001def4c8a867640658051ec5d a73d75b094a74cd7bf98d5c33e33af13 - - default default] 10.0.0.132 "GET /v2.0/networks/e27ff16f-6b5d-47ae-9461-63f3e3a9f03a/tags HTTP/1.1" status: 200 len: 205 time: 0.0541174
2026-05-09 18:05:16.698 9 INFO neutron.services.segments.plugin [-] Segment 750a37c1-bffb-42af-8c7a-7b429eed3de7 resource provider aggregate not found
2026-05-09 18:05:16.702 9 INFO neutron.services.segments.plugin [-] Segment 750a37c1-bffb-42af-8c7a-7b429eed3de7 resource provider aggregate not found
2026-05-09 18:05:16.727 9 INFO neutron.services.segments.plugin [-] Segment 750a37c1-bffb-42af-8c7a-7b429eed3de7 resource provider not found; error: Placement Client Error (4xx): {"errors": [{"status": 404, "title": "Not Found", "detail": "The resource could not be found.\n\n No resource provider with uuid 750a37c1-bffb-42af-8c7a-7b429eed3de7 found for delete ", "request_id": "req-c8048240-34fc-4359-80ca-42d4595bf44c"}]}
2026-05-09 18:05:16.729 9 INFO neutron.services.segments.plugin [-] Segment 750a37c1-bffb-42af-8c7a-7b429eed3de7 resource provider not found; error: Placement Client Error (4xx): {"errors": [{"status": 404, "title": "Not Found", "detail": "The resource could not be found.\n\n No resource provider with uuid 750a37c1-bffb-42af-8c7a-7b429eed3de7 found for delete ", "request_id": "req-46313d05-610c-4198-bf4b-55a92e9aa16d"}]}
2026-05-09 18:05:16.743 9 INFO neutron.wsgi [None req-180d312b-b4cc-4130-bea8-694ea930c77b 4a62fd001def4c8a867640658051ec5d a73d75b094a74cd7bf98d5c33e33af13 - - default default] 10.0.0.132 "DELETE /v2.0/networks/e27ff16f-6b5d-47ae-9461-63f3e3a9f03a HTTP/1.1" status: 204 len: 168 time: 0.4567478
2026-05-09 18:05:17.536 10 INFO neutron.wsgi [None req-2a5a25cd-d419-4ed0-b37b-c2daf06bbbe8 d00cc3ab3a484fe79bff78e836f15b19 1eb91f905ae040f1adf2e676920ce475 - - default default] 10.0.0.132 "GET /v2.0/security-groups?tenant_id=a73d75b094a74cd7bf98d5c33e33af13&name=default HTTP/1.1" status: 200 len: 3000 time: 0.1405818
2026-05-09 18:05:17.724 10 INFO neutron.wsgi [None req-10275707-51d2-41b7-9080-9477dfe5e28e d00cc3ab3a484fe79bff78e836f15b19 1eb91f905ae040f1adf2e676920ce475 - - default default] 10.0.0.132 "DELETE /v2.0/security-groups/aef26ef7-225c-4852-bbe9-e16a80762fec HTTP/1.1" status: 204 len: 168 time: 0.1830974
2026-05-09 18:05:17.931 10 INFO neutron.db.ovn_revision_numbers_db [None req-5413760a-dacc-4e1e-b562-3ad0e189f58f d00cc3ab3a484fe79bff78e836f15b19 1eb91f905ae040f1adf2e676920ce475 - - default default] Successfully bumped revision number for resource f6b95318-d9df-44b1-814d-4b90f3482b4c (type: security_groups) to 1
2026-05-09 18:05:17.944 10 INFO neutron.db.ovn_revision_numbers_db [None req-5413760a-dacc-4e1e-b562-3ad0e189f58f d00cc3ab3a484fe79bff78e836f15b19 1eb91f905ae040f1adf2e676920ce475 - - default default] Successfully bumped revision number for resource 27a9593e-4151-489f-b0e5-b7ef4a68009a (type: security_group_rules) to 0
2026-05-09 18:05:17.958 10 INFO neutron.db.ovn_revision_numbers_db [None req-5413760a-dacc-4e1e-b562-3ad0e189f58f d00cc3ab3a484fe79bff78e836f15b19 1eb91f905ae040f1adf2e676920ce475 - - default default] Successfully bumped revision number for resource 666459b6-1f90-49af-8460-e79fa654d489 (type: security_group_rules) to 0
2026-05-09 18:05:17.972 10 INFO neutron.db.ovn_revision_numbers_db [None req-5413760a-dacc-4e1e-b562-3ad0e189f58f d00cc3ab3a484fe79bff78e836f15b19 1eb91f905ae040f1adf2e676920ce475 - - default default] Successfully bumped revision number for resource 8caadef2-347d-4e90-8b73-1f74d4606921 (type: security_group_rules) to 0
2026-05-09 18:05:17.987 10 INFO neutron.db.ovn_revision_numbers_db [None req-5413760a-dacc-4e1e-b562-3ad0e189f58f d00cc3ab3a484fe79bff78e836f15b19 1eb91f905ae040f1adf2e676920ce475 - - default default] Successfully bumped revision number for resource af0937f4-7800-4a70-a760-40c3d497d391 (type: security_group_rules) to 0
2026-05-09 18:05:18.010 10 INFO neutron.wsgi [None req-5413760a-dacc-4e1e-b562-3ad0e189f58f d00cc3ab3a484fe79bff78e836f15b19 1eb91f905ae040f1adf2e676920ce475 - - default default] 10.0.0.132 "GET /v2.0/security-groups?tenant_id=261e22b0b05a4bd2950bc79a4b463ed2&name=default HTTP/1.1" status: 200 len: 3000 time: 0.1953955
2026-05-09 18:05:18.188 10 INFO neutron.wsgi [None req-a09c6cff-77ef-4790-90df-5ae83c66801b d00cc3ab3a484fe79bff78e836f15b19 1eb91f905ae040f1adf2e676920ce475 - - default default] 10.0.0.132 "DELETE /v2.0/security-groups/f6b95318-d9df-44b1-814d-4b90f3482b4c HTTP/1.1" status: 204 len: 168 time: 0.1729734
2026-05-09 18:05:21.728 9 INFO neutron.db.ovn_revision_numbers_db [None req-b20c88c8-4af5-4453-b6f0-bac67d4c139f 6ad495bfe1db448a90e3b25ac6f32a2f 18fbc354f13e49059802e084b629eea6 - - default default] Successfully bumped revision number for resource acfb0a74-0659-4f10-b374-190417c22302 (type: security_groups) to 1
2026-05-09 18:05:21.742 9 INFO neutron.db.ovn_revision_numbers_db [None req-b20c88c8-4af5-4453-b6f0-bac67d4c139f 6ad495bfe1db448a90e3b25ac6f32a2f 18fbc354f13e49059802e084b629eea6 - - default default] Successfully bumped revision number for resource 1f904a2b-2eec-486f-aa5d-7d71e5c5c04a (type: security_group_rules) to 0
2026-05-09 18:05:21.763 9 INFO neutron.db.ovn_revision_numbers_db [None req-b20c88c8-4af5-4453-b6f0-bac67d4c139f 6ad495bfe1db448a90e3b25ac6f32a2f 18fbc354f13e49059802e084b629eea6 - - default default] Successfully bumped revision number for resource 5b82cdd5-eb47-4eff-bde0-79ffeda55df8 (type: security_group_rules) to 0
2026-05-09 18:05:21.781 9 INFO neutron.db.ovn_revision_numbers_db [None req-b20c88c8-4af5-4453-b6f0-bac67d4c139f 6ad495bfe1db448a90e3b25ac6f32a2f 18fbc354f13e49059802e084b629eea6 - - default default] Successfully bumped revision number for resource 61801b26-3377-492c-9580-5112b3cb1080 (type: security_group_rules) to 0
2026-05-09 18:05:21.795 9 INFO neutron.db.ovn_revision_numbers_db [None req-b20c88c8-4af5-4453-b6f0-bac67d4c139f 6ad495bfe1db448a90e3b25ac6f32a2f 18fbc354f13e49059802e084b629eea6 - - default default] Successfully bumped revision number for resource f1d54ff9-4afb-44c0-8e5c-ff86dbbbfb40 (type: security_group_rules) to 0
2026-05-09 18:05:21.878 9 INFO neutron.db.ovn_revision_numbers_db [None req-b20c88c8-4af5-4453-b6f0-bac67d4c139f 6ad495bfe1db448a90e3b25ac6f32a2f 18fbc354f13e49059802e084b629eea6 - - default default] Successfully bumped revision number for resource 21c541fc-f227-4ac2-aec1-d0ab60bebb07 (type: security_groups) to 1
2026-05-09 18:05:21.893 9 INFO neutron.db.ovn_revision_numbers_db [None req-b20c88c8-4af5-4453-b6f0-bac67d4c139f 6ad495bfe1db448a90e3b25ac6f32a2f 18fbc354f13e49059802e084b629eea6 - - default default] Successfully bumped revision number for resource 0b61dd4a-0259-40b9-a90e-8a46ca55e8bf (type: security_group_rules) to 0
2026-05-09 18:05:21.907 9 INFO neutron.db.ovn_revision_numbers_db [None req-b20c88c8-4af5-4453-b6f0-bac67d4c139f 6ad495bfe1db448a90e3b25ac6f32a2f 18fbc354f13e49059802e084b629eea6 - - default default] Successfully bumped revision number for resource 1e84d484-2045-468b-96ac-2e696fdde4a8 (type: security_group_rules) to 0
2026-05-09 18:05:21.925 9 INFO neutron.wsgi [None req-b20c88c8-4af5-4453-b6f0-bac67d4c139f 6ad495bfe1db448a90e3b25ac6f32a2f 18fbc354f13e49059802e084b629eea6 - - default default] 10.0.0.132 "POST /v2.0/security-groups HTTP/1.1" status: 201 len: 1739 time: 0.5033417
2026-05-09 18:05:21.954 9 INFO neutron.wsgi [None req-2e6a08ce-a3a4-40d2-9b0d-422f23948ec3 6ad495bfe1db448a90e3b25ac6f32a2f 18fbc354f13e49059802e084b629eea6 - - default default] 10.0.0.132 "PUT /v2.0/security-groups/21c541fc-f227-4ac2-aec1-d0ab60bebb07/tags HTTP/1.1" status: 200 len: 218 time: 0.0218787
2026-05-09 18:05:21.973 9 INFO neutron.wsgi [None req-621f0faa-bcc6-42e1-a14c-b924896de540 6ad495bfe1db448a90e3b25ac6f32a2f 18fbc354f13e49059802e084b629eea6 - - default default] 10.0.0.132 "GET /v2.0/security-groups/21c541fc-f227-4ac2-aec1-d0ab60bebb07/tags HTTP/1.1" status: 200 len: 218 time: 0.0155957
2026-05-09 18:05:22.008 9 INFO neutron.wsgi [None req-e2e53014-3604-4871-880c-f0b05d200e8e 6ad495bfe1db448a90e3b25ac6f32a2f 18fbc354f13e49059802e084b629eea6 - - default default] 10.0.0.132 "PUT /v2.0/security-groups/21c541fc-f227-4ac2-aec1-d0ab60bebb07/tags/green HTTP/1.1" status: 201 len: 201 time: 0.0303402
2026-05-09 18:05:22.029 9 INFO neutron.wsgi [None req-5c56f579-2024-4c86-b68e-17fb8aef7087 6ad495bfe1db448a90e3b25ac6f32a2f 18fbc354f13e49059802e084b629eea6 - - default default] 10.0.0.132 "GET /v2.0/security-groups/21c541fc-f227-4ac2-aec1-d0ab60bebb07/tags HTTP/1.1" status: 200 len: 227 time: 0.0167062
2026-05-09 18:05:22.052 9 INFO neutron.wsgi [None req-72f107b1-afb7-4f3a-a7c3-eaeeae5cbdd6 6ad495bfe1db448a90e3b25ac6f32a2f 18fbc354f13e49059802e084b629eea6 - - default default] 10.0.0.132 "PUT /v2.0/security-groups/21c541fc-f227-4ac2-aec1-d0ab60bebb07/tags/red HTTP/1.1" status: 201 len: 201 time: 0.0167980
2026-05-09 18:05:22.072 9 INFO neutron.wsgi [None req-14c3bd4d-a8f1-4678-be5d-3b963f117aff 6ad495bfe1db448a90e3b25ac6f32a2f 18fbc354f13e49059802e084b629eea6 - - default default] 10.0.0.132 "GET /v2.0/security-groups/21c541fc-f227-4ac2-aec1-d0ab60bebb07/tags HTTP/1.1" status: 200 len: 227 time: 0.0150411
2026-05-09 18:05:22.104 9 INFO neutron.wsgi [None req-241d65ff-8119-46d6-99f9-07626d5beb66 6ad495bfe1db448a90e3b25ac6f32a2f 18fbc354f13e49059802e084b629eea6 - - default default] 10.0.0.132 "PUT /v2.0/security-groups/21c541fc-f227-4ac2-aec1-d0ab60bebb07/tags/black.or.white HTTP/1.1" status: 201 len: 201 time: 0.0280929
2026-05-09 18:05:22.126 9 INFO neutron.wsgi [None req-8e5fc47f-31e8-44b3-9aac-5945a48677f5 6ad495bfe1db448a90e3b25ac6f32a2f 18fbc354f13e49059802e084b629eea6 - - default default] 10.0.0.132 "GET /v2.0/security-groups/21c541fc-f227-4ac2-aec1-d0ab60bebb07/tags HTTP/1.1" status: 200 len: 245 time: 0.0167878
2026-05-09 18:05:22.156 9 INFO neutron.wsgi [None req-7c4e68dc-57bd-4672-9dd4-76d97b1cc830 6ad495bfe1db448a90e3b25ac6f32a2f 18fbc354f13e49059802e084b629eea6 - - default default] 10.0.0.132 "PUT /v2.0/security-groups/21c541fc-f227-4ac2-aec1-d0ab60bebb07/tags HTTP/1.1" status: 200 len: 230 time: 0.0249856
2026-05-09 18:05:22.179 9 INFO neutron.wsgi [None req-c06e7ec6-a711-47fa-94d7-7371f94ad21f 6ad495bfe1db448a90e3b25ac6f32a2f 18fbc354f13e49059802e084b629eea6 - - default default] 10.0.0.132 "GET /v2.0/security-groups/21c541fc-f227-4ac2-aec1-d0ab60bebb07/tags HTTP/1.1" status: 200 len: 230 time: 0.0195003
2026-05-09 18:05:22.197 9 INFO neutron.wsgi [None req-86a504bb-e713-4e84-92e1-f1573c451fa3 6ad495bfe1db448a90e3b25ac6f32a2f 18fbc354f13e49059802e084b629eea6 - - default default] 10.0.0.132 "GET /v2.0/security-groups/21c541fc-f227-4ac2-aec1-d0ab60bebb07/tags/red HTTP/1.1" status: 204 len: 168 time: 0.0149813
2026-05-09 18:05:22.219 9 INFO neutron.api.v2.resource [None req-6ec44e96-ac86-4d25-8cbc-eb77b714f72a 6ad495bfe1db448a90e3b25ac6f32a2f 18fbc354f13e49059802e084b629eea6 - - default default] show failed (client error): The resource could not be found.
2026-05-09 18:05:22.220 9 INFO neutron.wsgi [None req-6ec44e96-ac86-4d25-8cbc-eb77b714f72a 6ad495bfe1db448a90e3b25ac6f32a2f 18fbc354f13e49059802e084b629eea6 - - default default] 10.0.0.132 "GET /v2.0/security-groups/21c541fc-f227-4ac2-aec1-d0ab60bebb07/tags/green HTTP/1.1" status: 404 len: 299 time: 0.0182731
2026-05-09 18:05:22.256 9 INFO neutron.wsgi [None req-9e8971db-09f2-4507-baf5-2808af4ee428 6ad495bfe1db448a90e3b25ac6f32a2f 18fbc354f13e49059802e084b629eea6 - - default default] 10.0.0.132 "DELETE /v2.0/security-groups/21c541fc-f227-4ac2-aec1-d0ab60bebb07/tags/red HTTP/1.1" status: 204 len: 168 time: 0.0309711
2026-05-09 18:05:22.279 9 INFO neutron.wsgi [None req-f805e87a-72f0-420d-88ad-0be76e904704 6ad495bfe1db448a90e3b25ac6f32a2f 18fbc354f13e49059802e084b629eea6 - - default default] 10.0.0.132 "GET /v2.0/security-groups/21c541fc-f227-4ac2-aec1-d0ab60bebb07/tags HTTP/1.1" status: 200 len: 223 time: 0.0183132
2026-05-09 18:05:22.304 9 INFO neutron.api.v2.resource [None req-7a0f88bd-f2ef-4b89-b640-e98444e9e32a 6ad495bfe1db448a90e3b25ac6f32a2f 18fbc354f13e49059802e084b629eea6 - - default default] delete failed (client error): The resource could not be found.
2026-05-09 18:05:22.305 9 INFO neutron.wsgi [None req-7a0f88bd-f2ef-4b89-b640-e98444e9e32a 6ad495bfe1db448a90e3b25ac6f32a2f 18fbc354f13e49059802e084b629eea6 - - default default] 10.0.0.132 "DELETE /v2.0/security-groups/21c541fc-f227-4ac2-aec1-d0ab60bebb07/tags/green HTTP/1.1" status: 404 len: 299 time: 0.0216985
2026-05-09 18:05:22.341 9 INFO neutron.wsgi [None req-66a5d98d-b137-430f-b335-801ed13f1f04 6ad495bfe1db448a90e3b25ac6f32a2f 18fbc354f13e49059802e084b629eea6 - - default default] 10.0.0.132 "DELETE /v2.0/security-groups/21c541fc-f227-4ac2-aec1-d0ab60bebb07/tags HTTP/1.1" status: 204 len: 168 time: 0.0305107
2026-05-09 18:05:22.364 9 INFO neutron.wsgi [None req-59c7c6da-ad5d-45ed-9935-1d528e361c91 6ad495bfe1db448a90e3b25ac6f32a2f 18fbc354f13e49059802e084b629eea6 - - default default] 10.0.0.132 "GET /v2.0/security-groups/21c541fc-f227-4ac2-aec1-d0ab60bebb07/tags HTTP/1.1" status: 200 len: 205 time: 0.0183308
2026-05-09 18:05:22.502 9 INFO neutron.wsgi [None req-02f88aa8-561e-467c-8a62-490ca886a0ef 6ad495bfe1db448a90e3b25ac6f32a2f 18fbc354f13e49059802e084b629eea6 - - default default] 10.0.0.132 "DELETE /v2.0/security-groups/21c541fc-f227-4ac2-aec1-d0ab60bebb07 HTTP/1.1" status: 204 len: 168 time: 0.1240070
2026-05-09 18:05:23.526 9 INFO neutron.db.ovn_revision_numbers_db [None req-b97be577-0ff4-41cd-b921-bc5e5fa319db d00cc3ab3a484fe79bff78e836f15b19 1eb91f905ae040f1adf2e676920ce475 - - default default] Successfully bumped revision number for resource 7b2c7d1a-df2f-49c3-8571-0d6da396fc73 (type: security_groups) to 1
2026-05-09 18:05:23.539 9 INFO neutron.db.ovn_revision_numbers_db [None req-b97be577-0ff4-41cd-b921-bc5e5fa319db d00cc3ab3a484fe79bff78e836f15b19 1eb91f905ae040f1adf2e676920ce475 - - default default] Successfully bumped revision number for resource 5d69dd91-5e40-49a6-afb0-b9bb3d0e14e4 (type: security_group_rules) to 0
2026-05-09 18:05:23.551 9 INFO neutron.db.ovn_revision_numbers_db [None req-b97be577-0ff4-41cd-b921-bc5e5fa319db d00cc3ab3a484fe79bff78e836f15b19 1eb91f905ae040f1adf2e676920ce475 - - default default] Successfully bumped revision number for resource 818dbf56-a0cd-4181-9b0a-3517cef8c4ca (type: security_group_rules) to 0
