2026-05-09 18:01:45.932 9 INFO neutron.wsgi [None req-fe7dd4c6-9bb2-4bd7-8a83-642cc874a1bd d00cc3ab3a484fe79bff78e836f15b19 1eb91f905ae040f1adf2e676920ce475 - - default default] 10.0.0.132 "GET /v2.0/security-groups?tenant_id=1088fe2d77eb461a93ba1c862d0b0f2a&name=default HTTP/1.1" status: 200 len: 2996 time: 0.1932571
2026-05-09 18:01:46.116 9 INFO neutron.wsgi [None req-9b6809eb-95f6-4880-870c-72ea12141a39 d00cc3ab3a484fe79bff78e836f15b19 1eb91f905ae040f1adf2e676920ce475 - - default default] 10.0.0.132 "DELETE /v2.0/security-groups/1b3e4536-8d79-4512-b479-1ede0b7e7e1d HTTP/1.1" status: 204 len: 168 time: 0.1790886
2026-05-09 18:01:46.218 10 INFO neutron.wsgi [req-c5bca1cc-0f0e-4c6a-af7a-bd18dbe4490c req-8a5cf9d1-2a17-4188-81a4-3b9360448c13 fd79403812514673a7641dc6f623d32e fe51dbaf692e4db980c9b59f85e17da2 - - default default] 10.0.0.48 "GET /v2.0/ports?device_id=b13bdc17-22d9-479f-9232-0b2df060ea79 HTTP/1.1" status: 200 len: 1168 time: 0.0426536
2026-05-09 18:01:46.262 10 INFO neutron.wsgi [req-c5bca1cc-0f0e-4c6a-af7a-bd18dbe4490c req-0047b0e5-065f-46d8-b183-efb983a6f8d6 fd79403812514673a7641dc6f623d32e fe51dbaf692e4db980c9b59f85e17da2 - - default default] 10.0.0.48 "GET /v2.0/security-groups?id=395281a0-fe8f-4749-9dbb-9d3571705d78&fields=id&fields=name HTTP/1.1" status: 200 len: 312 time: 0.0366259
2026-05-09 18:01:46.548 10 INFO neutron.db.ovn_revision_numbers_db [None req-b21ba78d-7dec-4b01-8a82-978fb38426dc d00cc3ab3a484fe79bff78e836f15b19 1eb91f905ae040f1adf2e676920ce475 - - default default] Successfully bumped revision number for resource a171fdc0-7273-4bdc-a885-e4cf7136e9a3 (type: security_groups) to 1
2026-05-09 18:01:46.563 10 INFO neutron.db.ovn_revision_numbers_db [None req-b21ba78d-7dec-4b01-8a82-978fb38426dc d00cc3ab3a484fe79bff78e836f15b19 1eb91f905ae040f1adf2e676920ce475 - - default default] Successfully bumped revision number for resource 0c0e235b-bc83-4420-9349-ac9e17b44640 (type: security_group_rules) to 0
2026-05-09 18:01:46.577 10 INFO neutron.db.ovn_revision_numbers_db [None req-b21ba78d-7dec-4b01-8a82-978fb38426dc d00cc3ab3a484fe79bff78e836f15b19 1eb91f905ae040f1adf2e676920ce475 - - default default] Successfully bumped revision number for resource 70d9d14f-e6f1-4419-b8f5-f2313726111b (type: security_group_rules) to 0
2026-05-09 18:01:46.595 10 INFO neutron.db.ovn_revision_numbers_db [None req-b21ba78d-7dec-4b01-8a82-978fb38426dc d00cc3ab3a484fe79bff78e836f15b19 1eb91f905ae040f1adf2e676920ce475 - - default default] Successfully bumped revision number for resource 84fcefe0-719a-4705-b4c4-0f271f3cd3c0 (type: security_group_rules) to 0
2026-05-09 18:01:46.618 10 INFO neutron.db.ovn_revision_numbers_db [None req-b21ba78d-7dec-4b01-8a82-978fb38426dc d00cc3ab3a484fe79bff78e836f15b19 1eb91f905ae040f1adf2e676920ce475 - - default default] Successfully bumped revision number for resource 98ae1435-029f-47e4-8d96-a0e2c4dbb480 (type: security_group_rules) to 0
2026-05-09 18:01:46.641 10 INFO neutron.wsgi [None req-b21ba78d-7dec-4b01-8a82-978fb38426dc d00cc3ab3a484fe79bff78e836f15b19 1eb91f905ae040f1adf2e676920ce475 - - default default] 10.0.0.132 "GET /v2.0/security-groups?tenant_id=48a5a7de75384289960967fcf86f92d9&name=default HTTP/1.1" status: 200 len: 2996 time: 0.4747484
2026-05-09 18:01:46.819 10 INFO neutron.wsgi [None req-ba3de26e-d177-4021-b60c-f3b272874c03 d00cc3ab3a484fe79bff78e836f15b19 1eb91f905ae040f1adf2e676920ce475 - - default default] 10.0.0.132 "DELETE /v2.0/security-groups/a171fdc0-7273-4bdc-a885-e4cf7136e9a3 HTTP/1.1" status: 204 len: 168 time: 0.1739297
2026-05-09 18:01:46.950 10 WARNING neutron.plugins.ml2.drivers.ovn.mech_driver.ovsdb.ovn_client [None req-3a66b626-de94-4ee7-9057-743e014c3839 - - - - - -] No hosting information found for port 2158c761-cefc-4a9e-9232-b1d6ec460d18: RuntimeError: No hosting information found for port 2158c761-cefc-4a9e-9232-b1d6ec460d18
2026-05-09 18:01:46.972 10 INFO neutron.plugins.ml2.drivers.ovn.mech_driver.mech_driver [None req-3a66b626-de94-4ee7-9057-743e014c3839 - - - - - -] OVN reports status up for port: 4daeaa90-0b21-4575-a24e-9fd08dd37dc5
2026-05-09 18:01:46.988 10 INFO neutron.plugins.ml2.plugin [None req-3a66b626-de94-4ee7-9057-743e014c3839 - - - - - -] Attempt 1 to provision port 4daeaa90-0b21-4575-a24e-9fd08dd37dc5
2026-05-09 18:01:47.093 10 INFO neutron.db.ovn_revision_numbers_db [None req-b312b2fb-9987-473a-8b1e-b6d611b256df d00cc3ab3a484fe79bff78e836f15b19 1eb91f905ae040f1adf2e676920ce475 - - default default] Successfully bumped revision number for resource f63f807f-b500-4082-8a99-6cd08f1eed75 (type: security_groups) to 1
2026-05-09 18:01:47.127 10 INFO neutron.db.ovn_revision_numbers_db [None req-b312b2fb-9987-473a-8b1e-b6d611b256df d00cc3ab3a484fe79bff78e836f15b19 1eb91f905ae040f1adf2e676920ce475 - - default default] Successfully bumped revision number for resource 12d592d2-1e1d-4f08-855d-58b0043b2033 (type: security_group_rules) to 0
2026-05-09 18:01:47.142 10 INFO neutron.notifiers.nova [-] Nova event matching ['req-1c81a53f-3467-40c6-ace6-068e43149b4e'] response: {'server_uuid': 'b13bdc17-22d9-479f-9232-0b2df060ea79', 'name': 'network-vif-plugged', 'status': 'completed', 'tag': '4daeaa90-0b21-4575-a24e-9fd08dd37dc5', 'code': 200}
2026-05-09 18:01:47.175 10 INFO neutron.db.ovn_revision_numbers_db [None req-b312b2fb-9987-473a-8b1e-b6d611b256df d00cc3ab3a484fe79bff78e836f15b19 1eb91f905ae040f1adf2e676920ce475 - - default default] Successfully bumped revision number for resource 4879d2e2-50ab-4f57-bc76-9c1fd70dfa55 (type: security_group_rules) to 0
2026-05-09 18:01:47.197 10 INFO neutron.db.ovn_revision_numbers_db [None req-b312b2fb-9987-473a-8b1e-b6d611b256df d00cc3ab3a484fe79bff78e836f15b19 1eb91f905ae040f1adf2e676920ce475 - - default default] Successfully bumped revision number for resource 7098f3b2-bd72-4bff-ada2-6f581ff70263 (type: security_group_rules) to 0
2026-05-09 18:01:47.220 10 INFO neutron.db.ovn_revision_numbers_db [None req-b312b2fb-9987-473a-8b1e-b6d611b256df d00cc3ab3a484fe79bff78e836f15b19 1eb91f905ae040f1adf2e676920ce475 - - default default] Successfully bumped revision number for resource 8cdfc25e-cd9f-473a-a10f-52103278fcdc (type: security_group_rules) to 0
2026-05-09 18:01:47.254 10 INFO neutron.wsgi [None req-b312b2fb-9987-473a-8b1e-b6d611b256df d00cc3ab3a484fe79bff78e836f15b19 1eb91f905ae040f1adf2e676920ce475 - - default default] 10.0.0.132 "GET /v2.0/security-groups?tenant_id=4090ce0050c44cf0a32b67f24b5fccfa&name=default HTTP/1.1" status: 200 len: 2996 time: 0.3349500 /var/lib/openstack/lib/python3.10/site-packages/pycadf/identifier.py:71: UserWarning: Invalid uuid: neutron. To ensure interoperability, identifiers should be a valid uuid. warnings.warn(('Invalid uuid: %s. To ensure interoperability, '
2026-05-09 18:01:47.414 10 INFO neutron.db.ovn_revision_numbers_db [None req-3a66b626-de94-4ee7-9057-743e014c3839 - - - - - -] Successfully bumped revision number for resource 4daeaa90-0b21-4575-a24e-9fd08dd37dc5 (type: ports) to 4
2026-05-09 18:01:47.463 10 INFO neutron.wsgi [req-631a5a65-47db-4a3e-bcff-07349e79a35f req-229fb5b3-012b-4a2c-8625-b53929d57c82 fd79403812514673a7641dc6f623d32e fe51dbaf692e4db980c9b59f85e17da2 - - default default] 10.0.0.48 "GET /v2.0/ports?device_id=b13bdc17-22d9-479f-9232-0b2df060ea79 HTTP/1.1" status: 200 len: 1170 time: 0.1280510 /var/lib/openstack/lib/python3.10/site-packages/pycadf/identifier.py:71: UserWarning: Invalid uuid: neutron. To ensure interoperability, identifiers should be a valid uuid. warnings.warn(('Invalid uuid: %s. To ensure interoperability, '
2026-05-09 18:01:47.533 9 INFO neutron.wsgi [None req-7da7c640-d9eb-4fb0-b64f-dd6500a929c8 d00cc3ab3a484fe79bff78e836f15b19 1eb91f905ae040f1adf2e676920ce475 - - default default] 10.0.0.132 "DELETE /v2.0/security-groups/f63f807f-b500-4082-8a99-6cd08f1eed75 HTTP/1.1" status: 204 len: 168 time: 0.2721047
2026-05-09 18:01:47.560 10 INFO neutron.wsgi [req-631a5a65-47db-4a3e-bcff-07349e79a35f req-7c3de4d9-2429-4712-8fea-d64eacdca9dd fd79403812514673a7641dc6f623d32e fe51dbaf692e4db980c9b59f85e17da2 - - default default] 10.0.0.48 "GET /v2.0/security-groups?id=395281a0-fe8f-4749-9dbb-9d3571705d78&fields=id&fields=name HTTP/1.1" status: 200 len: 312 time: 0.0871382 /var/lib/openstack/lib/python3.10/site-packages/pycadf/identifier.py:71: UserWarning: Invalid uuid: neutron. To ensure interoperability, identifiers should be a valid uuid. warnings.warn(('Invalid uuid: %s. To ensure interoperability, '
2026-05-09 18:01:48.675 10 INFO neutron.wsgi [req-ac769755-f526-4c12-9911-54252a034276 req-35a24c66-6e88-430a-84d4-8265b9462069 fd79403812514673a7641dc6f623d32e fe51dbaf692e4db980c9b59f85e17da2 - - default default] 10.0.0.48 "GET /v2.0/ports?device_id=b13bdc17-22d9-479f-9232-0b2df060ea79 HTTP/1.1" status: 200 len: 1170 time: 0.0397139
2026-05-09 18:01:48.722 10 INFO neutron.wsgi [req-ac769755-f526-4c12-9911-54252a034276 req-aedfd53f-9271-4f7e-81aa-d3aba705cabd fd79403812514673a7641dc6f623d32e fe51dbaf692e4db980c9b59f85e17da2 - - default default] 10.0.0.48 "GET /v2.0/security-groups?id=395281a0-fe8f-4749-9dbb-9d3571705d78&fields=id&fields=name HTTP/1.1" status: 200 len: 312 time: 0.0385516
2026-05-09 18:01:48.783 10 INFO neutron.db.ovn_revision_numbers_db [None req-30a2d7d2-4200-41a3-84e1-0acdec8ede02 d00cc3ab3a484fe79bff78e836f15b19 1eb91f905ae040f1adf2e676920ce475 - - default default] Successfully bumped revision number for resource a4e70fdb-93f5-4d03-8e2c-83545b4703dc (type: security_groups) to 1
2026-05-09 18:01:48.801 10 INFO neutron.db.ovn_revision_numbers_db [None req-30a2d7d2-4200-41a3-84e1-0acdec8ede02 d00cc3ab3a484fe79bff78e836f15b19 1eb91f905ae040f1adf2e676920ce475 - - default default] Successfully bumped revision number for resource 1483c0c3-c537-49ec-bd7f-ee3c490faa69 (type: security_group_rules) to 0
2026-05-09 18:01:48.824 10 INFO neutron.wsgi [req-f7667e69-9891-4691-9874-2c1ce3c8760a req-b3b70855-967f-414f-a0f8-fbaf7ace1ddc fd79403812514673a7641dc6f623d32e fe51dbaf692e4db980c9b59f85e17da2 - - default default] 10.0.0.48 "GET /v2.0/ports?device_id=b13bdc17-22d9-479f-9232-0b2df060ea79 HTTP/1.1" status: 200 len: 1170 time: 0.0321472
2026-05-09 18:01:48.825 10 INFO neutron.db.ovn_revision_numbers_db [None req-30a2d7d2-4200-41a3-84e1-0acdec8ede02 d00cc3ab3a484fe79bff78e836f15b19 1eb91f905ae040f1adf2e676920ce475 - - default default] Successfully bumped revision number for resource 885e4a51-d2f8-454d-afa4-58d00a5ac35b (type: security_group_rules) to 0
2026-05-09 18:01:48.838 10 INFO neutron.db.ovn_revision_numbers_db [None req-30a2d7d2-4200-41a3-84e1-0acdec8ede02 d00cc3ab3a484fe79bff78e836f15b19 1eb91f905ae040f1adf2e676920ce475 - - default default] Successfully bumped revision number for resource bc91f789-b12f-4a35-add5-f9a3c1dae76a (type: security_group_rules) to 0
2026-05-09 18:01:48.868 10 INFO neutron.db.ovn_revision_numbers_db [None req-30a2d7d2-4200-41a3-84e1-0acdec8ede02 d00cc3ab3a484fe79bff78e836f15b19 1eb91f905ae040f1adf2e676920ce475 - - default default] Successfully bumped revision number for resource e23055ca-1f3b-4b88-95ac-c8024d34cd8f (type: security_group_rules) to 0
2026-05-09 18:01:48.893 10 INFO neutron.wsgi [None req-30a2d7d2-4200-41a3-84e1-0acdec8ede02 d00cc3ab3a484fe79bff78e836f15b19 1eb91f905ae040f1adf2e676920ce475 - - default default] 10.0.0.132 "GET /v2.0/security-groups?tenant_id=4f2580d7c66f414587d5a0f3a63e077f&name=default HTTP/1.1" status: 200 len: 2996 time: 0.3781846
2026-05-09 18:01:49.100 10 INFO neutron.wsgi [None req-d11af82d-c112-47fc-b39a-c59444f311ae d00cc3ab3a484fe79bff78e836f15b19 1eb91f905ae040f1adf2e676920ce475 - - default default] 10.0.0.132 "DELETE /v2.0/security-groups/a4e70fdb-93f5-4d03-8e2c-83545b4703dc HTTP/1.1" status: 204 len: 168 time: 0.2017066
2026-05-09 18:01:49.121 9 INFO neutron.db.l3_db [None req-1b83ddb9-580d-4ab2-9156-d3cbc92333b3 fd79403812514673a7641dc6f623d32e fe51dbaf692e4db980c9b59f85e17da2 - - default default] Floating IP 4d27b670-4ad8-4cfa-a53b-34b54bed2b79 associated. External IP: 10.96.250.211, port: 4daeaa90-0b21-4575-a24e-9fd08dd37dc5.
2026-05-09 18:01:49.182 10 INFO neutron.notifiers.nova [-] Nova event matching ['req-e8a53730-bf36-4740-8a51-6af989999fa3'] response: {'server_uuid': 'b13bdc17-22d9-479f-9232-0b2df060ea79', 'name': 'network-vif-plugged', 'status': 'completed', 'tag': '4daeaa90-0b21-4575-a24e-9fd08dd37dc5', 'code': 200}
2026-05-09 18:01:49.544 9 INFO neutron.db.ovn_revision_numbers_db [None req-1b83ddb9-580d-4ab2-9156-d3cbc92333b3 fd79403812514673a7641dc6f623d32e fe51dbaf692e4db980c9b59f85e17da2 - - default default] Successfully bumped revision number for resource 4d27b670-4ad8-4cfa-a53b-34b54bed2b79 (type: floatingips) to 1
2026-05-09 18:01:49.663 9 INFO neutron.db.ovn_revision_numbers_db [None req-1b83ddb9-580d-4ab2-9156-d3cbc92333b3 fd79403812514673a7641dc6f623d32e fe51dbaf692e4db980c9b59f85e17da2 - - default default] Successfully bumped revision number for resource 4d27b670-4ad8-4cfa-a53b-34b54bed2b79 (type: floatingips) to 2
2026-05-09 18:01:49.690 9 INFO neutron.wsgi [None req-1b83ddb9-580d-4ab2-9156-d3cbc92333b3 fd79403812514673a7641dc6f623d32e fe51dbaf692e4db980c9b59f85e17da2 - - default default] 10.0.0.132 "PUT /v2.0/floatingips/4d27b670-4ad8-4cfa-a53b-34b54bed2b79 HTTP/1.1" status: 200 len: 1049 time: 0.8540573
2026-05-09 18:01:49.725 9 INFO neutron.notifiers.nova [-] Nova event matching ['req-619d596d-0e31-45f6-a447-76df79119e62'] response: {'name': 'network-changed', 'server_uuid': 'b13bdc17-22d9-479f-9232-0b2df060ea79', 'tag': '4daeaa90-0b21-4575-a24e-9fd08dd37dc5', 'status': 'completed', 'code': 200} /var/lib/openstack/lib/python3.10/site-packages/pycadf/identifier.py:71: UserWarning: Invalid uuid: neutron. To ensure interoperability, identifiers should be a valid uuid. warnings.warn(('Invalid uuid: %s. To ensure interoperability, '
2026-05-09 18:01:49.778 9 INFO neutron.wsgi [req-fb6aeacd-a375-4581-a552-3bf365b76f4e req-7f321af7-2777-46fa-b876-13c3af3f1a22 3785aea7e1f640a7b2d99b26c57eedaa 0cae20e70bcd468f84bad8d4fc779003 - - 6450f0b6ed4541389d231ead7c59a18a 6450f0b6ed4541389d231ead7c59a18a] 199.204.45.227 "GET /v2.0/ports?tenant_id=fe51dbaf692e4db980c9b59f85e17da2&device_id=b13bdc17-22d9-479f-9232-0b2df060ea79 HTTP/1.1" status: 200 len: 1409 time: 0.0342476
2026-05-09 18:01:49.783 10 INFO neutron.wsgi [req-7c531fcd-d74e-4ce8-b693-aac04fadb9fb req-7eb89bb6-067c-4c28-bea8-054014ddeb5c fd79403812514673a7641dc6f623d32e fe51dbaf692e4db980c9b59f85e17da2 - - default default] 10.0.0.48 "GET /v2.0/ports?device_id=b13bdc17-22d9-479f-9232-0b2df060ea79 HTTP/1.1" status: 200 len: 1170 time: 0.0443926
2026-05-09 18:01:49.828 10 INFO neutron.wsgi [req-7c531fcd-d74e-4ce8-b693-aac04fadb9fb req-317fa0a2-5138-416b-89e0-990e61457e89 fd79403812514673a7641dc6f623d32e fe51dbaf692e4db980c9b59f85e17da2 - - default default] 10.0.0.48 "GET /v2.0/security-groups?id=395281a0-fe8f-4749-9dbb-9d3571705d78&fields=id&fields=name HTTP/1.1" status: 200 len: 312 time: 0.0375321
2026-05-09 18:01:49.844 9 INFO neutron.wsgi [req-fb6aeacd-a375-4581-a552-3bf365b76f4e req-1dc603b3-ad65-4e8f-b76e-55d1845fe666 3785aea7e1f640a7b2d99b26c57eedaa 0cae20e70bcd468f84bad8d4fc779003 - - 6450f0b6ed4541389d231ead7c59a18a 6450f0b6ed4541389d231ead7c59a18a] 199.204.45.227 "GET /v2.0/networks?id=4d11d09b-e59a-4098-aaef-cbb9440b21ee HTTP/1.1" status: 200 len: 968 time: 0.0589633
2026-05-09 18:01:49.912 9 INFO neutron.wsgi [req-fb6aeacd-a375-4581-a552-3bf365b76f4e req-026453a6-ebd4-4a4f-ac54-e83377ad8bac 3785aea7e1f640a7b2d99b26c57eedaa 0cae20e70bcd468f84bad8d4fc779003 - - 6450f0b6ed4541389d231ead7c59a18a 6450f0b6ed4541389d231ead7c59a18a] 199.204.45.227 "GET /v2.0/floatingips?fixed_ip_address=10.100.0.3&port_id=4daeaa90-0b21-4575-a24e-9fd08dd37dc5 HTTP/1.1" status: 200 len: 1059 time: 0.0604510
2026-05-09 18:01:49.959 9 INFO neutron.wsgi [req-fb6aeacd-a375-4581-a552-3bf365b76f4e req-20b83a94-ccff-433a-8203-25290a23be29 3785aea7e1f640a7b2d99b26c57eedaa 0cae20e70bcd468f84bad8d4fc779003 - - 6450f0b6ed4541389d231ead7c59a18a 6450f0b6ed4541389d231ead7c59a18a] 199.204.45.227 "GET /v2.0/subnets?id=006b03eb-8b87-46ba-8d51-f5c329941f09 HTTP/1.1" status: 200 len: 863 time: 0.0374758
2026-05-09 18:01:49.985 9 INFO neutron.wsgi [req-fb6aeacd-a375-4581-a552-3bf365b76f4e req-379c4bc3-6d40-465d-baec-e18ebd348df9 3785aea7e1f640a7b2d99b26c57eedaa 0cae20e70bcd468f84bad8d4fc779003 - - 6450f0b6ed4541389d231ead7c59a18a 6450f0b6ed4541389d231ead7c59a18a] 199.204.45.227 "GET /v2.0/ports?network_id=4d11d09b-e59a-4098-aaef-cbb9440b21ee&device_owner=network%3Adhcp HTTP/1.1" status: 200 len: 210 time: 0.0179744
2026-05-09 18:01:50.057 9 INFO neutron.wsgi [req-fb6aeacd-a375-4581-a552-3bf365b76f4e req-af48d159-e761-4aa4-ba96-59cfea21638c 3785aea7e1f640a7b2d99b26c57eedaa 0cae20e70bcd468f84bad8d4fc779003 - - 6450f0b6ed4541389d231ead7c59a18a 6450f0b6ed4541389d231ead7c59a18a] 199.204.45.227 "GET /v2.0/networks/4d11d09b-e59a-4098-aaef-cbb9440b21ee?fields=segments HTTP/1.1" status: 200 len: 212 time: 0.0637536
2026-05-09 18:01:50.120 9 INFO neutron.wsgi [req-fb6aeacd-a375-4581-a552-3bf365b76f4e req-29378669-d5e0-43db-a44d-653ccd6ccc65 3785aea7e1f640a7b2d99b26c57eedaa 0cae20e70bcd468f84bad8d4fc779003 - - 6450f0b6ed4541389d231ead7c59a18a 6450f0b6ed4541389d231ead7c59a18a] 199.204.45.227 "GET /v2.0/networks/4d11d09b-e59a-4098-aaef-cbb9440b21ee?fields=provider%3Aphysical_network&fields=provider%3Anetwork_type HTTP/1.1" status: 200 len: 277 time: 0.0568483
2026-05-09 18:01:50.128 10 INFO neutron.plugins.ml2.drivers.ovn.mech_driver.mech_driver [None req-3a66b626-de94-4ee7-9057-743e014c3839 - - - - - -] OVN reports status down for port: 4daeaa90-0b21-4575-a24e-9fd08dd37dc5
2026-05-09 18:01:50.148 10 INFO neutron.wsgi [req-4668e6dc-1b60-422a-83d3-8018975f8777 req-58cde822-e188-4bf2-b02a-0de60b6a857f fd79403812514673a7641dc6f623d32e fe51dbaf692e4db980c9b59f85e17da2 - - default default] 10.0.0.48 "GET /v2.0/ports?device_id=b13bdc17-22d9-479f-9232-0b2df060ea79 HTTP/1.1" status: 200 len: 1170 time: 0.0641298
2026-05-09 18:01:50.216 10 INFO neutron.wsgi [req-4668e6dc-1b60-422a-83d3-8018975f8777 req-0ae76572-45c4-46b6-aaa2-24e923854c38 fd79403812514673a7641dc6f623d32e fe51dbaf692e4db980c9b59f85e17da2 - - default default] 10.0.0.48 "GET /v2.0/security-groups?id=395281a0-fe8f-4749-9dbb-9d3571705d78&fields=id&fields=name HTTP/1.1" status: 200 len: 312 time: 0.0602374
2026-05-09 18:01:50.517 10 INFO neutron.db.ovn_revision_numbers_db [None req-3a66b626-de94-4ee7-9057-743e014c3839 - - - - - -] Successfully bumped revision number for resource 4daeaa90-0b21-4575-a24e-9fd08dd37dc5 (type: ports) to 5
2026-05-09 18:01:50.522 9 INFO neutron.wsgi [req-8c894bb2-a137-4083-91e8-d7ca8ab6d154 req-ea9d923a-b4b5-4616-bc12-d19e5b942f6e fd79403812514673a7641dc6f623d32e fe51dbaf692e4db980c9b59f85e17da2 - - default default] 199.204.45.227 "GET /v2.0/ports?device_id=b13bdc17-22d9-479f-9232-0b2df060ea79 HTTP/1.1" status: 200 len: 1168 time: 0.1072311
2026-05-09 18:01:50.805 9 INFO neutron.db.l3_db [req-8c894bb2-a137-4083-91e8-d7ca8ab6d154 req-d0b85379-bef9-48df-a8c2-4c88344ba99a fd79403812514673a7641dc6f623d32e fe51dbaf692e4db980c9b59f85e17da2 - - default default] Floating IP 4d27b670-4ad8-4cfa-a53b-34b54bed2b79 disassociated. External IP: 10.96.250.211, port: 4daeaa90-0b21-4575-a24e-9fd08dd37dc5.
2026-05-09 18:01:51.017 9 INFO neutron.wsgi [req-8c894bb2-a137-4083-91e8-d7ca8ab6d154 req-d0b85379-bef9-48df-a8c2-4c88344ba99a fd79403812514673a7641dc6f623d32e fe51dbaf692e4db980c9b59f85e17da2 - - default default] 199.204.45.227 "DELETE /v2.0/ports/4daeaa90-0b21-4575-a24e-9fd08dd37dc5 HTTP/1.1" status: 204 len: 173 time: 0.4887238 /var/lib/openstack/lib/python3.10/site-packages/pycadf/identifier.py:71: UserWarning: Invalid uuid: neutron. To ensure interoperability, identifiers should be a valid uuid. warnings.warn(('Invalid uuid: %s. To ensure interoperability, '
2026-05-09 18:01:51.239 10 INFO neutron.notifiers.nova [-] Nova event matching ['req-ac1ac5c0-3734-4f33-9b4f-910534ac4b54'] response: {'server_uuid': 'b13bdc17-22d9-479f-9232-0b2df060ea79', 'name': 'network-vif-unplugged', 'status': 'completed', 'tag': '4daeaa90-0b21-4575-a24e-9fd08dd37dc5', 'code': 200}
2026-05-09 18:01:51.240 10 INFO neutron.notifiers.nova [-] Nova event matching ['req-ac1ac5c0-3734-4f33-9b4f-910534ac4b54'] response: {'server_uuid': 'b13bdc17-22d9-479f-9232-0b2df060ea79', 'name': 'network-vif-plugged', 'status': 'completed', 'tag': '4daeaa90-0b21-4575-a24e-9fd08dd37dc5', 'code': 200}
2026-05-09 18:01:51.311 10 INFO neutron.wsgi [req-30153840-28e5-4c81-931b-002c5d550d64 req-215e07bc-385a-4f41-9b76-2eb0452412f9 fd79403812514673a7641dc6f623d32e fe51dbaf692e4db980c9b59f85e17da2 - - default default] 10.0.0.48 "GET /v2.0/ports?device_id=b13bdc17-22d9-479f-9232-0b2df060ea79 HTTP/1.1" status: 200 len: 210 time: 0.0226121
2026-05-09 18:01:51.357 10 INFO neutron.db.ovn_revision_numbers_db [None req-b85ec612-e768-4817-9609-6b3b11bde64c 95acb925dee84f198bc68f8dd4650865 a5c6e6fc1ad740ec9898b34ae0adc047 - - default default] Successfully bumped revision number for resource cfa191ff-bb94-4178-80a8-bc499e6c0e8d (type: security_groups) to 1
2026-05-09 18:01:51.372 10 INFO neutron.db.ovn_revision_numbers_db [None req-b85ec612-e768-4817-9609-6b3b11bde64c 95acb925dee84f198bc68f8dd4650865 a5c6e6fc1ad740ec9898b34ae0adc047 - - default default] Successfully bumped revision number for resource 003fe930-6809-40a2-8b15-c39ed85b9559 (type: security_group_rules) to 0
2026-05-09 18:01:51.386 10 INFO neutron.db.ovn_revision_numbers_db [None req-b85ec612-e768-4817-9609-6b3b11bde64c 95acb925dee84f198bc68f8dd4650865 a5c6e6fc1ad740ec9898b34ae0adc047 - - default default] Successfully bumped revision number for resource e7eac111-be7d-413d-a006-f62dfa7113dd (type: security_group_rules) to 0
2026-05-09 18:01:51.401 10 INFO neutron.db.ovn_revision_numbers_db [None req-b85ec612-e768-4817-9609-6b3b11bde64c 95acb925dee84f198bc68f8dd4650865 a5c6e6fc1ad740ec9898b34ae0adc047 - - default default] Successfully bumped revision number for resource eb0dfaf0-d4ed-4ebd-866c-bad73161aa8d (type: security_group_rules) to 0
2026-05-09 18:01:51.416 10 INFO neutron.db.ovn_revision_numbers_db [None req-b85ec612-e768-4817-9609-6b3b11bde64c 95acb925dee84f198bc68f8dd4650865 a5c6e6fc1ad740ec9898b34ae0adc047 - - default default] Successfully bumped revision number for resource f805c6ec-1998-4467-ab9c-0d0e29d3d485 (type: security_group_rules) to 0
2026-05-09 18:01:51.482 10 INFO neutron.db.segments_db [None req-b85ec612-e768-4817-9609-6b3b11bde64c 95acb925dee84f198bc68f8dd4650865 a5c6e6fc1ad740ec9898b34ae0adc047 - - default default] Added segment 00611c4a-baa0-471d-9190-758d20e21a0b of type geneve for network c6db8a52-5e0d-4a28-9c18-02409eb5e7ae
2026-05-09 18:01:51.667 10 INFO neutron.db.ovn_revision_numbers_db [None req-b85ec612-e768-4817-9609-6b3b11bde64c 95acb925dee84f198bc68f8dd4650865 a5c6e6fc1ad740ec9898b34ae0adc047 - - default default] Successfully bumped revision number for resource c6db8a52-5e0d-4a28-9c18-02409eb5e7ae (type: networks) to 1
2026-05-09 18:01:51.765 9 INFO neutron.notifiers.nova [-] Nova event matching ['req-d3599619-3ac4-4112-8bee-f1997f620b78'] response: {'server_uuid': 'b13bdc17-22d9-479f-9232-0b2df060ea79', 'name': 'network-vif-deleted', 'tag': '4daeaa90-0b21-4575-a24e-9fd08dd37dc5', 'status': 'completed', 'code': 200}
2026-05-09 18:01:51.965 9 INFO neutron.db.ovn_revision_numbers_db [None req-a122e6af-352d-4f3b-a3d4-69cfda9f7c3d d00cc3ab3a484fe79bff78e836f15b19 1eb91f905ae040f1adf2e676920ce475 - - default default] Successfully bumped revision number for resource 0d347e6e-7056-4697-a373-2f5521482c95 (type: security_groups) to 1
2026-05-09 18:01:51.979 9 INFO neutron.db.ovn_revision_numbers_db [None req-a122e6af-352d-4f3b-a3d4-69cfda9f7c3d d00cc3ab3a484fe79bff78e836f15b19 1eb91f905ae040f1adf2e676920ce475 - - default default] Successfully bumped revision number for resource 13e4c56f-25c6-4ae1-b26d-1f995b9ea473 (type: security_group_rules) to 0
2026-05-09 18:01:51.995 9 INFO neutron.db.ovn_revision_numbers_db [None req-a122e6af-352d-4f3b-a3d4-69cfda9f7c3d d00cc3ab3a484fe79bff78e836f15b19 1eb91f905ae040f1adf2e676920ce475 - - default default] Successfully bumped revision number for resource 49e996c8-5a1b-4442-bce1-8e1e1ff3f043 (type: security_group_rules) to 0
2026-05-09 18:01:52.015 9 INFO neutron.db.ovn_revision_numbers_db [None req-a122e6af-352d-4f3b-a3d4-69cfda9f7c3d d00cc3ab3a484fe79bff78e836f15b19 1eb91f905ae040f1adf2e676920ce475 - - default default] Successfully bumped revision number for resource 6fbc3ace-0d9b-46b2-911e-5faf6471689c (type: security_group_rules) to 0
2026-05-09 18:01:52.029 9 INFO neutron.db.ovn_revision_numbers_db [None req-a122e6af-352d-4f3b-a3d4-69cfda9f7c3d d00cc3ab3a484fe79bff78e836f15b19 1eb91f905ae040f1adf2e676920ce475 - - default default] Successfully bumped revision number for resource d8464030-136d-4bb4-9be2-9364d42310a2 (type: security_group_rules) to 0
2026-05-09 18:01:52.031 10 WARNING neutron.scheduler.dhcp_agent_scheduler [None req-b85ec612-e768-4817-9609-6b3b11bde64c 95acb925dee84f198bc68f8dd4650865 a5c6e6fc1ad740ec9898b34ae0adc047 - - default default] No more DHCP agents
2026-05-09 18:01:52.033 10 WARNING neutron.api.rpc.agentnotifiers.dhcp_rpc_agent_api [None req-b85ec612-e768-4817-9609-6b3b11bde64c 95acb925dee84f198bc68f8dd4650865 a5c6e6fc1ad740ec9898b34ae0adc047 - - default default] Unable to schedule network c6db8a52-5e0d-4a28-9c18-02409eb5e7ae: no agents available; will retry on subsequent port and subnet creation events.
2026-05-09 18:01:52.054 9 INFO neutron.wsgi [None req-a122e6af-352d-4f3b-a3d4-69cfda9f7c3d d00cc3ab3a484fe79bff78e836f15b19 1eb91f905ae040f1adf2e676920ce475 - - default default] 10.0.0.132 "GET /v2.0/security-groups?tenant_id=f85e3811856949c09456dc0f85850652&name=default HTTP/1.1" status: 200 len: 2996 time: 0.3111231
2026-05-09 18:01:52.105 10 INFO neutron.db.ovn_revision_numbers_db [None req-b85ec612-e768-4817-9609-6b3b11bde64c 95acb925dee84f198bc68f8dd4650865 a5c6e6fc1ad740ec9898b34ae0adc047 - - default default] Successfully bumped revision number for resource 9d9ed9b2-961b-4e9e-bb63-ee18a77ccaf1 (type: ports) to 1
2026-05-09 18:01:52.128 10 INFO neutron.wsgi [None req-b85ec612-e768-4817-9609-6b3b11bde64c 95acb925dee84f198bc68f8dd4650865 a5c6e6fc1ad740ec9898b34ae0adc047 - - default default] 10.0.0.132 "POST /v2.0/networks HTTP/1.1" status: 201 len: 849 time: 1.0749824
2026-05-09 18:01:52.295 9 INFO neutron.wsgi [None req-39f7d675-eaec-465b-aba2-e4abf461e5cd d00cc3ab3a484fe79bff78e836f15b19 1eb91f905ae040f1adf2e676920ce475 - - default default] 10.0.0.132 "DELETE /v2.0/security-groups/0d347e6e-7056-4697-a373-2f5521482c95 HTTP/1.1" status: 204 len: 168 time: 0.2373161
2026-05-09 18:01:52.395 9 WARNING neutron.scheduler.dhcp_agent_scheduler [None req-8ae91fbf-07ae-446f-a141-f05811a1646f 95acb925dee84f198bc68f8dd4650865 a5c6e6fc1ad740ec9898b34ae0adc047 - - default default] No more DHCP agents
2026-05-09 18:01:52.398 9 WARNING neutron.api.rpc.agentnotifiers.dhcp_rpc_agent_api [None req-8ae91fbf-07ae-446f-a141-f05811a1646f 95acb925dee84f198bc68f8dd4650865 a5c6e6fc1ad740ec9898b34ae0adc047 - - default default] Unable to schedule network c6db8a52-5e0d-4a28-9c18-02409eb5e7ae: no agents available; will retry on subsequent port and subnet creation events.
2026-05-09 18:01:52.425 9 INFO neutron.db.ovn_revision_numbers_db [None req-8ae91fbf-07ae-446f-a141-f05811a1646f 95acb925dee84f198bc68f8dd4650865 a5c6e6fc1ad740ec9898b34ae0adc047 - - default default] Successfully bumped revision number for resource 9294ba67-8105-4152-b134-72090b5a4ee4 (type: subnets) to 0
2026-05-09 18:01:52.439 9 INFO neutron.wsgi [None req-8ae91fbf-07ae-446f-a141-f05811a1646f 95acb925dee84f198bc68f8dd4650865 a5c6e6fc1ad740ec9898b34ae0adc047 - - default default] 10.0.0.132 "POST /v2.0/subnets HTTP/1.1" status: 201 len: 802 time: 0.3058057
2026-05-09 18:01:52.541 10 INFO neutron.db.ovn_revision_numbers_db [None req-ae21ad1b-2c91-494f-8396-69bc941671e9 d00cc3ab3a484fe79bff78e836f15b19 1eb91f905ae040f1adf2e676920ce475 - - default default] Successfully bumped revision number for resource 72725318-18e7-4c06-8336-c5e5e0764673 (type: security_groups) to 1
2026-05-09 18:01:52.558 10 INFO neutron.wsgi [None req-897b5642-f8f3-48c0-9b51-4dff6a71f293 fd79403812514673a7641dc6f623d32e fe51dbaf692e4db980c9b59f85e17da2 - - default default] 10.0.0.132 "DELETE /v2.0/security-groups/395281a0-fe8f-4749-9dbb-9d3571705d78 HTTP/1.1" status: 204 len: 168 time: 0.1646883
2026-05-09 18:01:52.560 10 INFO neutron.db.ovn_revision_numbers_db [None req-ae21ad1b-2c91-494f-8396-69bc941671e9 d00cc3ab3a484fe79bff78e836f15b19 1eb91f905ae040f1adf2e676920ce475 - - default default] Successfully bumped revision number for resource 0421ded6-79a8-4429-a2d7-eb1cbff72464 (type: security_group_rules) to 0
2026-05-09 18:01:52.576 10 INFO neutron.api.v2.resource [None req-8eae54a3-141d-4dbf-ab82-9b0f0e9b3a83 fd79403812514673a7641dc6f623d32e fe51dbaf692e4db980c9b59f85e17da2 - - default default] show failed (client error): The resource could not be found.
2026-05-09 18:01:52.577 10 INFO neutron.wsgi [None req-8eae54a3-141d-4dbf-ab82-9b0f0e9b3a83 fd79403812514673a7641dc6f623d32e fe51dbaf692e4db980c9b59f85e17da2 - - default default] 10.0.0.132 "GET /v2.0/security-groups/395281a0-fe8f-4749-9dbb-9d3571705d78 HTTP/1.1" status: 404 len: 347 time: 0.0130308
2026-05-09 18:01:52.581 10 INFO neutron.db.ovn_revision_numbers_db [None req-ae21ad1b-2c91-494f-8396-69bc941671e9 d00cc3ab3a484fe79bff78e836f15b19 1eb91f905ae040f1adf2e676920ce475 - - default default] Successfully bumped revision number for resource 1c624ba7-fc37-4620-bfe4-2afc1638f13f (type: security_group_rules) to 0
2026-05-09 18:01:52.625 10 INFO neutron.db.ovn_revision_numbers_db [None req-ae21ad1b-2c91-494f-8396-69bc941671e9 d00cc3ab3a484fe79bff78e836f15b19 1eb91f905ae040f1adf2e676920ce475 - - default default] Successfully bumped revision number for resource 27cf6ac7-d4bf-4803-8296-ab56ea3f4ae6 (type: security_group_rules) to 0
2026-05-09 18:01:52.640 10 INFO neutron.db.ovn_revision_numbers_db [None req-ae21ad1b-2c91-494f-8396-69bc941671e9 d00cc3ab3a484fe79bff78e836f15b19 1eb91f905ae040f1adf2e676920ce475 - - default default] Successfully bumped revision number for resource 6fcecbdc-60be-41f9-ad71-96eff46a8b71 (type: security_group_rules) to 0
2026-05-09 18:01:52.673 10 INFO neutron.wsgi [None req-ae21ad1b-2c91-494f-8396-69bc941671e9 d00cc3ab3a484fe79bff78e836f15b19 1eb91f905ae040f1adf2e676920ce475 - - default default] 10.0.0.132 "GET /v2.0/security-groups?tenant_id=17a19fc09ae14bfbb4f4aa3cebad672a&name=default HTTP/1.1" status: 200 len: 2996 time: 0.2895269
2026-05-09 18:01:52.937 10 INFO neutron.wsgi [None req-74cdcdfb-ccbd-462b-9dd4-c539d102d6a3 fd79403812514673a7641dc6f623d32e fe51dbaf692e4db980c9b59f85e17da2 - - default default] 10.0.0.132 "DELETE /v2.0/floatingips/4d27b670-4ad8-4cfa-a53b-34b54bed2b79 HTTP/1.1" status: 204 len: 168 time: 0.3527098
2026-05-09 18:01:52.987 9 WARNING neutron.scheduler.dhcp_agent_scheduler [None req-832f855a-8c08-41fa-bfd2-f1112c396d6a 95acb925dee84f198bc68f8dd4650865 a5c6e6fc1ad740ec9898b34ae0adc047 - - default default] No more DHCP agents
2026-05-09 18:01:52.989 9 WARNING neutron.api.rpc.agentnotifiers.dhcp_rpc_agent_api [None req-832f855a-8c08-41fa-bfd2-f1112c396d6a 95acb925dee84f198bc68f8dd4650865 a5c6e6fc1ad740ec9898b34ae0adc047 - - default default] Unable to schedule network 88e7bb26-a568-4093-80fc-6ec43b37b557: no agents available; will retry on subsequent port and subnet creation events.
2026-05-09 18:01:53.006 9 INFO neutron.wsgi [None req-3bde1258-02aa-41c0-b216-4d6452dcbc47 d00cc3ab3a484fe79bff78e836f15b19 1eb91f905ae040f1adf2e676920ce475 - - default default] 10.0.0.132 "DELETE /v2.0/security-groups/72725318-18e7-4c06-8336-c5e5e0764673 HTTP/1.1" status: 204 len: 168 time: 0.3239968
2026-05-09 18:01:53.136 9 INFO neutron.db.ovn_revision_numbers_db [None req-832f855a-8c08-41fa-bfd2-f1112c396d6a 95acb925dee84f198bc68f8dd4650865 a5c6e6fc1ad740ec9898b34ae0adc047 - - default default] Successfully bumped revision number for resource 2f57880b-5891-427e-9ff9-1bf353f762ec (type: ports) to 1
2026-05-09 18:01:53.879 9 INFO neutron.plugins.ml2.drivers.ovn.mech_driver.mech_driver [None req-606e43d8-c699-4cc4-b824-d32feb3342e7 - - - - - -] OVN reports status up for port: 2f57880b-5891-427e-9ff9-1bf353f762ec
2026-05-09 18:01:53.897 9 INFO neutron.plugins.ml2.plugin [None req-606e43d8-c699-4cc4-b824-d32feb3342e7 - - - - - -] Attempt 1 to provision port 2f57880b-5891-427e-9ff9-1bf353f762ec
2026-05-09 18:01:53.926 9 INFO neutron.db.ovn_revision_numbers_db [None req-832f855a-8c08-41fa-bfd2-f1112c396d6a 95acb925dee84f198bc68f8dd4650865 a5c6e6fc1ad740ec9898b34ae0adc047 - - default default] Successfully bumped revision number for resource 2f57880b-5891-427e-9ff9-1bf353f762ec (type: router_ports) to 1
2026-05-09 18:01:54.009 9 INFO neutron.db.ovn_revision_numbers_db [None req-832f855a-8c08-41fa-bfd2-f1112c396d6a 95acb925dee84f198bc68f8dd4650865 a5c6e6fc1ad740ec9898b34ae0adc047 - - default default] Successfully bumped revision number for resource 211a801d-1605-4c18-8c0a-5232cd25a86f (type: routers) to 2
2026-05-09 18:01:54.026 9 INFO neutron.wsgi [None req-832f855a-8c08-41fa-bfd2-f1112c396d6a 95acb925dee84f198bc68f8dd4650865 a5c6e6fc1ad740ec9898b34ae0adc047 - - default default] 10.0.0.132 "POST /v2.0/routers HTTP/1.1" status: 201 len: 875 time: 1.5812635 /var/lib/openstack/lib/python3.10/site-packages/pycadf/identifier.py:71: UserWarning: Invalid uuid: neutron. To ensure interoperability, identifiers should be a valid uuid. warnings.warn(('Invalid uuid: %s. To ensure interoperability, '
2026-05-09 18:01:54.105 10 INFO neutron.wsgi [None req-94859090-ff75-48cc-b7d5-4ee5883402f6 d00cc3ab3a484fe79bff78e836f15b19 1eb91f905ae040f1adf2e676920ce475 - - default default] 10.0.0.132 "PUT /v2.0/routers/e3a8d96f-3026-4278-a4dc-591b5dd6d477/remove_router_interface HTTP/1.1" status: 200 len: 503 time: 1.1613958
2026-05-09 18:01:54.682 9 INFO neutron.wsgi [None req-d2587c5e-e241-4fe8-bc2a-1fc3d3d498d5 d00cc3ab3a484fe79bff78e836f15b19 1eb91f905ae040f1adf2e676920ce475 - - default default] 10.0.0.132 "DELETE /v2.0/routers/e3a8d96f-3026-4278-a4dc-591b5dd6d477 HTTP/1.1" status: 204 len: 168 time: 0.5715888
2026-05-09 18:01:54.852 10 WARNING neutron.scheduler.dhcp_agent_scheduler [None req-487f937e-bf2c-4a96-87a6-6ab4edf57b48 95acb925dee84f198bc68f8dd4650865 a5c6e6fc1ad740ec9898b34ae0adc047 - - default default] No more DHCP agents
2026-05-09 18:01:54.855 10 WARNING neutron.api.rpc.agentnotifiers.dhcp_rpc_agent_api [None req-487f937e-bf2c-4a96-87a6-6ab4edf57b48 95acb925dee84f198bc68f8dd4650865 a5c6e6fc1ad740ec9898b34ae0adc047 - - default default] Unable to schedule network c6db8a52-5e0d-4a28-9c18-02409eb5e7ae: no agents available; will retry on subsequent port and subnet creation events.
2026-05-09 18:01:54.937 10 INFO neutron.wsgi [None req-4f31ab47-ee65-47ec-be18-6336c2dbadf7 d00cc3ab3a484fe79bff78e836f15b19 1eb91f905ae040f1adf2e676920ce475 - - default default] 10.0.0.132 "DELETE /v2.0/subnets/006b03eb-8b87-46ba-8d51-f5c329941f09 HTTP/1.1" status: 204 len: 168 time: 0.2492249
2026-05-09 18:01:55.031 10 INFO neutron.db.ovn_revision_numbers_db [None req-487f937e-bf2c-4a96-87a6-6ab4edf57b48 95acb925dee84f198bc68f8dd4650865 a5c6e6fc1ad740ec9898b34ae0adc047 - - default default] Successfully bumped revision number for resource 2ef717a6-48cd-432c-9d4a-b381a0aed4fe (type: ports) to 1
2026-05-09 18:01:55.286 9 INFO neutron.services.segments.plugin [-] Segment c36ba963-8132-4562-81bb-71e17e0966e4 resource provider aggregate not found
2026-05-09 18:01:55.304 9 INFO neutron.services.segments.plugin [-] Segment c36ba963-8132-4562-81bb-71e17e0966e4 resource provider not found; error: Placement Client Error (4xx): {"errors": [{"status": 404, "title": "Not Found", "detail": "The resource could not be found.\n\n No resource provider with uuid c36ba963-8132-4562-81bb-71e17e0966e4 found for delete ", "request_id": "req-0cc4e3c9-ea1e-49df-b50a-e1e6ba3575ed"}]}
2026-05-09 18:01:55.304 9 INFO neutron.services.segments.plugin [-] Segment c36ba963-8132-4562-81bb-71e17e0966e4 resource provider aggregate not found
2026-05-09 18:01:55.324 9 INFO neutron.services.segments.plugin [-] Segment c36ba963-8132-4562-81bb-71e17e0966e4 resource provider not found; error: Placement Client Error (4xx): {"errors": [{"status": 404, "title": "Not Found", "detail": "The resource could not be found.\n\n No resource provider with uuid c36ba963-8132-4562-81bb-71e17e0966e4 found for delete ", "request_id": "req-7d544673-c503-4bcb-a8a6-867cbca0f65c"}]}
2026-05-09 18:01:55.358 9 INFO neutron.wsgi [None req-4ceca31e-35bd-420f-97e4-93680b998a00 d00cc3ab3a484fe79bff78e836f15b19 1eb91f905ae040f1adf2e676920ce475 - - default default] 10.0.0.132 "DELETE /v2.0/networks/4d11d09b-e59a-4098-aaef-cbb9440b21ee HTTP/1.1" status: 204 len: 168 time: 0.4157350
2026-05-09 18:01:55.537 10 INFO neutron.plugins.ml2.drivers.ovn.mech_driver.mech_driver [None req-3a66b626-de94-4ee7-9057-743e014c3839 - - - - - -] OVN reports status up for port: 2ef717a6-48cd-432c-9d4a-b381a0aed4fe
2026-05-09 18:01:55.553 10 INFO neutron.plugins.ml2.plugin [None req-3a66b626-de94-4ee7-9057-743e014c3839 - - - - - -] Attempt 1 to provision port 2ef717a6-48cd-432c-9d4a-b381a0aed4fe
2026-05-09 18:01:55.561 9 INFO neutron.wsgi [None req-f9f6ae16-2d97-475d-b2e1-d16d0743fab7 d00cc3ab3a484fe79bff78e836f15b19 1eb91f905ae040f1adf2e676920ce475 - - default default] 10.0.0.132 "GET /v2.0/security-groups?tenant_id=fe51dbaf692e4db980c9b59f85e17da2&name=default HTTP/1.1" status: 200 len: 2996 time: 0.0365813
2026-05-09 18:01:55.574 10 INFO neutron.db.ovn_revision_numbers_db [None req-487f937e-bf2c-4a96-87a6-6ab4edf57b48 95acb925dee84f198bc68f8dd4650865 a5c6e6fc1ad740ec9898b34ae0adc047 - - default default] Successfully bumped revision number for resource 2ef717a6-48cd-432c-9d4a-b381a0aed4fe (type: router_ports) to 1
2026-05-09 18:01:55.575 9 INFO neutron.wsgi [-] 10.0.0.127 "GET / HTTP/1.1" status: 200 len: 247 time: 0.0021305
2026-05-09 18:01:55.577 9 INFO neutron.wsgi [-] 10.0.0.127 "GET / HTTP/1.1" status: 200 len: 247 time: 0.0012589
2026-05-09 18:01:55.780 10 INFO neutron.db.ovn_revision_numbers_db [None req-487f937e-bf2c-4a96-87a6-6ab4edf57b48 95acb925dee84f198bc68f8dd4650865 a5c6e6fc1ad740ec9898b34ae0adc047 - - default default] Successfully bumped revision number for resource 2ef717a6-48cd-432c-9d4a-b381a0aed4fe (type: ports) to 1
2026-05-09 18:01:55.786 9 INFO neutron.wsgi [None req-5e0d97ef-1457-487b-b769-f37d84988a92 d00cc3ab3a484fe79bff78e836f15b19 1eb91f905ae040f1adf2e676920ce475 - - default default] 10.0.0.132 "DELETE /v2.0/security-groups/5678c5d6-8745-45b6-a79a-34df3db8baa9 HTTP/1.1" status: 204 len: 168 time: 0.2203493
2026-05-09 18:01:55.870 10 WARNING neutron.scheduler.dhcp_agent_scheduler [None req-487f937e-bf2c-4a96-87a6-6ab4edf57b48 95acb925dee84f198bc68f8dd4650865 a5c6e6fc1ad740ec9898b34ae0adc047 - - default default] No more DHCP agents
2026-05-09 18:01:55.873 10 WARNING neutron.api.rpc.agentnotifiers.dhcp_rpc_agent_api [None req-487f937e-bf2c-4a96-87a6-6ab4edf57b48 95acb925dee84f198bc68f8dd4650865 a5c6e6fc1ad740ec9898b34ae0adc047 - - default default] Unable to schedule network c6db8a52-5e0d-4a28-9c18-02409eb5e7ae: no agents available; will retry on subsequent port and subnet creation events.
2026-05-09 18:01:55.883 10 INFO neutron.db.ovn_revision_numbers_db [None req-3a66b626-de94-4ee7-9057-743e014c3839 - - - - - -] Successfully bumped revision number for resource 2ef717a6-48cd-432c-9d4a-b381a0aed4fe (type: ports) to 2
2026-05-09 18:01:56.046 10 INFO neutron.db.ovn_revision_numbers_db [None req-3a66b626-de94-4ee7-9057-743e014c3839 - - - - - -] Successfully bumped revision number for resource 2ef717a6-48cd-432c-9d4a-b381a0aed4fe (type: router_ports) to 2
2026-05-09 18:01:56.214 10 INFO neutron.db.ovn_revision_numbers_db [None req-487f937e-bf2c-4a96-87a6-6ab4edf57b48 95acb925dee84f198bc68f8dd4650865 a5c6e6fc1ad740ec9898b34ae0adc047 - - default default] Successfully bumped revision number for resource 2ef717a6-48cd-432c-9d4a-b381a0aed4fe (type: router_ports) to 2
2026-05-09 18:01:56.216 10 INFO neutron.wsgi [None req-487f937e-bf2c-4a96-87a6-6ab4edf57b48 95acb925dee84f198bc68f8dd4650865 a5c6e6fc1ad740ec9898b34ae0adc047 - - default default] 10.0.0.132 "PUT /v2.0/routers/211a801d-1605-4c18-8c0a-5232cd25a86f/add_router_interface HTTP/1.1" status: 200 len: 503 time: 2.1850901
2026-05-09 18:01:56.565 10 WARNING neutron.scheduler.dhcp_agent_scheduler [None req-9562d721-a66b-4790-8492-2c49ba0a620b 95acb925dee84f198bc68f8dd4650865 a5c6e6fc1ad740ec9898b34ae0adc047 - - default default] No more DHCP agents
2026-05-09 18:01:56.568 10 WARNING neutron.api.rpc.agentnotifiers.dhcp_rpc_agent_api [None req-9562d721-a66b-4790-8492-2c49ba0a620b 95acb925dee84f198bc68f8dd4650865 a5c6e6fc1ad740ec9898b34ae0adc047 - - default default] Unable to schedule network c6db8a52-5e0d-4a28-9c18-02409eb5e7ae: no agents available; will retry on subsequent port and subnet creation events.
2026-05-09 18:01:56.723 10 INFO neutron.db.ovn_revision_numbers_db [None req-9562d721-a66b-4790-8492-2c49ba0a620b 95acb925dee84f198bc68f8dd4650865 a5c6e6fc1ad740ec9898b34ae0adc047 - - default default] Successfully bumped revision number for resource 51c83c39-af72-4695-b896-5c9632a0d7c3 (type: ports) to 1
2026-05-09 18:01:56.747 10 INFO neutron.wsgi [None req-9562d721-a66b-4790-8492-2c49ba0a620b 95acb925dee84f198bc68f8dd4650865 a5c6e6fc1ad740ec9898b34ae0adc047 - - default default] 10.0.0.132 "POST /v2.0/ports HTTP/1.1" status: 201 len: 1154 time: 0.5256078 /var/lib/openstack/lib/python3.10/site-packages/pycadf/identifier.py:71: UserWarning: Invalid uuid: neutron. To ensure interoperability, identifiers should be a valid uuid. warnings.warn(('Invalid uuid: %s. To ensure interoperability, '
2026-05-09 18:01:56.875 10 INFO neutron.wsgi [req-6d2965ba-133e-477a-96f8-4c81169fe5a1 req-7df7edda-a2e1-4f61-badd-76bcefa11144 3785aea7e1f640a7b2d99b26c57eedaa 0cae20e70bcd468f84bad8d4fc779003 - - 6450f0b6ed4541389d231ead7c59a18a 6450f0b6ed4541389d231ead7c59a18a] 10.0.0.35 "GET /v2.0/ports?device_id=136077ff-7082-4930-a8ad-3b520847cea1 HTTP/1.1" status: 200 len: 1413 time: 0.3590422
2026-05-09 18:01:57.090 10 INFO neutron.wsgi [req-6d2965ba-133e-477a-96f8-4c81169fe5a1 req-9f5d411c-9ee6-4935-b6b3-e45a8fffb897 3785aea7e1f640a7b2d99b26c57eedaa 0cae20e70bcd468f84bad8d4fc779003 - - 6450f0b6ed4541389d231ead7c59a18a 6450f0b6ed4541389d231ead7c59a18a] 10.0.0.35 "GET /v2.0/security-groups?id=bf1a523c-bed1-433c-a10f-6145690ebd78&fields=id&fields=name HTTP/1.1" status: 200 len: 313 time: 0.0461576
2026-05-09 18:01:57.270 10 WARNING neutron.scheduler.dhcp_agent_scheduler [None req-fb56f7a9-ea89-4c86-8090-755e73b01d4b 95acb925dee84f198bc68f8dd4650865 a5c6e6fc1ad740ec9898b34ae0adc047 - - default default] No more DHCP agents
2026-05-09 18:01:57.272 10 WARNING neutron.api.rpc.agentnotifiers.dhcp_rpc_agent_api [None req-fb56f7a9-ea89-4c86-8090-755e73b01d4b 95acb925dee84f198bc68f8dd4650865 a5c6e6fc1ad740ec9898b34ae0adc047 - - default default] Unable to schedule network c6db8a52-5e0d-4a28-9c18-02409eb5e7ae: no agents available; will retry on subsequent port and subnet creation events.
2026-05-09 18:01:57.429 10 INFO neutron.db.ovn_revision_numbers_db [None req-fb56f7a9-ea89-4c86-8090-755e73b01d4b 95acb925dee84f198bc68f8dd4650865 a5c6e6fc1ad740ec9898b34ae0adc047 - - default default] Successfully bumped revision number for resource af10018f-20b3-485b-a6d0-50bb2b81fc6d (type: ports) to 1
2026-05-09 18:01:57.451 10 INFO neutron.wsgi [None req-fb56f7a9-ea89-4c86-8090-755e73b01d4b 95acb925dee84f198bc68f8dd4650865 a5c6e6fc1ad740ec9898b34ae0adc047 - - default default] 10.0.0.132 "POST /v2.0/ports HTTP/1.1" status: 201 len: 1157 time: 0.6990137 /var/lib/openstack/lib/python3.10/site-packages/pycadf/identifier.py:71: UserWarning: Invalid uuid: neutron. To ensure interoperability, identifiers should be a valid uuid. warnings.warn(('Invalid uuid: %s. To ensure interoperability, '
2026-05-09 18:01:57.704 10 WARNING neutron.scheduler.dhcp_agent_scheduler [None req-5dbf9320-0b1d-4329-9ea1-1c86fcb3d9cc 95acb925dee84f198bc68f8dd4650865 a5c6e6fc1ad740ec9898b34ae0adc047 - - default default] No more DHCP agents
2026-05-09 18:01:57.706 10 WARNING neutron.api.rpc.agentnotifiers.dhcp_rpc_agent_api [None req-5dbf9320-0b1d-4329-9ea1-1c86fcb3d9cc 95acb925dee84f198bc68f8dd4650865 a5c6e6fc1ad740ec9898b34ae0adc047 - - default default] Unable to schedule network 88e7bb26-a568-4093-80fc-6ec43b37b557: no agents available; will retry on subsequent port and subnet creation events.
2026-05-09 18:01:57.798 9 INFO neutron.db.ovn_revision_numbers_db [None req-b94a51e3-79de-41cc-8b67-ed60050152ec d00cc3ab3a484fe79bff78e836f15b19 1eb91f905ae040f1adf2e676920ce475 - - default default] Successfully bumped revision number for resource abddb284-7cab-419c-9017-f487903915af (type: security_groups) to 1
2026-05-09 18:01:57.813 9 INFO neutron.db.ovn_revision_numbers_db [None req-b94a51e3-79de-41cc-8b67-ed60050152ec d00cc3ab3a484fe79bff78e836f15b19 1eb91f905ae040f1adf2e676920ce475 - - default default] Successfully bumped revision number for resource 32d27a81-1869-4ca7-ac9f-2855e4048ec7 (type: security_group_rules) to 0
2026-05-09 18:01:57.827 9 INFO neutron.db.ovn_revision_numbers_db [None req-b94a51e3-79de-41cc-8b67-ed60050152ec d00cc3ab3a484fe79bff78e836f15b19 1eb91f905ae040f1adf2e676920ce475 - - default default] Successfully bumped revision number for resource 4836a752-a5ea-4242-a713-b4503a40ec39 (type: security_group_rules) to 0
2026-05-09 18:01:57.841 9 INFO neutron.db.ovn_revision_numbers_db [None req-b94a51e3-79de-41cc-8b67-ed60050152ec d00cc3ab3a484fe79bff78e836f15b19 1eb91f905ae040f1adf2e676920ce475 - - default default] Successfully bumped revision number for resource 64d52e40-cf74-4deb-b0ca-a3de91d6415f (type: security_group_rules) to 0
2026-05-09 18:01:57.855 9 INFO neutron.db.ovn_revision_numbers_db [None req-b94a51e3-79de-41cc-8b67-ed60050152ec d00cc3ab3a484fe79bff78e836f15b19 1eb91f905ae040f1adf2e676920ce475 - - default default] Successfully bumped revision number for resource abc9426f-5a14-4260-9dad-e73cd522dac2 (type: security_group_rules) to 0
2026-05-09 18:01:57.919 9 INFO neutron.db.segments_db [None req-b94a51e3-79de-41cc-8b67-ed60050152ec d00cc3ab3a484fe79bff78e836f15b19 1eb91f905ae040f1adf2e676920ce475 - - default default] Added segment f72b26e1-6272-4669-a1ea-90f09525a495 of type geneve for network 03cb6d16-f139-4fbc-a0fb-9b5e193f7135
2026-05-09 18:01:58.075 9 INFO neutron.db.ovn_revision_numbers_db [None req-b94a51e3-79de-41cc-8b67-ed60050152ec d00cc3ab3a484fe79bff78e836f15b19 1eb91f905ae040f1adf2e676920ce475 - - default default] Successfully bumped revision number for resource 03cb6d16-f139-4fbc-a0fb-9b5e193f7135 (type: networks) to 1
2026-05-09 18:01:58.143 10 INFO neutron.db.l3_db [None req-5dbf9320-0b1d-4329-9ea1-1c86fcb3d9cc 95acb925dee84f198bc68f8dd4650865 a5c6e6fc1ad740ec9898b34ae0adc047 - - default default] Floating IP 431365b2-2ea1-4cb3-9216-7aa21ca7ca86 associated. External IP: 10.96.250.212, port: af10018f-20b3-485b-a6d0-50bb2b81fc6d.
2026-05-09 18:01:58.282 9 WARNING neutron.scheduler.dhcp_agent_scheduler [None req-b94a51e3-79de-41cc-8b67-ed60050152ec d00cc3ab3a484fe79bff78e836f15b19 1eb91f905ae040f1adf2e676920ce475 - - default default] No more DHCP agents
2026-05-09 18:01:58.285 9 WARNING neutron.api.rpc.agentnotifiers.dhcp_rpc_agent_api [None req-b94a51e3-79de-41cc-8b67-ed60050152ec d00cc3ab3a484fe79bff78e836f15b19 1eb91f905ae040f1adf2e676920ce475 - - default default] Unable to schedule network 03cb6d16-f139-4fbc-a0fb-9b5e193f7135: no agents available; will retry on subsequent port and subnet creation events.
2026-05-09 18:01:58.335 10 INFO neutron.db.ovn_revision_numbers_db [None req-5dbf9320-0b1d-4329-9ea1-1c86fcb3d9cc 95acb925dee84f198bc68f8dd4650865 a5c6e6fc1ad740ec9898b34ae0adc047 - - default default] Successfully bumped revision number for resource 431365b2-2ea1-4cb3-9216-7aa21ca7ca86 (type: floatingips) to 0
2026-05-09 18:01:58.378 9 INFO neutron.db.ovn_revision_numbers_db [None req-b94a51e3-79de-41cc-8b67-ed60050152ec d00cc3ab3a484fe79bff78e836f15b19 1eb91f905ae040f1adf2e676920ce475 - - default default] Successfully bumped revision number for resource 8dcf9b92-f11c-4eae-bebe-a44986ea225b (type: ports) to 1
2026-05-09 18:01:58.396 9 INFO neutron.wsgi [None req-b94a51e3-79de-41cc-8b67-ed60050152ec d00cc3ab3a484fe79bff78e836f15b19 1eb91f905ae040f1adf2e676920ce475 - - default default] 10.0.0.132 "POST /v2.0/networks HTTP/1.1" status: 201 len: 946 time: 0.8576436
2026-05-09 18:01:58.448 10 INFO neutron.db.ovn_revision_numbers_db [None req-5dbf9320-0b1d-4329-9ea1-1c86fcb3d9cc 95acb925dee84f198bc68f8dd4650865 a5c6e6fc1ad740ec9898b34ae0adc047 - - default default] Successfully bumped revision number for resource 431365b2-2ea1-4cb3-9216-7aa21ca7ca86 (type: floatingips) to 1
2026-05-09 18:01:58.484 10 INFO neutron.wsgi [None req-5dbf9320-0b1d-4329-9ea1-1c86fcb3d9cc 95acb925dee84f198bc68f8dd4650865 a5c6e6fc1ad740ec9898b34ae0adc047 - - default default] 10.0.0.132 "POST /v2.0/floatingips HTTP/1.1" status: 201 len: 1041 time: 1.0277734
2026-05-09 18:01:58.619 9 WARNING neutron.scheduler.dhcp_agent_scheduler [None req-27fd35f6-18ce-4513-8e13-62d20669f526 d00cc3ab3a484fe79bff78e836f15b19 1eb91f905ae040f1adf2e676920ce475 - - default default] No more DHCP agents
2026-05-09 18:01:58.625 9 WARNING neutron.api.rpc.agentnotifiers.dhcp_rpc_agent_api [None req-27fd35f6-18ce-4513-8e13-62d20669f526 d00cc3ab3a484fe79bff78e836f15b19 1eb91f905ae040f1adf2e676920ce475 - - default default] Unable to schedule network 03cb6d16-f139-4fbc-a0fb-9b5e193f7135: no agents available; will retry on subsequent port and subnet creation events.
2026-05-09 18:01:58.651 9 INFO neutron.db.l3_db [None req-50c4caf6-40f8-41c2-b421-1c1daf7d53d3 95acb925dee84f198bc68f8dd4650865 a5c6e6fc1ad740ec9898b34ae0adc047 - - default default] Floating IP 431365b2-2ea1-4cb3-9216-7aa21ca7ca86 disassociated. External IP: 10.96.250.212, port: af10018f-20b3-485b-a6d0-50bb2b81fc6d.
