2026-05-09 18:02:44.743 10 INFO neutron.wsgi [None req-85e8e75d-a10a-4954-92d3-5dc6e8640fe6 ea89e7e497504e9b8ef74c7b104b887b 021e6e64933346e3a82ef083ff402603 - - default default] 10.0.0.132 "POST /v2.0/networks HTTP/1.1" status: 201 len: 843 time: 1.2831988 /var/lib/openstack/lib/python3.10/site-packages/pycadf/identifier.py:71: UserWarning: Invalid uuid: neutron. To ensure interoperability, identifiers should be a valid uuid. warnings.warn(('Invalid uuid: %s. To ensure interoperability, '
2026-05-09 18:02:44.931 10 INFO neutron.wsgi [req-295bd86e-dc4a-401f-b7c3-8753e18f298d req-13167e87-5b6c-43f3-950d-8ac1fb1c1ea8 3785aea7e1f640a7b2d99b26c57eedaa 0cae20e70bcd468f84bad8d4fc779003 - - 6450f0b6ed4541389d231ead7c59a18a 6450f0b6ed4541389d231ead7c59a18a] 10.0.0.35 "GET /v2.0/ports?device_id=cb552d4e-f9e3-4441-9e1b-2022af878d23 HTTP/1.1" status: 200 len: 1413 time: 0.0462983
2026-05-09 18:02:44.971 9 INFO neutron.db.ovn_revision_numbers_db [req-d95be6a8-fdc6-4dca-a731-2ad3c825cf11 req-c75a4625-4390-463c-a2c1-1d254d86b6ee 3785aea7e1f640a7b2d99b26c57eedaa 0cae20e70bcd468f84bad8d4fc779003 - - 6450f0b6ed4541389d231ead7c59a18a 6450f0b6ed4541389d231ead7c59a18a] Successfully bumped revision number for resource cac3bc4f-8887-4fdc-aea3-e98639301f85 (type: ports) to 2
2026-05-09 18:02:45.033 10 INFO neutron.wsgi [req-295bd86e-dc4a-401f-b7c3-8753e18f298d req-4a40874f-e4ea-4d55-a932-88d2022ea1b9 3785aea7e1f640a7b2d99b26c57eedaa 0cae20e70bcd468f84bad8d4fc779003 - - 6450f0b6ed4541389d231ead7c59a18a 6450f0b6ed4541389d231ead7c59a18a] 10.0.0.35 "GET /v2.0/security-groups?id=dc92796d-72d1-4a9d-b3e7-1eff841cb62e&fields=id&fields=name HTTP/1.1" status: 200 len: 312 time: 0.0952899
2026-05-09 18:02:45.109 10 WARNING neutron.scheduler.dhcp_agent_scheduler [None req-311264af-4279-4abe-8583-6bed6ecd91ae 44fc0f32258c4616b9bdd9e5f18ce07b 3d7c187ea12c4e0f9e7a25fa71142de9 - - default default] No more DHCP agents
2026-05-09 18:02:45.112 10 WARNING neutron.api.rpc.agentnotifiers.dhcp_rpc_agent_api [None req-311264af-4279-4abe-8583-6bed6ecd91ae 44fc0f32258c4616b9bdd9e5f18ce07b 3d7c187ea12c4e0f9e7a25fa71142de9 - - default default] Unable to schedule network d3543aee-bca1-4856-9f83-86eb40710876: no agents available; will retry on subsequent port and subnet creation events. /var/lib/openstack/lib/python3.10/site-packages/pycadf/identifier.py:71: UserWarning: Invalid uuid: neutron. To ensure interoperability, identifiers should be a valid uuid. warnings.warn(('Invalid uuid: %s. To ensure interoperability, '
2026-05-09 18:02:45.186 9 WARNING neutron.scheduler.dhcp_agent_scheduler [None req-99c820d1-d92b-4d9b-821b-c9e79c96deb5 ea89e7e497504e9b8ef74c7b104b887b 021e6e64933346e3a82ef083ff402603 - - default default] No more DHCP agents
2026-05-09 18:02:45.195 9 WARNING neutron.api.rpc.agentnotifiers.dhcp_rpc_agent_api [None req-99c820d1-d92b-4d9b-821b-c9e79c96deb5 ea89e7e497504e9b8ef74c7b104b887b 021e6e64933346e3a82ef083ff402603 - - default default] Unable to schedule network 6d975e1b-4ae5-453d-8dde-568c8aa98d7c: no agents available; will retry on subsequent port and subnet creation events.
2026-05-09 18:02:45.212 10 INFO neutron.wsgi [req-3a133913-f17d-4d05-a6d3-ce9379d9f95e req-83b2225f-9a10-4c51-9da0-f838807ca99d a6bf8b2ab671467797d48adf65a3471d c916e9a1c9164b318371b76b05747059 - - default default] 10.0.0.48 "GET /v2.0/ports?device_id=1d9168f6-9327-4668-9258-4043e2a231a8 HTTP/1.1" status: 200 len: 1172 time: 0.0452754
2026-05-09 18:02:45.262 10 INFO neutron.db.ovn_revision_numbers_db [None req-311264af-4279-4abe-8583-6bed6ecd91ae 44fc0f32258c4616b9bdd9e5f18ce07b 3d7c187ea12c4e0f9e7a25fa71142de9 - - default default] Successfully bumped revision number for resource 5fb1231a-3cc3-4dda-9def-5f1587120f7f (type: ports) to 1
2026-05-09 18:02:45.282 10 INFO neutron.wsgi [req-3a133913-f17d-4d05-a6d3-ce9379d9f95e req-d4aee499-5f8d-4f34-ad1a-cdb4bf48da1a a6bf8b2ab671467797d48adf65a3471d c916e9a1c9164b318371b76b05747059 - - default default] 10.0.0.48 "GET /v2.0/security-groups?id=eed87c9c-17e0-480f-a86d-8eb1246453d7&fields=id&fields=name HTTP/1.1" status: 200 len: 313 time: 0.0598502
2026-05-09 18:02:45.290 10 INFO neutron.wsgi [None req-311264af-4279-4abe-8583-6bed6ecd91ae 44fc0f32258c4616b9bdd9e5f18ce07b 3d7c187ea12c4e0f9e7a25fa71142de9 - - default default] 10.0.0.132 "POST /v2.0/ports HTTP/1.1" status: 201 len: 1161 time: 0.6895323
2026-05-09 18:02:45.330 9 INFO neutron.db.ovn_revision_numbers_db [req-d95be6a8-fdc6-4dca-a731-2ad3c825cf11 req-c75a4625-4390-463c-a2c1-1d254d86b6ee 3785aea7e1f640a7b2d99b26c57eedaa 0cae20e70bcd468f84bad8d4fc779003 - - 6450f0b6ed4541389d231ead7c59a18a 6450f0b6ed4541389d231ead7c59a18a] Successfully bumped revision number for resource cac3bc4f-8887-4fdc-aea3-e98639301f85 (type: ports) to 2
2026-05-09 18:02:45.357 9 INFO neutron.wsgi [req-d95be6a8-fdc6-4dca-a731-2ad3c825cf11 req-c75a4625-4390-463c-a2c1-1d254d86b6ee 3785aea7e1f640a7b2d99b26c57eedaa 0cae20e70bcd468f84bad8d4fc779003 - - 6450f0b6ed4541389d231ead7c59a18a 6450f0b6ed4541389d231ead7c59a18a] 199.204.45.227 "PUT /v2.0/ports/cac3bc4f-8887-4fdc-aea3-e98639301f85 HTTP/1.1" status: 200 len: 1380 time: 0.9777167
2026-05-09 18:02:45.389 9 INFO neutron.notifiers.nova [-] Nova event matching ['req-ac4a0354-db11-4823-aebf-799ebb540ae8'] response: {'name': 'network-changed', 'server_uuid': '1d9168f6-9327-4668-9258-4043e2a231a8', 'tag': 'cac3bc4f-8887-4fdc-aea3-e98639301f85', 'status': 'completed', 'code': 200} /var/lib/openstack/lib/python3.10/site-packages/pycadf/identifier.py:71: UserWarning: Invalid uuid: neutron. To ensure interoperability, identifiers should be a valid uuid. warnings.warn(('Invalid uuid: %s. To ensure interoperability, '
2026-05-09 18:02:45.443 9 INFO neutron.wsgi [req-d95be6a8-fdc6-4dca-a731-2ad3c825cf11 req-f17be76c-88f3-4019-87ea-9ab69930c951 3785aea7e1f640a7b2d99b26c57eedaa 0cae20e70bcd468f84bad8d4fc779003 - - 6450f0b6ed4541389d231ead7c59a18a 6450f0b6ed4541389d231ead7c59a18a] 199.204.45.227 "GET /v2.0/ports?tenant_id=c916e9a1c9164b318371b76b05747059&device_id=1d9168f6-9327-4668-9258-4043e2a231a8 HTTP/1.1" status: 200 len: 1411 time: 0.0394561
2026-05-09 18:02:45.491 9 INFO neutron.wsgi [req-d95be6a8-fdc6-4dca-a731-2ad3c825cf11 req-ca0911de-9fdd-430e-84a3-b2f8c695bf18 3785aea7e1f640a7b2d99b26c57eedaa 0cae20e70bcd468f84bad8d4fc779003 - - 6450f0b6ed4541389d231ead7c59a18a 6450f0b6ed4541389d231ead7c59a18a] 199.204.45.227 "GET /v2.0/floatingips?fixed_ip_address=10.100.0.11&port_id=cac3bc4f-8887-4fdc-aea3-e98639301f85 HTTP/1.1" status: 200 len: 217 time: 0.0250895
2026-05-09 18:02:45.533 9 INFO neutron.wsgi [req-d95be6a8-fdc6-4dca-a731-2ad3c825cf11 req-199acbb0-58a6-422f-95f3-6bd87256581e 3785aea7e1f640a7b2d99b26c57eedaa 0cae20e70bcd468f84bad8d4fc779003 - - 6450f0b6ed4541389d231ead7c59a18a 6450f0b6ed4541389d231ead7c59a18a] 199.204.45.227 "GET /v2.0/subnets?id=84ca7382-76eb-45f5-b01b-4c38a8436604 HTTP/1.1" status: 200 len: 851 time: 0.0361168
2026-05-09 18:02:45.558 9 INFO neutron.wsgi [req-d95be6a8-fdc6-4dca-a731-2ad3c825cf11 req-dac11333-a2fa-44bb-bfc0-1a3a8bfebac0 3785aea7e1f640a7b2d99b26c57eedaa 0cae20e70bcd468f84bad8d4fc779003 - - 6450f0b6ed4541389d231ead7c59a18a 6450f0b6ed4541389d231ead7c59a18a] 199.204.45.227 "GET /v2.0/ports?network_id=8d4e3d19-8736-439d-911e-d344613fa2a6&device_owner=network%3Adhcp HTTP/1.1" status: 200 len: 210 time: 0.0170949
2026-05-09 18:02:45.632 10 INFO neutron.wsgi [None req-d57d7d42-f2b3-4a29-a89b-9cbfa0f24ec0 44fc0f32258c4616b9bdd9e5f18ce07b 3d7c187ea12c4e0f9e7a25fa71142de9 - - default default] 10.0.0.132 "DELETE /v2.0/ports/5fb1231a-3cc3-4dda-9def-5f1587120f7f HTTP/1.1" status: 204 len: 168 time: 0.3373609
2026-05-09 18:02:45.646 9 INFO neutron.wsgi [req-d95be6a8-fdc6-4dca-a731-2ad3c825cf11 req-4a719f68-6871-4279-9d02-d277914f14c2 3785aea7e1f640a7b2d99b26c57eedaa 0cae20e70bcd468f84bad8d4fc779003 - - 6450f0b6ed4541389d231ead7c59a18a 6450f0b6ed4541389d231ead7c59a18a] 199.204.45.227 "GET /v2.0/networks/8d4e3d19-8736-439d-911e-d344613fa2a6?fields=segments HTTP/1.1" status: 200 len: 212 time: 0.0805321
2026-05-09 18:02:45.656 10 INFO neutron.pecan_wsgi.hooks.translation [None req-fcfa79a6-7404-49ec-b388-f694efc295da 44fc0f32258c4616b9bdd9e5f18ce07b 3d7c187ea12c4e0f9e7a25fa71142de9 - - default default] DELETE failed (client error): The resource could not be found.
2026-05-09 18:02:45.659 10 INFO neutron.wsgi [None req-fcfa79a6-7404-49ec-b388-f694efc295da 44fc0f32258c4616b9bdd9e5f18ce07b 3d7c187ea12c4e0f9e7a25fa71142de9 - - default default] 10.0.0.132 "DELETE /v2.0/ports/5fb1231a-3cc3-4dda-9def-5f1587120f7f HTTP/1.1" status: 404 len: 333 time: 0.0223172
2026-05-09 18:02:45.691 10 INFO neutron.pecan_wsgi.hooks.translation [None req-fc29aebc-6b75-4bf5-b83e-bbd146ee8f3a 44fc0f32258c4616b9bdd9e5f18ce07b 3d7c187ea12c4e0f9e7a25fa71142de9 - - default default] GET failed (client error): The resource could not be found.
2026-05-09 18:02:45.693 10 INFO neutron.wsgi [None req-fc29aebc-6b75-4bf5-b83e-bbd146ee8f3a 44fc0f32258c4616b9bdd9e5f18ce07b 3d7c187ea12c4e0f9e7a25fa71142de9 - - default default] 10.0.0.132 "GET /v2.0/ports/5fb1231a-3cc3-4dda-9def-5f1587120f7f HTTP/1.1" status: 404 len: 333 time: 0.0233223
2026-05-09 18:02:45.736 9 INFO neutron.wsgi [req-d95be6a8-fdc6-4dca-a731-2ad3c825cf11 req-147abf57-7c6c-4f65-aaca-dd21b37b4633 3785aea7e1f640a7b2d99b26c57eedaa 0cae20e70bcd468f84bad8d4fc779003 - - 6450f0b6ed4541389d231ead7c59a18a 6450f0b6ed4541389d231ead7c59a18a] 199.204.45.227 "GET /v2.0/networks/8d4e3d19-8736-439d-911e-d344613fa2a6?fields=provider%3Aphysical_network&fields=provider%3Anetwork_type HTTP/1.1" status: 200 len: 277 time: 0.0822802
2026-05-09 18:02:45.825 9 INFO neutron.wsgi [req-4866dd20-1e25-46c0-8fd8-16047ace5be1 req-39004232-05d5-43a9-ae26-14f414b699eb 3785aea7e1f640a7b2d99b26c57eedaa 0cae20e70bcd468f84bad8d4fc779003 - - 6450f0b6ed4541389d231ead7c59a18a 6450f0b6ed4541389d231ead7c59a18a] 199.204.45.227 "GET /v2.0/ports?tenant_id=c916e9a1c9164b318371b76b05747059&device_id=1d9168f6-9327-4668-9258-4043e2a231a8 HTTP/1.1" status: 200 len: 1411 time: 0.0452678
2026-05-09 18:02:45.928 9 INFO neutron.wsgi [req-4866dd20-1e25-46c0-8fd8-16047ace5be1 req-3c754899-a2bb-4238-b2bc-4beed72df2e8 3785aea7e1f640a7b2d99b26c57eedaa 0cae20e70bcd468f84bad8d4fc779003 - - 6450f0b6ed4541389d231ead7c59a18a 6450f0b6ed4541389d231ead7c59a18a] 199.204.45.227 "GET /v2.0/networks?id=8d4e3d19-8736-439d-911e-d344613fa2a6 HTTP/1.1" status: 200 len: 958 time: 0.0982423
2026-05-09 18:02:45.939 10 INFO neutron.plugins.ml2.drivers.ovn.mech_driver.mech_driver [None req-3a66b626-de94-4ee7-9057-743e014c3839 - - - - - -] OVN reports status up for port: cac3bc4f-8887-4fdc-aea3-e98639301f85
2026-05-09 18:02:45.942 10 INFO neutron.wsgi [None req-1b59a11f-f87f-4114-91e5-46da8db6bd80 44fc0f32258c4616b9bdd9e5f18ce07b 3d7c187ea12c4e0f9e7a25fa71142de9 - - default default] 10.0.0.132 "DELETE /v2.0/subnets/b81172d5-b160-4021-8515-9ac21a8daea2 HTTP/1.1" status: 204 len: 168 time: 0.2408988
2026-05-09 18:02:45.947 9 INFO neutron.db.ovn_revision_numbers_db [None req-99c820d1-d92b-4d9b-821b-c9e79c96deb5 ea89e7e497504e9b8ef74c7b104b887b 021e6e64933346e3a82ef083ff402603 - - default default] Successfully bumped revision number for resource f348f8d7-07eb-4d13-b4b6-2e7d9739604c (type: ports) to 2
2026-05-09 18:02:45.959 10 INFO neutron.plugins.ml2.plugin [None req-3a66b626-de94-4ee7-9057-743e014c3839 - - - - - -] Attempt 1 to provision port cac3bc4f-8887-4fdc-aea3-e98639301f85
2026-05-09 18:02:45.970 9 INFO neutron.wsgi [req-4866dd20-1e25-46c0-8fd8-16047ace5be1 req-73e04797-cecb-486b-b290-f3b533f01568 3785aea7e1f640a7b2d99b26c57eedaa 0cae20e70bcd468f84bad8d4fc779003 - - 6450f0b6ed4541389d231ead7c59a18a 6450f0b6ed4541389d231ead7c59a18a] 199.204.45.227 "GET /v2.0/floatingips?fixed_ip_address=10.100.0.11&port_id=cac3bc4f-8887-4fdc-aea3-e98639301f85 HTTP/1.1" status: 200 len: 217 time: 0.0329106
2026-05-09 18:02:46.006 9 INFO neutron.wsgi [req-4866dd20-1e25-46c0-8fd8-16047ace5be1 req-d9c95485-2e8f-40c3-8008-77bfaf517439 3785aea7e1f640a7b2d99b26c57eedaa 0cae20e70bcd468f84bad8d4fc779003 - - 6450f0b6ed4541389d231ead7c59a18a 6450f0b6ed4541389d231ead7c59a18a] 199.204.45.227 "GET /v2.0/subnets?id=84ca7382-76eb-45f5-b01b-4c38a8436604 HTTP/1.1" status: 200 len: 851 time: 0.0301566
2026-05-09 18:02:46.007 9 INFO neutron.db.ovn_revision_numbers_db [None req-99c820d1-d92b-4d9b-821b-c9e79c96deb5 ea89e7e497504e9b8ef74c7b104b887b 021e6e64933346e3a82ef083ff402603 - - default default] Successfully bumped revision number for resource affad674-4133-44e8-8030-8cee34b052b2 (type: subnets) to 0
2026-05-09 18:02:46.037 9 INFO neutron.wsgi [req-4866dd20-1e25-46c0-8fd8-16047ace5be1 req-64f17183-af0f-4354-8b0c-84db73a96e46 3785aea7e1f640a7b2d99b26c57eedaa 0cae20e70bcd468f84bad8d4fc779003 - - 6450f0b6ed4541389d231ead7c59a18a 6450f0b6ed4541389d231ead7c59a18a] 199.204.45.227 "GET /v2.0/ports?network_id=8d4e3d19-8736-439d-911e-d344613fa2a6&device_owner=network%3Adhcp HTTP/1.1" status: 200 len: 210 time: 0.0247066
2026-05-09 18:02:46.042 9 INFO neutron.wsgi [None req-99c820d1-d92b-4d9b-821b-c9e79c96deb5 ea89e7e497504e9b8ef74c7b104b887b 021e6e64933346e3a82ef083ff402603 - - default default] 10.0.0.132 "POST /v2.0/subnets HTTP/1.1" status: 201 len: 816 time: 1.2632711
2026-05-09 18:02:46.121 10 INFO neutron.notifiers.nova [-] Nova event matching ['req-321b816a-dfda-40f8-b785-a6df9d428e38'] response: {'server_uuid': '1d9168f6-9327-4668-9258-4043e2a231a8', 'name': 'network-vif-plugged', 'status': 'completed', 'tag': 'cac3bc4f-8887-4fdc-aea3-e98639301f85', 'code': 200}
2026-05-09 18:02:46.134 9 INFO neutron.wsgi [req-4866dd20-1e25-46c0-8fd8-16047ace5be1 req-97b81f38-f710-4df3-9659-a14c924f8f7d 3785aea7e1f640a7b2d99b26c57eedaa 0cae20e70bcd468f84bad8d4fc779003 - - 6450f0b6ed4541389d231ead7c59a18a 6450f0b6ed4541389d231ead7c59a18a] 199.204.45.227 "GET /v2.0/networks/8d4e3d19-8736-439d-911e-d344613fa2a6?fields=segments HTTP/1.1" status: 200 len: 212 time: 0.0869079
2026-05-09 18:02:46.175 9 INFO neutron.db.segments_db [None req-d1a155e6-ab76-4b36-816d-d403caf0dd8a ea89e7e497504e9b8ef74c7b104b887b 021e6e64933346e3a82ef083ff402603 - - default default] Added segment bb1ac9bb-4e10-44ee-a4bd-8e6a41916cf2 of type geneve for network 30f2969b-1b4d-4469-9080-ed42560bffc9
2026-05-09 18:02:46.218 9 INFO neutron.wsgi [req-4866dd20-1e25-46c0-8fd8-16047ace5be1 req-36d04ae9-4acf-4a57-8381-bd9370e5adeb 3785aea7e1f640a7b2d99b26c57eedaa 0cae20e70bcd468f84bad8d4fc779003 - - 6450f0b6ed4541389d231ead7c59a18a 6450f0b6ed4541389d231ead7c59a18a] 199.204.45.227 "GET /v2.0/networks/8d4e3d19-8736-439d-911e-d344613fa2a6?fields=provider%3Aphysical_network&fields=provider%3Anetwork_type HTTP/1.1" status: 200 len: 277 time: 0.0780017
2026-05-09 18:02:46.327 9 INFO neutron.db.ovn_revision_numbers_db [None req-d1a155e6-ab76-4b36-816d-d403caf0dd8a ea89e7e497504e9b8ef74c7b104b887b 021e6e64933346e3a82ef083ff402603 - - default default] Successfully bumped revision number for resource 30f2969b-1b4d-4469-9080-ed42560bffc9 (type: networks) to 1
2026-05-09 18:02:46.397 10 INFO neutron.wsgi [req-0c46e91d-3425-4220-b4c3-a8776420b5f9 req-22ceff0c-4698-428b-b8aa-d15b40bc2eb8 a6bf8b2ab671467797d48adf65a3471d c916e9a1c9164b318371b76b05747059 - - default default] 10.0.0.48 "GET /v2.0/ports?device_id=1d9168f6-9327-4668-9258-4043e2a231a8 HTTP/1.1" status: 200 len: 1174 time: 0.0459263
2026-05-09 18:02:46.399 10 INFO neutron.db.ovn_revision_numbers_db [None req-3a66b626-de94-4ee7-9057-743e014c3839 - - - - - -] Successfully bumped revision number for resource cac3bc4f-8887-4fdc-aea3-e98639301f85 (type: ports) to 4
2026-05-09 18:02:46.532 9 WARNING neutron.scheduler.dhcp_agent_scheduler [None req-d1a155e6-ab76-4b36-816d-d403caf0dd8a ea89e7e497504e9b8ef74c7b104b887b 021e6e64933346e3a82ef083ff402603 - - default default] No more DHCP agents
2026-05-09 18:02:46.533 10 INFO neutron.services.segments.plugin [-] Segment 82c8de94-3220-4a1a-b488-31b252e59ecf resource provider aggregate not found
2026-05-09 18:02:46.535 9 WARNING neutron.api.rpc.agentnotifiers.dhcp_rpc_agent_api [None req-d1a155e6-ab76-4b36-816d-d403caf0dd8a ea89e7e497504e9b8ef74c7b104b887b 021e6e64933346e3a82ef083ff402603 - - default default] Unable to schedule network 30f2969b-1b4d-4469-9080-ed42560bffc9: no agents available; will retry on subsequent port and subnet creation events.
2026-05-09 18:02:46.541 10 INFO neutron.wsgi [req-0c46e91d-3425-4220-b4c3-a8776420b5f9 req-92788398-5b09-42cf-ad19-200aa624a83b a6bf8b2ab671467797d48adf65a3471d c916e9a1c9164b318371b76b05747059 - - default default] 10.0.0.48 "GET /v2.0/security-groups?id=eed87c9c-17e0-480f-a86d-8eb1246453d7&fields=id&fields=name HTTP/1.1" status: 200 len: 313 time: 0.1347008
2026-05-09 18:02:46.543 10 INFO neutron.services.segments.plugin [-] Segment 82c8de94-3220-4a1a-b488-31b252e59ecf resource provider aggregate not found
2026-05-09 18:02:46.560 10 INFO neutron.services.segments.plugin [-] Segment 82c8de94-3220-4a1a-b488-31b252e59ecf resource provider not found; error: Placement Client Error (4xx): {"errors": [{"status": 404, "title": "Not Found", "detail": "The resource could not be found.\n\n No resource provider with uuid 82c8de94-3220-4a1a-b488-31b252e59ecf found for delete ", "request_id": "req-f2c2aa34-24b4-436c-8aa0-a40194488a03"}]}
2026-05-09 18:02:46.564 10 INFO neutron.services.segments.plugin [-] Segment 82c8de94-3220-4a1a-b488-31b252e59ecf resource provider not found; error: Placement Client Error (4xx): {"errors": [{"status": 404, "title": "Not Found", "detail": "The resource could not be found.\n\n No resource provider with uuid 82c8de94-3220-4a1a-b488-31b252e59ecf found for delete ", "request_id": "req-a9f4cf6c-556c-4416-9ced-9b67c7c25ae7"}]}
2026-05-09 18:02:46.593 10 INFO neutron.wsgi [None req-321ed026-e5a2-49d6-af50-76e4e39e0701 44fc0f32258c4616b9bdd9e5f18ce07b 3d7c187ea12c4e0f9e7a25fa71142de9 - - default default] 10.0.0.132 "DELETE /v2.0/networks/d3543aee-bca1-4856-9f83-86eb40710876 HTTP/1.1" status: 204 len: 168 time: 0.6460843 /var/lib/openstack/lib/python3.10/site-packages/pycadf/identifier.py:71: UserWarning: Invalid uuid: neutron. To ensure interoperability, identifiers should be a valid uuid. warnings.warn(('Invalid uuid: %s. To ensure interoperability, '
2026-05-09 18:02:46.648 9 INFO neutron.db.ovn_revision_numbers_db [None req-d1a155e6-ab76-4b36-816d-d403caf0dd8a ea89e7e497504e9b8ef74c7b104b887b 021e6e64933346e3a82ef083ff402603 - - default default] Successfully bumped revision number for resource d53956f8-ef48-4d73-af54-d98c7332b333 (type: ports) to 1
2026-05-09 18:02:46.671 9 INFO neutron.wsgi [None req-d1a155e6-ab76-4b36-816d-d403caf0dd8a ea89e7e497504e9b8ef74c7b104b887b 021e6e64933346e3a82ef083ff402603 - - default default] 10.0.0.132 "POST /v2.0/networks HTTP/1.1" status: 201 len: 843 time: 0.6222682
2026-05-09 18:02:46.698 10 INFO neutron.db.segments_db [None req-a95f3df0-42ce-4af5-b9c7-0b4cbed6559c 44fc0f32258c4616b9bdd9e5f18ce07b 3d7c187ea12c4e0f9e7a25fa71142de9 - - default default] Added segment aeddcd4e-4482-4f36-a345-f0f1d2020d84 of type geneve for network a2175c82-8d1b-49af-a47e-07a3845466d0
2026-05-09 18:02:46.838 10 INFO neutron.db.ovn_revision_numbers_db [None req-a95f3df0-42ce-4af5-b9c7-0b4cbed6559c 44fc0f32258c4616b9bdd9e5f18ce07b 3d7c187ea12c4e0f9e7a25fa71142de9 - - default default] Successfully bumped revision number for resource a2175c82-8d1b-49af-a47e-07a3845466d0 (type: networks) to 1
2026-05-09 18:02:46.888 9 INFO neutron.db.ovn_revision_numbers_db [None req-1b0232fd-f2b8-4d49-9f56-ef5f23a87adc ea89e7e497504e9b8ef74c7b104b887b 021e6e64933346e3a82ef083ff402603 - - default default] Successfully bumped revision number for resource 30f2969b-1b4d-4469-9080-ed42560bffc9 (type: networks) to 2
2026-05-09 18:02:46.895 9 INFO neutron.wsgi [None req-1b0232fd-f2b8-4d49-9f56-ef5f23a87adc ea89e7e497504e9b8ef74c7b104b887b 021e6e64933346e3a82ef083ff402603 - - default default] 10.0.0.132 "PUT /v2.0/networks/30f2969b-1b4d-4469-9080-ed42560bffc9 HTTP/1.1" status: 200 len: 792 time: 0.2149198
2026-05-09 18:02:47.097 10 WARNING neutron.scheduler.dhcp_agent_scheduler [None req-a95f3df0-42ce-4af5-b9c7-0b4cbed6559c 44fc0f32258c4616b9bdd9e5f18ce07b 3d7c187ea12c4e0f9e7a25fa71142de9 - - default default] No more DHCP agents
2026-05-09 18:02:47.102 10 WARNING neutron.api.rpc.agentnotifiers.dhcp_rpc_agent_api [None req-a95f3df0-42ce-4af5-b9c7-0b4cbed6559c 44fc0f32258c4616b9bdd9e5f18ce07b 3d7c187ea12c4e0f9e7a25fa71142de9 - - default default] Unable to schedule network a2175c82-8d1b-49af-a47e-07a3845466d0: no agents available; will retry on subsequent port and subnet creation events.
2026-05-09 18:02:47.204 10 INFO neutron.db.ovn_revision_numbers_db [None req-a95f3df0-42ce-4af5-b9c7-0b4cbed6559c 44fc0f32258c4616b9bdd9e5f18ce07b 3d7c187ea12c4e0f9e7a25fa71142de9 - - default default] Successfully bumped revision number for resource bc286709-8d55-4420-99fb-2c111d85a3d1 (type: ports) to 1
2026-05-09 18:02:47.236 10 INFO neutron.wsgi [None req-a95f3df0-42ce-4af5-b9c7-0b4cbed6559c 44fc0f32258c4616b9bdd9e5f18ce07b 3d7c187ea12c4e0f9e7a25fa71142de9 - - default default] 10.0.0.132 "POST /v2.0/networks HTTP/1.1" status: 201 len: 833 time: 0.6332202
2026-05-09 18:02:47.242 10 WARNING neutron.scheduler.dhcp_agent_scheduler [None req-76b0c0ed-dda7-4981-86e5-6315ade2e3b4 ea89e7e497504e9b8ef74c7b104b887b 021e6e64933346e3a82ef083ff402603 - - default default] No more DHCP agents
2026-05-09 18:02:47.256 10 WARNING neutron.api.rpc.agentnotifiers.dhcp_rpc_agent_api [None req-76b0c0ed-dda7-4981-86e5-6315ade2e3b4 ea89e7e497504e9b8ef74c7b104b887b 021e6e64933346e3a82ef083ff402603 - - default default] Unable to schedule network 30f2969b-1b4d-4469-9080-ed42560bffc9: no agents available; will retry on subsequent port and subnet creation events.
2026-05-09 18:02:47.564 10 WARNING neutron.scheduler.dhcp_agent_scheduler [None req-17caeb9d-35ad-47da-ac44-aa51a34b46bf 44fc0f32258c4616b9bdd9e5f18ce07b 3d7c187ea12c4e0f9e7a25fa71142de9 - - default default] No more DHCP agents
2026-05-09 18:02:47.568 10 WARNING neutron.api.rpc.agentnotifiers.dhcp_rpc_agent_api [None req-17caeb9d-35ad-47da-ac44-aa51a34b46bf 44fc0f32258c4616b9bdd9e5f18ce07b 3d7c187ea12c4e0f9e7a25fa71142de9 - - default default] Unable to schedule network a2175c82-8d1b-49af-a47e-07a3845466d0: no agents available; will retry on subsequent port and subnet creation events.
2026-05-09 18:02:47.604 10 INFO neutron.db.ovn_revision_numbers_db [None req-17caeb9d-35ad-47da-ac44-aa51a34b46bf 44fc0f32258c4616b9bdd9e5f18ce07b 3d7c187ea12c4e0f9e7a25fa71142de9 - - default default] Successfully bumped revision number for resource 811d762f-1fb1-4727-bc94-d02503a7dea9 (type: subnets) to 0
2026-05-09 18:02:47.638 10 INFO neutron.wsgi [None req-17caeb9d-35ad-47da-ac44-aa51a34b46bf 44fc0f32258c4616b9bdd9e5f18ce07b 3d7c187ea12c4e0f9e7a25fa71142de9 - - default default] 10.0.0.132 "POST /v2.0/subnets HTTP/1.1" status: 201 len: 821 time: 0.3969831
2026-05-09 18:02:47.988 10 INFO neutron.wsgi [req-4c7fd20d-48c2-46d9-9042-cae25259d4cd req-c637865c-e62f-4cf1-9230-bd78739a40f2 a6bf8b2ab671467797d48adf65a3471d c916e9a1c9164b318371b76b05747059 - - default default] 10.0.0.48 "GET /v2.0/ports?device_id=1d9168f6-9327-4668-9258-4043e2a231a8 HTTP/1.1" status: 200 len: 1174 time: 0.3666213
2026-05-09 18:02:48.040 10 INFO neutron.wsgi [req-4c7fd20d-48c2-46d9-9042-cae25259d4cd req-a232a32f-5f19-41f4-a65b-6b792c5a8570 a6bf8b2ab671467797d48adf65a3471d c916e9a1c9164b318371b76b05747059 - - default default] 10.0.0.48 "GET /v2.0/security-groups?id=eed87c9c-17e0-480f-a86d-8eb1246453d7&fields=id&fields=name HTTP/1.1" status: 200 len: 313 time: 0.0416977
2026-05-09 18:02:48.115 10 INFO neutron.db.ovn_revision_numbers_db [None req-76b0c0ed-dda7-4981-86e5-6315ade2e3b4 ea89e7e497504e9b8ef74c7b104b887b 021e6e64933346e3a82ef083ff402603 - - default default] Successfully bumped revision number for resource d53956f8-ef48-4d73-af54-d98c7332b333 (type: ports) to 2
2026-05-09 18:02:48.155 10 INFO neutron.wsgi [req-483e469c-070c-46f9-bc88-709f6253aaa9 req-12c79ef0-a258-4d92-9aed-825474667856 a6bf8b2ab671467797d48adf65a3471d c916e9a1c9164b318371b76b05747059 - - default default] 10.0.0.48 "GET /v2.0/ports?device_id=1d9168f6-9327-4668-9258-4043e2a231a8 HTTP/1.1" status: 200 len: 1174 time: 0.0474963
2026-05-09 18:02:48.168 10 INFO neutron.notifiers.nova [-] Nova event matching ['req-11ccb375-30d6-4212-95cd-e158d7d6dbf0'] response: {'server_uuid': '1d9168f6-9327-4668-9258-4043e2a231a8', 'name': 'network-vif-plugged', 'status': 'completed', 'tag': 'cac3bc4f-8887-4fdc-aea3-e98639301f85', 'code': 200}
2026-05-09 18:02:48.179 10 INFO neutron.db.ovn_revision_numbers_db [None req-76b0c0ed-dda7-4981-86e5-6315ade2e3b4 ea89e7e497504e9b8ef74c7b104b887b 021e6e64933346e3a82ef083ff402603 - - default default] Successfully bumped revision number for resource 73af2b05-d45f-4c19-80fd-d28ad1b47886 (type: subnets) to 0
2026-05-09 18:02:48.179 9 WARNING neutron.scheduler.dhcp_agent_scheduler [None req-fcfce1fa-2f0b-4127-846c-14c01a17d41e 44fc0f32258c4616b9bdd9e5f18ce07b 3d7c187ea12c4e0f9e7a25fa71142de9 - - default default] No more DHCP agents
2026-05-09 18:02:48.182 9 WARNING neutron.api.rpc.agentnotifiers.dhcp_rpc_agent_api [None req-fcfce1fa-2f0b-4127-846c-14c01a17d41e 44fc0f32258c4616b9bdd9e5f18ce07b 3d7c187ea12c4e0f9e7a25fa71142de9 - - default default] Unable to schedule network a2175c82-8d1b-49af-a47e-07a3845466d0: no agents available; will retry on subsequent port and subnet creation events.
2026-05-09 18:02:48.194 10 INFO neutron.wsgi [None req-76b0c0ed-dda7-4981-86e5-6315ade2e3b4 ea89e7e497504e9b8ef74c7b104b887b 021e6e64933346e3a82ef083ff402603 - - default default] 10.0.0.132 "POST /v2.0/subnets HTTP/1.1" status: 201 len: 801 time: 1.2917435
2026-05-09 18:02:48.211 10 INFO neutron.wsgi [req-483e469c-070c-46f9-bc88-709f6253aaa9 req-e77bf46e-763f-435c-b65e-f65381ea674c a6bf8b2ab671467797d48adf65a3471d c916e9a1c9164b318371b76b05747059 - - default default] 10.0.0.48 "GET /v2.0/security-groups?id=eed87c9c-17e0-480f-a86d-8eb1246453d7&fields=id&fields=name HTTP/1.1" status: 200 len: 313 time: 0.0478187
2026-05-09 18:02:48.272 10 INFO neutron.wsgi [None req-5b27516d-cdce-4118-a4bb-29596e6671e7 292745e763b74953abb1ad71cd80156c 48ed7ef774c14c9387875c53fa78a36e - - default default] 10.0.0.132 "GET /v2.0/ports?device_id=1d9168f6-9327-4668-9258-4043e2a231a8 HTTP/1.1" status: 200 len: 1408 time: 0.0334740
2026-05-09 18:02:48.326 9 INFO neutron.db.ovn_revision_numbers_db [None req-fcfce1fa-2f0b-4127-846c-14c01a17d41e 44fc0f32258c4616b9bdd9e5f18ce07b 3d7c187ea12c4e0f9e7a25fa71142de9 - - default default] Successfully bumped revision number for resource f488a358-f2da-4718-b32c-5a8147074b2b (type: ports) to 1
2026-05-09 18:02:48.357 9 INFO neutron.wsgi [None req-fcfce1fa-2f0b-4127-846c-14c01a17d41e 44fc0f32258c4616b9bdd9e5f18ce07b 3d7c187ea12c4e0f9e7a25fa71142de9 - - default default] 10.0.0.132 "POST /v2.0/ports HTTP/1.1" status: 201 len: 1127 time: 0.7121520
2026-05-09 18:02:48.541 9 INFO neutron.db.ovn_revision_numbers_db [None req-0c105695-80d3-42a0-9771-fb18b84a3994 ea89e7e497504e9b8ef74c7b104b887b 021e6e64933346e3a82ef083ff402603 - - default default] Successfully bumped revision number for resource 73af2b05-d45f-4c19-80fd-d28ad1b47886 (type: subnets) to 1
2026-05-09 18:02:48.545 9 INFO neutron.wsgi [None req-0c105695-80d3-42a0-9771-fb18b84a3994 ea89e7e497504e9b8ef74c7b104b887b 021e6e64933346e3a82ef083ff402603 - - default default] 10.0.0.132 "PUT /v2.0/subnets/73af2b05-d45f-4c19-80fd-d28ad1b47886 HTTP/1.1" status: 200 len: 806 time: 0.3405366
2026-05-09 18:02:48.626 10 WARNING neutron.scheduler.dhcp_agent_scheduler [None req-0049bbd5-9f20-48f3-996c-5641475773e8 a6bf8b2ab671467797d48adf65a3471d c916e9a1c9164b318371b76b05747059 - - default default] No more DHCP agents
2026-05-09 18:02:48.630 10 WARNING neutron.api.rpc.agentnotifiers.dhcp_rpc_agent_api [None req-0049bbd5-9f20-48f3-996c-5641475773e8 a6bf8b2ab671467797d48adf65a3471d c916e9a1c9164b318371b76b05747059 - - default default] Unable to schedule network 88e7bb26-a568-4093-80fc-6ec43b37b557: no agents available; will retry on subsequent port and subnet creation events.
2026-05-09 18:02:48.735 10 INFO neutron.wsgi [None req-1c3e148e-d468-451b-b659-b2d4179284b9 44fc0f32258c4616b9bdd9e5f18ce07b 3d7c187ea12c4e0f9e7a25fa71142de9 - - default default] 10.0.0.132 "DELETE /v2.0/ports/f488a358-f2da-4718-b32c-5a8147074b2b HTTP/1.1" status: 204 len: 168 time: 0.3727806
2026-05-09 18:02:48.759 10 INFO neutron.pecan_wsgi.hooks.translation [None req-7e79aa05-c555-41f7-9d5e-032f0ba2bff9 44fc0f32258c4616b9bdd9e5f18ce07b 3d7c187ea12c4e0f9e7a25fa71142de9 - - default default] GET failed (client error): The resource could not be found.
2026-05-09 18:02:48.761 10 INFO neutron.wsgi [None req-7e79aa05-c555-41f7-9d5e-032f0ba2bff9 44fc0f32258c4616b9bdd9e5f18ce07b 3d7c187ea12c4e0f9e7a25fa71142de9 - - default default] 10.0.0.132 "GET /v2.0/ports/f488a358-f2da-4718-b32c-5a8147074b2b HTTP/1.1" status: 404 len: 333 time: 0.0195348
2026-05-09 18:02:49.015 9 INFO neutron.wsgi [None req-a4fd7569-5cd0-4094-bb65-9f242975f755 44fc0f32258c4616b9bdd9e5f18ce07b 3d7c187ea12c4e0f9e7a25fa71142de9 - - default default] 10.0.0.132 "DELETE /v2.0/subnets/811d762f-1fb1-4727-bc94-d02503a7dea9 HTTP/1.1" status: 204 len: 168 time: 0.2498617
2026-05-09 18:02:49.122 10 INFO neutron.db.l3_db [None req-0049bbd5-9f20-48f3-996c-5641475773e8 a6bf8b2ab671467797d48adf65a3471d c916e9a1c9164b318371b76b05747059 - - default default] Floating IP a46846ad-1291-4dfb-b94b-c09bf78d2b26 associated. External IP: 10.96.250.216, port: cac3bc4f-8887-4fdc-aea3-e98639301f85.
2026-05-09 18:02:49.133 9 INFO neutron.services.segments.plugin [-] Segment bb1ac9bb-4e10-44ee-a4bd-8e6a41916cf2 resource provider aggregate not found
2026-05-09 18:02:49.138 9 INFO neutron.services.segments.plugin [-] Segment bb1ac9bb-4e10-44ee-a4bd-8e6a41916cf2 resource provider aggregate not found
2026-05-09 18:02:49.156 9 INFO neutron.services.segments.plugin [-] Segment bb1ac9bb-4e10-44ee-a4bd-8e6a41916cf2 resource provider not found; error: Placement Client Error (4xx): {"errors": [{"status": 404, "title": "Not Found", "detail": "The resource could not be found.\n\n No resource provider with uuid bb1ac9bb-4e10-44ee-a4bd-8e6a41916cf2 found for delete ", "request_id": "req-783d51c9-83d2-4ae4-abe2-bf58f0542e6d"}]}
2026-05-09 18:02:49.158 9 INFO neutron.services.segments.plugin [-] Segment bb1ac9bb-4e10-44ee-a4bd-8e6a41916cf2 resource provider not found; error: Placement Client Error (4xx): {"errors": [{"status": 404, "title": "Not Found", "detail": "The resource could not be found.\n\n No resource provider with uuid bb1ac9bb-4e10-44ee-a4bd-8e6a41916cf2 found for delete ", "request_id": "req-bbf1298c-60a4-4ff2-ba25-798da8ba3593"}]}
2026-05-09 18:02:49.181 9 INFO neutron.wsgi [None req-20175049-9dba-4f1e-95e3-e8b9ef57d062 ea89e7e497504e9b8ef74c7b104b887b 021e6e64933346e3a82ef083ff402603 - - default default] 10.0.0.132 "DELETE /v2.0/networks/30f2969b-1b4d-4469-9080-ed42560bffc9 HTTP/1.1" status: 204 len: 168 time: 0.6291292
2026-05-09 18:02:49.216 10 INFO neutron.pecan_wsgi.hooks.translation [None req-2e488a74-6adc-4fa8-9ed1-118458518d1d ea89e7e497504e9b8ef74c7b104b887b 021e6e64933346e3a82ef083ff402603 - - default default] DELETE failed (client error): The resource could not be found.
2026-05-09 18:02:49.218 10 INFO neutron.wsgi [None req-2e488a74-6adc-4fa8-9ed1-118458518d1d ea89e7e497504e9b8ef74c7b104b887b 021e6e64933346e3a82ef083ff402603 - - default default] 10.0.0.132 "DELETE /v2.0/networks/30f2969b-1b4d-4469-9080-ed42560bffc9 HTTP/1.1" status: 404 len: 339 time: 0.0297294
2026-05-09 18:02:49.321 9 INFO neutron.wsgi [None req-b4ae71ae-5f5e-4c62-8888-b1e0f41c2736 ea89e7e497504e9b8ef74c7b104b887b 021e6e64933346e3a82ef083ff402603 - - default default] 10.0.0.132 "GET /v2.0/networks?router%3Aexternal=True HTTP/1.1" status: 200 len: 845 time: 0.0973551
2026-05-09 18:02:49.404 10 INFO neutron.wsgi [None req-50147af5-ec67-4b90-a0f2-8fff9a36bfcd ea89e7e497504e9b8ef74c7b104b887b 021e6e64933346e3a82ef083ff402603 - - default default] 10.0.0.132 "GET /v2.0/subnets?network_id=88e7bb26-a568-4093-80fc-6ec43b37b557 HTTP/1.1" status: 200 len: 820 time: 0.0730698 /var/lib/openstack/lib/python3.10/site-packages/pycadf/identifier.py:71: UserWarning: Invalid uuid: neutron. To ensure interoperability, identifiers should be a valid uuid. warnings.warn(('Invalid uuid: %s. To ensure interoperability, '
2026-05-09 18:02:49.418 9 INFO neutron.wsgi [None req-9e36e507-fc84-42ba-83d6-bef91acfb422 ea89e7e497504e9b8ef74c7b104b887b 021e6e64933346e3a82ef083ff402603 - - default default] 10.0.0.132 "GET /v2.0/extensions HTTP/1.1" status: 200 len: 16520 time: 0.0085289
2026-05-09 18:02:49.420 10 INFO neutron.db.ovn_revision_numbers_db [None req-0049bbd5-9f20-48f3-996c-5641475773e8 a6bf8b2ab671467797d48adf65a3471d c916e9a1c9164b318371b76b05747059 - - default default] Successfully bumped revision number for resource a46846ad-1291-4dfb-b94b-c09bf78d2b26 (type: floatingips) to 0
2026-05-09 18:02:49.504 9 INFO neutron.wsgi [None req-0d14fcb9-547f-4068-bafb-1b3ea3730e81 ea89e7e497504e9b8ef74c7b104b887b 021e6e64933346e3a82ef083ff402603 - - default default] 10.0.0.132 "GET /v2.0/networks HTTP/1.1" status: 200 len: 1504 time: 0.0805473
2026-05-09 18:02:49.552 9 INFO neutron.wsgi [None req-16481c27-6d5a-42d0-84f5-1bfa447e7870 ea89e7e497504e9b8ef74c7b104b887b 021e6e64933346e3a82ef083ff402603 - - default default] 10.0.0.132 "GET /v2.0/subnets HTTP/1.1" status: 200 len: 1428 time: 0.0412843
2026-05-09 18:02:49.569 10 INFO neutron.services.segments.plugin [-] Segment aeddcd4e-4482-4f36-a345-f0f1d2020d84 resource provider aggregate not found
2026-05-09 18:02:49.574 10 INFO neutron.services.segments.plugin [-] Segment aeddcd4e-4482-4f36-a345-f0f1d2020d84 resource provider aggregate not found
2026-05-09 18:02:49.605 10 INFO neutron.services.segments.plugin [-] Segment aeddcd4e-4482-4f36-a345-f0f1d2020d84 resource provider not found; error: Placement Client Error (4xx): {"errors": [{"status": 404, "title": "Not Found", "detail": "The resource could not be found.\n\n No resource provider with uuid aeddcd4e-4482-4f36-a345-f0f1d2020d84 found for delete ", "request_id": "req-a9af8c67-3eb0-4c57-a9ec-b8f6ca0feb4a"}]}
2026-05-09 18:02:49.606 10 INFO neutron.services.segments.plugin [-] Segment aeddcd4e-4482-4f36-a345-f0f1d2020d84 resource provider not found; error: Placement Client Error (4xx): {"errors": [{"status": 404, "title": "Not Found", "detail": "The resource could not be found.\n\n No resource provider with uuid aeddcd4e-4482-4f36-a345-f0f1d2020d84 found for delete ", "request_id": "req-257a44c7-a7c4-4259-ad15-98ab524c8e6a"}]}
2026-05-09 18:02:49.626 10 INFO neutron.db.ovn_revision_numbers_db [None req-0049bbd5-9f20-48f3-996c-5641475773e8 a6bf8b2ab671467797d48adf65a3471d c916e9a1c9164b318371b76b05747059 - - default default] Successfully bumped revision number for resource a46846ad-1291-4dfb-b94b-c09bf78d2b26 (type: floatingips) to 1
2026-05-09 18:02:49.641 10 INFO neutron.wsgi [None req-78d44fe9-bf62-4de1-9e79-250523ebc6dd 44fc0f32258c4616b9bdd9e5f18ce07b 3d7c187ea12c4e0f9e7a25fa71142de9 - - default default] 10.0.0.132 "DELETE /v2.0/networks/a2175c82-8d1b-49af-a47e-07a3845466d0 HTTP/1.1" status: 204 len: 168 time: 0.6198580
2026-05-09 18:02:49.670 9 INFO neutron.wsgi [None req-1d2b3a8b-2b83-4c0b-9d3f-e1e7eb8ec65b ea89e7e497504e9b8ef74c7b104b887b 021e6e64933346e3a82ef083ff402603 - - default default] 10.0.0.132 "GET /v2.0/networks/6d975e1b-4ae5-453d-8dde-568c8aa98d7c HTTP/1.1" status: 200 len: 863 time: 0.1056209
2026-05-09 18:02:49.684 10 INFO neutron.wsgi [None req-0049bbd5-9f20-48f3-996c-5641475773e8 a6bf8b2ab671467797d48adf65a3471d c916e9a1c9164b318371b76b05747059 - - default default] 10.0.0.132 "POST /v2.0/floatingips HTTP/1.1" status: 201 len: 1055 time: 1.4072168
2026-05-09 18:02:49.729 9 INFO neutron.wsgi [None req-087ed16c-b043-4a4d-8d62-649186f37355 ea89e7e497504e9b8ef74c7b104b887b 021e6e64933346e3a82ef083ff402603 - - default default] 10.0.0.132 "GET /v2.0/subnets/affad674-4133-44e8-8030-8cee34b052b2 HTTP/1.1" status: 200 len: 811 time: 0.0526648
2026-05-09 18:02:49.733 10 INFO neutron.wsgi [None req-bcb5f1f1-18fb-413b-bbb9-959fc4cc976c a6bf8b2ab671467797d48adf65a3471d c916e9a1c9164b318371b76b05747059 - - default default] 10.0.0.132 "GET /v2.0/floatingips/a46846ad-1291-4dfb-b94b-c09bf78d2b26 HTTP/1.1" status: 200 len: 1052 time: 0.0434492
2026-05-09 18:02:49.745 10 INFO neutron.pecan_wsgi.hooks.translation [None req-d0968aa1-107c-4dd8-aa52-0d79ade8ce5e ea89e7e497504e9b8ef74c7b104b887b 021e6e64933346e3a82ef083ff402603 - - default default] DELETE failed (client error): The resource could not be found.
2026-05-09 18:02:49.747 10 INFO neutron.wsgi [None req-d0968aa1-107c-4dd8-aa52-0d79ade8ce5e ea89e7e497504e9b8ef74c7b104b887b 021e6e64933346e3a82ef083ff402603 - - default default] 10.0.0.132 "DELETE /v2.0/subnets/73af2b05-d45f-4c19-80fd-d28ad1b47886 HTTP/1.1" status: 404 len: 337 time: 0.0135486
2026-05-09 18:02:49.764 10 INFO neutron.pecan_wsgi.hooks.translation [None req-bf14fc20-e7d4-4a10-a15c-04b291e064b6 ea89e7e497504e9b8ef74c7b104b887b 021e6e64933346e3a82ef083ff402603 - - default default] DELETE failed (client error): The resource could not be found.
2026-05-09 18:02:49.766 10 INFO neutron.wsgi [None req-bf14fc20-e7d4-4a10-a15c-04b291e064b6 ea89e7e497504e9b8ef74c7b104b887b 021e6e64933346e3a82ef083ff402603 - - default default] 10.0.0.132 "DELETE /v2.0/networks/30f2969b-1b4d-4469-9080-ed42560bffc9 HTTP/1.1" status: 404 len: 339 time: 0.0144281
2026-05-09 18:02:49.916 9 WARNING neutron.scheduler.dhcp_agent_scheduler [None req-6325e0d7-dc33-429e-b3c2-315c6985d229 44fc0f32258c4616b9bdd9e5f18ce07b 3d7c187ea12c4e0f9e7a25fa71142de9 - - default default] No more DHCP agents
2026-05-09 18:02:49.918 9 WARNING neutron.api.rpc.agentnotifiers.dhcp_rpc_agent_api [None req-6325e0d7-dc33-429e-b3c2-315c6985d229 44fc0f32258c4616b9bdd9e5f18ce07b 3d7c187ea12c4e0f9e7a25fa71142de9 - - default default] Unable to schedule network c2aeab98-672a-4910-af85-f53cb17f1977: no agents available; will retry on subsequent port and subnet creation events.
2026-05-09 18:02:49.963 10 INFO neutron.wsgi [None req-b30764ae-afa5-46bc-9858-5fd8d4863808 ea89e7e497504e9b8ef74c7b104b887b 021e6e64933346e3a82ef083ff402603 - - default default] 10.0.0.132 "DELETE /v2.0/subnets/affad674-4133-44e8-8030-8cee34b052b2 HTTP/1.1" status: 204 len: 168 time: 0.1916869 /var/lib/openstack/lib/python3.10/site-packages/pycadf/identifier.py:71: UserWarning: Invalid uuid: neutron. To ensure interoperability, identifiers should be a valid uuid. warnings.warn(('Invalid uuid: %s. To ensure interoperability, '
2026-05-09 18:02:50.020 9 INFO neutron.db.ovn_revision_numbers_db [None req-6325e0d7-dc33-429e-b3c2-315c6985d229 44fc0f32258c4616b9bdd9e5f18ce07b 3d7c187ea12c4e0f9e7a25fa71142de9 - - default default] Successfully bumped revision number for resource 236d8f75-d7e6-4146-9dd4-00d0f1bf6b6f (type: ports) to 1
2026-05-09 18:02:50.050 9 INFO neutron.wsgi [None req-6325e0d7-dc33-429e-b3c2-315c6985d229 44fc0f32258c4616b9bdd9e5f18ce07b 3d7c187ea12c4e0f9e7a25fa71142de9 - - default default] 10.0.0.132 "POST /v2.0/ports HTTP/1.1" status: 201 len: 977 time: 0.4021852
2026-05-09 18:02:50.206 10 INFO neutron.notifiers.nova [-] Nova event matching ['req-bed488fe-9e76-430d-a5f0-c3f56ad9ada2'] response: {'name': 'network-changed', 'server_uuid': '1d9168f6-9327-4668-9258-4043e2a231a8', 'tag': 'cac3bc4f-8887-4fdc-aea3-e98639301f85', 'status': 'completed', 'code': 200}
2026-05-09 18:02:50.277 9 INFO neutron.wsgi [req-53c34ffa-cacd-4824-a17a-fade08ff054c req-11fbee6d-7086-4113-bbaa-ac5f181015ce 3785aea7e1f640a7b2d99b26c57eedaa 0cae20e70bcd468f84bad8d4fc779003 - - 6450f0b6ed4541389d231ead7c59a18a 6450f0b6ed4541389d231ead7c59a18a] 199.204.45.227 "GET /v2.0/ports?tenant_id=c916e9a1c9164b318371b76b05747059&device_id=1d9168f6-9327-4668-9258-4043e2a231a8 HTTP/1.1" status: 200 len: 1413 time: 0.0485446
2026-05-09 18:02:50.287 9 INFO neutron.plugins.ml2.drivers.ovn.mech_driver.mech_driver [None req-606e43d8-c699-4cc4-b824-d32feb3342e7 - - - - - -] OVN reports status down for port: 236d8f75-d7e6-4146-9dd4-00d0f1bf6b6f
2026-05-09 18:02:50.341 10 INFO neutron.db.ovn_revision_numbers_db [None req-2c1fbefb-5161-40db-a07d-5c4996fbfa9c 44fc0f32258c4616b9bdd9e5f18ce07b 3d7c187ea12c4e0f9e7a25fa71142de9 - - default default] Successfully bumped revision number for resource 236d8f75-d7e6-4146-9dd4-00d0f1bf6b6f (type: ports) to 2
2026-05-09 18:02:50.355 10 INFO neutron.wsgi [None req-2c1fbefb-5161-40db-a07d-5c4996fbfa9c 44fc0f32258c4616b9bdd9e5f18ce07b 3d7c187ea12c4e0f9e7a25fa71142de9 - - default default] 10.0.0.132 "PUT /v2.0/ports/236d8f75-d7e6-4146-9dd4-00d0f1bf6b6f HTTP/1.1" status: 200 len: 946 time: 0.2990384 /var/lib/openstack/lib/python3.10/site-packages/pycadf/identifier.py:71: UserWarning: Invalid uuid: neutron. To ensure interoperability, identifiers should be a valid uuid. warnings.warn(('Invalid uuid: %s. To ensure interoperability, '
2026-05-09 18:02:50.401 9 INFO neutron.wsgi [req-53c34ffa-cacd-4824-a17a-fade08ff054c req-fc308eb7-5712-4b84-a24a-bffd4bef0c10 3785aea7e1f640a7b2d99b26c57eedaa 0cae20e70bcd468f84bad8d4fc779003 - - 6450f0b6ed4541389d231ead7c59a18a 6450f0b6ed4541389d231ead7c59a18a] 199.204.45.227 "GET /v2.0/networks?id=8d4e3d19-8736-439d-911e-d344613fa2a6 HTTP/1.1" status: 200 len: 958 time: 0.1140852
2026-05-09 18:02:50.440 9 INFO neutron.wsgi [None req-f22e5121-4c91-4b4b-9cad-00f6b8c538f9 ea89e7e497504e9b8ef74c7b104b887b 021e6e64933346e3a82ef083ff402603 - - default default] 10.0.0.132 "DELETE /v2.0/networks/6d975e1b-4ae5-453d-8dde-568c8aa98d7c HTTP/1.1" status: 204 len: 168 time: 0.4705725
2026-05-09 18:02:50.457 9 INFO neutron.wsgi [req-53c34ffa-cacd-4824-a17a-fade08ff054c req-5cf6d706-4406-4d09-b635-d5d0bd467499 3785aea7e1f640a7b2d99b26c57eedaa 0cae20e70bcd468f84bad8d4fc779003 - - 6450f0b6ed4541389d231ead7c59a18a 6450f0b6ed4541389d231ead7c59a18a] 199.204.45.227 "GET /v2.0/floatingips?fixed_ip_address=10.100.0.11&port_id=cac3bc4f-8887-4fdc-aea3-e98639301f85 HTTP/1.1" status: 200 len: 1060 time: 0.0484703
2026-05-09 18:02:50.494 9 INFO neutron.wsgi [req-53c34ffa-cacd-4824-a17a-fade08ff054c req-e0307ff7-f593-44f3-b8fa-43d3734d32fe 3785aea7e1f640a7b2d99b26c57eedaa 0cae20e70bcd468f84bad8d4fc779003 - - 6450f0b6ed4541389d231ead7c59a18a 6450f0b6ed4541389d231ead7c59a18a] 199.204.45.227 "GET /v2.0/subnets?id=84ca7382-76eb-45f5-b01b-4c38a8436604 HTTP/1.1" status: 200 len: 851 time: 0.0325024
2026-05-09 18:02:50.526 9 INFO neutron.wsgi [req-53c34ffa-cacd-4824-a17a-fade08ff054c req-9b32d019-9164-4541-b4e4-c14e0c129b3f 3785aea7e1f640a7b2d99b26c57eedaa 0cae20e70bcd468f84bad8d4fc779003 - - 6450f0b6ed4541389d231ead7c59a18a 6450f0b6ed4541389d231ead7c59a18a] 199.204.45.227 "GET /v2.0/ports?network_id=8d4e3d19-8736-439d-911e-d344613fa2a6&device_owner=network%3Adhcp HTTP/1.1" status: 200 len: 210 time: 0.0246420
2026-05-09 18:02:50.588 10 INFO neutron.wsgi [None req-cb09b5dc-ce64-4b32-b56d-23a2f31f8b7c 44fc0f32258c4616b9bdd9e5f18ce07b 3d7c187ea12c4e0f9e7a25fa71142de9 - - default default] 10.0.0.132 "DELETE /v2.0/ports/236d8f75-d7e6-4146-9dd4-00d0f1bf6b6f HTTP/1.1" status: 204 len: 168 time: 0.2267656
2026-05-09 18:02:50.606 9 INFO neutron.wsgi [req-53c34ffa-cacd-4824-a17a-fade08ff054c req-f38e05e9-f6cc-47b9-918c-b34845e4b008 3785aea7e1f640a7b2d99b26c57eedaa 0cae20e70bcd468f84bad8d4fc779003 - - 6450f0b6ed4541389d231ead7c59a18a 6450f0b6ed4541389d231ead7c59a18a] 199.204.45.227 "GET /v2.0/networks/8d4e3d19-8736-439d-911e-d344613fa2a6?fields=segments HTTP/1.1" status: 200 len: 212 time: 0.0724244
2026-05-09 18:02:50.662 10 INFO neutron.wsgi [None req-5c26679f-5efa-4b75-a839-cdab08baf672 44fc0f32258c4616b9bdd9e5f18ce07b 3d7c187ea12c4e0f9e7a25fa71142de9 - - default default] 10.0.0.132 "GET /v2.0/ports HTTP/1.1" status: 200 len: 1732 time: 0.0706129
2026-05-09 18:02:50.674 9 INFO neutron.wsgi [req-53c34ffa-cacd-4824-a17a-fade08ff054c req-5f26a014-3359-46d5-842a-a0dfeae7096c 3785aea7e1f640a7b2d99b26c57eedaa 0cae20e70bcd468f84bad8d4fc779003 - - 6450f0b6ed4541389d231ead7c59a18a 6450f0b6ed4541389d231ead7c59a18a] 199.204.45.227 "GET /v2.0/networks/8d4e3d19-8736-439d-911e-d344613fa2a6?fields=provider%3Aphysical_network&fields=provider%3Anetwork_type HTTP/1.1" status: 200 len: 277 time: 0.0608568
2026-05-09 18:02:50.691 10 INFO neutron.pecan_wsgi.hooks.translation [None req-a6cfc278-71a2-4256-8ebf-77e05afe61e2 44fc0f32258c4616b9bdd9e5f18ce07b 3d7c187ea12c4e0f9e7a25fa71142de9 - - default default] GET failed (client error): The resource could not be found.
2026-05-09 18:02:50.693 10 INFO neutron.wsgi [None req-a6cfc278-71a2-4256-8ebf-77e05afe61e2 44fc0f32258c4616b9bdd9e5f18ce07b 3d7c187ea12c4e0f9e7a25fa71142de9 - - default default] 10.0.0.132 "GET /v2.0/ports/236d8f75-d7e6-4146-9dd4-00d0f1bf6b6f HTTP/1.1" status: 404 len: 333 time: 0.0264492
2026-05-09 18:02:50.748 10 INFO neutron.wsgi [None req-4e57af29-a50a-465f-8040-7249bb85ef52 44fc0f32258c4616b9bdd9e5f18ce07b 3d7c187ea12c4e0f9e7a25fa71142de9 - - default default] 10.0.0.132 "GET /v2.0/ports HTTP/1.1" status: 200 len: 1732 time: 0.0477192
2026-05-09 18:02:50.784 10 INFO neutron.wsgi [None req-314a2207-d1b2-41d8-85cc-0b6e7abefd56 44fc0f32258c4616b9bdd9e5f18ce07b 3d7c187ea12c4e0f9e7a25fa71142de9 - - default default] 10.0.0.132 "GET /v2.0/ports/fe754eff-4174-4614-b65d-3d5fb5cb34b0 HTTP/1.1" status: 200 len: 972 time: 0.0314944
2026-05-09 18:02:50.807 10 INFO neutron.pecan_wsgi.hooks.translation [None req-aea6a21c-6f8a-446f-ab83-ec1ae13ee990 44fc0f32258c4616b9bdd9e5f18ce07b 3d7c187ea12c4e0f9e7a25fa71142de9 - - default default] DELETE failed (client error): The resource could not be found.
2026-05-09 18:02:50.810 10 INFO neutron.wsgi [None req-aea6a21c-6f8a-446f-ab83-ec1ae13ee990 44fc0f32258c4616b9bdd9e5f18ce07b 3d7c187ea12c4e0f9e7a25fa71142de9 - - default default] 10.0.0.132 "DELETE /v2.0/ports/f488a358-f2da-4718-b32c-5a8147074b2b HTTP/1.1" status: 404 len: 333 time: 0.0192800
2026-05-09 18:02:50.827 10 INFO neutron.pecan_wsgi.hooks.translation [None req-41fb8ed2-420b-4c68-b3f3-daaebfb7bffa 44fc0f32258c4616b9bdd9e5f18ce07b 3d7c187ea12c4e0f9e7a25fa71142de9 - - default default] DELETE failed (client error): The resource could not be found.
2026-05-09 18:02:50.829 10 INFO neutron.wsgi [None req-41fb8ed2-420b-4c68-b3f3-daaebfb7bffa 44fc0f32258c4616b9bdd9e5f18ce07b 3d7c187ea12c4e0f9e7a25fa71142de9 - - default default] 10.0.0.132 "DELETE /v2.0/subnets/811d762f-1fb1-4727-bc94-d02503a7dea9 HTTP/1.1" status: 404 len: 337 time: 0.0151417
2026-05-09 18:02:50.849 10 INFO neutron.pecan_wsgi.hooks.translation [None req-1f776686-a6b1-49bc-b001-62fd70f962c1 44fc0f32258c4616b9bdd9e5f18ce07b 3d7c187ea12c4e0f9e7a25fa71142de9 - - default default] DELETE failed (client error): The resource could not be found.
2026-05-09 18:02:50.851 10 INFO neutron.wsgi [None req-1f776686-a6b1-49bc-b001-62fd70f962c1 44fc0f32258c4616b9bdd9e5f18ce07b 3d7c187ea12c4e0f9e7a25fa71142de9 - - default default] 10.0.0.132 "DELETE /v2.0/subnets/b81172d5-b160-4021-8515-9ac21a8daea2 HTTP/1.1" status: 404 len: 337 time: 0.0175989
2026-05-09 18:02:51.135 9 INFO neutron.wsgi [None req-51e03400-c3af-4ef4-a5ff-05f9b1e296e7 44fc0f32258c4616b9bdd9e5f18ce07b 3d7c187ea12c4e0f9e7a25fa71142de9 - - default default] 10.0.0.132 "DELETE /v2.0/ports/fe754eff-4174-4614-b65d-3d5fb5cb34b0 HTTP/1.1" status: 204 len: 168 time: 0.2794795
2026-05-09 18:02:51.181 9 INFO neutron.services.segments.plugin [-] Segment 5291d9d5-d777-4dc2-ba82-a8e11d72f406 resource provider aggregate not found
2026-05-09 18:02:51.186 9 INFO neutron.services.segments.plugin [-] Segment 5291d9d5-d777-4dc2-ba82-a8e11d72f406 resource provider aggregate not found
2026-05-09 18:02:51.202 9 INFO neutron.services.segments.plugin [-] Segment 5291d9d5-d777-4dc2-ba82-a8e11d72f406 resource provider not found; error: Placement Client Error (4xx): {"errors": [{"status": 404, "title": "Not Found", "detail": "The resource could not be found.\n\n No resource provider with uuid 5291d9d5-d777-4dc2-ba82-a8e11d72f406 found for delete ", "request_id": "req-1eac43d8-ed08-4d74-8453-164f4232b5de"}]}
2026-05-09 18:02:51.202 9 INFO neutron.services.segments.plugin [-] Segment 5291d9d5-d777-4dc2-ba82-a8e11d72f406 resource provider not found; error: Placement Client Error (4xx): {"errors": [{"status": 404, "title": "Not Found", "detail": "The resource could not be found.\n\n No resource provider with uuid 5291d9d5-d777-4dc2-ba82-a8e11d72f406 found for delete ", "request_id": "req-a820da5a-32cc-4bd1-89db-e52c178d7c37"}]}
2026-05-09 18:02:51.224 10 INFO neutron.wsgi [None req-53af88b5-bd68-4db4-81c4-1ecceda72552 d00cc3ab3a484fe79bff78e836f15b19 1eb91f905ae040f1adf2e676920ce475 - - default default] 10.0.0.132 "GET /v2.0/security-groups?tenant_id=021e6e64933346e3a82ef083ff402603&name=default HTTP/1.1" status: 200 len: 2996 time: 0.1390686
2026-05-09 18:02:51.414 10 INFO neutron.wsgi [None req-db77e0ba-f74e-447d-9149-8ff6adf267c0 d00cc3ab3a484fe79bff78e836f15b19 1eb91f905ae040f1adf2e676920ce475 - - default default] 10.0.0.132 "DELETE /v2.0/security-groups/ceb15ea1-dc2b-4be2-aaa3-53d4f99d45df HTTP/1.1" status: 204 len: 168 time: 0.1853023
2026-05-09 18:02:51.522 9 INFO neutron.wsgi [None req-bb32418c-7683-4ac1-b530-84ff590dc98d 44fc0f32258c4616b9bdd9e5f18ce07b 3d7c187ea12c4e0f9e7a25fa71142de9 - - default default] 10.0.0.132 "DELETE /v2.0/networks/c2aeab98-672a-4910-af85-f53cb17f1977 HTTP/1.1" status: 204 len: 168 time: 0.3831167
2026-05-09 18:02:52.115 10 INFO neutron.wsgi [None req-c7d38841-b4ff-4642-aca5-0897b6a9ca31 d00cc3ab3a484fe79bff78e836f15b19 1eb91f905ae040f1adf2e676920ce475 - - default default] 10.0.0.132 "GET /v2.0/security-groups?tenant_id=3d7c187ea12c4e0f9e7a25fa71142de9&name=default HTTP/1.1" status: 200 len: 2996 time: 0.1419413
