2026-05-09 18:02:52.314 10 INFO neutron.wsgi [None req-accf1c30-e385-44c3-a9d9-225841c94703 d00cc3ab3a484fe79bff78e836f15b19 1eb91f905ae040f1adf2e676920ce475 - - default default] 10.0.0.132 "DELETE /v2.0/security-groups/8cf04f9a-86ec-4d0a-a048-0edf47ece7ec HTTP/1.1" status: 204 len: 168 time: 0.1935718
2026-05-09 18:02:52.499 10 INFO neutron.wsgi [req-f30e3544-dba9-4465-bd66-8549aab59d34 req-52db0dd7-bd7d-435a-a503-49a606f7918f 56f0a0d74dae4132b4017233589c7e1f 1320aedec9f34669aa4080b872525f6a - - default default] 10.0.0.48 "GET /v2.0/ports?device_id=cb552d4e-f9e3-4441-9e1b-2022af878d23 HTTP/1.1" status: 200 len: 1174 time: 0.0891500
2026-05-09 18:02:52.544 10 INFO neutron.wsgi [req-f30e3544-dba9-4465-bd66-8549aab59d34 req-48b59df6-30b2-4672-a9ab-a0daca9816ba 56f0a0d74dae4132b4017233589c7e1f 1320aedec9f34669aa4080b872525f6a - - default default] 10.0.0.48 "GET /v2.0/security-groups?id=dc92796d-72d1-4a9d-b3e7-1eff841cb62e&fields=id&fields=name HTTP/1.1" status: 200 len: 312 time: 0.0375259
2026-05-09 18:02:52.646 10 INFO neutron.wsgi [req-bf30c4cc-4e27-4622-8693-3983ab0905c7 req-43731437-357e-416e-8296-e6e31da061ee 56f0a0d74dae4132b4017233589c7e1f 1320aedec9f34669aa4080b872525f6a - - default default] 10.0.0.48 "GET /v2.0/ports?device_id=cb552d4e-f9e3-4441-9e1b-2022af878d23 HTTP/1.1" status: 200 len: 1174 time: 0.0360606
2026-05-09 18:02:52.692 10 INFO neutron.wsgi [req-bf30c4cc-4e27-4622-8693-3983ab0905c7 req-d81adcff-fca3-47b8-b6a4-de02a3bd5d5a 56f0a0d74dae4132b4017233589c7e1f 1320aedec9f34669aa4080b872525f6a - - default default] 10.0.0.48 "GET /v2.0/security-groups?id=dc92796d-72d1-4a9d-b3e7-1eff841cb62e&fields=id&fields=name HTTP/1.1" status: 200 len: 312 time: 0.0382352
2026-05-09 18:02:53.088 9 INFO neutron.wsgi [req-8a01f03d-0d30-4b57-9c34-c0384507e9cd req-552125fd-2046-4d44-bab7-4411d101adc2 3785aea7e1f640a7b2d99b26c57eedaa 0cae20e70bcd468f84bad8d4fc779003 - - 6450f0b6ed4541389d231ead7c59a18a 6450f0b6ed4541389d231ead7c59a18a] 199.204.45.227 "GET /v2.0/ports?tenant_id=1320aedec9f34669aa4080b872525f6a&device_id=cb552d4e-f9e3-4441-9e1b-2022af878d23 HTTP/1.1" status: 200 len: 1413 time: 0.0345383
2026-05-09 18:02:53.096 10 INFO neutron.wsgi [req-4cbe4708-e216-4e5f-a1d5-f88629ac6913 req-db4a2d16-ae44-4f56-a959-128ee92b889a 56f0a0d74dae4132b4017233589c7e1f 1320aedec9f34669aa4080b872525f6a - - default default] 10.0.0.48 "GET /v2.0/ports?device_id=cb552d4e-f9e3-4441-9e1b-2022af878d23 HTTP/1.1" status: 200 len: 1174 time: 0.0421395
2026-05-09 18:02:53.145 10 INFO neutron.wsgi [req-4cbe4708-e216-4e5f-a1d5-f88629ac6913 req-f349b9df-d298-4be0-8125-7c93d549670f 56f0a0d74dae4132b4017233589c7e1f 1320aedec9f34669aa4080b872525f6a - - default default] 10.0.0.48 "GET /v2.0/security-groups?id=dc92796d-72d1-4a9d-b3e7-1eff841cb62e&fields=id&fields=name HTTP/1.1" status: 200 len: 312 time: 0.0374672
2026-05-09 18:02:53.186 9 INFO neutron.wsgi [req-8a01f03d-0d30-4b57-9c34-c0384507e9cd req-73d72762-3b60-4a60-a277-37eeb4efa7c0 3785aea7e1f640a7b2d99b26c57eedaa 0cae20e70bcd468f84bad8d4fc779003 - - 6450f0b6ed4541389d231ead7c59a18a 6450f0b6ed4541389d231ead7c59a18a] 199.204.45.227 "GET /v2.0/networks?id=69fb81ca-35cb-47d6-9076-ba7783466448 HTTP/1.1" status: 200 len: 973 time: 0.0925424
2026-05-09 18:02:53.245 9 INFO neutron.services.segments.plugin [-] Segment 7c4298a1-e0df-47e1-8891-2cdcf590a70f resource provider aggregate not found
2026-05-09 18:02:53.252 9 INFO neutron.services.segments.plugin [-] Segment 7c4298a1-e0df-47e1-8891-2cdcf590a70f resource provider aggregate not found
2026-05-09 18:02:53.257 9 INFO neutron.wsgi [req-8a01f03d-0d30-4b57-9c34-c0384507e9cd req-a676296a-ea14-42a1-8be5-97ff0a046931 3785aea7e1f640a7b2d99b26c57eedaa 0cae20e70bcd468f84bad8d4fc779003 - - 6450f0b6ed4541389d231ead7c59a18a 6450f0b6ed4541389d231ead7c59a18a] 199.204.45.227 "GET /v2.0/floatingips?fixed_ip_address=10.100.0.10&port_id=b6b28781-deef-44b8-98b6-46883dee146e HTTP/1.1" status: 200 len: 1060 time: 0.0655901
2026-05-09 18:02:53.264 9 INFO neutron.services.segments.plugin [-] Segment 7c4298a1-e0df-47e1-8891-2cdcf590a70f resource provider not found; error: Placement Client Error (4xx): {"errors": [{"status": 404, "title": "Not Found", "detail": "The resource could not be found.\n\n No resource provider with uuid 7c4298a1-e0df-47e1-8891-2cdcf590a70f found for delete ", "request_id": "req-5910cc19-21b7-49b7-95de-093d7c83b8be"}]}
2026-05-09 18:02:53.283 9 INFO neutron.services.segments.plugin [-] Segment 7c4298a1-e0df-47e1-8891-2cdcf590a70f resource provider not found; error: Placement Client Error (4xx): {"errors": [{"status": 404, "title": "Not Found", "detail": "The resource could not be found.\n\n No resource provider with uuid 7c4298a1-e0df-47e1-8891-2cdcf590a70f found for delete ", "request_id": "req-c2943f45-423f-4fd0-b4be-5d742ca3ae85"}]}
2026-05-09 18:02:53.305 9 INFO neutron.wsgi [req-8a01f03d-0d30-4b57-9c34-c0384507e9cd req-2624bd5e-3c47-4bba-bc9e-8398a9133ec1 3785aea7e1f640a7b2d99b26c57eedaa 0cae20e70bcd468f84bad8d4fc779003 - - 6450f0b6ed4541389d231ead7c59a18a 6450f0b6ed4541389d231ead7c59a18a] 199.204.45.227 "GET /v2.0/subnets?id=71affc36-09d6-4a95-ad61-e05e670c7666 HTTP/1.1" status: 200 len: 869 time: 0.0425115
2026-05-09 18:02:53.328 9 INFO neutron.wsgi [req-8a01f03d-0d30-4b57-9c34-c0384507e9cd req-658d9a9d-ca28-46dd-bfc6-574042528b3d 3785aea7e1f640a7b2d99b26c57eedaa 0cae20e70bcd468f84bad8d4fc779003 - - 6450f0b6ed4541389d231ead7c59a18a 6450f0b6ed4541389d231ead7c59a18a] 199.204.45.227 "GET /v2.0/ports?network_id=69fb81ca-35cb-47d6-9076-ba7783466448&device_owner=network%3Adhcp HTTP/1.1" status: 200 len: 210 time: 0.0181329
2026-05-09 18:02:53.400 9 INFO neutron.wsgi [req-8a01f03d-0d30-4b57-9c34-c0384507e9cd req-9f805af2-dc7e-49cc-b77f-a090276920b6 3785aea7e1f640a7b2d99b26c57eedaa 0cae20e70bcd468f84bad8d4fc779003 - - 6450f0b6ed4541389d231ead7c59a18a 6450f0b6ed4541389d231ead7c59a18a] 199.204.45.227 "GET /v2.0/networks/69fb81ca-35cb-47d6-9076-ba7783466448?fields=segments HTTP/1.1" status: 200 len: 212 time: 0.0643463
2026-05-09 18:02:53.481 9 INFO neutron.db.ovn_revision_numbers_db [None req-68338d18-ca98-4b89-a169-99edc92e6221 d50786bf8f3f4f31bde58e976b1d4ae1 31bc89271abc40dfb78c99f2646116ae - - default default] Successfully bumped revision number for resource 02765c7d-3b99-443d-a671-a7ae8903279c (type: security_groups) to 1
2026-05-09 18:02:53.489 9 INFO neutron.wsgi [req-8a01f03d-0d30-4b57-9c34-c0384507e9cd req-62aed66a-dff6-4b3b-b3b1-38c331c0f30a 3785aea7e1f640a7b2d99b26c57eedaa 0cae20e70bcd468f84bad8d4fc779003 - - 6450f0b6ed4541389d231ead7c59a18a 6450f0b6ed4541389d231ead7c59a18a] 199.204.45.227 "GET /v2.0/networks/69fb81ca-35cb-47d6-9076-ba7783466448?fields=provider%3Aphysical_network&fields=provider%3Anetwork_type HTTP/1.1" status: 200 len: 277 time: 0.0822315
2026-05-09 18:02:53.495 9 INFO neutron.db.ovn_revision_numbers_db [None req-68338d18-ca98-4b89-a169-99edc92e6221 d50786bf8f3f4f31bde58e976b1d4ae1 31bc89271abc40dfb78c99f2646116ae - - default default] Successfully bumped revision number for resource 30a9c609-ff38-4a1d-bc53-645124d47a5a (type: security_group_rules) to 0
2026-05-09 18:02:53.506 9 INFO neutron.db.ovn_revision_numbers_db [None req-68338d18-ca98-4b89-a169-99edc92e6221 d50786bf8f3f4f31bde58e976b1d4ae1 31bc89271abc40dfb78c99f2646116ae - - default default] Successfully bumped revision number for resource 4dfa9fe5-a67a-43be-a286-d6bf46162891 (type: security_group_rules) to 0
2026-05-09 18:02:53.519 9 INFO neutron.db.ovn_revision_numbers_db [None req-68338d18-ca98-4b89-a169-99edc92e6221 d50786bf8f3f4f31bde58e976b1d4ae1 31bc89271abc40dfb78c99f2646116ae - - default default] Successfully bumped revision number for resource 83fafd77-e733-4e97-af86-be433615cb5a (type: security_group_rules) to 0
2026-05-09 18:02:53.537 9 INFO neutron.db.ovn_revision_numbers_db [None req-68338d18-ca98-4b89-a169-99edc92e6221 d50786bf8f3f4f31bde58e976b1d4ae1 31bc89271abc40dfb78c99f2646116ae - - default default] Successfully bumped revision number for resource a169c374-f8e1-4824-a907-ed7e87e80843 (type: security_group_rules) to 0
2026-05-09 18:02:53.586 9 INFO neutron.db.segments_db [None req-68338d18-ca98-4b89-a169-99edc92e6221 d50786bf8f3f4f31bde58e976b1d4ae1 31bc89271abc40dfb78c99f2646116ae - - default default] Added segment 225fe967-5b03-4d43-aa8a-5c9d0f8dfb02 of type geneve for network 0e505ac6-4038-4ba7-8708-68e9ea88856e
2026-05-09 18:02:53.750 9 INFO neutron.plugins.ml2.drivers.ovn.mech_driver.mech_driver [None req-606e43d8-c699-4cc4-b824-d32feb3342e7 - - - - - -] OVN reports status down for port: b6b28781-deef-44b8-98b6-46883dee146e
2026-05-09 18:02:53.803 9 INFO neutron.db.ovn_revision_numbers_db [None req-68338d18-ca98-4b89-a169-99edc92e6221 d50786bf8f3f4f31bde58e976b1d4ae1 31bc89271abc40dfb78c99f2646116ae - - default default] Successfully bumped revision number for resource 0e505ac6-4038-4ba7-8708-68e9ea88856e (type: networks) to 1
2026-05-09 18:02:53.933 9 INFO neutron.notifiers.nova [-] Nova event matching ['req-2a2612fa-5a67-4f73-91b9-72ad1c5e371d'] response: {'server_uuid': 'cb552d4e-f9e3-4441-9e1b-2022af878d23', 'name': 'network-vif-unplugged', 'status': 'completed', 'tag': 'b6b28781-deef-44b8-98b6-46883dee146e', 'code': 200}
2026-05-09 18:02:54.022 9 WARNING neutron.scheduler.dhcp_agent_scheduler [None req-68338d18-ca98-4b89-a169-99edc92e6221 d50786bf8f3f4f31bde58e976b1d4ae1 31bc89271abc40dfb78c99f2646116ae - - default default] No more DHCP agents
2026-05-09 18:02:54.026 9 WARNING neutron.api.rpc.agentnotifiers.dhcp_rpc_agent_api [None req-68338d18-ca98-4b89-a169-99edc92e6221 d50786bf8f3f4f31bde58e976b1d4ae1 31bc89271abc40dfb78c99f2646116ae - - default default] Unable to schedule network 0e505ac6-4038-4ba7-8708-68e9ea88856e: no agents available; will retry on subsequent port and subnet creation events.
2026-05-09 18:02:54.134 9 INFO neutron.db.ovn_revision_numbers_db [None req-68338d18-ca98-4b89-a169-99edc92e6221 d50786bf8f3f4f31bde58e976b1d4ae1 31bc89271abc40dfb78c99f2646116ae - - default default] Successfully bumped revision number for resource fd6a8497-c692-4f5c-8147-e7a55aaf8250 (type: ports) to 1
2026-05-09 18:02:54.163 9 INFO neutron.wsgi [None req-68338d18-ca98-4b89-a169-99edc92e6221 d50786bf8f3f4f31bde58e976b1d4ae1 31bc89271abc40dfb78c99f2646116ae - - default default] 10.0.0.132 "POST /v2.0/networks HTTP/1.1" status: 201 len: 843 time: 1.0399914
2026-05-09 18:02:54.165 9 INFO neutron.db.ovn_revision_numbers_db [None req-606e43d8-c699-4cc4-b824-d32feb3342e7 - - - - - -] Successfully bumped revision number for resource b6b28781-deef-44b8-98b6-46883dee146e (type: ports) to 5
2026-05-09 18:02:54.246 10 INFO neutron.wsgi [req-afd5f405-2914-4acd-b9a5-3f4c6d553945 req-3a4166ef-135f-4377-a3ea-32264725d3b2 56f0a0d74dae4132b4017233589c7e1f 1320aedec9f34669aa4080b872525f6a - - default default] 10.0.0.48 "GET /v2.0/ports?device_id=cb552d4e-f9e3-4441-9e1b-2022af878d23 HTTP/1.1" status: 200 len: 1172 time: 0.0389800
2026-05-09 18:02:54.298 10 INFO neutron.wsgi [req-afd5f405-2914-4acd-b9a5-3f4c6d553945 req-4891dfde-b447-46f9-af2e-970de111df96 56f0a0d74dae4132b4017233589c7e1f 1320aedec9f34669aa4080b872525f6a - - default default] 10.0.0.48 "GET /v2.0/security-groups?id=dc92796d-72d1-4a9d-b3e7-1eff841cb62e&fields=id&fields=name HTTP/1.1" status: 200 len: 312 time: 0.0445182
2026-05-09 18:02:54.301 9 INFO neutron.plugins.ml2.drivers.ovn.mech_driver.mech_driver [None req-606e43d8-c699-4cc4-b824-d32feb3342e7 - - - - - -] OVN reports status up for port: b6b28781-deef-44b8-98b6-46883dee146e
2026-05-09 18:02:54.315 9 INFO neutron.plugins.ml2.plugin [None req-606e43d8-c699-4cc4-b824-d32feb3342e7 - - - - - -] Attempt 1 to provision port b6b28781-deef-44b8-98b6-46883dee146e
2026-05-09 18:02:54.451 9 WARNING neutron.scheduler.dhcp_agent_scheduler [None req-e98b5b9d-5044-4726-ad0e-59b27de68d53 d50786bf8f3f4f31bde58e976b1d4ae1 31bc89271abc40dfb78c99f2646116ae - - default default] No more DHCP agents
2026-05-09 18:02:54.454 9 WARNING neutron.api.rpc.agentnotifiers.dhcp_rpc_agent_api [None req-e98b5b9d-5044-4726-ad0e-59b27de68d53 d50786bf8f3f4f31bde58e976b1d4ae1 31bc89271abc40dfb78c99f2646116ae - - default default] Unable to schedule network 0e505ac6-4038-4ba7-8708-68e9ea88856e: no agents available; will retry on subsequent port and subnet creation events. /var/lib/openstack/lib/python3.10/site-packages/pycadf/identifier.py:71: UserWarning: Invalid uuid: neutron. To ensure interoperability, identifiers should be a valid uuid. warnings.warn(('Invalid uuid: %s. To ensure interoperability, '
2026-05-09 18:02:54.742 15 INFO neutron.plugins.ml2.drivers.ovn.mech_driver.ovsdb.maintenance [None req-fee7405a-5b43-4b86-834c-107fb3accd92 - - - - - -] Maintenance task: Synchronization finished (took 1.08 seconds)
2026-05-09 18:02:54.806 9 INFO neutron.db.ovn_revision_numbers_db [None req-e98b5b9d-5044-4726-ad0e-59b27de68d53 d50786bf8f3f4f31bde58e976b1d4ae1 31bc89271abc40dfb78c99f2646116ae - - default default] Successfully bumped revision number for resource 0b6ad4fb-cd41-4b50-973d-559ab4144276 (type: ports) to 1
2026-05-09 18:02:54.841 9 INFO neutron.wsgi [None req-e98b5b9d-5044-4726-ad0e-59b27de68d53 d50786bf8f3f4f31bde58e976b1d4ae1 31bc89271abc40dfb78c99f2646116ae - - default default] 10.0.0.132 "POST /v2.0/ports HTTP/1.1" status: 201 len: 972 time: 0.6725783
2026-05-09 18:02:54.893 9 INFO neutron.db.ovn_revision_numbers_db [None req-4e3e185f-8c53-4067-8760-9b6b4c3371ed c1399cdd5add4a65b0ab81e55fb6f0db 6e916f921ec54718be91f45235ebe5a1 - - default default] Successfully bumped revision number for resource 78dbb7eb-be32-4163-b732-f9f36cc59c74 (type: security_groups) to 1
2026-05-09 18:02:54.915 9 INFO neutron.db.ovn_revision_numbers_db [None req-4e3e185f-8c53-4067-8760-9b6b4c3371ed c1399cdd5add4a65b0ab81e55fb6f0db 6e916f921ec54718be91f45235ebe5a1 - - default default] Successfully bumped revision number for resource 37bda063-f2ad-407b-b11c-c0c08c8b8819 (type: security_group_rules) to 0
2026-05-09 18:02:54.929 9 INFO neutron.db.ovn_revision_numbers_db [None req-4e3e185f-8c53-4067-8760-9b6b4c3371ed c1399cdd5add4a65b0ab81e55fb6f0db 6e916f921ec54718be91f45235ebe5a1 - - default default] Successfully bumped revision number for resource 770409dc-9a97-4caf-872f-a819da3687b5 (type: security_group_rules) to 0
2026-05-09 18:02:54.934 9 INFO neutron.db.ovn_revision_numbers_db [None req-606e43d8-c699-4cc4-b824-d32feb3342e7 - - - - - -] Successfully bumped revision number for resource b6b28781-deef-44b8-98b6-46883dee146e (type: ports) to 6
2026-05-09 18:02:54.939 10 INFO neutron.db.segments_db [None req-66320169-a81d-4191-b468-5581308594fb d50786bf8f3f4f31bde58e976b1d4ae1 31bc89271abc40dfb78c99f2646116ae - - default default] Added segment b9d4a04f-e2cc-47ef-8bd6-249b16b2a088 of type geneve for network 4f7b1841-d65c-4593-bfca-e3a974c1ed5f
2026-05-09 18:02:54.941 9 INFO neutron.db.ovn_revision_numbers_db [None req-4e3e185f-8c53-4067-8760-9b6b4c3371ed c1399cdd5add4a65b0ab81e55fb6f0db 6e916f921ec54718be91f45235ebe5a1 - - default default] Successfully bumped revision number for resource 78ee5e85-fee9-43ef-bfe3-3e4d68e5681d (type: security_group_rules) to 0
2026-05-09 18:02:54.971 9 INFO neutron.db.ovn_revision_numbers_db [None req-4e3e185f-8c53-4067-8760-9b6b4c3371ed c1399cdd5add4a65b0ab81e55fb6f0db 6e916f921ec54718be91f45235ebe5a1 - - default default] Successfully bumped revision number for resource b9ecf6d3-e771-49b1-b2b5-cbea0e37e71e (type: security_group_rules) to 0
2026-05-09 18:02:55.028 9 INFO neutron.db.segments_db [None req-4e3e185f-8c53-4067-8760-9b6b4c3371ed c1399cdd5add4a65b0ab81e55fb6f0db 6e916f921ec54718be91f45235ebe5a1 - - default default] Added segment e223edf5-fc36-4b29-a9f9-be04fc72f016 of type geneve for network 8b2a9241-9e71-426a-94db-e3748778654d
2026-05-09 18:02:55.145 10 INFO neutron.db.ovn_revision_numbers_db [None req-66320169-a81d-4191-b468-5581308594fb d50786bf8f3f4f31bde58e976b1d4ae1 31bc89271abc40dfb78c99f2646116ae - - default default] Successfully bumped revision number for resource 4f7b1841-d65c-4593-bfca-e3a974c1ed5f (type: networks) to 1
2026-05-09 18:02:55.194 9 INFO neutron.db.ovn_revision_numbers_db [None req-4e3e185f-8c53-4067-8760-9b6b4c3371ed c1399cdd5add4a65b0ab81e55fb6f0db 6e916f921ec54718be91f45235ebe5a1 - - default default] Successfully bumped revision number for resource 8b2a9241-9e71-426a-94db-e3748778654d (type: networks) to 1
2026-05-09 18:02:55.314 10 WARNING neutron.scheduler.dhcp_agent_scheduler [None req-66320169-a81d-4191-b468-5581308594fb d50786bf8f3f4f31bde58e976b1d4ae1 31bc89271abc40dfb78c99f2646116ae - - default default] No more DHCP agents
2026-05-09 18:02:55.316 10 WARNING neutron.api.rpc.agentnotifiers.dhcp_rpc_agent_api [None req-66320169-a81d-4191-b468-5581308594fb d50786bf8f3f4f31bde58e976b1d4ae1 31bc89271abc40dfb78c99f2646116ae - - default default] Unable to schedule network 4f7b1841-d65c-4593-bfca-e3a974c1ed5f: no agents available; will retry on subsequent port and subnet creation events.
2026-05-09 18:02:55.380 10 INFO neutron.db.ovn_revision_numbers_db [None req-66320169-a81d-4191-b468-5581308594fb d50786bf8f3f4f31bde58e976b1d4ae1 31bc89271abc40dfb78c99f2646116ae - - default default] Successfully bumped revision number for resource 804debb2-9393-4b4a-8f84-ae3d08d727d1 (type: ports) to 1
2026-05-09 18:02:55.393 9 WARNING neutron.scheduler.dhcp_agent_scheduler [None req-4e3e185f-8c53-4067-8760-9b6b4c3371ed c1399cdd5add4a65b0ab81e55fb6f0db 6e916f921ec54718be91f45235ebe5a1 - - default default] No more DHCP agents
2026-05-09 18:02:55.396 9 WARNING neutron.api.rpc.agentnotifiers.dhcp_rpc_agent_api [None req-4e3e185f-8c53-4067-8760-9b6b4c3371ed c1399cdd5add4a65b0ab81e55fb6f0db 6e916f921ec54718be91f45235ebe5a1 - - default default] Unable to schedule network 8b2a9241-9e71-426a-94db-e3748778654d: no agents available; will retry on subsequent port and subnet creation events.
2026-05-09 18:02:55.419 10 INFO neutron.wsgi [None req-66320169-a81d-4191-b468-5581308594fb d50786bf8f3f4f31bde58e976b1d4ae1 31bc89271abc40dfb78c99f2646116ae - - default default] 10.0.0.132 "POST /v2.0/networks HTTP/1.1" status: 201 len: 830 time: 0.5718162
2026-05-09 18:02:55.476 10 INFO neutron.wsgi [req-1acf9818-ba12-4c6d-9697-796c3e46a1d5 req-b5ded7fc-ef39-471c-9a64-69f1490e567b 56f0a0d74dae4132b4017233589c7e1f 1320aedec9f34669aa4080b872525f6a - - default default] 10.0.0.48 "GET /v2.0/ports?device_id=cb552d4e-f9e3-4441-9e1b-2022af878d23 HTTP/1.1" status: 200 len: 1174 time: 0.0949605
2026-05-09 18:02:55.481 9 INFO neutron.db.ovn_revision_numbers_db [None req-4e3e185f-8c53-4067-8760-9b6b4c3371ed c1399cdd5add4a65b0ab81e55fb6f0db 6e916f921ec54718be91f45235ebe5a1 - - default default] Successfully bumped revision number for resource 1e45ec78-973a-4d71-b959-84304f648450 (type: ports) to 1
2026-05-09 18:02:55.505 9 INFO neutron.wsgi [None req-4e3e185f-8c53-4067-8760-9b6b4c3371ed c1399cdd5add4a65b0ab81e55fb6f0db 6e916f921ec54718be91f45235ebe5a1 - - default default] 10.0.0.132 "POST /v2.0/networks HTTP/1.1" status: 201 len: 829 time: 1.2145851 /var/lib/openstack/lib/python3.10/site-packages/pycadf/identifier.py:71: UserWarning: Invalid uuid: neutron. To ensure interoperability, identifiers should be a valid uuid. warnings.warn(('Invalid uuid: %s. To ensure interoperability, '
2026-05-09 18:02:55.527 10 INFO neutron.wsgi [req-1acf9818-ba12-4c6d-9697-796c3e46a1d5 req-25be7daa-6626-47f0-b661-94b36c6f7cb4 56f0a0d74dae4132b4017233589c7e1f 1320aedec9f34669aa4080b872525f6a - - default default] 10.0.0.48 "GET /v2.0/security-groups?id=dc92796d-72d1-4a9d-b3e7-1eff841cb62e&fields=id&fields=name HTTP/1.1" status: 200 len: 312 time: 0.0429502
2026-05-09 18:02:55.575 9 INFO neutron.wsgi [-] 10.0.0.127 "GET / HTTP/1.1" status: 200 len: 247 time: 0.0023673
2026-05-09 18:02:55.577 9 INFO neutron.wsgi [-] 10.0.0.127 "GET / HTTP/1.1" status: 200 len: 247 time: 0.0016520
2026-05-09 18:02:55.596 9 INFO neutron.db.segments_db [None req-81fba790-c4f7-4883-9210-7ed247b55a8e c1399cdd5add4a65b0ab81e55fb6f0db 6e916f921ec54718be91f45235ebe5a1 - - default default] Added segment 3f88ae74-c8c1-45cd-8d52-ed552e6c7a90 of type geneve for network a07359d0-81d4-4001-855a-7a45358d85bd
2026-05-09 18:02:55.682 10 WARNING neutron.scheduler.dhcp_agent_scheduler [None req-e393f297-1515-46c6-ab96-8e5ae0d301af d50786bf8f3f4f31bde58e976b1d4ae1 31bc89271abc40dfb78c99f2646116ae - - default default] No more DHCP agents
2026-05-09 18:02:55.684 10 WARNING neutron.api.rpc.agentnotifiers.dhcp_rpc_agent_api [None req-e393f297-1515-46c6-ab96-8e5ae0d301af d50786bf8f3f4f31bde58e976b1d4ae1 31bc89271abc40dfb78c99f2646116ae - - default default] Unable to schedule network 4f7b1841-d65c-4593-bfca-e3a974c1ed5f: no agents available; will retry on subsequent port and subnet creation events.
2026-05-09 18:02:55.736 9 INFO neutron.db.ovn_revision_numbers_db [None req-81fba790-c4f7-4883-9210-7ed247b55a8e c1399cdd5add4a65b0ab81e55fb6f0db 6e916f921ec54718be91f45235ebe5a1 - - default default] Successfully bumped revision number for resource a07359d0-81d4-4001-855a-7a45358d85bd (type: networks) to 1
2026-05-09 18:02:55.919 9 WARNING neutron.scheduler.dhcp_agent_scheduler [None req-81fba790-c4f7-4883-9210-7ed247b55a8e c1399cdd5add4a65b0ab81e55fb6f0db 6e916f921ec54718be91f45235ebe5a1 - - default default] No more DHCP agents
2026-05-09 18:02:55.922 9 WARNING neutron.api.rpc.agentnotifiers.dhcp_rpc_agent_api [None req-81fba790-c4f7-4883-9210-7ed247b55a8e c1399cdd5add4a65b0ab81e55fb6f0db 6e916f921ec54718be91f45235ebe5a1 - - default default] Unable to schedule network a07359d0-81d4-4001-855a-7a45358d85bd: no agents available; will retry on subsequent port and subnet creation events.
2026-05-09 18:02:55.988 9 INFO neutron.notifiers.nova [-] Nova event matching ['req-58a562a5-c6a0-41d6-b645-c48ee3ad00c0'] response: {'server_uuid': 'cb552d4e-f9e3-4441-9e1b-2022af878d23', 'name': 'network-vif-plugged', 'status': 'completed', 'tag': 'b6b28781-deef-44b8-98b6-46883dee146e', 'code': 200}
2026-05-09 18:02:55.988 9 INFO neutron.notifiers.nova [-] Nova event matching ['req-58a562a5-c6a0-41d6-b645-c48ee3ad00c0'] response: {'server_uuid': 'cb552d4e-f9e3-4441-9e1b-2022af878d23', 'name': 'network-vif-plugged', 'status': 'completed', 'tag': 'b6b28781-deef-44b8-98b6-46883dee146e', 'code': 200}
2026-05-09 18:02:55.988 9 INFO neutron.notifiers.nova [-] Nova event matching ['req-58a562a5-c6a0-41d6-b645-c48ee3ad00c0'] response: {'server_uuid': 'cb552d4e-f9e3-4441-9e1b-2022af878d23', 'name': 'network-vif-plugged', 'status': 'completed', 'tag': 'b6b28781-deef-44b8-98b6-46883dee146e', 'code': 200}
2026-05-09 18:02:56.013 9 INFO neutron.db.ovn_revision_numbers_db [None req-81fba790-c4f7-4883-9210-7ed247b55a8e c1399cdd5add4a65b0ab81e55fb6f0db 6e916f921ec54718be91f45235ebe5a1 - - default default] Successfully bumped revision number for resource e944cc0f-4911-4b44-b3b6-a05572d343eb (type: ports) to 1
2026-05-09 18:02:56.034 9 INFO neutron.wsgi [None req-81fba790-c4f7-4883-9210-7ed247b55a8e c1399cdd5add4a65b0ab81e55fb6f0db 6e916f921ec54718be91f45235ebe5a1 - - default default] 10.0.0.132 "POST /v2.0/networks HTTP/1.1" status: 201 len: 829 time: 0.5239360
2026-05-09 18:02:56.125 10 INFO neutron.db.ovn_revision_numbers_db [None req-e393f297-1515-46c6-ab96-8e5ae0d301af d50786bf8f3f4f31bde58e976b1d4ae1 31bc89271abc40dfb78c99f2646116ae - - default default] Successfully bumped revision number for resource 804debb2-9393-4b4a-8f84-ae3d08d727d1 (type: ports) to 2
2026-05-09 18:02:56.163 10 INFO neutron.db.ovn_revision_numbers_db [None req-e393f297-1515-46c6-ab96-8e5ae0d301af d50786bf8f3f4f31bde58e976b1d4ae1 31bc89271abc40dfb78c99f2646116ae - - default default] Successfully bumped revision number for resource 23a1eefd-4ba4-4c0f-9dc6-0fd4005f02e4 (type: subnets) to 0
2026-05-09 18:02:56.180 10 INFO neutron.wsgi [None req-e393f297-1515-46c6-ab96-8e5ae0d301af d50786bf8f3f4f31bde58e976b1d4ae1 31bc89271abc40dfb78c99f2646116ae - - default default] 10.0.0.132 "POST /v2.0/subnets HTTP/1.1" status: 201 len: 801 time: 0.7549093
2026-05-09 18:02:56.314 9 WARNING neutron.scheduler.dhcp_agent_scheduler [None req-79ebded6-68af-474e-b994-10fa98fe519a c1399cdd5add4a65b0ab81e55fb6f0db 6e916f921ec54718be91f45235ebe5a1 - - default default] No more DHCP agents
2026-05-09 18:02:56.318 9 WARNING neutron.api.rpc.agentnotifiers.dhcp_rpc_agent_api [None req-79ebded6-68af-474e-b994-10fa98fe519a c1399cdd5add4a65b0ab81e55fb6f0db 6e916f921ec54718be91f45235ebe5a1 - - default default] Unable to schedule network 8b2a9241-9e71-426a-94db-e3748778654d: no agents available; will retry on subsequent port and subnet creation events.
2026-05-09 18:02:56.621 9 WARNING neutron.scheduler.dhcp_agent_scheduler [None req-313e282a-b9b9-4913-821d-38dc70cf9943 d50786bf8f3f4f31bde58e976b1d4ae1 31bc89271abc40dfb78c99f2646116ae - - default default] No more DHCP agents
2026-05-09 18:02:56.625 9 WARNING neutron.api.rpc.agentnotifiers.dhcp_rpc_agent_api [None req-313e282a-b9b9-4913-821d-38dc70cf9943 d50786bf8f3f4f31bde58e976b1d4ae1 31bc89271abc40dfb78c99f2646116ae - - default default] Unable to schedule network 4f7b1841-d65c-4593-bfca-e3a974c1ed5f: no agents available; will retry on subsequent port and subnet creation events.
2026-05-09 18:02:56.860 9 INFO neutron.db.ovn_revision_numbers_db [None req-313e282a-b9b9-4913-821d-38dc70cf9943 d50786bf8f3f4f31bde58e976b1d4ae1 31bc89271abc40dfb78c99f2646116ae - - default default] Successfully bumped revision number for resource 09ddf558-ec82-4d56-959e-3666a97f8692 (type: ports) to 1
2026-05-09 18:02:56.889 9 INFO neutron.wsgi [None req-313e282a-b9b9-4913-821d-38dc70cf9943 d50786bf8f3f4f31bde58e976b1d4ae1 31bc89271abc40dfb78c99f2646116ae - - default default] 10.0.0.132 "POST /v2.0/ports HTTP/1.1" status: 201 len: 1149 time: 0.7040462 /var/lib/openstack/lib/python3.10/site-packages/pycadf/identifier.py:71: UserWarning: Invalid uuid: neutron. To ensure interoperability, identifiers should be a valid uuid. warnings.warn(('Invalid uuid: %s. To ensure interoperability, '
2026-05-09 18:02:56.909 9 INFO neutron.db.ovn_revision_numbers_db [None req-79ebded6-68af-474e-b994-10fa98fe519a c1399cdd5add4a65b0ab81e55fb6f0db 6e916f921ec54718be91f45235ebe5a1 - - default default] Successfully bumped revision number for resource 1e45ec78-973a-4d71-b959-84304f648450 (type: ports) to 2
2026-05-09 18:02:56.955 9 INFO neutron.db.ovn_revision_numbers_db [None req-79ebded6-68af-474e-b994-10fa98fe519a c1399cdd5add4a65b0ab81e55fb6f0db 6e916f921ec54718be91f45235ebe5a1 - - default default] Successfully bumped revision number for resource 1850b2c4-6c16-4a35-a654-e59e348ab15a (type: subnets) to 0
2026-05-09 18:02:56.971 9 INFO neutron.wsgi [None req-79ebded6-68af-474e-b994-10fa98fe519a c1399cdd5add4a65b0ab81e55fb6f0db 6e916f921ec54718be91f45235ebe5a1 - - default default] 10.0.0.132 "POST /v2.0/subnets HTTP/1.1" status: 201 len: 801 time: 0.9305384
2026-05-09 18:02:57.206 9 INFO neutron.wsgi [None req-09d81c2d-f900-4b88-bfde-6c963d983573 d50786bf8f3f4f31bde58e976b1d4ae1 31bc89271abc40dfb78c99f2646116ae - - default default] 10.0.0.132 "DELETE /v2.0/ports/09ddf558-ec82-4d56-959e-3666a97f8692 HTTP/1.1" status: 204 len: 168 time: 0.3126442
2026-05-09 18:02:57.228 9 INFO neutron.pecan_wsgi.hooks.translation [None req-d4cb0cb3-6eba-4280-8926-03e85e764e6c d50786bf8f3f4f31bde58e976b1d4ae1 31bc89271abc40dfb78c99f2646116ae - - default default] DELETE failed (client error): The resource could not be found.
2026-05-09 18:02:57.230 9 INFO neutron.wsgi [None req-d4cb0cb3-6eba-4280-8926-03e85e764e6c d50786bf8f3f4f31bde58e976b1d4ae1 31bc89271abc40dfb78c99f2646116ae - - default default] 10.0.0.132 "DELETE /v2.0/ports/09ddf558-ec82-4d56-959e-3666a97f8692 HTTP/1.1" status: 404 len: 333 time: 0.0185428
2026-05-09 18:02:57.251 9 INFO neutron.pecan_wsgi.hooks.translation [None req-684fe645-979e-4469-845d-5df025d6f5a8 d50786bf8f3f4f31bde58e976b1d4ae1 31bc89271abc40dfb78c99f2646116ae - - default default] GET failed (client error): The resource could not be found.
2026-05-09 18:02:57.253 9 INFO neutron.wsgi [None req-684fe645-979e-4469-845d-5df025d6f5a8 d50786bf8f3f4f31bde58e976b1d4ae1 31bc89271abc40dfb78c99f2646116ae - - default default] 10.0.0.132 "GET /v2.0/ports/09ddf558-ec82-4d56-959e-3666a97f8692 HTTP/1.1" status: 404 len: 333 time: 0.0178559
2026-05-09 18:02:57.418 10 WARNING neutron.scheduler.dhcp_agent_scheduler [None req-156ac633-45ad-4c57-b488-c2bba14ad562 c1399cdd5add4a65b0ab81e55fb6f0db 6e916f921ec54718be91f45235ebe5a1 - - default default] No more DHCP agents
2026-05-09 18:02:57.420 10 WARNING neutron.api.rpc.agentnotifiers.dhcp_rpc_agent_api [None req-156ac633-45ad-4c57-b488-c2bba14ad562 c1399cdd5add4a65b0ab81e55fb6f0db 6e916f921ec54718be91f45235ebe5a1 - - default default] Unable to schedule network a07359d0-81d4-4001-855a-7a45358d85bd: no agents available; will retry on subsequent port and subnet creation events.
2026-05-09 18:02:57.463 9 INFO neutron.wsgi [None req-4c7b3ed7-f36c-42d2-bfa4-824d566e4760 d50786bf8f3f4f31bde58e976b1d4ae1 31bc89271abc40dfb78c99f2646116ae - - default default] 10.0.0.132 "DELETE /v2.0/subnets/23a1eefd-4ba4-4c0f-9dc6-0fd4005f02e4 HTTP/1.1" status: 204 len: 168 time: 0.2039874
2026-05-09 18:02:57.795 9 INFO neutron.services.segments.plugin [-] Segment b9d4a04f-e2cc-47ef-8bd6-249b16b2a088 resource provider aggregate not found
2026-05-09 18:02:57.800 9 INFO neutron.services.segments.plugin [-] Segment b9d4a04f-e2cc-47ef-8bd6-249b16b2a088 resource provider aggregate not found
2026-05-09 18:02:57.814 9 INFO neutron.services.segments.plugin [-] Segment b9d4a04f-e2cc-47ef-8bd6-249b16b2a088 resource provider not found; error: Placement Client Error (4xx): {"errors": [{"status": 404, "title": "Not Found", "detail": "The resource could not be found.\n\n No resource provider with uuid b9d4a04f-e2cc-47ef-8bd6-249b16b2a088 found for delete ", "request_id": "req-5e6f363e-205e-4e26-9f59-7f02ea225c48"}]}
2026-05-09 18:02:57.818 9 INFO neutron.services.segments.plugin [-] Segment b9d4a04f-e2cc-47ef-8bd6-249b16b2a088 resource provider not found; error: Placement Client Error (4xx): {"errors": [{"status": 404, "title": "Not Found", "detail": "The resource could not be found.\n\n No resource provider with uuid b9d4a04f-e2cc-47ef-8bd6-249b16b2a088 found for delete ", "request_id": "req-a86bf889-71d8-4914-9a24-dc0445dcd795"}]}
2026-05-09 18:02:57.839 9 INFO neutron.wsgi [None req-010849b2-3d4c-493e-8205-42fe39f268fe d50786bf8f3f4f31bde58e976b1d4ae1 31bc89271abc40dfb78c99f2646116ae - - default default] 10.0.0.132 "DELETE /v2.0/networks/4f7b1841-d65c-4593-bfca-e3a974c1ed5f HTTP/1.1" status: 204 len: 168 time: 0.3698244
2026-05-09 18:02:57.915 10 INFO neutron.db.ovn_revision_numbers_db [None req-156ac633-45ad-4c57-b488-c2bba14ad562 c1399cdd5add4a65b0ab81e55fb6f0db 6e916f921ec54718be91f45235ebe5a1 - - default default] Successfully bumped revision number for resource e944cc0f-4911-4b44-b3b6-a05572d343eb (type: ports) to 2
2026-05-09 18:02:57.937 9 INFO neutron.db.segments_db [None req-73a4cb78-36b0-4d1e-9fc4-8a6af5100d1a d50786bf8f3f4f31bde58e976b1d4ae1 31bc89271abc40dfb78c99f2646116ae - - default default] Added segment da758366-eaf8-4ea5-a108-af104141f3ca of type geneve for network 6cbab546-f005-4ad0-bf65-567f03fdfcb3
2026-05-09 18:02:57.957 10 INFO neutron.db.ovn_revision_numbers_db [None req-156ac633-45ad-4c57-b488-c2bba14ad562 c1399cdd5add4a65b0ab81e55fb6f0db 6e916f921ec54718be91f45235ebe5a1 - - default default] Successfully bumped revision number for resource cbb37689-e7d1-4a49-a2be-80caa6a084f1 (type: subnets) to 0
2026-05-09 18:02:57.973 10 INFO neutron.wsgi [None req-156ac633-45ad-4c57-b488-c2bba14ad562 c1399cdd5add4a65b0ab81e55fb6f0db 6e916f921ec54718be91f45235ebe5a1 - - default default] 10.0.0.132 "POST /v2.0/subnets HTTP/1.1" status: 201 len: 801 time: 0.9956694
2026-05-09 18:02:58.098 9 INFO neutron.db.ovn_revision_numbers_db [None req-73a4cb78-36b0-4d1e-9fc4-8a6af5100d1a d50786bf8f3f4f31bde58e976b1d4ae1 31bc89271abc40dfb78c99f2646116ae - - default default] Successfully bumped revision number for resource 6cbab546-f005-4ad0-bf65-567f03fdfcb3 (type: networks) to 1
2026-05-09 18:02:58.131 10 INFO neutron.db.ovn_revision_numbers_db [None req-488950e6-e79c-4f4c-845c-1bdfcef0fa7e c1399cdd5add4a65b0ab81e55fb6f0db 6e916f921ec54718be91f45235ebe5a1 - - default default] Successfully bumped revision number for resource 3c77049a-8a3d-45c3-8f26-27c93ea9eb7b (type: routers) to 1
2026-05-09 18:02:58.144 10 INFO neutron.wsgi [None req-488950e6-e79c-4f4c-845c-1bdfcef0fa7e c1399cdd5add4a65b0ab81e55fb6f0db 6e916f921ec54718be91f45235ebe5a1 - - default default] 10.0.0.132 "POST /v2.0/routers HTTP/1.1" status: 201 len: 687 time: 0.1677840
2026-05-09 18:02:58.278 9 WARNING neutron.scheduler.dhcp_agent_scheduler [None req-73a4cb78-36b0-4d1e-9fc4-8a6af5100d1a d50786bf8f3f4f31bde58e976b1d4ae1 31bc89271abc40dfb78c99f2646116ae - - default default] No more DHCP agents
2026-05-09 18:02:58.280 9 WARNING neutron.api.rpc.agentnotifiers.dhcp_rpc_agent_api [None req-73a4cb78-36b0-4d1e-9fc4-8a6af5100d1a d50786bf8f3f4f31bde58e976b1d4ae1 31bc89271abc40dfb78c99f2646116ae - - default default] Unable to schedule network 6cbab546-f005-4ad0-bf65-567f03fdfcb3: no agents available; will retry on subsequent port and subnet creation events.
2026-05-09 18:02:58.367 9 INFO neutron.db.ovn_revision_numbers_db [None req-73a4cb78-36b0-4d1e-9fc4-8a6af5100d1a d50786bf8f3f4f31bde58e976b1d4ae1 31bc89271abc40dfb78c99f2646116ae - - default default] Successfully bumped revision number for resource 5a2ada5d-21de-4827-b655-3deef50e5311 (type: ports) to 1
2026-05-09 18:02:58.407 9 INFO neutron.wsgi [None req-73a4cb78-36b0-4d1e-9fc4-8a6af5100d1a d50786bf8f3f4f31bde58e976b1d4ae1 31bc89271abc40dfb78c99f2646116ae - - default default] 10.0.0.132 "POST /v2.0/networks HTTP/1.1" status: 201 len: 831 time: 0.5621941
2026-05-09 18:02:58.629 10 WARNING neutron.scheduler.dhcp_agent_scheduler [None req-091263ea-df41-4dd6-9ed5-3c5d1b0997ec c1399cdd5add4a65b0ab81e55fb6f0db 6e916f921ec54718be91f45235ebe5a1 - - default default] No more DHCP agents
2026-05-09 18:02:58.634 10 WARNING neutron.api.rpc.agentnotifiers.dhcp_rpc_agent_api [None req-091263ea-df41-4dd6-9ed5-3c5d1b0997ec c1399cdd5add4a65b0ab81e55fb6f0db 6e916f921ec54718be91f45235ebe5a1 - - default default] Unable to schedule network 8b2a9241-9e71-426a-94db-e3748778654d: no agents available; will retry on subsequent port and subnet creation events.
2026-05-09 18:02:58.762 10 WARNING neutron.scheduler.dhcp_agent_scheduler [None req-164aadeb-2e89-4c8e-83ac-3cb86f8c4344 d50786bf8f3f4f31bde58e976b1d4ae1 31bc89271abc40dfb78c99f2646116ae - - default default] No more DHCP agents
2026-05-09 18:02:58.766 10 WARNING neutron.api.rpc.agentnotifiers.dhcp_rpc_agent_api [None req-164aadeb-2e89-4c8e-83ac-3cb86f8c4344 d50786bf8f3f4f31bde58e976b1d4ae1 31bc89271abc40dfb78c99f2646116ae - - default default] Unable to schedule network 6cbab546-f005-4ad0-bf65-567f03fdfcb3: no agents available; will retry on subsequent port and subnet creation events.
2026-05-09 18:02:58.898 10 INFO neutron.db.ovn_revision_numbers_db [None req-091263ea-df41-4dd6-9ed5-3c5d1b0997ec c1399cdd5add4a65b0ab81e55fb6f0db 6e916f921ec54718be91f45235ebe5a1 - - default default] Successfully bumped revision number for resource 01974541-7761-4e41-a0d5-eed4e885383f (type: ports) to 1
2026-05-09 18:02:59.329 9 INFO neutron.plugins.ml2.drivers.ovn.mech_driver.mech_driver [None req-606e43d8-c699-4cc4-b824-d32feb3342e7 - - - - - -] OVN reports status up for port: 01974541-7761-4e41-a0d5-eed4e885383f
2026-05-09 18:02:59.338 9 INFO neutron.plugins.ml2.plugin [None req-606e43d8-c699-4cc4-b824-d32feb3342e7 - - - - - -] Attempt 1 to provision port 01974541-7761-4e41-a0d5-eed4e885383f
2026-05-09 18:02:59.363 10 INFO neutron.db.ovn_revision_numbers_db [None req-091263ea-df41-4dd6-9ed5-3c5d1b0997ec c1399cdd5add4a65b0ab81e55fb6f0db 6e916f921ec54718be91f45235ebe5a1 - - default default] Successfully bumped revision number for resource 01974541-7761-4e41-a0d5-eed4e885383f (type: router_ports) to 1
2026-05-09 18:02:59.411 10 INFO neutron.db.ovn_revision_numbers_db [None req-164aadeb-2e89-4c8e-83ac-3cb86f8c4344 d50786bf8f3f4f31bde58e976b1d4ae1 31bc89271abc40dfb78c99f2646116ae - - default default] Successfully bumped revision number for resource 5a2ada5d-21de-4827-b655-3deef50e5311 (type: ports) to 2
2026-05-09 18:02:59.454 9 INFO neutron.wsgi [req-3393049d-e7ef-4b2b-9ebd-8aee0dc024d6 req-14397a37-275f-4b11-871c-980df29c0527 3785aea7e1f640a7b2d99b26c57eedaa 0cae20e70bcd468f84bad8d4fc779003 - - 6450f0b6ed4541389d231ead7c59a18a 6450f0b6ed4541389d231ead7c59a18a] 10.0.0.35 "GET /v2.0/ports?device_id=1d9168f6-9327-4668-9258-4043e2a231a8 HTTP/1.1" status: 200 len: 1413 time: 0.1588967
2026-05-09 18:02:59.467 10 INFO neutron.db.ovn_revision_numbers_db [None req-164aadeb-2e89-4c8e-83ac-3cb86f8c4344 d50786bf8f3f4f31bde58e976b1d4ae1 31bc89271abc40dfb78c99f2646116ae - - default default] Successfully bumped revision number for resource aa6ec270-787b-4cd5-816c-7ee74c314cfe (type: subnets) to 0
2026-05-09 18:02:59.493 10 INFO neutron.wsgi [None req-164aadeb-2e89-4c8e-83ac-3cb86f8c4344 d50786bf8f3f4f31bde58e976b1d4ae1 31bc89271abc40dfb78c99f2646116ae - - default default] 10.0.0.132 "POST /v2.0/subnets HTTP/1.1" status: 201 len: 801 time: 1.0757627
2026-05-09 18:02:59.529 9 INFO neutron.wsgi [req-3393049d-e7ef-4b2b-9ebd-8aee0dc024d6 req-4359e764-11bf-4991-bfd9-b0398b3460fc 3785aea7e1f640a7b2d99b26c57eedaa 0cae20e70bcd468f84bad8d4fc779003 - - 6450f0b6ed4541389d231ead7c59a18a 6450f0b6ed4541389d231ead7c59a18a] 10.0.0.35 "GET /v2.0/security-groups?id=eed87c9c-17e0-480f-a86d-8eb1246453d7&fields=id&fields=name HTTP/1.1" status: 200 len: 313 time: 0.0654116
2026-05-09 18:02:59.563 10 INFO neutron.db.ovn_revision_numbers_db [None req-091263ea-df41-4dd6-9ed5-3c5d1b0997ec c1399cdd5add4a65b0ab81e55fb6f0db 6e916f921ec54718be91f45235ebe5a1 - - default default] Successfully bumped revision number for resource 01974541-7761-4e41-a0d5-eed4e885383f (type: ports) to 1
2026-05-09 18:02:59.663 10 WARNING neutron.scheduler.dhcp_agent_scheduler [None req-091263ea-df41-4dd6-9ed5-3c5d1b0997ec c1399cdd5add4a65b0ab81e55fb6f0db 6e916f921ec54718be91f45235ebe5a1 - - default default] No more DHCP agents
2026-05-09 18:02:59.666 10 WARNING neutron.api.rpc.agentnotifiers.dhcp_rpc_agent_api [None req-091263ea-df41-4dd6-9ed5-3c5d1b0997ec c1399cdd5add4a65b0ab81e55fb6f0db 6e916f921ec54718be91f45235ebe5a1 - - default default] Unable to schedule network 8b2a9241-9e71-426a-94db-e3748778654d: no agents available; will retry on subsequent port and subnet creation events.
2026-05-09 18:02:59.673 9 INFO neutron.db.ovn_revision_numbers_db [None req-606e43d8-c699-4cc4-b824-d32feb3342e7 - - - - - -] Successfully bumped revision number for resource 01974541-7761-4e41-a0d5-eed4e885383f (type: ports) to 2
2026-05-09 18:02:59.796 9 INFO neutron.db.ovn_revision_numbers_db [None req-606e43d8-c699-4cc4-b824-d32feb3342e7 - - - - - -] Successfully bumped revision number for resource 01974541-7761-4e41-a0d5-eed4e885383f (type: router_ports) to 2
2026-05-09 18:02:59.889 10 WARNING neutron.scheduler.dhcp_agent_scheduler [None req-bcffffae-4457-4413-b913-af1c5bde8822 d50786bf8f3f4f31bde58e976b1d4ae1 31bc89271abc40dfb78c99f2646116ae - - default default] No more DHCP agents
2026-05-09 18:02:59.889 10 INFO neutron.db.ovn_revision_numbers_db [None req-091263ea-df41-4dd6-9ed5-3c5d1b0997ec c1399cdd5add4a65b0ab81e55fb6f0db 6e916f921ec54718be91f45235ebe5a1 - - default default] Successfully bumped revision number for resource 01974541-7761-4e41-a0d5-eed4e885383f (type: router_ports) to 2
2026-05-09 18:02:59.891 10 INFO neutron.wsgi [None req-091263ea-df41-4dd6-9ed5-3c5d1b0997ec c1399cdd5add4a65b0ab81e55fb6f0db 6e916f921ec54718be91f45235ebe5a1 - - default default] 10.0.0.132 "PUT /v2.0/routers/3c77049a-8a3d-45c3-8f26-27c93ea9eb7b/add_router_interface HTTP/1.1" status: 200 len: 503 time: 1.7414784
2026-05-09 18:02:59.893 10 WARNING neutron.api.rpc.agentnotifiers.dhcp_rpc_agent_api [None req-bcffffae-4457-4413-b913-af1c5bde8822 d50786bf8f3f4f31bde58e976b1d4ae1 31bc89271abc40dfb78c99f2646116ae - - default default] Unable to schedule network 6cbab546-f005-4ad0-bf65-567f03fdfcb3: no agents available; will retry on subsequent port and subnet creation events.
2026-05-09 18:02:59.927 9 INFO neutron.wsgi [None req-d945bcf8-5318-4349-ab6f-3893e1861307 c1399cdd5add4a65b0ab81e55fb6f0db 6e916f921ec54718be91f45235ebe5a1 - - default default] 10.0.0.132 "GET /v2.0/ports/01974541-7761-4e41-a0d5-eed4e885383f HTTP/1.1" status: 200 len: 1137 time: 0.0312796
2026-05-09 18:03:00.049 10 INFO neutron.db.ovn_revision_numbers_db [None req-bcffffae-4457-4413-b913-af1c5bde8822 d50786bf8f3f4f31bde58e976b1d4ae1 31bc89271abc40dfb78c99f2646116ae - - default default] Successfully bumped revision number for resource 81f97502-48ce-42f4-b6a3-4031bfbb3189 (type: ports) to 1
2026-05-09 18:03:00.068 10 INFO neutron.wsgi [None req-bcffffae-4457-4413-b913-af1c5bde8822 d50786bf8f3f4f31bde58e976b1d4ae1 31bc89271abc40dfb78c99f2646116ae - - default default] 10.0.0.132 "POST /v2.0/ports HTTP/1.1" status: 201 len: 1110 time: 0.5696938
2026-05-09 18:03:00.374 10 INFO neutron.wsgi [None req-2c0aae29-aaa8-42f4-aa1c-e65b827c2bf1 d50786bf8f3f4f31bde58e976b1d4ae1 31bc89271abc40dfb78c99f2646116ae - - default default] 10.0.0.132 "DELETE /v2.0/ports/81f97502-48ce-42f4-b6a3-4031bfbb3189 HTTP/1.1" status: 204 len: 168 time: 0.3004420
2026-05-09 18:03:00.395 10 INFO neutron.pecan_wsgi.hooks.translation [None req-8cd18ceb-12a0-43a1-8fe9-4dc723088ddc d50786bf8f3f4f31bde58e976b1d4ae1 31bc89271abc40dfb78c99f2646116ae - - default default] GET failed (client error): The resource could not be found.
2026-05-09 18:03:00.396 10 INFO neutron.wsgi [None req-8cd18ceb-12a0-43a1-8fe9-4dc723088ddc d50786bf8f3f4f31bde58e976b1d4ae1 31bc89271abc40dfb78c99f2646116ae - - default default] 10.0.0.132 "GET /v2.0/ports/81f97502-48ce-42f4-b6a3-4031bfbb3189 HTTP/1.1" status: 404 len: 333 time: 0.0159249
2026-05-09 18:03:00.454 9 WARNING neutron.scheduler.dhcp_agent_scheduler [None req-6135f7ca-10e7-4865-866c-15ccee698e4a c1399cdd5add4a65b0ab81e55fb6f0db 6e916f921ec54718be91f45235ebe5a1 - - default default] No more DHCP agents
2026-05-09 18:03:00.457 9 WARNING neutron.api.rpc.agentnotifiers.dhcp_rpc_agent_api [None req-6135f7ca-10e7-4865-866c-15ccee698e4a c1399cdd5add4a65b0ab81e55fb6f0db 6e916f921ec54718be91f45235ebe5a1 - - default default] Unable to schedule network a07359d0-81d4-4001-855a-7a45358d85bd: no agents available; will retry on subsequent port and subnet creation events.
2026-05-09 18:03:00.805 10 INFO neutron.wsgi [None req-a90ae3fd-0e0d-4d10-a7c2-b4542d4d48a4 d50786bf8f3f4f31bde58e976b1d4ae1 31bc89271abc40dfb78c99f2646116ae - - default default] 10.0.0.132 "DELETE /v2.0/subnets/aa6ec270-787b-4cd5-816c-7ee74c314cfe HTTP/1.1" status: 204 len: 168 time: 0.4042249
2026-05-09 18:03:00.829 9 INFO neutron.wsgi [None req-b3ff9ed3-32fa-4b70-8fb4-f965cb200e7c 292745e763b74953abb1ad71cd80156c 48ed7ef774c14c9387875c53fa78a36e - - default default] 10.0.0.132 "GET /v2.0/ports?project_id=c916e9a1c9164b318371b76b05747059&network_id=8d4e3d19-8736-439d-911e-d344613fa2a6 HTTP/1.1" status: 200 len: 3514 time: 0.2493110
2026-05-09 18:03:00.837 9 INFO neutron.db.ovn_revision_numbers_db [None req-6135f7ca-10e7-4865-866c-15ccee698e4a c1399cdd5add4a65b0ab81e55fb6f0db 6e916f921ec54718be91f45235ebe5a1 - - default default] Successfully bumped revision number for resource deda63f0-39ef-47fe-a0a3-e0ab13e071f7 (type: ports) to 1
2026-05-09 18:03:01.116 10 INFO neutron.wsgi [None req-e85cccfa-2e7e-4042-9d0d-e8643db96f89 292745e763b74953abb1ad71cd80156c 48ed7ef774c14c9387875c53fa78a36e - - default default] 10.0.0.132 "GET /v2.0/subnets?network_id=88e7bb26-a568-4093-80fc-6ec43b37b557 HTTP/1.1" status: 200 len: 838 time: 0.0366685
2026-05-09 18:03:01.176 10 INFO neutron.services.segments.plugin [-] Segment da758366-eaf8-4ea5-a108-af104141f3ca resource provider aggregate not found
2026-05-09 18:03:01.183 10 INFO neutron.services.segments.plugin [-] Segment da758366-eaf8-4ea5-a108-af104141f3ca resource provider aggregate not found
2026-05-09 18:03:01.192 10 INFO neutron.services.segments.plugin [-] Segment da758366-eaf8-4ea5-a108-af104141f3ca resource provider not found; error: Placement Client Error (4xx): {"errors": [{"status": 404, "title": "Not Found", "detail": "The resource could not be found.\n\n No resource provider with uuid da758366-eaf8-4ea5-a108-af104141f3ca found for delete ", "request_id": "req-b0d1dddb-2532-4dd6-9b71-1bf78659997d"}]}
2026-05-09 18:03:01.203 10 INFO neutron.services.segments.plugin [-] Segment da758366-eaf8-4ea5-a108-af104141f3ca resource provider not found; error: Placement Client Error (4xx): {"errors": [{"status": 404, "title": "Not Found", "detail": "The resource could not be found.\n\n No resource provider with uuid da758366-eaf8-4ea5-a108-af104141f3ca found for delete ", "request_id": "req-8dade311-1a0f-40c7-866d-3c7099442624"}]}
2026-05-09 18:03:01.224 10 INFO neutron.wsgi [None req-be8afc9e-0189-4de1-ade2-c8fca98113e0 d50786bf8f3f4f31bde58e976b1d4ae1 31bc89271abc40dfb78c99f2646116ae - - default default] 10.0.0.132 "DELETE /v2.0/networks/6cbab546-f005-4ad0-bf65-567f03fdfcb3 HTTP/1.1" status: 204 len: 168 time: 0.4143925
2026-05-09 18:03:01.347 10 INFO neutron.plugins.ml2.drivers.ovn.mech_driver.mech_driver [None req-3a66b626-de94-4ee7-9057-743e014c3839 - - - - - -] OVN reports status up for port: deda63f0-39ef-47fe-a0a3-e0ab13e071f7
2026-05-09 18:03:01.360 10 INFO neutron.plugins.ml2.plugin [None req-3a66b626-de94-4ee7-9057-743e014c3839 - - - - - -] Attempt 1 to provision port deda63f0-39ef-47fe-a0a3-e0ab13e071f7
2026-05-09 18:03:01.384 9 INFO neutron.db.ovn_revision_numbers_db [None req-6135f7ca-10e7-4865-866c-15ccee698e4a c1399cdd5add4a65b0ab81e55fb6f0db 6e916f921ec54718be91f45235ebe5a1 - - default default] Successfully bumped revision number for resource deda63f0-39ef-47fe-a0a3-e0ab13e071f7 (type: router_ports) to 1
2026-05-09 18:03:01.516 10 INFO neutron.db.l3_db [None req-9b3bf97d-5f7e-4443-b9ed-2dba42c44863 a6bf8b2ab671467797d48adf65a3471d c916e9a1c9164b318371b76b05747059 - - default default] Floating IP a46846ad-1291-4dfb-b94b-c09bf78d2b26 disassociated. External IP: 10.96.250.216, port: cac3bc4f-8887-4fdc-aea3-e98639301f85.
2026-05-09 18:03:01.542 9 WARNING neutron.scheduler.dhcp_agent_scheduler [None req-f13951d7-4f9c-4200-ab49-538b2eec548e d50786bf8f3f4f31bde58e976b1d4ae1 31bc89271abc40dfb78c99f2646116ae - - default default] No more DHCP agents
2026-05-09 18:03:01.546 9 WARNING neutron.api.rpc.agentnotifiers.dhcp_rpc_agent_api [None req-f13951d7-4f9c-4200-ab49-538b2eec548e d50786bf8f3f4f31bde58e976b1d4ae1 31bc89271abc40dfb78c99f2646116ae - - default default] Unable to schedule network 0e505ac6-4038-4ba7-8708-68e9ea88856e: no agents available; will retry on subsequent port and subnet creation events.
2026-05-09 18:03:01.566 10 INFO neutron.db.ovn_revision_numbers_db [None req-9b3bf97d-5f7e-4443-b9ed-2dba42c44863 a6bf8b2ab671467797d48adf65a3471d c916e9a1c9164b318371b76b05747059 - - default default] Successfully bumped revision number for resource a46846ad-1291-4dfb-b94b-c09bf78d2b26 (type: floatingips) to 2
2026-05-09 18:03:01.620 9 INFO neutron.db.ovn_revision_numbers_db [None req-6135f7ca-10e7-4865-866c-15ccee698e4a c1399cdd5add4a65b0ab81e55fb6f0db 6e916f921ec54718be91f45235ebe5a1 - - default default] Successfully bumped revision number for resource deda63f0-39ef-47fe-a0a3-e0ab13e071f7 (type: ports) to 1
2026-05-09 18:03:01.660 10 INFO neutron.wsgi [None req-9b3bf97d-5f7e-4443-b9ed-2dba42c44863 a6bf8b2ab671467797d48adf65a3471d c916e9a1c9164b318371b76b05747059 - - default default] 10.0.0.132 "PUT /v2.0/floatingips/a46846ad-1291-4dfb-b94b-c09bf78d2b26 HTTP/1.1" status: 200 len: 748 time: 0.3458951
2026-05-09 18:03:01.663 9 INFO neutron.db.ovn_revision_numbers_db [None req-f13951d7-4f9c-4200-ab49-538b2eec548e d50786bf8f3f4f31bde58e976b1d4ae1 31bc89271abc40dfb78c99f2646116ae - - default default] Successfully bumped revision number for resource 7f3da3f2-103b-4ec5-b23b-a08e7dcefc71 (type: ports) to 1 /var/lib/openstack/lib/python3.10/site-packages/pycadf/identifier.py:71: UserWarning: Invalid uuid: neutron. To ensure interoperability, identifiers should be a valid uuid. warnings.warn(('Invalid uuid: %s. To ensure interoperability, '
2026-05-09 18:03:01.702 9 INFO neutron.wsgi [None req-38a75d74-e95c-4e6f-8a78-6f9dcd0dea5f a6bf8b2ab671467797d48adf65a3471d c916e9a1c9164b318371b76b05747059 - - default default] 10.0.0.132 "GET /v2.0/floatingips/a46846ad-1291-4dfb-b94b-c09bf78d2b26 HTTP/1.1" status: 200 len: 746 time: 0.0345809
2026-05-09 18:03:01.710 10 INFO neutron.notifiers.nova [-] Nova event matching ['req-23f1355a-564d-467b-bb23-0c2ccdd9509f'] response: {'name': 'network-changed', 'server_uuid': '1d9168f6-9327-4668-9258-4043e2a231a8', 'tag': 'cac3bc4f-8887-4fdc-aea3-e98639301f85', 'status': 'completed', 'code': 200}
2026-05-09 18:03:01.711 9 INFO neutron.wsgi [None req-f13951d7-4f9c-4200-ab49-538b2eec548e d50786bf8f3f4f31bde58e976b1d4ae1 31bc89271abc40dfb78c99f2646116ae - - default default] 10.0.0.132 "POST /v2.0/ports HTTP/1.1" status: 201 len: 974 time: 0.4767706
2026-05-09 18:03:01.727 10 INFO neutron.db.ovn_revision_numbers_db [None req-3a66b626-de94-4ee7-9057-743e014c3839 - - - - - -] Successfully bumped revision number for resource deda63f0-39ef-47fe-a0a3-e0ab13e071f7 (type: ports) to 2
2026-05-09 18:03:01.749 9 WARNING neutron.scheduler.dhcp_agent_scheduler [None req-6135f7ca-10e7-4865-866c-15ccee698e4a c1399cdd5add4a65b0ab81e55fb6f0db 6e916f921ec54718be91f45235ebe5a1 - - default default] No more DHCP agents
2026-05-09 18:03:01.754 9 WARNING neutron.api.rpc.agentnotifiers.dhcp_rpc_agent_api [None req-6135f7ca-10e7-4865-866c-15ccee698e4a c1399cdd5add4a65b0ab81e55fb6f0db 6e916f921ec54718be91f45235ebe5a1 - - default default] Unable to schedule network a07359d0-81d4-4001-855a-7a45358d85bd: no agents available; will retry on subsequent port and subnet creation events.
