2026-05-09 18:04:07.215 9 INFO neutron.db.ovn_revision_numbers_db [None req-31aae48b-e1d5-4595-b745-203bc0078cf5 fc94ef90abcd482498027c900584f3d3 5de428c7c83a40cbabd91f53e9cd5e44 - - default default] Successfully bumped revision number for resource 936b6d36-e005-41c7-b126-3e721d398484 (type: security_group_rules) to 0
2026-05-09 18:04:07.237 9 INFO neutron.wsgi [None req-31aae48b-e1d5-4595-b745-203bc0078cf5 fc94ef90abcd482498027c900584f3d3 5de428c7c83a40cbabd91f53e9cd5e44 - - default default] 10.0.0.132 "POST /v2.0/security-group-rules HTTP/1.1" status: 201 len: 768 time: 0.1271055
2026-05-09 18:04:07.260 9 INFO neutron.wsgi [None req-5f1aa66e-9eab-4ce4-8a7b-e7434a21bb20 fc94ef90abcd482498027c900584f3d3 5de428c7c83a40cbabd91f53e9cd5e44 - - default default] 10.0.0.132 "GET /v2.0/security-group-rules/936b6d36-e005-41c7-b126-3e721d398484 HTTP/1.1" status: 200 len: 763 time: 0.0184958
2026-05-09 18:04:07.306 10 INFO neutron.wsgi [None req-0aca9093-1579-4d16-88bd-a416f939e11c fc94ef90abcd482498027c900584f3d3 5de428c7c83a40cbabd91f53e9cd5e44 - - default default] 10.0.0.132 "GET /v2.0/security-group-rules HTTP/1.1" status: 200 len: 4113 time: 0.0424428
2026-05-09 18:04:07.420 9 INFO neutron.wsgi [None req-10fbf66d-0eb8-4eac-8d3e-3d9d8d00bcd3 fc94ef90abcd482498027c900584f3d3 5de428c7c83a40cbabd91f53e9cd5e44 - - default default] 10.0.0.132 "DELETE /v2.0/security-group-rules/936b6d36-e005-41c7-b126-3e721d398484 HTTP/1.1" status: 204 len: 168 time: 0.1059000
2026-05-09 18:04:07.462 10 INFO neutron.wsgi [None req-5eeeb99e-a039-45d6-aeba-c48beb267fcd fc94ef90abcd482498027c900584f3d3 5de428c7c83a40cbabd91f53e9cd5e44 - - default default] 10.0.0.132 "GET /v2.0/security-group-rules HTTP/1.1" status: 200 len: 3567 time: 0.0342712
2026-05-09 18:04:07.541 9 INFO neutron.plugins.ml2.drivers.ovn.mech_driver.mech_driver [None req-606e43d8-c699-4cc4-b824-d32feb3342e7 - - - - - -] OVN reports status down for port: cfe51823-4f66-4126-904c-3bf74fb29577
2026-05-09 18:04:07.559 10 INFO neutron.wsgi [req-4752c036-26c6-4593-a53e-45866c087d85 req-95473271-fc85-46af-9e15-a4dfdbe1dde3 411558e7c5ad4a408c332c3ee3f01e64 7a33acea4aa64606bcc883bc881763da - - default default] 10.0.0.48 "GET /v2.0/ports?device_id=e5ba9fe7-604a-4762-bf3f-097be3969531 HTTP/1.1" status: 200 len: 1210 time: 0.0486929
2026-05-09 18:04:07.623 10 INFO neutron.wsgi [req-4752c036-26c6-4593-a53e-45866c087d85 req-6352ce02-dc91-4a33-8be8-319155ff08cb 411558e7c5ad4a408c332c3ee3f01e64 7a33acea4aa64606bcc883bc881763da - - default default] 10.0.0.48 "GET /v2.0/security-groups?id=7bc7494d-5f49-4b29-875c-ce913a28816e&id=d15def18-9574-4d56-9ce4-7e9aeb281914&fields=id&fields=name HTTP/1.1" status: 200 len: 406 time: 0.0578964
2026-05-09 18:04:07.699 9 INFO neutron.notifiers.nova [-] Nova event matching ['req-9f35d7b3-ab30-4bed-b84a-c38568235462'] response: {'server_uuid': 'e5ba9fe7-604a-4762-bf3f-097be3969531', 'name': 'network-vif-unplugged', 'status': 'completed', 'tag': 'cfe51823-4f66-4126-904c-3bf74fb29577', 'code': 200}
2026-05-09 18:04:07.733 10 INFO neutron.db.ovn_revision_numbers_db [None req-7140251a-f9a0-49b5-bf53-792f4fc33cf2 fc94ef90abcd482498027c900584f3d3 5de428c7c83a40cbabd91f53e9cd5e44 - - default default] Successfully bumped revision number for resource c186d5dd-00da-4466-a62b-0bb77b8119b9 (type: security_group_rules) to 0
2026-05-09 18:04:07.766 10 INFO neutron.wsgi [None req-7140251a-f9a0-49b5-bf53-792f4fc33cf2 fc94ef90abcd482498027c900584f3d3 5de428c7c83a40cbabd91f53e9cd5e44 - - default default] 10.0.0.132 "POST /v2.0/security-group-rules HTTP/1.1" status: 201 len: 768 time: 0.2762141
2026-05-09 18:04:07.770 10 INFO neutron.db.ovn_revision_numbers_db [None req-1a400895-af3a-44df-8dcd-84be453ddf2d d00cc3ab3a484fe79bff78e836f15b19 1eb91f905ae040f1adf2e676920ce475 - - default default] Successfully bumped revision number for resource 407dda6d-4fcf-48b1-9dc0-e9b7523b9e7f (type: security_groups) to 1
2026-05-09 18:04:07.788 10 INFO neutron.wsgi [None req-8592672d-12e8-44d6-8c38-5b3ed01064b3 fc94ef90abcd482498027c900584f3d3 5de428c7c83a40cbabd91f53e9cd5e44 - - default default] 10.0.0.132 "GET /v2.0/security-group-rules/c186d5dd-00da-4466-a62b-0bb77b8119b9 HTTP/1.1" status: 200 len: 763 time: 0.0185733
2026-05-09 18:04:07.799 10 INFO neutron.db.ovn_revision_numbers_db [None req-1a400895-af3a-44df-8dcd-84be453ddf2d d00cc3ab3a484fe79bff78e836f15b19 1eb91f905ae040f1adf2e676920ce475 - - default default] Successfully bumped revision number for resource 1bbaa7df-e28e-4b34-9921-080562025502 (type: security_group_rules) to 0
2026-05-09 18:04:07.821 10 INFO neutron.db.ovn_revision_numbers_db [None req-1a400895-af3a-44df-8dcd-84be453ddf2d d00cc3ab3a484fe79bff78e836f15b19 1eb91f905ae040f1adf2e676920ce475 - - default default] Successfully bumped revision number for resource 8a13ad40-4ac9-463d-8b7f-e4e4100fbadc (type: security_group_rules) to 0
2026-05-09 18:04:07.836 10 INFO neutron.db.ovn_revision_numbers_db [None req-1a400895-af3a-44df-8dcd-84be453ddf2d d00cc3ab3a484fe79bff78e836f15b19 1eb91f905ae040f1adf2e676920ce475 - - default default] Successfully bumped revision number for resource c69dbce9-480b-42ba-9c34-0b77f5d9b058 (type: security_group_rules) to 0
2026-05-09 18:04:07.850 10 INFO neutron.db.ovn_revision_numbers_db [None req-1a400895-af3a-44df-8dcd-84be453ddf2d d00cc3ab3a484fe79bff78e836f15b19 1eb91f905ae040f1adf2e676920ce475 - - default default] Successfully bumped revision number for resource cdb43dd9-09f7-464b-b75e-d83255ba2e17 (type: security_group_rules) to 0
2026-05-09 18:04:07.872 9 INFO neutron.wsgi [None req-fc4435a2-f5ec-42c6-a747-a32727e992db fc94ef90abcd482498027c900584f3d3 5de428c7c83a40cbabd91f53e9cd5e44 - - default default] 10.0.0.132 "GET /v2.0/security-group-rules HTTP/1.1" status: 200 len: 4113 time: 0.0767739
2026-05-09 18:04:07.874 10 INFO neutron.wsgi [None req-1a400895-af3a-44df-8dcd-84be453ddf2d d00cc3ab3a484fe79bff78e836f15b19 1eb91f905ae040f1adf2e676920ce475 - - default default] 10.0.0.132 "GET /v2.0/security-groups?tenant_id=dbb5379aadb5402f91eea695d5c84adc&name=default HTTP/1.1" status: 200 len: 2996 time: 0.4733975
2026-05-09 18:04:08.017 10 INFO neutron.wsgi [None req-d39b1c9e-59fe-4f80-a553-2a23195928ae fc94ef90abcd482498027c900584f3d3 5de428c7c83a40cbabd91f53e9cd5e44 - - default default] 10.0.0.132 "DELETE /v2.0/security-group-rules/c186d5dd-00da-4466-a62b-0bb77b8119b9 HTTP/1.1" status: 204 len: 168 time: 0.1400621
2026-05-09 18:04:08.067 10 INFO neutron.wsgi [None req-1a0104e0-adf2-4839-92f7-5375c8560ab6 fc94ef90abcd482498027c900584f3d3 5de428c7c83a40cbabd91f53e9cd5e44 - - default default] 10.0.0.132 "GET /v2.0/security-group-rules HTTP/1.1" status: 200 len: 3567 time: 0.0426922
2026-05-09 18:04:08.099 10 INFO neutron.db.securitygroups_db [None req-09677286-fcb7-425b-813f-41e6746adcdb fc94ef90abcd482498027c900584f3d3 5de428c7c83a40cbabd91f53e9cd5e44 - - default default] Project 5de428c7c83a40cbabd91f53e9cd5e44 added a security group rule with legacy IPv6 ICMP protocol name icmp, ipv6-icmp should be used instead. It was automatically converted.
2026-05-09 18:04:08.111 9 INFO neutron.wsgi [req-c6869150-63e0-4a10-931e-925880d5e066 req-8fe9f16a-54bf-4787-b84c-330d8d45b593 411558e7c5ad4a408c332c3ee3f01e64 7a33acea4aa64606bcc883bc881763da - - default default] 199.204.45.227 "GET /v2.0/ports?device_id=e5ba9fe7-604a-4762-bf3f-097be3969531 HTTP/1.1" status: 200 len: 1208 time: 0.2801907
2026-05-09 18:04:08.113 9 INFO neutron.db.ovn_revision_numbers_db [None req-606e43d8-c699-4cc4-b824-d32feb3342e7 - - - - - -] Successfully bumped revision number for resource cfe51823-4f66-4126-904c-3bf74fb29577 (type: ports) to 5
2026-05-09 18:04:08.118 10 INFO neutron.wsgi [None req-3786bf9e-7351-4196-aea9-1766f784528b d00cc3ab3a484fe79bff78e836f15b19 1eb91f905ae040f1adf2e676920ce475 - - default default] 10.0.0.132 "DELETE /v2.0/security-groups/407dda6d-4fcf-48b1-9dc0-e9b7523b9e7f HTTP/1.1" status: 204 len: 168 time: 0.2361445
2026-05-09 18:04:08.183 10 INFO neutron.db.ovn_revision_numbers_db [None req-09677286-fcb7-425b-813f-41e6746adcdb fc94ef90abcd482498027c900584f3d3 5de428c7c83a40cbabd91f53e9cd5e44 - - default default] Successfully bumped revision number for resource 143dac4c-f7c8-481e-8ac6-54f173c9ae7d (type: security_group_rules) to 0
2026-05-09 18:04:08.205 10 INFO neutron.wsgi [None req-09677286-fcb7-425b-813f-41e6746adcdb fc94ef90abcd482498027c900584f3d3 5de428c7c83a40cbabd91f53e9cd5e44 - - default default] 10.0.0.132 "POST /v2.0/security-group-rules HTTP/1.1" status: 201 len: 774 time: 0.1285203 /var/lib/openstack/lib/python3.10/site-packages/pycadf/identifier.py:71: UserWarning: Invalid uuid: neutron. To ensure interoperability, identifiers should be a valid uuid. warnings.warn(('Invalid uuid: %s. To ensure interoperability, '
2026-05-09 18:04:08.233 9 INFO neutron.wsgi [None req-67ccbb46-0bc9-43e0-a783-62336c299a23 fc94ef90abcd482498027c900584f3d3 5de428c7c83a40cbabd91f53e9cd5e44 - - default default] 10.0.0.132 "GET /v2.0/security-group-rules/143dac4c-f7c8-481e-8ac6-54f173c9ae7d HTTP/1.1" status: 200 len: 769 time: 0.0225418
2026-05-09 18:04:08.276 10 INFO neutron.wsgi [None req-92b90cdb-35f4-4cd1-bc44-f2e8730f35a8 fc94ef90abcd482498027c900584f3d3 5de428c7c83a40cbabd91f53e9cd5e44 - - default default] 10.0.0.132 "GET /v2.0/security-group-rules HTTP/1.1" status: 200 len: 4119 time: 0.0355086
2026-05-09 18:04:08.482 9 INFO neutron.db.l3_db [req-c6869150-63e0-4a10-931e-925880d5e066 req-98fc82cd-7745-45af-a071-6bc6284db5c3 411558e7c5ad4a408c332c3ee3f01e64 7a33acea4aa64606bcc883bc881763da - - default default] Floating IP a00e06da-832c-447b-88ae-e5bd00be16b7 disassociated. External IP: 10.96.250.203, port: cfe51823-4f66-4126-904c-3bf74fb29577.
2026-05-09 18:04:08.489 9 INFO neutron.wsgi [None req-a626c8cf-5c6f-495d-819a-d20490b4c0db fc94ef90abcd482498027c900584f3d3 5de428c7c83a40cbabd91f53e9cd5e44 - - default default] 10.0.0.132 "DELETE /v2.0/security-group-rules/143dac4c-f7c8-481e-8ac6-54f173c9ae7d HTTP/1.1" status: 204 len: 168 time: 0.2082686
2026-05-09 18:04:08.532 10 INFO neutron.wsgi [None req-388df928-997f-4a93-b589-20bbbbbe38b9 fc94ef90abcd482498027c900584f3d3 5de428c7c83a40cbabd91f53e9cd5e44 - - default default] 10.0.0.132 "GET /v2.0/security-group-rules HTTP/1.1" status: 200 len: 3567 time: 0.0377884
2026-05-09 18:04:08.649 10 INFO neutron.wsgi [None req-f8dc4cbb-8923-413a-a80e-97994c7ea795 fc94ef90abcd482498027c900584f3d3 5de428c7c83a40cbabd91f53e9cd5e44 - - default default] 10.0.0.132 "DELETE /v2.0/security-groups/6965e287-f78d-46cc-b609-5863e7486c4a HTTP/1.1" status: 204 len: 168 time: 0.1124110
2026-05-09 18:04:08.690 10 INFO neutron.wsgi [None req-38eee64b-588b-4e5e-bb78-229b761cb13c fc94ef90abcd482498027c900584f3d3 5de428c7c83a40cbabd91f53e9cd5e44 - - default default] 10.0.0.132 "GET /v2.0/security-groups HTTP/1.1" status: 200 len: 2996 time: 0.0362327 /var/lib/openstack/lib/python3.10/site-packages/pycadf/identifier.py:71: UserWarning: Invalid uuid: neutron. To ensure interoperability, identifiers should be a valid uuid. warnings.warn(('Invalid uuid: %s. To ensure interoperability, '
2026-05-09 18:04:08.717 10 INFO neutron.wsgi [req-765abd6f-4672-4a29-bd15-1091a83044c9 req-fdc87e4c-0022-4567-879b-11c5ea51db2f 411558e7c5ad4a408c332c3ee3f01e64 7a33acea4aa64606bcc883bc881763da - - default default] 10.0.0.48 "GET /v2.0/ports?device_id=e5ba9fe7-604a-4762-bf3f-097be3969531 HTTP/1.1" status: 200 len: 210 time: 0.0256684
2026-05-09 18:04:08.717 9 INFO neutron.wsgi [req-c6869150-63e0-4a10-931e-925880d5e066 req-98fc82cd-7745-45af-a071-6bc6284db5c3 411558e7c5ad4a408c332c3ee3f01e64 7a33acea4aa64606bcc883bc881763da - - default default] 199.204.45.227 "DELETE /v2.0/ports/cfe51823-4f66-4126-904c-3bf74fb29577 HTTP/1.1" status: 204 len: 173 time: 0.6001871
2026-05-09 18:04:08.744 9 INFO neutron.wsgi [None req-b8ffbfbe-2e0e-44bf-a0cd-5c676bf81bc3 fc94ef90abcd482498027c900584f3d3 5de428c7c83a40cbabd91f53e9cd5e44 - - default default] 10.0.0.132 "GET /v2.0/security-groups HTTP/1.1" status: 200 len: 2996 time: 0.0466106
2026-05-09 18:04:09.344 9 INFO neutron.wsgi [None req-498f3953-abbe-4442-9a31-8301a94366c1 d00cc3ab3a484fe79bff78e836f15b19 1eb91f905ae040f1adf2e676920ce475 - - default default] 10.0.0.132 "GET /v2.0/security-groups?tenant_id=5de428c7c83a40cbabd91f53e9cd5e44&name=default HTTP/1.1" status: 200 len: 2996 time: 0.1381679
2026-05-09 18:04:09.576 9 INFO neutron.wsgi [None req-0dabadd4-8941-439c-a2f7-9acb465ac13b d00cc3ab3a484fe79bff78e836f15b19 1eb91f905ae040f1adf2e676920ce475 - - default default] 10.0.0.132 "DELETE /v2.0/security-groups/8011abef-29d1-4669-b6e2-405cc82b861e HTTP/1.1" status: 204 len: 168 time: 0.2261362
2026-05-09 18:04:09.735 9 INFO neutron.notifiers.nova [-] Nova event matching ['req-0592de5d-cab6-4d88-bde1-ead8f45c86ec'] response: {'server_uuid': 'e5ba9fe7-604a-4762-bf3f-097be3969531', 'name': 'network-vif-plugged', 'status': 'completed', 'tag': 'cfe51823-4f66-4126-904c-3bf74fb29577', 'code': 200}
2026-05-09 18:04:09.736 9 INFO neutron.notifiers.nova [-] Nova event matching ['req-0592de5d-cab6-4d88-bde1-ead8f45c86ec'] response: {'server_uuid': 'e5ba9fe7-604a-4762-bf3f-097be3969531', 'name': 'network-vif-deleted', 'tag': 'cfe51823-4f66-4126-904c-3bf74fb29577', 'status': 'completed', 'code': 200}
2026-05-09 18:04:09.760 10 INFO neutron.wsgi [None req-8789babb-604f-44ce-bb01-32e33676d8a9 0a7e4404533f493f9d42e34289f69b1b 93c5d25a7909421b931efca90f2da688 - - default default] 10.0.0.132 "POST /v2.0/qos/policies HTTP/1.1" status: 201 len: 558 time: 0.1630335
2026-05-09 18:04:09.807 10 INFO neutron.wsgi [None req-c954b552-9a6a-45b6-a76c-f568a1a73d8e 0a7e4404533f493f9d42e34289f69b1b 93c5d25a7909421b931efca90f2da688 - - default default] 10.0.0.132 "POST /v2.0/qos/policies HTTP/1.1" status: 201 len: 558 time: 0.0418696
2026-05-09 18:04:09.849 10 INFO neutron.wsgi [None req-8a650e52-ccd1-4c79-9fba-9d78db7f93c5 0a7e4404533f493f9d42e34289f69b1b 93c5d25a7909421b931efca90f2da688 - - default default] 10.0.0.132 "POST /v2.0/qos/policies HTTP/1.1" status: 201 len: 558 time: 0.0368268
2026-05-09 18:04:09.892 10 INFO neutron.wsgi [None req-ac104cb7-302b-4290-b976-7abc6bd0f952 0a7e4404533f493f9d42e34289f69b1b 93c5d25a7909421b931efca90f2da688 - - default default] 10.0.0.132 "POST /v2.0/qos/policies HTTP/1.1" status: 201 len: 558 time: 0.0382299
2026-05-09 18:04:09.940 10 INFO neutron.wsgi [None req-43a51209-9eca-4b12-a2c6-f159293b5084 0a7e4404533f493f9d42e34289f69b1b 93c5d25a7909421b931efca90f2da688 - - default default] 10.0.0.132 "POST /v2.0/qos/policies HTTP/1.1" status: 201 len: 558 time: 0.0437071
2026-05-09 18:04:09.969 10 INFO neutron.wsgi [None req-8e54e928-650c-4155-883f-d11aa8032397 0a7e4404533f493f9d42e34289f69b1b 93c5d25a7909421b931efca90f2da688 - - default default] 10.0.0.132 "PUT /v2.0/policies/4d0d5424-954e-488e-a85d-8bd826497b66/tags HTTP/1.1" status: 200 len: 210 time: 0.0241132
2026-05-09 18:04:10.013 9 INFO neutron.wsgi [None req-29dc49fb-1790-4040-82d4-1b0c957f0e22 411558e7c5ad4a408c332c3ee3f01e64 7a33acea4aa64606bcc883bc881763da - - default default] 10.0.0.132 "DELETE /v2.0/security-groups/7bc7494d-5f49-4b29-875c-ce913a28816e HTTP/1.1" status: 204 len: 168 time: 0.1446288
2026-05-09 18:04:10.015 9 INFO neutron.wsgi [None req-67139f79-eeca-469e-93de-5ab87849a0e8 0a7e4404533f493f9d42e34289f69b1b 93c5d25a7909421b931efca90f2da688 - - default default] 10.0.0.132 "PUT /v2.0/policies/2d6ad5a5-fbe9-42b2-941e-5a9dfd4092a5/tags HTTP/1.1" status: 200 len: 218 time: 0.0411837
2026-05-09 18:04:10.026 9 INFO neutron.api.v2.resource [None req-3d6e1a6b-e35d-4b5f-893e-54e236873179 411558e7c5ad4a408c332c3ee3f01e64 7a33acea4aa64606bcc883bc881763da - - default default] show failed (client error): The resource could not be found.
2026-05-09 18:04:10.027 9 INFO neutron.wsgi [None req-3d6e1a6b-e35d-4b5f-893e-54e236873179 411558e7c5ad4a408c332c3ee3f01e64 7a33acea4aa64606bcc883bc881763da - - default default] 10.0.0.132 "GET /v2.0/security-groups/7bc7494d-5f49-4b29-875c-ce913a28816e HTTP/1.1" status: 404 len: 347 time: 0.0091074
2026-05-09 18:04:10.051 10 INFO neutron.wsgi [None req-222a5e09-6868-4c1e-ae0e-f57a95b1d376 0a7e4404533f493f9d42e34289f69b1b 93c5d25a7909421b931efca90f2da688 - - default default] 10.0.0.132 "PUT /v2.0/policies/b960ded6-fe74-4b57-9ad8-ae437c44e7b1/tags HTTP/1.1" status: 200 len: 227 time: 0.0294976
2026-05-09 18:04:10.081 10 INFO neutron.wsgi [None req-090aeae1-2e60-48dc-806c-5a6e9625b106 0a7e4404533f493f9d42e34289f69b1b 93c5d25a7909421b931efca90f2da688 - - default default] 10.0.0.132 "PUT /v2.0/policies/6db7917d-5f97-40b5-8f8d-74470b543277/tags HTTP/1.1" status: 200 len: 212 time: 0.0243311
2026-05-09 18:04:10.374 9 INFO neutron.wsgi [None req-0d7c01c2-69d4-474f-bba1-0ae8709ededa 411558e7c5ad4a408c332c3ee3f01e64 7a33acea4aa64606bcc883bc881763da - - default default] 10.0.0.132 "DELETE /v2.0/floatingips/a00e06da-832c-447b-88ae-e5bd00be16b7 HTTP/1.1" status: 204 len: 168 time: 0.3406186
2026-05-09 18:04:10.545 9 INFO neutron.wsgi [None req-7b31cbcd-9816-48b5-abae-a45950cf9c62 411558e7c5ad4a408c332c3ee3f01e64 7a33acea4aa64606bcc883bc881763da - - default default] 10.0.0.132 "DELETE /v2.0/security-groups/d15def18-9574-4d56-9ce4-7e9aeb281914 HTTP/1.1" status: 204 len: 168 time: 0.1647303
2026-05-09 18:04:10.576 10 INFO neutron.wsgi [-] 10.0.0.127 "GET / HTTP/1.1" status: 200 len: 247 time: 0.0026720
2026-05-09 18:04:10.576 9 INFO neutron.wsgi [-] 10.0.0.127 "GET / HTTP/1.1" status: 200 len: 247 time: 0.0030048
2026-05-09 18:04:10.769 10 INFO neutron.wsgi [None req-dfd4740d-3f47-4bb5-b7bc-60682d54ceca 2b294e44e6374947884fdef93e9a9aa7 d2857f24c02046a4a2c0de69eac9257d - - default default] 10.0.0.132 "GET /v2.0/qos/policies?tags=red HTTP/1.1" status: 200 len: 1296 time: 0.2873971
2026-05-09 18:04:10.849 10 INFO neutron.wsgi [None req-b493cd7e-db4e-48fe-becd-5ee2fa657fd6 2b294e44e6374947884fdef93e9a9aa7 d2857f24c02046a4a2c0de69eac9257d - - default default] 10.0.0.132 "GET /v2.0/qos/policies?tags=red%2Cblue HTTP/1.1" status: 200 len: 941 time: 0.0639157
2026-05-09 18:04:10.921 10 INFO neutron.wsgi [None req-64f14345-1a08-4243-abcf-a63894f69e61 2b294e44e6374947884fdef93e9a9aa7 d2857f24c02046a4a2c0de69eac9257d - - default default] 10.0.0.132 "GET /v2.0/qos/policies?tags-any=blue HTTP/1.1" status: 200 len: 941 time: 0.0581274
2026-05-09 18:04:11.044 9 INFO neutron.wsgi [None req-0d797b0b-01d0-4cb9-830f-c07cfcd3e593 2b294e44e6374947884fdef93e9a9aa7 d2857f24c02046a4a2c0de69eac9257d - - default default] 10.0.0.132 "GET /v2.0/qos/policies?tags-any=red%2Cblue HTTP/1.1" status: 200 len: 1296 time: 0.1145658
2026-05-09 18:04:11.154 10 INFO neutron.wsgi [None req-6d44b401-79a4-4e0f-b612-7d8496d3c1c9 2b294e44e6374947884fdef93e9a9aa7 d2857f24c02046a4a2c0de69eac9257d - - default default] 10.0.0.132 "GET /v2.0/qos/policies?not-tags=red HTTP/1.1" status: 200 len: 913 time: 0.1009903
2026-05-09 18:04:11.270 10 INFO neutron.wsgi [None req-67ed5a2a-038b-45e4-bae4-fb372a5ddfe2 2b294e44e6374947884fdef93e9a9aa7 d2857f24c02046a4a2c0de69eac9257d - - default default] 10.0.0.132 "GET /v2.0/qos/policies?not-tags=red%2Cblue HTTP/1.1" status: 200 len: 1268 time: 0.1117978
2026-05-09 18:04:11.388 10 INFO neutron.wsgi [None req-318fa18e-4789-4223-983f-00265f4d698b 2b294e44e6374947884fdef93e9a9aa7 d2857f24c02046a4a2c0de69eac9257d - - default default] 10.0.0.132 "GET /v2.0/qos/policies?not-tags-any=blue HTTP/1.1" status: 200 len: 1268 time: 0.1138835
2026-05-09 18:04:11.448 10 INFO neutron.wsgi [None req-221f9861-6e11-40aa-ab09-df20cf234c27 2b294e44e6374947884fdef93e9a9aa7 d2857f24c02046a4a2c0de69eac9257d - - default default] 10.0.0.132 "GET /v2.0/qos/policies?not-tags-any=red%2Cblue HTTP/1.1" status: 200 len: 913 time: 0.0516639
2026-05-09 18:04:11.522 10 INFO neutron.wsgi [None req-f4f2be37-3c34-481e-9543-3a4f6d92ec3b 0a7e4404533f493f9d42e34289f69b1b 93c5d25a7909421b931efca90f2da688 - - default default] 10.0.0.132 "DELETE /v2.0/qos/policies/4d0d5424-954e-488e-a85d-8bd826497b66 HTTP/1.1" status: 204 len: 168 time: 0.0632501
2026-05-09 18:04:11.593 10 INFO neutron.wsgi [None req-c4163999-8f5f-4f4f-9835-6016279be866 0a7e4404533f493f9d42e34289f69b1b 93c5d25a7909421b931efca90f2da688 - - default default] 10.0.0.132 "DELETE /v2.0/qos/policies/2d6ad5a5-fbe9-42b2-941e-5a9dfd4092a5 HTTP/1.1" status: 204 len: 168 time: 0.0667105
2026-05-09 18:04:11.665 10 INFO neutron.wsgi [None req-517d2889-6d9c-4aff-bd0f-66d1bcbfd639 0a7e4404533f493f9d42e34289f69b1b 93c5d25a7909421b931efca90f2da688 - - default default] 10.0.0.132 "DELETE /v2.0/qos/policies/b960ded6-fe74-4b57-9ad8-ae437c44e7b1 HTTP/1.1" status: 204 len: 168 time: 0.0642054
2026-05-09 18:04:11.728 10 INFO neutron.wsgi [None req-232c67d2-e188-4f49-934c-fd84136fbc8a 0a7e4404533f493f9d42e34289f69b1b 93c5d25a7909421b931efca90f2da688 - - default default] 10.0.0.132 "DELETE /v2.0/qos/policies/6db7917d-5f97-40b5-8f8d-74470b543277 HTTP/1.1" status: 204 len: 168 time: 0.0585816
2026-05-09 18:04:11.784 10 INFO neutron.wsgi [None req-b2e4e8bd-cf44-4752-b88e-f3ede9cdc0a6 0a7e4404533f493f9d42e34289f69b1b 93c5d25a7909421b931efca90f2da688 - - default default] 10.0.0.132 "DELETE /v2.0/qos/policies/8c8644a1-eb3e-4f53-aabe-d30f2166f328 HTTP/1.1" status: 204 len: 168 time: 0.0515110
2026-05-09 18:04:11.982 9 INFO neutron.wsgi [None req-710b153f-566f-4663-a4da-e62f830e13aa d00cc3ab3a484fe79bff78e836f15b19 1eb91f905ae040f1adf2e676920ce475 - - default default] 10.0.0.132 "PUT /v2.0/routers/ca2b8c8f-b3b3-4761-8ea6-c326cbbb5fe6/remove_router_interface HTTP/1.1" status: 200 len: 503 time: 1.3859053 /var/lib/openstack/lib/python3.10/site-packages/pycadf/identifier.py:71: UserWarning: Invalid uuid: neutron. To ensure interoperability, identifiers should be a valid uuid. warnings.warn(('Invalid uuid: %s. To ensure interoperability, '
2026-05-09 18:04:12.631 9 INFO neutron.wsgi [None req-84a72555-6402-4772-aca0-292157d42797 d00cc3ab3a484fe79bff78e836f15b19 1eb91f905ae040f1adf2e676920ce475 - - default default] 10.0.0.132 "DELETE /v2.0/routers/ca2b8c8f-b3b3-4761-8ea6-c326cbbb5fe6 HTTP/1.1" status: 204 len: 168 time: 0.6435685
2026-05-09 18:04:12.894 9 INFO neutron.wsgi [None req-cc6f2048-195a-482c-9afc-e456e28de1e8 d00cc3ab3a484fe79bff78e836f15b19 1eb91f905ae040f1adf2e676920ce475 - - default default] 10.0.0.132 "DELETE /v2.0/subnets/b67f9f49-3d57-4971-976b-7220f648b9a1 HTTP/1.1" status: 204 len: 168 time: 0.2580507
2026-05-09 18:04:12.905 9 INFO neutron.db.ovn_revision_numbers_db [None req-90f0f2fc-a8f9-46a8-b931-8bc63ebb072f d00cc3ab3a484fe79bff78e836f15b19 1eb91f905ae040f1adf2e676920ce475 - - default default] Successfully bumped revision number for resource bb3ac410-a564-4ccc-82a2-d0eaad195ac0 (type: security_groups) to 1
2026-05-09 18:04:12.940 9 INFO neutron.db.ovn_revision_numbers_db [None req-90f0f2fc-a8f9-46a8-b931-8bc63ebb072f d00cc3ab3a484fe79bff78e836f15b19 1eb91f905ae040f1adf2e676920ce475 - - default default] Successfully bumped revision number for resource 08e33283-1d42-4216-8526-408bb9fd2bd4 (type: security_group_rules) to 0
2026-05-09 18:04:12.962 9 INFO neutron.db.ovn_revision_numbers_db [None req-90f0f2fc-a8f9-46a8-b931-8bc63ebb072f d00cc3ab3a484fe79bff78e836f15b19 1eb91f905ae040f1adf2e676920ce475 - - default default] Successfully bumped revision number for resource 1adf948a-5f5a-4fde-b8fb-ffdff7bc4fbb (type: security_group_rules) to 0
2026-05-09 18:04:12.981 9 INFO neutron.db.ovn_revision_numbers_db [None req-90f0f2fc-a8f9-46a8-b931-8bc63ebb072f d00cc3ab3a484fe79bff78e836f15b19 1eb91f905ae040f1adf2e676920ce475 - - default default] Successfully bumped revision number for resource cacddf46-9fee-43ac-b77d-27d59f3c109c (type: security_group_rules) to 0
2026-05-09 18:04:12.997 9 INFO neutron.db.ovn_revision_numbers_db [None req-90f0f2fc-a8f9-46a8-b931-8bc63ebb072f d00cc3ab3a484fe79bff78e836f15b19 1eb91f905ae040f1adf2e676920ce475 - - default default] Successfully bumped revision number for resource d972896e-2d5d-4192-9d08-06d3ae9e5399 (type: security_group_rules) to 0
2026-05-09 18:04:13.033 9 INFO neutron.wsgi [None req-90f0f2fc-a8f9-46a8-b931-8bc63ebb072f d00cc3ab3a484fe79bff78e836f15b19 1eb91f905ae040f1adf2e676920ce475 - - default default] 10.0.0.132 "GET /v2.0/security-groups?tenant_id=4e4754a714054071a5a9aff644cbcb1e&name=default HTTP/1.1" status: 200 len: 2996 time: 0.3771060
2026-05-09 18:04:13.241 10 INFO neutron.wsgi [None req-ea4fe56d-3d5c-470b-b31b-bbf8dde96035 d00cc3ab3a484fe79bff78e836f15b19 1eb91f905ae040f1adf2e676920ce475 - - default default] 10.0.0.132 "DELETE /v2.0/security-groups/bb3ac410-a564-4ccc-82a2-d0eaad195ac0 HTTP/1.1" status: 204 len: 168 time: 0.2012365
2026-05-09 18:04:13.297 9 INFO neutron.services.segments.plugin [-] Segment 94ce05c1-af92-4822-ab0f-37022701b8d0 resource provider aggregate not found
2026-05-09 18:04:13.303 9 INFO neutron.services.segments.plugin [-] Segment 94ce05c1-af92-4822-ab0f-37022701b8d0 resource provider aggregate not found
2026-05-09 18:04:13.312 9 INFO neutron.services.segments.plugin [-] Segment 94ce05c1-af92-4822-ab0f-37022701b8d0 resource provider not found; error: Placement Client Error (4xx): {"errors": [{"status": 404, "title": "Not Found", "detail": "The resource could not be found.\n\n No resource provider with uuid 94ce05c1-af92-4822-ab0f-37022701b8d0 found for delete ", "request_id": "req-fac054f9-8ea1-4fde-ab2f-123371bab7c0"}]}
2026-05-09 18:04:13.316 9 INFO neutron.services.segments.plugin [-] Segment 94ce05c1-af92-4822-ab0f-37022701b8d0 resource provider not found; error: Placement Client Error (4xx): {"errors": [{"status": 404, "title": "Not Found", "detail": "The resource could not be found.\n\n No resource provider with uuid 94ce05c1-af92-4822-ab0f-37022701b8d0 found for delete ", "request_id": "req-fc0481c2-df8d-45f7-bf61-8aa10c61fa50"}]}
2026-05-09 18:04:13.347 9 INFO neutron.wsgi [None req-52284a81-d381-41ca-91f9-db5ff13e78ea d00cc3ab3a484fe79bff78e836f15b19 1eb91f905ae040f1adf2e676920ce475 - - default default] 10.0.0.132 "DELETE /v2.0/networks/b7c7d24f-0b4f-465c-adbe-8ab9777d9df7 HTTP/1.1" status: 204 len: 168 time: 0.4478884
2026-05-09 18:04:13.444 9 INFO neutron.db.ovn_revision_numbers_db [None req-50796798-34bf-48dc-a263-1ef5bc02438b d00cc3ab3a484fe79bff78e836f15b19 1eb91f905ae040f1adf2e676920ce475 - - default default] Successfully bumped revision number for resource ea545cc1-39d6-415d-9bd5-60763eb7ec5b (type: security_groups) to 1
2026-05-09 18:04:13.458 9 INFO neutron.db.ovn_revision_numbers_db [None req-50796798-34bf-48dc-a263-1ef5bc02438b d00cc3ab3a484fe79bff78e836f15b19 1eb91f905ae040f1adf2e676920ce475 - - default default] Successfully bumped revision number for resource 16ee105f-fec0-4404-b74e-cfe0ebcddb9d (type: security_group_rules) to 0
2026-05-09 18:04:13.473 9 INFO neutron.db.ovn_revision_numbers_db [None req-50796798-34bf-48dc-a263-1ef5bc02438b d00cc3ab3a484fe79bff78e836f15b19 1eb91f905ae040f1adf2e676920ce475 - - default default] Successfully bumped revision number for resource 3a3ddaba-7830-496f-8eb4-9f743f1a8f03 (type: security_group_rules) to 0
2026-05-09 18:04:13.490 9 INFO neutron.db.ovn_revision_numbers_db [None req-50796798-34bf-48dc-a263-1ef5bc02438b d00cc3ab3a484fe79bff78e836f15b19 1eb91f905ae040f1adf2e676920ce475 - - default default] Successfully bumped revision number for resource c3e67100-1f85-4a62-ab16-49b1da6085b3 (type: security_group_rules) to 0
2026-05-09 18:04:13.507 9 INFO neutron.db.ovn_revision_numbers_db [None req-50796798-34bf-48dc-a263-1ef5bc02438b d00cc3ab3a484fe79bff78e836f15b19 1eb91f905ae040f1adf2e676920ce475 - - default default] Successfully bumped revision number for resource eb85a041-49bc-47ec-b709-fc1a11b1f8ac (type: security_group_rules) to 0
2026-05-09 18:04:13.533 9 INFO neutron.wsgi [None req-50796798-34bf-48dc-a263-1ef5bc02438b d00cc3ab3a484fe79bff78e836f15b19 1eb91f905ae040f1adf2e676920ce475 - - default default] 10.0.0.132 "GET /v2.0/security-groups?tenant_id=93c5d25a7909421b931efca90f2da688&name=default HTTP/1.1" status: 200 len: 2996 time: 0.2111492
2026-05-09 18:04:13.751 9 INFO neutron.wsgi [None req-42635090-8be9-4c8f-a325-1002f35df6a4 d00cc3ab3a484fe79bff78e836f15b19 1eb91f905ae040f1adf2e676920ce475 - - default default] 10.0.0.132 "DELETE /v2.0/security-groups/ea545cc1-39d6-415d-9bd5-60763eb7ec5b HTTP/1.1" status: 204 len: 168 time: 0.2131472
2026-05-09 18:04:14.089 10 INFO neutron.db.ovn_revision_numbers_db [None req-a7a339b4-2248-479b-ba62-2344f4c99b7a d00cc3ab3a484fe79bff78e836f15b19 1eb91f905ae040f1adf2e676920ce475 - - default default] Successfully bumped revision number for resource 007ecd0f-2140-4d3d-b5ac-7d8dfa7aef1b (type: security_groups) to 1
2026-05-09 18:04:14.105 10 INFO neutron.db.ovn_revision_numbers_db [None req-a7a339b4-2248-479b-ba62-2344f4c99b7a d00cc3ab3a484fe79bff78e836f15b19 1eb91f905ae040f1adf2e676920ce475 - - default default] Successfully bumped revision number for resource 205da176-f7e9-487f-9d20-8ec95b21e64d (type: security_group_rules) to 0
2026-05-09 18:04:14.138 10 INFO neutron.db.ovn_revision_numbers_db [None req-a7a339b4-2248-479b-ba62-2344f4c99b7a d00cc3ab3a484fe79bff78e836f15b19 1eb91f905ae040f1adf2e676920ce475 - - default default] Successfully bumped revision number for resource 9b162dcc-a83f-4ef1-826f-3eb66a7f42ae (type: security_group_rules) to 0
2026-05-09 18:04:14.167 10 INFO neutron.db.ovn_revision_numbers_db [None req-a7a339b4-2248-479b-ba62-2344f4c99b7a d00cc3ab3a484fe79bff78e836f15b19 1eb91f905ae040f1adf2e676920ce475 - - default default] Successfully bumped revision number for resource b575f686-c44a-4f16-a3c2-0328175194f8 (type: security_group_rules) to 0
2026-05-09 18:04:14.203 10 INFO neutron.db.ovn_revision_numbers_db [None req-a7a339b4-2248-479b-ba62-2344f4c99b7a d00cc3ab3a484fe79bff78e836f15b19 1eb91f905ae040f1adf2e676920ce475 - - default default] Successfully bumped revision number for resource ddb91955-c35c-4ae2-87dc-eba5da489262 (type: security_group_rules) to 0
2026-05-09 18:04:14.229 10 INFO neutron.wsgi [None req-a7a339b4-2248-479b-ba62-2344f4c99b7a d00cc3ab3a484fe79bff78e836f15b19 1eb91f905ae040f1adf2e676920ce475 - - default default] 10.0.0.132 "GET /v2.0/security-groups?tenant_id=d2857f24c02046a4a2c0de69eac9257d&name=default HTTP/1.1" status: 200 len: 2996 time: 0.3353429
2026-05-09 18:04:14.345 10 INFO neutron.wsgi [None req-7a7338e3-3058-4012-a163-bd1a89bcbdcd d00cc3ab3a484fe79bff78e836f15b19 1eb91f905ae040f1adf2e676920ce475 - - default default] 10.0.0.132 "PUT /v2.0/routers/5500e3bc-bd72-4130-9dac-c2f0c19a17e3/remove_router_interface HTTP/1.1" status: 200 len: 503 time: 0.9913361
2026-05-09 18:04:14.543 10 INFO neutron.wsgi [None req-e23bb960-a51f-48b0-bd6c-56f992d4f87b d00cc3ab3a484fe79bff78e836f15b19 1eb91f905ae040f1adf2e676920ce475 - - default default] 10.0.0.132 "DELETE /v2.0/security-groups/007ecd0f-2140-4d3d-b5ac-7d8dfa7aef1b HTTP/1.1" status: 204 len: 168 time: 0.3005025
2026-05-09 18:04:15.071 9 INFO neutron.wsgi [None req-41de62dd-cf34-4eea-9072-7a2a2acf377d d00cc3ab3a484fe79bff78e836f15b19 1eb91f905ae040f1adf2e676920ce475 - - default default] 10.0.0.132 "DELETE /v2.0/routers/5500e3bc-bd72-4130-9dac-c2f0c19a17e3 HTTP/1.1" status: 204 len: 168 time: 0.7182963
2026-05-09 18:04:15.317 9 INFO neutron.wsgi [None req-d2f0bcdc-32b7-4975-93e8-58a5c65e8609 d00cc3ab3a484fe79bff78e836f15b19 1eb91f905ae040f1adf2e676920ce475 - - default default] 10.0.0.132 "DELETE /v2.0/subnets/357623f6-e61f-42e2-a735-45a163f80689 HTTP/1.1" status: 204 len: 168 time: 0.2231519
2026-05-09 18:04:15.648 9 INFO neutron.services.segments.plugin [-] Segment 2a37e15b-6e87-4bc0-8dc7-26c272b8fa0c resource provider aggregate not found
2026-05-09 18:04:15.653 9 INFO neutron.services.segments.plugin [-] Segment 2a37e15b-6e87-4bc0-8dc7-26c272b8fa0c resource provider aggregate not found
2026-05-09 18:04:15.677 9 INFO neutron.services.segments.plugin [-] Segment 2a37e15b-6e87-4bc0-8dc7-26c272b8fa0c resource provider not found; error: Placement Client Error (4xx): {"errors": [{"status": 404, "title": "Not Found", "detail": "The resource could not be found.\n\n No resource provider with uuid 2a37e15b-6e87-4bc0-8dc7-26c272b8fa0c found for delete ", "request_id": "req-6b2d3a6d-2936-4b98-9d64-fd13f87225de"}]}
2026-05-09 18:04:15.678 9 INFO neutron.services.segments.plugin [-] Segment 2a37e15b-6e87-4bc0-8dc7-26c272b8fa0c resource provider not found; error: Placement Client Error (4xx): {"errors": [{"status": 404, "title": "Not Found", "detail": "The resource could not be found.\n\n No resource provider with uuid 2a37e15b-6e87-4bc0-8dc7-26c272b8fa0c found for delete ", "request_id": "req-530ed36e-5757-4e7d-aaca-772eb2793ae6"}]}
2026-05-09 18:04:15.710 9 INFO neutron.wsgi [None req-1e58e833-7254-4e25-9703-e425d3168ca1 d00cc3ab3a484fe79bff78e836f15b19 1eb91f905ae040f1adf2e676920ce475 - - default default] 10.0.0.132 "DELETE /v2.0/networks/25bb2676-71cd-4f52-93a7-58f1d98dd232 HTTP/1.1" status: 204 len: 168 time: 0.3877213 /var/lib/openstack/lib/python3.10/site-packages/pycadf/identifier.py:71: UserWarning: Invalid uuid: neutron. To ensure interoperability, identifiers should be a valid uuid. warnings.warn(('Invalid uuid: %s. To ensure interoperability, '
2026-05-09 18:04:15.935 10 INFO neutron.db.ovn_revision_numbers_db [None req-42d22256-f45e-4150-9617-008371a6964e d00cc3ab3a484fe79bff78e836f15b19 1eb91f905ae040f1adf2e676920ce475 - - default default] Successfully bumped revision number for resource bfa5482f-66a4-467b-86c5-9f53d61b7054 (type: security_groups) to 1
2026-05-09 18:04:15.949 10 INFO neutron.db.ovn_revision_numbers_db [None req-42d22256-f45e-4150-9617-008371a6964e d00cc3ab3a484fe79bff78e836f15b19 1eb91f905ae040f1adf2e676920ce475 - - default default] Successfully bumped revision number for resource 12963f35-35f2-4438-81ef-94aafcf8c84a (type: security_group_rules) to 0
2026-05-09 18:04:15.962 10 INFO neutron.db.ovn_revision_numbers_db [None req-42d22256-f45e-4150-9617-008371a6964e d00cc3ab3a484fe79bff78e836f15b19 1eb91f905ae040f1adf2e676920ce475 - - default default] Successfully bumped revision number for resource 28126481-f3e5-4ed5-8d57-c65a13a581e8 (type: security_group_rules) to 0
2026-05-09 18:04:15.979 10 INFO neutron.db.ovn_revision_numbers_db [None req-42d22256-f45e-4150-9617-008371a6964e d00cc3ab3a484fe79bff78e836f15b19 1eb91f905ae040f1adf2e676920ce475 - - default default] Successfully bumped revision number for resource 400c9e66-63d9-4df0-a526-388aebafb4e7 (type: security_group_rules) to 0
2026-05-09 18:04:15.992 10 INFO neutron.db.ovn_revision_numbers_db [None req-42d22256-f45e-4150-9617-008371a6964e d00cc3ab3a484fe79bff78e836f15b19 1eb91f905ae040f1adf2e676920ce475 - - default default] Successfully bumped revision number for resource 97724011-a09a-401a-9ede-43f98191c6bb (type: security_group_rules) to 0
2026-05-09 18:04:16.014 10 INFO neutron.wsgi [None req-42d22256-f45e-4150-9617-008371a6964e d00cc3ab3a484fe79bff78e836f15b19 1eb91f905ae040f1adf2e676920ce475 - - default default] 10.0.0.132 "GET /v2.0/security-groups?tenant_id=c742ef901be34f5d8b0aff085d00ba20&name=default HTTP/1.1" status: 200 len: 2996 time: 0.3902471
2026-05-09 18:04:16.108 9 INFO neutron.wsgi [None req-08158694-37cd-47b2-8f7f-4aee7992c930 d00cc3ab3a484fe79bff78e836f15b19 1eb91f905ae040f1adf2e676920ce475 - - default default] 10.0.0.132 "GET /v2.0/security-groups?tenant_id=26c6995c09b84d4fbdf57a72c3d10266&name=default HTTP/1.1" status: 200 len: 2996 time: 0.0337734
2026-05-09 18:04:16.206 10 INFO neutron.wsgi [None req-7f1e3952-387b-4472-b502-2e0c57b029fc d00cc3ab3a484fe79bff78e836f15b19 1eb91f905ae040f1adf2e676920ce475 - - default default] 10.0.0.132 "DELETE /v2.0/security-groups/bfa5482f-66a4-467b-86c5-9f53d61b7054 HTTP/1.1" status: 204 len: 168 time: 0.1880770
2026-05-09 18:04:16.296 9 INFO neutron.wsgi [None req-467c9d8e-534f-4277-bcf1-b024665c6f37 d00cc3ab3a484fe79bff78e836f15b19 1eb91f905ae040f1adf2e676920ce475 - - default default] 10.0.0.132 "DELETE /v2.0/security-groups/01976cd7-4eff-4bb5-ba73-b3d11493fe02 HTTP/1.1" status: 204 len: 168 time: 0.1822937
2026-05-09 18:04:16.414 9 INFO neutron.db.ovn_revision_numbers_db [None req-e982bb88-3778-48e3-b93c-84604d9bd21a d00cc3ab3a484fe79bff78e836f15b19 1eb91f905ae040f1adf2e676920ce475 - - default default] Successfully bumped revision number for resource 75f70a1d-fe4c-4079-ac3b-143d77907e0e (type: security_groups) to 1
2026-05-09 18:04:16.430 9 INFO neutron.db.ovn_revision_numbers_db [None req-e982bb88-3778-48e3-b93c-84604d9bd21a d00cc3ab3a484fe79bff78e836f15b19 1eb91f905ae040f1adf2e676920ce475 - - default default] Successfully bumped revision number for resource 0c374fdc-a95e-4b7a-98f6-4c3ebceb75a5 (type: security_group_rules) to 0
2026-05-09 18:04:16.444 9 INFO neutron.db.ovn_revision_numbers_db [None req-e982bb88-3778-48e3-b93c-84604d9bd21a d00cc3ab3a484fe79bff78e836f15b19 1eb91f905ae040f1adf2e676920ce475 - - default default] Successfully bumped revision number for resource 3b1f96e1-9e8d-4405-98a3-19e77207c656 (type: security_group_rules) to 0
2026-05-09 18:04:16.464 9 INFO neutron.db.ovn_revision_numbers_db [None req-e982bb88-3778-48e3-b93c-84604d9bd21a d00cc3ab3a484fe79bff78e836f15b19 1eb91f905ae040f1adf2e676920ce475 - - default default] Successfully bumped revision number for resource 99b04305-2c74-4675-b2f5-5c1ecd797145 (type: security_group_rules) to 0
2026-05-09 18:04:16.467 10 INFO neutron.wsgi [None req-31186a10-8196-4c32-9e2f-cc46dbfd89c8 d00cc3ab3a484fe79bff78e836f15b19 1eb91f905ae040f1adf2e676920ce475 - - default default] 10.0.0.132 "GET /v2.0/security-groups?tenant_id=7a33acea4aa64606bcc883bc881763da&name=default HTTP/1.1" status: 200 len: 2996 time: 0.0391595
2026-05-09 18:04:16.487 9 INFO neutron.db.ovn_revision_numbers_db [None req-e982bb88-3778-48e3-b93c-84604d9bd21a d00cc3ab3a484fe79bff78e836f15b19 1eb91f905ae040f1adf2e676920ce475 - - default default] Successfully bumped revision number for resource f7bde375-7529-4f65-bb19-e6eb8efdd50f (type: security_group_rules) to 0
2026-05-09 18:04:16.508 9 INFO neutron.wsgi [None req-e982bb88-3778-48e3-b93c-84604d9bd21a d00cc3ab3a484fe79bff78e836f15b19 1eb91f905ae040f1adf2e676920ce475 - - default default] 10.0.0.132 "GET /v2.0/security-groups?tenant_id=5ecc8af9446243a5a19484c019162aff&name=default HTTP/1.1" status: 200 len: 2996 time: 0.2071846
2026-05-09 18:04:16.705 10 INFO neutron.wsgi [None req-4619005f-6237-4295-a641-83abde2e1216 d00cc3ab3a484fe79bff78e836f15b19 1eb91f905ae040f1adf2e676920ce475 - - default default] 10.0.0.132 "DELETE /v2.0/security-groups/2173ae33-eb7d-440d-9648-261f6ece5814 HTTP/1.1" status: 204 len: 168 time: 0.2303002
2026-05-09 18:04:16.708 9 INFO neutron.wsgi [None req-60c8c92b-e8a5-4692-a592-8ec4ec3f8dab d00cc3ab3a484fe79bff78e836f15b19 1eb91f905ae040f1adf2e676920ce475 - - default default] 10.0.0.132 "DELETE /v2.0/security-groups/75f70a1d-fe4c-4079-ac3b-143d77907e0e HTTP/1.1" status: 204 len: 168 time: 0.1952581
2026-05-09 18:04:18.474 9 INFO neutron.db.ovn_revision_numbers_db [None req-c38a1aff-b261-473a-9368-c69a4b8aca3f d00cc3ab3a484fe79bff78e836f15b19 1eb91f905ae040f1adf2e676920ce475 - - default default] Successfully bumped revision number for resource dd0123e7-8c10-467c-a5bf-b056058a45a1 (type: security_groups) to 1
2026-05-09 18:04:18.499 9 INFO neutron.db.ovn_revision_numbers_db [None req-c38a1aff-b261-473a-9368-c69a4b8aca3f d00cc3ab3a484fe79bff78e836f15b19 1eb91f905ae040f1adf2e676920ce475 - - default default] Successfully bumped revision number for resource 2d26cffd-a07e-46ed-8a91-695d443b664d (type: security_group_rules) to 0
2026-05-09 18:04:18.514 9 INFO neutron.db.ovn_revision_numbers_db [None req-c38a1aff-b261-473a-9368-c69a4b8aca3f d00cc3ab3a484fe79bff78e836f15b19 1eb91f905ae040f1adf2e676920ce475 - - default default] Successfully bumped revision number for resource 65797aec-a0cb-4a00-91d8-6fb493f24975 (type: security_group_rules) to 0
2026-05-09 18:04:18.528 9 INFO neutron.db.ovn_revision_numbers_db [None req-c38a1aff-b261-473a-9368-c69a4b8aca3f d00cc3ab3a484fe79bff78e836f15b19 1eb91f905ae040f1adf2e676920ce475 - - default default] Successfully bumped revision number for resource 87eb1bba-52ef-4703-98db-7f81a8267494 (type: security_group_rules) to 0
2026-05-09 18:04:18.542 9 INFO neutron.db.ovn_revision_numbers_db [None req-c38a1aff-b261-473a-9368-c69a4b8aca3f d00cc3ab3a484fe79bff78e836f15b19 1eb91f905ae040f1adf2e676920ce475 - - default default] Successfully bumped revision number for resource 93e58613-6a47-4ebe-980e-5e0b1ed86c47 (type: security_group_rules) to 0
2026-05-09 18:04:18.566 9 INFO neutron.wsgi [None req-c38a1aff-b261-473a-9368-c69a4b8aca3f d00cc3ab3a484fe79bff78e836f15b19 1eb91f905ae040f1adf2e676920ce475 - - default default] 10.0.0.132 "GET /v2.0/security-groups?tenant_id=7241f7ed7a8f407481b75a3ba02ee9ae&name=default HTTP/1.1" status: 200 len: 2996 time: 0.3317163
2026-05-09 18:04:18.782 9 INFO neutron.wsgi [None req-0fac34cc-22e8-4b2d-a2b0-9fe7988c4452 d00cc3ab3a484fe79bff78e836f15b19 1eb91f905ae040f1adf2e676920ce475 - - default default] 10.0.0.132 "DELETE /v2.0/security-groups/dd0123e7-8c10-467c-a5bf-b056058a45a1 HTTP/1.1" status: 204 len: 168 time: 0.2012653
2026-05-09 18:04:19.400 9 INFO neutron.db.ovn_revision_numbers_db [None req-9f3be775-afa3-4852-89c5-17373b8f0b6c f59681e67f6045d49dac40340f59ba79 c5e11689151a41bc9cd5da36ab855aaf - - default default] Successfully bumped revision number for resource b6852a21-29bd-4a02-abbb-4ff6d1c39fae (type: routers) to 1
2026-05-09 18:04:19.413 9 INFO neutron.wsgi [None req-9f3be775-afa3-4852-89c5-17373b8f0b6c f59681e67f6045d49dac40340f59ba79 c5e11689151a41bc9cd5da36ab855aaf - - default default] 10.0.0.132 "POST /v2.0/routers HTTP/1.1" status: 201 len: 654 time: 0.2840989
2026-05-09 18:04:19.582 9 INFO neutron.db.ovn_revision_numbers_db [None req-3b75eff5-ffc9-48da-b550-15f668f2578c f59681e67f6045d49dac40340f59ba79 c5e11689151a41bc9cd5da36ab855aaf - - default default] Successfully bumped revision number for resource 0140ce60-795e-448c-95da-aa66ea03d0b9 (type: routers) to 1
2026-05-09 18:04:19.603 9 INFO neutron.wsgi [None req-3b75eff5-ffc9-48da-b550-15f668f2578c f59681e67f6045d49dac40340f59ba79 c5e11689151a41bc9cd5da36ab855aaf - - default default] 10.0.0.132 "POST /v2.0/routers HTTP/1.1" status: 201 len: 654 time: 0.1841524
2026-05-09 18:04:19.761 9 INFO neutron.db.ovn_revision_numbers_db [None req-2bec024a-9476-49c2-9700-7421d44c5c18 f59681e67f6045d49dac40340f59ba79 c5e11689151a41bc9cd5da36ab855aaf - - default default] Successfully bumped revision number for resource a118de98-ca5b-4cbe-a271-4d4e7ffee420 (type: routers) to 1
2026-05-09 18:04:19.777 9 INFO neutron.wsgi [None req-2bec024a-9476-49c2-9700-7421d44c5c18 f59681e67f6045d49dac40340f59ba79 c5e11689151a41bc9cd5da36ab855aaf - - default default] 10.0.0.132 "POST /v2.0/routers HTTP/1.1" status: 201 len: 654 time: 0.1621115
2026-05-09 18:04:19.869 10 INFO neutron.wsgi [None req-51a0b539-55aa-4229-b4d7-4c7dc678c4f1 2e6a4927d9674630b9c0931fcffc1969 b1f82a57074449859636cd0062dc7e84 - - default default] 10.0.0.73 "GET /v2.0/extensions HTTP/1.1" status: 200 len: 16525 time: 0.1358383
2026-05-09 18:04:19.964 10 INFO neutron.wsgi [None req-4ded2561-576a-40e3-9a9c-3cc644cdc2ed 2e6a4927d9674630b9c0931fcffc1969 b1f82a57074449859636cd0062dc7e84 - - default default] 10.0.0.73 "GET /v2.0/quotas/b1f82a57074449859636cd0062dc7e84/details HTTP/1.1" status: 200 len: 756 time: 0.0810635
2026-05-09 18:04:20.150 9 INFO neutron.db.ovn_revision_numbers_db [None req-7fe8351b-0d1f-47bf-a817-bde7cd2e577f f59681e67f6045d49dac40340f59ba79 c5e11689151a41bc9cd5da36ab855aaf - - default default] Successfully bumped revision number for resource caf7290a-82f9-4aa6-9a3f-c762b25cb71a (type: routers) to 1
2026-05-09 18:04:20.169 9 INFO neutron.wsgi [None req-7fe8351b-0d1f-47bf-a817-bde7cd2e577f f59681e67f6045d49dac40340f59ba79 c5e11689151a41bc9cd5da36ab855aaf - - default default] 10.0.0.132 "POST /v2.0/routers HTTP/1.1" status: 201 len: 654 time: 0.3876088
2026-05-09 18:04:20.332 9 INFO neutron.db.ovn_revision_numbers_db [None req-b4a8b08a-3360-40a1-99c5-9c7279f2fb4e f59681e67f6045d49dac40340f59ba79 c5e11689151a41bc9cd5da36ab855aaf - - default default] Successfully bumped revision number for resource c8c9f725-5e79-43d7-8294-b08071c6bf7d (type: routers) to 1
2026-05-09 18:04:20.353 9 INFO neutron.wsgi [None req-b4a8b08a-3360-40a1-99c5-9c7279f2fb4e f59681e67f6045d49dac40340f59ba79 c5e11689151a41bc9cd5da36ab855aaf - - default default] 10.0.0.132 "POST /v2.0/routers HTTP/1.1" status: 201 len: 654 time: 0.1784506
2026-05-09 18:04:20.419 9 INFO neutron.wsgi [None req-a29129c4-788b-46ea-abcb-363da908d225 f59681e67f6045d49dac40340f59ba79 c5e11689151a41bc9cd5da36ab855aaf - - default default] 10.0.0.132 "PUT /v2.0/routers/b6852a21-29bd-4a02-abbb-4ff6d1c39fae/tags HTTP/1.1" status: 200 len: 210 time: 0.0584705
2026-05-09 18:04:20.473 9 INFO neutron.wsgi [None req-ef70c3f0-a36e-4067-b9fe-b0e58bf9b881 f59681e67f6045d49dac40340f59ba79 c5e11689151a41bc9cd5da36ab855aaf - - default default] 10.0.0.132 "PUT /v2.0/routers/0140ce60-795e-448c-95da-aa66ea03d0b9/tags HTTP/1.1" status: 200 len: 218 time: 0.0500529
2026-05-09 18:04:20.533 9 INFO neutron.wsgi [None req-28f742df-dc6c-4fe6-96b5-cbc927a46949 f59681e67f6045d49dac40340f59ba79 c5e11689151a41bc9cd5da36ab855aaf - - default default] 10.0.0.132 "PUT /v2.0/routers/a118de98-ca5b-4cbe-a271-4d4e7ffee420/tags HTTP/1.1" status: 200 len: 227 time: 0.0545671
2026-05-09 18:04:20.604 9 INFO neutron.wsgi [None req-03949d8f-3779-43b9-ae07-4813ba8930f7 f59681e67f6045d49dac40340f59ba79 c5e11689151a41bc9cd5da36ab855aaf - - default default] 10.0.0.132 "PUT /v2.0/routers/caf7290a-82f9-4aa6-9a3f-c762b25cb71a/tags HTTP/1.1" status: 200 len: 212 time: 0.0577919
2026-05-09 18:04:20.684 9 INFO neutron.wsgi [None req-d9df41b3-c47c-4aa8-967d-25233768c8a5 f59681e67f6045d49dac40340f59ba79 c5e11689151a41bc9cd5da36ab855aaf - - default default] 10.0.0.132 "GET /v2.0/routers?tags=red HTTP/1.1" status: 200 len: 1601 time: 0.0720952
2026-05-09 18:04:20.756 9 INFO neutron.wsgi [None req-22251190-5f82-4ebf-a9fe-58e2ce2999f5 f59681e67f6045d49dac40340f59ba79 c5e11689151a41bc9cd5da36ab855aaf - - default default] 10.0.0.132 "GET /v2.0/routers?tags=red%2Cblue HTTP/1.1" status: 200 len: 1144 time: 0.0644853
2026-05-09 18:04:20.827 9 INFO neutron.wsgi [None req-aa475a81-6302-4444-9207-430fb0f2a6e0 f59681e67f6045d49dac40340f59ba79 c5e11689151a41bc9cd5da36ab855aaf - - default default] 10.0.0.132 "GET /v2.0/routers?tags-any=blue HTTP/1.1" status: 200 len: 1144 time: 0.0650978
2026-05-09 18:04:20.894 9 INFO neutron.wsgi [None req-7fc60ac6-5334-4493-8ceb-062919baa6c6 f59681e67f6045d49dac40340f59ba79 c5e11689151a41bc9cd5da36ab855aaf - - default default] 10.0.0.132 "GET /v2.0/routers?tags-any=red%2Cblue HTTP/1.1" status: 200 len: 1601 time: 0.0625424
2026-05-09 18:04:20.966 9 INFO neutron.wsgi [None req-a57bb81d-4cd6-426b-b745-51cba38acd79 f59681e67f6045d49dac40340f59ba79 c5e11689151a41bc9cd5da36ab855aaf - - default default] 10.0.0.132 "GET /v2.0/routers?not-tags=red HTTP/1.1" status: 200 len: 1116 time: 0.0687814
2026-05-09 18:04:21.037 9 INFO neutron.wsgi [None req-6ba4ab1f-4ac8-487f-b4e9-238b6eb1681f f59681e67f6045d49dac40340f59ba79 c5e11689151a41bc9cd5da36ab855aaf - - default default] 10.0.0.132 "GET /v2.0/routers?not-tags=red%2Cblue HTTP/1.1" status: 200 len: 1573 time: 0.0669417
2026-05-09 18:04:21.113 9 INFO neutron.wsgi [None req-0dc52c17-a277-4563-9f37-e2c0ae06ec0f f59681e67f6045d49dac40340f59ba79 c5e11689151a41bc9cd5da36ab855aaf - - default default] 10.0.0.132 "GET /v2.0/routers?not-tags-any=blue HTTP/1.1" status: 200 len: 1573 time: 0.0726392
2026-05-09 18:04:21.370 9 INFO neutron.wsgi [None req-67dcfa1a-517a-4597-af47-e1cde714d87e f59681e67f6045d49dac40340f59ba79 c5e11689151a41bc9cd5da36ab855aaf - - default default] 10.0.0.132 "GET /v2.0/routers?not-tags-any=red%2Cblue HTTP/1.1" status: 200 len: 1116 time: 0.2518401
2026-05-09 18:04:21.418 9 INFO neutron.wsgi [None req-71b2d4d2-dbb8-4e20-ba1c-f4eec6d23e33 f59681e67f6045d49dac40340f59ba79 c5e11689151a41bc9cd5da36ab855aaf - - default default] 10.0.0.132 "GET /v2.0/routers/b6852a21-29bd-4a02-abbb-4ff6d1c39fae HTTP/1.1" status: 200 len: 660 time: 0.0394580
2026-05-09 18:04:21.616 10 INFO neutron.wsgi [None req-c920929e-a8f9-4328-8e14-a1a2a8dbcf45 809e4f8ac94947d1928a1d235fbce739 48a437d616f34ebc9c5f11f025958413 - - default default] 10.0.0.132 "POST /v2.0/subnetpools HTTP/1.1" status: 201 len: 715 time: 0.3351851
2026-05-09 18:04:21.681 10 INFO neutron.wsgi [None req-9f8731d2-0898-4948-8083-38cbdf83b7d5 809e4f8ac94947d1928a1d235fbce739 48a437d616f34ebc9c5f11f025958413 - - default default] 10.0.0.132 "POST /v2.0/subnetpools HTTP/1.1" status: 201 len: 715 time: 0.0543830
2026-05-09 18:04:21.756 10 INFO neutron.wsgi [None req-0f703559-1c3d-40b3-89dc-73f9018636af 809e4f8ac94947d1928a1d235fbce739 48a437d616f34ebc9c5f11f025958413 - - default default] 10.0.0.132 "POST /v2.0/subnetpools HTTP/1.1" status: 201 len: 715 time: 0.0685496
2026-05-09 18:04:21.808 10 INFO neutron.wsgi [None req-dc7ef96c-848c-45fa-9bf3-05ed3d380abe 809e4f8ac94947d1928a1d235fbce739 48a437d616f34ebc9c5f11f025958413 - - default default] 10.0.0.132 "POST /v2.0/subnetpools HTTP/1.1" status: 201 len: 715 time: 0.0471039
2026-05-09 18:04:21.864 10 INFO neutron.wsgi [None req-a2baec88-0845-4b5d-9490-8e5e4ae59d0c 809e4f8ac94947d1928a1d235fbce739 48a437d616f34ebc9c5f11f025958413 - - default default] 10.0.0.132 "POST /v2.0/subnetpools HTTP/1.1" status: 201 len: 715 time: 0.0509381
2026-05-09 18:04:21.874 9 INFO neutron.db.ovn_revision_numbers_db [None req-313389a5-449d-4b0d-9a24-6c3ed8698ed4 f59681e67f6045d49dac40340f59ba79 c5e11689151a41bc9cd5da36ab855aaf - - default default] Successfully bumped revision number for resource b6852a21-29bd-4a02-abbb-4ff6d1c39fae (type: routers) to 2
2026-05-09 18:04:21.878 9 INFO neutron.wsgi [None req-313389a5-449d-4b0d-9a24-6c3ed8698ed4 f59681e67f6045d49dac40340f59ba79 c5e11689151a41bc9cd5da36ab855aaf - - default default] 10.0.0.132 "PUT /v2.0/routers/b6852a21-29bd-4a02-abbb-4ff6d1c39fae HTTP/1.1" status: 200 len: 660 time: 0.4528713
