2026-05-09 18:01:21.686 10 ERROR neutron_lib.callbacks.manager return self._iter().one()
2026-05-09 18:01:21.686 10 ERROR neutron_lib.callbacks.manager
File "/var/lib/openstack/lib/python3.10/site-packages/sqlalchemy/engine/result.py", line 1476, in one
2026-05-09 18:01:21.686 10 ERROR neutron_lib.callbacks.manager return self._only_one_row(
2026-05-09 18:01:21.686 10 ERROR neutron_lib.callbacks.manager
File "/var/lib/openstack/lib/python3.10/site-packages/sqlalchemy/engine/result.py", line 562, in _only_one_row
2026-05-09 18:01:21.686 10 ERROR neutron_lib.callbacks.manager raise exc.NoResultFound(
2026-05-09 18:01:21.686 10 ERROR neutron_lib.callbacks.manager sqlalchemy.exc.NoResultFound: No row was found when one was required
2026-05-09 18:01:21.686 10 ERROR neutron_lib.callbacks.manager
2026-05-09 18:01:21.686 10 ERROR neutron_lib.callbacks.manager During handling of the above exception, another exception occurred:
2026-05-09 18:01:21.686 10 ERROR neutron_lib.callbacks.manager
2026-05-09 18:01:21.686 10 ERROR neutron_lib.callbacks.manager
Traceback (most recent call last):
2026-05-09 18:01:21.686 10 ERROR neutron_lib.callbacks.manager
File "/var/lib/openstack/lib/python3.10/site-packages/neutron_lib/callbacks/manager.py", line 189, in _notify_loop
2026-05-09 18:01:21.686 10 ERROR neutron_lib.callbacks.manager callback.method(resource, event, trigger, payload=payload)
2026-05-09 18:01:21.686 10 ERROR neutron_lib.callbacks.manager
File "/var/lib/openstack/lib/python3.10/site-packages/neutron/services/ovn_l3/plugin.py", line 533, in _port_update
2026-05-09 18:01:21.686 10 ERROR neutron_lib.callbacks.manager l3plugin._ovn_client.update_router_port(context,
2026-05-09 18:01:21.686 10 ERROR neutron_lib.callbacks.manager
File "/var/lib/openstack/lib/python3.10/site-packages/neutron/plugins/ml2/drivers/ovn/mech_driver/ovsdb/ovn_client.py", line 1796, in update_router_port
2026-05-09 18:01:21.686 10 ERROR neutron_lib.callbacks.manager db_rev.bump_revision(
2026-05-09 18:01:21.686 10 ERROR neutron_lib.callbacks.manager
File "/var/lib/openstack/lib/python3.10/site-packages/neutron_lib/db/api.py", line 226, in wrapped
2026-05-09 18:01:21.686 10 ERROR neutron_lib.callbacks.manager return f_with_retry(*args, **kwargs,
2026-05-09 18:01:21.686 10 ERROR neutron_lib.callbacks.manager
File "/var/lib/openstack/lib/python3.10/site-packages/neutron_lib/db/api.py", line 140, in wrapped
2026-05-09 18:01:21.686 10 ERROR neutron_lib.callbacks.manager with excutils.save_and_reraise_exception():
2026-05-09 18:01:21.686 10 ERROR neutron_lib.callbacks.manager
File "/var/lib/openstack/lib/python3.10/site-packages/oslo_utils/excutils.py", line 227, in __exit__
2026-05-09 18:01:21.686 10 ERROR neutron_lib.callbacks.manager self.force_reraise()
2026-05-09 18:01:21.686 10 ERROR neutron_lib.callbacks.manager
File "/var/lib/openstack/lib/python3.10/site-packages/oslo_utils/excutils.py", line 200, in force_reraise
2026-05-09 18:01:21.686 10 ERROR neutron_lib.callbacks.manager raise self.value
2026-05-09 18:01:21.686 10 ERROR neutron_lib.callbacks.manager
File "/var/lib/openstack/lib/python3.10/site-packages/neutron_lib/db/api.py", line 138, in wrapped
2026-05-09 18:01:21.686 10 ERROR neutron_lib.callbacks.manager return f(*args, **kwargs)
2026-05-09 18:01:21.686 10 ERROR neutron_lib.callbacks.manager
File "/var/lib/openstack/lib/python3.10/site-packages/oslo_db/api.py", line 144, in wrapper
2026-05-09 18:01:21.686 10 ERROR neutron_lib.callbacks.manager with excutils.save_and_reraise_exception() as ectxt:
2026-05-09 18:01:21.686 10 ERROR neutron_lib.callbacks.manager
File "/var/lib/openstack/lib/python3.10/site-packages/oslo_utils/excutils.py", line 227, in __exit__
2026-05-09 18:01:21.686 10 ERROR neutron_lib.callbacks.manager self.force_reraise()
2026-05-09 18:01:21.686 10 ERROR neutron_lib.callbacks.manager
File "/var/lib/openstack/lib/python3.10/site-packages/oslo_utils/excutils.py", line 200, in force_reraise
2026-05-09 18:01:21.686 10 ERROR neutron_lib.callbacks.manager raise self.value
2026-05-09 18:01:21.686 10 ERROR neutron_lib.callbacks.manager
File "/var/lib/openstack/lib/python3.10/site-packages/oslo_db/api.py", line 142, in wrapper
2026-05-09 18:01:21.686 10 ERROR neutron_lib.callbacks.manager return f(*args, **kwargs)
2026-05-09 18:01:21.686 10 ERROR neutron_lib.callbacks.manager
File "/var/lib/openstack/lib/python3.10/site-packages/neutron_lib/db/api.py", line 186, in wrapped
2026-05-09 18:01:21.686 10 ERROR neutron_lib.callbacks.manager with excutils.save_and_reraise_exception():
2026-05-09 18:01:21.686 10 ERROR neutron_lib.callbacks.manager
File "/var/lib/openstack/lib/python3.10/site-packages/oslo_utils/excutils.py", line 227, in __exit__
2026-05-09 18:01:21.686 10 ERROR neutron_lib.callbacks.manager self.force_reraise()
2026-05-09 18:01:21.686 10 ERROR neutron_lib.callbacks.manager
File "/var/lib/openstack/lib/python3.10/site-packages/oslo_utils/excutils.py", line 200, in force_reraise
2026-05-09 18:01:21.686 10 ERROR neutron_lib.callbacks.manager raise self.value
2026-05-09 18:01:21.686 10 ERROR neutron_lib.callbacks.manager
File "/var/lib/openstack/lib/python3.10/site-packages/neutron_lib/db/api.py", line 184, in wrapped
2026-05-09 18:01:21.686 10 ERROR neutron_lib.callbacks.manager return f(*dup_args, **dup_kwargs)
2026-05-09 18:01:21.686 10 ERROR neutron_lib.callbacks.manager
File "/var/lib/openstack/lib/python3.10/site-packages/neutron/db/ovn_revision_numbers_db.py", line 186, in bump_revision
2026-05-09 18:01:21.686 10 ERROR neutron_lib.callbacks.manager std_attr_id = _get_standard_attr_id(context, resource['id'],
2026-05-09 18:01:21.686 10 ERROR neutron_lib.callbacks.manager
File "/var/lib/openstack/lib/python3.10/site-packages/neutron/db/ovn_revision_numbers_db.py", line 103, in _get_standard_attr_id
2026-05-09 18:01:21.686 10 ERROR neutron_lib.callbacks.manager raise StandardAttributeIDNotFound(resource_uuid=resource_uuid)
2026-05-09 18:01:21.686 10 ERROR neutron_lib.callbacks.manager neutron.db.ovn_revision_numbers_db.StandardAttributeIDNotFound: Standard attribute ID not found for 3effb233-d15c-4d02-8564-859a44b0a9d5
2026-05-09 18:01:21.686 10 ERROR neutron_lib.callbacks.manager 
2026-05-09 18:01:21.741 10 ERROR ovsdbapp.backend.ovs_idl.command [None req-3a66b626-de94-4ee7-9057-743e014c3839 - - - - - -] Error executing command (LspGetUpCommand): ovsdbapp.backend.ovs_idl.idlutils.RowNotFound: Cannot find Logical_Switch_Port with name=3effb233-d15c-4d02-8564-859a44b0a9d5
2026-05-09 18:01:21.741 10 ERROR ovsdbapp.backend.ovs_idl.command
Traceback (most recent call last):
2026-05-09 18:01:21.741 10 ERROR ovsdbapp.backend.ovs_idl.command
File "/var/lib/openstack/lib/python3.10/site-packages/ovsdbapp/backend/ovs_idl/command.py", line 47, in execute
2026-05-09 18:01:21.741 10 ERROR ovsdbapp.backend.ovs_idl.command self.run_idl(None)
2026-05-09 18:01:21.741 10 ERROR ovsdbapp.backend.ovs_idl.command
File "/var/lib/openstack/lib/python3.10/site-packages/ovsdbapp/schema/ovn_northbound/commands.py", line 650, in run_idl
2026-05-09 18:01:21.741 10 ERROR ovsdbapp.backend.ovs_idl.command lsp = self.api.lookup('Logical_Switch_Port', self.port)
2026-05-09 18:01:21.741 10 ERROR ovsdbapp.backend.ovs_idl.command
File "/var/lib/openstack/lib/python3.10/site-packages/ovsdbapp/backend/ovs_idl/__init__.py", line 183, in lookup
2026-05-09 18:01:21.741 10 ERROR ovsdbapp.backend.ovs_idl.command return self._lookup(table, record)
2026-05-09 18:01:21.741 10 ERROR ovsdbapp.backend.ovs_idl.command
File "/var/lib/openstack/lib/python3.10/site-packages/ovsdbapp/backend/ovs_idl/__init__.py", line 234, in _lookup
2026-05-09 18:01:21.741 10 ERROR ovsdbapp.backend.ovs_idl.command row = idlutils.row_by_value(self, rl.table, rl.column, record)
2026-05-09 18:01:21.741 10 ERROR ovsdbapp.backend.ovs_idl.command
File "/var/lib/openstack/lib/python3.10/site-packages/ovsdbapp/backend/ovs_idl/idlutils.py", line 114, in row_by_value
2026-05-09 18:01:21.741 10 ERROR ovsdbapp.backend.ovs_idl.command raise RowNotFound(table=table, col=column, match=match)
2026-05-09 18:01:21.741 10 ERROR ovsdbapp.backend.ovs_idl.command ovsdbapp.backend.ovs_idl.idlutils.RowNotFound: Cannot find Logical_Switch_Port with name=3effb233-d15c-4d02-8564-859a44b0a9d5
2026-05-09 18:01:21.741 10 ERROR ovsdbapp.backend.ovs_idl.command 
2026-05-09 18:01:21.742 10 ERROR ovsdbapp.event [None req-3a66b626-de94-4ee7-9057-743e014c3839 - - - - - -] Unexpected exception in notify_loop: ovsdbapp.backend.ovs_idl.idlutils.RowNotFound: Cannot find Logical_Switch_Port with name=3effb233-d15c-4d02-8564-859a44b0a9d5
2026-05-09 18:01:21.742 10 ERROR ovsdbapp.event
Traceback (most recent call last):
2026-05-09 18:01:21.742 10 ERROR ovsdbapp.event
File "/var/lib/openstack/lib/python3.10/site-packages/ovsdbapp/event.py", line 177, in notify_loop
2026-05-09 18:01:21.742 10 ERROR ovsdbapp.event match.run(event, row, updates)
2026-05-09 18:01:21.742 10 ERROR ovsdbapp.event
File "/var/lib/openstack/lib/python3.10/site-packages/neutron/plugins/ml2/drivers/ovn/mech_driver/ovsdb/ovsdb_monitor.py", line 512, in run
2026-05-09 18:01:21.742 10 ERROR ovsdbapp.event self.driver.set_port_status_up(row.name)
2026-05-09 18:01:21.742 10 ERROR ovsdbapp.event
File "/var/lib/openstack/lib/python3.10/site-packages/neutron/plugins/ml2/drivers/ovn/mech_driver/mech_driver.py", line 1185, in set_port_status_up
2026-05-09 18:01:21.742 10 ERROR ovsdbapp.event self._ovn_client.update_lsp_host_info(admin_context, db_port)
2026-05-09 18:01:21.742 10 ERROR ovsdbapp.event
File "/var/lib/openstack/lib/python3.10/site-packages/neutron/plugins/ml2/drivers/ovn/mech_driver/ovsdb/ovn_client.py", line 297, in update_lsp_host_info
2026-05-09 18:01:21.742 10 ERROR ovsdbapp.event port_up = self._nb_idl.lsp_get_up(db_port.id).execute(
2026-05-09 18:01:21.742 10 ERROR ovsdbapp.event
File "/var/lib/openstack/lib/python3.10/site-packages/ovsdbapp/backend/ovs_idl/command.py", line 47, in execute
2026-05-09 18:01:21.742 10 ERROR ovsdbapp.event self.run_idl(None)
2026-05-09 18:01:21.742 10 ERROR ovsdbapp.event
File "/var/lib/openstack/lib/python3.10/site-packages/ovsdbapp/schema/ovn_northbound/commands.py", line 650, in run_idl
2026-05-09 18:01:21.742 10 ERROR ovsdbapp.event lsp = self.api.lookup('Logical_Switch_Port', self.port)
2026-05-09 18:01:21.742 10 ERROR ovsdbapp.event
File "/var/lib/openstack/lib/python3.10/site-packages/ovsdbapp/backend/ovs_idl/__init__.py", line 183, in lookup
2026-05-09 18:01:21.742 10 ERROR ovsdbapp.event return self._lookup(table, record)
2026-05-09 18:01:21.742 10 ERROR ovsdbapp.event
File "/var/lib/openstack/lib/python3.10/site-packages/ovsdbapp/backend/ovs_idl/__init__.py", line 234, in _lookup
2026-05-09 18:01:21.742 10 ERROR ovsdbapp.event row = idlutils.row_by_value(self, rl.table, rl.column, record)
2026-05-09 18:01:21.742 10 ERROR ovsdbapp.event
File "/var/lib/openstack/lib/python3.10/site-packages/ovsdbapp/backend/ovs_idl/idlutils.py", line 114, in row_by_value
2026-05-09 18:01:21.742 10 ERROR ovsdbapp.event raise RowNotFound(table=table, col=column, match=match)
2026-05-09 18:01:21.742 10 ERROR ovsdbapp.event ovsdbapp.backend.ovs_idl.idlutils.RowNotFound: Cannot find Logical_Switch_Port with name=3effb233-d15c-4d02-8564-859a44b0a9d5
2026-05-09 18:01:21.742 10 ERROR ovsdbapp.event 
2026-05-09 18:01:21.743 10 INFO neutron.plugins.ml2.drivers.ovn.mech_driver.mech_driver [None req-3a66b626-de94-4ee7-9057-743e014c3839 - - - - - -] OVN reports status up for port: 435c6382-d99a-4a6f-9f5a-de70c0fd92b6
2026-05-09 18:01:21.751 10 INFO neutron.plugins.ml2.plugin [None req-3a66b626-de94-4ee7-9057-743e014c3839 - - - - - -] Attempt 1 to provision port 435c6382-d99a-4a6f-9f5a-de70c0fd92b6
2026-05-09 18:01:21.920 9 INFO neutron.wsgi [None req-300afa46-3371-47aa-bfce-9d6c14aafafd d00cc3ab3a484fe79bff78e836f15b19 1eb91f905ae040f1adf2e676920ce475 - - default default] 10.0.0.132 "PUT /v2.0/routers/660baa47-f842-4b77-ba0a-2eca9232e593/remove_router_interface HTTP/1.1" status: 200 len: 503 time: 1.6158144 /var/lib/openstack/lib/python3.10/site-packages/pycadf/identifier.py:71: UserWarning: Invalid uuid: neutron. To ensure interoperability, identifiers should be a valid uuid. warnings.warn(('Invalid uuid: %s. To ensure interoperability, '
2026-05-09 18:01:22.248 9 WARNING neutron.plugins.ml2.drivers.ovn.mech_driver.ovsdb.ovn_client [None req-606e43d8-c699-4cc4-b824-d32feb3342e7 - - - - - -] No port found with ID 4b7c5952-f9e8-48e9-a115-9c4ee4534359: RuntimeError: No port found with ID 4b7c5952-f9e8-48e9-a115-9c4ee4534359
2026-05-09 18:01:22.248 9 INFO neutron.plugins.ml2.drivers.ovn.mech_driver.mech_driver [None req-606e43d8-c699-4cc4-b824-d32feb3342e7 - - - - - -] OVN reports status up for port: 4bcc61c5-5213-415b-92e8-2fbc79123ee6
2026-05-09 18:01:22.254 10 INFO neutron.db.ovn_revision_numbers_db [None req-3a66b626-de94-4ee7-9057-743e014c3839 - - - - - -] Successfully bumped revision number for resource 435c6382-d99a-4a6f-9f5a-de70c0fd92b6 (type: ports) to 2
2026-05-09 18:01:22.261 9 INFO neutron.plugins.ml2.plugin [None req-606e43d8-c699-4cc4-b824-d32feb3342e7 - - - - - -] Attempt 1 to provision port 4bcc61c5-5213-415b-92e8-2fbc79123ee6
2026-05-09 18:01:22.376 10 INFO neutron.wsgi [req-e0fc3c90-c521-4717-8414-f6762bcb6abf req-830cfa40-f5ba-4e30-babc-efd6434670b5 c2aaed0d6c6145d59aea81ae9f20939b 4b1e72ab024b4c168b22eaaaf1778406 - - default default] 10.0.0.48 "GET /v2.0/ports?device_id=3345094a-3605-42f4-8006-c88bf2929bef HTTP/1.1" status: 200 len: 210 time: 0.0251439
2026-05-09 18:01:22.464 10 INFO neutron.db.ovn_revision_numbers_db [None req-3a66b626-de94-4ee7-9057-743e014c3839 - - - - - -] Successfully bumped revision number for resource 435c6382-d99a-4a6f-9f5a-de70c0fd92b6 (type: router_ports) to 2
2026-05-09 18:01:22.522 9 INFO neutron.wsgi [None req-3fe67645-0cb0-4770-b972-0ecffdc56dbf d00cc3ab3a484fe79bff78e836f15b19 1eb91f905ae040f1adf2e676920ce475 - - default default] 10.0.0.132 "DELETE /v2.0/routers/660baa47-f842-4b77-ba0a-2eca9232e593 HTTP/1.1" status: 204 len: 168 time: 0.5954912
2026-05-09 18:01:22.580 10 INFO neutron.wsgi [None req-d750a503-bf12-4aa0-8c2d-71ae545dfc76 d00cc3ab3a484fe79bff78e836f15b19 1eb91f905ae040f1adf2e676920ce475 - - default default] 10.0.0.132 "PUT /v2.0/routers/4f54a2d1-e6b5-43da-88cf-c92351d11655/remove_router_interface HTTP/1.1" status: 200 len: 503 time: 1.7703104 /var/lib/openstack/lib/python3.10/site-packages/pycadf/identifier.py:71: UserWarning: Invalid uuid: neutron. To ensure interoperability, identifiers should be a valid uuid. warnings.warn(('Invalid uuid: %s. To ensure interoperability, '
2026-05-09 18:01:22.791 9 INFO neutron.wsgi [req-001b747d-0528-4614-afda-4de7f3372f07 req-d8655862-efa6-45bc-9d89-111a2e25d156 c2aaed0d6c6145d59aea81ae9f20939b 4b1e72ab024b4c168b22eaaaf1778406 - - default default] 199.204.45.227 "GET /v2.0/networks?id=d607f333-4699-44fc-8402-17ed9cde0789 HTTP/1.1" status: 200 len: 877 time: 0.3237605
2026-05-09 18:01:22.988 9 INFO neutron.wsgi [None req-80addad2-0dc7-415a-b814-4c50f0ed7928 d00cc3ab3a484fe79bff78e836f15b19 1eb91f905ae040f1adf2e676920ce475 - - default default] 10.0.0.132 "DELETE /v2.0/subnets/5e69a386-f588-4431-b173-815ef440a0c4 HTTP/1.1" status: 204 len: 168 time: 0.4554086
2026-05-09 18:01:23.341 10 INFO neutron.wsgi [None req-b137be93-b676-44fb-b055-746d8f7135a6 d00cc3ab3a484fe79bff78e836f15b19 1eb91f905ae040f1adf2e676920ce475 - - default default] 10.0.0.132 "DELETE /v2.0/routers/4f54a2d1-e6b5-43da-88cf-c92351d11655 HTTP/1.1" status: 204 len: 168 time: 0.7552788
2026-05-09 18:01:23.410 9 WARNING neutron.scheduler.dhcp_agent_scheduler [req-001b747d-0528-4614-afda-4de7f3372f07 req-9b8843d3-d3d5-4de2-81a0-afe8119c523d c2aaed0d6c6145d59aea81ae9f20939b 4b1e72ab024b4c168b22eaaaf1778406 - - default default] No more DHCP agents
2026-05-09 18:01:23.413 9 WARNING neutron.api.rpc.agentnotifiers.dhcp_rpc_agent_api [req-001b747d-0528-4614-afda-4de7f3372f07 req-9b8843d3-d3d5-4de2-81a0-afe8119c523d c2aaed0d6c6145d59aea81ae9f20939b 4b1e72ab024b4c168b22eaaaf1778406 - - default default] Unable to schedule network d607f333-4699-44fc-8402-17ed9cde0789: no agents available; will retry on subsequent port and subnet creation events.
2026-05-09 18:01:23.547 10 INFO neutron.wsgi [None req-f09c79c5-401d-4e49-be46-b2f3f49a2f54 d00cc3ab3a484fe79bff78e836f15b19 1eb91f905ae040f1adf2e676920ce475 - - default default] 10.0.0.132 "DELETE /v2.0/subnets/b96d7079-fbb9-4151-974b-a70f83bc5120 HTTP/1.1" status: 204 len: 168 time: 0.1948652
2026-05-09 18:01:23.636 9 INFO neutron.db.ovn_revision_numbers_db [req-001b747d-0528-4614-afda-4de7f3372f07 req-9b8843d3-d3d5-4de2-81a0-afe8119c523d c2aaed0d6c6145d59aea81ae9f20939b 4b1e72ab024b4c168b22eaaaf1778406 - - default default] Successfully bumped revision number for resource c7cf931f-f910-41cf-a2e0-74fa68f75718 (type: ports) to 1
2026-05-09 18:01:23.652 9 INFO neutron.wsgi [None req-82369d2e-848f-450a-a919-1917b0a13129 d00cc3ab3a484fe79bff78e836f15b19 1eb91f905ae040f1adf2e676920ce475 - - default default] 10.0.0.132 "DELETE /v2.0/networks/cddc0903-8326-4258-9efb-c9237e4b1bd0 HTTP/1.1" status: 204 len: 168 time: 0.6535499
2026-05-09 18:01:23.680 10 INFO neutron.wsgi [req-4a7b4250-5035-48e6-a62d-f8805b463aa3 req-a1b99e0d-3113-432b-89c8-556b5571ad88 c2aaed0d6c6145d59aea81ae9f20939b 4b1e72ab024b4c168b22eaaaf1778406 - - default default] 10.0.0.48 "GET /v2.0/ports?device_id=3345094a-3605-42f4-8006-c88bf2929bef HTTP/1.1" status: 200 len: 1160 time: 0.0389512
2026-05-09 18:01:23.685 9 INFO neutron.wsgi [req-001b747d-0528-4614-afda-4de7f3372f07 req-9b8843d3-d3d5-4de2-81a0-afe8119c523d c2aaed0d6c6145d59aea81ae9f20939b 4b1e72ab024b4c168b22eaaaf1778406 - - default default] 199.204.45.227 "POST /v2.0/ports HTTP/1.1" status: 201 len: 1162 time: 0.8693299 /var/lib/openstack/lib/python3.10/site-packages/pycadf/identifier.py:71: UserWarning: Invalid uuid: neutron. To ensure interoperability, identifiers should be a valid uuid. warnings.warn(('Invalid uuid: %s. To ensure interoperability, '
2026-05-09 18:01:23.704 9 INFO neutron.wsgi [req-001b747d-0528-4614-afda-4de7f3372f07 req-343a8ec8-055d-4d22-ba20-525631bd43a0 c2aaed0d6c6145d59aea81ae9f20939b 4b1e72ab024b4c168b22eaaaf1778406 - - default default] 199.204.45.227 "GET /v2.0/extensions HTTP/1.1" status: 200 len: 16525 time: 0.0091386
2026-05-09 18:01:23.758 10 INFO neutron.wsgi [req-4a7b4250-5035-48e6-a62d-f8805b463aa3 req-29d7620c-8ec0-4aea-a348-cbf6c2966eda c2aaed0d6c6145d59aea81ae9f20939b 4b1e72ab024b4c168b22eaaaf1778406 - - default default] 10.0.0.48 "GET /v2.0/security-groups?id=6394d6c3-7989-4307-9447-559e2c807092&fields=id&fields=name HTTP/1.1" status: 200 len: 286 time: 0.0670009
2026-05-09 18:01:23.926 10 INFO neutron.wsgi [None req-92075731-6502-4c81-87b9-793d94c717ab d00cc3ab3a484fe79bff78e836f15b19 1eb91f905ae040f1adf2e676920ce475 - - default default] 10.0.0.132 "GET /v2.0/security-groups?tenant_id=8b9b070fd50b4a1da0c9ac5110b8a8cb&name=default HTTP/1.1" status: 200 len: 2992 time: 0.0545433
2026-05-09 18:01:24.071 10 INFO neutron.wsgi [None req-ca4ecabd-f45d-4532-906b-8f6289c0a510 d00cc3ab3a484fe79bff78e836f15b19 1eb91f905ae040f1adf2e676920ce475 - - default default] 10.0.0.132 "DELETE /v2.0/networks/3776d295-4199-4b7e-9e8e-463b309f4c71 HTTP/1.1" status: 204 len: 168 time: 0.5193205
2026-05-09 18:01:24.098 9 INFO neutron.services.segments.plugin [-] Segment cafa99ea-c3a9-4b91-8641-fbf60cb991f5 resource provider aggregate not found
2026-05-09 18:01:24.106 9 INFO neutron.services.segments.plugin [-] Segment cafa99ea-c3a9-4b91-8641-fbf60cb991f5 resource provider aggregate not found
2026-05-09 18:01:24.127 9 INFO neutron.services.segments.plugin [-] Segment cafa99ea-c3a9-4b91-8641-fbf60cb991f5 resource provider not found; error: Placement Client Error (4xx): {"errors": [{"status": 404, "title": "Not Found", "detail": "The resource could not be found.\n\n No resource provider with uuid cafa99ea-c3a9-4b91-8641-fbf60cb991f5 found for delete ", "request_id": "req-31a7c77a-f0d2-465e-bbce-ce4be5146579"}]}
2026-05-09 18:01:24.157 9 INFO neutron.services.segments.plugin [-] Segment cafa99ea-c3a9-4b91-8641-fbf60cb991f5 resource provider not found; error: Placement Client Error (4xx): {"errors": [{"status": 404, "title": "Not Found", "detail": "The resource could not be found.\n\n No resource provider with uuid cafa99ea-c3a9-4b91-8641-fbf60cb991f5 found for delete ", "request_id": "req-0819aebb-6be3-4879-af0a-58ca5c9c327b"}]}
2026-05-09 18:01:24.383 9 INFO neutron.wsgi [None req-5daf5225-3b3b-4a96-9323-da13d9343991 d00cc3ab3a484fe79bff78e836f15b19 1eb91f905ae040f1adf2e676920ce475 - - default default] 10.0.0.132 "DELETE /v2.0/security-groups/a3800712-26bf-4feb-82e0-d5762ee8e197 HTTP/1.1" status: 204 len: 168 time: 0.4516914
2026-05-09 18:01:24.437 10 INFO neutron.wsgi [None req-661d5ea5-bd1b-476a-ba22-29eb488262b1 d00cc3ab3a484fe79bff78e836f15b19 1eb91f905ae040f1adf2e676920ce475 - - default default] 10.0.0.132 "GET /v2.0/security-groups?tenant_id=fdf769352a7242eabe86cd606c44fe6a&name=default HTTP/1.1" status: 200 len: 2992 time: 0.2133260
2026-05-09 18:01:24.452 10 INFO neutron.wsgi [req-b4074328-c5b9-48b9-9447-26ea5ab530f1 req-aca94128-39ad-4f42-9f43-902203f684df f0735227cffa4406b3537377239cdcac ccafc05a32db4d6a9d1fda62cc3ff3ce - - default default] 10.0.0.48 "GET /v2.0/security-groups?name=tempest-securitygroup--2086514368&fields=id&tenant_id=ccafc05a32db4d6a9d1fda62cc3ff3ce HTTP/1.1" status: 200 len: 267 time: 0.0624399
2026-05-09 18:01:24.549 10 INFO neutron.wsgi [req-b4074328-c5b9-48b9-9447-26ea5ab530f1 req-bea54996-140d-4e46-a991-883312c1eddd f0735227cffa4406b3537377239cdcac ccafc05a32db4d6a9d1fda62cc3ff3ce - - default default] 10.0.0.48 "GET /v2.0/networks?id=2ee2755c-29f5-45d6-9ae9-a6a513f6513d HTTP/1.1" status: 200 len: 878 time: 0.0843141
2026-05-09 18:01:24.571 10 INFO neutron.wsgi [req-b4074328-c5b9-48b9-9447-26ea5ab530f1 req-a62c3ec7-912c-488d-b7ed-5ad5c92815e6 f0735227cffa4406b3537377239cdcac ccafc05a32db4d6a9d1fda62cc3ff3ce - - default default] 10.0.0.48 "GET /v2.0/quotas/ccafc05a32db4d6a9d1fda62cc3ff3ce HTTP/1.1" status: 200 len: 386 time: 0.0124643
2026-05-09 18:01:24.642 9 INFO neutron.db.ovn_revision_numbers_db [req-001b747d-0528-4614-afda-4de7f3372f07 req-c04c5571-4e0e-42eb-bf07-d61de909d1a7 3785aea7e1f640a7b2d99b26c57eedaa 0cae20e70bcd468f84bad8d4fc779003 - - 6450f0b6ed4541389d231ead7c59a18a 6450f0b6ed4541389d231ead7c59a18a] Successfully bumped revision number for resource c7cf931f-f910-41cf-a2e0-74fa68f75718 (type: ports) to 2
2026-05-09 18:01:24.656 10 INFO neutron.services.segments.plugin [-] Segment 159c3599-3f14-43b3-9dd4-f1ff0cdf19f1 resource provider aggregate not found
2026-05-09 18:01:24.669 10 INFO neutron.services.segments.plugin [-] Segment 159c3599-3f14-43b3-9dd4-f1ff0cdf19f1 resource provider aggregate not found
2026-05-09 18:01:24.680 10 INFO neutron.services.segments.plugin [-] Segment 159c3599-3f14-43b3-9dd4-f1ff0cdf19f1 resource provider not found; error: Placement Client Error (4xx): {"errors": [{"status": 404, "title": "Not Found", "detail": "The resource could not be found.\n\n No resource provider with uuid 159c3599-3f14-43b3-9dd4-f1ff0cdf19f1 found for delete ", "request_id": "req-9a16be24-103f-443f-b370-14cbb3869a64"}]}
2026-05-09 18:01:24.694 10 INFO neutron.services.segments.plugin [-] Segment 159c3599-3f14-43b3-9dd4-f1ff0cdf19f1 resource provider not found; error: Placement Client Error (4xx): {"errors": [{"status": 404, "title": "Not Found", "detail": "The resource could not be found.\n\n No resource provider with uuid 159c3599-3f14-43b3-9dd4-f1ff0cdf19f1 found for delete ", "request_id": "req-913a8f64-0b28-415c-8bd2-2d82ef9b8f04"}]}
2026-05-09 18:01:24.714 10 INFO neutron.wsgi [req-b4074328-c5b9-48b9-9447-26ea5ab530f1 req-84aeab8d-ca49-4029-a1c5-35f1d280a5c4 f0735227cffa4406b3537377239cdcac ccafc05a32db4d6a9d1fda62cc3ff3ce - - default default] 10.0.0.48 "GET /v2.0/ports?tenant_id=ccafc05a32db4d6a9d1fda62cc3ff3ce&fields=id HTTP/1.1" status: 200 len: 302 time: 0.1362560
2026-05-09 18:01:24.776 10 INFO neutron.wsgi [req-b4074328-c5b9-48b9-9447-26ea5ab530f1 req-1ff97987-42db-41d3-949d-8ab68c2dcd18 3785aea7e1f640a7b2d99b26c57eedaa 0cae20e70bcd468f84bad8d4fc779003 - - 6450f0b6ed4541389d231ead7c59a18a 6450f0b6ed4541389d231ead7c59a18a] 10.0.0.48 "GET /v2.0/networks/2ee2755c-29f5-45d6-9ae9-a6a513f6513d?fields=segments HTTP/1.1" status: 200 len: 212 time: 0.0492153
2026-05-09 18:01:24.823 10 INFO neutron.wsgi [None req-4dc27b48-975a-4027-8bf4-c583f0613ad5 d00cc3ab3a484fe79bff78e836f15b19 1eb91f905ae040f1adf2e676920ce475 - - default default] 10.0.0.132 "DELETE /v2.0/security-groups/a9a260c1-523b-45b9-ae48-bc7af3b2c14d HTTP/1.1" status: 204 len: 168 time: 0.3778620
2026-05-09 18:01:24.860 10 INFO neutron.wsgi [req-c24415e3-f343-4f1b-ba3b-b710b7b9c09e req-764426cf-7424-4c13-9678-8166dd52c15a c2aaed0d6c6145d59aea81ae9f20939b 4b1e72ab024b4c168b22eaaaf1778406 - - default default] 10.0.0.48 "GET /v2.0/ports?device_id=3345094a-3605-42f4-8006-c88bf2929bef HTTP/1.1" status: 200 len: 1172 time: 0.0351243
2026-05-09 18:01:24.861 9 INFO neutron.db.ovn_revision_numbers_db [req-001b747d-0528-4614-afda-4de7f3372f07 req-c04c5571-4e0e-42eb-bf07-d61de909d1a7 3785aea7e1f640a7b2d99b26c57eedaa 0cae20e70bcd468f84bad8d4fc779003 - - 6450f0b6ed4541389d231ead7c59a18a 6450f0b6ed4541389d231ead7c59a18a] Successfully bumped revision number for resource c7cf931f-f910-41cf-a2e0-74fa68f75718 (type: ports) to 2
2026-05-09 18:01:24.866 10 INFO neutron.wsgi [req-b4074328-c5b9-48b9-9447-26ea5ab530f1 req-9a2f6a62-3332-478b-a035-b925e72be8b4 3785aea7e1f640a7b2d99b26c57eedaa 0cae20e70bcd468f84bad8d4fc779003 - - 6450f0b6ed4541389d231ead7c59a18a 6450f0b6ed4541389d231ead7c59a18a] 10.0.0.48 "GET /v2.0/networks/2ee2755c-29f5-45d6-9ae9-a6a513f6513d?fields=provider%3Aphysical_network&fields=provider%3Anetwork_type HTTP/1.1" status: 200 len: 277 time: 0.0844727
2026-05-09 18:01:24.876 9 INFO neutron.wsgi [req-001b747d-0528-4614-afda-4de7f3372f07 req-c04c5571-4e0e-42eb-bf07-d61de909d1a7 3785aea7e1f640a7b2d99b26c57eedaa 0cae20e70bcd468f84bad8d4fc779003 - - 6450f0b6ed4541389d231ead7c59a18a 6450f0b6ed4541389d231ead7c59a18a] 199.204.45.227 "PUT /v2.0/ports/c7cf931f-f910-41cf-a2e0-74fa68f75718 HTTP/1.1" status: 200 len: 1380 time: 0.8550656
2026-05-09 18:01:24.916 10 INFO neutron.wsgi [req-c24415e3-f343-4f1b-ba3b-b710b7b9c09e req-03ac85e2-c25d-4559-b890-09e7a841f01e c2aaed0d6c6145d59aea81ae9f20939b 4b1e72ab024b4c168b22eaaaf1778406 - - default default] 10.0.0.48 "GET /v2.0/security-groups?id=6394d6c3-7989-4307-9447-559e2c807092&fields=id&fields=name HTTP/1.1" status: 200 len: 286 time: 0.0425806 /var/lib/openstack/lib/python3.10/site-packages/pycadf/identifier.py:71: UserWarning: Invalid uuid: neutron. To ensure interoperability, identifiers should be a valid uuid. warnings.warn(('Invalid uuid: %s. To ensure interoperability, '
2026-05-09 18:01:24.972 9 INFO neutron.wsgi [req-001b747d-0528-4614-afda-4de7f3372f07 req-93ef18f6-a9cc-4247-afca-f24ed5e0ee91 3785aea7e1f640a7b2d99b26c57eedaa 0cae20e70bcd468f84bad8d4fc779003 - - 6450f0b6ed4541389d231ead7c59a18a 6450f0b6ed4541389d231ead7c59a18a] 199.204.45.227 "GET /v2.0/ports?tenant_id=4b1e72ab024b4c168b22eaaaf1778406&device_id=3345094a-3605-42f4-8006-c88bf2929bef HTTP/1.1" status: 200 len: 1411 time: 0.0577264
2026-05-09 18:01:25.010 9 INFO neutron.wsgi [req-001b747d-0528-4614-afda-4de7f3372f07 req-250faca5-5e34-4d28-9b0b-df9b3da61cca 3785aea7e1f640a7b2d99b26c57eedaa 0cae20e70bcd468f84bad8d4fc779003 - - 6450f0b6ed4541389d231ead7c59a18a 6450f0b6ed4541389d231ead7c59a18a] 199.204.45.227 "GET /v2.0/floatingips?fixed_ip_address=10.100.0.10&port_id=c7cf931f-f910-41cf-a2e0-74fa68f75718 HTTP/1.1" status: 200 len: 217 time: 0.0332124
2026-05-09 18:01:25.052 9 INFO neutron.wsgi [req-001b747d-0528-4614-afda-4de7f3372f07 req-a967369b-a342-410d-a498-0b3506300a88 3785aea7e1f640a7b2d99b26c57eedaa 0cae20e70bcd468f84bad8d4fc779003 - - 6450f0b6ed4541389d231ead7c59a18a 6450f0b6ed4541389d231ead7c59a18a] 199.204.45.227 "GET /v2.0/subnets?id=99e6920e-ca0d-4dd5-95fd-059fb6e69189 HTTP/1.1" status: 200 len: 871 time: 0.0374684
2026-05-09 18:01:25.086 9 INFO neutron.wsgi [req-001b747d-0528-4614-afda-4de7f3372f07 req-0461b100-6925-4814-803a-b00feb0be7be 3785aea7e1f640a7b2d99b26c57eedaa 0cae20e70bcd468f84bad8d4fc779003 - - 6450f0b6ed4541389d231ead7c59a18a 6450f0b6ed4541389d231ead7c59a18a] 199.204.45.227 "GET /v2.0/ports?network_id=d607f333-4699-44fc-8402-17ed9cde0789&device_owner=network%3Adhcp HTTP/1.1" status: 200 len: 210 time: 0.0291519
2026-05-09 18:01:25.193 9 INFO neutron.wsgi [req-001b747d-0528-4614-afda-4de7f3372f07 req-9739245b-0365-4151-acee-66100b1ab619 3785aea7e1f640a7b2d99b26c57eedaa 0cae20e70bcd468f84bad8d4fc779003 - - 6450f0b6ed4541389d231ead7c59a18a 6450f0b6ed4541389d231ead7c59a18a] 199.204.45.227 "GET /v2.0/networks/d607f333-4699-44fc-8402-17ed9cde0789?fields=segments HTTP/1.1" status: 200 len: 212 time: 0.1001770
2026-05-09 18:01:25.215 10 INFO neutron.wsgi [req-dec7505b-29e1-439d-845a-e81890572dd8 req-7a1cf128-e731-41ee-8394-cdf534416ce1 f0735227cffa4406b3537377239cdcac ccafc05a32db4d6a9d1fda62cc3ff3ce - - default default] 10.0.0.48 "GET /v2.0/ports?device_id=e9bdb0cd-9a1b-4901-91a0-ab5b9de29a5a HTTP/1.1" status: 200 len: 210 time: 0.0253942
2026-05-09 18:01:25.281 9 INFO neutron.wsgi [req-001b747d-0528-4614-afda-4de7f3372f07 req-2efec5dc-d9ad-450c-b1e8-c38bcef2e867 3785aea7e1f640a7b2d99b26c57eedaa 0cae20e70bcd468f84bad8d4fc779003 - - 6450f0b6ed4541389d231ead7c59a18a 6450f0b6ed4541389d231ead7c59a18a] 199.204.45.227 "GET /v2.0/networks/d607f333-4699-44fc-8402-17ed9cde0789?fields=provider%3Aphysical_network&fields=provider%3Anetwork_type HTTP/1.1" status: 200 len: 277 time: 0.0769541
2026-05-09 18:01:25.419 9 INFO neutron.notifiers.nova [-] Nova event matching ['req-43aefb73-08d3-49b4-858b-8350392ce5d3'] response: {'name': 'network-changed', 'server_uuid': '3345094a-3605-42f4-8006-c88bf2929bef', 'tag': 'c7cf931f-f910-41cf-a2e0-74fa68f75718', 'status': 'completed', 'code': 200}
2026-05-09 18:01:25.469 9 INFO neutron.wsgi [req-bf535319-3297-410b-b342-d713b7fc1ca8 req-03bb714b-7fa5-43d5-bf33-de4aacb3bed5 3785aea7e1f640a7b2d99b26c57eedaa 0cae20e70bcd468f84bad8d4fc779003 - - 6450f0b6ed4541389d231ead7c59a18a 6450f0b6ed4541389d231ead7c59a18a] 199.204.45.227 "GET /v2.0/ports?tenant_id=4b1e72ab024b4c168b22eaaaf1778406&device_id=3345094a-3605-42f4-8006-c88bf2929bef HTTP/1.1" status: 200 len: 1411 time: 0.0337093
2026-05-09 18:01:25.543 9 INFO neutron.wsgi [req-bf535319-3297-410b-b342-d713b7fc1ca8 req-bde0ff2f-d796-4cdd-8fdb-339314d88d32 3785aea7e1f640a7b2d99b26c57eedaa 0cae20e70bcd468f84bad8d4fc779003 - - 6450f0b6ed4541389d231ead7c59a18a 6450f0b6ed4541389d231ead7c59a18a] 199.204.45.227 "GET /v2.0/networks?id=d607f333-4699-44fc-8402-17ed9cde0789 HTTP/1.1" status: 200 len: 976 time: 0.0667744
2026-05-09 18:01:25.571 9 INFO neutron.wsgi [req-bf535319-3297-410b-b342-d713b7fc1ca8 req-efcb8e65-9492-447e-a81d-3f3554ec8c31 3785aea7e1f640a7b2d99b26c57eedaa 0cae20e70bcd468f84bad8d4fc779003 - - 6450f0b6ed4541389d231ead7c59a18a 6450f0b6ed4541389d231ead7c59a18a] 199.204.45.227 "GET /v2.0/floatingips?fixed_ip_address=10.100.0.10&port_id=c7cf931f-f910-41cf-a2e0-74fa68f75718 HTTP/1.1" status: 200 len: 217 time: 0.0195663
2026-05-09 18:01:25.573 9 INFO neutron.wsgi [-] 10.0.0.127 "GET / HTTP/1.1" status: 200 len: 247 time: 0.0011253
2026-05-09 18:01:25.577 10 INFO neutron.wsgi [-] 10.0.0.127 "GET / HTTP/1.1" status: 200 len: 247 time: 0.0049992
2026-05-09 18:01:25.623 9 INFO neutron.wsgi [req-bf535319-3297-410b-b342-d713b7fc1ca8 req-23dcd311-ad08-4658-b1ca-aa18da09525a 3785aea7e1f640a7b2d99b26c57eedaa 0cae20e70bcd468f84bad8d4fc779003 - - 6450f0b6ed4541389d231ead7c59a18a 6450f0b6ed4541389d231ead7c59a18a] 199.204.45.227 "GET /v2.0/subnets?id=99e6920e-ca0d-4dd5-95fd-059fb6e69189 HTTP/1.1" status: 200 len: 871 time: 0.0352979
2026-05-09 18:01:25.654 9 INFO neutron.wsgi [req-bf535319-3297-410b-b342-d713b7fc1ca8 req-723fd1e3-2123-487f-807b-0a10ff7f3ea7 3785aea7e1f640a7b2d99b26c57eedaa 0cae20e70bcd468f84bad8d4fc779003 - - 6450f0b6ed4541389d231ead7c59a18a 6450f0b6ed4541389d231ead7c59a18a] 199.204.45.227 "GET /v2.0/ports?network_id=d607f333-4699-44fc-8402-17ed9cde0789&device_owner=network%3Adhcp HTTP/1.1" status: 200 len: 210 time: 0.0214972
2026-05-09 18:01:25.728 9 INFO neutron.wsgi [req-bf535319-3297-410b-b342-d713b7fc1ca8 req-e414074f-a3bc-4ce8-9b3f-13383aac7bc3 3785aea7e1f640a7b2d99b26c57eedaa 0cae20e70bcd468f84bad8d4fc779003 - - 6450f0b6ed4541389d231ead7c59a18a 6450f0b6ed4541389d231ead7c59a18a] 199.204.45.227 "GET /v2.0/networks/d607f333-4699-44fc-8402-17ed9cde0789?fields=segments HTTP/1.1" status: 200 len: 212 time: 0.0611997
2026-05-09 18:01:25.810 9 INFO neutron.wsgi [req-bf535319-3297-410b-b342-d713b7fc1ca8 req-d74e35ca-0277-48c1-8af5-a801b5ad3ea0 3785aea7e1f640a7b2d99b26c57eedaa 0cae20e70bcd468f84bad8d4fc779003 - - 6450f0b6ed4541389d231ead7c59a18a 6450f0b6ed4541389d231ead7c59a18a] 199.204.45.227 "GET /v2.0/networks/d607f333-4699-44fc-8402-17ed9cde0789?fields=provider%3Aphysical_network&fields=provider%3Anetwork_type HTTP/1.1" status: 200 len: 277 time: 0.0768433
2026-05-09 18:01:26.087 10 INFO neutron.wsgi [req-6554a828-9d39-4f90-b12f-5d00a95938a2 req-4eb697b2-733c-468d-9503-1f5ec5aeac0f c2aaed0d6c6145d59aea81ae9f20939b 4b1e72ab024b4c168b22eaaaf1778406 - - default default] 10.0.0.48 "GET /v2.0/ports?device_id=3345094a-3605-42f4-8006-c88bf2929bef HTTP/1.1" status: 200 len: 1172 time: 0.1098590
2026-05-09 18:01:26.135 10 INFO neutron.wsgi [req-6554a828-9d39-4f90-b12f-5d00a95938a2 req-23b25a1d-cf91-4913-ab67-e0bb3c5aff66 c2aaed0d6c6145d59aea81ae9f20939b 4b1e72ab024b4c168b22eaaaf1778406 - - default default] 10.0.0.48 "GET /v2.0/security-groups?id=6394d6c3-7989-4307-9447-559e2c807092&fields=id&fields=name HTTP/1.1" status: 200 len: 286 time: 0.0400095
2026-05-09 18:01:26.317 10 INFO neutron.wsgi [req-f1b8ad3b-77b0-4877-9697-755a9a0991bc req-9743538f-639b-465d-8564-33b3ed918acd f0735227cffa4406b3537377239cdcac ccafc05a32db4d6a9d1fda62cc3ff3ce - - default default] 10.0.0.48 "GET /v2.0/ports?device_id=e9bdb0cd-9a1b-4901-91a0-ab5b9de29a5a HTTP/1.1" status: 200 len: 210 time: 0.0234582
2026-05-09 18:01:26.334 9 INFO neutron.wsgi [req-b4074328-c5b9-48b9-9447-26ea5ab530f1 req-3139468f-a176-4d5a-a32a-b21bd0f1d27b f0735227cffa4406b3537377239cdcac ccafc05a32db4d6a9d1fda62cc3ff3ce - - default default] 199.204.45.227 "GET /v2.0/networks?id=2ee2755c-29f5-45d6-9ae9-a6a513f6513d HTTP/1.1" status: 200 len: 878 time: 0.1055923
2026-05-09 18:01:26.433 9 INFO neutron.wsgi [req-b4074328-c5b9-48b9-9447-26ea5ab530f1 req-b6a0dc13-5dc2-4494-ac91-0e9016b88e94 f0735227cffa4406b3537377239cdcac ccafc05a32db4d6a9d1fda62cc3ff3ce - - default default] 199.204.45.227 "GET /v2.0/security-groups?fields=id&fields=name&tenant_id=ccafc05a32db4d6a9d1fda62cc3ff3ce HTTP/1.1" status: 200 len: 380 time: 0.0615489
2026-05-09 18:01:26.654 9 INFO neutron.db.ovn_revision_numbers_db [None req-f46b8461-a7db-4b5f-a15d-fdb61e0b4c5a d00cc3ab3a484fe79bff78e836f15b19 1eb91f905ae040f1adf2e676920ce475 - - default default] Successfully bumped revision number for resource 5678c5d6-8745-45b6-a79a-34df3db8baa9 (type: security_groups) to 1
2026-05-09 18:01:26.672 9 INFO neutron.db.ovn_revision_numbers_db [None req-f46b8461-a7db-4b5f-a15d-fdb61e0b4c5a d00cc3ab3a484fe79bff78e836f15b19 1eb91f905ae040f1adf2e676920ce475 - - default default] Successfully bumped revision number for resource 157cb35e-a7d1-4bc4-a0e9-2e063dad939a (type: security_group_rules) to 0
2026-05-09 18:01:26.703 9 INFO neutron.db.ovn_revision_numbers_db [None req-f46b8461-a7db-4b5f-a15d-fdb61e0b4c5a d00cc3ab3a484fe79bff78e836f15b19 1eb91f905ae040f1adf2e676920ce475 - - default default] Successfully bumped revision number for resource 47c4ffc6-e0de-4089-85ca-26b3327d3d8f (type: security_group_rules) to 0
2026-05-09 18:01:26.725 9 INFO neutron.db.ovn_revision_numbers_db [None req-f46b8461-a7db-4b5f-a15d-fdb61e0b4c5a d00cc3ab3a484fe79bff78e836f15b19 1eb91f905ae040f1adf2e676920ce475 - - default default] Successfully bumped revision number for resource 9d7e953b-db28-436e-ba1c-b7ebbd586dd8 (type: security_group_rules) to 0
2026-05-09 18:01:26.749 9 INFO neutron.db.ovn_revision_numbers_db [None req-f46b8461-a7db-4b5f-a15d-fdb61e0b4c5a d00cc3ab3a484fe79bff78e836f15b19 1eb91f905ae040f1adf2e676920ce475 - - default default] Successfully bumped revision number for resource da41e4e9-bf18-4a79-afd7-0365e4ddb359 (type: security_group_rules) to 0
2026-05-09 18:01:26.807 9 WARNING neutron.scheduler.dhcp_agent_scheduler [req-b4074328-c5b9-48b9-9447-26ea5ab530f1 req-c43a3950-4a02-41a1-a017-01588878a288 f0735227cffa4406b3537377239cdcac ccafc05a32db4d6a9d1fda62cc3ff3ce - - default default] No more DHCP agents
2026-05-09 18:01:26.810 9 INFO neutron.db.segments_db [None req-f46b8461-a7db-4b5f-a15d-fdb61e0b4c5a d00cc3ab3a484fe79bff78e836f15b19 1eb91f905ae040f1adf2e676920ce475 - - default default] Added segment c36ba963-8132-4562-81bb-71e17e0966e4 of type geneve for network 4d11d09b-e59a-4098-aaef-cbb9440b21ee
2026-05-09 18:01:26.811 9 WARNING neutron.api.rpc.agentnotifiers.dhcp_rpc_agent_api [req-b4074328-c5b9-48b9-9447-26ea5ab530f1 req-c43a3950-4a02-41a1-a017-01588878a288 f0735227cffa4406b3537377239cdcac ccafc05a32db4d6a9d1fda62cc3ff3ce - - default default] Unable to schedule network 2ee2755c-29f5-45d6-9ae9-a6a513f6513d: no agents available; will retry on subsequent port and subnet creation events.
2026-05-09 18:01:26.870 10 INFO neutron.db.ovn_revision_numbers_db [None req-3fda51dd-1eb0-4ac4-85d7-e993f5214c67 d00cc3ab3a484fe79bff78e836f15b19 1eb91f905ae040f1adf2e676920ce475 - - default default] Successfully bumped revision number for resource 97943877-edce-4d1b-b729-967015dfeaf5 (type: security_groups) to 1
2026-05-09 18:01:26.887 10 INFO neutron.db.ovn_revision_numbers_db [None req-3fda51dd-1eb0-4ac4-85d7-e993f5214c67 d00cc3ab3a484fe79bff78e836f15b19 1eb91f905ae040f1adf2e676920ce475 - - default default] Successfully bumped revision number for resource 03b94566-4730-4391-82d7-9798e5f301a2 (type: security_group_rules) to 0
2026-05-09 18:01:26.901 10 INFO neutron.db.ovn_revision_numbers_db [None req-3fda51dd-1eb0-4ac4-85d7-e993f5214c67 d00cc3ab3a484fe79bff78e836f15b19 1eb91f905ae040f1adf2e676920ce475 - - default default] Successfully bumped revision number for resource 74a5f1fa-3a30-4d1d-b1cb-dc195299ae6b (type: security_group_rules) to 0
2026-05-09 18:01:26.915 10 INFO neutron.db.ovn_revision_numbers_db [None req-3fda51dd-1eb0-4ac4-85d7-e993f5214c67 d00cc3ab3a484fe79bff78e836f15b19 1eb91f905ae040f1adf2e676920ce475 - - default default] Successfully bumped revision number for resource b22dfbb6-6a47-49cf-b6db-21a587eb400a (type: security_group_rules) to 0
2026-05-09 18:01:26.929 10 INFO neutron.db.ovn_revision_numbers_db [None req-3fda51dd-1eb0-4ac4-85d7-e993f5214c67 d00cc3ab3a484fe79bff78e836f15b19 1eb91f905ae040f1adf2e676920ce475 - - default default] Successfully bumped revision number for resource e3d3270d-1eab-4599-91e8-57ce3567f0b6 (type: security_group_rules) to 0
2026-05-09 18:01:26.996 10 INFO neutron.db.segments_db [None req-3fda51dd-1eb0-4ac4-85d7-e993f5214c67 d00cc3ab3a484fe79bff78e836f15b19 1eb91f905ae040f1adf2e676920ce475 - - default default] Added segment aefc62ce-e742-4c9c-b3e3-66c61a3d2e9d of type geneve for network 66b9abd1-ea72-4311-ba80-e28fe1e3e55d
2026-05-09 18:01:27.028 9 INFO neutron.db.ovn_revision_numbers_db [None req-f46b8461-a7db-4b5f-a15d-fdb61e0b4c5a d00cc3ab3a484fe79bff78e836f15b19 1eb91f905ae040f1adf2e676920ce475 - - default default] Successfully bumped revision number for resource 4d11d09b-e59a-4098-aaef-cbb9440b21ee (type: networks) to 1
2026-05-09 18:01:27.069 9 INFO neutron.db.ovn_revision_numbers_db [req-b4074328-c5b9-48b9-9447-26ea5ab530f1 req-c43a3950-4a02-41a1-a017-01588878a288 f0735227cffa4406b3537377239cdcac ccafc05a32db4d6a9d1fda62cc3ff3ce - - default default] Successfully bumped revision number for resource 65d4e104-1368-4873-88a6-ff90af708fcb (type: ports) to 1
2026-05-09 18:01:27.113 9 INFO neutron.wsgi [req-b4074328-c5b9-48b9-9447-26ea5ab530f1 req-c43a3950-4a02-41a1-a017-01588878a288 f0735227cffa4406b3537377239cdcac ccafc05a32db4d6a9d1fda62cc3ff3ce - - default default] 199.204.45.227 "POST /v2.0/ports HTTP/1.1" status: 201 len: 1162 time: 0.6750138 /var/lib/openstack/lib/python3.10/site-packages/pycadf/identifier.py:71: UserWarning: Invalid uuid: neutron. To ensure interoperability, identifiers should be a valid uuid. warnings.warn(('Invalid uuid: %s. To ensure interoperability, '
2026-05-09 18:01:27.155 10 INFO neutron.db.ovn_revision_numbers_db [None req-3fda51dd-1eb0-4ac4-85d7-e993f5214c67 d00cc3ab3a484fe79bff78e836f15b19 1eb91f905ae040f1adf2e676920ce475 - - default default] Successfully bumped revision number for resource 66b9abd1-ea72-4311-ba80-e28fe1e3e55d (type: networks) to 1
2026-05-09 18:01:27.234 9 WARNING neutron.scheduler.dhcp_agent_scheduler [None req-f46b8461-a7db-4b5f-a15d-fdb61e0b4c5a d00cc3ab3a484fe79bff78e836f15b19 1eb91f905ae040f1adf2e676920ce475 - - default default] No more DHCP agents
2026-05-09 18:01:27.240 9 WARNING neutron.api.rpc.agentnotifiers.dhcp_rpc_agent_api [None req-f46b8461-a7db-4b5f-a15d-fdb61e0b4c5a d00cc3ab3a484fe79bff78e836f15b19 1eb91f905ae040f1adf2e676920ce475 - - default default] Unable to schedule network 4d11d09b-e59a-4098-aaef-cbb9440b21ee: no agents available; will retry on subsequent port and subnet creation events.
2026-05-09 18:01:27.259 10 INFO neutron.wsgi [req-49658c54-3e3d-468b-8f38-c72f2d2c52e4 req-e52603a7-d6f5-49c4-a3e1-6b6097c847a4 c2aaed0d6c6145d59aea81ae9f20939b 4b1e72ab024b4c168b22eaaaf1778406 - - default default] 10.0.0.48 "GET /v2.0/ports?device_id=3345094a-3605-42f4-8006-c88bf2929bef HTTP/1.1" status: 200 len: 1172 time: 0.0536077
2026-05-09 18:01:27.330 10 INFO neutron.wsgi [req-49658c54-3e3d-468b-8f38-c72f2d2c52e4 req-8a01bd75-bf83-4a85-bcc8-77527ff27d3a c2aaed0d6c6145d59aea81ae9f20939b 4b1e72ab024b4c168b22eaaaf1778406 - - default default] 10.0.0.48 "GET /v2.0/security-groups?id=6394d6c3-7989-4307-9447-559e2c807092&fields=id&fields=name HTTP/1.1" status: 200 len: 286 time: 0.0561640
2026-05-09 18:01:27.348 9 INFO neutron.db.ovn_revision_numbers_db [None req-f46b8461-a7db-4b5f-a15d-fdb61e0b4c5a d00cc3ab3a484fe79bff78e836f15b19 1eb91f905ae040f1adf2e676920ce475 - - default default] Successfully bumped revision number for resource d2b865be-89f7-41e7-b862-f7c77d5ab421 (type: ports) to 1
2026-05-09 18:01:27.373 9 INFO neutron.wsgi [None req-f46b8461-a7db-4b5f-a15d-fdb61e0b4c5a d00cc3ab3a484fe79bff78e836f15b19 1eb91f905ae040f1adf2e676920ce475 - - default default] 10.0.0.132 "POST /v2.0/networks HTTP/1.1" status: 201 len: 940 time: 1.0840902
2026-05-09 18:01:27.376 10 WARNING neutron.scheduler.dhcp_agent_scheduler [None req-3fda51dd-1eb0-4ac4-85d7-e993f5214c67 d00cc3ab3a484fe79bff78e836f15b19 1eb91f905ae040f1adf2e676920ce475 - - default default] No more DHCP agents
2026-05-09 18:01:27.377 10 WARNING neutron.api.rpc.agentnotifiers.dhcp_rpc_agent_api [None req-3fda51dd-1eb0-4ac4-85d7-e993f5214c67 d00cc3ab3a484fe79bff78e836f15b19 1eb91f905ae040f1adf2e676920ce475 - - default default] Unable to schedule network 66b9abd1-ea72-4311-ba80-e28fe1e3e55d: no agents available; will retry on subsequent port and subnet creation events.
2026-05-09 18:01:27.435 10 INFO neutron.wsgi [req-316ab826-0fd8-4ea7-b3f9-dc378886161e req-991a9f6a-bf32-4eb1-8f3c-77442c6f6ace f0735227cffa4406b3537377239cdcac ccafc05a32db4d6a9d1fda62cc3ff3ce - - default default] 10.0.0.48 "GET /v2.0/ports?device_id=e9bdb0cd-9a1b-4901-91a0-ab5b9de29a5a HTTP/1.1" status: 200 len: 1160 time: 0.0479567
2026-05-09 18:01:27.493 10 WARNING neutron.plugins.ml2.drivers.ovn.mech_driver.ovsdb.ovn_client [None req-3a66b626-de94-4ee7-9057-743e014c3839 - - - - - -] No hosting information found for port 435c6382-d99a-4a6f-9f5a-de70c0fd92b6: RuntimeError: No hosting information found for port 435c6382-d99a-4a6f-9f5a-de70c0fd92b6
2026-05-09 18:01:27.504 10 INFO neutron.db.ovn_revision_numbers_db [None req-3fda51dd-1eb0-4ac4-85d7-e993f5214c67 d00cc3ab3a484fe79bff78e836f15b19 1eb91f905ae040f1adf2e676920ce475 - - default default] Successfully bumped revision number for resource cdf14db9-2f88-4460-a203-24acaffb69ca (type: ports) to 1
2026-05-09 18:01:27.515 10 INFO neutron.wsgi [req-316ab826-0fd8-4ea7-b3f9-dc378886161e req-87642aa7-aee2-462a-a24f-8eb478eee1d9 f0735227cffa4406b3537377239cdcac ccafc05a32db4d6a9d1fda62cc3ff3ce - - default default] 10.0.0.48 "GET /v2.0/security-groups?id=68cf4f71-86c5-4cf2-8107-0f2937a0010e&fields=id&fields=name HTTP/1.1" status: 200 len: 313 time: 0.0720797
2026-05-09 18:01:27.535 10 INFO neutron.wsgi [None req-3fda51dd-1eb0-4ac4-85d7-e993f5214c67 d00cc3ab3a484fe79bff78e836f15b19 1eb91f905ae040f1adf2e676920ce475 - - default default] 10.0.0.132 "POST /v2.0/networks HTTP/1.1" status: 201 len: 952 time: 0.9296043
2026-05-09 18:01:27.713 10 WARNING neutron.scheduler.dhcp_agent_scheduler [None req-513827eb-2659-4aed-bf30-5aea00645f9a d00cc3ab3a484fe79bff78e836f15b19 1eb91f905ae040f1adf2e676920ce475 - - default default] No more DHCP agents
2026-05-09 18:01:27.717 10 WARNING neutron.api.rpc.agentnotifiers.dhcp_rpc_agent_api [None req-513827eb-2659-4aed-bf30-5aea00645f9a d00cc3ab3a484fe79bff78e836f15b19 1eb91f905ae040f1adf2e676920ce475 - - default default] Unable to schedule network 66b9abd1-ea72-4311-ba80-e28fe1e3e55d: no agents available; will retry on subsequent port and subnet creation events.
2026-05-09 18:01:27.734 9 WARNING neutron.scheduler.dhcp_agent_scheduler [None req-e787a151-9649-4836-a806-c7b9d32655d5 d00cc3ab3a484fe79bff78e836f15b19 1eb91f905ae040f1adf2e676920ce475 - - default default] No more DHCP agents
2026-05-09 18:01:27.738 9 WARNING neutron.api.rpc.agentnotifiers.dhcp_rpc_agent_api [None req-e787a151-9649-4836-a806-c7b9d32655d5 d00cc3ab3a484fe79bff78e836f15b19 1eb91f905ae040f1adf2e676920ce475 - - default default] Unable to schedule network 4d11d09b-e59a-4098-aaef-cbb9440b21ee: no agents available; will retry on subsequent port and subnet creation events.
2026-05-09 18:01:27.792 9 INFO neutron.db.ovn_revision_numbers_db [req-b4074328-c5b9-48b9-9447-26ea5ab530f1 req-350ec943-22d8-461f-a66c-7a49629ef506 3785aea7e1f640a7b2d99b26c57eedaa 0cae20e70bcd468f84bad8d4fc779003 - - 6450f0b6ed4541389d231ead7c59a18a 6450f0b6ed4541389d231ead7c59a18a] Successfully bumped revision number for resource 65d4e104-1368-4873-88a6-ff90af708fcb (type: ports) to 2
2026-05-09 18:01:28.085 9 INFO neutron.db.ovn_revision_numbers_db [req-b4074328-c5b9-48b9-9447-26ea5ab530f1 req-350ec943-22d8-461f-a66c-7a49629ef506 3785aea7e1f640a7b2d99b26c57eedaa 0cae20e70bcd468f84bad8d4fc779003 - - 6450f0b6ed4541389d231ead7c59a18a 6450f0b6ed4541389d231ead7c59a18a] Successfully bumped revision number for resource 65d4e104-1368-4873-88a6-ff90af708fcb (type: ports) to 2
2026-05-09 18:01:28.118 9 INFO neutron.wsgi [req-b4074328-c5b9-48b9-9447-26ea5ab530f1 req-350ec943-22d8-461f-a66c-7a49629ef506 3785aea7e1f640a7b2d99b26c57eedaa 0cae20e70bcd468f84bad8d4fc779003 - - 6450f0b6ed4541389d231ead7c59a18a 6450f0b6ed4541389d231ead7c59a18a] 199.204.45.227 "PUT /v2.0/ports/65d4e104-1368-4873-88a6-ff90af708fcb HTTP/1.1" status: 200 len: 1380 time: 0.9957635 /var/lib/openstack/lib/python3.10/site-packages/pycadf/identifier.py:71: UserWarning: Invalid uuid: neutron. To ensure interoperability, identifiers should be a valid uuid. warnings.warn(('Invalid uuid: %s. To ensure interoperability, '
2026-05-09 18:01:28.213 9 INFO neutron.notifiers.nova [-] Nova event matching ['req-f8db5524-3dd8-4a23-80ee-ddae94f7b9af'] response: {'name': 'network-changed', 'server_uuid': 'e9bdb0cd-9a1b-4901-91a0-ab5b9de29a5a', 'tag': '65d4e104-1368-4873-88a6-ff90af708fcb', 'status': 'completed', 'code': 200}
2026-05-09 18:01:28.231 9 INFO neutron.wsgi [req-b4074328-c5b9-48b9-9447-26ea5ab530f1 req-653b4909-e6ae-4ef5-a245-f6a2a9581b10 3785aea7e1f640a7b2d99b26c57eedaa 0cae20e70bcd468f84bad8d4fc779003 - - 6450f0b6ed4541389d231ead7c59a18a 6450f0b6ed4541389d231ead7c59a18a] 199.204.45.227 "GET /v2.0/ports?tenant_id=ccafc05a32db4d6a9d1fda62cc3ff3ce&device_id=e9bdb0cd-9a1b-4901-91a0-ab5b9de29a5a HTTP/1.1" status: 200 len: 1411 time: 0.0430903
2026-05-09 18:01:28.249 10 INFO neutron.db.ovn_revision_numbers_db [None req-513827eb-2659-4aed-bf30-5aea00645f9a d00cc3ab3a484fe79bff78e836f15b19 1eb91f905ae040f1adf2e676920ce475 - - default default] Successfully bumped revision number for resource cdf14db9-2f88-4460-a203-24acaffb69ca (type: ports) to 2
2026-05-09 18:01:28.268 9 INFO neutron.wsgi [req-b4074328-c5b9-48b9-9447-26ea5ab530f1 req-3c8593ad-77a2-44df-8fce-0da404a246d0 3785aea7e1f640a7b2d99b26c57eedaa 0cae20e70bcd468f84bad8d4fc779003 - - 6450f0b6ed4541389d231ead7c59a18a 6450f0b6ed4541389d231ead7c59a18a] 199.204.45.227 "GET /v2.0/floatingips?fixed_ip_address=10.100.0.10&port_id=65d4e104-1368-4873-88a6-ff90af708fcb HTTP/1.1" status: 200 len: 217 time: 0.0264659
2026-05-09 18:01:28.284 10 INFO neutron.db.ovn_revision_numbers_db [None req-513827eb-2659-4aed-bf30-5aea00645f9a d00cc3ab3a484fe79bff78e836f15b19 1eb91f905ae040f1adf2e676920ce475 - - default default] Successfully bumped revision number for resource 92328173-95c1-4243-8100-708fc139a9a2 (type: subnets) to 0
2026-05-09 18:01:28.298 10 INFO neutron.wsgi [None req-513827eb-2659-4aed-bf30-5aea00645f9a d00cc3ab3a484fe79bff78e836f15b19 1eb91f905ae040f1adf2e676920ce475 - - default default] 10.0.0.132 "POST /v2.0/subnets HTTP/1.1" status: 201 len: 872 time: 0.7571743
2026-05-09 18:01:28.319 9 INFO neutron.wsgi [req-b4074328-c5b9-48b9-9447-26ea5ab530f1 req-581453ca-f366-48e8-8b21-6b4b335071cc 3785aea7e1f640a7b2d99b26c57eedaa 0cae20e70bcd468f84bad8d4fc779003 - - 6450f0b6ed4541389d231ead7c59a18a 6450f0b6ed4541389d231ead7c59a18a] 199.204.45.227 "GET /v2.0/subnets?id=c9c89f00-b188-426a-95f3-a38bc2b4b065 HTTP/1.1" status: 200 len: 872 time: 0.0483215
