2026-05-09 18:03:39.117 10 INFO neutron.wsgi [req-1dd371f2-408c-495a-9143-7e838ade0ce1 req-9eb4e520-c8c4-4cea-b7ff-f24c93119dd7 3785aea7e1f640a7b2d99b26c57eedaa 0cae20e70bcd468f84bad8d4fc779003 - - 6450f0b6ed4541389d231ead7c59a18a 6450f0b6ed4541389d231ead7c59a18a] 10.0.0.48 "GET /v2.0/networks/b7c7d24f-0b4f-465c-adbe-8ab9777d9df7?fields=provider%3Aphysical_network&fields=provider%3Anetwork_type HTTP/1.1" status: 200 len: 277 time: 0.0700970
2026-05-09 18:03:39.146 9 INFO neutron.db.ovn_revision_numbers_db [None req-606e43d8-c699-4cc4-b824-d32feb3342e7 - - - - - -] Successfully bumped revision number for resource dc485a6c-4798-479a-a2f4-e3a86e7fdb35 (type: ports) to 2
2026-05-09 18:03:39.281 10 INFO neutron.wsgi [req-c5c0b347-b39d-4b3d-bf9f-70fb5fc44829 req-72ca9b2c-e42f-4b52-940b-a53bed8e97eb 411558e7c5ad4a408c332c3ee3f01e64 7a33acea4aa64606bcc883bc881763da - - default default] 10.0.0.48 "GET /v2.0/ports?device_id=e5ba9fe7-604a-4762-bf3f-097be3969531 HTTP/1.1" status: 200 len: 210 time: 0.0232177
2026-05-09 18:03:39.326 9 INFO neutron.db.ovn_revision_numbers_db [None req-48cfc7ae-8bb6-45b9-8318-41f7d954a14e d00cc3ab3a484fe79bff78e836f15b19 1eb91f905ae040f1adf2e676920ce475 - - default default] Successfully bumped revision number for resource dc485a6c-4798-479a-a2f4-e3a86e7fdb35 (type: router_ports) to 1
2026-05-09 18:03:39.328 9 INFO neutron.wsgi [None req-48cfc7ae-8bb6-45b9-8318-41f7d954a14e d00cc3ab3a484fe79bff78e836f15b19 1eb91f905ae040f1adf2e676920ce475 - - default default] 10.0.0.132 "PUT /v2.0/routers/d6ba630a-fc20-449e-9d41-6e8761c21862/add_router_interface HTTP/1.1" status: 200 len: 503 time: 3.4908679
2026-05-09 18:03:39.368 9 INFO neutron.db.ovn_revision_numbers_db [None req-606e43d8-c699-4cc4-b824-d32feb3342e7 - - - - - -] Successfully bumped revision number for resource dc485a6c-4798-479a-a2f4-e3a86e7fdb35 (type: router_ports) to 2
2026-05-09 18:03:39.453 10 INFO neutron.db.ovn_revision_numbers_db [None req-1991a3df-4aa3-4c72-8500-ee4c17b105db 13132a96ba744fa3a372a1d58f4273fa 340d0421ffbc4ae88a3931357594d6e2 - - default default] Successfully bumped revision number for resource 95f37fb0-9d42-41ad-94cc-934a1e908188 (type: ports) to 2
2026-05-09 18:03:39.489 10 INFO neutron.db.ovn_revision_numbers_db [None req-1991a3df-4aa3-4c72-8500-ee4c17b105db 13132a96ba744fa3a372a1d58f4273fa 340d0421ffbc4ae88a3931357594d6e2 - - default default] Successfully bumped revision number for resource a1e95782-f27c-4f84-88ee-f2f29b3274ea (type: subnets) to 0
2026-05-09 18:03:39.507 10 INFO neutron.wsgi [None req-1991a3df-4aa3-4c72-8500-ee4c17b105db 13132a96ba744fa3a372a1d58f4273fa 340d0421ffbc4ae88a3931357594d6e2 - - default default] 10.0.0.132 "POST /v2.0/subnets HTTP/1.1" status: 201 len: 822 time: 0.8072917
2026-05-09 18:03:39.519 10 WARNING neutron.api.v2.base [None req-5b77bc72-b81f-47cd-aa35-bab656c01ff9 13132a96ba744fa3a372a1d58f4273fa 340d0421ffbc4ae88a3931357594d6e2 - - default default] An exception happened while processing the request body. The exception message is [Invalid input for target_tenant. Reason: '1234123412341234123412341234123412341234123412341234123412341234123412341234123412341234123412341234123412341234123412341234123412341234123412341234123412341234123412341234123412341234123412341234123412341234123412341234123412341234123412341234123412341234123412341234123412341234123412341234123412341234123412341234123412341234123412341234123412341234123412341234123412341234123412341234123412341234' exceeds maximum length of 255.].: webob.exc.HTTPBadRequest: Invalid input for target_tenant. Reason: '1234123412341234123412341234123412341234123412341234123412341234123412341234123412341234123412341234123412341234123412341234123412341234123412341234123412341234123412341234123412341234123412341234123412341234123412341234123412341234123412341234123412341234123412341234123412341234123412341234123412341234123412341234123412341234123412341234123412341234123412341234123412341234123412341234123412341234' exceeds maximum length of 255.
2026-05-09 18:03:39.520 10 INFO neutron.api.v2.resource [None req-5b77bc72-b81f-47cd-aa35-bab656c01ff9 13132a96ba744fa3a372a1d58f4273fa 340d0421ffbc4ae88a3931357594d6e2 - - default default] create failed (client error): Invalid input for target_tenant. Reason: '1234123412341234123412341234123412341234123412341234123412341234123412341234123412341234123412341234123412341234123412341234123412341234123412341234123412341234123412341234123412341234123412341234123412341234123412341234123412341234123412341234123412341234123412341234123412341234123412341234123412341234123412341234123412341234123412341234123412341234123412341234123412341234123412341234123412341234' exceeds maximum length of 255.
2026-05-09 18:03:39.521 10 INFO neutron.wsgi [None req-5b77bc72-b81f-47cd-aa35-bab656c01ff9 13132a96ba744fa3a372a1d58f4273fa 340d0421ffbc4ae88a3931357594d6e2 - - default default] 10.0.0.132 "POST /v2.0/rbac-policies HTTP/1.1" status: 400 len: 750 time: 0.0085554
2026-05-09 18:03:39.563 9 INFO neutron.db.ovn_revision_numbers_db [None req-8cee6a89-f08c-414c-8af5-2094b51281c1 322ee773807e42caac687894464fd838 b14ae6236a2147a585e2e968bcf6993b - - default default] Successfully bumped revision number for resource ae7b0d18-f426-4140-af5c-4cee79264e36 (type: router_ports) to 1
2026-05-09 18:03:39.666 9 INFO neutron.db.ovn_revision_numbers_db [None req-8cee6a89-f08c-414c-8af5-2094b51281c1 322ee773807e42caac687894464fd838 b14ae6236a2147a585e2e968bcf6993b - - default default] Successfully bumped revision number for resource ae7b0d18-f426-4140-af5c-4cee79264e36 (type: ports) to 1
2026-05-09 18:03:39.731 9 WARNING neutron.scheduler.dhcp_agent_scheduler [None req-8cee6a89-f08c-414c-8af5-2094b51281c1 322ee773807e42caac687894464fd838 b14ae6236a2147a585e2e968bcf6993b - - default default] No more DHCP agents
2026-05-09 18:03:39.732 9 WARNING neutron.api.rpc.agentnotifiers.dhcp_rpc_agent_api [None req-8cee6a89-f08c-414c-8af5-2094b51281c1 322ee773807e42caac687894464fd838 b14ae6236a2147a585e2e968bcf6993b - - default default] Unable to schedule network 11f181d7-e305-4e31-9610-4f5a46695ce2: no agents available; will retry on subsequent port and subnet creation events.
2026-05-09 18:03:39.938 9 INFO neutron.db.ovn_revision_numbers_db [None req-8cee6a89-f08c-414c-8af5-2094b51281c1 322ee773807e42caac687894464fd838 b14ae6236a2147a585e2e968bcf6993b - - default default] Successfully bumped revision number for resource ae7b0d18-f426-4140-af5c-4cee79264e36 (type: router_ports) to 1
2026-05-09 18:03:39.940 9 INFO neutron.wsgi [None req-8cee6a89-f08c-414c-8af5-2094b51281c1 322ee773807e42caac687894464fd838 b14ae6236a2147a585e2e968bcf6993b - - default default] 10.0.0.132 "PUT /v2.0/routers/e0d1f59c-1a17-44a0-882f-3f8469e20838/add_router_interface HTTP/1.1" status: 200 len: 503 time: 2.2270963
2026-05-09 18:03:40.040 9 INFO neutron.wsgi [req-1dd371f2-408c-495a-9143-7e838ade0ce1 req-b63563fb-1495-468b-9e11-2a0d648dc90a 411558e7c5ad4a408c332c3ee3f01e64 7a33acea4aa64606bcc883bc881763da - - default default] 199.204.45.227 "GET /v2.0/networks?id=b7c7d24f-0b4f-465c-adbe-8ab9777d9df7 HTTP/1.1" status: 200 len: 871 time: 0.0993025
2026-05-09 18:03:40.067 10 INFO neutron.wsgi [None req-058c1a51-4684-481f-bee2-3f00e3793964 322ee773807e42caac687894464fd838 b14ae6236a2147a585e2e968bcf6993b - - default default] 10.0.0.132 "GET /v2.0/ports/ae7b0d18-f426-4140-af5c-4cee79264e36 HTTP/1.1" status: 200 len: 1147 time: 0.1207886
2026-05-09 18:03:40.117 9 INFO neutron.wsgi [req-1dd371f2-408c-495a-9143-7e838ade0ce1 req-37edb9a2-ad4a-4ee2-baa0-60554ef6def2 411558e7c5ad4a408c332c3ee3f01e64 7a33acea4aa64606bcc883bc881763da - - default default] 199.204.45.227 "GET /v2.0/security-groups?fields=id&fields=name&tenant_id=7a33acea4aa64606bcc883bc881763da HTTP/1.1" status: 200 len: 473 time: 0.0723383
2026-05-09 18:03:40.123 9 INFO neutron.wsgi [None req-4e7848cb-a10f-48d8-ac7b-1f90efc18612 322ee773807e42caac687894464fd838 b14ae6236a2147a585e2e968bcf6993b - - default default] 10.0.0.132 "GET /v2.0/ports/ae7b0d18-f426-4140-af5c-4cee79264e36 HTTP/1.1" status: 200 len: 1147 time: 0.0513039
2026-05-09 18:03:40.136 10 INFO neutron.services.segments.plugin [-] Segment dbae7b2b-0c59-474b-84ee-1cc73047d7de resource provider aggregate not found
2026-05-09 18:03:40.141 10 INFO neutron.services.segments.plugin [-] Segment dbae7b2b-0c59-474b-84ee-1cc73047d7de resource provider aggregate not found
2026-05-09 18:03:40.157 10 INFO neutron.services.segments.plugin [-] Segment dbae7b2b-0c59-474b-84ee-1cc73047d7de resource provider not found; error: Placement Client Error (4xx): {"errors": [{"status": 404, "title": "Not Found", "detail": "The resource could not be found.\n\n No resource provider with uuid dbae7b2b-0c59-474b-84ee-1cc73047d7de found for delete ", "request_id": "req-73bcef92-2f4f-4ae0-8fb1-5e74896780b0"}]}
2026-05-09 18:03:40.160 10 INFO neutron.services.segments.plugin [-] Segment dbae7b2b-0c59-474b-84ee-1cc73047d7de resource provider not found; error: Placement Client Error (4xx): {"errors": [{"status": 404, "title": "Not Found", "detail": "The resource could not be found.\n\n No resource provider with uuid dbae7b2b-0c59-474b-84ee-1cc73047d7de found for delete ", "request_id": "req-6b61892a-f9e3-4f89-b7c8-6e84436758d9"}]}
2026-05-09 18:03:40.188 10 INFO neutron.wsgi [None req-c2cbe5c9-911a-45d8-9516-82a97c46c288 13132a96ba744fa3a372a1d58f4273fa 340d0421ffbc4ae88a3931357594d6e2 - - default default] 10.0.0.132 "DELETE /v2.0/networks/f818e362-9fcf-414b-ac05-5d7370517cdf HTTP/1.1" status: 204 len: 168 time: 0.6611776
2026-05-09 18:03:40.374 10 INFO neutron.wsgi [req-1d2c9cf9-7de2-4255-a9e3-14d4dc30b822 req-492c050d-da2d-4767-8f84-0a1599653d95 411558e7c5ad4a408c332c3ee3f01e64 7a33acea4aa64606bcc883bc881763da - - default default] 10.0.0.48 "GET /v2.0/ports?device_id=e5ba9fe7-604a-4762-bf3f-097be3969531 HTTP/1.1" status: 200 len: 210 time: 0.0242910
2026-05-09 18:03:40.539 9 INFO neutron.db.segments_db [None req-bc694d29-cfcc-4520-83e4-9674ad2556b3 13132a96ba744fa3a372a1d58f4273fa 340d0421ffbc4ae88a3931357594d6e2 - - default default] Added segment 23b877a3-95ce-474f-80cd-2d8d2ca4d95d of type geneve for network 865343d7-a872-4253-8804-92c75a57def5
2026-05-09 18:03:40.575 10 INFO neutron.wsgi [-] 10.0.0.127 "GET / HTTP/1.1" status: 200 len: 247 time: 0.0026872
2026-05-09 18:03:40.579 10 INFO neutron.wsgi [-] 10.0.0.127 "GET / HTTP/1.1" status: 200 len: 247 time: 0.0023348
2026-05-09 18:03:40.735 9 INFO neutron.db.ovn_revision_numbers_db [None req-bc694d29-cfcc-4520-83e4-9674ad2556b3 13132a96ba744fa3a372a1d58f4273fa 340d0421ffbc4ae88a3931357594d6e2 - - default default] Successfully bumped revision number for resource 865343d7-a872-4253-8804-92c75a57def5 (type: networks) to 1
2026-05-09 18:03:40.819 9 WARNING neutron.scheduler.dhcp_agent_scheduler [req-1dd371f2-408c-495a-9143-7e838ade0ce1 req-de9f13cf-2774-49ff-b525-c98ddd9ddedd 411558e7c5ad4a408c332c3ee3f01e64 7a33acea4aa64606bcc883bc881763da - - default default] No more DHCP agents
2026-05-09 18:03:40.824 9 WARNING neutron.api.rpc.agentnotifiers.dhcp_rpc_agent_api [req-1dd371f2-408c-495a-9143-7e838ade0ce1 req-de9f13cf-2774-49ff-b525-c98ddd9ddedd 411558e7c5ad4a408c332c3ee3f01e64 7a33acea4aa64606bcc883bc881763da - - default default] Unable to schedule network b7c7d24f-0b4f-465c-adbe-8ab9777d9df7: no agents available; will retry on subsequent port and subnet creation events.
2026-05-09 18:03:40.964 9 WARNING neutron.scheduler.dhcp_agent_scheduler [None req-bc694d29-cfcc-4520-83e4-9674ad2556b3 13132a96ba744fa3a372a1d58f4273fa 340d0421ffbc4ae88a3931357594d6e2 - - default default] No more DHCP agents
2026-05-09 18:03:40.968 9 WARNING neutron.api.rpc.agentnotifiers.dhcp_rpc_agent_api [None req-bc694d29-cfcc-4520-83e4-9674ad2556b3 13132a96ba744fa3a372a1d58f4273fa 340d0421ffbc4ae88a3931357594d6e2 - - default default] Unable to schedule network 865343d7-a872-4253-8804-92c75a57def5: no agents available; will retry on subsequent port and subnet creation events.
2026-05-09 18:03:41.078 9 INFO neutron.db.ovn_revision_numbers_db [req-1dd371f2-408c-495a-9143-7e838ade0ce1 req-de9f13cf-2774-49ff-b525-c98ddd9ddedd 411558e7c5ad4a408c332c3ee3f01e64 7a33acea4aa64606bcc883bc881763da - - default default] Successfully bumped revision number for resource cfe51823-4f66-4126-904c-3bf74fb29577 (type: ports) to 1
2026-05-09 18:03:41.097 9 INFO neutron.db.ovn_revision_numbers_db [None req-bc694d29-cfcc-4520-83e4-9674ad2556b3 13132a96ba744fa3a372a1d58f4273fa 340d0421ffbc4ae88a3931357594d6e2 - - default default] Successfully bumped revision number for resource 2c7f4741-06fe-4417-8f0c-11e37cc80c96 (type: ports) to 1
2026-05-09 18:03:41.101 9 INFO neutron.wsgi [req-1dd371f2-408c-495a-9143-7e838ade0ce1 req-de9f13cf-2774-49ff-b525-c98ddd9ddedd 411558e7c5ad4a408c332c3ee3f01e64 7a33acea4aa64606bcc883bc881763da - - default default] 199.204.45.227 "POST /v2.0/ports HTTP/1.1" status: 201 len: 1197 time: 0.9766796 /var/lib/openstack/lib/python3.10/site-packages/pycadf/identifier.py:71: UserWarning: Invalid uuid: neutron. To ensure interoperability, identifiers should be a valid uuid. warnings.warn(('Invalid uuid: %s. To ensure interoperability, '
2026-05-09 18:03:41.129 9 INFO neutron.wsgi [None req-bc694d29-cfcc-4520-83e4-9674ad2556b3 13132a96ba744fa3a372a1d58f4273fa 340d0421ffbc4ae88a3931357594d6e2 - - default default] 10.0.0.132 "POST /v2.0/networks HTTP/1.1" status: 201 len: 928 time: 0.9346108
2026-05-09 18:03:41.162 10 INFO neutron.wsgi [None req-5eb18ee1-cdbc-492e-892b-7eff2554a5e4 322ee773807e42caac687894464fd838 b14ae6236a2147a585e2e968bcf6993b - - default default] 10.0.0.132 "GET /v2.0/ports/ae7b0d18-f426-4140-af5c-4cee79264e36 HTTP/1.1" status: 200 len: 1147 time: 0.0347693
2026-05-09 18:03:41.315 10 WARNING neutron.scheduler.dhcp_agent_scheduler [None req-210142c8-1c5b-4741-a9c0-29ce90b3ab82 13132a96ba744fa3a372a1d58f4273fa 340d0421ffbc4ae88a3931357594d6e2 - - default default] No more DHCP agents
2026-05-09 18:03:41.318 10 WARNING neutron.api.rpc.agentnotifiers.dhcp_rpc_agent_api [None req-210142c8-1c5b-4741-a9c0-29ce90b3ab82 13132a96ba744fa3a372a1d58f4273fa 340d0421ffbc4ae88a3931357594d6e2 - - default default] Unable to schedule network 865343d7-a872-4253-8804-92c75a57def5: no agents available; will retry on subsequent port and subnet creation events.
2026-05-09 18:03:41.493 10 INFO neutron.wsgi [req-426b0ce2-7dfd-4511-be74-26ec6572160e req-d6173098-733a-4307-a912-3cbc7fd015c9 411558e7c5ad4a408c332c3ee3f01e64 7a33acea4aa64606bcc883bc881763da - - default default] 10.0.0.48 "GET /v2.0/ports?device_id=e5ba9fe7-604a-4762-bf3f-097be3969531 HTTP/1.1" status: 200 len: 1208 time: 0.0442100
2026-05-09 18:03:41.566 9 INFO neutron.db.ovn_revision_numbers_db [req-1dd371f2-408c-495a-9143-7e838ade0ce1 req-7e31de72-543c-442c-98c0-64332e2d80a8 3785aea7e1f640a7b2d99b26c57eedaa 0cae20e70bcd468f84bad8d4fc779003 - - 6450f0b6ed4541389d231ead7c59a18a 6450f0b6ed4541389d231ead7c59a18a] Successfully bumped revision number for resource cfe51823-4f66-4126-904c-3bf74fb29577 (type: ports) to 2
2026-05-09 18:03:41.760 9 INFO neutron.db.ovn_revision_numbers_db [req-1dd371f2-408c-495a-9143-7e838ade0ce1 req-7e31de72-543c-442c-98c0-64332e2d80a8 3785aea7e1f640a7b2d99b26c57eedaa 0cae20e70bcd468f84bad8d4fc779003 - - 6450f0b6ed4541389d231ead7c59a18a 6450f0b6ed4541389d231ead7c59a18a] Successfully bumped revision number for resource cfe51823-4f66-4126-904c-3bf74fb29577 (type: ports) to 2
2026-05-09 18:03:41.773 9 INFO neutron.wsgi [req-1dd371f2-408c-495a-9143-7e838ade0ce1 req-7e31de72-543c-442c-98c0-64332e2d80a8 3785aea7e1f640a7b2d99b26c57eedaa 0cae20e70bcd468f84bad8d4fc779003 - - 6450f0b6ed4541389d231ead7c59a18a 6450f0b6ed4541389d231ead7c59a18a] 199.204.45.227 "PUT /v2.0/ports/cfe51823-4f66-4126-904c-3bf74fb29577 HTTP/1.1" status: 200 len: 1415 time: 0.6634405 /var/lib/openstack/lib/python3.10/site-packages/pycadf/identifier.py:71: UserWarning: Invalid uuid: neutron. To ensure interoperability, identifiers should be a valid uuid. warnings.warn(('Invalid uuid: %s. To ensure interoperability, '
2026-05-09 18:03:41.829 10 INFO neutron.wsgi [req-426b0ce2-7dfd-4511-be74-26ec6572160e req-b2eb9655-0347-430a-bbbd-f203c3579999 411558e7c5ad4a408c332c3ee3f01e64 7a33acea4aa64606bcc883bc881763da - - default default] 10.0.0.48 "GET /v2.0/security-groups?id=7bc7494d-5f49-4b29-875c-ce913a28816e&id=d15def18-9574-4d56-9ce4-7e9aeb281914&fields=id&fields=name HTTP/1.1" status: 200 len: 406 time: 0.3285761
2026-05-09 18:03:41.848 9 INFO neutron.wsgi [req-1dd371f2-408c-495a-9143-7e838ade0ce1 req-0ce4d2e6-7cdb-4978-ae0d-1b1e33f06591 3785aea7e1f640a7b2d99b26c57eedaa 0cae20e70bcd468f84bad8d4fc779003 - - 6450f0b6ed4541389d231ead7c59a18a 6450f0b6ed4541389d231ead7c59a18a] 199.204.45.227 "GET /v2.0/ports?tenant_id=7a33acea4aa64606bcc883bc881763da&device_id=e5ba9fe7-604a-4762-bf3f-097be3969531 HTTP/1.1" status: 200 len: 1446 time: 0.0360794
2026-05-09 18:03:41.864 9 INFO neutron.notifiers.nova [-] Nova event matching ['req-e93bcc46-0465-4b43-b8b1-67137ee6df31'] response: {'name': 'network-changed', 'server_uuid': 'e5ba9fe7-604a-4762-bf3f-097be3969531', 'tag': 'cfe51823-4f66-4126-904c-3bf74fb29577', 'status': 'completed', 'code': 200}
2026-05-09 18:03:41.876 10 INFO neutron.wsgi [req-42701e0a-7c50-4895-9efb-543b3c467b6c req-de505814-5c6c-47d0-ae66-7c64cb3fe35d 6a27c89b13e4432d9fe58e6648451429 7d63f5294c954961a2dd8954618b80a6 - - default default] 10.0.0.48 "GET /v2.0/networks?id=e61f4b18-46e2-497e-a456-53c822d22f5b HTTP/1.1" status: 200 len: 871 time: 0.0913556
2026-05-09 18:03:41.881 9 INFO neutron.wsgi [req-1dd371f2-408c-495a-9143-7e838ade0ce1 req-b752e986-09ed-4556-98b8-7d9fbc0dcb55 3785aea7e1f640a7b2d99b26c57eedaa 0cae20e70bcd468f84bad8d4fc779003 - - 6450f0b6ed4541389d231ead7c59a18a 6450f0b6ed4541389d231ead7c59a18a] 199.204.45.227 "GET /v2.0/floatingips?fixed_ip_address=10.100.0.9&port_id=cfe51823-4f66-4126-904c-3bf74fb29577 HTTP/1.1" status: 200 len: 217 time: 0.0251193
2026-05-09 18:03:41.919 10 INFO neutron.wsgi [req-42701e0a-7c50-4895-9efb-543b3c467b6c req-b3847446-a5c0-4ad2-80dc-1c5967eef2d9 6a27c89b13e4432d9fe58e6648451429 7d63f5294c954961a2dd8954618b80a6 - - default default] 10.0.0.48 "GET /v2.0/quotas/7d63f5294c954961a2dd8954618b80a6 HTTP/1.1" status: 200 len: 386 time: 0.0352235
2026-05-09 18:03:41.920 9 INFO neutron.wsgi [req-1dd371f2-408c-495a-9143-7e838ade0ce1 req-a5a34ee6-82db-43e2-abfe-3b6786938d45 3785aea7e1f640a7b2d99b26c57eedaa 0cae20e70bcd468f84bad8d4fc779003 - - 6450f0b6ed4541389d231ead7c59a18a 6450f0b6ed4541389d231ead7c59a18a] 199.204.45.227 "GET /v2.0/subnets?id=b67f9f49-3d57-4971-976b-7220f648b9a1 HTTP/1.1" status: 200 len: 865 time: 0.0340436
2026-05-09 18:03:41.950 9 INFO neutron.wsgi [req-1dd371f2-408c-495a-9143-7e838ade0ce1 req-5faaa84f-69dc-406d-ac31-0c376075cb96 3785aea7e1f640a7b2d99b26c57eedaa 0cae20e70bcd468f84bad8d4fc779003 - - 6450f0b6ed4541389d231ead7c59a18a 6450f0b6ed4541389d231ead7c59a18a] 199.204.45.227 "GET /v2.0/ports?network_id=b7c7d24f-0b4f-465c-adbe-8ab9777d9df7&device_owner=network%3Adhcp HTTP/1.1" status: 200 len: 210 time: 0.0231137
2026-05-09 18:03:42.037 9 INFO neutron.wsgi [req-1dd371f2-408c-495a-9143-7e838ade0ce1 req-408d5229-c249-4f86-a027-3d57350d8420 3785aea7e1f640a7b2d99b26c57eedaa 0cae20e70bcd468f84bad8d4fc779003 - - 6450f0b6ed4541389d231ead7c59a18a 6450f0b6ed4541389d231ead7c59a18a] 199.204.45.227 "GET /v2.0/networks/b7c7d24f-0b4f-465c-adbe-8ab9777d9df7?fields=segments HTTP/1.1" status: 200 len: 212 time: 0.0788474
2026-05-09 18:03:42.048 10 INFO neutron.wsgi [req-42701e0a-7c50-4895-9efb-543b3c467b6c req-bc13b091-a930-43f2-b5f2-e3ce22f4d87e 6a27c89b13e4432d9fe58e6648451429 7d63f5294c954961a2dd8954618b80a6 - - default default] 10.0.0.48 "GET /v2.0/ports?tenant_id=7d63f5294c954961a2dd8954618b80a6&fields=id HTTP/1.1" status: 200 len: 302 time: 0.1209791
2026-05-09 18:03:42.105 9 INFO neutron.wsgi [req-1dd371f2-408c-495a-9143-7e838ade0ce1 req-475bdfd3-51b8-4ca2-b260-c220fc2a2cc1 3785aea7e1f640a7b2d99b26c57eedaa 0cae20e70bcd468f84bad8d4fc779003 - - 6450f0b6ed4541389d231ead7c59a18a 6450f0b6ed4541389d231ead7c59a18a] 199.204.45.227 "GET /v2.0/networks/b7c7d24f-0b4f-465c-adbe-8ab9777d9df7?fields=provider%3Aphysical_network&fields=provider%3Anetwork_type HTTP/1.1" status: 200 len: 277 time: 0.0606594
2026-05-09 18:03:42.130 10 INFO neutron.wsgi [req-42701e0a-7c50-4895-9efb-543b3c467b6c req-4f1509a4-d805-40a6-8f60-cd94ff99e5e3 3785aea7e1f640a7b2d99b26c57eedaa 0cae20e70bcd468f84bad8d4fc779003 - - 6450f0b6ed4541389d231ead7c59a18a 6450f0b6ed4541389d231ead7c59a18a] 10.0.0.48 "GET /v2.0/networks/e61f4b18-46e2-497e-a456-53c822d22f5b?fields=segments HTTP/1.1" status: 200 len: 212 time: 0.0724859
2026-05-09 18:03:42.211 9 INFO neutron.wsgi [req-d88f86ae-a169-487f-83d8-8cc816723bf4 req-dfe5da53-6790-40f4-9f31-89738184a391 3785aea7e1f640a7b2d99b26c57eedaa 0cae20e70bcd468f84bad8d4fc779003 - - 6450f0b6ed4541389d231ead7c59a18a 6450f0b6ed4541389d231ead7c59a18a] 199.204.45.227 "GET /v2.0/ports?tenant_id=7a33acea4aa64606bcc883bc881763da&device_id=e5ba9fe7-604a-4762-bf3f-097be3969531 HTTP/1.1" status: 200 len: 1446 time: 0.0548377
2026-05-09 18:03:42.218 10 INFO neutron.wsgi [req-42701e0a-7c50-4895-9efb-543b3c467b6c req-cf3b8787-82c7-42c8-b20b-89c9dfd16ca6 3785aea7e1f640a7b2d99b26c57eedaa 0cae20e70bcd468f84bad8d4fc779003 - - 6450f0b6ed4541389d231ead7c59a18a 6450f0b6ed4541389d231ead7c59a18a] 10.0.0.48 "GET /v2.0/networks/e61f4b18-46e2-497e-a456-53c822d22f5b?fields=provider%3Aphysical_network&fields=provider%3Anetwork_type HTTP/1.1" status: 200 len: 277 time: 0.0814683
2026-05-09 18:03:42.224 10 INFO neutron.db.ovn_revision_numbers_db [None req-210142c8-1c5b-4741-a9c0-29ce90b3ab82 13132a96ba744fa3a372a1d58f4273fa 340d0421ffbc4ae88a3931357594d6e2 - - default default] Successfully bumped revision number for resource 2c7f4741-06fe-4417-8f0c-11e37cc80c96 (type: ports) to 2
2026-05-09 18:03:42.258 10 INFO neutron.db.ovn_revision_numbers_db [None req-210142c8-1c5b-4741-a9c0-29ce90b3ab82 13132a96ba744fa3a372a1d58f4273fa 340d0421ffbc4ae88a3931357594d6e2 - - default default] Successfully bumped revision number for resource 78e10222-299c-4296-9023-79535fb23c30 (type: subnets) to 0
2026-05-09 18:03:42.271 10 INFO neutron.wsgi [None req-210142c8-1c5b-4741-a9c0-29ce90b3ab82 13132a96ba744fa3a372a1d58f4273fa 340d0421ffbc4ae88a3931357594d6e2 - - default default] 10.0.0.132 "POST /v2.0/subnets HTTP/1.1" status: 201 len: 822 time: 1.1362555
2026-05-09 18:03:42.305 9 INFO neutron.wsgi [None req-f2a2adf1-4122-44d8-8512-1ed42efd4dfe 322ee773807e42caac687894464fd838 b14ae6236a2147a585e2e968bcf6993b - - default default] 10.0.0.132 "GET /v2.0/ports/ae7b0d18-f426-4140-af5c-4cee79264e36 HTTP/1.1" status: 200 len: 1147 time: 0.1362236
2026-05-09 18:03:42.308 9 INFO neutron.wsgi [req-4b90ddf8-ee3c-4efc-8025-4e3da32f9822 req-6a763caa-f71e-4448-a8f6-4fb217844ae9 3785aea7e1f640a7b2d99b26c57eedaa 0cae20e70bcd468f84bad8d4fc779003 - - 6450f0b6ed4541389d231ead7c59a18a 6450f0b6ed4541389d231ead7c59a18a] 199.204.45.227 "GET /v2.0/ports?device_id=e5ba9fe7-604a-4762-bf3f-097be3969531 HTTP/1.1" status: 200 len: 1446 time: 0.0510375
2026-05-09 18:03:42.323 9 INFO neutron.wsgi [req-d88f86ae-a169-487f-83d8-8cc816723bf4 req-6660b133-414a-4e30-a4a5-7e8ed31fd561 3785aea7e1f640a7b2d99b26c57eedaa 0cae20e70bcd468f84bad8d4fc779003 - - 6450f0b6ed4541389d231ead7c59a18a 6450f0b6ed4541389d231ead7c59a18a] 199.204.45.227 "GET /v2.0/networks?id=b7c7d24f-0b4f-465c-adbe-8ab9777d9df7 HTTP/1.1" status: 200 len: 970 time: 0.0904076
2026-05-09 18:03:42.355 9 INFO neutron.wsgi [req-d88f86ae-a169-487f-83d8-8cc816723bf4 req-c2222ad4-4cb0-4e28-a1f5-fc6adaf2ea33 3785aea7e1f640a7b2d99b26c57eedaa 0cae20e70bcd468f84bad8d4fc779003 - - 6450f0b6ed4541389d231ead7c59a18a 6450f0b6ed4541389d231ead7c59a18a] 199.204.45.227 "GET /v2.0/floatingips?fixed_ip_address=10.100.0.9&port_id=cfe51823-4f66-4126-904c-3bf74fb29577 HTTP/1.1" status: 200 len: 217 time: 0.0247779
2026-05-09 18:03:42.364 9 INFO neutron.wsgi [req-4b90ddf8-ee3c-4efc-8025-4e3da32f9822 req-61929757-14d2-401b-892e-1025d74ace10 3785aea7e1f640a7b2d99b26c57eedaa 0cae20e70bcd468f84bad8d4fc779003 - - 6450f0b6ed4541389d231ead7c59a18a 6450f0b6ed4541389d231ead7c59a18a] 199.204.45.227 "GET /v2.0/security-groups?id=7bc7494d-5f49-4b29-875c-ce913a28816e&id=d15def18-9574-4d56-9ce4-7e9aeb281914&fields=id&fields=name HTTP/1.1" status: 200 len: 406 time: 0.0496123
2026-05-09 18:03:42.366 10 INFO neutron.wsgi [req-d3c17bc7-f032-4e84-adc4-60b4436a807c req-6ce3acf1-7d87-4d10-9450-558396276339 6a27c89b13e4432d9fe58e6648451429 7d63f5294c954961a2dd8954618b80a6 - - default default] 10.0.0.48 "GET /v2.0/ports?device_id=33f478e7-ec08-47ce-87c1-c3fea199d7a8 HTTP/1.1" status: 200 len: 210 time: 0.0260324
2026-05-09 18:03:42.393 9 INFO neutron.wsgi [req-d88f86ae-a169-487f-83d8-8cc816723bf4 req-685513c6-e584-4322-a633-53d9089ae050 3785aea7e1f640a7b2d99b26c57eedaa 0cae20e70bcd468f84bad8d4fc779003 - - 6450f0b6ed4541389d231ead7c59a18a 6450f0b6ed4541389d231ead7c59a18a] 199.204.45.227 "GET /v2.0/subnets?id=b67f9f49-3d57-4971-976b-7220f648b9a1 HTTP/1.1" status: 200 len: 865 time: 0.0281391
2026-05-09 18:03:42.431 9 INFO neutron.wsgi [req-d88f86ae-a169-487f-83d8-8cc816723bf4 req-98286184-eb77-4b47-bec8-76f38d81a11f 3785aea7e1f640a7b2d99b26c57eedaa 0cae20e70bcd468f84bad8d4fc779003 - - 6450f0b6ed4541389d231ead7c59a18a 6450f0b6ed4541389d231ead7c59a18a] 199.204.45.227 "GET /v2.0/ports?network_id=b7c7d24f-0b4f-465c-adbe-8ab9777d9df7&device_owner=network%3Adhcp HTTP/1.1" status: 200 len: 210 time: 0.0221789
2026-05-09 18:03:42.509 9 INFO neutron.wsgi [req-d88f86ae-a169-487f-83d8-8cc816723bf4 req-5068938c-6329-4b0d-a596-b00f3663bc83 3785aea7e1f640a7b2d99b26c57eedaa 0cae20e70bcd468f84bad8d4fc779003 - - 6450f0b6ed4541389d231ead7c59a18a 6450f0b6ed4541389d231ead7c59a18a] 199.204.45.227 "GET /v2.0/networks/b7c7d24f-0b4f-465c-adbe-8ab9777d9df7?fields=segments HTTP/1.1" status: 200 len: 212 time: 0.0732801
2026-05-09 18:03:42.594 9 INFO neutron.wsgi [req-d88f86ae-a169-487f-83d8-8cc816723bf4 req-4b59a8ac-b97b-46f3-94a7-1b6349f1ce47 3785aea7e1f640a7b2d99b26c57eedaa 0cae20e70bcd468f84bad8d4fc779003 - - 6450f0b6ed4541389d231ead7c59a18a 6450f0b6ed4541389d231ead7c59a18a] 199.204.45.227 "GET /v2.0/networks/b7c7d24f-0b4f-465c-adbe-8ab9777d9df7?fields=provider%3Aphysical_network&fields=provider%3Anetwork_type HTTP/1.1" status: 200 len: 277 time: 0.0762146
2026-05-09 18:03:42.619 10 INFO neutron.wsgi [None req-302dadd0-7d10-49f7-915d-18bf87a2bf5d 13132a96ba744fa3a372a1d58f4273fa 340d0421ffbc4ae88a3931357594d6e2 - - default default] 10.0.0.132 "POST /v2.0/rbac-policies HTTP/1.1" status: 201 len: 523 time: 0.3398747
2026-05-09 18:03:42.936 10 INFO neutron.wsgi [req-68164aa4-49a4-4bdc-9996-7994a5188599 req-8e8d244c-08cc-4ab7-89e5-76d48707d655 411558e7c5ad4a408c332c3ee3f01e64 7a33acea4aa64606bcc883bc881763da - - default default] 10.0.0.48 "GET /v2.0/ports?device_id=e5ba9fe7-604a-4762-bf3f-097be3969531 HTTP/1.1" status: 200 len: 1208 time: 0.0395267
2026-05-09 18:03:43.000 10 INFO neutron.wsgi [req-68164aa4-49a4-4bdc-9996-7994a5188599 req-227ce76a-e2f7-47b0-a638-f4c207905b86 411558e7c5ad4a408c332c3ee3f01e64 7a33acea4aa64606bcc883bc881763da - - default default] 10.0.0.48 "GET /v2.0/security-groups?id=7bc7494d-5f49-4b29-875c-ce913a28816e&id=d15def18-9574-4d56-9ce4-7e9aeb281914&fields=id&fields=name HTTP/1.1" status: 200 len: 406 time: 0.0566089
2026-05-09 18:03:43.114 9 INFO neutron.wsgi [None req-b399f3a8-cc01-4e36-ba33-69254b91cc55 32e6591d7a3748b08ea09b3ac1ae0218 0cb78c8122ff4dd585fd3e12ff23e155 - - default default] 10.0.0.132 "GET /v2.0/networks/865343d7-a872-4253-8804-92c75a57def5 HTTP/1.1" status: 200 len: 848 time: 0.1300604
2026-05-09 18:03:43.218 9 INFO neutron.wsgi [req-42701e0a-7c50-4895-9efb-543b3c467b6c req-0a696289-0733-4b6e-8fb6-8e4e76826366 6a27c89b13e4432d9fe58e6648451429 7d63f5294c954961a2dd8954618b80a6 - - default default] 199.204.45.227 "GET /v2.0/networks?id=e61f4b18-46e2-497e-a456-53c822d22f5b HTTP/1.1" status: 200 len: 871 time: 0.1037188
2026-05-09 18:03:43.346 10 INFO neutron.wsgi [None req-90567e6f-d883-46ea-8ad7-5781f57fe49b 322ee773807e42caac687894464fd838 b14ae6236a2147a585e2e968bcf6993b - - default default] 10.0.0.132 "GET /v2.0/ports/ae7b0d18-f426-4140-af5c-4cee79264e36 HTTP/1.1" status: 200 len: 1147 time: 0.0353370
2026-05-09 18:03:43.467 10 INFO neutron.wsgi [req-0e0a840e-152c-41a4-b6cb-ae6136d22f00 req-e3ce36a5-df3a-4c66-8a42-6d826f97d936 6a27c89b13e4432d9fe58e6648451429 7d63f5294c954961a2dd8954618b80a6 - - default default] 10.0.0.48 "GET /v2.0/ports?device_id=33f478e7-ec08-47ce-87c1-c3fea199d7a8 HTTP/1.1" status: 200 len: 210 time: 0.0229530
2026-05-09 18:03:43.555 9 WARNING neutron.scheduler.dhcp_agent_scheduler [req-42701e0a-7c50-4895-9efb-543b3c467b6c req-f0675f32-c913-4fe8-9f86-4b536f3f9a51 6a27c89b13e4432d9fe58e6648451429 7d63f5294c954961a2dd8954618b80a6 - - default default] No more DHCP agents
2026-05-09 18:03:43.557 9 WARNING neutron.api.rpc.agentnotifiers.dhcp_rpc_agent_api [req-42701e0a-7c50-4895-9efb-543b3c467b6c req-f0675f32-c913-4fe8-9f86-4b536f3f9a51 6a27c89b13e4432d9fe58e6648451429 7d63f5294c954961a2dd8954618b80a6 - - default default] Unable to schedule network e61f4b18-46e2-497e-a456-53c822d22f5b: no agents available; will retry on subsequent port and subnet creation events.
2026-05-09 18:03:43.557 10 INFO neutron.pecan_wsgi.hooks.translation [None req-0f4f257f-ae35-449c-8613-e80228a46ae2 717b354037114acfbb270d0022ca728f 4bf400252ca04744908d6b3540904742 - - default default] GET failed (client error): The resource could not be found.
2026-05-09 18:03:43.559 10 INFO neutron.wsgi [None req-0f4f257f-ae35-449c-8613-e80228a46ae2 717b354037114acfbb270d0022ca728f 4bf400252ca04744908d6b3540904742 - - default default] 10.0.0.132 "GET /v2.0/networks/865343d7-a872-4253-8804-92c75a57def5 HTTP/1.1" status: 404 len: 339 time: 0.0602922
2026-05-09 18:03:43.727 9 INFO neutron.db.ovn_revision_numbers_db [req-42701e0a-7c50-4895-9efb-543b3c467b6c req-f0675f32-c913-4fe8-9f86-4b536f3f9a51 6a27c89b13e4432d9fe58e6648451429 7d63f5294c954961a2dd8954618b80a6 - - default default] Successfully bumped revision number for resource f99ece4b-b086-4b62-b376-ab931416de96 (type: ports) to 1
2026-05-09 18:03:43.748 9 INFO neutron.wsgi [req-42701e0a-7c50-4895-9efb-543b3c467b6c req-f0675f32-c913-4fe8-9f86-4b536f3f9a51 6a27c89b13e4432d9fe58e6648451429 7d63f5294c954961a2dd8954618b80a6 - - default default] 199.204.45.227 "POST /v2.0/ports HTTP/1.1" status: 201 len: 1158 time: 0.5217655 /var/lib/openstack/lib/python3.10/site-packages/pycadf/identifier.py:71: UserWarning: Invalid uuid: neutron. To ensure interoperability, identifiers should be a valid uuid. warnings.warn(('Invalid uuid: %s. To ensure interoperability, '
2026-05-09 18:03:44.143 10 INFO neutron.services.segments.plugin [-] Segment 23b877a3-95ce-474f-80cd-2d8d2ca4d95d resource provider aggregate not found
2026-05-09 18:03:44.164 10 INFO neutron.services.segments.plugin [-] Segment 23b877a3-95ce-474f-80cd-2d8d2ca4d95d resource provider aggregate not found
2026-05-09 18:03:44.191 10 INFO neutron.services.segments.plugin [-] Segment 23b877a3-95ce-474f-80cd-2d8d2ca4d95d resource provider not found; error: Placement Client Error (4xx): {"errors": [{"status": 404, "title": "Not Found", "detail": "The resource could not be found.\n\n No resource provider with uuid 23b877a3-95ce-474f-80cd-2d8d2ca4d95d found for delete ", "request_id": "req-77144e5f-1fe8-4966-a373-2b09906dad10"}]}
2026-05-09 18:03:44.194 10 INFO neutron.services.segments.plugin [-] Segment 23b877a3-95ce-474f-80cd-2d8d2ca4d95d resource provider not found; error: Placement Client Error (4xx): {"errors": [{"status": 404, "title": "Not Found", "detail": "The resource could not be found.\n\n No resource provider with uuid 23b877a3-95ce-474f-80cd-2d8d2ca4d95d found for delete ", "request_id": "req-85180668-329d-45b3-8c41-4a36d139c196"}]}
2026-05-09 18:03:44.205 9 INFO neutron.db.ovn_revision_numbers_db [req-42701e0a-7c50-4895-9efb-543b3c467b6c req-f92cebf1-8f0a-4180-a4d4-77781e0ca474 3785aea7e1f640a7b2d99b26c57eedaa 0cae20e70bcd468f84bad8d4fc779003 - - 6450f0b6ed4541389d231ead7c59a18a 6450f0b6ed4541389d231ead7c59a18a] Successfully bumped revision number for resource f99ece4b-b086-4b62-b376-ab931416de96 (type: ports) to 2
2026-05-09 18:03:44.238 10 INFO neutron.wsgi [req-acc2707c-b2bb-4b0a-a3d9-cde5c72d5d06 req-d836a9d2-2903-4602-b2e7-97628d4fc4bc 411558e7c5ad4a408c332c3ee3f01e64 7a33acea4aa64606bcc883bc881763da - - default default] 10.0.0.48 "GET /v2.0/ports?device_id=e5ba9fe7-604a-4762-bf3f-097be3969531 HTTP/1.1" status: 200 len: 1208 time: 0.1792922
2026-05-09 18:03:44.241 10 WARNING neutron.plugins.ml2.drivers.ovn.mech_driver.ovsdb.ovn_client [None req-3a66b626-de94-4ee7-9057-743e014c3839 - - - - - -] No hosting information found for port c4cfba88-ef4c-4129-b232-c6b60789e209: RuntimeError: No hosting information found for port c4cfba88-ef4c-4129-b232-c6b60789e209
2026-05-09 18:03:44.241 10 INFO neutron.plugins.ml2.drivers.ovn.mech_driver.mech_driver [None req-3a66b626-de94-4ee7-9057-743e014c3839 - - - - - -] OVN reports status up for port: ae7b0d18-f426-4140-af5c-4cee79264e36
2026-05-09 18:03:44.244 10 INFO neutron.wsgi [None req-ac6548ae-8c82-4065-876a-676746499ed9 13132a96ba744fa3a372a1d58f4273fa 340d0421ffbc4ae88a3931357594d6e2 - - default default] 10.0.0.132 "DELETE /v2.0/networks/865343d7-a872-4253-8804-92c75a57def5 HTTP/1.1" status: 204 len: 168 time: 0.6791563 /var/lib/openstack/lib/python3.10/site-packages/pycadf/identifier.py:71: UserWarning: Invalid uuid: neutron. To ensure interoperability, identifiers should be a valid uuid. warnings.warn(('Invalid uuid: %s. To ensure interoperability, '
2026-05-09 18:03:44.262 10 INFO neutron.plugins.ml2.plugin [None req-3a66b626-de94-4ee7-9057-743e014c3839 - - - - - -] Attempt 1 to provision port ae7b0d18-f426-4140-af5c-4cee79264e36
2026-05-09 18:03:44.275 9 INFO neutron.pecan_wsgi.hooks.translation [None req-d48345ee-cfd7-4da7-9753-b2acc9cce2c6 13132a96ba744fa3a372a1d58f4273fa 340d0421ffbc4ae88a3931357594d6e2 - - default default] DELETE failed (client error): The resource could not be found.
2026-05-09 18:03:44.280 9 INFO neutron.wsgi [None req-d48345ee-cfd7-4da7-9753-b2acc9cce2c6 13132a96ba744fa3a372a1d58f4273fa 340d0421ffbc4ae88a3931357594d6e2 - - default default] 10.0.0.132 "DELETE /v2.0/subnets/f2abcd99-e5ca-4f7a-9d52-98ba93113bbf HTTP/1.1" status: 404 len: 337 time: 0.0307195
2026-05-09 18:03:44.307 10 INFO neutron.wsgi [req-acc2707c-b2bb-4b0a-a3d9-cde5c72d5d06 req-ef2d2e77-a805-46d2-aedb-42c71fd76cf2 411558e7c5ad4a408c332c3ee3f01e64 7a33acea4aa64606bcc883bc881763da - - default default] 10.0.0.48 "GET /v2.0/security-groups?id=7bc7494d-5f49-4b29-875c-ce913a28816e&id=d15def18-9574-4d56-9ce4-7e9aeb281914&fields=id&fields=name HTTP/1.1" status: 200 len: 406 time: 0.0582592
2026-05-09 18:03:44.316 9 INFO neutron.pecan_wsgi.hooks.translation [None req-3d75a20e-cbf1-4d54-9499-268a179c6357 13132a96ba744fa3a372a1d58f4273fa 340d0421ffbc4ae88a3931357594d6e2 - - default default] DELETE failed (client error): The resource could not be found.
2026-05-09 18:03:44.320 9 INFO neutron.wsgi [None req-3d75a20e-cbf1-4d54-9499-268a179c6357 13132a96ba744fa3a372a1d58f4273fa 340d0421ffbc4ae88a3931357594d6e2 - - default default] 10.0.0.132 "DELETE /v2.0/subnets/a1e95782-f27c-4f84-88ee-f2f29b3274ea HTTP/1.1" status: 404 len: 337 time: 0.0336497
2026-05-09 18:03:44.344 9 INFO neutron.pecan_wsgi.hooks.translation [None req-4fd9ec7e-4c9c-4062-b0a7-e3ecae5618be 13132a96ba744fa3a372a1d58f4273fa 340d0421ffbc4ae88a3931357594d6e2 - - default default] DELETE failed (client error): The resource could not be found.
2026-05-09 18:03:44.347 9 INFO neutron.wsgi [None req-4fd9ec7e-4c9c-4062-b0a7-e3ecae5618be 13132a96ba744fa3a372a1d58f4273fa 340d0421ffbc4ae88a3931357594d6e2 - - default default] 10.0.0.132 "DELETE /v2.0/subnets/78e10222-299c-4296-9023-79535fb23c30 HTTP/1.1" status: 404 len: 337 time: 0.0201786
2026-05-09 18:03:44.416 9 INFO neutron.wsgi [None req-fe4160eb-cbd0-4671-9ce7-0838b6235fea 322ee773807e42caac687894464fd838 b14ae6236a2147a585e2e968bcf6993b - - default default] 10.0.0.132 "GET /v2.0/ports/ae7b0d18-f426-4140-af5c-4cee79264e36 HTTP/1.1" status: 200 len: 1149 time: 0.0625250
2026-05-09 18:03:44.528 9 INFO neutron.db.ovn_revision_numbers_db [req-42701e0a-7c50-4895-9efb-543b3c467b6c req-f92cebf1-8f0a-4180-a4d4-77781e0ca474 3785aea7e1f640a7b2d99b26c57eedaa 0cae20e70bcd468f84bad8d4fc779003 - - 6450f0b6ed4541389d231ead7c59a18a 6450f0b6ed4541389d231ead7c59a18a] Successfully bumped revision number for resource f99ece4b-b086-4b62-b376-ab931416de96 (type: ports) to 2
2026-05-09 18:03:44.546 9 INFO neutron.wsgi [req-42701e0a-7c50-4895-9efb-543b3c467b6c req-f92cebf1-8f0a-4180-a4d4-77781e0ca474 3785aea7e1f640a7b2d99b26c57eedaa 0cae20e70bcd468f84bad8d4fc779003 - - 6450f0b6ed4541389d231ead7c59a18a 6450f0b6ed4541389d231ead7c59a18a] 199.204.45.227 "PUT /v2.0/ports/f99ece4b-b086-4b62-b376-ab931416de96 HTTP/1.1" status: 200 len: 1376 time: 0.7890766
2026-05-09 18:03:44.595 10 INFO neutron.wsgi [req-bfdf9072-41ce-4b47-ae13-95a064e391e8 req-ee998535-3a04-44b1-836f-aa36c693375e 6a27c89b13e4432d9fe58e6648451429 7d63f5294c954961a2dd8954618b80a6 - - default default] 10.0.0.48 "GET /v2.0/ports?device_id=33f478e7-ec08-47ce-87c1-c3fea199d7a8 HTTP/1.1" status: 200 len: 1168 time: 0.0585377
2026-05-09 18:03:44.598 9 INFO neutron.notifiers.nova [-] Nova event matching ['req-5a39b5e0-5713-4267-9b67-62dbd3c8b7e4'] response: {'name': 'network-changed', 'server_uuid': '33f478e7-ec08-47ce-87c1-c3fea199d7a8', 'tag': 'f99ece4b-b086-4b62-b376-ab931416de96', 'status': 'completed', 'code': 200}
2026-05-09 18:03:44.605 10 INFO neutron.db.ovn_revision_numbers_db [None req-3a66b626-de94-4ee7-9057-743e014c3839 - - - - - -] Successfully bumped revision number for resource ae7b0d18-f426-4140-af5c-4cee79264e36 (type: ports) to 2 /var/lib/openstack/lib/python3.10/site-packages/pycadf/identifier.py:71: UserWarning: Invalid uuid: neutron. To ensure interoperability, identifiers should be a valid uuid. warnings.warn(('Invalid uuid: %s. To ensure interoperability, '
2026-05-09 18:03:44.622 9 WARNING neutron.plugins.ml2.drivers.ovn.mech_driver.ovsdb.ovn_client [None req-606e43d8-c699-4cc4-b824-d32feb3342e7 - - - - - -] No hosting information found for port dc485a6c-4798-479a-a2f4-e3a86e7fdb35: RuntimeError: No hosting information found for port dc485a6c-4798-479a-a2f4-e3a86e7fdb35
2026-05-09 18:03:44.622 9 INFO neutron.plugins.ml2.drivers.ovn.mech_driver.mech_driver [None req-606e43d8-c699-4cc4-b824-d32feb3342e7 - - - - - -] OVN reports status up for port: cfe51823-4f66-4126-904c-3bf74fb29577
2026-05-09 18:03:44.635 9 INFO neutron.wsgi [req-42701e0a-7c50-4895-9efb-543b3c467b6c req-3741a946-ada4-42a8-8acf-52a32b72b02e 3785aea7e1f640a7b2d99b26c57eedaa 0cae20e70bcd468f84bad8d4fc779003 - - 6450f0b6ed4541389d231ead7c59a18a 6450f0b6ed4541389d231ead7c59a18a] 199.204.45.227 "GET /v2.0/ports?tenant_id=7d63f5294c954961a2dd8954618b80a6&device_id=33f478e7-ec08-47ce-87c1-c3fea199d7a8 HTTP/1.1" status: 200 len: 1407 time: 0.0358694
2026-05-09 18:03:44.640 9 INFO neutron.plugins.ml2.plugin [None req-606e43d8-c699-4cc4-b824-d32feb3342e7 - - - - - -] Attempt 1 to provision port cfe51823-4f66-4126-904c-3bf74fb29577
2026-05-09 18:03:44.665 9 INFO neutron.wsgi [req-42701e0a-7c50-4895-9efb-543b3c467b6c req-cdb2376f-6dd1-4b1e-9c0d-077f67ab80d3 3785aea7e1f640a7b2d99b26c57eedaa 0cae20e70bcd468f84bad8d4fc779003 - - 6450f0b6ed4541389d231ead7c59a18a 6450f0b6ed4541389d231ead7c59a18a] 199.204.45.227 "GET /v2.0/floatingips?fixed_ip_address=10.100.0.7&port_id=f99ece4b-b086-4b62-b376-ab931416de96 HTTP/1.1" status: 200 len: 217 time: 0.0231736
2026-05-09 18:03:44.691 10 INFO neutron.wsgi [req-bfdf9072-41ce-4b47-ae13-95a064e391e8 req-23cec6ae-09aa-4e40-8d37-52bb12b601e6 6a27c89b13e4432d9fe58e6648451429 7d63f5294c954961a2dd8954618b80a6 - - default default] 10.0.0.48 "GET /v2.0/security-groups?id=b938796d-ab10-438e-876c-af0e64eb2ecd&fields=id&fields=name HTTP/1.1" status: 200 len: 286 time: 0.0820129
2026-05-09 18:03:44.699 9 INFO neutron.wsgi [req-42701e0a-7c50-4895-9efb-543b3c467b6c req-61445439-cef6-42bd-abdd-b6dd62359d5e 3785aea7e1f640a7b2d99b26c57eedaa 0cae20e70bcd468f84bad8d4fc779003 - - 6450f0b6ed4541389d231ead7c59a18a 6450f0b6ed4541389d231ead7c59a18a] 199.204.45.227 "GET /v2.0/subnets?id=c7776d47-6a45-4bdf-b6be-40da5cb161df HTTP/1.1" status: 200 len: 865 time: 0.0277255
2026-05-09 18:03:44.726 9 INFO neutron.wsgi [req-42701e0a-7c50-4895-9efb-543b3c467b6c req-410ea0e6-157c-4ae6-97b6-2fb0211030b7 3785aea7e1f640a7b2d99b26c57eedaa 0cae20e70bcd468f84bad8d4fc779003 - - 6450f0b6ed4541389d231ead7c59a18a 6450f0b6ed4541389d231ead7c59a18a] 199.204.45.227 "GET /v2.0/ports?network_id=e61f4b18-46e2-497e-a456-53c822d22f5b&device_owner=network%3Adhcp HTTP/1.1" status: 200 len: 210 time: 0.0201526
2026-05-09 18:03:44.785 10 INFO neutron.db.ovn_revision_numbers_db [None req-3a66b626-de94-4ee7-9057-743e014c3839 - - - - - -] Successfully bumped revision number for resource ae7b0d18-f426-4140-af5c-4cee79264e36 (type: router_ports) to 2
2026-05-09 18:03:44.806 9 INFO neutron.wsgi [req-42701e0a-7c50-4895-9efb-543b3c467b6c req-6be1c7f9-179a-4661-97cd-b2fe1d5e3748 3785aea7e1f640a7b2d99b26c57eedaa 0cae20e70bcd468f84bad8d4fc779003 - - 6450f0b6ed4541389d231ead7c59a18a 6450f0b6ed4541389d231ead7c59a18a] 199.204.45.227 "GET /v2.0/networks/e61f4b18-46e2-497e-a456-53c822d22f5b?fields=segments HTTP/1.1" status: 200 len: 212 time: 0.0718980
2026-05-09 18:03:44.911 9 INFO neutron.wsgi [req-42701e0a-7c50-4895-9efb-543b3c467b6c req-da860c7f-cfa0-463d-b283-37f255b66dd3 3785aea7e1f640a7b2d99b26c57eedaa 0cae20e70bcd468f84bad8d4fc779003 - - 6450f0b6ed4541389d231ead7c59a18a 6450f0b6ed4541389d231ead7c59a18a] 199.204.45.227 "GET /v2.0/networks/e61f4b18-46e2-497e-a456-53c822d22f5b?fields=provider%3Aphysical_network&fields=provider%3Anetwork_type HTTP/1.1" status: 200 len: 277 time: 0.0970535
2026-05-09 18:03:44.967 9 INFO neutron.db.ovn_revision_numbers_db [None req-606e43d8-c699-4cc4-b824-d32feb3342e7 - - - - - -] Successfully bumped revision number for resource cfe51823-4f66-4126-904c-3bf74fb29577 (type: ports) to 4
2026-05-09 18:03:45.015 9 INFO neutron.wsgi [req-4313afe7-4eed-4146-af38-be3887d44035 req-bd9560dc-712a-450d-b4ad-a3011b3d8a64 3785aea7e1f640a7b2d99b26c57eedaa 0cae20e70bcd468f84bad8d4fc779003 - - 6450f0b6ed4541389d231ead7c59a18a 6450f0b6ed4541389d231ead7c59a18a] 199.204.45.227 "GET /v2.0/ports?tenant_id=7d63f5294c954961a2dd8954618b80a6&device_id=33f478e7-ec08-47ce-87c1-c3fea199d7a8 HTTP/1.1" status: 200 len: 1407 time: 0.0585268
2026-05-09 18:03:45.094 9 INFO neutron.wsgi [req-4313afe7-4eed-4146-af38-be3887d44035 req-31dfacca-461b-4119-b203-5f83648bf1c0 3785aea7e1f640a7b2d99b26c57eedaa 0cae20e70bcd468f84bad8d4fc779003 - - 6450f0b6ed4541389d231ead7c59a18a 6450f0b6ed4541389d231ead7c59a18a] 199.204.45.227 "GET /v2.0/networks?id=e61f4b18-46e2-497e-a456-53c822d22f5b HTTP/1.1" status: 200 len: 970 time: 0.0708404 /var/lib/openstack/lib/python3.10/site-packages/pycadf/identifier.py:71: UserWarning: Invalid uuid: neutron. To ensure interoperability, identifiers should be a valid uuid. warnings.warn(('Invalid uuid: %s. To ensure interoperability, '
2026-05-09 18:03:45.149 9 INFO neutron.plugins.ml2.drivers.ovn.mech_driver.mech_driver [None req-606e43d8-c699-4cc4-b824-d32feb3342e7 - - - - - -] OVN reports status up for port: f99ece4b-b086-4b62-b376-ab931416de96
2026-05-09 18:03:45.152 9 INFO neutron.wsgi [req-4313afe7-4eed-4146-af38-be3887d44035 req-5f6ce229-bc02-48fa-899e-00cb2990b46c 3785aea7e1f640a7b2d99b26c57eedaa 0cae20e70bcd468f84bad8d4fc779003 - - 6450f0b6ed4541389d231ead7c59a18a 6450f0b6ed4541389d231ead7c59a18a] 199.204.45.227 "GET /v2.0/floatingips?fixed_ip_address=10.100.0.7&port_id=f99ece4b-b086-4b62-b376-ab931416de96 HTTP/1.1" status: 200 len: 217 time: 0.0433838
2026-05-09 18:03:45.166 10 INFO neutron.wsgi [None req-1955fe10-47bf-43d5-8931-41020349b21a 322ee773807e42caac687894464fd838 b14ae6236a2147a585e2e968bcf6993b - - default default] 10.0.0.132 "PUT /v2.0/routers/e0d1f59c-1a17-44a0-882f-3f8469e20838/remove_router_interface HTTP/1.1" status: 200 len: 503 time: 0.7445588
2026-05-09 18:03:45.167 9 INFO neutron.plugins.ml2.plugin [None req-606e43d8-c699-4cc4-b824-d32feb3342e7 - - - - - -] Attempt 1 to provision port f99ece4b-b086-4b62-b376-ab931416de96 /var/lib/openstack/lib/python3.10/site-packages/pycadf/identifier.py:71: UserWarning: Invalid uuid: neutron. To ensure interoperability, identifiers should be a valid uuid. warnings.warn(('Invalid uuid: %s. To ensure interoperability, '
2026-05-09 18:03:45.205 9 INFO neutron.wsgi [req-4313afe7-4eed-4146-af38-be3887d44035 req-20cd9acf-619f-4cdc-95e1-ab8f37790de7 3785aea7e1f640a7b2d99b26c57eedaa 0cae20e70bcd468f84bad8d4fc779003 - - 6450f0b6ed4541389d231ead7c59a18a 6450f0b6ed4541389d231ead7c59a18a] 199.204.45.227 "GET /v2.0/subnets?id=c7776d47-6a45-4bdf-b6be-40da5cb161df HTTP/1.1" status: 200 len: 865 time: 0.0470583
2026-05-09 18:03:45.242 9 INFO neutron.wsgi [req-4313afe7-4eed-4146-af38-be3887d44035 req-6938396e-e957-4d05-b04c-a038a6fb2f03 3785aea7e1f640a7b2d99b26c57eedaa 0cae20e70bcd468f84bad8d4fc779003 - - 6450f0b6ed4541389d231ead7c59a18a 6450f0b6ed4541389d231ead7c59a18a] 199.204.45.227 "GET /v2.0/ports?network_id=e61f4b18-46e2-497e-a456-53c822d22f5b&device_owner=network%3Adhcp HTTP/1.1" status: 200 len: 210 time: 0.0193460
2026-05-09 18:03:45.314 10 INFO neutron.wsgi [None req-ec21a34d-ef4e-4512-a0e0-a7a93d2c21fb 322ee773807e42caac687894464fd838 b14ae6236a2147a585e2e968bcf6993b - - default default] 10.0.0.132 "GET /v2.0/ports/c4cfba88-ef4c-4129-b232-c6b60789e209 HTTP/1.1" status: 200 len: 1141 time: 0.1429143
2026-05-09 18:03:45.315 9 INFO neutron.wsgi [req-4313afe7-4eed-4146-af38-be3887d44035 req-8b01faa8-759d-4e3b-99e8-5bfa58253a96 3785aea7e1f640a7b2d99b26c57eedaa 0cae20e70bcd468f84bad8d4fc779003 - - 6450f0b6ed4541389d231ead7c59a18a 6450f0b6ed4541389d231ead7c59a18a] 199.204.45.227 "GET /v2.0/networks/e61f4b18-46e2-497e-a456-53c822d22f5b?fields=segments HTTP/1.1" status: 200 len: 212 time: 0.0621593
2026-05-09 18:03:45.420 10 INFO neutron.wsgi [req-398f2546-a881-4c92-b270-2b096fbb79f4 req-86d3b6d1-926c-460e-ae95-c35fa97acd2f 411558e7c5ad4a408c332c3ee3f01e64 7a33acea4aa64606bcc883bc881763da - - default default] 10.0.0.48 "GET /v2.0/ports?device_id=e5ba9fe7-604a-4762-bf3f-097be3969531 HTTP/1.1" status: 200 len: 1210 time: 0.0487261
2026-05-09 18:03:45.502 10 INFO neutron.wsgi [req-398f2546-a881-4c92-b270-2b096fbb79f4 req-f6834da1-83fe-4d2a-bb2f-c0b32006d924 411558e7c5ad4a408c332c3ee3f01e64 7a33acea4aa64606bcc883bc881763da - - default default] 10.0.0.48 "GET /v2.0/security-groups?id=7bc7494d-5f49-4b29-875c-ce913a28816e&id=d15def18-9574-4d56-9ce4-7e9aeb281914&fields=id&fields=name HTTP/1.1" status: 200 len: 406 time: 0.0733745
2026-05-09 18:03:45.686 9 INFO neutron.wsgi [req-4313afe7-4eed-4146-af38-be3887d44035 req-a151c213-c624-448d-b3b2-421622496026 3785aea7e1f640a7b2d99b26c57eedaa 0cae20e70bcd468f84bad8d4fc779003 - - 6450f0b6ed4541389d231ead7c59a18a 6450f0b6ed4541389d231ead7c59a18a] 199.204.45.227 "GET /v2.0/networks/e61f4b18-46e2-497e-a456-53c822d22f5b?fields=provider%3Aphysical_network&fields=provider%3Anetwork_type HTTP/1.1" status: 200 len: 277 time: 0.3575804
2026-05-09 18:03:45.783 10 INFO neutron.wsgi [req-810d1aab-b37e-42a7-9fc9-e57445753540 req-d9dd9eab-75af-4b0a-b696-fb1535597ff5 6a27c89b13e4432d9fe58e6648451429 7d63f5294c954961a2dd8954618b80a6 - - default default] 10.0.0.48 "GET /v2.0/ports?device_id=33f478e7-ec08-47ce-87c1-c3fea199d7a8 HTTP/1.1" status: 200 len: 1170 time: 0.0336916
2026-05-09 18:03:45.843 10 INFO neutron.wsgi [req-810d1aab-b37e-42a7-9fc9-e57445753540 req-3a65e06d-c2cc-45c8-81c2-da5775f8eb00 6a27c89b13e4432d9fe58e6648451429 7d63f5294c954961a2dd8954618b80a6 - - default default] 10.0.0.48 "GET /v2.0/security-groups?id=b938796d-ab10-438e-876c-af0e64eb2ecd&fields=id&fields=name HTTP/1.1" status: 200 len: 286 time: 0.0534520
2026-05-09 18:03:45.855 9 INFO neutron.db.ovn_revision_numbers_db [None req-95a80b24-19bf-4c67-b973-8ba3ad6df6ea d00cc3ab3a484fe79bff78e836f15b19 1eb91f905ae040f1adf2e676920ce475 - - default default] Successfully bumped revision number for resource 38975641-ca72-4a34-9d6c-f172a4e2140c (type: security_groups) to 1
2026-05-09 18:03:45.884 9 INFO neutron.db.ovn_revision_numbers_db [None req-95a80b24-19bf-4c67-b973-8ba3ad6df6ea d00cc3ab3a484fe79bff78e836f15b19 1eb91f905ae040f1adf2e676920ce475 - - default default] Successfully bumped revision number for resource 625c40e5-3bd7-46d5-86a0-88623ef03135 (type: security_group_rules) to 0
2026-05-09 18:03:45.892 9 INFO neutron.db.ovn_revision_numbers_db [None req-606e43d8-c699-4cc4-b824-d32feb3342e7 - - - - - -] Successfully bumped revision number for resource f99ece4b-b086-4b62-b376-ab931416de96 (type: ports) to 4
2026-05-09 18:03:45.912 9 INFO neutron.db.ovn_revision_numbers_db [None req-95a80b24-19bf-4c67-b973-8ba3ad6df6ea d00cc3ab3a484fe79bff78e836f15b19 1eb91f905ae040f1adf2e676920ce475 - - default default] Successfully bumped revision number for resource b2434fa6-afcf-4c20-95d1-3b207389e484 (type: security_group_rules) to 0
2026-05-09 18:03:45.942 9 INFO neutron.db.ovn_revision_numbers_db [None req-95a80b24-19bf-4c67-b973-8ba3ad6df6ea d00cc3ab3a484fe79bff78e836f15b19 1eb91f905ae040f1adf2e676920ce475 - - default default] Successfully bumped revision number for resource ce41fe04-fc31-4aa4-a934-2dcbde214582 (type: security_group_rules) to 0
2026-05-09 18:03:45.969 9 INFO neutron.db.ovn_revision_numbers_db [None req-95a80b24-19bf-4c67-b973-8ba3ad6df6ea d00cc3ab3a484fe79bff78e836f15b19 1eb91f905ae040f1adf2e676920ce475 - - default default] Successfully bumped revision number for resource d63516f3-98a1-4803-a25e-f88b285f8de7 (type: security_group_rules) to 0
