+ COMMAND=start + start + for KEYSTONE_WSGI_SCRIPT in keystone-wsgi-public ++ type -p keystone-wsgi-public + cp -a /var/lib/openstack/bin/keystone-wsgi-public /var/www/cgi-bin/keystone/ + '[' -f /etc/apache2/envvars ']' + source /etc/apache2/envvars ++ unset HOME ++ '[' '' '!=' '' ']' ++ SUFFIX= ++ export APACHE_RUN_USER=www-data ++ APACHE_RUN_USER=www-data ++ export APACHE_RUN_GROUP=www-data ++ APACHE_RUN_GROUP=www-data ++ export APACHE_PID_FILE=/var/run/apache2/apache2.pid ++ APACHE_PID_FILE=/var/run/apache2/apache2.pid ++ export APACHE_RUN_DIR=/var/run/apache2 ++ APACHE_RUN_DIR=/var/run/apache2 ++ export APACHE_LOCK_DIR=/var/lock/apache2 ++ APACHE_LOCK_DIR=/var/lock/apache2 ++ export APACHE_LOG_DIR=/var/log/apache2 ++ APACHE_LOG_DIR=/var/log/apache2 ++ export LANG=C ++ LANG=C ++ export LANG + '[' -f /var/run/apache2/apache2.pid ']' + exec apache2 -DFOREGROUND AH00558: apache2: Could not reliably determine the server's fully qualified domain name, using 10.0.0.225. Set the 'ServerName' directive globally to suppress this message AH00558: apache2: Could not reliably determine the server's fully qualified domain name, using 10.0.0.225. Set the 'ServerName' directive globally to suppress this message
[Fri May 01 02:12:18.641472 2026] [mpm_event:notice] [pid 1:tid 140202915706752] AH00489: Apache/2.4.58 (Ubuntu) mod_wsgi/5.0.0 Python/3.12 configured -- resuming normal operations
[Fri May 01 02:12:18.641624 2026] [core:notice] [pid 1:tid 140202915706752] AH00094: Command line: 'apache2 -D FOREGROUND'
[Fri May 01 02:13:17.518974 2026] [wsgi:error] [pid 10:tid 140202278934208] /var/lib/openstack/lib/python3.12/site-packages/oslo_utils/importutils.py:77: EventletDeprecationWarning:
[Fri May 01 02:13:17.519019 2026] [wsgi:error] [pid 10:tid 140202278934208] Eventlet is deprecated. It is currently being maintained in bugfix mode, and
[Fri May 01 02:13:17.519021 2026] [wsgi:error] [pid 10:tid 140202278934208] we strongly recommend against using it for new projects.
[Fri May 01 02:13:17.519022 2026] [wsgi:error] [pid 10:tid 140202278934208]
[Fri May 01 02:13:17.519024 2026] [wsgi:error] [pid 10:tid 140202278934208] If you are already using Eventlet, we recommend migrating to a different
[Fri May 01 02:13:17.519025 2026] [wsgi:error] [pid 10:tid 140202278934208] framework. For more detail see
[Fri May 01 02:13:17.519026 2026] [wsgi:error] [pid 10:tid 140202278934208] https://eventlet.readthedocs.io/en/latest/asyncio/migration.html
[Fri May 01 02:13:17.519027 2026] [wsgi:error] [pid 10:tid 140202278934208]
[Fri May 01 02:13:17.519028 2026] [wsgi:error] [pid 10:tid 140202278934208] __import__(import_str)
[Fri May 01 02:13:17.543024 2026] [wsgi:error] [pid 9:tid 140202278934208] /var/lib/openstack/lib/python3.12/site-packages/oslo_utils/importutils.py:77: EventletDeprecationWarning:
[Fri May 01 02:13:17.543066 2026] [wsgi:error] [pid 9:tid 140202278934208] Eventlet is deprecated. It is currently being maintained in bugfix mode, and
[Fri May 01 02:13:17.543068 2026] [wsgi:error] [pid 9:tid 140202278934208] we strongly recommend against using it for new projects.
[Fri May 01 02:13:17.543069 2026] [wsgi:error] [pid 9:tid 140202278934208]
[Fri May 01 02:13:17.543070 2026] [wsgi:error] [pid 9:tid 140202278934208] If you are already using Eventlet, we recommend migrating to a different
[Fri May 01 02:13:17.543071 2026] [wsgi:error] [pid 9:tid 140202278934208] framework. For more detail see
[Fri May 01 02:13:17.543073 2026] [wsgi:error] [pid 9:tid 140202278934208] https://eventlet.readthedocs.io/en/latest/asyncio/migration.html
[Fri May 01 02:13:17.543074 2026] [wsgi:error] [pid 9:tid 140202278934208]
[Fri May 01 02:13:17.543075 2026] [wsgi:error] [pid 9:tid 140202278934208] __import__(import_str) 10.0.0.65 - - [01/May/2026:02:13:16 +0000] "GET /v3/ HTTP/1.1" 200 250 10.0.0.65 - - [01/May/2026:02:13:16 +0000] "GET /v3/ HTTP/1.1" 200 250
[Fri May 01 02:13:30.188451 2026] [wsgi:error] [pid 11:tid 140202278934208] /var/lib/openstack/lib/python3.12/site-packages/oslo_utils/importutils.py:77: EventletDeprecationWarning:
[Fri May 01 02:13:30.188497 2026] [wsgi:error] [pid 11:tid 140202278934208] Eventlet is deprecated. It is currently being maintained in bugfix mode, and
[Fri May 01 02:13:30.188499 2026] [wsgi:error] [pid 11:tid 140202278934208] we strongly recommend against using it for new projects.
[Fri May 01 02:13:30.188500 2026] [wsgi:error] [pid 11:tid 140202278934208]
[Fri May 01 02:13:30.188501 2026] [wsgi:error] [pid 11:tid 140202278934208] If you are already using Eventlet, we recommend migrating to a different
[Fri May 01 02:13:30.188503 2026] [wsgi:error] [pid 11:tid 140202278934208] framework. For more detail see
[Fri May 01 02:13:30.188504 2026] [wsgi:error] [pid 11:tid 140202278934208] https://eventlet.readthedocs.io/en/latest/asyncio/migration.html
[Fri May 01 02:13:30.188505 2026] [wsgi:error] [pid 11:tid 140202278934208]
[Fri May 01 02:13:30.188506 2026] [wsgi:error] [pid 11:tid 140202278934208] __import__(import_str) 10.0.0.7 - - [01/May/2026:02:13:29 +0000] "GET / HTTP/1.1" 300 295
[Fri May 01 02:13:35.481793 2026] [wsgi:error] [pid 12:tid 140202278934208] /var/lib/openstack/lib/python3.12/site-packages/oslo_utils/importutils.py:77: EventletDeprecationWarning:
[Fri May 01 02:13:35.481832 2026] [wsgi:error] [pid 12:tid 140202278934208] Eventlet is deprecated. It is currently being maintained in bugfix mode, and
[Fri May 01 02:13:35.481834 2026] [wsgi:error] [pid 12:tid 140202278934208] we strongly recommend against using it for new projects.
[Fri May 01 02:13:35.481835 2026] [wsgi:error] [pid 12:tid 140202278934208]
[Fri May 01 02:13:35.481836 2026] [wsgi:error] [pid 12:tid 140202278934208] If you are already using Eventlet, we recommend migrating to a different
[Fri May 01 02:13:35.481837 2026] [wsgi:error] [pid 12:tid 140202278934208] framework. For more detail see
[Fri May 01 02:13:35.481839 2026] [wsgi:error] [pid 12:tid 140202278934208] https://eventlet.readthedocs.io/en/latest/asyncio/migration.html
[Fri May 01 02:13:35.481840 2026] [wsgi:error] [pid 12:tid 140202278934208]
[Fri May 01 02:13:35.481841 2026] [wsgi:error] [pid 12:tid 140202278934208] __import__(import_str)
[Fri May 01 02:13:41.927995 2026] [wsgi:error] [pid 12:tid 140202278934208] [remote 10.0.0.7:38028] 2026-05-01 02:13:41.925 12 WARNING keystone.identity.core [None req-ec3d2594-f43d-4aff-a4c1-7aa684d35dd1 - - - - - -] Invalid domain name (atmosphere) found in config file name: keystone.exception.DomainNotFound: Could not find domain: atmosphere.
[Fri May 01 02:13:41.972887 2026] [wsgi:error] [pid 12:tid 140202278934208] [remote 10.0.0.7:38028] 2026-05-01 02:13:41.972 12 WARNING keystone.common.password_hashing [None req-ec3d2594-f43d-4aff-a4c1-7aa684d35dd1 - - - - - -] Truncating password to algorithm specific maximum length 72 characters.
[Fri May 01 02:13:42.250566 2026] [wsgi:error] [pid 12:tid 140202278934208] [remote 10.0.0.7:38028] 2026-05-01 02:13:42.250 12 WARNING keystone.common.fernet_utils [None req-ec3d2594-f43d-4aff-a4c1-7aa684d35dd1 - - - - - -] key_repository is world readable: /etc/keystone/fernet-keys/ 10.0.0.7 - - [01/May/2026:02:13:34 +0000] "POST /v3/auth/tokens HTTP/1.1" 201 1359
[Fri May 01 02:13:42.578734 2026] [wsgi:error] [pid 10:tid 140202278934208] [remote 10.0.0.7:38028] 2026-05-01 02:13:42.575 10 WARNING keystone.identity.core [None req-5751d397-a7b5-4097-bd1e-a147cbfa9b49 - - - - - -] Invalid domain name (atmosphere) found in config file name: keystone.exception.DomainNotFound: Could not find domain: atmosphere. 10.0.0.7 - - [01/May/2026:02:13:42 +0000] "POST /v3/domains HTTP/1.1" 201 261 10.0.0.197 - - [01/May/2026:02:13:53 +0000] "GET / HTTP/1.1" 300 295
[Fri May 01 02:13:53.803122 2026] [wsgi:error] [pid 11:tid 140202278934208] [remote 10.0.0.197:43246] 2026-05-01 02:13:53.802 11 WARNING keystone.common.password_hashing [None req-f3e302d5-a580-4769-8c2f-261046dc7be0 - - - - - -] Truncating password to algorithm specific maximum length 72 characters.
[Fri May 01 02:13:54.073455 2026] [wsgi:error] [pid 11:tid 140202278934208] [remote 10.0.0.197:43246] 2026-05-01 02:13:54.073 11 WARNING keystone.common.fernet_utils [None req-f3e302d5-a580-4769-8c2f-261046dc7be0 - - - - - -] key_repository is world readable: /etc/keystone/fernet-keys/ 10.0.0.197 - - [01/May/2026:02:13:53 +0000] "POST /v3/auth/tokens HTTP/1.1" 201 1359 10.0.0.197 - - [01/May/2026:02:13:54 +0000] "GET /v3/roles/admin HTTP/1.1" 404 83
[Fri May 01 02:13:54.285314 2026] [wsgi:error] [pid 10:tid 140202278934208] [remote 10.0.0.197:43246] 2026-05-01 02:13:54.285 10 WARNING keystone.common.rbac_enforcer.enforcer [None req-a81b2a8e-3873-4714-b351-ab5f50fd6573 213fab4939964966ac2c6aa43b7a52f4 f206406a89254f5da5cb62e8fc6a4692 - - default default] Deprecated policy rules found. Use oslopolicy-policy-generator and oslopolicy-policy-upgrade to detect and resolve deprecated policies in your configuration. 10.0.0.197 - - [01/May/2026:02:13:54 +0000] "GET /v3/roles?name=admin HTTP/1.1" 200 389
[Fri May 01 02:13:54.625602 2026] [wsgi:error] [pid 9:tid 140202278934208] [remote 10.0.0.197:43246] 2026-05-01 02:13:54.625 9 WARNING keystone.common.rbac_enforcer.enforcer [None req-c0eb56d4-4359-4f64-9c40-29c9e1b7cb2e 213fab4939964966ac2c6aa43b7a52f4 f206406a89254f5da5cb62e8fc6a4692 - - default default] Deprecated policy rules found. Use oslopolicy-policy-generator and oslopolicy-policy-upgrade to detect and resolve deprecated policies in your configuration. 10.0.0.197 - - [01/May/2026:02:13:54 +0000] "GET /v3/users/admin-RegionOne HTTP/1.1" 404 93
[Fri May 01 02:13:54.769740 2026] [wsgi:error] [pid 11:tid 140202278934208] [remote 10.0.0.197:43246] 2026-05-01 02:13:54.769 11 WARNING keystone.common.rbac_enforcer.enforcer [None req-62f38dcb-b767-43c0-ba2b-d21562c80ab3 213fab4939964966ac2c6aa43b7a52f4 f206406a89254f5da5cb62e8fc6a4692 - - default default] Deprecated policy rules found. Use oslopolicy-policy-generator and oslopolicy-policy-upgrade to detect and resolve deprecated policies in your configuration. 10.0.0.197 - - [01/May/2026:02:13:54 +0000] "GET /v3/users?name=admin-RegionOne HTTP/1.1" 200 422
[Fri May 01 02:13:54.928859 2026] [wsgi:error] [pid 12:tid 140202278934208] [remote 10.0.0.197:43246] 2026-05-01 02:13:54.928 12 WARNING keystone.common.rbac_enforcer.enforcer [None req-c8fb9a60-2a6a-4e62-8538-c1d7c7469cbe 213fab4939964966ac2c6aa43b7a52f4 f206406a89254f5da5cb62e8fc6a4692 - - default default] Deprecated policy rules found. Use oslopolicy-policy-generator and oslopolicy-policy-upgrade to detect and resolve deprecated policies in your configuration. 10.0.0.197 - - [01/May/2026:02:13:54 +0000] "GET /v3/domains/default HTTP/1.1" 200 224 10.0.0.197 - - [01/May/2026:02:13:54 +0000] "PUT /v3/domains/default/users/213fab4939964966ac2c6aa43b7a52f4/roles/3006be42d53f46cca7e1ab77b6f4dde1 HTTP/1.1" 204 - 10.0.0.65 - - [01/May/2026:02:14:03 +0000] "GET / HTTP/1.1" 300 280 10.0.0.65 - - [01/May/2026:02:14:05 +0000] "GET /v3 HTTP/1.1" 200 265
[Fri May 01 02:14:05.173703 2026] [wsgi:error] [pid 12:tid 140202278934208] [remote 10.0.0.65:36514] 2026-05-01 02:14:05.173 12 WARNING keystone.common.password_hashing [None req-3c1036ef-551b-46a0-bc45-e81eb8da2968 - - - - - -] Truncating password to algorithm specific maximum length 72 characters.
[Fri May 01 02:14:05.439812 2026] [wsgi:error] [pid 12:tid 140202278934208] [remote 10.0.0.65:36514] 2026-05-01 02:14:05.439 12 WARNING keystone.common.fernet_utils [None req-3c1036ef-551b-46a0-bc45-e81eb8da2968 - - - - - -] key_repository is world readable: /etc/keystone/fernet-keys/ 10.0.0.65 - - [01/May/2026:02:14:05 +0000] "POST /v3/auth/tokens HTTP/1.1" 201 1359 10.0.0.65 - - [01/May/2026:02:14:05 +0000] "GET / HTTP/1.1" 300 280 10.0.0.65 - - [01/May/2026:02:14:05 +0000] "GET /v3/domains/atmosphere HTTP/1.1" 404 90 10.0.0.65 - - [01/May/2026:02:14:05 +0000] "GET /v3/domains?name=atmosphere HTTP/1.1" 200 368 10.0.0.65 - - [01/May/2026:02:14:05 +0000] "GET /v3/domains/ed7d6765f9094911bce7900c85121246 HTTP/1.1" 200 246 10.0.0.65 - - [01/May/2026:02:14:06 +0000] "GET /v3 HTTP/1.1" 200 265
[Fri May 01 02:14:06.487781 2026] [wsgi:error] [pid 9:tid 140202278934208] [remote 10.0.0.65:36514] 2026-05-01 02:14:06.487 9 WARNING keystone.common.password_hashing [None req-a52be2ab-3add-4ae9-956b-c1da1f5359d3 - - - - - -] Truncating password to algorithm specific maximum length 72 characters.
[Fri May 01 02:14:06.758266 2026] [wsgi:error] [pid 9:tid 140202278934208] [remote 10.0.0.65:36514] 2026-05-01 02:14:06.758 9 WARNING keystone.common.fernet_utils [None req-a52be2ab-3add-4ae9-956b-c1da1f5359d3 - - - - - -] key_repository is world readable: /etc/keystone/fernet-keys/ 10.0.0.65 - - [01/May/2026:02:14:06 +0000] "POST /v3/auth/tokens HTTP/1.1" 201 1359 10.0.0.65 - - [01/May/2026:02:14:06 +0000] "GET / HTTP/1.1" 300 280 10.0.0.65 - - [01/May/2026:02:14:06 +0000] "GET /v3/OS-FEDERATION/identity_providers/atmosphere HTTP/1.1" 404 101 10.0.0.65 - - [01/May/2026:02:14:06 +0000] "GET /v3/OS-FEDERATION/identity_providers HTTP/1.1" 200 155 10.0.0.65 - - [01/May/2026:02:14:06 +0000] "PUT /v3/OS-FEDERATION/identity_providers/atmosphere HTTP/1.1" 201 340 10.0.0.65 - - [01/May/2026:02:14:07 +0000] "GET /v3 HTTP/1.1" 200 265
[Fri May 01 02:14:07.559800 2026] [wsgi:error] [pid 12:tid 140202278934208] [remote 10.0.0.65:36504] 2026-05-01 02:14:07.559 12 WARNING keystone.common.password_hashing [None req-ee8b944f-952b-45ba-97a6-d4862b93bcd6 - - - - - -] Truncating password to algorithm specific maximum length 72 characters.
[Fri May 01 02:14:07.840414 2026] [wsgi:error] [pid 12:tid 140202278934208] [remote 10.0.0.65:36504] 2026-05-01 02:14:07.840 12 WARNING keystone.common.fernet_utils [None req-ee8b944f-952b-45ba-97a6-d4862b93bcd6 - - - - - -] key_repository is world readable: /etc/keystone/fernet-keys/ 10.0.0.65 - - [01/May/2026:02:14:07 +0000] "POST /v3/auth/tokens HTTP/1.1" 201 1359 10.0.0.65 - - [01/May/2026:02:14:07 +0000] "GET / HTTP/1.1" 300 280 10.0.0.65 - - [01/May/2026:02:14:07 +0000] "GET /v3/OS-FEDERATION/mappings/atmosphere-openid HTTP/1.1" 404 98 10.0.0.65 - - [01/May/2026:02:14:07 +0000] "GET /v3/OS-FEDERATION/mappings HTTP/1.1" 200 135 10.0.0.65 - - [01/May/2026:02:14:07 +0000] "PUT /v3/OS-FEDERATION/mappings/atmosphere-openid HTTP/1.1" 201 356 10.0.0.65 - - [01/May/2026:02:14:08 +0000] "GET /v3 HTTP/1.1" 200 265
[Fri May 01 02:14:08.655955 2026] [wsgi:error] [pid 9:tid 140202278934208] [remote 10.0.0.65:36514] 2026-05-01 02:14:08.655 9 WARNING keystone.common.password_hashing [None req-dbbadf28-4fe3-4dad-90d8-7566eaf5173e - - - - - -] Truncating password to algorithm specific maximum length 72 characters.
[Fri May 01 02:14:08.926405 2026] [wsgi:error] [pid 9:tid 140202278934208] [remote 10.0.0.65:36514] 2026-05-01 02:14:08.926 9 WARNING keystone.common.fernet_utils [None req-dbbadf28-4fe3-4dad-90d8-7566eaf5173e - - - - - -] key_repository is world readable: /etc/keystone/fernet-keys/ 10.0.0.65 - - [01/May/2026:02:14:08 +0000] "POST /v3/auth/tokens HTTP/1.1" 201 1359 10.0.0.65 - - [01/May/2026:02:14:08 +0000] "GET / HTTP/1.1" 300 280 10.0.0.65 - - [01/May/2026:02:14:08 +0000] "GET /v3/OS-FEDERATION/identity_providers/atmosphere/protocols/openid?idp_id=atmosphere HTTP/1.1" 404 131 10.0.0.65 - - [01/May/2026:02:14:08 +0000] "GET /v3/OS-FEDERATION/identity_providers/atmosphere/protocols HTTP/1.1" 200 167 10.0.0.65 - - [01/May/2026:02:14:08 +0000] "PUT /v3/OS-FEDERATION/identity_providers/atmosphere/protocols/openid HTTP/1.1" 201 222 10.0.0.65 - - [01/May/2026:02:14:16 +0000] "GET /v3/ HTTP/1.1" 200 250 10.0.0.65 - - [01/May/2026:02:14:16 +0000] "GET /v3/ HTTP/1.1" 200 250 10.0.0.65 - - [01/May/2026:02:15:16 +0000] "GET /v3/ HTTP/1.1" 200 250 10.0.0.65 - - [01/May/2026:02:15:16 +0000] "GET /v3/ HTTP/1.1" 200 250 10.0.0.230 - - [01/May/2026:02:15:31 +0000] "GET / HTTP/1.1" 300 295
[Fri May 01 02:15:31.504824 2026] [wsgi:error] [pid 12:tid 140202278934208] [remote 10.0.0.230:54722] 2026-05-01 02:15:31.504 12 WARNING keystone.common.password_hashing [None req-60ea10bf-380f-4abe-8b62-dd4fe3059325 - - - - - -] Truncating password to algorithm specific maximum length 72 characters.
[Fri May 01 02:15:31.789170 2026] [wsgi:error] [pid 12:tid 140202278934208] [remote 10.0.0.230:54722] 2026-05-01 02:15:31.789 12 WARNING keystone.common.fernet_utils [None req-60ea10bf-380f-4abe-8b62-dd4fe3059325 - - - - - -] key_repository is world readable: /etc/keystone/fernet-keys/ 10.0.0.230 - - [01/May/2026:02:15:31 +0000] "POST /v3/auth/tokens HTTP/1.1" 201 1359 10.0.0.230 - - [01/May/2026:02:15:31 +0000] "GET /v3/services HTTP/1.1" 200 355 10.0.0.230 - - [01/May/2026:02:15:35 +0000] "GET / HTTP/1.1" 300 295
[Fri May 01 02:15:35.298105 2026] [wsgi:error] [pid 11:tid 140202278934208] [remote 10.0.0.230:54724] 2026-05-01 02:15:35.297 11 WARNING keystone.common.password_hashing [None req-c234da1c-7698-4d1f-ac93-be6a51b70e65 - - - - - -] Truncating password to algorithm specific maximum length 72 characters.
[Fri May 01 02:15:35.569199 2026] [wsgi:error] [pid 11:tid 140202278934208] [remote 10.0.0.230:54724] 2026-05-01 02:15:35.569 11 WARNING keystone.common.fernet_utils [None req-c234da1c-7698-4d1f-ac93-be6a51b70e65 - - - - - -] key_repository is world readable: /etc/keystone/fernet-keys/ 10.0.0.230 - - [01/May/2026:02:15:35 +0000] "POST /v3/auth/tokens HTTP/1.1" 201 1359 10.0.0.230 - - [01/May/2026:02:15:35 +0000] "GET /v3/services HTTP/1.1" 200 355 10.0.0.230 - - [01/May/2026:02:15:38 +0000] "GET / HTTP/1.1" 300 295
[Fri May 01 02:15:38.968900 2026] [wsgi:error] [pid 9:tid 140202278934208] [remote 10.0.0.230:59104] 2026-05-01 02:15:38.968 9 WARNING keystone.common.password_hashing [None req-bb107a28-24ef-4bc4-8e07-8011cee04eac - - - - - -] Truncating password to algorithm specific maximum length 72 characters.
[Fri May 01 02:15:39.245766 2026] [wsgi:error] [pid 9:tid 140202278934208] [remote 10.0.0.230:59104] 2026-05-01 02:15:39.245 9 WARNING keystone.common.fernet_utils [None req-bb107a28-24ef-4bc4-8e07-8011cee04eac - - - - - -] key_repository is world readable: /etc/keystone/fernet-keys/ 10.0.0.230 - - [01/May/2026:02:15:38 +0000] "POST /v3/auth/tokens HTTP/1.1" 201 1359 10.0.0.230 - - [01/May/2026:02:15:39 +0000] "GET /v3/services HTTP/1.1" 200 355 10.0.0.230 - - [01/May/2026:02:15:42 +0000] "GET / HTTP/1.1" 300 295
[Fri May 01 02:15:42.717475 2026] [wsgi:error] [pid 10:tid 140202278934208] [remote 10.0.0.230:59114] 2026-05-01 02:15:42.717 10 WARNING keystone.common.password_hashing [None req-8056e13e-abe5-4dcd-b6e3-781600be2648 - - - - - -] Truncating password to algorithm specific maximum length 72 characters.
[Fri May 01 02:15:42.992479 2026] [wsgi:error] [pid 10:tid 140202278934208] [remote 10.0.0.230:59114] 2026-05-01 02:15:42.992 10 WARNING keystone.common.fernet_utils [None req-8056e13e-abe5-4dcd-b6e3-781600be2648 - - - - - -] key_repository is world readable: /etc/keystone/fernet-keys/ 10.0.0.230 - - [01/May/2026:02:15:42 +0000] "POST /v3/auth/tokens HTTP/1.1" 201 1359 10.0.0.230 - - [01/May/2026:02:15:43 +0000] "POST /v3/services HTTP/1.1" 201 296 10.0.0.249 - - [01/May/2026:02:15:53 +0000] "GET / HTTP/1.1" 300 295
[Fri May 01 02:15:53.734122 2026] [wsgi:error] [pid 12:tid 140202278934208] [remote 10.0.0.249:54292] 2026-05-01 02:15:53.733 12 WARNING keystone.common.password_hashing [None req-1fa9cc10-bac8-4348-a146-c985fefeca95 - - - - - -] Truncating password to algorithm specific maximum length 72 characters. 10.0.0.249 - - [01/May/2026:02:15:53 +0000] "GET / HTTP/1.1" 300 295
[Fri May 01 02:15:53.773575 2026] [wsgi:error] [pid 9:tid 140202278934208] [remote 10.0.0.249:54302] 2026-05-01 02:15:53.773 9 WARNING keystone.common.password_hashing [None req-f260be8b-4e42-4f55-ba4e-f95930f0cb2f - - - - - -] Truncating password to algorithm specific maximum length 72 characters. 10.0.0.249 - - [01/May/2026:02:15:53 +0000] "GET / HTTP/1.1" 300 295
[Fri May 01 02:15:53.956218 2026] [wsgi:error] [pid 10:tid 140202278934208] [remote 10.0.0.249:54310] 2026-05-01 02:15:53.956 10 WARNING keystone.common.password_hashing [None req-b076102d-4db6-4b48-b350-8372ba4b2a20 - - - - - -] Truncating password to algorithm specific maximum length 72 characters.
[Fri May 01 02:15:54.049497 2026] [wsgi:error] [pid 12:tid 140202278934208] [remote 10.0.0.249:54292] 2026-05-01 02:15:54.049 12 WARNING keystone.common.fernet_utils [None req-1fa9cc10-bac8-4348-a146-c985fefeca95 - - - - - -] key_repository is world readable: /etc/keystone/fernet-keys/ 10.0.0.249 - - [01/May/2026:02:15:53 +0000] "POST /v3/auth/tokens HTTP/1.1" 201 1463
[Fri May 01 02:15:54.063455 2026] [wsgi:error] [pid 9:tid 140202278934208] [remote 10.0.0.249:54302] 2026-05-01 02:15:54.063 9 WARNING keystone.common.fernet_utils [None req-f260be8b-4e42-4f55-ba4e-f95930f0cb2f - - - - - -] key_repository is world readable: /etc/keystone/fernet-keys/ 10.0.0.249 - - [01/May/2026:02:15:53 +0000] "POST /v3/auth/tokens HTTP/1.1" 201 1463 10.0.0.249 - - [01/May/2026:02:15:54 +0000] "GET /v3/services HTTP/1.1" 200 639 10.0.0.249 - - [01/May/2026:02:15:54 +0000] "GET /v3/services HTTP/1.1" 200 639
[Fri May 01 02:15:54.226384 2026] [wsgi:error] [pid 10:tid 140202278934208] [remote 10.0.0.249:54310] 2026-05-01 02:15:54.226 10 WARNING keystone.common.fernet_utils [None req-b076102d-4db6-4b48-b350-8372ba4b2a20 - - - - - -] key_repository is world readable: /etc/keystone/fernet-keys/ 10.0.0.249 - - [01/May/2026:02:15:53 +0000] "POST /v3/auth/tokens HTTP/1.1" 201 1463 10.0.0.249 - - [01/May/2026:02:15:54 +0000] "GET /v3/services HTTP/1.1" 200 639 10.0.0.249 - - [01/May/2026:02:15:55 +0000] "GET / HTTP/1.1" 300 295
[Fri May 01 02:15:55.549449 2026] [wsgi:error] [pid 11:tid 140202278934208] [remote 10.0.0.249:54318] 2026-05-01 02:15:55.549 11 WARNING keystone.common.password_hashing [None req-04081d54-935f-4d89-a2df-18a4998d838c - - - - - -] Truncating password to algorithm specific maximum length 72 characters. 10.0.0.249 - - [01/May/2026:02:15:55 +0000] "GET / HTTP/1.1" 300 295
[Fri May 01 02:15:55.646225 2026] [wsgi:error] [pid 9:tid 140202278934208] [remote 10.0.0.249:54328] 2026-05-01 02:15:55.646 9 WARNING keystone.common.password_hashing [None req-3ae0aec5-3573-4dc4-9711-e245a1e62756 - - - - - -] Truncating password to algorithm specific maximum length 72 characters. 10.0.0.249 - - [01/May/2026:02:15:55 +0000] "GET / HTTP/1.1" 300 295
[Fri May 01 02:15:55.684321 2026] [wsgi:error] [pid 10:tid 140202278934208] [remote 10.0.0.249:54338] 2026-05-01 02:15:55.684 10 WARNING keystone.common.password_hashing [None req-b43a48d1-51f8-4a41-820e-74d170e6dcd4 - - - - - -] Truncating password to algorithm specific maximum length 72 characters.
[Fri May 01 02:15:55.824605 2026] [wsgi:error] [pid 11:tid 140202278934208] [remote 10.0.0.249:54318] 2026-05-01 02:15:55.824 11 WARNING keystone.common.fernet_utils [None req-04081d54-935f-4d89-a2df-18a4998d838c - - - - - -] key_repository is world readable: /etc/keystone/fernet-keys/ 10.0.0.249 - - [01/May/2026:02:15:55 +0000] "POST /v3/auth/tokens HTTP/1.1" 201 1463
[Fri May 01 02:15:55.930457 2026] [wsgi:error] [pid 9:tid 140202278934208] [remote 10.0.0.249:54328] 2026-05-01 02:15:55.930 9 WARNING keystone.common.fernet_utils [None req-3ae0aec5-3573-4dc4-9711-e245a1e62756 - - - - - -] key_repository is world readable: /etc/keystone/fernet-keys/ 10.0.0.249 - - [01/May/2026:02:15:55 +0000] "POST /v3/auth/tokens HTTP/1.1" 201 1463 10.0.0.249 - - [01/May/2026:02:15:55 +0000] "GET /v3/endpoints HTTP/1.1" 200 1226 10.0.0.249 - - [01/May/2026:02:15:55 +0000] "GET /v3/services/9c920a65118348f5bb637cdfc2a546e0 HTTP/1.1" 200 233
[Fri May 01 02:15:55.963673 2026] [wsgi:error] [pid 10:tid 140202278934208] [remote 10.0.0.249:54338] 2026-05-01 02:15:55.963 10 WARNING keystone.common.fernet_utils [None req-b43a48d1-51f8-4a41-820e-74d170e6dcd4 - - - - - -] key_repository is world readable: /etc/keystone/fernet-keys/ 10.0.0.249 - - [01/May/2026:02:15:55 +0000] "POST /v3/auth/tokens HTTP/1.1" 201 1463 10.0.0.249 - - [01/May/2026:02:15:55 +0000] "GET /v3/services/9c920a65118348f5bb637cdfc2a546e0 HTTP/1.1" 200 233 10.0.0.249 - - [01/May/2026:02:15:55 +0000] "GET /v3/services/9c920a65118348f5bb637cdfc2a546e0 HTTP/1.1" 200 233 10.0.0.249 - - [01/May/2026:02:15:56 +0000] "GET /v3/endpoints HTTP/1.1" 200 1226 10.0.0.249 - - [01/May/2026:02:15:56 +0000] "GET /v3/endpoints HTTP/1.1" 200 1226 10.0.0.249 - - [01/May/2026:02:15:56 +0000] "GET /v3/services/9c920a65118348f5bb637cdfc2a546e0 HTTP/1.1" 200 233 10.0.0.249 - - [01/May/2026:02:15:56 +0000] "GET /v3/services/9c920a65118348f5bb637cdfc2a546e0 HTTP/1.1" 200 233 10.0.0.249 - - [01/May/2026:02:15:56 +0000] "GET /v3/services/9c920a65118348f5bb637cdfc2a546e0 HTTP/1.1" 200 233 10.0.0.249 - - [01/May/2026:02:15:56 +0000] "GET /v3/services/9c920a65118348f5bb637cdfc2a546e0 HTTP/1.1" 200 233 10.0.0.249 - - [01/May/2026:02:15:56 +0000] "GET /v3/services/9c920a65118348f5bb637cdfc2a546e0 HTTP/1.1" 200 233 10.0.0.249 - - [01/May/2026:02:15:56 +0000] "GET /v3/services/9c920a65118348f5bb637cdfc2a546e0 HTTP/1.1" 200 233 10.0.0.249 - - [01/May/2026:02:15:57 +0000] "GET / HTTP/1.1" 300 295
[Fri May 01 02:15:57.389435 2026] [wsgi:error] [pid 9:tid 140202278934208] [remote 10.0.0.249:54344] 2026-05-01 02:15:57.389 9 WARNING keystone.common.password_hashing [None req-2453dcc8-236a-4679-b535-8e3f51a3b6c4 - - - - - -] Truncating password to algorithm specific maximum length 72 characters. 10.0.0.249 - - [01/May/2026:02:15:57 +0000] "GET / HTTP/1.1" 300 295
[Fri May 01 02:15:57.420182 2026] [wsgi:error] [pid 12:tid 140202278934208] [remote 10.0.0.249:54358] 2026-05-01 02:15:57.419 12 WARNING keystone.common.password_hashing [None req-ce090b50-2927-49bb-851c-868df97be9b5 - - - - - -] Truncating password to algorithm specific maximum length 72 characters. 10.0.0.249 - - [01/May/2026:02:15:57 +0000] "GET / HTTP/1.1" 300 295
[Fri May 01 02:15:57.459376 2026] [wsgi:error] [pid 10:tid 140202278934208] [remote 10.0.0.249:54362] 2026-05-01 02:15:57.459 10 WARNING keystone.common.password_hashing [None req-4b66e13f-ba1a-4287-98ba-7c7a4eb14116 - - - - - -] Truncating password to algorithm specific maximum length 72 characters.
[Fri May 01 02:15:57.667372 2026] [wsgi:error] [pid 9:tid 140202278934208] [remote 10.0.0.249:54344] 2026-05-01 02:15:57.667 9 WARNING keystone.common.fernet_utils [None req-2453dcc8-236a-4679-b535-8e3f51a3b6c4 - - - - - -] key_repository is world readable: /etc/keystone/fernet-keys/ 10.0.0.249 - - [01/May/2026:02:15:57 +0000] "POST /v3/auth/tokens HTTP/1.1" 201 1463
[Fri May 01 02:15:57.708597 2026] [wsgi:error] [pid 12:tid 140202278934208] [remote 10.0.0.249:54358] 2026-05-01 02:15:57.708 12 WARNING keystone.common.fernet_utils [None req-ce090b50-2927-49bb-851c-868df97be9b5 - - - - - -] key_repository is world readable: /etc/keystone/fernet-keys/ 10.0.0.249 - - [01/May/2026:02:15:57 +0000] "POST /v3/auth/tokens HTTP/1.1" 201 1463
[Fri May 01 02:15:57.746279 2026] [wsgi:error] [pid 10:tid 140202278934208] [remote 10.0.0.249:54362] 2026-05-01 02:15:57.746 10 WARNING keystone.common.fernet_utils [None req-4b66e13f-ba1a-4287-98ba-7c7a4eb14116 - - - - - -] key_repository is world readable: /etc/keystone/fernet-keys/ 10.0.0.249 - - [01/May/2026:02:15:57 +0000] "POST /v3/auth/tokens HTTP/1.1" 201 1463 10.0.0.249 - - [01/May/2026:02:15:57 +0000] "GET /v3/services/aed0682be7554a9eb73cd287bb512baa HTTP/1.1" 200 296 10.0.0.249 - - [01/May/2026:02:15:57 +0000] "GET /v3/regions/RegionOne HTTP/1.1" 200 173 10.0.0.249 - - [01/May/2026:02:15:57 +0000] "GET /v3/services/aed0682be7554a9eb73cd287bb512baa HTTP/1.1" 200 296 10.0.0.249 - - [01/May/2026:02:15:57 +0000] "POST /v3/endpoints HTTP/1.1" 201 383 10.0.0.249 - - [01/May/2026:02:15:57 +0000] "GET /v3/regions/RegionOne HTTP/1.1" 200 173 10.0.0.249 - - [01/May/2026:02:15:57 +0000] "GET /v3/services/aed0682be7554a9eb73cd287bb512baa HTTP/1.1" 200 296 10.0.0.249 - - [01/May/2026:02:15:57 +0000] "GET /v3/regions/RegionOne HTTP/1.1" 200 173 10.0.0.249 - - [01/May/2026:02:15:57 +0000] "POST /v3/endpoints HTTP/1.1" 201 369 10.0.0.249 - - [01/May/2026:02:15:57 +0000] "POST /v3/endpoints HTTP/1.1" 201 380 10.0.0.249 - - [01/May/2026:02:15:59 +0000] "GET / HTTP/1.1" 300 295
[Fri May 01 02:15:59.123894 2026] [wsgi:error] [pid 12:tid 140202278934208] [remote 10.0.0.249:41152] 2026-05-01 02:15:59.123 12 WARNING keystone.common.password_hashing [None req-a5bc712c-b1a4-4033-b987-7ffebb21674f - - - - - -] Truncating password to algorithm specific maximum length 72 characters. 10.0.0.249 - - [01/May/2026:02:15:59 +0000] "GET / HTTP/1.1" 300 295
[Fri May 01 02:15:59.160493 2026] [wsgi:error] [pid 11:tid 140202278934208] [remote 10.0.0.249:41164] 2026-05-01 02:15:59.160 11 WARNING keystone.common.password_hashing [None req-186759b9-f201-4ce5-baac-f4d1b7e5317f - - - - - -] Truncating password to algorithm specific maximum length 72 characters. 10.0.0.249 - - [01/May/2026:02:15:59 +0000] "GET / HTTP/1.1" 300 295
[Fri May 01 02:15:59.308799 2026] [wsgi:error] [pid 10:tid 140202278934208] [remote 10.0.0.249:41172] 2026-05-01 02:15:59.308 10 WARNING keystone.common.password_hashing [None req-e1217ea1-8b4c-4968-8277-e957ff3d7e97 - - - - - -] Truncating password to algorithm specific maximum length 72 characters.
[Fri May 01 02:15:59.393894 2026] [wsgi:error] [pid 12:tid 140202278934208] [remote 10.0.0.249:41152] 2026-05-01 02:15:59.393 12 WARNING keystone.common.fernet_utils [None req-a5bc712c-b1a4-4033-b987-7ffebb21674f - - - - - -] key_repository is world readable: /etc/keystone/fernet-keys/ 10.0.0.249 - - [01/May/2026:02:15:59 +0000] "POST /v3/auth/tokens HTTP/1.1" 201 1990
[Fri May 01 02:15:59.427361 2026] [wsgi:error] [pid 11:tid 140202278934208] [remote 10.0.0.249:41164] 2026-05-01 02:15:59.427 11 WARNING keystone.common.fernet_utils [None req-186759b9-f201-4ce5-baac-f4d1b7e5317f - - - - - -] key_repository is world readable: /etc/keystone/fernet-keys/ 10.0.0.249 - - [01/May/2026:02:15:59 +0000] "POST /v3/auth/tokens HTTP/1.1" 201 1990 10.0.0.249 - - [01/May/2026:02:15:59 +0000] "GET /v3/endpoints/7d03797563dc4b8898d34772d73fa99f HTTP/1.1" 200 383 10.0.0.249 - - [01/May/2026:02:15:59 +0000] "GET /v3/endpoints/a4ca764dfe094d04bcbadf63266d9a7a HTTP/1.1" 200 369 10.0.0.249 - - [01/May/2026:02:15:59 +0000] "GET /v3/services/aed0682be7554a9eb73cd287bb512baa HTTP/1.1" 200 296 10.0.0.249 - - [01/May/2026:02:15:59 +0000] "GET /v3/services/aed0682be7554a9eb73cd287bb512baa HTTP/1.1" 200 296
[Fri May 01 02:15:59.596474 2026] [wsgi:error] [pid 10:tid 140202278934208] [remote 10.0.0.249:41172] 2026-05-01 02:15:59.596 10 WARNING keystone.common.fernet_utils [None req-e1217ea1-8b4c-4968-8277-e957ff3d7e97 - - - - - -] key_repository is world readable: /etc/keystone/fernet-keys/ 10.0.0.249 - - [01/May/2026:02:15:59 +0000] "POST /v3/auth/tokens HTTP/1.1" 201 1990 10.0.0.249 - - [01/May/2026:02:15:59 +0000] "GET /v3/endpoints/19e067e28d8a4b33b4c6e60d4c35d59b HTTP/1.1" 200 380 10.0.0.249 - - [01/May/2026:02:15:59 +0000] "GET /v3/services/aed0682be7554a9eb73cd287bb512baa HTTP/1.1" 200 296 10.0.0.32 - - [01/May/2026:02:16:10 +0000] "GET / HTTP/1.1" 300 295
[Fri May 01 02:16:10.759298 2026] [wsgi:error] [pid 10:tid 140202278934208] [remote 10.0.0.32:33052] 2026-05-01 02:16:10.759 10 WARNING keystone.common.password_hashing [None req-309f4b73-95c4-4037-9053-f1b967bc31f3 - - - - - -] Truncating password to algorithm specific maximum length 72 characters.
[Fri May 01 02:16:11.034716 2026] [wsgi:error] [pid 10:tid 140202278934208] [remote 10.0.0.32:33052] 2026-05-01 02:16:11.034 10 WARNING keystone.common.fernet_utils [None req-309f4b73-95c4-4037-9053-f1b967bc31f3 - - - - - -] key_repository is world readable: /etc/keystone/fernet-keys/ 10.0.0.32 - - [01/May/2026:02:16:10 +0000] "POST /v3/auth/tokens HTTP/1.1" 201 1990 10.0.0.32 - - [01/May/2026:02:16:11 +0000] "POST /v3/domains HTTP/1.1" 201 284 10.0.0.32 - - [01/May/2026:02:16:12 +0000] "GET / HTTP/1.1" 300 295
[Fri May 01 02:16:12.581896 2026] [wsgi:error] [pid 9:tid 140202278934208] [remote 10.0.0.32:33064] 2026-05-01 02:16:12.581 9 WARNING keystone.common.password_hashing [None req-c39ec1b8-722d-4163-acde-f5793f314b0a - - - - - -] Truncating password to algorithm specific maximum length 72 characters.
[Fri May 01 02:16:12.853468 2026] [wsgi:error] [pid 9:tid 140202278934208] [remote 10.0.0.32:33064] 2026-05-01 02:16:12.853 9 WARNING keystone.common.fernet_utils [None req-c39ec1b8-722d-4163-acde-f5793f314b0a - - - - - -] key_repository is world readable: /etc/keystone/fernet-keys/ 10.0.0.32 - - [01/May/2026:02:16:12 +0000] "POST /v3/auth/tokens HTTP/1.1" 201 1990
[Fri May 01 02:16:13.038903 2026] [wsgi:error] [pid 10:tid 140202278934208] [remote 10.0.0.32:33064] 2026-05-01 02:16:13.024 10 ERROR keystone.server.flask.application [None req-9835ef9d-bc1d-4ba9-bff6-4711ab18cbbb 213fab4939964966ac2c6aa43b7a52f4 f206406a89254f5da5cb62e8fc6a4692 - - default default] Conflict occurred attempting to store project - it is not permitted to have two projects acting as domains with the same name: service.: keystone.exception.Conflict: Conflict occurred attempting to store project - it is not permitted to have two projects acting as domains with the same name: service.
[Fri May 01 02:16:13.038927 2026] [wsgi:error] [pid 10:tid 140202278934208] [remote 10.0.0.32:33064] 2026-05-01 02:16:13.024 10 ERROR keystone.server.flask.application
Traceback (most recent call last):
[Fri May 01 02:16:13.038930 2026] [wsgi:error] [pid 10:tid 140202278934208] [remote 10.0.0.32:33064] 2026-05-01 02:16:13.024 10 ERROR keystone.server.flask.application
File "/var/lib/openstack/lib/python3.12/site-packages/sqlalchemy/engine/base.py", line 1967, in _exec_single_context
[Fri May 01 02:16:13.038932 2026] [wsgi:error] [pid 10:tid 140202278934208] [remote 10.0.0.32:33064] 2026-05-01 02:16:13.024 10 ERROR keystone.server.flask.application self.dialect.do_execute(
[Fri May 01 02:16:13.038933 2026] [wsgi:error] [pid 10:tid 140202278934208] [remote 10.0.0.32:33064] 2026-05-01 02:16:13.024 10 ERROR keystone.server.flask.application
File "/var/lib/openstack/lib/python3.12/site-packages/sqlalchemy/engine/default.py", line 952, in do_execute
[Fri May 01 02:16:13.038935 2026] [wsgi:error] [pid 10:tid 140202278934208] [remote 10.0.0.32:33064] 2026-05-01 02:16:13.024 10 ERROR keystone.server.flask.application cursor.execute(statement, parameters)
[Fri May 01 02:16:13.038937 2026] [wsgi:error] [pid 10:tid 140202278934208] [remote 10.0.0.32:33064] 2026-05-01 02:16:13.024 10 ERROR keystone.server.flask.application
File "/var/lib/openstack/lib/python3.12/site-packages/pymysql/cursors.py", line 153, in execute
[Fri May 01 02:16:13.038938 2026] [wsgi:error] [pid 10:tid 140202278934208] [remote 10.0.0.32:33064] 2026-05-01 02:16:13.024 10 ERROR keystone.server.flask.application result = self._query(query)
[Fri May 01 02:16:13.038940 2026] [wsgi:error] [pid 10:tid 140202278934208] [remote 10.0.0.32:33064] 2026-05-01 02:16:13.024 10 ERROR keystone.server.flask.application ^^^^^^^^^^^^^^^^^^
[Fri May 01 02:16:13.038941 2026] [wsgi:error] [pid 10:tid 140202278934208] [remote 10.0.0.32:33064] 2026-05-01 02:16:13.024 10 ERROR keystone.server.flask.application
File "/var/lib/openstack/lib/python3.12/site-packages/pymysql/cursors.py", line 322, in _query
[Fri May 01 02:16:13.038943 2026] [wsgi:error] [pid 10:tid 140202278934208] [remote 10.0.0.32:33064] 2026-05-01 02:16:13.024 10 ERROR keystone.server.flask.application conn.query(q)
[Fri May 01 02:16:13.038944 2026] [wsgi:error] [pid 10:tid 140202278934208] [remote 10.0.0.32:33064] 2026-05-01 02:16:13.024 10 ERROR keystone.server.flask.application
File "/var/lib/openstack/lib/python3.12/site-packages/pymysql/connections.py", line 575, in query
[Fri May 01 02:16:13.038946 2026] [wsgi:error] [pid 10:tid 140202278934208] [remote 10.0.0.32:33064] 2026-05-01 02:16:13.024 10 ERROR keystone.server.flask.application self._affected_rows = self._read_query_result(unbuffered=unbuffered)
[Fri May 01 02:16:13.038948 2026] [wsgi:error] [pid 10:tid 140202278934208] [remote 10.0.0.32:33064] 2026-05-01 02:16:13.024 10 ERROR keystone.server.flask.application ^^^^^^^^^^^^^^^^^^^^^^^^^^^^^^^^^^^^^^^^^^^^^^
[Fri May 01 02:16:13.038949 2026] [wsgi:error] [pid 10:tid 140202278934208] [remote 10.0.0.32:33064] 2026-05-01 02:16:13.024 10 ERROR keystone.server.flask.application
File "/var/lib/openstack/lib/python3.12/site-packages/pymysql/connections.py", line 826, in _read_query_result
[Fri May 01 02:16:13.038951 2026] [wsgi:error] [pid 10:tid 140202278934208] [remote 10.0.0.32:33064] 2026-05-01 02:16:13.024 10 ERROR keystone.server.flask.application result.read()
[Fri May 01 02:16:13.038954 2026] [wsgi:error] [pid 10:tid 140202278934208] [remote 10.0.0.32:33064] 2026-05-01 02:16:13.024 10 ERROR keystone.server.flask.application
File "/var/lib/openstack/lib/python3.12/site-packages/pymysql/connections.py", line 1203, in read
[Fri May 01 02:16:13.038955 2026] [wsgi:error] [pid 10:tid 140202278934208] [remote 10.0.0.32:33064] 2026-05-01 02:16:13.024 10 ERROR keystone.server.flask.application first_packet = self.connection._read_packet()
[Fri May 01 02:16:13.038957 2026] [wsgi:error] [pid 10:tid 140202278934208] [remote 10.0.0.32:33064] 2026-05-01 02:16:13.024 10 ERROR keystone.server.flask.application ^^^^^^^^^^^^^^^^^^^^^^^^^^^^^^
[Fri May 01 02:16:13.038958 2026] [wsgi:error] [pid 10:tid 140202278934208] [remote 10.0.0.32:33064] 2026-05-01 02:16:13.024 10 ERROR keystone.server.flask.application
File "/var/lib/openstack/lib/python3.12/site-packages/pymysql/connections.py", line 782, in _read_packet
[Fri May 01 02:16:13.038959 2026] [wsgi:error] [pid 10:tid 140202278934208] [remote 10.0.0.32:33064] 2026-05-01 02:16:13.024 10 ERROR keystone.server.flask.application packet.raise_for_error()
[Fri May 01 02:16:13.038972 2026] [wsgi:error] [pid 10:tid 140202278934208] [remote 10.0.0.32:33064] 2026-05-01 02:16:13.024 10 ERROR keystone.server.flask.application
File "/var/lib/openstack/lib/python3.12/site-packages/pymysql/protocol.py", line 219, in raise_for_error
[Fri May 01 02:16:13.038974 2026] [wsgi:error] [pid 10:tid 140202278934208] [remote 10.0.0.32:33064] 2026-05-01 02:16:13.024 10 ERROR keystone.server.flask.application err.raise_mysql_exception(self._data)
[Fri May 01 02:16:13.038976 2026] [wsgi:error] [pid 10:tid 140202278934208] [remote 10.0.0.32:33064] 2026-05-01 02:16:13.024 10 ERROR keystone.server.flask.application
File "/var/lib/openstack/lib/python3.12/site-packages/pymysql/err.py", line 150, in raise_mysql_exception
[Fri May 01 02:16:13.038977 2026] [wsgi:error] [pid 10:tid 140202278934208] [remote 10.0.0.32:33064] 2026-05-01 02:16:13.024 10 ERROR keystone.server.flask.application raise errorclass(errno, errval)
[Fri May 01 02:16:13.038979 2026] [wsgi:error] [pid 10:tid 140202278934208] [remote 10.0.0.32:33064] 2026-05-01 02:16:13.024 10 ERROR keystone.server.flask.application pymysql.err.IntegrityError: (1062, "Duplicate entry '<>-service' for key 'project.ixu_project_name_domain_id'")
[Fri May 01 02:16:13.038982 2026] [wsgi:error] [pid 10:tid 140202278934208] [remote 10.0.0.32:33064] 2026-05-01 02:16:13.024 10 ERROR keystone.server.flask.application
[Fri May 01 02:16:13.038983 2026] [wsgi:error] [pid 10:tid 140202278934208] [remote 10.0.0.32:33064] 2026-05-01 02:16:13.024 10 ERROR keystone.server.flask.application The above exception was the direct cause of the following exception:
[Fri May 01 02:16:13.038985 2026] [wsgi:error] [pid 10:tid 140202278934208] [remote 10.0.0.32:33064] 2026-05-01 02:16:13.024 10 ERROR keystone.server.flask.application
[Fri May 01 02:16:13.038986 2026] [wsgi:error] [pid 10:tid 140202278934208] [remote 10.0.0.32:33064] 2026-05-01 02:16:13.024 10 ERROR keystone.server.flask.application
Traceback (most recent call last):
[Fri May 01 02:16:13.038988 2026] [wsgi:error] [pid 10:tid 140202278934208] [remote 10.0.0.32:33064] 2026-05-01 02:16:13.024 10 ERROR keystone.server.flask.application
File "/var/lib/openstack/lib/python3.12/site-packages/keystone/common/sql/core.py", line 575, in wrapper
[Fri May 01 02:16:13.038990 2026] [wsgi:error] [pid 10:tid 140202278934208] [remote 10.0.0.32:33064] 2026-05-01 02:16:13.024 10 ERROR keystone.server.flask.application return method(*args, **kwargs)
[Fri May 01 02:16:13.038992 2026] [wsgi:error] [pid 10:tid 140202278934208] [remote 10.0.0.32:33064] 2026-05-01 02:16:13.024 10 ERROR keystone.server.flask.application ^^^^^^^^^^^^^^^^^^^^^^^
[Fri May 01 02:16:13.038995 2026] [wsgi:error] [pid 10:tid 140202278934208] [remote 10.0.0.32:33064] 2026-05-01 02:16:13.024 10 ERROR keystone.server.flask.application
File "/var/lib/openstack/lib/python3.12/site-packages/keystone/resource/backends/sql.py", line 278, in create_project
[Fri May 01 02:16:13.038998 2026] [wsgi:error] [pid 10:tid 140202278934208] [remote 10.0.0.32:33064] 2026-05-01 02:16:13.024 10 ERROR keystone.server.flask.application with sql.session_for_write() as session:
[Fri May 01 02:16:13.039001 2026] [wsgi:error] [pid 10:tid 140202278934208] [remote 10.0.0.32:33064] 2026-05-01 02:16:13.024 10 ERROR keystone.server.flask.application
File "/usr/lib/python3.12/contextlib.py", line 144, in __exit__
[Fri May 01 02:16:13.039004 2026] [wsgi:error] [pid 10:tid 140202278934208] [remote 10.0.0.32:33064] 2026-05-01 02:16:13.024 10 ERROR keystone.server.flask.application next(self.gen)
[Fri May 01 02:16:13.039006 2026] [wsgi:error] [pid 10:tid 140202278934208] [remote 10.0.0.32:33064] 2026-05-01 02:16:13.024 10 ERROR keystone.server.flask.application
File "/var/lib/openstack/lib/python3.12/site-packages/oslo_db/sqlalchemy/enginefacade.py", line 1175, in _transaction_scope
[Fri May 01 02:16:13.039010 2026] [wsgi:error] [pid 10:tid 140202278934208] [remote 10.0.0.32:33064] 2026-05-01 02:16:13.024 10 ERROR keystone.server.flask.application with current._produce_block(
[Fri May 01 02:16:13.039013 2026] [wsgi:error] [pid 10:tid 140202278934208] [remote 10.0.0.32:33064] 2026-05-01 02:16:13.024 10 ERROR keystone.server.flask.application
File "/usr/lib/python3.12/contextlib.py", line 144, in __exit__
[Fri May 01 02:16:13.039014 2026] [wsgi:error] [pid 10:tid 140202278934208] [remote 10.0.0.32:33064] 2026-05-01 02:16:13.024 10 ERROR keystone.server.flask.application next(self.gen)
[Fri May 01 02:16:13.039016 2026] [wsgi:error] [pid 10:tid 140202278934208] [remote 10.0.0.32:33064] 2026-05-01 02:16:13.024 10 ERROR keystone.server.flask.application
File "/var/lib/openstack/lib/python3.12/site-packages/oslo_db/sqlalchemy/enginefacade.py", line 837, in _session
[Fri May 01 02:16:13.039018 2026] [wsgi:error] [pid 10:tid 140202278934208] [remote 10.0.0.32:33064] 2026-05-01 02:16:13.024 10 ERROR keystone.server.flask.application with excutils.save_and_reraise_exception():
[Fri May 01 02:16:13.039019 2026] [wsgi:error] [pid 10:tid 140202278934208] [remote 10.0.0.32:33064] 2026-05-01 02:16:13.024 10 ERROR keystone.server.flask.application
File "/var/lib/openstack/lib/python3.12/site-packages/oslo_utils/excutils.py", line 271, in __exit__
[Fri May 01 02:16:13.039021 2026] [wsgi:error] [pid 10:tid 140202278934208] [remote 10.0.0.32:33064] 2026-05-01 02:16:13.024 10 ERROR keystone.server.flask.application self.force_reraise()
[Fri May 01 02:16:13.039023 2026] [wsgi:error] [pid 10:tid 140202278934208] [remote 10.0.0.32:33064] 2026-05-01 02:16:13.024 10 ERROR keystone.server.flask.application
File "/var/lib/openstack/lib/python3.12/site-packages/oslo_utils/excutils.py", line 233, in force_reraise
[Fri May 01 02:16:13.039025 2026] [wsgi:error] [pid 10:tid 140202278934208] [remote 10.0.0.32:33064] 2026-05-01 02:16:13.024 10 ERROR keystone.server.flask.application raise self.value
[Fri May 01 02:16:13.039028 2026] [wsgi:error] [pid 10:tid 140202278934208] [remote 10.0.0.32:33064] 2026-05-01 02:16:13.024 10 ERROR keystone.server.flask.application
File "/var/lib/openstack/lib/python3.12/site-packages/oslo_db/sqlalchemy/enginefacade.py", line 835, in _session
[Fri May 01 02:16:13.039031 2026] [wsgi:error] [pid 10:tid 140202278934208] [remote 10.0.0.32:33064] 2026-05-01 02:16:13.024 10 ERROR keystone.server.flask.application self._end_session_transaction(self.session)
[Fri May 01 02:16:13.039035 2026] [wsgi:error] [pid 10:tid 140202278934208] [remote 10.0.0.32:33064] 2026-05-01 02:16:13.024 10 ERROR keystone.server.flask.application
File "/var/lib/openstack/lib/python3.12/site-packages/oslo_db/sqlalchemy/enginefacade.py", line 748, in _end_session_transaction
[Fri May 01 02:16:13.039038 2026] [wsgi:error] [pid 10:tid 140202278934208] [remote 10.0.0.32:33064] 2026-05-01 02:16:13.024 10 ERROR keystone.server.flask.application session.commit()
[Fri May 01 02:16:13.039040 2026] [wsgi:error] [pid 10:tid 140202278934208] [remote 10.0.0.32:33064] 2026-05-01 02:16:13.024 10 ERROR keystone.server.flask.application
File "/var/lib/openstack/lib/python3.12/site-packages/sqlalchemy/orm/session.py", line 2030, in commit
[Fri May 01 02:16:13.039044 2026] [wsgi:error] [pid 10:tid 140202278934208] [remote 10.0.0.32:33064] 2026-05-01 02:16:13.024 10 ERROR keystone.server.flask.application trans.commit(_to_root=True)
[Fri May 01 02:16:13.039047 2026] [wsgi:error] [pid 10:tid 140202278934208] [remote 10.0.0.32:33064] 2026-05-01 02:16:13.024 10 ERROR keystone.server.flask.application File "", line 2, in commit
[Fri May 01 02:16:13.039051 2026] [wsgi:error] [pid 10:tid 140202278934208] [remote 10.0.0.32:33064] 2026-05-01 02:16:13.024 10 ERROR keystone.server.flask.application
File "/var/lib/openstack/lib/python3.12/site-packages/sqlalchemy/orm/state_changes.py", line 137, in _go
[Fri May 01 02:16:13.039054 2026] [wsgi:error] [pid 10:tid 140202278934208] [remote 10.0.0.32:33064] 2026-05-01 02:16:13.024 10 ERROR keystone.server.flask.application ret_value = fn(self, *arg, **kw)
[Fri May 01 02:16:13.039057 2026] [wsgi:error] [pid 10:tid 140202278934208] [remote 10.0.0.32:33064] 2026-05-01 02:16:13.024 10 ERROR keystone.server.flask.application ^^^^^^^^^^^^^^^^^^^^
[Fri May 01 02:16:13.039061 2026] [wsgi:error] [pid 10:tid 140202278934208] [remote 10.0.0.32:33064] 2026-05-01 02:16:13.024 10 ERROR keystone.server.flask.application
File "/var/lib/openstack/lib/python3.12/site-packages/sqlalchemy/orm/session.py", line 1311, in commit
[Fri May 01 02:16:13.039065 2026] [wsgi:error] [pid 10:tid 140202278934208] [remote 10.0.0.32:33064] 2026-05-01 02:16:13.024 10 ERROR keystone.server.flask.application self._prepare_impl()
[Fri May 01 02:16:13.039067 2026] [wsgi:error] [pid 10:tid 140202278934208] [remote 10.0.0.32:33064] 2026-05-01 02:16:13.024 10 ERROR keystone.server.flask.application File "", line 2, in _prepare_impl
[Fri May 01 02:16:13.039071 2026] [wsgi:error] [pid 10:tid 140202278934208] [remote 10.0.0.32:33064] 2026-05-01 02:16:13.024 10 ERROR keystone.server.flask.application
File "/var/lib/openstack/lib/python3.12/site-packages/sqlalchemy/orm/state_changes.py", line 137, in _go
[Fri May 01 02:16:13.039075 2026] [wsgi:error] [pid 10:tid 140202278934208] [remote 10.0.0.32:33064] 2026-05-01 02:16:13.024 10 ERROR keystone.server.flask.application ret_value = fn(self, *arg, **kw)
[Fri May 01 02:16:13.039080 2026] [wsgi:error] [pid 10:tid 140202278934208] [remote 10.0.0.32:33064] 2026-05-01 02:16:13.024 10 ERROR keystone.server.flask.application ^^^^^^^^^^^^^^^^^^^^
[Fri May 01 02:16:13.039084 2026] [wsgi:error] [pid 10:tid 140202278934208] [remote 10.0.0.32:33064] 2026-05-01 02:16:13.024 10 ERROR keystone.server.flask.application
File "/var/lib/openstack/lib/python3.12/site-packages/sqlalchemy/orm/session.py", line 1286, in _prepare_impl
[Fri May 01 02:16:13.039089 2026] [wsgi:error] [pid 10:tid 140202278934208] [remote 10.0.0.32:33064] 2026-05-01 02:16:13.024 10 ERROR keystone.server.flask.application self.session.flush()
[Fri May 01 02:16:13.039092 2026] [wsgi:error] [pid 10:tid 140202278934208] [remote 10.0.0.32:33064] 2026-05-01 02:16:13.024 10 ERROR keystone.server.flask.application
File "/var/lib/openstack/lib/python3.12/site-packages/sqlalchemy/orm/session.py", line 4331, in flush
[Fri May 01 02:16:13.039134 2026] [wsgi:error] [pid 10:tid 140202278934208] [remote 10.0.0.32:33064] 2026-05-01 02:16:13.024 10 ERROR keystone.server.flask.application self._flush(objects)
[Fri May 01 02:16:13.039145 2026] [wsgi:error] [pid 10:tid 140202278934208] [remote 10.0.0.32:33064] 2026-05-01 02:16:13.024 10 ERROR keystone.server.flask.application
File "/var/lib/openstack/lib/python3.12/site-packages/sqlalchemy/orm/session.py", line 4466, in _flush
[Fri May 01 02:16:13.039148 2026] [wsgi:error] [pid 10:tid 140202278934208] [remote 10.0.0.32:33064] 2026-05-01 02:16:13.024 10 ERROR keystone.server.flask.application with util.safe_reraise():
[Fri May 01 02:16:13.039150 2026] [wsgi:error] [pid 10:tid 140202278934208] [remote 10.0.0.32:33064] 2026-05-01 02:16:13.024 10 ERROR keystone.server.flask.application
File "/var/lib/openstack/lib/python3.12/site-packages/sqlalchemy/util/langhelpers.py", line 121, in __exit__
[Fri May 01 02:16:13.039154 2026] [wsgi:error] [pid 10:tid 140202278934208] [remote 10.0.0.32:33064] 2026-05-01 02:16:13.024 10 ERROR keystone.server.flask.application raise exc_value.with_traceback(exc_tb)
[Fri May 01 02:16:13.039156 2026] [wsgi:error] [pid 10:tid 140202278934208] [remote 10.0.0.32:33064] 2026-05-01 02:16:13.024 10 ERROR keystone.server.flask.application
File "/var/lib/openstack/lib/python3.12/site-packages/sqlalchemy/orm/session.py", line 4427, in _flush
[Fri May 01 02:16:13.039158 2026] [wsgi:error] [pid 10:tid 140202278934208] [remote 10.0.0.32:33064] 2026-05-01 02:16:13.024 10 ERROR keystone.server.flask.application flush_context.execute()
[Fri May 01 02:16:13.039161 2026] [wsgi:error] [pid 10:tid 140202278934208] [remote 10.0.0.32:33064] 2026-05-01 02:16:13.024 10 ERROR keystone.server.flask.application
File "/var/lib/openstack/lib/python3.12/site-packages/sqlalchemy/orm/unitofwork.py", line 466, in execute
