Apr 28 20:10:34.740252 np0000171169 devstack@neutron-api.service[104553]: DEBUG ovsdbapp.backend.ovs_idl [None req-39b7e51c-2e49-4457-a0de-ca589e2daf9f None None] Created lookup_table index Port_Binding.logical_port {{(pid=104553) autocreate_indices /opt/stack/data/venv/lib/python3.12/site-packages/ovsdbapp/backend/ovs_idl/__init__.py:87}}
Apr 28 20:10:34.740363 np0000171169 devstack@neutron-api.service[104553]: DEBUG ovsdbapp.backend.ovs_idl [None req-39b7e51c-2e49-4457-a0de-ca589e2daf9f None None] Created schema index Chassis_Private.name {{(pid=104553) autocreate_indices /opt/stack/data/venv/lib/python3.12/site-packages/ovsdbapp/backend/ovs_idl/__init__.py:106}}
Apr 28 20:10:34.740472 np0000171169 devstack@neutron-api.service[104553]: DEBUG ovsdbapp.backend.ovs_idl [None req-39b7e51c-2e49-4457-a0de-ca589e2daf9f None None] Created schema index Datapath_Binding.tunnel_key {{(pid=104553) autocreate_indices /opt/stack/data/venv/lib/python3.12/site-packages/ovsdbapp/backend/ovs_idl/__init__.py:106}}
Apr 28 20:10:34.741638 np0000171169 devstack@neutron-api.service[104551]: DEBUG ovsdbapp.backend.ovs_idl [None req-18a9aff2-4227-4182-9407-84bffc7d5858 None None] Created lookup_table index Chassis.name {{(pid=104551) autocreate_indices /opt/stack/data/venv/lib/python3.12/site-packages/ovsdbapp/backend/ovs_idl/__init__.py:87}}
Apr 28 20:10:34.741750 np0000171169 devstack@neutron-api.service[104551]: DEBUG ovsdbapp.backend.ovs_idl [None req-18a9aff2-4227-4182-9407-84bffc7d5858 None None] Created lookup_table index Port_Binding.logical_port {{(pid=104551) autocreate_indices /opt/stack/data/venv/lib/python3.12/site-packages/ovsdbapp/backend/ovs_idl/__init__.py:87}}
Apr 28 20:10:34.741851 np0000171169 devstack@neutron-api.service[104551]: DEBUG ovsdbapp.backend.ovs_idl [None req-18a9aff2-4227-4182-9407-84bffc7d5858 None None] Created schema index Chassis_Private.name {{(pid=104551) autocreate_indices /opt/stack/data/venv/lib/python3.12/site-packages/ovsdbapp/backend/ovs_idl/__init__.py:106}}
Apr 28 20:10:34.741939 np0000171169 devstack@neutron-api.service[104551]: DEBUG ovsdbapp.backend.ovs_idl [None req-18a9aff2-4227-4182-9407-84bffc7d5858 None None] Created schema index Datapath_Binding.tunnel_key {{(pid=104551) autocreate_indices /opt/stack/data/venv/lib/python3.12/site-packages/ovsdbapp/backend/ovs_idl/__init__.py:106}}
Apr 28 20:10:34.742616 np0000171169 devstack@neutron-api.service[104553]: INFO ovsdbapp.backend.ovs_idl.vlog [None req-39b7e51c-2e49-4457-a0de-ca589e2daf9f None None] ssl:199.204.45.115:6642: connecting...
Apr 28 20:10:34.743955 np0000171169 devstack@neutron-api.service[104551]: INFO ovsdbapp.backend.ovs_idl.vlog [None req-18a9aff2-4227-4182-9407-84bffc7d5858 None None] ssl:199.204.45.115:6642: connecting...
Apr 28 20:10:34.770694 np0000171169 devstack@neutron-api.service[104553]: INFO ovsdbapp.backend.ovs_idl.vlog [None req-39b7e51c-2e49-4457-a0de-ca589e2daf9f None None] ssl:199.204.45.115:6642: connected
Apr 28 20:10:34.770798 np0000171169 devstack@neutron-api.service[104554]: DEBUG neutron.common.ovn.hash_ring_manager [None req-4ef6d537-242d-4a43-8254-2344261714ee None None] Allow caching, nodes 4>=4 {{(pid=104554) _wait_startup_before_caching /opt/stack/neutron/neutron/common/ovn/hash_ring_manager.py:65}}
Apr 28 20:10:34.772648 np0000171169 devstack@neutron-api.service[104554]: DEBUG neutron.common.ovn.hash_ring_manager [None req-4ef6d537-242d-4a43-8254-2344261714ee None None] Hash Ring loaded. 4 active nodes. 0 offline nodes {{(pid=104554) _load_hash_ring /opt/stack/neutron/neutron/common/ovn/hash_ring_manager.py:102}}
Apr 28 20:10:34.773987 np0000171169 devstack@neutron-api.service[104551]: INFO ovsdbapp.backend.ovs_idl.vlog [None req-18a9aff2-4227-4182-9407-84bffc7d5858 None None] ssl:199.204.45.115:6642: connected
Apr 28 20:10:34.774253 np0000171169 devstack@neutron-api.service[104554]: INFO neutron.plugins.ml2.drivers.ovn.mech_driver.ovsdb.impl_idl_ovn [None req-4ef6d537-242d-4a43-8254-2344261714ee None None] Getting OvsdbSbOvnIdl for WorkerService with retry
Apr 28 20:10:34.804661 np0000171169 devstack@neutron-api.service[104551]: DEBUG neutron.common.ovn.hash_ring_manager [None req-18a9aff2-4227-4182-9407-84bffc7d5858 None None] Allow caching, nodes 4>=4 {{(pid=104551) _wait_startup_before_caching /opt/stack/neutron/neutron/common/ovn/hash_ring_manager.py:65}}
Apr 28 20:10:34.807490 np0000171169 devstack@neutron-api.service[104553]: DEBUG neutron.common.ovn.hash_ring_manager [None req-39b7e51c-2e49-4457-a0de-ca589e2daf9f None None] Allow caching, nodes 4>=4 {{(pid=104553) _wait_startup_before_caching /opt/stack/neutron/neutron/common/ovn/hash_ring_manager.py:65}}
Apr 28 20:10:34.807943 np0000171169 devstack@neutron-api.service[104554]: DEBUG ovsdbapp.backend.ovs_idl [None req-4ef6d537-242d-4a43-8254-2344261714ee None None] Created lookup_table index Chassis.name {{(pid=104554) autocreate_indices /opt/stack/data/venv/lib/python3.12/site-packages/ovsdbapp/backend/ovs_idl/__init__.py:87}}
Apr 28 20:10:34.808067 np0000171169 devstack@neutron-api.service[104554]: DEBUG ovsdbapp.backend.ovs_idl [None req-4ef6d537-242d-4a43-8254-2344261714ee None None] Created lookup_table index Port_Binding.logical_port {{(pid=104554) autocreate_indices /opt/stack/data/venv/lib/python3.12/site-packages/ovsdbapp/backend/ovs_idl/__init__.py:87}}
Apr 28 20:10:34.808170 np0000171169 devstack@neutron-api.service[104554]: DEBUG ovsdbapp.backend.ovs_idl [None req-4ef6d537-242d-4a43-8254-2344261714ee None None] Created schema index Chassis_Private.name {{(pid=104554) autocreate_indices /opt/stack/data/venv/lib/python3.12/site-packages/ovsdbapp/backend/ovs_idl/__init__.py:106}}
Apr 28 20:10:34.808217 np0000171169 devstack@neutron-api.service[104551]: DEBUG neutron.common.ovn.hash_ring_manager [None req-18a9aff2-4227-4182-9407-84bffc7d5858 None None] Hash Ring loaded. 4 active nodes. 0 offline nodes {{(pid=104551) _load_hash_ring /opt/stack/neutron/neutron/common/ovn/hash_ring_manager.py:102}}
Apr 28 20:10:34.808253 np0000171169 devstack@neutron-api.service[104554]: DEBUG ovsdbapp.backend.ovs_idl [None req-4ef6d537-242d-4a43-8254-2344261714ee None None] Created schema index Datapath_Binding.tunnel_key {{(pid=104554) autocreate_indices /opt/stack/data/venv/lib/python3.12/site-packages/ovsdbapp/backend/ovs_idl/__init__.py:106}}
Apr 28 20:10:34.808456 np0000171169 devstack@neutron-api.service[104551]: DEBUG neutron.plugins.ml2.drivers.ovn.mech_driver.ovsdb.ovsdb_monitor [None req-18a9aff2-4227-4182-9407-84bffc7d5858 None None] Hash Ring: Node aee9c0c6ff0d580bbe4f9855950fe8ff (host: np0000171169) handling event "create" for row 8f059063-f444-47c0-a8e9-61e731b9c78e (table: Chassis) {{(pid=104551) notify /opt/stack/neutron/neutron/plugins/ml2/drivers/ovn/mech_driver/ovsdb/ovsdb_monitor.py:914}}
Apr 28 20:10:34.809527 np0000171169 devstack@neutron-api.service[104551]: DEBUG ovsdbapp.backend.ovs_idl.event [None req-18a9aff2-4227-4182-9407-84bffc7d5858 None None] Matched CREATE: ChassisBandwidthConfigEvent(events=('create', 'update'), table='Chassis', conditions=None, old_conditions=None), priority=20 to row=Chassis(uuid=8f059063-f444-47c0-a8e9-61e731b9c78e, encaps=[f11ca767-ec81-4ea8-b2f5-752ad2726cfc], external_ids={}, hostname='np0000171169', name='b1994292-c5b7-4d8c-8c5e-83de403f1124', nb_cfg=0, other_config={'ct-commit-nat-v2': 'true', 'ct-commit-to-zone': 'true', 'ct-next-zone': 'true', 'ct-no-masked-label': 'true', 'ct-state-save': 'true', 'datapath-type': 'system', 'fdb-timestamp': 'true', 'iface-types': 'afxdp,afxdp-nonpmd,bareudp,erspan,geneve,gre,gtpu,internal,ip6erspan,ip6gre,lisp,patch,srv6,stt,system,tap,vxlan', 'is-interconn': 'false', 'ls-dpg-column': 'true', 'mac-binding-timestamp': 'true', 'ovn-bridge-mappings': 'public:br-ex', 'ovn-chassis-mac-mappings': '', 'ovn-cms-options': 'enable-chassis-as-gw', 'ovn-ct-lb-related': 'true', 'ovn-enable-lflow-cache': 'true', 'ovn-limit-lflow-cache': '', 'ovn-memlimit-lflow-cache-kb': '', 'ovn-monitor-all': 'false', 'ovn-trim-limit-lflow-cache': '', 'ovn-trim-timeout-ms': '', 'ovn-trim-wmark-perc-lflow-cache': '', 'port-up-notif': 'true'}, transport_zones=[], vtep_logical_switches=[]) old= {{(pid=104551) matches /opt/stack/data/venv/lib/python3.12/site-packages/ovsdbapp/backend/ovs_idl/event.py:55}}
Apr 28 20:10:34.810271 np0000171169 devstack@neutron-api.service[104551]: DEBUG neutron.plugins.ml2.drivers.ovn.mech_driver.ovsdb.ovsdb_monitor [None req-18a9aff2-4227-4182-9407-84bffc7d5858 None None] ChassisAgentWriteEvent : Matched Chassis_Private, create, None None {{(pid=104551) matches /opt/stack/neutron/neutron/plugins/ml2/drivers/ovn/mech_driver/ovsdb/ovsdb_monitor.py:64}}
Apr 28 20:10:34.810450 np0000171169 devstack@neutron-api.service[104554]: INFO ovsdbapp.backend.ovs_idl.vlog [None req-4ef6d537-242d-4a43-8254-2344261714ee None None] ssl:199.204.45.115:6642: connecting...
Apr 28 20:10:34.810494 np0000171169 devstack@neutron-api.service[104551]: DEBUG neutron.plugins.ml2.drivers.ovn.mech_driver.ovsdb.ovsdb_monitor [None req-18a9aff2-4227-4182-9407-84bffc7d5858 None None] ChassisOVNAgentWriteEvent : Matched Chassis_Private, create, None None {{(pid=104551) matches /opt/stack/neutron/neutron/plugins/ml2/drivers/ovn/mech_driver/ovsdb/ovsdb_monitor.py:64}}
Apr 28 20:10:34.810900 np0000171169 devstack@neutron-api.service[104551]: DEBUG neutron.plugins.ml2.drivers.ovn.mech_driver.ovsdb.ovsdb_monitor [None req-18a9aff2-4227-4182-9407-84bffc7d5858 None None] Hash Ring: Node aee9c0c6ff0d580bbe4f9855950fe8ff (host: np0000171169) handling event "create" for row 8596c95c-d0c4-4479-be3e-e58a9e9325e6 (table: Chassis_Private) {{(pid=104551) notify /opt/stack/neutron/neutron/plugins/ml2/drivers/ovn/mech_driver/ovsdb/ovsdb_monitor.py:914}}
Apr 28 20:10:34.811174 np0000171169 devstack@neutron-api.service[104551]: DEBUG neutron.plugins.ml2.drivers.ovn.mech_driver.ovsdb.ovsdb_monitor [None req-18a9aff2-4227-4182-9407-84bffc7d5858 None None] Hash Ring: Node aee9c0c6ff0d580bbe4f9855950fe8ff (host: np0000171169) handling event "create" for row f11ca767-ec81-4ea8-b2f5-752ad2726cfc (table: Encap) {{(pid=104551) notify /opt/stack/neutron/neutron/plugins/ml2/drivers/ovn/mech_driver/ovsdb/ovsdb_monitor.py:914}}
Apr 28 20:10:34.812748 np0000171169 devstack@neutron-api.service[104551]: INFO neutron.plugins.ml2.drivers.ovn.mech_driver.mech_driver [None req-18a9aff2-4227-4182-9407-84bffc7d5858 None None] WorkerService process has finished the post initialization
Apr 28 20:10:34.813532 np0000171169 devstack@neutron-api.service[104551]: INFO neutron.plugins.ml2.drivers.ovn.mech_driver.ovsdb.extensions.qos [-] Starting OVNClientQosExtension
Apr 28 20:10:34.813659 np0000171169 devstack@neutron-api.service[104553]: DEBUG neutron.common.ovn.hash_ring_manager [None req-39b7e51c-2e49-4457-a0de-ca589e2daf9f None None] Hash Ring loaded. 4 active nodes. 0 offline nodes {{(pid=104553) _load_hash_ring /opt/stack/neutron/neutron/common/ovn/hash_ring_manager.py:102}}
Apr 28 20:10:34.813696 np0000171169 devstack@neutron-api.service[104551]: INFO neutron.plugins.ml2.drivers.ovn.mech_driver.ovsdb.extensions.placement [-] Starting OVNClientPlacementExtension
Apr 28 20:10:34.813885 np0000171169 devstack@neutron-api.service[104553]: DEBUG neutron.plugins.ml2.drivers.ovn.mech_driver.ovsdb.ovsdb_monitor [None req-39b7e51c-2e49-4457-a0de-ca589e2daf9f None None] ChassisOVNAgentWriteEvent : Matched Chassis_Private, create, None None {{(pid=104553) matches /opt/stack/neutron/neutron/plugins/ml2/drivers/ovn/mech_driver/ovsdb/ovsdb_monitor.py:64}}
Apr 28 20:10:34.813998 np0000171169 devstack@neutron-api.service[104553]: DEBUG neutron.plugins.ml2.drivers.ovn.mech_driver.ovsdb.ovsdb_monitor [None req-39b7e51c-2e49-4457-a0de-ca589e2daf9f None None] ChassisAgentWriteEvent : Matched Chassis_Private, create, None None {{(pid=104553) matches /opt/stack/neutron/neutron/plugins/ml2/drivers/ovn/mech_driver/ovsdb/ovsdb_monitor.py:64}}
Apr 28 20:10:34.815727 np0000171169 devstack@neutron-api.service[104554]: INFO ovsdbapp.backend.ovs_idl.vlog [None req-4ef6d537-242d-4a43-8254-2344261714ee None None] ssl:199.204.45.115:6642: connected
Apr 28 20:10:34.815979 np0000171169 devstack@neutron-api.service[104551]: WSGI app 0 (mountpoint='') ready in 7 seconds on interpreter 0x72cb590a3668 pid: 104551 (default app)
Apr 28 20:10:34.816997 np0000171169 devstack@neutron-api.service[104553]: INFO neutron.plugins.ml2.drivers.ovn.mech_driver.mech_driver [None req-39b7e51c-2e49-4457-a0de-ca589e2daf9f None None] WorkerService process has finished the post initialization
Apr 28 20:10:34.818158 np0000171169 devstack@neutron-api.service[104553]: WSGI app 0 (mountpoint='') ready in 7 seconds on interpreter 0x72cb590a3668 pid: 104553 (default app)
Apr 28 20:10:34.849713 np0000171169 devstack@neutron-api.service[104554]: DEBUG neutron.common.ovn.hash_ring_manager [None req-4ef6d537-242d-4a43-8254-2344261714ee None None] Allow caching, nodes 4>=4 {{(pid=104554) _wait_startup_before_caching /opt/stack/neutron/neutron/common/ovn/hash_ring_manager.py:65}}
Apr 28 20:10:34.853084 np0000171169 devstack@neutron-api.service[104554]: DEBUG neutron.common.ovn.hash_ring_manager [None req-4ef6d537-242d-4a43-8254-2344261714ee None None] Hash Ring loaded. 4 active nodes. 0 offline nodes {{(pid=104554) _load_hash_ring /opt/stack/neutron/neutron/common/ovn/hash_ring_manager.py:102}}
Apr 28 20:10:34.853290 np0000171169 devstack@neutron-api.service[104554]: DEBUG neutron.plugins.ml2.drivers.ovn.mech_driver.ovsdb.ovsdb_monitor [None req-4ef6d537-242d-4a43-8254-2344261714ee None None] ChassisOVNAgentWriteEvent : Matched Chassis_Private, create, None None {{(pid=104554) matches /opt/stack/neutron/neutron/plugins/ml2/drivers/ovn/mech_driver/ovsdb/ovsdb_monitor.py:64}}
Apr 28 20:10:34.853400 np0000171169 devstack@neutron-api.service[104554]: DEBUG neutron.plugins.ml2.drivers.ovn.mech_driver.ovsdb.ovsdb_monitor [None req-4ef6d537-242d-4a43-8254-2344261714ee None None] ChassisAgentWriteEvent : Matched Chassis_Private, create, None None {{(pid=104554) matches /opt/stack/neutron/neutron/plugins/ml2/drivers/ovn/mech_driver/ovsdb/ovsdb_monitor.py:64}}
Apr 28 20:10:34.855792 np0000171169 devstack@neutron-api.service[104554]: INFO neutron.plugins.ml2.drivers.ovn.mech_driver.mech_driver [None req-4ef6d537-242d-4a43-8254-2344261714ee None None] WorkerService process has finished the post initialization
Apr 28 20:10:34.857048 np0000171169 devstack@neutron-api.service[104554]: WSGI app 0 (mountpoint='') ready in 7 seconds on interpreter 0x72cb590a3668 pid: 104554 (default app)
Apr 28 20:10:36.488089 np0000171169 devstack@neutron-api.service[104551]: DEBUG neutron.plugins.ml2.drivers.ovn.mech_driver.ovsdb.ovsdb_monitor [-] Hash Ring: Node aee9c0c6ff0d580bbe4f9855950fe8ff (host: np0000171169) handling event "update" for row a2ddd494-3681-45c5-97b3-f110f0461f69 (table: Connection) {{(pid=104551) notify /opt/stack/neutron/neutron/plugins/ml2/drivers/ovn/mech_driver/ovsdb/ovsdb_monitor.py:914}}
Apr 28 20:10:36.491249 np0000171169 devstack@neutron-api.service[104552]: DEBUG neutron.common.ovn.hash_ring_manager [-] Allow caching, nodes 4>=4 {{(pid=104552) _wait_startup_before_caching /opt/stack/neutron/neutron/common/ovn/hash_ring_manager.py:65}}
Apr 28 20:10:36.491661 np0000171169 devstack@neutron-api.service[104552]: DEBUG neutron.plugins.ml2.drivers.ovn.mech_driver.ovsdb.ovsdb_monitor [-] Hash Ring: Node af54c79a5f3d5e3e811d04302775cf0b (host: np0000171169) handling event "update" for row a2ddd494-3681-45c5-97b3-f110f0461f69 (table: Connection) {{(pid=104552) notify /opt/stack/neutron/neutron/plugins/ml2/drivers/ovn/mech_driver/ovsdb/ovsdb_monitor.py:914}}
Apr 28 20:10:38.986187 np0000171169 devstack@neutron-api.service[104552]: DEBUG neutron.plugins.ml2.drivers.ovn.mech_driver.ovsdb.ovsdb_monitor [-] Hash Ring: Node af54c79a5f3d5e3e811d04302775cf0b (host: np0000171169) handling event "update" for row a2ddd494-3681-45c5-97b3-f110f0461f69 (table: Connection) {{(pid=104552) notify /opt/stack/neutron/neutron/plugins/ml2/drivers/ovn/mech_driver/ovsdb/ovsdb_monitor.py:914}}
Apr 28 20:10:38.986974 np0000171169 devstack@neutron-api.service[104551]: DEBUG neutron.plugins.ml2.drivers.ovn.mech_driver.ovsdb.ovsdb_monitor [-] Hash Ring: Node aee9c0c6ff0d580bbe4f9855950fe8ff (host: np0000171169) handling event "update" for row a2ddd494-3681-45c5-97b3-f110f0461f69 (table: Connection) {{(pid=104551) notify /opt/stack/neutron/neutron/plugins/ml2/drivers/ovn/mech_driver/ovsdb/ovsdb_monitor.py:914}}
Apr 28 20:10:40.849058 np0000171169 devstack@neutron-api.service[104552]: DEBUG neutron.api.wsgi [None req-edc04a15-30d1-45fd-8576-874a49dc7780 admin admin] Missing Content-Type {{(pid=104552) get_content_type /opt/stack/neutron/neutron/api/wsgi.py:80}}
Apr 28 20:10:40.849495 np0000171169 devstack@neutron-api.service[104552]: DEBUG neutron.api.wsgi [None req-edc04a15-30d1-45fd-8576-874a49dc7780 admin admin] https://199.204.45.115/networking/v2.0/extensions returned with HTTP 200 {{(pid=104552) __call__ /opt/stack/neutron/neutron/api/wsgi.py:540}}
Apr 28 20:10:40.849788 np0000171169 devstack@neutron-api.service[104552]: [pid: 104552|app: 0|req: 2/2] 199.204.45.115 () {64 vars in 1323 bytes} [Tue Apr 28 20:10:40 2026] GET /networking/v2.0/extensions => generated 15209 bytes in 417 msecs (HTTP/1.1 200) 4 headers in 159 bytes (1 switches on core 0)
Apr 28 20:10:41.236153 np0000171169 devstack@neutron-api.service[104551]: DEBUG neutron.api.v2.base [None req-8aa8f9bd-dedd-4530-87ef-fa2a30628bc0 admin admin] Request body: {'subnetpool': {'default_prefixlen': 26, 'name': 'shared-default-subnetpool-v4', 'shared': True, 'is_default': True, 'prefixes': ['10.1.0.0/20']}} {{(pid=104551) prepare_request_body /opt/stack/neutron/neutron/api/v2/base.py:727}}
Apr 28 20:10:41.434255 np0000171169 devstack@neutron-api.service[104551]: DEBUG neutron.policy [None req-8aa8f9bd-dedd-4530-87ef-fa2a30628bc0 admin admin] Loaded default policies from ['neutron'] under neutron.policies entry points {{(pid=104551) register_rules /opt/stack/neutron/neutron/policy.py:65}}
Apr 28 20:10:41.580094 np0000171169 devstack@neutron-api.service[104551]: DEBUG neutron_lib.callbacks.manager [None req-8aa8f9bd-dedd-4530-87ef-fa2a30628bc0 admin admin] Publish callbacks ['neutron.objects.securitygroup.RbacNeutronDbObjectMixin.validate_rbac_policy_change-1537840850571', 'neutron.objects.address_group.RbacNeutronDbObjectMixin.validate_rbac_policy_change-1537840891006', 'neutron.objects.network.RbacNeutronDbObjectMixin.validate_rbac_policy_change-1537840874421', 'neutron.objects.qos.policy.RbacNeutronDbObjectMixin.validate_rbac_policy_change-1537840881295', 'neutron.objects.subnetpool.RbacNeutronDbObjectMixin.validate_rbac_policy_change-1537840917874', 'neutron.objects.address_scope.RbacNeutronDbObjectMixin.validate_rbac_policy_change-1537840879672', 'neutron.plugins.ml2.plugin.External_net_db_mixin._process_ext_policy_create-112369', 'neutron.plugins.ml2.plugin.NeutronDbPluginV2.validate_network_rbac_policy_change-116561'] for rbac-policy (None), before_create {{(pid=104551) _notify_loop /opt/stack/data/venv/lib/python3.12/site-packages/neutron_lib/callbacks/manager.py:184}}
Apr 28 20:10:41.630639 np0000171169 devstack@neutron-api.service[104551]: DEBUG neutron_lib.callbacks.manager [None req-8aa8f9bd-dedd-4530-87ef-fa2a30628bc0 admin admin] Publish callbacks [] for subnetpool (None), before_response {{(pid=104551) _notify_loop /opt/stack/data/venv/lib/python3.12/site-packages/neutron_lib/callbacks/manager.py:184}}
Apr 28 20:10:41.631258 np0000171169 devstack@neutron-api.service[104551]: [pid: 104551|app: 0|req: 1/3] 199.204.45.115 () {68 vars in 1367 bytes} [Tue Apr 28 20:10:41 2026] POST /networking/v2.0/subnetpools => generated 533 bytes in 497 msecs (HTTP/1.1 201) 4 headers in 162 bytes (1 switches on core 0)
Apr 28 20:10:41.948656 np0000171169 devstack@neutron-api.service[104553]: DEBUG neutron.api.v2.base [None req-c6a62e20-87cc-431c-abf1-9d16d29a47d7 admin admin] Request body: {'subnetpool': {'default_prefixlen': 64, 'name': 'shared-default-subnetpool-v6', 'shared': True, 'is_default': True, 'prefixes': ['fd12:215f:9491::/56']}} {{(pid=104553) prepare_request_body /opt/stack/neutron/neutron/api/v2/base.py:727}}
Apr 28 20:10:42.118430 np0000171169 devstack@neutron-api.service[104553]: DEBUG neutron.policy [None req-c6a62e20-87cc-431c-abf1-9d16d29a47d7 admin admin] Loaded default policies from ['neutron'] under neutron.policies entry points {{(pid=104553) register_rules /opt/stack/neutron/neutron/policy.py:65}}
Apr 28 20:10:42.283014 np0000171169 devstack@neutron-api.service[104553]: DEBUG neutron_lib.callbacks.manager [None req-c6a62e20-87cc-431c-abf1-9d16d29a47d7 admin admin] Publish callbacks ['neutron.objects.securitygroup.RbacNeutronDbObjectMixin.validate_rbac_policy_change-1537833989316', 'neutron.objects.address_group.RbacNeutronDbObjectMixin.validate_rbac_policy_change-1537833962689', 'neutron.objects.network.RbacNeutronDbObjectMixin.validate_rbac_policy_change-1537840652001', 'neutron.objects.qos.policy.RbacNeutronDbObjectMixin.validate_rbac_policy_change-1537840632754', 'neutron.objects.subnetpool.RbacNeutronDbObjectMixin.validate_rbac_policy_change-1537840635565', 'neutron.objects.address_scope.RbacNeutronDbObjectMixin.validate_rbac_policy_change-1537840643526', 'neutron.plugins.ml2.plugin.External_net_db_mixin._process_ext_policy_create-1122592', 'neutron.plugins.ml2.plugin.NeutronDbPluginV2.validate_network_rbac_policy_change-1144384'] for rbac-policy (None), before_create {{(pid=104553) _notify_loop /opt/stack/data/venv/lib/python3.12/site-packages/neutron_lib/callbacks/manager.py:184}}
Apr 28 20:10:42.329207 np0000171169 devstack@neutron-api.service[104553]: DEBUG neutron_lib.callbacks.manager [None req-c6a62e20-87cc-431c-abf1-9d16d29a47d7 admin admin] Publish callbacks [] for subnetpool (None), before_response {{(pid=104553) _notify_loop /opt/stack/data/venv/lib/python3.12/site-packages/neutron_lib/callbacks/manager.py:184}}
Apr 28 20:10:42.329691 np0000171169 devstack@neutron-api.service[104553]: [pid: 104553|app: 0|req: 1/4] 199.204.45.115 () {68 vars in 1367 bytes} [Tue Apr 28 20:10:41 2026] POST /networking/v2.0/subnetpools => generated 543 bytes in 488 msecs (HTTP/1.1 201) 4 headers in 162 bytes (1 switches on core 0)
Apr 28 20:10:42.727237 np0000171169 devstack@neutron-api.service[104554]: DEBUG neutron.api.v2.base [None req-233fbf8c-7613-4086-94a5-98a690b827a3 admin admin] Request body: {'network': {'admin_state_up': True, 'name': 'private'}} {{(pid=104554) prepare_request_body /opt/stack/neutron/neutron/api/v2/base.py:727}}
Apr 28 20:10:42.758636 np0000171169 devstack@neutron-api.service[104554]: DEBUG neutron.pecan_wsgi.hooks.quota_enforcement [None req-233fbf8c-7613-4086-94a5-98a690b827a3 admin admin] Made reservation on behalf of bb83365944e94134b024afa11cade0f1 for: {'network': 1} {{(pid=104554) before /opt/stack/neutron/neutron/pecan_wsgi/hooks/quota_enforcement.py:66}}
Apr 28 20:10:42.931480 np0000171169 devstack@neutron-api.service[104554]: DEBUG neutron.policy [None req-233fbf8c-7613-4086-94a5-98a690b827a3 admin admin] Loaded default policies from ['neutron'] under neutron.policies entry points {{(pid=104554) register_rules /opt/stack/neutron/neutron/policy.py:65}}
Apr 28 20:10:43.033817 np0000171169 devstack@neutron-api.service[104554]: DEBUG neutron_lib.callbacks.manager [None req-233fbf8c-7613-4086-94a5-98a690b827a3 admin admin] Publish callbacks ['neutron.plugins.ml2.plugin.SecurityGroupDbMixin._ensure_default_security_group_handler-1389588'] for network (None), before_create {{(pid=104554) _notify_loop /opt/stack/data/venv/lib/python3.12/site-packages/neutron_lib/callbacks/manager.py:184}}
Apr 28 20:10:43.054681 np0000171169 devstack@neutron-api.service[104554]: DEBUG neutron_lib.callbacks.manager [None req-233fbf8c-7613-4086-94a5-98a690b827a3 admin admin] Publish callbacks [] for security_group (None), before_create {{(pid=104554) _notify_loop /opt/stack/data/venv/lib/python3.12/site-packages/neutron_lib/callbacks/manager.py:184}}
Apr 28 20:10:43.147666 np0000171169 devstack@neutron-api.service[104554]: DEBUG neutron_lib.callbacks.manager [None req-233fbf8c-7613-4086-94a5-98a690b827a3 admin admin] Publish callbacks ['neutron.plugins.ml2.drivers.ovn.mech_driver.mech_driver.OVNMechanismDriver._create_security_group_precommit-4141965'] for security_group (35432f9a-7dea-4a71-94fb-d21b4393e5d7), precommit_create {{(pid=104554) _notify_loop /opt/stack/data/venv/lib/python3.12/site-packages/neutron_lib/callbacks/manager.py:184}}
Apr 28 20:10:43.147846 np0000171169 devstack@neutron-api.service[104554]: DEBUG neutron.db.ovn_revision_numbers_db [None req-233fbf8c-7613-4086-94a5-98a690b827a3 admin admin] create_initial_revision uuid=35432f9a-7dea-4a71-94fb-d21b4393e5d7, type=security_groups, rev=-1 {{(pid=104554) create_initial_revision /opt/stack/neutron/neutron/db/ovn_revision_numbers_db.py:98}}
Apr 28 20:10:43.149941 np0000171169 devstack@neutron-api.service[104554]: DEBUG neutron.db.ovn_revision_numbers_db [None req-233fbf8c-7613-4086-94a5-98a690b827a3 admin admin] create_initial_revision uuid=4b914a85-4a7c-4ee3-bd1e-6f269cbf766d, type=security_group_rules, rev=-1 {{(pid=104554) create_initial_revision /opt/stack/neutron/neutron/db/ovn_revision_numbers_db.py:98}}
Apr 28 20:10:43.150986 np0000171169 devstack@neutron-api.service[104554]: DEBUG neutron.db.ovn_revision_numbers_db [None req-233fbf8c-7613-4086-94a5-98a690b827a3 admin admin] create_initial_revision uuid=7342d23f-3ac6-4c8f-b8d4-c19d6ea43774, type=security_group_rules, rev=-1 {{(pid=104554) create_initial_revision /opt/stack/neutron/neutron/db/ovn_revision_numbers_db.py:98}}
Apr 28 20:10:43.152016 np0000171169 devstack@neutron-api.service[104554]: DEBUG neutron.db.ovn_revision_numbers_db [None req-233fbf8c-7613-4086-94a5-98a690b827a3 admin admin] create_initial_revision uuid=d4a40e7c-9b99-4fbb-9ff6-d2260644c3f1, type=security_group_rules, rev=-1 {{(pid=104554) create_initial_revision /opt/stack/neutron/neutron/db/ovn_revision_numbers_db.py:98}}
Apr 28 20:10:43.153020 np0000171169 devstack@neutron-api.service[104554]: DEBUG neutron.db.ovn_revision_numbers_db [None req-233fbf8c-7613-4086-94a5-98a690b827a3 admin admin] create_initial_revision uuid=ee023fc0-3d3f-4915-b596-e3ec69cca11f, type=security_group_rules, rev=-1 {{(pid=104554) create_initial_revision /opt/stack/neutron/neutron/db/ovn_revision_numbers_db.py:98}}
Apr 28 20:10:43.159970 np0000171169 devstack@neutron-api.service[104554]: DEBUG neutron_lib.callbacks.manager [None req-233fbf8c-7613-4086-94a5-98a690b827a3 admin admin] Publish callbacks ['neutron.plugins.ml2.drivers.ovn.mech_driver.mech_driver.OVNMechanismDriver._create_security_group-4141975', 'neutron.plugins.ml2.ovo_rpc._ObjectChangeHandler.handle_event-2302215'] for security_group (35432f9a-7dea-4a71-94fb-d21b4393e5d7), after_create {{(pid=104554) _notify_loop /opt/stack/data/venv/lib/python3.12/site-packages/neutron_lib/callbacks/manager.py:184}}
Apr 28 20:10:43.160159 np0000171169 devstack@neutron-api.service[104554]: INFO neutron.plugins.ml2.drivers.ovn.mech_driver.ovsdb.extensions.qos [None req-233fbf8c-7613-4086-94a5-98a690b827a3 admin admin] Starting OVNClientQosExtension
Apr 28 20:10:43.160322 np0000171169 devstack@neutron-api.service[104554]: INFO neutron.plugins.ml2.drivers.ovn.mech_driver.ovsdb.extensions.placement [None req-233fbf8c-7613-4086-94a5-98a690b827a3 admin admin] Starting OVNClientPlacementExtension
Apr 28 20:10:43.161834 np0000171169 devstack@neutron-api.service[104554]: DEBUG ovsdbapp.backend.ovs_idl.transaction [-] Running txn n=1 command(idx=0): PgAddCommand(_result=None, name=pg_35432f9a_7dea_4a71_94fb_d21b4393e5d7, may_exist=False, columns={'acls': [], 'external_ids': {'neutron:security_group_id': '35432f9a-7dea-4a71-94fb-d21b4393e5d7'}}) {{(pid=104554) do_commit /opt/stack/data/venv/lib/python3.12/site-packages/ovsdbapp/backend/ovs_idl/transaction.py:89}}
Apr 28 20:10:43.164017 np0000171169 devstack@neutron-api.service[104554]: DEBUG ovsdbapp.backend.ovs_idl.transaction [-] Running txn n=1 command(idx=1): PgAclAddCommand(_result=None, entity=pg_35432f9a_7dea_4a71_94fb_d21b4393e5d7, direction=from-lport, priority=1002, match=inport == @pg_35432f9a_7dea_4a71_94fb_d21b4393e5d7 && ip4, action=allow-related, log=False, may_exist=True, severity=[], name=[], meter=[], external_ids={'neutron:security_group_rule_id': '4b914a85-4a7c-4ee3-bd1e-6f269cbf766d'}) {{(pid=104554) do_commit /opt/stack/data/venv/lib/python3.12/site-packages/ovsdbapp/backend/ovs_idl/transaction.py:89}}
Apr 28 20:10:43.164646 np0000171169 devstack@neutron-api.service[104554]: DEBUG ovsdbapp.backend.ovs_idl.transaction [-] Running txn n=1 command(idx=2): PgAclAddCommand(_result=None, entity=pg_35432f9a_7dea_4a71_94fb_d21b4393e5d7, direction=from-lport, priority=1002, match=inport == @pg_35432f9a_7dea_4a71_94fb_d21b4393e5d7 && ip6, action=allow-related, log=False, may_exist=True, severity=[], name=[], meter=[], external_ids={'neutron:security_group_rule_id': '7342d23f-3ac6-4c8f-b8d4-c19d6ea43774'}) {{(pid=104554) do_commit /opt/stack/data/venv/lib/python3.12/site-packages/ovsdbapp/backend/ovs_idl/transaction.py:89}}
Apr 28 20:10:43.165140 np0000171169 devstack@neutron-api.service[104554]: DEBUG ovsdbapp.backend.ovs_idl.transaction [-] Running txn n=1 command(idx=3): PgAclAddCommand(_result=None, entity=pg_35432f9a_7dea_4a71_94fb_d21b4393e5d7, direction=to-lport, priority=1002, match=outport == @pg_35432f9a_7dea_4a71_94fb_d21b4393e5d7 && ip6 && ip6.src == $pg_35432f9a_7dea_4a71_94fb_d21b4393e5d7_ip6, action=allow-related, log=False, may_exist=True, severity=[], name=[], meter=[], external_ids={'neutron:security_group_rule_id': 'd4a40e7c-9b99-4fbb-9ff6-d2260644c3f1'}) {{(pid=104554) do_commit /opt/stack/data/venv/lib/python3.12/site-packages/ovsdbapp/backend/ovs_idl/transaction.py:89}}
Apr 28 20:10:43.165634 np0000171169 devstack@neutron-api.service[104554]: DEBUG ovsdbapp.backend.ovs_idl.transaction [-] Running txn n=1 command(idx=4): PgAclAddCommand(_result=None, entity=pg_35432f9a_7dea_4a71_94fb_d21b4393e5d7, direction=to-lport, priority=1002, match=outport == @pg_35432f9a_7dea_4a71_94fb_d21b4393e5d7 && ip4 && ip4.src == $pg_35432f9a_7dea_4a71_94fb_d21b4393e5d7_ip4, action=allow-related, log=False, may_exist=True, severity=[], name=[], meter=[], external_ids={'neutron:security_group_rule_id': 'ee023fc0-3d3f-4915-b596-e3ec69cca11f'}) {{(pid=104554) do_commit /opt/stack/data/venv/lib/python3.12/site-packages/ovsdbapp/backend/ovs_idl/transaction.py:89}}
Apr 28 20:10:43.171354 np0000171169 devstack@neutron-api.service[104554]: DEBUG neutron.plugins.ml2.drivers.ovn.mech_driver.ovsdb.ovsdb_monitor [-] Hash Ring: Node 840f3bcb19eb56d7a120aa4385b8b79e (host: np0000171169) handling event "create" for row a0e92eb6-07bc-4a80-8d32-ff8c38fb04b5 (table: ACL) {{(pid=104554) notify /opt/stack/neutron/neutron/plugins/ml2/drivers/ovn/mech_driver/ovsdb/ovsdb_monitor.py:914}}
Apr 28 20:10:43.171602 np0000171169 devstack@neutron-api.service[104554]: DEBUG neutron.plugins.ml2.drivers.ovn.mech_driver.ovsdb.ovsdb_monitor [-] Hash Ring: Node 840f3bcb19eb56d7a120aa4385b8b79e (host: np0000171169) handling event "create" for row c4c798e5-adfb-4d78-9496-81879a0e9c6c (table: ACL) {{(pid=104554) notify /opt/stack/neutron/neutron/plugins/ml2/drivers/ovn/mech_driver/ovsdb/ovsdb_monitor.py:914}}
Apr 28 20:10:43.171746 np0000171169 devstack@neutron-api.service[104554]: DEBUG neutron.plugins.ml2.drivers.ovn.mech_driver.ovsdb.ovsdb_monitor [-] Hash Ring: Node 840f3bcb19eb56d7a120aa4385b8b79e (host: np0000171169) handling event "create" for row 8e49d29f-6306-439d-9147-1b6d5e8b7871 (table: Port_Group) {{(pid=104554) notify /opt/stack/neutron/neutron/plugins/ml2/drivers/ovn/mech_driver/ovsdb/ovsdb_monitor.py:914}}
Apr 28 20:10:43.174967 np0000171169 devstack@neutron-api.service[104552]: DEBUG neutron.plugins.ml2.drivers.ovn.mech_driver.ovsdb.ovsdb_monitor [-] Hash Ring: Node af54c79a5f3d5e3e811d04302775cf0b (host: np0000171169) handling event "create" for row 33a69139-5709-479e-8539-93941a65807d (table: ACL) {{(pid=104552) notify /opt/stack/neutron/neutron/plugins/ml2/drivers/ovn/mech_driver/ovsdb/ovsdb_monitor.py:914}}
Apr 28 20:10:43.175407 np0000171169 devstack@neutron-api.service[104552]: DEBUG neutron.plugins.ml2.drivers.ovn.mech_driver.ovsdb.ovsdb_monitor [-] Hash Ring: Node af54c79a5f3d5e3e811d04302775cf0b (host: np0000171169) handling event "create" for row 5071f5cd-f38a-40de-879f-654d35312f60 (table: ACL) {{(pid=104552) notify /opt/stack/neutron/neutron/plugins/ml2/drivers/ovn/mech_driver/ovsdb/ovsdb_monitor.py:914}}
Apr 28 20:10:43.175714 np0000171169 devstack@neutron-api.service[104552]: DEBUG neutron.plugins.ml2.drivers.ovn.mech_driver.ovsdb.ovsdb_monitor [-] Hash Ring: Node af54c79a5f3d5e3e811d04302775cf0b (host: np0000171169) handling event "create" for row a0e92eb6-07bc-4a80-8d32-ff8c38fb04b5 (table: ACL) {{(pid=104552) notify /opt/stack/neutron/neutron/plugins/ml2/drivers/ovn/mech_driver/ovsdb/ovsdb_monitor.py:914}}
Apr 28 20:10:43.175984 np0000171169 devstack@neutron-api.service[104552]: DEBUG neutron.plugins.ml2.drivers.ovn.mech_driver.ovsdb.ovsdb_monitor [-] Hash Ring: Node af54c79a5f3d5e3e811d04302775cf0b (host: np0000171169) handling event "create" for row c4c798e5-adfb-4d78-9496-81879a0e9c6c (table: ACL) {{(pid=104552) notify /opt/stack/neutron/neutron/plugins/ml2/drivers/ovn/mech_driver/ovsdb/ovsdb_monitor.py:914}}
Apr 28 20:10:43.176240 np0000171169 devstack@neutron-api.service[104552]: DEBUG neutron.plugins.ml2.drivers.ovn.mech_driver.ovsdb.ovsdb_monitor [-] Hash Ring: Node af54c79a5f3d5e3e811d04302775cf0b (host: np0000171169) handling event "create" for row 8e49d29f-6306-439d-9147-1b6d5e8b7871 (table: Port_Group) {{(pid=104552) notify /opt/stack/neutron/neutron/plugins/ml2/drivers/ovn/mech_driver/ovsdb/ovsdb_monitor.py:914}}
Apr 28 20:10:43.177468 np0000171169 devstack@neutron-api.service[104553]: DEBUG neutron.plugins.ml2.drivers.ovn.mech_driver.ovsdb.ovsdb_monitor [-] Hash Ring: Node ab1f05e2ab805fbf8ca006e41d7e267f (host: np0000171169) handling event "create" for row 33a69139-5709-479e-8539-93941a65807d (table: ACL) {{(pid=104553) notify /opt/stack/neutron/neutron/plugins/ml2/drivers/ovn/mech_driver/ovsdb/ovsdb_monitor.py:914}}
Apr 28 20:10:43.177941 np0000171169 devstack@neutron-api.service[104553]: DEBUG neutron.plugins.ml2.drivers.ovn.mech_driver.ovsdb.ovsdb_monitor [-] Hash Ring: Node ab1f05e2ab805fbf8ca006e41d7e267f (host: np0000171169) handling event "create" for row 5071f5cd-f38a-40de-879f-654d35312f60 (table: ACL) {{(pid=104553) notify /opt/stack/neutron/neutron/plugins/ml2/drivers/ovn/mech_driver/ovsdb/ovsdb_monitor.py:914}}
Apr 28 20:10:43.204646 np0000171169 devstack@neutron-api.service[104554]: INFO neutron.db.ovn_revision_numbers_db [None req-233fbf8c-7613-4086-94a5-98a690b827a3 admin admin] Successfully bumped revision number for resource 35432f9a-7dea-4a71-94fb-d21b4393e5d7 (type: security_groups) to 1
Apr 28 20:10:43.221008 np0000171169 devstack@neutron-api.service[104554]: INFO neutron.db.ovn_revision_numbers_db [None req-233fbf8c-7613-4086-94a5-98a690b827a3 admin admin] Successfully bumped revision number for resource 4b914a85-4a7c-4ee3-bd1e-6f269cbf766d (type: security_group_rules) to 0
Apr 28 20:10:43.232711 np0000171169 devstack@neutron-api.service[104554]: INFO neutron.db.ovn_revision_numbers_db [None req-233fbf8c-7613-4086-94a5-98a690b827a3 admin admin] Successfully bumped revision number for resource 7342d23f-3ac6-4c8f-b8d4-c19d6ea43774 (type: security_group_rules) to 0
Apr 28 20:10:43.245464 np0000171169 devstack@neutron-api.service[104554]: INFO neutron.db.ovn_revision_numbers_db [None req-233fbf8c-7613-4086-94a5-98a690b827a3 admin admin] Successfully bumped revision number for resource d4a40e7c-9b99-4fbb-9ff6-d2260644c3f1 (type: security_group_rules) to 0
Apr 28 20:10:43.257332 np0000171169 devstack@neutron-api.service[104554]: INFO neutron.db.ovn_revision_numbers_db [None req-233fbf8c-7613-4086-94a5-98a690b827a3 admin admin] Successfully bumped revision number for resource ee023fc0-3d3f-4915-b596-e3ec69cca11f (type: security_group_rules) to 0
Apr 28 20:10:43.279983 np0000171169 devstack@neutron-api.service[104554]: DEBUG neutron.api.rpc.handlers.resources_rpc [None req-233fbf8c-7613-4086-94a5-98a690b827a3 admin admin] Pushing event updated for resources: {'SecurityGroup': ['ID=35432f9a-7dea-4a71-94fb-d21b4393e5d7,revision_number=1']} {{(pid=104554) push /opt/stack/neutron/neutron/api/rpc/handlers/resources_rpc.py:237}}
Apr 28 20:10:43.288778 np0000171169 devstack@neutron-api.service[104554]: DEBUG ovsdbapp.backend.ovs_idl.transaction [-] Running txn n=1 command(idx=0): CheckLivenessCommand(_result=None) {{(pid=104554) do_commit /opt/stack/data/venv/lib/python3.12/site-packages/ovsdbapp/backend/ovs_idl/transaction.py:89}}
Apr 28 20:10:43.294192 np0000171169 devstack@neutron-api.service[104551]: DEBUG neutron.plugins.ml2.drivers.ovn.mech_driver.ovsdb.ovsdb_monitor [-] Hash Ring: Node aee9c0c6ff0d580bbe4f9855950fe8ff (host: np0000171169) handling event "update" for row 7e8b789a-2f34-467a-a40b-6a2187392055 (table: NB_Global) {{(pid=104551) notify /opt/stack/neutron/neutron/plugins/ml2/drivers/ovn/mech_driver/ovsdb/ovsdb_monitor.py:914}}
Apr 28 20:10:43.295929 np0000171169 devstack@neutron-api.service[104552]: DEBUG neutron.plugins.ml2.drivers.ovn.mech_driver.ovsdb.ovsdb_monitor [-] Hash Ring: Node af54c79a5f3d5e3e811d04302775cf0b (host: np0000171169) handling event "update" for row 7e8b789a-2f34-467a-a40b-6a2187392055 (table: NB_Global) {{(pid=104552) notify /opt/stack/neutron/neutron/plugins/ml2/drivers/ovn/mech_driver/ovsdb/ovsdb_monitor.py:914}}
Apr 28 20:10:43.296107 np0000171169 devstack@neutron-api.service[104554]: DEBUG neutron.api.rpc.callbacks.version_manager [None req-233fbf8c-7613-4086-94a5-98a690b827a3 admin admin] Tracked resource versions report:
Apr 28 20:10:43.296107 np0000171169 devstack@neutron-api.service[104554]: pushed versions:
Apr 28 20:10:43.296107 np0000171169 devstack@neutron-api.service[104554]: { 'AddressGroup': {'1.2'},
Apr 28 20:10:43.296107 np0000171169 devstack@neutron-api.service[104554]: 'Agent': {'1.1'},
Apr 28 20:10:43.296107 np0000171169 devstack@neutron-api.service[104554]: 'ConntrackHelper': {'1.0'},
Apr 28 20:10:43.296107 np0000171169 devstack@neutron-api.service[104554]: 'LocalIPAssociation': {'1.0'},
Apr 28 20:10:43.296107 np0000171169 devstack@neutron-api.service[104554]: 'Log': {'1.0'},
Apr 28 20:10:43.296107 np0000171169 devstack@neutron-api.service[104554]: 'NDPProxy': {'1.0'},
Apr 28 20:10:43.296107 np0000171169 devstack@neutron-api.service[104554]: 'Network': {'1.2'},
Apr 28 20:10:43.296107 np0000171169 devstack@neutron-api.service[104554]: 'Port': {'1.10'},
Apr 28 20:10:43.296107 np0000171169 devstack@neutron-api.service[104554]: 'PortForwarding': {'1.3'},
Apr 28 20:10:43.296107 np0000171169 devstack@neutron-api.service[104554]: 'QosPolicy': {'1.10'},
Apr 28 20:10:43.296107 np0000171169 devstack@neutron-api.service[104554]: 'SecurityGroup': {'1.6'},
Apr 28 20:10:43.296107 np0000171169 devstack@neutron-api.service[104554]: 'SecurityGroupRule': {'1.3'},
Apr 28 20:10:43.296107 np0000171169 devstack@neutron-api.service[104554]: 'SubPort': {'1.0'},
Apr 28 20:10:43.296107 np0000171169 devstack@neutron-api.service[104554]: 'Subnet': {'1.2'},
Apr 28 20:10:43.296107 np0000171169 devstack@neutron-api.service[104554]: 'Trunk': {'1.1'}}
Apr 28 20:10:43.296107 np0000171169 devstack@neutron-api.service[104554]: consumer versions:
Apr 28 20:10:43.296107 np0000171169 devstack@neutron-api.service[104554]: {}
Apr 28 20:10:43.296107 np0000171169 devstack@neutron-api.service[104554]: {{(pid=104554) report /opt/stack/neutron/neutron/api/rpc/callbacks/version_manager.py:183}}
Apr 28 20:10:43.297057 np0000171169 devstack@neutron-api.service[104551]: DEBUG neutron.plugins.ml2.drivers.ovn.mech_driver.ovsdb.ovsdb_monitor [-] Hash Ring: Node aee9c0c6ff0d580bbe4f9855950fe8ff (host: np0000171169) handling event "update" for row 7e8b789a-2f34-467a-a40b-6a2187392055 (table: NB_Global) {{(pid=104551) notify /opt/stack/neutron/neutron/plugins/ml2/drivers/ovn/mech_driver/ovsdb/ovsdb_monitor.py:914}}
Apr 28 20:10:43.297194 np0000171169 devstack@neutron-api.service[104552]: DEBUG neutron.plugins.ml2.drivers.ovn.mech_driver.ovsdb.ovsdb_monitor [-] Hash Ring: Node af54c79a5f3d5e3e811d04302775cf0b (host: np0000171169) handling event "update" for row 7e8b789a-2f34-467a-a40b-6a2187392055 (table: NB_Global) {{(pid=104552) notify /opt/stack/neutron/neutron/plugins/ml2/drivers/ovn/mech_driver/ovsdb/ovsdb_monitor.py:914}}
Apr 28 20:10:43.297194 np0000171169 devstack@neutron-api.service[104552]: DEBUG neutron.plugins.ml2.drivers.ovn.mech_driver.ovsdb.ovsdb_monitor [-] Hash Ring: Node af54c79a5f3d5e3e811d04302775cf0b (host: np0000171169) handling event "update" for row 7e8b789a-2f34-467a-a40b-6a2187392055 (table: NB_Global) {{(pid=104552) notify /opt/stack/neutron/neutron/plugins/ml2/drivers/ovn/mech_driver/ovsdb/ovsdb_monitor.py:914}}
Apr 28 20:10:43.297194 np0000171169 devstack@neutron-api.service[104552]: DEBUG neutron.plugins.ml2.drivers.ovn.mech_driver.ovsdb.ovsdb_monitor [-] ChassisAgentWriteEvent : Matched Chassis_Private, update, None None {{(pid=104552) matches /opt/stack/neutron/neutron/plugins/ml2/drivers/ovn/mech_driver/ovsdb/ovsdb_monitor.py:64}}
Apr 28 20:10:43.298791 np0000171169 devstack@neutron-api.service[104553]: DEBUG neutron.plugins.ml2.drivers.ovn.mech_driver.ovsdb.ovsdb_monitor [-] ChassisAgentWriteEvent : Matched Chassis_Private, update, None None {{(pid=104553) matches /opt/stack/neutron/neutron/plugins/ml2/drivers/ovn/mech_driver/ovsdb/ovsdb_monitor.py:64}}
Apr 28 20:10:43.298933 np0000171169 devstack@neutron-api.service[104551]: DEBUG neutron.plugins.ml2.drivers.ovn.mech_driver.ovsdb.ovsdb_monitor [-] Hash Ring: Node aee9c0c6ff0d580bbe4f9855950fe8ff (host: np0000171169) handling event "update" for row 7e8b789a-2f34-467a-a40b-6a2187392055 (table: NB_Global) {{(pid=104551) notify /opt/stack/neutron/neutron/plugins/ml2/drivers/ovn/mech_driver/ovsdb/ovsdb_monitor.py:914}}
Apr 28 20:10:43.301611 np0000171169 devstack@neutron-api.service[104551]: DEBUG neutron.plugins.ml2.drivers.ovn.mech_driver.ovsdb.ovsdb_monitor [-] ChassisAgentWriteEvent : Matched Chassis_Private, update, None None {{(pid=104551) matches /opt/stack/neutron/neutron/plugins/ml2/drivers/ovn/mech_driver/ovsdb/ovsdb_monitor.py:64}}
Apr 28 20:10:43.301856 np0000171169 devstack@neutron-api.service[104554]: DEBUG neutron.plugins.ml2.drivers.ovn.mech_driver.ovsdb.ovsdb_monitor [-] ChassisAgentWriteEvent : Matched Chassis_Private, update, None None {{(pid=104554) matches /opt/stack/neutron/neutron/plugins/ml2/drivers/ovn/mech_driver/ovsdb/ovsdb_monitor.py:64}}
Apr 28 20:10:43.302304 np0000171169 devstack@neutron-api.service[104552]: DEBUG neutron.plugins.ml2.drivers.ovn.mech_driver.ovsdb.ovsdb_monitor [-] Hash Ring: Node af54c79a5f3d5e3e811d04302775cf0b (host: np0000171169) handling event "update" for row 7e8b789a-2f34-467a-a40b-6a2187392055 (table: NB_Global) {{(pid=104552) notify /opt/stack/neutron/neutron/plugins/ml2/drivers/ovn/mech_driver/ovsdb/ovsdb_monitor.py:914}}
Apr 28 20:10:43.302364 np0000171169 devstack@neutron-api.service[104551]: DEBUG neutron.plugins.ml2.drivers.ovn.mech_driver.ovsdb.ovsdb_monitor [-] Hash Ring: Node aee9c0c6ff0d580bbe4f9855950fe8ff (host: np0000171169) handling event "update" for row 8596c95c-d0c4-4479-be3e-e58a9e9325e6 (table: Chassis_Private) {{(pid=104551) notify /opt/stack/neutron/neutron/plugins/ml2/drivers/ovn/mech_driver/ovsdb/ovsdb_monitor.py:914}}
Apr 28 20:10:43.302745 np0000171169 devstack@neutron-api.service[104553]: DEBUG neutron.plugins.ml2.drivers.ovn.mech_driver.ovsdb.ovsdb_monitor [-] ChassisOVNAgentWriteEvent : Matched Chassis_Private, update, None None {{(pid=104553) matches /opt/stack/neutron/neutron/plugins/ml2/drivers/ovn/mech_driver/ovsdb/ovsdb_monitor.py:64}}
Apr 28 20:10:43.302958 np0000171169 devstack@neutron-api.service[104552]: DEBUG neutron.common.ovn.hash_ring_manager [-] Allow caching, nodes 4>=4 {{(pid=104552) _wait_startup_before_caching /opt/stack/neutron/neutron/common/ovn/hash_ring_manager.py:65}}
Apr 28 20:10:43.303243 np0000171169 devstack@neutron-api.service[104551]: DEBUG neutron.plugins.ml2.drivers.ovn.mech_driver.ovsdb.ovsdb_monitor [-] Hash Ring: Node aee9c0c6ff0d580bbe4f9855950fe8ff (host: np0000171169) handling event "update" for row 7e8b789a-2f34-467a-a40b-6a2187392055 (table: NB_Global) {{(pid=104551) notify /opt/stack/neutron/neutron/plugins/ml2/drivers/ovn/mech_driver/ovsdb/ovsdb_monitor.py:914}}
Apr 28 20:10:43.303316 np0000171169 devstack@neutron-api.service[104552]: DEBUG neutron.plugins.ml2.drivers.ovn.mech_driver.ovsdb.ovsdb_monitor [-] Hash Ring: Node af54c79a5f3d5e3e811d04302775cf0b (host: np0000171169) handling event "update" for row 8596c95c-d0c4-4479-be3e-e58a9e9325e6 (table: Chassis_Private) {{(pid=104552) notify /opt/stack/neutron/neutron/plugins/ml2/drivers/ovn/mech_driver/ovsdb/ovsdb_monitor.py:914}}
Apr 28 20:10:43.304245 np0000171169 devstack@neutron-api.service[104552]: DEBUG neutron.plugins.ml2.drivers.ovn.mech_driver.ovsdb.ovsdb_monitor [-] ChassisOVNAgentWriteEvent : Matched Chassis_Private, update, None None {{(pid=104552) matches /opt/stack/neutron/neutron/plugins/ml2/drivers/ovn/mech_driver/ovsdb/ovsdb_monitor.py:64}}
Apr 28 20:10:43.304530 np0000171169 devstack@neutron-api.service[104552]: DEBUG neutron.plugins.ml2.drivers.ovn.mech_driver.ovsdb.ovsdb_monitor [-] Hash Ring: Node af54c79a5f3d5e3e811d04302775cf0b (host: np0000171169) handling event "update" for row 8596c95c-d0c4-4479-be3e-e58a9e9325e6 (table: Chassis_Private) {{(pid=104552) notify /opt/stack/neutron/neutron/plugins/ml2/drivers/ovn/mech_driver/ovsdb/ovsdb_monitor.py:914}}
Apr 28 20:10:43.304922 np0000171169 devstack@neutron-api.service[104551]: DEBUG neutron.plugins.ml2.drivers.ovn.mech_driver.ovsdb.ovsdb_monitor [-] ChassisOVNAgentWriteEvent : Matched Chassis_Private, update, None None {{(pid=104551) matches /opt/stack/neutron/neutron/plugins/ml2/drivers/ovn/mech_driver/ovsdb/ovsdb_monitor.py:64}}
Apr 28 20:10:43.305553 np0000171169 devstack@neutron-api.service[104551]: DEBUG neutron.plugins.ml2.drivers.ovn.mech_driver.ovsdb.ovsdb_monitor [-] Hash Ring: Node aee9c0c6ff0d580bbe4f9855950fe8ff (host: np0000171169) handling event "update" for row 8596c95c-d0c4-4479-be3e-e58a9e9325e6 (table: Chassis_Private) {{(pid=104551) notify /opt/stack/neutron/neutron/plugins/ml2/drivers/ovn/mech_driver/ovsdb/ovsdb_monitor.py:914}}
Apr 28 20:10:43.306105 np0000171169 devstack@neutron-api.service[104554]: DEBUG neutron.plugins.ml2.drivers.ovn.mech_driver.ovsdb.ovsdb_monitor [-] ChassisOVNAgentWriteEvent : Matched Chassis_Private, update, None None {{(pid=104554) matches /opt/stack/neutron/neutron/plugins/ml2/drivers/ovn/mech_driver/ovsdb/ovsdb_monitor.py:64}}
Apr 28 20:10:43.355288 np0000171169 devstack@neutron-api.service[104554]: DEBUG neutron.plugins.ml2.drivers.helpers [None req-233fbf8c-7613-4086-94a5-98a690b827a3 admin admin] geneve segment allocate from pool success with {'geneve_vni': 10037} {{(pid=104554) allocate_partially_specified_segment /opt/stack/neutron/neutron/plugins/ml2/drivers/helpers.py:142}}
Apr 28 20:10:43.371357 np0000171169 devstack@neutron-api.service[104554]: DEBUG neutron_lib.callbacks.manager [None req-233fbf8c-7613-4086-94a5-98a690b827a3 admin admin] Publish callbacks ['neutron.services.segments.db._add_segment_host_mapping_for_segment-7888599128168', 'neutron.plugins.ml2.plugin.Ml2Plugin._handle_segment_change-1110010'] for segment (ed602fca-86cd-42c7-9870-6c0de1ae28b1), precommit_create {{(pid=104554) _notify_loop /opt/stack/data/venv/lib/python3.12/site-packages/neutron_lib/callbacks/manager.py:184}}
Apr 28 20:10:43.371625 np0000171169 devstack@neutron-api.service[104554]: INFO neutron.db.segments_db [None req-233fbf8c-7613-4086-94a5-98a690b827a3 admin admin] Added segment ed602fca-86cd-42c7-9870-6c0de1ae28b1 of type geneve for network a517dca3-0366-40a3-afd7-e0297d56eb5d
Apr 28 20:10:43.419185 np0000171169 devstack@neutron-api.service[104554]: DEBUG neutron_lib.callbacks.manager [None req-233fbf8c-7613-4086-94a5-98a690b827a3 admin admin] Publish callbacks ['neutron.services.auto_allocate.db._ensure_external_network_default_value_callback-7888597131528'] for network (a517dca3-0366-40a3-afd7-e0297d56eb5d), precommit_create {{(pid=104554) _notify_loop /opt/stack/data/venv/lib/python3.12/site-packages/neutron_lib/callbacks/manager.py:184}}
Apr 28 20:10:43.435087 np0000171169 devstack@neutron-api.service[104554]: DEBUG neutron.plugins.ml2.drivers.ovn.mech_driver.mech_driver [None req-233fbf8c-7613-4086-94a5-98a690b827a3 admin admin] Validating network segment with type geneve, segmentation ID 10037, physical network None {{(pid=104554) _validate_network_segments /opt/stack/neutron/neutron/plugins/ml2/drivers/ovn/mech_driver/mech_driver.py:641}}
Apr 28 20:10:43.435205 np0000171169 devstack@neutron-api.service[104554]: DEBUG neutron.db.ovn_revision_numbers_db [None req-233fbf8c-7613-4086-94a5-98a690b827a3 admin admin] create_initial_revision uuid=a517dca3-0366-40a3-afd7-e0297d56eb5d, type=networks, rev=-1 {{(pid=104554) create_initial_revision /opt/stack/neutron/neutron/db/ovn_revision_numbers_db.py:98}}
Apr 28 20:10:43.449322 np0000171169 devstack@neutron-api.service[104554]: DEBUG neutron_lib.callbacks.manager [None req-233fbf8c-7613-4086-94a5-98a690b827a3 admin admin] Publish callbacks ['neutron.plugins.ml2.ovo_rpc._ObjectChangeHandler.handle_event-2302210'] for network (a517dca3-0366-40a3-afd7-e0297d56eb5d), after_create {{(pid=104554) _notify_loop /opt/stack/data/venv/lib/python3.12/site-packages/neutron_lib/callbacks/manager.py:184}}
