2026-05-28 22:52:05.377 8 INFO cinder.api.openstack.wsgi [req-bf0b5f4f-70f4-4906-a9da-67b73fc5c72e req-45902955-be7f-4084-8035-4a942f52d361 08baa31b79b3497ab7c8ce2162e8387c 166c2aeb1b3544ed97814da5255bf040 - - default default] http://cinder-api.openstack.svc.cluster.local:8776/ returned with HTTP 300 [pid: 8|app: 0|req: 334/669] 199.204.45.70 () {32 vars in 838 bytes} [Thu May 28 22:52:05 2026] GET / => generated 411 bytes in 2 msecs (HTTP/1.1 300) 5 headers in 169 bytes (1 switches on core 0) /var/lib/openstack/lib/python3.12/site-packages/pycadf/identifier.py:70: UserWarning: Invalid uuid: cinderv3. To ensure interoperability, identifiers should be a valid uuid. warnings.warn(('Invalid uuid: %s. To ensure interoperability, '
2026-05-28 22:52:05.418 7 INFO cinder.api.openstack.wsgi [req-bf0b5f4f-70f4-4906-a9da-67b73fc5c72e req-0d1b8fb7-1b20-4a86-81e3-ddd66d8946e3 08baa31b79b3497ab7c8ce2162e8387c 166c2aeb1b3544ed97814da5255bf040 - - default default] GET http://cinder-api.openstack.svc.cluster.local:8776/v3/166c2aeb1b3544ed97814da5255bf040/volumes/0c2dfade-e094-4fe6-b0cc-d69fd8e2a9a8 /var/lib/openstack/lib/python3.12/site-packages/oslo_context/context.py:100: DeprecationWarning: Policy enforcement is depending on the value of is_admin. This key is deprecated. Please update your policy file to use the standard policy values. warnings.warn('Policy enforcement is depending on the value of '
2026-05-28 22:52:05.435 7 INFO cinder.volume.api [req-bf0b5f4f-70f4-4906-a9da-67b73fc5c72e req-0d1b8fb7-1b20-4a86-81e3-ddd66d8946e3 08baa31b79b3497ab7c8ce2162e8387c 166c2aeb1b3544ed97814da5255bf040 - - default default] Volume info retrieved successfully.
2026-05-28 22:52:05.440 7 INFO cinder.api.openstack.wsgi [req-bf0b5f4f-70f4-4906-a9da-67b73fc5c72e req-0d1b8fb7-1b20-4a86-81e3-ddd66d8946e3 08baa31b79b3497ab7c8ce2162e8387c 166c2aeb1b3544ed97814da5255bf040 - - default default] http://cinder-api.openstack.svc.cluster.local:8776/v3/166c2aeb1b3544ed97814da5255bf040/volumes/0c2dfade-e094-4fe6-b0cc-d69fd8e2a9a8 returned with HTTP 200 [pid: 7|app: 0|req: 336/670] 199.204.45.70 () {36 vars in 1071 bytes} [Thu May 28 22:52:05 2026] GET /v3/166c2aeb1b3544ed97814da5255bf040/volumes/0c2dfade-e094-4fe6-b0cc-d69fd8e2a9a8 => generated 1663 bytes in 27 msecs (HTTP/1.1 200) 7 headers in 287 bytes (1 switches on core 0) /var/lib/openstack/lib/python3.12/site-packages/pycadf/identifier.py:70: UserWarning: Invalid uuid: cinderv3. To ensure interoperability, identifiers should be a valid uuid. warnings.warn(('Invalid uuid: %s. To ensure interoperability, '
2026-05-28 22:52:07.473 8 INFO cinder.api.openstack.wsgi [req-bf0b5f4f-70f4-4906-a9da-67b73fc5c72e req-69b729d8-79bf-419d-911e-6f58be564597 08baa31b79b3497ab7c8ce2162e8387c 166c2aeb1b3544ed97814da5255bf040 - - default default] PUT http://cinder-api.openstack.svc.cluster.local:8776/v3/166c2aeb1b3544ed97814da5255bf040/attachments/17b4e34d-b64d-41da-9ccc-fbcf9dd04484 /var/lib/openstack/lib/python3.12/site-packages/oslo_context/context.py:100: DeprecationWarning: Policy enforcement is depending on the value of is_admin. This key is deprecated. Please update your policy file to use the standard policy values. warnings.warn('Policy enforcement is depending on the value of '
2026-05-28 22:52:08.527 8 INFO cinder.api.openstack.wsgi [req-bf0b5f4f-70f4-4906-a9da-67b73fc5c72e req-69b729d8-79bf-419d-911e-6f58be564597 08baa31b79b3497ab7c8ce2162e8387c 166c2aeb1b3544ed97814da5255bf040 - - default default] http://cinder-api.openstack.svc.cluster.local:8776/v3/166c2aeb1b3544ed97814da5255bf040/attachments/17b4e34d-b64d-41da-9ccc-fbcf9dd04484 returned with HTTP 200 [pid: 8|app: 0|req: 335/671] 199.204.45.70 () {40 vars in 1133 bytes} [Thu May 28 22:52:07 2026] PUT /v3/166c2aeb1b3544ed97814da5255bf040/attachments/17b4e34d-b64d-41da-9ccc-fbcf9dd04484 => generated 802 bytes in 1066 msecs (HTTP/1.1 200) 7 headers in 286 bytes (1 switches on core 0) /var/lib/openstack/lib/python3.12/site-packages/pycadf/identifier.py:70: UserWarning: Invalid uuid: cinderv3. To ensure interoperability, identifiers should be a valid uuid. warnings.warn(('Invalid uuid: %s. To ensure interoperability, '
2026-05-28 22:52:09.047 7 INFO cinder.api.openstack.wsgi [req-bf0b5f4f-70f4-4906-a9da-67b73fc5c72e req-45ce30fa-9506-490e-be01-707c1c2047f5 08baa31b79b3497ab7c8ce2162e8387c 166c2aeb1b3544ed97814da5255bf040 - - default default] POST http://cinder-api.openstack.svc.cluster.local:8776/v3/166c2aeb1b3544ed97814da5255bf040/attachments/17b4e34d-b64d-41da-9ccc-fbcf9dd04484/action /var/lib/openstack/lib/python3.12/site-packages/oslo_context/context.py:100: DeprecationWarning: Policy enforcement is depending on the value of is_admin. This key is deprecated. Please update your policy file to use the standard policy values. warnings.warn('Policy enforcement is depending on the value of '
2026-05-28 22:52:09.117 7 INFO cinder.api.openstack.wsgi [req-bf0b5f4f-70f4-4906-a9da-67b73fc5c72e req-45ce30fa-9506-490e-be01-707c1c2047f5 08baa31b79b3497ab7c8ce2162e8387c 166c2aeb1b3544ed97814da5255bf040 - - default default] http://cinder-api.openstack.svc.cluster.local:8776/v3/166c2aeb1b3544ed97814da5255bf040/attachments/17b4e34d-b64d-41da-9ccc-fbcf9dd04484/action returned with HTTP 204 [pid: 7|app: 0|req: 337/672] 199.204.45.70 () {40 vars in 1146 bytes} [Thu May 28 22:52:09 2026] POST /v3/166c2aeb1b3544ed97814da5255bf040/attachments/17b4e34d-b64d-41da-9ccc-fbcf9dd04484/action => generated 0 bytes in 80 msecs (HTTP/1.1 204) 7 headers in 292 bytes (1 switches on core 0)
2026-05-28 22:52:15.008 8 INFO cinder.api.openstack.wsgi [req-bf0b5f4f-70f4-4906-a9da-67b73fc5c72e req-69b729d8-79bf-419d-911e-6f58be564597 08baa31b79b3497ab7c8ce2162e8387c 166c2aeb1b3544ed97814da5255bf040 - - default default] GET http://10.0.0.203:8776/
2026-05-28 22:52:15.008 7 INFO cinder.api.openstack.wsgi [req-bf0b5f4f-70f4-4906-a9da-67b73fc5c72e req-45ce30fa-9506-490e-be01-707c1c2047f5 08baa31b79b3497ab7c8ce2162e8387c 166c2aeb1b3544ed97814da5255bf040 - - default default] GET http://10.0.0.203:8776/
2026-05-28 22:52:15.009 8 INFO cinder.api.openstack.wsgi [req-bf0b5f4f-70f4-4906-a9da-67b73fc5c72e req-69b729d8-79bf-419d-911e-6f58be564597 08baa31b79b3497ab7c8ce2162e8387c 166c2aeb1b3544ed97814da5255bf040 - - default default] http://10.0.0.203:8776/ returned with HTTP 300
2026-05-28 22:52:15.009 7 INFO cinder.api.openstack.wsgi [req-bf0b5f4f-70f4-4906-a9da-67b73fc5c72e req-45ce30fa-9506-490e-be01-707c1c2047f5 08baa31b79b3497ab7c8ce2162e8387c 166c2aeb1b3544ed97814da5255bf040 - - default default] http://10.0.0.203:8776/ returned with HTTP 300 /var/lib/openstack/lib/python3.12/site-packages/pycadf/identifier.py:70: UserWarning: Invalid uuid: cinderv3. To ensure interoperability, identifiers should be a valid uuid. warnings.warn(('Invalid uuid: %s. To ensure interoperability, '
2026-05-28 22:52:21.007 8 INFO cinder.api.openstack.wsgi [None req-6ef20a19-0e5a-4280-91af-beeea9c0c667 788dfab6da9942bbaba568607926b1fa e57f2f373e974bfd82076f165574c41e - - default default] GET http://cinder-api.openstack.svc.cluster.local:8776/v3/e57f2f373e974bfd82076f165574c41e/volumes/detail?all_tenants=true /var/lib/openstack/lib/python3.12/site-packages/oslo_context/context.py:100: DeprecationWarning: Policy enforcement is depending on the value of is_admin. This key is deprecated. Please update your policy file to use the standard policy values. warnings.warn('Policy enforcement is depending on the value of '
2026-05-28 22:52:21.017 8 INFO cinder.volume.api [None req-6ef20a19-0e5a-4280-91af-beeea9c0c667 788dfab6da9942bbaba568607926b1fa e57f2f373e974bfd82076f165574c41e - - default default] Get all volumes completed successfully. /var/lib/openstack/lib/python3.12/site-packages/oslo_context/context.py:100: DeprecationWarning: Policy enforcement is depending on the value of is_admin. This key is deprecated. Please update your policy file to use the standard policy values. warnings.warn('Policy enforcement is depending on the value of '
2026-05-28 22:52:21.021 8 INFO cinder.api.openstack.wsgi [None req-6ef20a19-0e5a-4280-91af-beeea9c0c667 788dfab6da9942bbaba568607926b1fa e57f2f373e974bfd82076f165574c41e - - default default] http://cinder-api.openstack.svc.cluster.local:8776/v3/e57f2f373e974bfd82076f165574c41e/volumes/detail?all_tenants=true returned with HTTP 200 [pid: 8|app: 0|req: 337/675] 10.0.0.35 () {28 vars in 682 bytes} [Thu May 28 22:52:20 2026] GET /v3/e57f2f373e974bfd82076f165574c41e/volumes/detail?all_tenants=true => generated 1949 bytes in 126 msecs (HTTP/1.1 200) 7 headers in 286 bytes (1 switches on core 0) /var/lib/openstack/lib/python3.12/site-packages/pycadf/identifier.py:70: UserWarning: Invalid uuid: cinderv3. To ensure interoperability, identifiers should be a valid uuid. warnings.warn(('Invalid uuid: %s. To ensure interoperability, '
2026-05-28 22:52:21.032 7 INFO cinder.api.openstack.wsgi [None req-ac1c447e-0d65-49ef-8d47-b4423631fa43 788dfab6da9942bbaba568607926b1fa e57f2f373e974bfd82076f165574c41e - - default default] GET http://cinder-api.openstack.svc.cluster.local:8776/v3/e57f2f373e974bfd82076f165574c41e/snapshots?all_tenants=true
2026-05-28 22:52:21.037 7 INFO cinder.volume.api [None req-ac1c447e-0d65-49ef-8d47-b4423631fa43 788dfab6da9942bbaba568607926b1fa e57f2f373e974bfd82076f165574c41e - - default default] Get all snapshots completed successfully.
2026-05-28 22:52:21.037 7 INFO cinder.api.openstack.wsgi [None req-ac1c447e-0d65-49ef-8d47-b4423631fa43 788dfab6da9942bbaba568607926b1fa e57f2f373e974bfd82076f165574c41e - - default default] http://cinder-api.openstack.svc.cluster.local:8776/v3/e57f2f373e974bfd82076f165574c41e/snapshots?all_tenants=true returned with HTTP 200 [pid: 7|app: 0|req: 339/676] 10.0.0.35 () {28 vars in 672 bytes} [Thu May 28 22:52:21 2026] GET /v3/e57f2f373e974bfd82076f165574c41e/snapshots?all_tenants=true => generated 17 bytes in 10 msecs (HTTP/1.1 200) 7 headers in 284 bytes (1 switches on core 0) /var/lib/openstack/lib/python3.12/site-packages/pycadf/identifier.py:70: UserWarning: Invalid uuid: cinderv3. To ensure interoperability, identifiers should be a valid uuid. warnings.warn(('Invalid uuid: %s. To ensure interoperability, '
2026-05-28 22:52:21.044 8 INFO cinder.api.openstack.wsgi [None req-704cfd31-b720-40eb-9f60-5dcdd3c06f84 788dfab6da9942bbaba568607926b1fa e57f2f373e974bfd82076f165574c41e - - default default] GET http://cinder-api.openstack.svc.cluster.local:8776/v3/e57f2f373e974bfd82076f165574c41e/os-services
2026-05-28 22:52:21.048 8 INFO cinder.api.openstack.wsgi [None req-704cfd31-b720-40eb-9f60-5dcdd3c06f84 788dfab6da9942bbaba568607926b1fa e57f2f373e974bfd82076f165574c41e - - default default] http://cinder-api.openstack.svc.cluster.local:8776/v3/e57f2f373e974bfd82076f165574c41e/os-services returned with HTTP 200 [pid: 8|app: 0|req: 338/677] 10.0.0.35 () {28 vars in 643 bytes} [Thu May 28 22:52:21 2026] GET /v3/e57f2f373e974bfd82076f165574c41e/os-services => generated 646 bytes in 8 msecs (HTTP/1.1 200) 7 headers in 285 bytes (1 switches on core 0)
2026-05-28 22:52:21.054 7 INFO cinder.api.openstack.wsgi [None req-b960dd1c-d826-44f8-95b1-8cc9d0de00cf 788dfab6da9942bbaba568607926b1fa e57f2f373e974bfd82076f165574c41e - - default default] GET http://cinder-api.openstack.svc.cluster.local:8776/v3/e57f2f373e974bfd82076f165574c41e/volumes/detail?all_tenants=true
2026-05-28 22:52:21.068 7 INFO cinder.volume.api [None req-b960dd1c-d826-44f8-95b1-8cc9d0de00cf 788dfab6da9942bbaba568607926b1fa e57f2f373e974bfd82076f165574c41e - - default default] Get all volumes completed successfully. /var/lib/openstack/lib/python3.12/site-packages/oslo_context/context.py:100: DeprecationWarning: Policy enforcement is depending on the value of is_admin. This key is deprecated. Please update your policy file to use the standard policy values. warnings.warn('Policy enforcement is depending on the value of '
2026-05-28 22:52:21.075 7 INFO cinder.api.openstack.wsgi [None req-b960dd1c-d826-44f8-95b1-8cc9d0de00cf 788dfab6da9942bbaba568607926b1fa e57f2f373e974bfd82076f165574c41e - - default default] http://cinder-api.openstack.svc.cluster.local:8776/v3/e57f2f373e974bfd82076f165574c41e/volumes/detail?all_tenants=true returned with HTTP 200 [pid: 7|app: 0|req: 340/678] 10.0.0.35 () {28 vars in 682 bytes} [Thu May 28 22:52:21 2026] GET /v3/e57f2f373e974bfd82076f165574c41e/volumes/detail?all_tenants=true => generated 1949 bytes in 25 msecs (HTTP/1.1 200) 7 headers in 286 bytes (1 switches on core 0)
2026-05-28 22:52:21.087 8 INFO cinder.api.openstack.wsgi [None req-6b0d23da-2664-43f9-814f-8d55fea5c322 788dfab6da9942bbaba568607926b1fa e57f2f373e974bfd82076f165574c41e - - default default] GET http://cinder-api.openstack.svc.cluster.local:8776/v3/e57f2f373e974bfd82076f165574c41e/scheduler-stats/get_pools?detail=true
2026-05-28 22:52:21.590 8 INFO cinder.api.openstack.wsgi [None req-6b0d23da-2664-43f9-814f-8d55fea5c322 788dfab6da9942bbaba568607926b1fa e57f2f373e974bfd82076f165574c41e - - default default] http://cinder-api.openstack.svc.cluster.local:8776/v3/e57f2f373e974bfd82076f165574c41e/scheduler-stats/get_pools?detail=true returned with HTTP 200 [pid: 8|app: 0|req: 339/679] 10.0.0.35 () {28 vars in 694 bytes} [Thu May 28 22:52:21 2026] GET /v3/e57f2f373e974bfd82076f165574c41e/scheduler-stats/get_pools?detail=true => generated 670 bytes in 510 msecs (HTTP/1.1 200) 7 headers in 285 bytes (1 switches on core 0) /var/lib/openstack/lib/python3.12/site-packages/pycadf/identifier.py:70: UserWarning: Invalid uuid: cinderv3. To ensure interoperability, identifiers should be a valid uuid. warnings.warn(('Invalid uuid: %s. To ensure interoperability, '
2026-05-28 22:52:21.644 7 INFO cinder.api.openstack.wsgi [req-ee4a9e34-f071-499b-bebc-148bf9babb07 req-449d1b8c-d9e3-4fff-9d4a-6afb7a4328db 08baa31b79b3497ab7c8ce2162e8387c 166c2aeb1b3544ed97814da5255bf040 - - default default] DELETE http://cinder-api.openstack.svc.cluster.local:8776/v3/166c2aeb1b3544ed97814da5255bf040/attachments/17b4e34d-b64d-41da-9ccc-fbcf9dd04484
2026-05-28 22:52:21.644 8 INFO cinder.api.openstack.wsgi [None req-b70603da-ca69-462c-9411-1d8bc3109392 788dfab6da9942bbaba568607926b1fa e57f2f373e974bfd82076f165574c41e - - default default] GET http://cinder-api.openstack.svc.cluster.local:8776/v3/e57f2f373e974bfd82076f165574c41e/os-quota-sets/092250ac3fda411681474e95c2df5c02?usage=true /var/lib/openstack/lib/python3.12/site-packages/oslo_context/context.py:100: DeprecationWarning: Policy enforcement is depending on the value of is_admin. This key is deprecated. Please update your policy file to use the standard policy values. warnings.warn('Policy enforcement is depending on the value of '
2026-05-28 22:52:21.672 8 INFO cinder.api.openstack.wsgi [None req-b70603da-ca69-462c-9411-1d8bc3109392 788dfab6da9942bbaba568607926b1fa e57f2f373e974bfd82076f165574c41e - - default default] http://cinder-api.openstack.svc.cluster.local:8776/v3/e57f2f373e974bfd82076f165574c41e/os-quota-sets/092250ac3fda411681474e95c2df5c02?usage=true returned with HTTP 200 [pid: 8|app: 0|req: 340/680] 10.0.0.35 () {28 vars in 734 bytes} [Thu May 28 22:52:21 2026] GET /v3/e57f2f373e974bfd82076f165574c41e/os-quota-sets/092250ac3fda411681474e95c2df5c02?usage=true => generated 845 bytes in 35 msecs (HTTP/1.1 200) 7 headers in 285 bytes (1 switches on core 0)
2026-05-28 22:52:21.679 8 INFO cinder.api.openstack.wsgi [None req-f032ffe8-5c99-4048-9a5f-d6958f508887 788dfab6da9942bbaba568607926b1fa e57f2f373e974bfd82076f165574c41e - - default default] GET http://cinder-api.openstack.svc.cluster.local:8776/v3/e57f2f373e974bfd82076f165574c41e/os-quota-sets/166c2aeb1b3544ed97814da5255bf040?usage=true
2026-05-28 22:52:21.702 8 INFO cinder.api.openstack.wsgi [None req-f032ffe8-5c99-4048-9a5f-d6958f508887 788dfab6da9942bbaba568607926b1fa e57f2f373e974bfd82076f165574c41e - - default default] http://cinder-api.openstack.svc.cluster.local:8776/v3/e57f2f373e974bfd82076f165574c41e/os-quota-sets/166c2aeb1b3544ed97814da5255bf040?usage=true returned with HTTP 200 [pid: 8|app: 0|req: 341/681] 10.0.0.35 () {28 vars in 734 bytes} [Thu May 28 22:52:21 2026] GET /v3/e57f2f373e974bfd82076f165574c41e/os-quota-sets/166c2aeb1b3544ed97814da5255bf040?usage=true => generated 847 bytes in 27 msecs (HTTP/1.1 200) 7 headers in 285 bytes (1 switches on core 0)
2026-05-28 22:52:21.710 8 INFO cinder.api.openstack.wsgi [None req-d8a4e52f-5525-4cc4-a32f-9c269a8538c1 788dfab6da9942bbaba568607926b1fa e57f2f373e974bfd82076f165574c41e - - default default] GET http://cinder-api.openstack.svc.cluster.local:8776/v3/e57f2f373e974bfd82076f165574c41e/os-quota-sets/2c43982cc02342eca4cf4056c6e4f0ae?usage=true
2026-05-28 22:52:21.730 8 INFO cinder.api.openstack.wsgi [None req-d8a4e52f-5525-4cc4-a32f-9c269a8538c1 788dfab6da9942bbaba568607926b1fa e57f2f373e974bfd82076f165574c41e - - default default] http://cinder-api.openstack.svc.cluster.local:8776/v3/e57f2f373e974bfd82076f165574c41e/os-quota-sets/2c43982cc02342eca4cf4056c6e4f0ae?usage=true returned with HTTP 200 [pid: 8|app: 0|req: 342/682] 10.0.0.35 () {28 vars in 734 bytes} [Thu May 28 22:52:21 2026] GET /v3/e57f2f373e974bfd82076f165574c41e/os-quota-sets/2c43982cc02342eca4cf4056c6e4f0ae?usage=true => generated 847 bytes in 24 msecs (HTTP/1.1 200) 7 headers in 285 bytes (1 switches on core 0)
2026-05-28 22:52:21.738 8 INFO cinder.api.openstack.wsgi [None req-cdd99d8e-5911-46f4-982f-2de2455ad0a2 788dfab6da9942bbaba568607926b1fa e57f2f373e974bfd82076f165574c41e - - default default] GET http://cinder-api.openstack.svc.cluster.local:8776/v3/e57f2f373e974bfd82076f165574c41e/os-quota-sets/573533946375463891912370c9e74bb0?usage=true
2026-05-28 22:52:21.762 8 INFO cinder.api.openstack.wsgi [None req-cdd99d8e-5911-46f4-982f-2de2455ad0a2 788dfab6da9942bbaba568607926b1fa e57f2f373e974bfd82076f165574c41e - - default default] http://cinder-api.openstack.svc.cluster.local:8776/v3/e57f2f373e974bfd82076f165574c41e/os-quota-sets/573533946375463891912370c9e74bb0?usage=true returned with HTTP 200 [pid: 8|app: 0|req: 343/683] 10.0.0.35 () {28 vars in 734 bytes} [Thu May 28 22:52:21 2026] GET /v3/e57f2f373e974bfd82076f165574c41e/os-quota-sets/573533946375463891912370c9e74bb0?usage=true => generated 847 bytes in 29 msecs (HTTP/1.1 200) 7 headers in 285 bytes (1 switches on core 0)
2026-05-28 22:52:21.772 8 INFO cinder.api.openstack.wsgi [None req-515bb63f-0c4a-4d32-86e6-bd627e9e9652 788dfab6da9942bbaba568607926b1fa e57f2f373e974bfd82076f165574c41e - - default default] GET http://cinder-api.openstack.svc.cluster.local:8776/v3/e57f2f373e974bfd82076f165574c41e/os-quota-sets/5dde555b71af47dfbc3cb989316e5a5f?usage=true
2026-05-28 22:52:21.792 8 INFO cinder.api.openstack.wsgi [None req-515bb63f-0c4a-4d32-86e6-bd627e9e9652 788dfab6da9942bbaba568607926b1fa e57f2f373e974bfd82076f165574c41e - - default default] http://cinder-api.openstack.svc.cluster.local:8776/v3/e57f2f373e974bfd82076f165574c41e/os-quota-sets/5dde555b71af47dfbc3cb989316e5a5f?usage=true returned with HTTP 200 [pid: 8|app: 0|req: 344/684] 10.0.0.35 () {28 vars in 734 bytes} [Thu May 28 22:52:21 2026] GET /v3/e57f2f373e974bfd82076f165574c41e/os-quota-sets/5dde555b71af47dfbc3cb989316e5a5f?usage=true => generated 847 bytes in 27 msecs (HTTP/1.1 200) 7 headers in 285 bytes (1 switches on core 0)
2026-05-28 22:52:21.801 8 INFO cinder.api.openstack.wsgi [None req-14694789-c6dd-4cd7-991d-5240ba40b756 788dfab6da9942bbaba568607926b1fa e57f2f373e974bfd82076f165574c41e - - default default] GET http://cinder-api.openstack.svc.cluster.local:8776/v3/e57f2f373e974bfd82076f165574c41e/os-quota-sets/d2a96c79ea5342c397f06141452875b6?usage=true
2026-05-28 22:52:21.820 8 INFO cinder.api.openstack.wsgi [None req-14694789-c6dd-4cd7-991d-5240ba40b756 788dfab6da9942bbaba568607926b1fa e57f2f373e974bfd82076f165574c41e - - default default] http://cinder-api.openstack.svc.cluster.local:8776/v3/e57f2f373e974bfd82076f165574c41e/os-quota-sets/d2a96c79ea5342c397f06141452875b6?usage=true returned with HTTP 200 [pid: 8|app: 0|req: 345/685] 10.0.0.35 () {28 vars in 734 bytes} [Thu May 28 22:52:21 2026] GET /v3/e57f2f373e974bfd82076f165574c41e/os-quota-sets/d2a96c79ea5342c397f06141452875b6?usage=true => generated 847 bytes in 25 msecs (HTTP/1.1 200) 7 headers in 285 bytes (1 switches on core 0)
2026-05-28 22:52:21.829 8 INFO cinder.api.openstack.wsgi [None req-fc21f1b6-56ff-4480-aaa5-c5df28913b3b 788dfab6da9942bbaba568607926b1fa e57f2f373e974bfd82076f165574c41e - - default default] GET http://cinder-api.openstack.svc.cluster.local:8776/v3/e57f2f373e974bfd82076f165574c41e/os-quota-sets/e57f2f373e974bfd82076f165574c41e?usage=true
2026-05-28 22:52:21.851 8 INFO cinder.api.openstack.wsgi [None req-fc21f1b6-56ff-4480-aaa5-c5df28913b3b 788dfab6da9942bbaba568607926b1fa e57f2f373e974bfd82076f165574c41e - - default default] http://cinder-api.openstack.svc.cluster.local:8776/v3/e57f2f373e974bfd82076f165574c41e/os-quota-sets/e57f2f373e974bfd82076f165574c41e?usage=true returned with HTTP 200 [pid: 8|app: 0|req: 346/686] 10.0.0.35 () {28 vars in 734 bytes} [Thu May 28 22:52:21 2026] GET /v3/e57f2f373e974bfd82076f165574c41e/os-quota-sets/e57f2f373e974bfd82076f165574c41e?usage=true => generated 845 bytes in 28 msecs (HTTP/1.1 200) 7 headers in 285 bytes (1 switches on core 0)
2026-05-28 22:52:22.230 7 INFO cinder.api.openstack.wsgi [req-ee4a9e34-f071-499b-bebc-148bf9babb07 req-449d1b8c-d9e3-4fff-9d4a-6afb7a4328db 08baa31b79b3497ab7c8ce2162e8387c 166c2aeb1b3544ed97814da5255bf040 - - default default] http://cinder-api.openstack.svc.cluster.local:8776/v3/166c2aeb1b3544ed97814da5255bf040/attachments/17b4e34d-b64d-41da-9ccc-fbcf9dd04484 returned with HTTP 200 [pid: 7|app: 0|req: 341/687] 199.204.45.70 () {38 vars in 1101 bytes} [Thu May 28 22:52:21 2026] DELETE /v3/166c2aeb1b3544ed97814da5255bf040/attachments/17b4e34d-b64d-41da-9ccc-fbcf9dd04484 => generated 19 bytes in 594 msecs (HTTP/1.1 200) 7 headers in 285 bytes (1 switches on core 0)
2026-05-28 22:52:22.245 8 INFO cinder.api.openstack.wsgi [req-ee4a9e34-f071-499b-bebc-148bf9babb07 req-6cd86df0-258b-467c-b3b0-feac93cc8add 08baa31b79b3497ab7c8ce2162e8387c 166c2aeb1b3544ed97814da5255bf040 - - default default] DELETE http://cinder-api.openstack.svc.cluster.local:8776/v3/166c2aeb1b3544ed97814da5255bf040/volumes/0c2dfade-e094-4fe6-b0cc-d69fd8e2a9a8
2026-05-28 22:52:22.245 8 INFO cinder.api.v3.volumes [req-ee4a9e34-f071-499b-bebc-148bf9babb07 req-6cd86df0-258b-467c-b3b0-feac93cc8add 08baa31b79b3497ab7c8ce2162e8387c 166c2aeb1b3544ed97814da5255bf040 - - default default] Delete volume with id: 0c2dfade-e094-4fe6-b0cc-d69fd8e2a9a8 /var/lib/openstack/lib/python3.12/site-packages/oslo_context/context.py:100: DeprecationWarning: Policy enforcement is depending on the value of is_admin. This key is deprecated. Please update your policy file to use the standard policy values. warnings.warn('Policy enforcement is depending on the value of '
2026-05-28 22:52:22.255 8 INFO cinder.volume.api [req-ee4a9e34-f071-499b-bebc-148bf9babb07 req-6cd86df0-258b-467c-b3b0-feac93cc8add 08baa31b79b3497ab7c8ce2162e8387c 166c2aeb1b3544ed97814da5255bf040 - - default default] Volume info retrieved successfully.
2026-05-28 22:52:22.278 8 INFO cinder.volume.api [req-ee4a9e34-f071-499b-bebc-148bf9babb07 req-6cd86df0-258b-467c-b3b0-feac93cc8add 08baa31b79b3497ab7c8ce2162e8387c 166c2aeb1b3544ed97814da5255bf040 - - default default] Delete volume request issued successfully.
2026-05-28 22:52:22.279 8 INFO cinder.api.openstack.wsgi [req-ee4a9e34-f071-499b-bebc-148bf9babb07 req-6cd86df0-258b-467c-b3b0-feac93cc8add 08baa31b79b3497ab7c8ce2162e8387c 166c2aeb1b3544ed97814da5255bf040 - - default default] http://cinder-api.openstack.svc.cluster.local:8776/v3/166c2aeb1b3544ed97814da5255bf040/volumes/0c2dfade-e094-4fe6-b0cc-d69fd8e2a9a8 returned with HTTP 202 [pid: 8|app: 0|req: 347/688] 199.204.45.70 () {36 vars in 1052 bytes} [Thu May 28 22:52:22 2026] DELETE /v3/166c2aeb1b3544ed97814da5255bf040/volumes/0c2dfade-e094-4fe6-b0cc-d69fd8e2a9a8 => generated 0 bytes in 42 msecs (HTTP/1.1 202) 6 headers in 233 bytes (1 switches on core 0)
2026-05-28 22:52:25.001 8 INFO cinder.api.openstack.wsgi [req-ee4a9e34-f071-499b-bebc-148bf9babb07 req-6cd86df0-258b-467c-b3b0-feac93cc8add 08baa31b79b3497ab7c8ce2162e8387c 166c2aeb1b3544ed97814da5255bf040 - - default default] GET http://10.0.0.203:8776/
2026-05-28 22:52:25.001 7 INFO cinder.api.openstack.wsgi [req-ee4a9e34-f071-499b-bebc-148bf9babb07 req-449d1b8c-d9e3-4fff-9d4a-6afb7a4328db 08baa31b79b3497ab7c8ce2162e8387c 166c2aeb1b3544ed97814da5255bf040 - - default default] GET http://10.0.0.203:8776/
2026-05-28 22:52:25.002 8 INFO cinder.api.openstack.wsgi [req-ee4a9e34-f071-499b-bebc-148bf9babb07 req-6cd86df0-258b-467c-b3b0-feac93cc8add 08baa31b79b3497ab7c8ce2162e8387c 166c2aeb1b3544ed97814da5255bf040 - - default default] http://10.0.0.203:8776/ returned with HTTP 300
2026-05-28 22:52:25.002 7 INFO cinder.api.openstack.wsgi [req-ee4a9e34-f071-499b-bebc-148bf9babb07 req-449d1b8c-d9e3-4fff-9d4a-6afb7a4328db 08baa31b79b3497ab7c8ce2162e8387c 166c2aeb1b3544ed97814da5255bf040 - - default default] http://10.0.0.203:8776/ returned with HTTP 300
2026-05-28 22:52:34.999 7 INFO cinder.api.openstack.wsgi [req-ee4a9e34-f071-499b-bebc-148bf9babb07 req-449d1b8c-d9e3-4fff-9d4a-6afb7a4328db 08baa31b79b3497ab7c8ce2162e8387c 166c2aeb1b3544ed97814da5255bf040 - - default default] GET http://10.0.0.203:8776/
2026-05-28 22:52:35.000 7 INFO cinder.api.openstack.wsgi [req-ee4a9e34-f071-499b-bebc-148bf9babb07 req-449d1b8c-d9e3-4fff-9d4a-6afb7a4328db 08baa31b79b3497ab7c8ce2162e8387c 166c2aeb1b3544ed97814da5255bf040 - - default default] http://10.0.0.203:8776/ returned with HTTP 300
2026-05-28 22:52:35.009 8 INFO cinder.api.openstack.wsgi [req-ee4a9e34-f071-499b-bebc-148bf9babb07 req-6cd86df0-258b-467c-b3b0-feac93cc8add 08baa31b79b3497ab7c8ce2162e8387c 166c2aeb1b3544ed97814da5255bf040 - - default default] GET http://10.0.0.203:8776/
2026-05-28 22:52:35.009 8 INFO cinder.api.openstack.wsgi [req-ee4a9e34-f071-499b-bebc-148bf9babb07 req-6cd86df0-258b-467c-b3b0-feac93cc8add 08baa31b79b3497ab7c8ce2162e8387c 166c2aeb1b3544ed97814da5255bf040 - - default default] http://10.0.0.203:8776/ returned with HTTP 300
2026-05-28 22:52:45.000 8 INFO cinder.api.openstack.wsgi [req-ee4a9e34-f071-499b-bebc-148bf9babb07 req-6cd86df0-258b-467c-b3b0-feac93cc8add 08baa31b79b3497ab7c8ce2162e8387c 166c2aeb1b3544ed97814da5255bf040 - - default default] GET http://10.0.0.203:8776/
2026-05-28 22:52:45.000 7 INFO cinder.api.openstack.wsgi [req-ee4a9e34-f071-499b-bebc-148bf9babb07 req-449d1b8c-d9e3-4fff-9d4a-6afb7a4328db 08baa31b79b3497ab7c8ce2162e8387c 166c2aeb1b3544ed97814da5255bf040 - - default default] GET http://10.0.0.203:8776/
2026-05-28 22:52:45.001 8 INFO cinder.api.openstack.wsgi [req-ee4a9e34-f071-499b-bebc-148bf9babb07 req-6cd86df0-258b-467c-b3b0-feac93cc8add 08baa31b79b3497ab7c8ce2162e8387c 166c2aeb1b3544ed97814da5255bf040 - - default default] http://10.0.0.203:8776/ returned with HTTP 300
2026-05-28 22:52:45.002 7 INFO cinder.api.openstack.wsgi [req-ee4a9e34-f071-499b-bebc-148bf9babb07 req-449d1b8c-d9e3-4fff-9d4a-6afb7a4328db 08baa31b79b3497ab7c8ce2162e8387c 166c2aeb1b3544ed97814da5255bf040 - - default default] http://10.0.0.203:8776/ returned with HTTP 300
2026-05-28 22:52:55.000 7 INFO cinder.api.openstack.wsgi [req-ee4a9e34-f071-499b-bebc-148bf9babb07 req-449d1b8c-d9e3-4fff-9d4a-6afb7a4328db 08baa31b79b3497ab7c8ce2162e8387c 166c2aeb1b3544ed97814da5255bf040 - - default default] GET http://10.0.0.203:8776/
2026-05-28 22:52:55.000 8 INFO cinder.api.openstack.wsgi [req-ee4a9e34-f071-499b-bebc-148bf9babb07 req-6cd86df0-258b-467c-b3b0-feac93cc8add 08baa31b79b3497ab7c8ce2162e8387c 166c2aeb1b3544ed97814da5255bf040 - - default default] GET http://10.0.0.203:8776/
2026-05-28 22:52:55.001 7 INFO cinder.api.openstack.wsgi [req-ee4a9e34-f071-499b-bebc-148bf9babb07 req-449d1b8c-d9e3-4fff-9d4a-6afb7a4328db 08baa31b79b3497ab7c8ce2162e8387c 166c2aeb1b3544ed97814da5255bf040 - - default default] http://10.0.0.203:8776/ returned with HTTP 300
2026-05-28 22:52:55.001 8 INFO cinder.api.openstack.wsgi [req-ee4a9e34-f071-499b-bebc-148bf9babb07 req-6cd86df0-258b-467c-b3b0-feac93cc8add 08baa31b79b3497ab7c8ce2162e8387c 166c2aeb1b3544ed97814da5255bf040 - - default default] http://10.0.0.203:8776/ returned with HTTP 300
2026-05-28 22:53:04.999 7 INFO cinder.api.openstack.wsgi [req-ee4a9e34-f071-499b-bebc-148bf9babb07 req-449d1b8c-d9e3-4fff-9d4a-6afb7a4328db 08baa31b79b3497ab7c8ce2162e8387c 166c2aeb1b3544ed97814da5255bf040 - - default default] GET http://10.0.0.203:8776/
2026-05-28 22:53:05.000 8 INFO cinder.api.openstack.wsgi [req-ee4a9e34-f071-499b-bebc-148bf9babb07 req-6cd86df0-258b-467c-b3b0-feac93cc8add 08baa31b79b3497ab7c8ce2162e8387c 166c2aeb1b3544ed97814da5255bf040 - - default default] GET http://10.0.0.203:8776/
2026-05-28 22:53:05.000 8 INFO cinder.api.openstack.wsgi [req-ee4a9e34-f071-499b-bebc-148bf9babb07 req-6cd86df0-258b-467c-b3b0-feac93cc8add 08baa31b79b3497ab7c8ce2162e8387c 166c2aeb1b3544ed97814da5255bf040 - - default default] http://10.0.0.203:8776/ returned with HTTP 300
2026-05-28 22:53:05.001 7 INFO cinder.api.openstack.wsgi [req-ee4a9e34-f071-499b-bebc-148bf9babb07 req-449d1b8c-d9e3-4fff-9d4a-6afb7a4328db 08baa31b79b3497ab7c8ce2162e8387c 166c2aeb1b3544ed97814da5255bf040 - - default default] http://10.0.0.203:8776/ returned with HTTP 300
2026-05-28 22:53:15.000 8 INFO cinder.api.openstack.wsgi [req-ee4a9e34-f071-499b-bebc-148bf9babb07 req-6cd86df0-258b-467c-b3b0-feac93cc8add 08baa31b79b3497ab7c8ce2162e8387c 166c2aeb1b3544ed97814da5255bf040 - - default default] GET http://10.0.0.203:8776/
2026-05-28 22:53:15.000 7 INFO cinder.api.openstack.wsgi [req-ee4a9e34-f071-499b-bebc-148bf9babb07 req-449d1b8c-d9e3-4fff-9d4a-6afb7a4328db 08baa31b79b3497ab7c8ce2162e8387c 166c2aeb1b3544ed97814da5255bf040 - - default default] GET http://10.0.0.203:8776/
2026-05-28 22:53:15.001 8 INFO cinder.api.openstack.wsgi [req-ee4a9e34-f071-499b-bebc-148bf9babb07 req-6cd86df0-258b-467c-b3b0-feac93cc8add 08baa31b79b3497ab7c8ce2162e8387c 166c2aeb1b3544ed97814da5255bf040 - - default default] http://10.0.0.203:8776/ returned with HTTP 300
2026-05-28 22:53:15.001 7 INFO cinder.api.openstack.wsgi [req-ee4a9e34-f071-499b-bebc-148bf9babb07 req-449d1b8c-d9e3-4fff-9d4a-6afb7a4328db 08baa31b79b3497ab7c8ce2162e8387c 166c2aeb1b3544ed97814da5255bf040 - - default default] http://10.0.0.203:8776/ returned with HTTP 300 /var/lib/openstack/lib/python3.12/site-packages/pycadf/identifier.py:70: UserWarning: Invalid uuid: cinderv3. To ensure interoperability, identifiers should be a valid uuid. warnings.warn(('Invalid uuid: %s. To ensure interoperability, '
2026-05-28 22:53:21.029 8 INFO cinder.api.openstack.wsgi [None req-7bc2aa6c-2917-402f-acec-be7533f3b184 788dfab6da9942bbaba568607926b1fa e57f2f373e974bfd82076f165574c41e - - default default] GET http://cinder-api.openstack.svc.cluster.local:8776/v3/e57f2f373e974bfd82076f165574c41e/volumes/detail?all_tenants=true
2026-05-28 22:53:21.038 8 INFO cinder.volume.api [None req-7bc2aa6c-2917-402f-acec-be7533f3b184 788dfab6da9942bbaba568607926b1fa e57f2f373e974bfd82076f165574c41e - - default default] Get all volumes completed successfully.
2026-05-28 22:53:21.039 8 INFO cinder.api.openstack.wsgi [None req-7bc2aa6c-2917-402f-acec-be7533f3b184 788dfab6da9942bbaba568607926b1fa e57f2f373e974bfd82076f165574c41e - - default default] http://cinder-api.openstack.svc.cluster.local:8776/v3/e57f2f373e974bfd82076f165574c41e/volumes/detail?all_tenants=true returned with HTTP 200 [pid: 8|app: 0|req: 354/701] 10.0.0.35 () {28 vars in 682 bytes} [Thu May 28 22:53:20 2026] GET /v3/e57f2f373e974bfd82076f165574c41e/volumes/detail?all_tenants=true => generated 15 bytes in 101 msecs (HTTP/1.1 200) 7 headers in 284 bytes (1 switches on core 0) /var/lib/openstack/lib/python3.12/site-packages/pycadf/identifier.py:70: UserWarning: Invalid uuid: cinderv3. To ensure interoperability, identifiers should be a valid uuid. warnings.warn(('Invalid uuid: %s. To ensure interoperability, '
2026-05-28 22:53:21.057 7 INFO cinder.api.openstack.wsgi [None req-10ea1934-4de1-4a32-8b6b-8270580057cb 788dfab6da9942bbaba568607926b1fa e57f2f373e974bfd82076f165574c41e - - default default] GET http://cinder-api.openstack.svc.cluster.local:8776/v3/e57f2f373e974bfd82076f165574c41e/scheduler-stats/get_pools?detail=true /var/lib/openstack/lib/python3.12/site-packages/oslo_context/context.py:100: DeprecationWarning: Policy enforcement is depending on the value of is_admin. This key is deprecated. Please update your policy file to use the standard policy values. warnings.warn('Policy enforcement is depending on the value of '
2026-05-28 22:53:21.562 7 INFO cinder.api.openstack.wsgi [None req-10ea1934-4de1-4a32-8b6b-8270580057cb 788dfab6da9942bbaba568607926b1fa e57f2f373e974bfd82076f165574c41e - - default default] http://cinder-api.openstack.svc.cluster.local:8776/v3/e57f2f373e974bfd82076f165574c41e/scheduler-stats/get_pools?detail=true returned with HTTP 200 [pid: 7|app: 0|req: 348/702] 10.0.0.35 () {28 vars in 694 bytes} [Thu May 28 22:53:21 2026] GET /v3/e57f2f373e974bfd82076f165574c41e/scheduler-stats/get_pools?detail=true => generated 670 bytes in 517 msecs (HTTP/1.1 200) 7 headers in 285 bytes (1 switches on core 0)
2026-05-28 22:53:21.574 8 INFO cinder.api.openstack.wsgi [None req-d86226a4-3b8f-4f70-8860-47de4a143403 788dfab6da9942bbaba568607926b1fa e57f2f373e974bfd82076f165574c41e - - default default] GET http://cinder-api.openstack.svc.cluster.local:8776/v3/e57f2f373e974bfd82076f165574c41e/os-services
2026-05-28 22:53:21.584 8 INFO cinder.api.openstack.wsgi [None req-d86226a4-3b8f-4f70-8860-47de4a143403 788dfab6da9942bbaba568607926b1fa e57f2f373e974bfd82076f165574c41e - - default default] http://cinder-api.openstack.svc.cluster.local:8776/v3/e57f2f373e974bfd82076f165574c41e/os-services returned with HTTP 200 [pid: 8|app: 0|req: 355/703] 10.0.0.35 () {28 vars in 643 bytes} [Thu May 28 22:53:21 2026] GET /v3/e57f2f373e974bfd82076f165574c41e/os-services => generated 646 bytes in 17 msecs (HTTP/1.1 200) 7 headers in 285 bytes (1 switches on core 0)
2026-05-28 22:53:21.597 7 INFO cinder.api.openstack.wsgi [None req-33e8d46f-cee6-47de-9c6f-4ac3ddaf7732 788dfab6da9942bbaba568607926b1fa e57f2f373e974bfd82076f165574c41e - - default default] GET http://cinder-api.openstack.svc.cluster.local:8776/v3/e57f2f373e974bfd82076f165574c41e/volumes/detail?all_tenants=true
2026-05-28 22:53:21.608 7 INFO cinder.volume.api [None req-33e8d46f-cee6-47de-9c6f-4ac3ddaf7732 788dfab6da9942bbaba568607926b1fa e57f2f373e974bfd82076f165574c41e - - default default] Get all volumes completed successfully.
2026-05-28 22:53:21.610 7 INFO cinder.api.openstack.wsgi [None req-33e8d46f-cee6-47de-9c6f-4ac3ddaf7732 788dfab6da9942bbaba568607926b1fa e57f2f373e974bfd82076f165574c41e - - default default] http://cinder-api.openstack.svc.cluster.local:8776/v3/e57f2f373e974bfd82076f165574c41e/volumes/detail?all_tenants=true returned with HTTP 200 [pid: 7|app: 0|req: 349/704] 10.0.0.35 () {28 vars in 682 bytes} [Thu May 28 22:53:21 2026] GET /v3/e57f2f373e974bfd82076f165574c41e/volumes/detail?all_tenants=true => generated 15 bytes in 22 msecs (HTTP/1.1 200) 7 headers in 284 bytes (1 switches on core 0)
2026-05-28 22:53:21.620 8 INFO cinder.api.openstack.wsgi [None req-001f2175-408b-4e69-bb77-3623e82fb51f 788dfab6da9942bbaba568607926b1fa e57f2f373e974bfd82076f165574c41e - - default default] GET http://cinder-api.openstack.svc.cluster.local:8776/v3/e57f2f373e974bfd82076f165574c41e/snapshots?all_tenants=true
2026-05-28 22:53:21.626 8 INFO cinder.volume.api [None req-001f2175-408b-4e69-bb77-3623e82fb51f 788dfab6da9942bbaba568607926b1fa e57f2f373e974bfd82076f165574c41e - - default default] Get all snapshots completed successfully.
2026-05-28 22:53:21.627 8 INFO cinder.api.openstack.wsgi [None req-001f2175-408b-4e69-bb77-3623e82fb51f 788dfab6da9942bbaba568607926b1fa e57f2f373e974bfd82076f165574c41e - - default default] http://cinder-api.openstack.svc.cluster.local:8776/v3/e57f2f373e974bfd82076f165574c41e/snapshots?all_tenants=true returned with HTTP 200 [pid: 8|app: 0|req: 356/705] 10.0.0.35 () {28 vars in 672 bytes} [Thu May 28 22:53:21 2026] GET /v3/e57f2f373e974bfd82076f165574c41e/snapshots?all_tenants=true => generated 17 bytes in 12 msecs (HTTP/1.1 200) 7 headers in 284 bytes (1 switches on core 0)
2026-05-28 22:53:21.726 7 INFO cinder.api.openstack.wsgi [None req-08d0f161-fe30-41fa-a36e-a6320425be18 788dfab6da9942bbaba568607926b1fa e57f2f373e974bfd82076f165574c41e - - default default] GET http://cinder-api.openstack.svc.cluster.local:8776/v3/e57f2f373e974bfd82076f165574c41e/os-quota-sets/092250ac3fda411681474e95c2df5c02?usage=true
2026-05-28 22:53:21.751 7 INFO cinder.api.openstack.wsgi [None req-08d0f161-fe30-41fa-a36e-a6320425be18 788dfab6da9942bbaba568607926b1fa e57f2f373e974bfd82076f165574c41e - - default default] http://cinder-api.openstack.svc.cluster.local:8776/v3/e57f2f373e974bfd82076f165574c41e/os-quota-sets/092250ac3fda411681474e95c2df5c02?usage=true returned with HTTP 200 [pid: 7|app: 0|req: 350/706] 10.0.0.35 () {28 vars in 734 bytes} [Thu May 28 22:53:21 2026] GET /v3/e57f2f373e974bfd82076f165574c41e/os-quota-sets/092250ac3fda411681474e95c2df5c02?usage=true => generated 845 bytes in 30 msecs (HTTP/1.1 200) 7 headers in 285 bytes (1 switches on core 0)
2026-05-28 22:53:21.770 8 INFO cinder.api.openstack.wsgi [None req-3bd48ab8-f760-4445-805e-996b840e0847 788dfab6da9942bbaba568607926b1fa e57f2f373e974bfd82076f165574c41e - - default default] GET http://cinder-api.openstack.svc.cluster.local:8776/v3/e57f2f373e974bfd82076f165574c41e/os-quota-sets/15784b296dfd4dd39ff717809a507ec0?usage=true
2026-05-28 22:53:21.795 8 INFO cinder.api.openstack.wsgi [None req-3bd48ab8-f760-4445-805e-996b840e0847 788dfab6da9942bbaba568607926b1fa e57f2f373e974bfd82076f165574c41e - - default default] http://cinder-api.openstack.svc.cluster.local:8776/v3/e57f2f373e974bfd82076f165574c41e/os-quota-sets/15784b296dfd4dd39ff717809a507ec0?usage=true returned with HTTP 200 [pid: 8|app: 0|req: 357/707] 10.0.0.35 () {28 vars in 734 bytes} [Thu May 28 22:53:21 2026] GET /v3/e57f2f373e974bfd82076f165574c41e/os-quota-sets/15784b296dfd4dd39ff717809a507ec0?usage=true => generated 847 bytes in 31 msecs (HTTP/1.1 200) 7 headers in 285 bytes (1 switches on core 0)
2026-05-28 22:53:21.806 7 INFO cinder.api.openstack.wsgi [None req-823e5522-4cb6-4862-9dd9-bfe4c9b4d312 788dfab6da9942bbaba568607926b1fa e57f2f373e974bfd82076f165574c41e - - default default] GET http://cinder-api.openstack.svc.cluster.local:8776/v3/e57f2f373e974bfd82076f165574c41e/os-quota-sets/81da1479bddf45f8842641351e20c7a8?usage=true
2026-05-28 22:53:21.826 7 INFO cinder.api.openstack.wsgi [None req-823e5522-4cb6-4862-9dd9-bfe4c9b4d312 788dfab6da9942bbaba568607926b1fa e57f2f373e974bfd82076f165574c41e - - default default] http://cinder-api.openstack.svc.cluster.local:8776/v3/e57f2f373e974bfd82076f165574c41e/os-quota-sets/81da1479bddf45f8842641351e20c7a8?usage=true returned with HTTP 200 [pid: 7|app: 0|req: 351/708] 10.0.0.35 () {28 vars in 734 bytes} [Thu May 28 22:53:21 2026] GET /v3/e57f2f373e974bfd82076f165574c41e/os-quota-sets/81da1479bddf45f8842641351e20c7a8?usage=true => generated 847 bytes in 27 msecs (HTTP/1.1 200) 7 headers in 285 bytes (1 switches on core 0)
2026-05-28 22:53:21.836 8 INFO cinder.api.openstack.wsgi [None req-48b708b3-09d1-45f8-8611-59295289ce5d 788dfab6da9942bbaba568607926b1fa e57f2f373e974bfd82076f165574c41e - - default default] GET http://cinder-api.openstack.svc.cluster.local:8776/v3/e57f2f373e974bfd82076f165574c41e/os-quota-sets/c3812d756bf74131a0035daced741ec8?usage=true
2026-05-28 22:53:21.868 8 INFO cinder.api.openstack.wsgi [None req-48b708b3-09d1-45f8-8611-59295289ce5d 788dfab6da9942bbaba568607926b1fa e57f2f373e974bfd82076f165574c41e - - default default] http://cinder-api.openstack.svc.cluster.local:8776/v3/e57f2f373e974bfd82076f165574c41e/os-quota-sets/c3812d756bf74131a0035daced741ec8?usage=true returned with HTTP 200 [pid: 8|app: 0|req: 358/709] 10.0.0.35 () {28 vars in 734 bytes} [Thu May 28 22:53:21 2026] GET /v3/e57f2f373e974bfd82076f165574c41e/os-quota-sets/c3812d756bf74131a0035daced741ec8?usage=true => generated 847 bytes in 38 msecs (HTTP/1.1 200) 7 headers in 285 bytes (1 switches on core 0)
2026-05-28 22:53:21.881 7 INFO cinder.api.openstack.wsgi [None req-2b3bfe3c-89ed-4757-93c3-12c47ca18cbf 788dfab6da9942bbaba568607926b1fa e57f2f373e974bfd82076f165574c41e - - default default] GET http://cinder-api.openstack.svc.cluster.local:8776/v3/e57f2f373e974bfd82076f165574c41e/os-quota-sets/d2a96c79ea5342c397f06141452875b6?usage=true
2026-05-28 22:53:21.908 7 INFO cinder.api.openstack.wsgi [None req-2b3bfe3c-89ed-4757-93c3-12c47ca18cbf 788dfab6da9942bbaba568607926b1fa e57f2f373e974bfd82076f165574c41e - - default default] http://cinder-api.openstack.svc.cluster.local:8776/v3/e57f2f373e974bfd82076f165574c41e/os-quota-sets/d2a96c79ea5342c397f06141452875b6?usage=true returned with HTTP 200 [pid: 7|app: 0|req: 352/710] 10.0.0.35 () {28 vars in 734 bytes} [Thu May 28 22:53:21 2026] GET /v3/e57f2f373e974bfd82076f165574c41e/os-quota-sets/d2a96c79ea5342c397f06141452875b6?usage=true => generated 847 bytes in 38 msecs (HTTP/1.1 200) 7 headers in 285 bytes (1 switches on core 0)
2026-05-28 22:53:21.919 8 INFO cinder.api.openstack.wsgi [None req-1a5935f9-f3a6-4680-bc25-c756a7c097c4 788dfab6da9942bbaba568607926b1fa e57f2f373e974bfd82076f165574c41e - - default default] GET http://cinder-api.openstack.svc.cluster.local:8776/v3/e57f2f373e974bfd82076f165574c41e/os-quota-sets/e57f2f373e974bfd82076f165574c41e?usage=true
2026-05-28 22:53:21.947 8 INFO cinder.api.openstack.wsgi [None req-1a5935f9-f3a6-4680-bc25-c756a7c097c4 788dfab6da9942bbaba568607926b1fa e57f2f373e974bfd82076f165574c41e - - default default] http://cinder-api.openstack.svc.cluster.local:8776/v3/e57f2f373e974bfd82076f165574c41e/os-quota-sets/e57f2f373e974bfd82076f165574c41e?usage=true returned with HTTP 200 [pid: 8|app: 0|req: 359/711] 10.0.0.35 () {28 vars in 734 bytes} [Thu May 28 22:53:21 2026] GET /v3/e57f2f373e974bfd82076f165574c41e/os-quota-sets/e57f2f373e974bfd82076f165574c41e?usage=true => generated 845 bytes in 36 msecs (HTTP/1.1 200) 7 headers in 285 bytes (1 switches on core 0)
2026-05-28 22:53:25.000 7 INFO cinder.api.openstack.wsgi [None req-2b3bfe3c-89ed-4757-93c3-12c47ca18cbf 788dfab6da9942bbaba568607926b1fa e57f2f373e974bfd82076f165574c41e - - default default] GET http://10.0.0.203:8776/
2026-05-28 22:53:25.001 8 INFO cinder.api.openstack.wsgi [None req-1a5935f9-f3a6-4680-bc25-c756a7c097c4 788dfab6da9942bbaba568607926b1fa e57f2f373e974bfd82076f165574c41e - - default default] GET http://10.0.0.203:8776/
2026-05-28 22:53:25.002 7 INFO cinder.api.openstack.wsgi [None req-2b3bfe3c-89ed-4757-93c3-12c47ca18cbf 788dfab6da9942bbaba568607926b1fa e57f2f373e974bfd82076f165574c41e - - default default] http://10.0.0.203:8776/ returned with HTTP 300
2026-05-28 22:53:25.002 8 INFO cinder.api.openstack.wsgi [None req-1a5935f9-f3a6-4680-bc25-c756a7c097c4 788dfab6da9942bbaba568607926b1fa e57f2f373e974bfd82076f165574c41e - - default default] http://10.0.0.203:8776/ returned with HTTP 300
2026-05-28 22:53:35.001 7 INFO cinder.api.openstack.wsgi [None req-2b3bfe3c-89ed-4757-93c3-12c47ca18cbf 788dfab6da9942bbaba568607926b1fa e57f2f373e974bfd82076f165574c41e - - default default] GET http://10.0.0.203:8776/
2026-05-28 22:53:35.001 7 INFO cinder.api.openstack.wsgi [None req-2b3bfe3c-89ed-4757-93c3-12c47ca18cbf 788dfab6da9942bbaba568607926b1fa e57f2f373e974bfd82076f165574c41e - - default default] http://10.0.0.203:8776/ returned with HTTP 300
2026-05-28 22:53:35.001 8 INFO cinder.api.openstack.wsgi [None req-1a5935f9-f3a6-4680-bc25-c756a7c097c4 788dfab6da9942bbaba568607926b1fa e57f2f373e974bfd82076f165574c41e - - default default] GET http://10.0.0.203:8776/
2026-05-28 22:53:35.003 8 INFO cinder.api.openstack.wsgi [None req-1a5935f9-f3a6-4680-bc25-c756a7c097c4 788dfab6da9942bbaba568607926b1fa e57f2f373e974bfd82076f165574c41e - - default default] http://10.0.0.203:8776/ returned with HTTP 300
2026-05-28 22:53:45.000 7 INFO cinder.api.openstack.wsgi [None req-2b3bfe3c-89ed-4757-93c3-12c47ca18cbf 788dfab6da9942bbaba568607926b1fa e57f2f373e974bfd82076f165574c41e - - default default] GET http://10.0.0.203:8776/
2026-05-28 22:53:45.001 8 INFO cinder.api.openstack.wsgi [None req-1a5935f9-f3a6-4680-bc25-c756a7c097c4 788dfab6da9942bbaba568607926b1fa e57f2f373e974bfd82076f165574c41e - - default default] GET http://10.0.0.203:8776/
2026-05-28 22:53:45.002 8 INFO cinder.api.openstack.wsgi [None req-1a5935f9-f3a6-4680-bc25-c756a7c097c4 788dfab6da9942bbaba568607926b1fa e57f2f373e974bfd82076f165574c41e - - default default] http://10.0.0.203:8776/ returned with HTTP 300
2026-05-28 22:53:45.002 7 INFO cinder.api.openstack.wsgi [None req-2b3bfe3c-89ed-4757-93c3-12c47ca18cbf 788dfab6da9942bbaba568607926b1fa e57f2f373e974bfd82076f165574c41e - - default default] http://10.0.0.203:8776/ returned with HTTP 300
2026-05-28 22:53:47.412 8 INFO cinder.api.openstack.wsgi [None req-1a5935f9-f3a6-4680-bc25-c756a7c097c4 788dfab6da9942bbaba568607926b1fa e57f2f373e974bfd82076f165574c41e - - default default] GET http://cinder-api.openstack.svc.cluster.local:8776/
2026-05-28 22:53:47.413 8 INFO cinder.api.openstack.wsgi [None req-1a5935f9-f3a6-4680-bc25-c756a7c097c4 788dfab6da9942bbaba568607926b1fa e57f2f373e974bfd82076f165574c41e - - default default] http://cinder-api.openstack.svc.cluster.local:8776/ returned with HTTP 300 [pid: 8|app: 0|req: 363/718] 10.0.0.112 () {30 vars in 410 bytes} [Thu May 28 22:53:47 2026] GET / => generated 411 bytes in 2 msecs (HTTP/1.1 300) 5 headers in 169 bytes (1 switches on core 0)
2026-05-28 22:53:50.201 7 INFO cinder.api.openstack.wsgi [None req-5f8acfb6-b2af-4a3d-b1e3-92b3ef118038 6313f5f948e34c5384920b306aa2bf75 272e93ca9294406cbb4bf9e1b8e78f8d - - default default] GET http://cinder-api.openstack.svc.cluster.local:8776/v3/272e93ca9294406cbb4bf9e1b8e78f8d/volumes
2026-05-28 22:53:50.228 7 INFO cinder.volume.api [None req-5f8acfb6-b2af-4a3d-b1e3-92b3ef118038 6313f5f948e34c5384920b306aa2bf75 272e93ca9294406cbb4bf9e1b8e78f8d - - default default] Get all volumes completed successfully.
2026-05-28 22:53:50.228 7 INFO cinder.api.openstack.wsgi [None req-5f8acfb6-b2af-4a3d-b1e3-92b3ef118038 6313f5f948e34c5384920b306aa2bf75 272e93ca9294406cbb4bf9e1b8e78f8d - - default default] http://cinder-api.openstack.svc.cluster.local:8776/v3/272e93ca9294406cbb4bf9e1b8e78f8d/volumes returned with HTTP 200 [pid: 7|app: 0|req: 356/719] 10.0.0.112 () {32 vars in 700 bytes} [Thu May 28 22:53:49 2026] GET /v3/272e93ca9294406cbb4bf9e1b8e78f8d/volumes => generated 15 bytes in 243 msecs (HTTP/1.1 200) 7 headers in 284 bytes (1 switches on core 0)
2026-05-28 22:53:50.245 8 INFO cinder.api.openstack.wsgi [None req-2acc53b4-c31a-4d86-acbe-331e7efdc48f 6313f5f948e34c5384920b306aa2bf75 272e93ca9294406cbb4bf9e1b8e78f8d - - default default] POST http://cinder-api.openstack.svc.cluster.local:8776/v3/272e93ca9294406cbb4bf9e1b8e78f8d/volumes
2026-05-28 22:53:50.248 8 INFO cinder.api.v3.volumes [None req-2acc53b4-c31a-4d86-acbe-331e7efdc48f 6313f5f948e34c5384920b306aa2bf75 272e93ca9294406cbb4bf9e1b8e78f8d - - default default] Create volume of 1 GB
2026-05-28 22:53:50.254 8 INFO cinder.volume.api [None req-2acc53b4-c31a-4d86-acbe-331e7efdc48f 6313f5f948e34c5384920b306aa2bf75 272e93ca9294406cbb4bf9e1b8e78f8d - - default default] Availability Zones retrieved successfully.
2026-05-28 22:53:50.423 8 INFO cinder.volume.api [None req-2acc53b4-c31a-4d86-acbe-331e7efdc48f 6313f5f948e34c5384920b306aa2bf75 272e93ca9294406cbb4bf9e1b8e78f8d - - default default] Create volume request issued successfully.
2026-05-28 22:53:50.424 8 INFO cinder.api.openstack.wsgi [None req-2acc53b4-c31a-4d86-acbe-331e7efdc48f 6313f5f948e34c5384920b306aa2bf75 272e93ca9294406cbb4bf9e1b8e78f8d - - default default] http://cinder-api.openstack.svc.cluster.local:8776/v3/272e93ca9294406cbb4bf9e1b8e78f8d/volumes returned with HTTP 202 [pid: 8|app: 0|req: 364/720] 10.0.0.112 () {34 vars in 722 bytes} [Thu May 28 22:53:50 2026] POST /v3/272e93ca9294406cbb4bf9e1b8e78f8d/volumes => generated 876 bytes in 187 msecs (HTTP/1.1 202) 7 headers in 291 bytes (1 switches on core 0)
2026-05-28 22:53:50.445 7 INFO cinder.api.openstack.wsgi [None req-687bc6fc-1ace-4e37-85f7-27c925abb9e2 6313f5f948e34c5384920b306aa2bf75 272e93ca9294406cbb4bf9e1b8e78f8d - - default default] GET http://cinder-api.openstack.svc.cluster.local:8776/v3/272e93ca9294406cbb4bf9e1b8e78f8d/volumes/3db77faf-4345-4e78-930d-2b419f80096e /var/lib/openstack/lib/python3.12/site-packages/oslo_context/context.py:100: DeprecationWarning: Policy enforcement is depending on the value of is_admin. This key is deprecated. Please update your policy file to use the standard policy values. warnings.warn('Policy enforcement is depending on the value of '
2026-05-28 22:53:50.459 7 INFO cinder.volume.api [None req-687bc6fc-1ace-4e37-85f7-27c925abb9e2 6313f5f948e34c5384920b306aa2bf75 272e93ca9294406cbb4bf9e1b8e78f8d - - default default] Volume info retrieved successfully.
2026-05-28 22:53:50.465 7 INFO cinder.api.openstack.wsgi [None req-687bc6fc-1ace-4e37-85f7-27c925abb9e2 6313f5f948e34c5384920b306aa2bf75 272e93ca9294406cbb4bf9e1b8e78f8d - - default default] http://cinder-api.openstack.svc.cluster.local:8776/v3/272e93ca9294406cbb4bf9e1b8e78f8d/volumes/3db77faf-4345-4e78-930d-2b419f80096e returned with HTTP 200 [pid: 7|app: 0|req: 357/721] 10.0.0.112 () {32 vars in 774 bytes} [Thu May 28 22:53:50 2026] GET /v3/272e93ca9294406cbb4bf9e1b8e78f8d/volumes/3db77faf-4345-4e78-930d-2b419f80096e => generated 944 bytes in 26 msecs (HTTP/1.1 200) 7 headers in 285 bytes (1 switches on core 0) /var/lib/openstack/lib/python3.12/site-packages/pycadf/identifier.py:70: UserWarning: Invalid uuid: cinderv3. To ensure interoperability, identifiers should be a valid uuid. warnings.warn(('Invalid uuid: %s. To ensure interoperability, '
