199.19.213.221 - - [05/Mar/2026:11:22:44 +0000] "POST /identity/v3/auth/tokens HTTP/1.1" 201 7632 "-" "uwsgi keystoneauth1/5.13.1 python-requests/2.32.5 CPython/3.12.3"
199.19.213.221 - - [05/Mar/2026:11:22:44 +0000] "GET /container-infra/v1/clustertemplates/29d3f037-9b7e-47ab-b606-176e4474daec HTTP/1.1" 200 4414 "-" "python-urllib3/2.6.3"
199.19.213.221 - - [05/Mar/2026:11:22:45 +0000] "POST /identity/v3/auth/tokens HTTP/1.1" 201 7632 "-" "uwsgi keystoneauth1/5.13.1 python-requests/2.32.5 CPython/3.12.3"
199.19.213.221 - - [05/Mar/2026:11:22:45 +0000] "POST /identity/v3/auth/tokens HTTP/1.1" 201 7632 "-" "uwsgi keystoneauth1/5.13.1 python-requests/2.32.5 CPython/3.12.3"
199.19.213.221 - - [05/Mar/2026:11:22:45 +0000] "GET /identity/v3 HTTP/1.1" 200 3156 "-" "magnum-conductor keystoneauth1/5.13.1 python-requests/2.32.5 CPython/3.12.3"
199.19.213.221 - - [05/Mar/2026:11:22:45 +0000] "POST /identity/v3/auth/tokens HTTP/1.1" 201 8107 "-" "magnum-conductor keystoneauth1/5.13.1 python-requests/2.32.5 CPython/3.12.3"
199.19.213.221 - - [05/Mar/2026:11:22:45 +0000] "GET /identity HTTP/1.1" 300 3232 "-" "barbican/21.1.0.dev17 keystonemiddleware.auth_token/12.0.0 keystoneauth1/5.13.1 python-requests/2.32.5 CPython/3.12.3"
199.19.213.221 - - [05/Mar/2026:11:22:45 +0000] "POST /identity/v3/auth/tokens HTTP/1.1" 201 8109 "-" "barbican/21.1.0.dev17 keystonemiddleware.auth_token/12.0.0 keystoneauth1/5.13.1 python-requests/2.32.5 CPython/3.12.3"
199.19.213.221 - - [05/Mar/2026:11:22:45 +0000] "GET /identity/v3/auth/tokens HTTP/1.1" 200 8102 "-" "python-keystoneclient"
199.19.213.221 - - [05/Mar/2026:11:22:45 +0000] "POST /identity/v3/auth/tokens HTTP/1.1" 201 7632 "-" "uwsgi keystoneauth1/5.13.1 python-requests/2.32.5 CPython/3.12.3"
199.19.213.221 - - [05/Mar/2026:11:22:45 +0000] "GET /networking/v2.0/ports?device_id=b01ed6e7-15d1-4afa-8aa4-2509d7e02b58 HTTP/1.1" 200 3973 "-" "python-neutronclient"
199.19.213.221 - - [05/Mar/2026:11:22:45 +0000] "GET /container-infra/v1/certificates/14e07417-5959-462e-b981-2303915d5c8d HTTP/1.1" 200 4546 "-" "python-urllib3/2.6.3"
199.19.213.221 - - [05/Mar/2026:11:22:45 +0000] "GET /networking/v2.0/security-groups?id=98755643-d9ff-4b60-ba67-68482541325e&fields=id&fields=name HTTP/1.1" 200 3010 "-" "python-neutronclient"
199.19.213.221 - - [05/Mar/2026:11:22:45 +0000] "POST /identity/v3/auth/tokens HTTP/1.1" 201 7632 "-" "uwsgi keystoneauth1/5.13.1 python-requests/2.32.5 CPython/3.12.3"
199.19.213.221 - - [05/Mar/2026:11:22:45 +0000] "POST /identity/v3/auth/tokens HTTP/1.1" 201 7632 "-" "uwsgi keystoneauth1/5.13.1 python-requests/2.32.5 CPython/3.12.3"
199.19.213.221 - - [05/Mar/2026:11:22:45 +0000] "GET /identity/v3 HTTP/1.1" 200 3156 "-" "magnum-conductor keystoneauth1/5.13.1 python-requests/2.32.5 CPython/3.12.3"
199.19.213.221 - - [05/Mar/2026:11:22:45 +0000] "POST /identity/v3/auth/tokens HTTP/1.1" 201 8107 "-" "magnum-conductor keystoneauth1/5.13.1 python-requests/2.32.5 CPython/3.12.3"
199.19.213.221 - - [05/Mar/2026:11:22:45 +0000] "GET /identity/v3/auth/tokens HTTP/1.1" 200 8102 "-" "python-keystoneclient"
199.19.213.221 - - [05/Mar/2026:11:22:46 +0000] "POST /identity/v3/auth/tokens HTTP/1.1" 201 7632 "-" "uwsgi keystoneauth1/5.13.1 python-requests/2.32.5 CPython/3.12.3"
199.19.213.221 - - [05/Mar/2026:11:22:45 +0000] "POST /container-infra/v1/certificates HTTP/1.1" 201 5478 "-" "python-urllib3/2.6.3"
199.19.213.221 - - [05/Mar/2026:11:22:50 +0000] "GET /placement/resource_providers/4c7cacd1-5998-43c5-8029-15d95b0cb9fa/allocations HTTP/1.1" 200 3302 "-" "nova-compute keystoneauth1/5.13.1 python-requests/2.32.5 CPython/3.12.3"
199.19.213.221 - - [05/Mar/2026:11:22:50 +0000] "GET /placement/resource_providers/4c7cacd1-5998-43c5-8029-15d95b0cb9fa/allocations HTTP/1.1" 200 3302 "-" "nova-compute keystoneauth1/5.13.1 python-requests/2.32.5 CPython/3.12.3"
199.19.213.221 - - [05/Mar/2026:11:22:50 +0000] "GET /placement/allocations/b01ed6e7-15d1-4afa-8aa4-2509d7e02b58 HTTP/1.1" 200 3275 "-" "nova-compute keystoneauth1/5.13.1 python-requests/2.32.5 CPython/3.12.3"
199.19.213.221 - - [05/Mar/2026:11:22:50 +0000] "GET /placement/allocations/abdb7a1b-bdf5-4ac8-b5de-b4570c13f047 HTTP/1.1" 200 3275 "-" "nova-compute keystoneauth1/5.13.1 python-requests/2.32.5 CPython/3.12.3"
199.19.213.221 - - [05/Mar/2026:11:22:50 +0000] "GET /placement/allocations/c20b6ed5-c4b8-4167-aac7-599e80faa21d HTTP/1.1" 200 3275 "-" "nova-compute keystoneauth1/5.13.1 python-requests/2.32.5 CPython/3.12.3"
199.19.213.221 - - [05/Mar/2026:11:22:53 +0000] "GET /identity HTTP/1.1" 300 3232 "-" "uwsgi keystoneauth1/5.13.1 python-requests/2.32.5 CPython/3.12.3"
199.19.213.221 - - [05/Mar/2026:11:22:53 +0000] "POST /identity/v3/auth/tokens HTTP/1.1" 201 8105 "-" "uwsgi keystoneauth1/5.13.1 python-requests/2.32.5 CPython/3.12.3"
199.19.213.221 - - [05/Mar/2026:11:22:53 +0000] "POST /identity/v3/auth/tokens HTTP/1.1" 201 8105 "-" "uwsgi keystoneauth1/5.13.1 python-requests/2.32.5 CPython/3.12.3"
199.19.213.221 - - [05/Mar/2026:11:22:53 +0000] "GET /identity/v3/auth/tokens HTTP/1.1" 200 8100 "-" "python-keystoneclient"
199.19.213.221 - - [05/Mar/2026:11:22:54 +0000] "GET /identity/v3/auth/tokens?allow_expired=1 HTTP/1.1" 200 8100 "-" "python-keystoneclient"
199.19.213.221 - - [05/Mar/2026:11:22:53 +0000] "GET /networking/v2.0/ports?device_id=abdb7a1b-bdf5-4ac8-b5de-b4570c13f047 HTTP/1.1" 200 3973 "-" "python-neutronclient"
199.19.213.221 - - [05/Mar/2026:11:22:54 +0000] "GET /networking/v2.0/security-groups?id=98755643-d9ff-4b60-ba67-68482541325e&fields=id&fields=name HTTP/1.1" 200 3010 "-" "python-neutronclient"
172.24.5.111 - - [05/Mar/2026:11:23:23 +0000] "GET /volume/v3/volumes/detail HTTP/1.1" 200 2988 "-" "cinder-csi-plugin/v1.32.0 gophercloud/v2.5.0"
199.19.213.221 - - [05/Mar/2026:11:23:51 +0000] "GET /placement/resource_providers/4c7cacd1-5998-43c5-8029-15d95b0cb9fa/allocations HTTP/1.1" 200 3302 "-" "nova-compute keystoneauth1/5.13.1 python-requests/2.32.5 CPython/3.12.3"
199.19.213.221 - - [05/Mar/2026:11:23:51 +0000] "GET /placement/resource_providers/4c7cacd1-5998-43c5-8029-15d95b0cb9fa/allocations HTTP/1.1" 200 3302 "-" "nova-compute keystoneauth1/5.13.1 python-requests/2.32.5 CPython/3.12.3"
199.19.213.221 - - [05/Mar/2026:11:23:51 +0000] "GET /placement/allocations/b01ed6e7-15d1-4afa-8aa4-2509d7e02b58 HTTP/1.1" 200 3275 "-" "nova-compute keystoneauth1/5.13.1 python-requests/2.32.5 CPython/3.12.3"
199.19.213.221 - - [05/Mar/2026:11:23:51 +0000] "GET /placement/allocations/abdb7a1b-bdf5-4ac8-b5de-b4570c13f047 HTTP/1.1" 200 3275 "-" "nova-compute keystoneauth1/5.13.1 python-requests/2.32.5 CPython/3.12.3"
199.19.213.221 - - [05/Mar/2026:11:23:51 +0000] "GET /placement/allocations/c20b6ed5-c4b8-4167-aac7-599e80faa21d HTTP/1.1" 200 3275 "-" "nova-compute keystoneauth1/5.13.1 python-requests/2.32.5 CPython/3.12.3"
172.24.5.111 - - [05/Mar/2026:11:24:23 +0000] "GET /volume/v3/volumes/detail HTTP/1.1" 200 2988 "-" "cinder-csi-plugin/v1.32.0 gophercloud/v2.5.0"
199.19.213.221 - - [05/Mar/2026:11:24:53 +0000] "GET /identity HTTP/1.1" 300 3232 "-" "placement/unknown keystonemiddleware.auth_token/12.0.0 keystoneauth1/5.13.1 python-requests/2.32.5 CPython/3.12.3"
199.19.213.221 - - [05/Mar/2026:11:24:53 +0000] "POST /identity/v3/auth/tokens HTTP/1.1" 201 8110 "-" "placement/unknown keystonemiddleware.auth_token/12.0.0 keystoneauth1/5.13.1 python-requests/2.32.5 CPython/3.12.3"
199.19.213.221 - - [05/Mar/2026:11:24:53 +0000] "GET /identity/v3/auth/tokens HTTP/1.1" 200 8100 "-" "python-keystoneclient"
199.19.213.221 - - [05/Mar/2026:11:24:53 +0000] "GET /placement/resource_providers/4c7cacd1-5998-43c5-8029-15d95b0cb9fa/allocations HTTP/1.1" 200 3302 "-" "nova-compute keystoneauth1/5.13.1 python-requests/2.32.5 CPython/3.12.3"
199.19.213.221 - - [05/Mar/2026:11:24:53 +0000] "GET /placement/resource_providers?in_tree=4c7cacd1-5998-43c5-8029-15d95b0cb9fa HTTP/1.1" 200 3816 "-" "nova-compute keystoneauth1/5.13.1 python-requests/2.32.5 CPython/3.12.3"
199.19.213.221 - - [05/Mar/2026:11:24:53 +0000] "GET /placement/resource_providers/4c7cacd1-5998-43c5-8029-15d95b0cb9fa/inventories HTTP/1.1" 200 3344 "-" "nova-compute keystoneauth1/5.13.1 python-requests/2.32.5 CPython/3.12.3"
199.19.213.221 - - [05/Mar/2026:11:24:53 +0000] "GET /placement/resource_providers/4c7cacd1-5998-43c5-8029-15d95b0cb9fa/aggregates HTTP/1.1" 200 3068 "-" "nova-compute keystoneauth1/5.13.1 python-requests/2.32.5 CPython/3.12.3"
199.19.213.221 - - [05/Mar/2026:11:24:53 +0000] "GET /placement/resource_providers/4c7cacd1-5998-43c5-8029-15d95b0cb9fa/traits HTTP/1.1" 200 5008 "-" "nova-compute keystoneauth1/5.13.1 python-requests/2.32.5 CPython/3.12.3"
199.19.213.221 - - [05/Mar/2026:11:24:53 +0000] "GET /placement/resource_providers/4c7cacd1-5998-43c5-8029-15d95b0cb9fa/allocations HTTP/1.1" 200 3302 "-" "nova-compute keystoneauth1/5.13.1 python-requests/2.32.5 CPython/3.12.3"
199.19.213.221 - - [05/Mar/2026:11:24:54 +0000] "GET /placement/allocations/b01ed6e7-15d1-4afa-8aa4-2509d7e02b58 HTTP/1.1" 200 3275 "-" "nova-compute keystoneauth1/5.13.1 python-requests/2.32.5 CPython/3.12.3"
199.19.213.221 - - [05/Mar/2026:11:24:54 +0000] "GET /placement/allocations/abdb7a1b-bdf5-4ac8-b5de-b4570c13f047 HTTP/1.1" 200 3275 "-" "nova-compute keystoneauth1/5.13.1 python-requests/2.32.5 CPython/3.12.3"
199.19.213.221 - - [05/Mar/2026:11:24:54 +0000] "GET /placement/allocations/c20b6ed5-c4b8-4167-aac7-599e80faa21d HTTP/1.1" 200 3275 "-" "nova-compute keystoneauth1/5.13.1 python-requests/2.32.5 CPython/3.12.3"
172.24.5.111 - - [05/Mar/2026:11:25:23 +0000] "GET /volume/v3/volumes/detail HTTP/1.1" 200 2988 "-" "cinder-csi-plugin/v1.32.0 gophercloud/v2.5.0"
172.18.0.2 - - [05/Mar/2026:11:25:43 +0000] "GET /compute/v2.1/ HTTP/1.1" 200 3432 "-" "cluster-api-provider-openstack/v0.12.4 gophercloud/v2.7.0"
172.18.0.2 - - [05/Mar/2026:11:25:43 +0000] "GET /compute/v2.1/ HTTP/1.1" 200 3432 "-" "cluster-api-provider-openstack/v0.12.4 gophercloud/v2.7.0"
172.18.0.2 - - [05/Mar/2026:11:25:43 +0000] "GET /compute/v2.1/ HTTP/1.1" 200 3432 "-" "cluster-api-provider-openstack/v0.12.4 gophercloud/v2.7.0"
199.19.213.221 - - [05/Mar/2026:11:25:43 +0000] "GET /networking/v2.0/ports?device_id=c20b6ed5-c4b8-4167-aac7-599e80faa21d HTTP/1.1" 200 3711 "-" "python-neutronclient"
199.19.213.221 - - [05/Mar/2026:11:25:43 +0000] "GET /identity/v3/auth/tokens HTTP/1.1" 200 8100 "-" "python-keystoneclient"
199.19.213.221 - - [05/Mar/2026:11:25:43 +0000] "GET /identity/v3/auth/tokens HTTP/1.1" 200 8100 "-" "python-keystoneclient"
199.19.213.221 - - [05/Mar/2026:11:25:43 +0000] "GET /networking/v2.0/security-groups?id=4b6bb614-2a8b-4c74-9682-022769db058a&fields=id&fields=name HTTP/1.1" 200 3016 "-" "python-neutronclient"
172.18.0.2 - - [05/Mar/2026:11:25:43 +0000] "GET /compute/v2.1/servers/c20b6ed5-c4b8-4167-aac7-599e80faa21d HTTP/1.1" 200 4631 "-" "cluster-api-provider-openstack/v0.12.4 gophercloud/v2.7.0"
199.19.213.221 - - [05/Mar/2026:11:25:43 +0000] "GET /networking/v2.0/ports?device_id=b01ed6e7-15d1-4afa-8aa4-2509d7e02b58 HTTP/1.1" 200 3731 "-" "python-neutronclient"
199.19.213.221 - - [05/Mar/2026:11:25:43 +0000] "GET /networking/v2.0/ports?device_id=abdb7a1b-bdf5-4ac8-b5de-b4570c13f047 HTTP/1.1" 200 3731 "-" "python-neutronclient"
199.19.213.221 - - [05/Mar/2026:11:25:43 +0000] "GET /networking/v2.0/security-groups?id=98755643-d9ff-4b60-ba67-68482541325e&fields=id&fields=name HTTP/1.1" 200 3010 "-" "python-neutronclient"
199.19.213.221 - - [05/Mar/2026:11:25:43 +0000] "GET /networking/v2.0/security-groups?id=98755643-d9ff-4b60-ba67-68482541325e&fields=id&fields=name HTTP/1.1" 200 3010 "-" "python-neutronclient"
172.18.0.2 - - [05/Mar/2026:11:25:43 +0000] "GET /compute/v2.1/servers/abdb7a1b-bdf5-4ac8-b5de-b4570c13f047 HTTP/1.1" 200 4645 "-" "cluster-api-provider-openstack/v0.12.4 gophercloud/v2.7.0"
172.18.0.2 - - [05/Mar/2026:11:25:43 +0000] "GET /compute/v2.1/servers/b01ed6e7-15d1-4afa-8aa4-2509d7e02b58 HTTP/1.1" 200 4645 "-" "cluster-api-provider-openstack/v0.12.4 gophercloud/v2.7.0"
199.19.213.221 - - [05/Mar/2026:11:25:55 +0000] "GET /placement/resource_providers/4c7cacd1-5998-43c5-8029-15d95b0cb9fa/allocations HTTP/1.1" 200 3302 "-" "nova-compute keystoneauth1/5.13.1 python-requests/2.32.5 CPython/3.12.3"
199.19.213.221 - - [05/Mar/2026:11:25:55 +0000] "GET /placement/resource_providers/4c7cacd1-5998-43c5-8029-15d95b0cb9fa/allocations HTTP/1.1" 200 3302 "-" "nova-compute keystoneauth1/5.13.1 python-requests/2.32.5 CPython/3.12.3"
199.19.213.221 - - [05/Mar/2026:11:25:55 +0000] "GET /placement/allocations/b01ed6e7-15d1-4afa-8aa4-2509d7e02b58 HTTP/1.1" 200 3275 "-" "nova-compute keystoneauth1/5.13.1 python-requests/2.32.5 CPython/3.12.3"
199.19.213.221 - - [05/Mar/2026:11:25:55 +0000] "GET /placement/allocations/abdb7a1b-bdf5-4ac8-b5de-b4570c13f047 HTTP/1.1" 200 3275 "-" "nova-compute keystoneauth1/5.13.1 python-requests/2.32.5 CPython/3.12.3"
199.19.213.221 - - [05/Mar/2026:11:25:56 +0000] "GET /placement/allocations/c20b6ed5-c4b8-4167-aac7-599e80faa21d HTTP/1.1" 200 3275 "-" "nova-compute keystoneauth1/5.13.1 python-requests/2.32.5 CPython/3.12.3"
172.24.5.111 - - [05/Mar/2026:11:26:23 +0000] "GET /volume/v3/volumes/detail HTTP/1.1" 200 2988 "-" "cinder-csi-plugin/v1.32.0 gophercloud/v2.5.0"
199.19.213.221 - - [05/Mar/2026:11:26:55 +0000] "GET /placement/resource_providers/4c7cacd1-5998-43c5-8029-15d95b0cb9fa/allocations HTTP/1.1" 200 3302 "-" "nova-compute keystoneauth1/5.13.1 python-requests/2.32.5 CPython/3.12.3"
199.19.213.221 - - [05/Mar/2026:11:26:55 +0000] "GET /placement/resource_providers/4c7cacd1-5998-43c5-8029-15d95b0cb9fa/allocations HTTP/1.1" 200 3302 "-" "nova-compute keystoneauth1/5.13.1 python-requests/2.32.5 CPython/3.12.3"
199.19.213.221 - - [05/Mar/2026:11:26:55 +0000] "GET /placement/allocations/b01ed6e7-15d1-4afa-8aa4-2509d7e02b58 HTTP/1.1" 200 3275 "-" "nova-compute keystoneauth1/5.13.1 python-requests/2.32.5 CPython/3.12.3"
199.19.213.221 - - [05/Mar/2026:11:26:55 +0000] "GET /placement/allocations/abdb7a1b-bdf5-4ac8-b5de-b4570c13f047 HTTP/1.1" 200 3275 "-" "nova-compute keystoneauth1/5.13.1 python-requests/2.32.5 CPython/3.12.3"
199.19.213.221 - - [05/Mar/2026:11:26:55 +0000] "GET /placement/allocations/c20b6ed5-c4b8-4167-aac7-599e80faa21d HTTP/1.1" 200 3275 "-" "nova-compute keystoneauth1/5.13.1 python-requests/2.32.5 CPython/3.12.3"
199.19.213.221 - - [05/Mar/2026:11:27:00 +0000] "GET /identity/v3/auth/tokens HTTP/1.1" 200 8100 "-" "python-keystoneclient"
199.19.213.221 - - [05/Mar/2026:11:27:00 +0000] "GET /networking/v2.0/ports?device_id=b01ed6e7-15d1-4afa-8aa4-2509d7e02b58 HTTP/1.1" 200 3731 "-" "python-neutronclient"
199.19.213.221 - - [05/Mar/2026:11:27:00 +0000] "GET /identity/v3/auth/tokens?allow_expired=1 HTTP/1.1" 200 8226 "-" "python-keystoneclient"
199.19.213.221 - - [05/Mar/2026:11:27:00 +0000] "GET /networking/v2.0/security-groups?id=98755643-d9ff-4b60-ba67-68482541325e&fields=id&fields=name HTTP/1.1" 200 3010 "-" "python-neutronclient"
172.24.5.111 - - [05/Mar/2026:11:27:00 +0000] "GET /compute/v2.1/servers/b01ed6e7-15d1-4afa-8aa4-2509d7e02b58 HTTP/1.1" 200 4593 "-" "openstack-cloud-controller-manager/v1.32.1 gophercloud/v2.5.0"
172.24.5.111 - - [05/Mar/2026:11:27:00 +0000] "GET /compute/v2.1/flavors/4 HTTP/1.1" 200 3412 "-" "openstack-cloud-controller-manager/v1.32.1 gophercloud/v2.5.0"
172.24.5.111 - - [05/Mar/2026:11:27:00 +0000] "GET /networking/v2.0/ports?device_id=b01ed6e7-15d1-4afa-8aa4-2509d7e02b58 HTTP/1.1" 200 3700 "-" "openstack-cloud-controller-manager/v1.32.1 gophercloud/v2.5.0"
199.19.213.221 - - [05/Mar/2026:11:27:00 +0000] "GET /networking/v2.0/ports?device_id=c20b6ed5-c4b8-4167-aac7-599e80faa21d HTTP/1.1" 200 3711 "-" "python-neutronclient"
199.19.213.221 - - [05/Mar/2026:11:27:00 +0000] "GET /networking/v2.0/security-groups?id=4b6bb614-2a8b-4c74-9682-022769db058a&fields=id&fields=name HTTP/1.1" 200 3016 "-" "python-neutronclient"
172.24.5.111 - - [05/Mar/2026:11:27:00 +0000] "GET /compute/v2.1/servers/c20b6ed5-c4b8-4167-aac7-599e80faa21d HTTP/1.1" 200 4579 "-" "openstack-cloud-controller-manager/v1.32.1 gophercloud/v2.5.0"
172.24.5.111 - - [05/Mar/2026:11:27:00 +0000] "GET /compute/v2.1/flavors/4 HTTP/1.1" 200 3412 "-" "openstack-cloud-controller-manager/v1.32.1 gophercloud/v2.5.0"
172.24.5.111 - - [05/Mar/2026:11:27:00 +0000] "GET /networking/v2.0/ports?device_id=c20b6ed5-c4b8-4167-aac7-599e80faa21d HTTP/1.1" 200 3680 "-" "openstack-cloud-controller-manager/v1.32.1 gophercloud/v2.5.0"
199.19.213.221 - - [05/Mar/2026:11:27:01 +0000] "GET /networking/v2.0/ports?device_id=abdb7a1b-bdf5-4ac8-b5de-b4570c13f047 HTTP/1.1" 200 3731 "-" "python-neutronclient"
199.19.213.221 - - [05/Mar/2026:11:27:01 +0000] "GET /networking/v2.0/security-groups?id=98755643-d9ff-4b60-ba67-68482541325e&fields=id&fields=name HTTP/1.1" 200 3010 "-" "python-neutronclient"
172.24.5.111 - - [05/Mar/2026:11:27:01 +0000] "GET /compute/v2.1/servers/abdb7a1b-bdf5-4ac8-b5de-b4570c13f047 HTTP/1.1" 200 4593 "-" "openstack-cloud-controller-manager/v1.32.1 gophercloud/v2.5.0"
172.24.5.111 - - [05/Mar/2026:11:27:01 +0000] "GET /compute/v2.1/flavors/4 HTTP/1.1" 200 3412 "-" "openstack-cloud-controller-manager/v1.32.1 gophercloud/v2.5.0"
172.24.5.111 - - [05/Mar/2026:11:27:01 +0000] "GET /networking/v2.0/ports?device_id=abdb7a1b-bdf5-4ac8-b5de-b4570c13f047 HTTP/1.1" 200 3700 "-" "openstack-cloud-controller-manager/v1.32.1 gophercloud/v2.5.0"
199.19.213.221 - - [05/Mar/2026:11:27:23 +0000] "GET /identity/v3/auth/tokens HTTP/1.1" 200 8226 "-" "python-keystoneclient"
172.24.5.111 - - [05/Mar/2026:11:27:23 +0000] "GET /volume/v3/volumes/detail HTTP/1.1" 200 2988 "-" "cinder-csi-plugin/v1.32.0 gophercloud/v2.5.0"
172.18.0.2 - - [05/Mar/2026:11:27:25 +0000] "GET /compute/v2.1/ HTTP/1.1" 200 3432 "-" "cluster-api-provider-openstack/v0.12.4 gophercloud/v2.7.0"
172.18.0.2 - - [05/Mar/2026:11:27:25 +0000] "GET /compute/v2.1/ HTTP/1.1" 200 3432 "-" "cluster-api-provider-openstack/v0.12.4 gophercloud/v2.7.0"
172.18.0.2 - - [05/Mar/2026:11:27:25 +0000] "GET /compute/v2.1/ HTTP/1.1" 200 3432 "-" "cluster-api-provider-openstack/v0.12.4 gophercloud/v2.7.0"
199.19.213.221 - - [05/Mar/2026:11:27:25 +0000] "GET /identity/v3/auth/tokens HTTP/1.1" 200 8226 "-" "python-keystoneclient"
199.19.213.221 - - [05/Mar/2026:11:27:25 +0000] "GET /identity/v3/auth/tokens HTTP/1.1" 200 8226 "-" "python-keystoneclient"
199.19.213.221 - - [05/Mar/2026:11:27:25 +0000] "GET /identity/v3/auth/tokens HTTP/1.1" 200 8226 "-" "python-keystoneclient"
199.19.213.221 - - [05/Mar/2026:11:27:25 +0000] "GET /networking/v2.0/ports?device_id=abdb7a1b-bdf5-4ac8-b5de-b4570c13f047 HTTP/1.1" 200 3731 "-" "python-neutronclient"
199.19.213.221 - - [05/Mar/2026:11:27:25 +0000] "GET /networking/v2.0/ports?device_id=c20b6ed5-c4b8-4167-aac7-599e80faa21d HTTP/1.1" 200 3711 "-" "python-neutronclient"
199.19.213.221 - - [05/Mar/2026:11:27:25 +0000] "GET /networking/v2.0/ports?device_id=b01ed6e7-15d1-4afa-8aa4-2509d7e02b58 HTTP/1.1" 200 3731 "-" "python-neutronclient"
199.19.213.221 - - [05/Mar/2026:11:27:25 +0000] "GET /networking/v2.0/security-groups?id=4b6bb614-2a8b-4c74-9682-022769db058a&fields=id&fields=name HTTP/1.1" 200 3016 "-" "python-neutronclient"
199.19.213.221 - - [05/Mar/2026:11:27:25 +0000] "GET /networking/v2.0/security-groups?id=98755643-d9ff-4b60-ba67-68482541325e&fields=id&fields=name HTTP/1.1" 200 3010 "-" "python-neutronclient"
172.18.0.2 - - [05/Mar/2026:11:27:25 +0000] "GET /compute/v2.1/servers/c20b6ed5-c4b8-4167-aac7-599e80faa21d HTTP/1.1" 200 4631 "-" "cluster-api-provider-openstack/v0.12.4 gophercloud/v2.7.0"
172.18.0.2 - - [05/Mar/2026:11:27:25 +0000] "GET /compute/v2.1/servers/abdb7a1b-bdf5-4ac8-b5de-b4570c13f047 HTTP/1.1" 200 4645 "-" "cluster-api-provider-openstack/v0.12.4 gophercloud/v2.7.0"
199.19.213.221 - - [05/Mar/2026:11:27:25 +0000] "GET /networking/v2.0/security-groups?id=98755643-d9ff-4b60-ba67-68482541325e&fields=id&fields=name HTTP/1.1" 200 3010 "-" "python-neutronclient"
172.18.0.2 - - [05/Mar/2026:11:27:25 +0000] "GET /compute/v2.1/servers/b01ed6e7-15d1-4afa-8aa4-2509d7e02b58 HTTP/1.1" 200 4645 "-" "cluster-api-provider-openstack/v0.12.4 gophercloud/v2.7.0"
199.19.213.221 - - [05/Mar/2026:11:27:56 +0000] "GET /placement/resource_providers/4c7cacd1-5998-43c5-8029-15d95b0cb9fa/allocations HTTP/1.1" 200 3302 "-" "nova-compute keystoneauth1/5.13.1 python-requests/2.32.5 CPython/3.12.3"
199.19.213.221 - - [05/Mar/2026:11:27:56 +0000] "GET /placement/resource_providers/4c7cacd1-5998-43c5-8029-15d95b0cb9fa/allocations HTTP/1.1" 200 3302 "-" "nova-compute keystoneauth1/5.13.1 python-requests/2.32.5 CPython/3.12.3"
199.19.213.221 - - [05/Mar/2026:11:27:56 +0000] "GET /placement/allocations/b01ed6e7-15d1-4afa-8aa4-2509d7e02b58 HTTP/1.1" 200 3275 "-" "nova-compute keystoneauth1/5.13.1 python-requests/2.32.5 CPython/3.12.3"
199.19.213.221 - - [05/Mar/2026:11:27:56 +0000] "GET /placement/allocations/abdb7a1b-bdf5-4ac8-b5de-b4570c13f047 HTTP/1.1" 200 3275 "-" "nova-compute keystoneauth1/5.13.1 python-requests/2.32.5 CPython/3.12.3"
199.19.213.221 - - [05/Mar/2026:11:27:56 +0000] "GET /placement/allocations/c20b6ed5-c4b8-4167-aac7-599e80faa21d HTTP/1.1" 200 3275 "-" "nova-compute keystoneauth1/5.13.1 python-requests/2.32.5 CPython/3.12.3"
172.24.5.111 - - [05/Mar/2026:11:28:24 +0000] "GET /volume/v3/volumes/detail HTTP/1.1" 200 2988 "-" "cinder-csi-plugin/v1.32.0 gophercloud/v2.5.0"
172.18.0.2 - - [05/Mar/2026:11:28:49 +0000] "GET /networking/v2.0/networks/95781cd7-1787-4d11-a302-cf9152e94f5e HTTP/1.1" 200 3502 "-" "cluster-api-provider-openstack/v0.12.4 gophercloud/v2.7.0"
172.18.0.2 - - [05/Mar/2026:11:28:49 +0000] "GET /networking/v2.0/networks?name=k8s-clusterapi-cluster-magnum-system-kube-rvz5j HTTP/1.1" 200 3490 "-" "cluster-api-provider-openstack/v0.12.4 gophercloud/v2.7.0"
172.18.0.2 - - [05/Mar/2026:11:28:49 +0000] "GET /networking/v2.0/subnets?cidr=192.168.24.0%2F24&network_id=1dd6d93c-57ef-483f-a354-2a6b3904f11a HTTP/1.1" 200 3614 "-" "cluster-api-provider-openstack/v0.12.4 gophercloud/v2.7.0"
172.18.0.2 - - [05/Mar/2026:11:28:49 +0000] "GET /networking/v2.0/routers/c9b47845-1f0b-4739-a80e-f63e10b7916a HTTP/1.1" 200 4063 "-" "cluster-api-provider-openstack/v0.12.4 gophercloud/v2.7.0"
172.18.0.2 - - [05/Mar/2026:11:28:49 +0000] "GET /networking/v2.0/ports?device_id=c9b47845-1f0b-4739-a80e-f63e10b7916a HTTP/1.1" 200 3569 "-" "cluster-api-provider-openstack/v0.12.4 gophercloud/v2.7.0"
172.18.0.2 - - [05/Mar/2026:11:28:49 +0000] "GET /networking/v2.0/security-groups?name=k8s-cluster-magnum-system-kube-rvz5j-secgroup-bastion HTTP/1.1" 200 2868 "-" "cluster-api-provider-openstack/v0.12.4 gophercloud/v2.7.0"
172.18.0.2 - - [05/Mar/2026:11:28:49 +0000] "GET /networking/v2.0/security-groups?name=k8s-cluster-magnum-system-kube-rvz5j-secgroup-worker HTTP/1.1" 200 11151 "-" "cluster-api-provider-openstack/v0.12.4 gophercloud/v2.7.0"
172.18.0.2 - - [05/Mar/2026:11:28:49 +0000] "GET /networking/v2.0/security-groups?name=k8s-cluster-magnum-system-kube-rvz5j-secgroup-controlplane HTTP/1.1" 200 7754 "-" "cluster-api-provider-openstack/v0.12.4 gophercloud/v2.7.0"
172.18.0.2 - - [05/Mar/2026:11:28:49 +0000] "GET /networking/v2.0/floatingips?floating_ip_address=172.24.5.10 HTTP/1.1" 200 3756 "-" "cluster-api-provider-openstack/v0.12.4 gophercloud/v2.7.0"
172.18.0.2 - - [05/Mar/2026:11:28:50 +0000] "GET /compute/v2.1/ HTTP/1.1" 200 3432 "-" "cluster-api-provider-openstack/v0.12.4 gophercloud/v2.7.0"
172.18.0.2 - - [05/Mar/2026:11:28:50 +0000] "GET /compute/v2.1/os-availability-zone HTTP/1.1" 200 3137 "-" "cluster-api-provider-openstack/v0.12.4 gophercloud/v2.7.0"
199.19.213.221 - - [05/Mar/2026:11:28:56 +0000] "GET /placement/resource_providers/4c7cacd1-5998-43c5-8029-15d95b0cb9fa/allocations HTTP/1.1" 200 3302 "-" "nova-compute keystoneauth1/5.13.1 python-requests/2.32.5 CPython/3.12.3"
199.19.213.221 - - [05/Mar/2026:11:28:56 +0000] "GET /placement/resource_providers/4c7cacd1-5998-43c5-8029-15d95b0cb9fa/allocations HTTP/1.1" 200 3302 "-" "nova-compute keystoneauth1/5.13.1 python-requests/2.32.5 CPython/3.12.3"
199.19.213.221 - - [05/Mar/2026:11:28:56 +0000] "GET /placement/allocations/b01ed6e7-15d1-4afa-8aa4-2509d7e02b58 HTTP/1.1" 200 3275 "-" "nova-compute keystoneauth1/5.13.1 python-requests/2.32.5 CPython/3.12.3"
199.19.213.221 - - [05/Mar/2026:11:28:56 +0000] "GET /placement/allocations/abdb7a1b-bdf5-4ac8-b5de-b4570c13f047 HTTP/1.1" 200 3275 "-" "nova-compute keystoneauth1/5.13.1 python-requests/2.32.5 CPython/3.12.3"
199.19.213.221 - - [05/Mar/2026:11:28:56 +0000] "GET /placement/allocations/c20b6ed5-c4b8-4167-aac7-599e80faa21d HTTP/1.1" 200 3275 "-" "nova-compute keystoneauth1/5.13.1 python-requests/2.32.5 CPython/3.12.3"
172.24.5.111 - - [05/Mar/2026:11:29:24 +0000] "GET /volume/v3/volumes/detail HTTP/1.1" 200 2988 "-" "cinder-csi-plugin/v1.32.0 gophercloud/v2.5.0"
199.19.213.221 - - [05/Mar/2026:11:29:58 +0000] "GET /identity HTTP/1.1" 300 3232 "-" "placement/unknown keystonemiddleware.auth_token/12.0.0 keystoneauth1/5.13.1 python-requests/2.32.5 CPython/3.12.3"
199.19.213.221 - - [05/Mar/2026:11:29:58 +0000] "POST /identity/v3/auth/tokens HTTP/1.1" 201 8110 "-" "placement/unknown keystonemiddleware.auth_token/12.0.0 keystoneauth1/5.13.1 python-requests/2.32.5 CPython/3.12.3"
199.19.213.221 - - [05/Mar/2026:11:29:58 +0000] "GET /identity/v3/auth/tokens HTTP/1.1" 200 8100 "-" "python-keystoneclient"
199.19.213.221 - - [05/Mar/2026:11:29:58 +0000] "GET /placement/resource_providers/4c7cacd1-5998-43c5-8029-15d95b0cb9fa/allocations HTTP/1.1" 200 3302 "-" "nova-compute keystoneauth1/5.13.1 python-requests/2.32.5 CPython/3.12.3"
199.19.213.221 - - [05/Mar/2026:11:29:58 +0000] "GET /placement/resource_providers?in_tree=4c7cacd1-5998-43c5-8029-15d95b0cb9fa HTTP/1.1" 200 3816 "-" "nova-compute keystoneauth1/5.13.1 python-requests/2.32.5 CPython/3.12.3"
199.19.213.221 - - [05/Mar/2026:11:29:58 +0000] "GET /placement/resource_providers/4c7cacd1-5998-43c5-8029-15d95b0cb9fa/inventories HTTP/1.1" 200 3344 "-" "nova-compute keystoneauth1/5.13.1 python-requests/2.32.5 CPython/3.12.3"
199.19.213.221 - - [05/Mar/2026:11:29:59 +0000] "GET /placement/resource_providers/4c7cacd1-5998-43c5-8029-15d95b0cb9fa/aggregates HTTP/1.1" 200 3068 "-" "nova-compute keystoneauth1/5.13.1 python-requests/2.32.5 CPython/3.12.3"
199.19.213.221 - - [05/Mar/2026:11:29:59 +0000] "GET /placement/resource_providers/4c7cacd1-5998-43c5-8029-15d95b0cb9fa/traits HTTP/1.1" 200 5008 "-" "nova-compute keystoneauth1/5.13.1 python-requests/2.32.5 CPython/3.12.3"
199.19.213.221 - - [05/Mar/2026:11:29:59 +0000] "GET /placement/resource_providers/4c7cacd1-5998-43c5-8029-15d95b0cb9fa/allocations HTTP/1.1" 200 3302 "-" "nova-compute keystoneauth1/5.13.1 python-requests/2.32.5 CPython/3.12.3"
199.19.213.221 - - [05/Mar/2026:11:29:59 +0000] "GET /placement/allocations/b01ed6e7-15d1-4afa-8aa4-2509d7e02b58 HTTP/1.1" 200 3275 "-" "nova-compute keystoneauth1/5.13.1 python-requests/2.32.5 CPython/3.12.3"
199.19.213.221 - - [05/Mar/2026:11:29:59 +0000] "GET /placement/allocations/abdb7a1b-bdf5-4ac8-b5de-b4570c13f047 HTTP/1.1" 200 3275 "-" "nova-compute keystoneauth1/5.13.1 python-requests/2.32.5 CPython/3.12.3"
199.19.213.221 - - [05/Mar/2026:11:29:59 +0000] "GET /placement/allocations/c20b6ed5-c4b8-4167-aac7-599e80faa21d HTTP/1.1" 200 3275 "-" "nova-compute keystoneauth1/5.13.1 python-requests/2.32.5 CPython/3.12.3"
172.18.0.2 - - [05/Mar/2026:11:30:03 +0000] "GET /networking/v2.0/ports?id=0dc61afc-75a2-472c-8c00-c345afa9dc1b&name=kube-rvz5j-default-worker-wx7wt-qmsmf-r7t4b-0&network_id=1dd6d93c-57ef-483f-a354-2a6b3904f11a HTTP/1.1" 200 3700 "-" "cluster-api-provider-openstack/v0.12.4 gophercloud/v2.7.0"
172.18.0.2 - - [05/Mar/2026:11:30:03 +0000] "GET /networking/v2.0/ports?id=4bf059d7-528a-4668-965a-fe35013060c8&name=kube-rvz5j-default-worker-wx7wt-qmsmf-68kg9-0&network_id=1dd6d93c-57ef-483f-a354-2a6b3904f11a HTTP/1.1" 200 3700 "-" "cluster-api-provider-openstack/v0.12.4 gophercloud/v2.7.0"
172.18.0.2 - - [05/Mar/2026:11:30:04 +0000] "GET /compute/v2.1/ HTTP/1.1" 200 3432 "-" "cluster-api-provider-openstack/v0.12.4 gophercloud/v2.7.0"
172.18.0.2 - - [05/Mar/2026:11:30:03 +0000] "GET /networking/v2.0/ports?id=5e84e731-865a-40ce-a0ee-0086d928de0e&name=kube-rvz5j-sd5jb-qxzwq-0&network_id=1dd6d93c-57ef-483f-a354-2a6b3904f11a HTTP/1.1" 200 3680 "-" "cluster-api-provider-openstack/v0.12.4 gophercloud/v2.7.0"
172.18.0.2 - - [05/Mar/2026:11:30:04 +0000] "GET /compute/v2.1/ HTTP/1.1" 200 3432 "-" "cluster-api-provider-openstack/v0.12.4 gophercloud/v2.7.0"
172.18.0.2 - - [05/Mar/2026:11:30:04 +0000] "GET /compute/v2.1/ HTTP/1.1" 200 3432 "-" "cluster-api-provider-openstack/v0.12.4 gophercloud/v2.7.0"
199.19.213.221 - - [05/Mar/2026:11:30:04 +0000] "GET /networking/v2.0/ports?device_id=abdb7a1b-bdf5-4ac8-b5de-b4570c13f047 HTTP/1.1" 200 3731 "-" "python-neutronclient"
199.19.213.221 - - [05/Mar/2026:11:30:04 +0000] "GET /networking/v2.0/ports?device_id=b01ed6e7-15d1-4afa-8aa4-2509d7e02b58 HTTP/1.1" 200 3731 "-" "python-neutronclient"
199.19.213.221 - - [05/Mar/2026:11:30:04 +0000] "GET /identity/v3/auth/tokens HTTP/1.1" 200 8100 "-" "python-keystoneclient"
199.19.213.221 - - [05/Mar/2026:11:30:04 +0000] "GET /networking/v2.0/security-groups?id=98755643-d9ff-4b60-ba67-68482541325e&fields=id&fields=name HTTP/1.1" 200 3010 "-" "python-neutronclient"
172.18.0.2 - - [05/Mar/2026:11:30:04 +0000] "GET /compute/v2.1/servers/abdb7a1b-bdf5-4ac8-b5de-b4570c13f047 HTTP/1.1" 200 4645 "-" "cluster-api-provider-openstack/v0.12.4 gophercloud/v2.7.0"
199.19.213.221 - - [05/Mar/2026:11:30:04 +0000] "GET /networking/v2.0/security-groups?id=98755643-d9ff-4b60-ba67-68482541325e&fields=id&fields=name HTTP/1.1" 200 3010 "-" "python-neutronclient"
199.19.213.221 - - [05/Mar/2026:11:30:04 +0000] "GET /networking/v2.0/ports?device_id=c20b6ed5-c4b8-4167-aac7-599e80faa21d HTTP/1.1" 200 3711 "-" "python-neutronclient"
172.18.0.2 - - [05/Mar/2026:11:30:04 +0000] "GET /compute/v2.1/servers/b01ed6e7-15d1-4afa-8aa4-2509d7e02b58 HTTP/1.1" 200 4645 "-" "cluster-api-provider-openstack/v0.12.4 gophercloud/v2.7.0"
199.19.213.221 - - [05/Mar/2026:11:30:04 +0000] "GET /networking/v2.0/security-groups?id=4b6bb614-2a8b-4c74-9682-022769db058a&fields=id&fields=name HTTP/1.1" 200 3016 "-" "python-neutronclient"
172.18.0.2 - - [05/Mar/2026:11:30:04 +0000] "GET /compute/v2.1/servers/c20b6ed5-c4b8-4167-aac7-599e80faa21d HTTP/1.1" 200 4631 "-" "cluster-api-provider-openstack/v0.12.4 gophercloud/v2.7.0"
172.24.5.111 - - [05/Mar/2026:11:30:24 +0000] "GET /volume/v3/volumes/detail HTTP/1.1" 200 2988 "-" "cinder-csi-plugin/v1.32.0 gophercloud/v2.5.0"
199.19.213.221 - - [05/Mar/2026:11:30:59 +0000] "GET /placement/resource_providers/4c7cacd1-5998-43c5-8029-15d95b0cb9fa/allocations HTTP/1.1" 200 3302 "-" "nova-compute keystoneauth1/5.13.1 python-requests/2.32.5 CPython/3.12.3"
199.19.213.221 - - [05/Mar/2026:11:30:59 +0000] "GET /placement/resource_providers/4c7cacd1-5998-43c5-8029-15d95b0cb9fa/allocations HTTP/1.1" 200 3302 "-" "nova-compute keystoneauth1/5.13.1 python-requests/2.32.5 CPython/3.12.3"
199.19.213.221 - - [05/Mar/2026:11:30:59 +0000] "GET /placement/allocations/b01ed6e7-15d1-4afa-8aa4-2509d7e02b58 HTTP/1.1" 200 3275 "-" "nova-compute keystoneauth1/5.13.1 python-requests/2.32.5 CPython/3.12.3"
199.19.213.221 - - [05/Mar/2026:11:30:59 +0000] "GET /placement/allocations/abdb7a1b-bdf5-4ac8-b5de-b4570c13f047 HTTP/1.1" 200 3275 "-" "nova-compute keystoneauth1/5.13.1 python-requests/2.32.5 CPython/3.12.3"
199.19.213.221 - - [05/Mar/2026:11:30:59 +0000] "GET /placement/allocations/c20b6ed5-c4b8-4167-aac7-599e80faa21d HTTP/1.1" 200 3275 "-" "nova-compute keystoneauth1/5.13.1 python-requests/2.32.5 CPython/3.12.3"
172.24.5.111 - - [05/Mar/2026:11:31:24 +0000] "GET /volume/v3/volumes/detail HTTP/1.1" 200 2988 "-" "cinder-csi-plugin/v1.32.0 gophercloud/v2.5.0"
199.19.213.221 - - [05/Mar/2026:11:32:01 +0000] "GET /identity/v3/auth/tokens HTTP/1.1" 200 8226 "-" "python-keystoneclient"
199.19.213.221 - - [05/Mar/2026:11:32:01 +0000] "GET /identity/v3/auth/tokens HTTP/1.1" 200 8100 "-" "python-keystoneclient"
199.19.213.221 - - [05/Mar/2026:11:32:01 +0000] "GET /networking/v2.0/ports?device_id=b01ed6e7-15d1-4afa-8aa4-2509d7e02b58 HTTP/1.1" 200 3731 "-" "python-neutronclient"
199.19.213.221 - - [05/Mar/2026:11:32:01 +0000] "GET /networking/v2.0/security-groups?id=98755643-d9ff-4b60-ba67-68482541325e&fields=id&fields=name HTTP/1.1" 200 3010 "-" "python-neutronclient"
199.19.213.221 - - [05/Mar/2026:11:32:01 +0000] "GET /placement/resource_providers/4c7cacd1-5998-43c5-8029-15d95b0cb9fa/allocations HTTP/1.1" 200 3302 "-" "nova-compute keystoneauth1/5.13.1 python-requests/2.32.5 CPython/3.12.3"
172.24.5.111 - - [05/Mar/2026:11:32:01 +0000] "GET /compute/v2.1/servers/b01ed6e7-15d1-4afa-8aa4-2509d7e02b58 HTTP/1.1" 200 4593 "-" "openstack-cloud-controller-manager/v1.32.1 gophercloud/v2.5.0"
172.24.5.111 - - [05/Mar/2026:11:32:01 +0000] "GET /compute/v2.1/flavors/4 HTTP/1.1" 200 3412 "-" "openstack-cloud-controller-manager/v1.32.1 gophercloud/v2.5.0"
199.19.213.221 - - [05/Mar/2026:11:32:01 +0000] "GET /placement/resource_providers/4c7cacd1-5998-43c5-8029-15d95b0cb9fa/allocations HTTP/1.1" 200 3302 "-" "nova-compute keystoneauth1/5.13.1 python-requests/2.32.5 CPython/3.12.3"
199.19.213.221 - - [05/Mar/2026:11:32:01 +0000] "GET /placement/allocations/b01ed6e7-15d1-4afa-8aa4-2509d7e02b58 HTTP/1.1" 200 3275 "-" "nova-compute keystoneauth1/5.13.1 python-requests/2.32.5 CPython/3.12.3"
172.24.5.111 - - [05/Mar/2026:11:32:01 +0000] "GET /networking/v2.0/ports?device_id=b01ed6e7-15d1-4afa-8aa4-2509d7e02b58 HTTP/1.1" 200 3700 "-" "openstack-cloud-controller-manager/v1.32.1 gophercloud/v2.5.0"
199.19.213.221 - - [05/Mar/2026:11:32:01 +0000] "GET /placement/allocations/abdb7a1b-bdf5-4ac8-b5de-b4570c13f047 HTTP/1.1" 200 3275 "-" "nova-compute keystoneauth1/5.13.1 python-requests/2.32.5 CPython/3.12.3"
199.19.213.221 - - [05/Mar/2026:11:32:01 +0000] "GET /placement/allocations/c20b6ed5-c4b8-4167-aac7-599e80faa21d HTTP/1.1" 200 3275 "-" "nova-compute keystoneauth1/5.13.1 python-requests/2.32.5 CPython/3.12.3"
199.19.213.221 - - [05/Mar/2026:11:32:01 +0000] "GET /identity/v3/auth/tokens HTTP/1.1" 200 8100 "-" "python-keystoneclient"
199.19.213.221 - - [05/Mar/2026:11:32:01 +0000] "GET /networking/v2.0/ports?device_id=c20b6ed5-c4b8-4167-aac7-599e80faa21d HTTP/1.1" 200 3711 "-" "python-neutronclient"
199.19.213.221 - - [05/Mar/2026:11:32:01 +0000] "GET /networking/v2.0/security-groups?id=4b6bb614-2a8b-4c74-9682-022769db058a&fields=id&fields=name HTTP/1.1" 200 3016 "-" "python-neutronclient"
172.24.5.111 - - [05/Mar/2026:11:32:01 +0000] "GET /compute/v2.1/servers/c20b6ed5-c4b8-4167-aac7-599e80faa21d HTTP/1.1" 200 4579 "-" "openstack-cloud-controller-manager/v1.32.1 gophercloud/v2.5.0"
172.24.5.111 - - [05/Mar/2026:11:32:01 +0000] "GET /compute/v2.1/flavors/4 HTTP/1.1" 200 3412 "-" "openstack-cloud-controller-manager/v1.32.1 gophercloud/v2.5.0"
172.24.5.111 - - [05/Mar/2026:11:32:02 +0000] "GET /networking/v2.0/ports?device_id=c20b6ed5-c4b8-4167-aac7-599e80faa21d HTTP/1.1" 200 3680 "-" "openstack-cloud-controller-manager/v1.32.1 gophercloud/v2.5.0"
199.19.213.221 - - [05/Mar/2026:11:32:02 +0000] "GET /networking/v2.0/ports?device_id=abdb7a1b-bdf5-4ac8-b5de-b4570c13f047 HTTP/1.1" 200 3731 "-" "python-neutronclient"
199.19.213.221 - - [05/Mar/2026:11:32:02 +0000] "GET /networking/v2.0/security-groups?id=98755643-d9ff-4b60-ba67-68482541325e&fields=id&fields=name HTTP/1.1" 200 3010 "-" "python-neutronclient"
172.24.5.111 - - [05/Mar/2026:11:32:02 +0000] "GET /compute/v2.1/servers/abdb7a1b-bdf5-4ac8-b5de-b4570c13f047 HTTP/1.1" 200 4593 "-" "openstack-cloud-controller-manager/v1.32.1 gophercloud/v2.5.0"
172.24.5.111 - - [05/Mar/2026:11:32:02 +0000] "GET /compute/v2.1/flavors/4 HTTP/1.1" 200 3412 "-" "openstack-cloud-controller-manager/v1.32.1 gophercloud/v2.5.0"
172.24.5.111 - - [05/Mar/2026:11:32:02 +0000] "GET /networking/v2.0/ports?device_id=abdb7a1b-bdf5-4ac8-b5de-b4570c13f047 HTTP/1.1" 200 3700 "-" "openstack-cloud-controller-manager/v1.32.1 gophercloud/v2.5.0"
199.19.213.221 - - [05/Mar/2026:11:32:24 +0000] "GET /identity HTTP/1.1" 300 3232 "-" "cinder/27.1.0.dev197 keystonemiddleware.auth_token/12.0.0 keystoneauth1/5.13.1 python-requests/2.32.5 CPython/3.12.3"
199.19.213.221 - - [05/Mar/2026:11:32:24 +0000] "POST /identity/v3/auth/tokens HTTP/1.1" 201 7922 "-" "cinder/27.1.0.dev197 keystonemiddleware.auth_token/12.0.0 keystoneauth1/5.13.1 python-requests/2.32.5 CPython/3.12.3"
199.19.213.221 - - [05/Mar/2026:11:32:24 +0000] "GET /identity/v3/auth/tokens HTTP/1.1" 200 8226 "-" "python-keystoneclient"
172.24.5.111 - - [05/Mar/2026:11:32:24 +0000] "GET /volume/v3/volumes/detail HTTP/1.1" 200 2988 "-" "cinder-csi-plugin/v1.32.0 gophercloud/v2.5.0"
199.19.213.221 - - [05/Mar/2026:11:33:01 +0000] "GET /placement/resource_providers/4c7cacd1-5998-43c5-8029-15d95b0cb9fa/allocations HTTP/1.1" 200 3302 "-" "nova-compute keystoneauth1/5.13.1 python-requests/2.32.5 CPython/3.12.3"
199.19.213.221 - - [05/Mar/2026:11:33:01 +0000] "GET /placement/resource_providers/4c7cacd1-5998-43c5-8029-15d95b0cb9fa/allocations HTTP/1.1" 200 3302 "-" "nova-compute keystoneauth1/5.13.1 python-requests/2.32.5 CPython/3.12.3"
199.19.213.221 - - [05/Mar/2026:11:33:01 +0000] "GET /placement/allocations/b01ed6e7-15d1-4afa-8aa4-2509d7e02b58 HTTP/1.1" 200 3275 "-" "nova-compute keystoneauth1/5.13.1 python-requests/2.32.5 CPython/3.12.3"
199.19.213.221 - - [05/Mar/2026:11:33:01 +0000] "GET /placement/allocations/abdb7a1b-bdf5-4ac8-b5de-b4570c13f047 HTTP/1.1" 200 3275 "-" "nova-compute keystoneauth1/5.13.1 python-requests/2.32.5 CPython/3.12.3"
199.19.213.221 - - [05/Mar/2026:11:33:01 +0000] "GET /placement/allocations/c20b6ed5-c4b8-4167-aac7-599e80faa21d HTTP/1.1" 200 3275 "-" "nova-compute keystoneauth1/5.13.1 python-requests/2.32.5 CPython/3.12.3"
172.24.5.111 - - [05/Mar/2026:11:33:24 +0000] "GET /volume/v3/volumes/detail HTTP/1.1" 200 2988 "-" "cinder-csi-plugin/v1.32.0 gophercloud/v2.5.0"
199.19.213.221 - - [05/Mar/2026:11:34:01 +0000] "GET /placement/resource_providers/4c7cacd1-5998-43c5-8029-15d95b0cb9fa/allocations HTTP/1.1" 200 3302 "-" "nova-compute keystoneauth1/5.13.1 python-requests/2.32.5 CPython/3.12.3"
199.19.213.221 - - [05/Mar/2026:11:34:01 +0000] "GET /placement/resource_providers/4c7cacd1-5998-43c5-8029-15d95b0cb9fa/allocations HTTP/1.1" 200 3302 "-" "nova-compute keystoneauth1/5.13.1 python-requests/2.32.5 CPython/3.12.3"
199.19.213.221 - - [05/Mar/2026:11:34:01 +0000] "GET /placement/allocations/b01ed6e7-15d1-4afa-8aa4-2509d7e02b58 HTTP/1.1" 200 3275 "-" "nova-compute keystoneauth1/5.13.1 python-requests/2.32.5 CPython/3.12.3"
199.19.213.221 - - [05/Mar/2026:11:34:01 +0000] "GET /placement/allocations/abdb7a1b-bdf5-4ac8-b5de-b4570c13f047 HTTP/1.1" 200 3275 "-" "nova-compute keystoneauth1/5.13.1 python-requests/2.32.5 CPython/3.12.3"
199.19.213.221 - - [05/Mar/2026:11:34:01 +0000] "GET /placement/allocations/c20b6ed5-c4b8-4167-aac7-599e80faa21d HTTP/1.1" 200 3275 "-" "nova-compute keystoneauth1/5.13.1 python-requests/2.32.5 CPython/3.12.3"
172.24.5.111 - - [05/Mar/2026:11:34:24 +0000] "GET /volume/v3/volumes/detail HTTP/1.1" 200 2988 "-" "cinder-csi-plugin/v1.32.0 gophercloud/v2.5.0"
172.18.0.2 - - [05/Mar/2026:11:34:51 +0000] "GET /compute/v2.1/ HTTP/1.1" 200 3432 "-" "cluster-api-provider-openstack/v0.12.4 gophercloud/v2.7.0"
172.18.0.2 - - [05/Mar/2026:11:34:51 +0000] "GET /compute/v2.1/ HTTP/1.1" 200 3432 "-" "cluster-api-provider-openstack/v0.12.4 gophercloud/v2.7.0"
172.18.0.2 - - [05/Mar/2026:11:34:51 +0000] "GET /compute/v2.1/ HTTP/1.1" 200 3432 "-" "cluster-api-provider-openstack/v0.12.4 gophercloud/v2.7.0"
199.19.213.221 - - [05/Mar/2026:11:34:51 +0000] "GET /identity/v3/auth/tokens HTTP/1.1" 200 8226 "-" "python-keystoneclient"
199.19.213.221 - - [05/Mar/2026:11:34:51 +0000] "GET /identity/v3/auth/tokens HTTP/1.1" 200 8226 "-" "python-keystoneclient"
199.19.213.221 - - [05/Mar/2026:11:34:51 +0000] "GET /identity/v3/auth/tokens HTTP/1.1" 200 8226 "-" "python-keystoneclient"
199.19.213.221 - - [05/Mar/2026:11:34:52 +0000] "GET /identity/v3/auth/tokens HTTP/1.1" 200 8100 "-" "python-keystoneclient"
199.19.213.221 - - [05/Mar/2026:11:34:52 +0000] "GET /networking/v2.0/ports?device_id=c20b6ed5-c4b8-4167-aac7-599e80faa21d HTTP/1.1" 200 3711 "-" "python-neutronclient"
199.19.213.221 - - [05/Mar/2026:11:34:52 +0000] "GET /networking/v2.0/ports?device_id=abdb7a1b-bdf5-4ac8-b5de-b4570c13f047 HTTP/1.1" 200 3731 "-" "python-neutronclient"
199.19.213.221 - - [05/Mar/2026:11:34:52 +0000] "GET /networking/v2.0/ports?device_id=b01ed6e7-15d1-4afa-8aa4-2509d7e02b58 HTTP/1.1" 200 3731 "-" "python-neutronclient"
199.19.213.221 - - [05/Mar/2026:11:34:52 +0000] "GET /networking/v2.0/security-groups?id=4b6bb614-2a8b-4c74-9682-022769db058a&fields=id&fields=name HTTP/1.1" 200 3016 "-" "python-neutronclient"
172.18.0.2 - - [05/Mar/2026:11:34:51 +0000] "GET /compute/v2.1/servers/c20b6ed5-c4b8-4167-aac7-599e80faa21d HTTP/1.1" 200 4631 "-" "cluster-api-provider-openstack/v0.12.4 gophercloud/v2.7.0"
199.19.213.221 - - [05/Mar/2026:11:34:52 +0000] "GET /networking/v2.0/security-groups?id=98755643-d9ff-4b60-ba67-68482541325e&fields=id&fields=name HTTP/1.1" 200 3010 "-" "python-neutronclient"
172.18.0.2 - - [05/Mar/2026:11:34:51 +0000] "GET /compute/v2.1/servers/abdb7a1b-bdf5-4ac8-b5de-b4570c13f047 HTTP/1.1" 200 4645 "-" "cluster-api-provider-openstack/v0.12.4 gophercloud/v2.7.0"
199.19.213.221 - - [05/Mar/2026:11:34:52 +0000] "GET /networking/v2.0/security-groups?id=98755643-d9ff-4b60-ba67-68482541325e&fields=id&fields=name HTTP/1.1" 200 3010 "-" "python-neutronclient"
172.18.0.2 - - [05/Mar/2026:11:34:51 +0000] "GET /compute/v2.1/servers/b01ed6e7-15d1-4afa-8aa4-2509d7e02b58 HTTP/1.1" 200 4645 "-" "cluster-api-provider-openstack/v0.12.4 gophercloud/v2.7.0"
199.19.213.221 - - [05/Mar/2026:11:35:02 +0000] "GET /identity/v3/auth/tokens HTTP/1.1" 200 8100 "-" "python-keystoneclient"
199.19.213.221 - - [05/Mar/2026:11:35:02 +0000] "GET /placement/resource_providers/4c7cacd1-5998-43c5-8029-15d95b0cb9fa/allocations HTTP/1.1" 200 3302 "-" "nova-compute keystoneauth1/5.13.1 python-requests/2.32.5 CPython/3.12.3"
199.19.213.221 - - [05/Mar/2026:11:35:02 +0000] "GET /placement/resource_providers?in_tree=4c7cacd1-5998-43c5-8029-15d95b0cb9fa HTTP/1.1" 200 3816 "-" "nova-compute keystoneauth1/5.13.1 python-requests/2.32.5 CPython/3.12.3"
199.19.213.221 - - [05/Mar/2026:11:35:02 +0000] "GET /placement/resource_providers/4c7cacd1-5998-43c5-8029-15d95b0cb9fa/inventories HTTP/1.1" 200 3344 "-" "nova-compute keystoneauth1/5.13.1 python-requests/2.32.5 CPython/3.12.3"
199.19.213.221 - - [05/Mar/2026:11:35:02 +0000] "GET /placement/resource_providers/4c7cacd1-5998-43c5-8029-15d95b0cb9fa/aggregates HTTP/1.1" 200 3068 "-" "nova-compute keystoneauth1/5.13.1 python-requests/2.32.5 CPython/3.12.3"
199.19.213.221 - - [05/Mar/2026:11:35:02 +0000] "GET /placement/resource_providers/4c7cacd1-5998-43c5-8029-15d95b0cb9fa/traits HTTP/1.1" 200 5008 "-" "nova-compute keystoneauth1/5.13.1 python-requests/2.32.5 CPython/3.12.3"
199.19.213.221 - - [05/Mar/2026:11:35:02 +0000] "GET /placement/resource_providers/4c7cacd1-5998-43c5-8029-15d95b0cb9fa/allocations HTTP/1.1" 200 3302 "-" "nova-compute keystoneauth1/5.13.1 python-requests/2.32.5 CPython/3.12.3"
199.19.213.221 - - [05/Mar/2026:11:35:03 +0000] "GET /placement/allocations/b01ed6e7-15d1-4afa-8aa4-2509d7e02b58 HTTP/1.1" 200 3275 "-" "nova-compute keystoneauth1/5.13.1 python-requests/2.32.5 CPython/3.12.3"
199.19.213.221 - - [05/Mar/2026:11:35:03 +0000] "GET /placement/allocations/abdb7a1b-bdf5-4ac8-b5de-b4570c13f047 HTTP/1.1" 200 3275 "-" "nova-compute keystoneauth1/5.13.1 python-requests/2.32.5 CPython/3.12.3"
199.19.213.221 - - [05/Mar/2026:11:35:03 +0000] "GET /placement/allocations/c20b6ed5-c4b8-4167-aac7-599e80faa21d HTTP/1.1" 200 3275 "-" "nova-compute keystoneauth1/5.13.1 python-requests/2.32.5 CPython/3.12.3"
172.24.5.111 - - [05/Mar/2026:11:35:24 +0000] "GET /volume/v3/volumes/detail HTTP/1.1" 200 2988 "-" "cinder-csi-plugin/v1.32.0 gophercloud/v2.5.0"
199.19.213.221 - - [05/Mar/2026:11:36:03 +0000] "GET /placement/resource_providers/4c7cacd1-5998-43c5-8029-15d95b0cb9fa/allocations HTTP/1.1" 200 3302 "-" "nova-compute keystoneauth1/5.13.1 python-requests/2.32.5 CPython/3.12.3"
199.19.213.221 - - [05/Mar/2026:11:36:03 +0000] "GET /placement/resource_providers/4c7cacd1-5998-43c5-8029-15d95b0cb9fa/allocations HTTP/1.1" 200 3302 "-" "nova-compute keystoneauth1/5.13.1 python-requests/2.32.5 CPython/3.12.3"
199.19.213.221 - - [05/Mar/2026:11:36:03 +0000] "GET /placement/allocations/b01ed6e7-15d1-4afa-8aa4-2509d7e02b58 HTTP/1.1" 200 3275 "-" "nova-compute keystoneauth1/5.13.1 python-requests/2.32.5 CPython/3.12.3"
199.19.213.221 - - [05/Mar/2026:11:36:03 +0000] "GET /placement/allocations/abdb7a1b-bdf5-4ac8-b5de-b4570c13f047 HTTP/1.1" 200 3275 "-" "nova-compute keystoneauth1/5.13.1 python-requests/2.32.5 CPython/3.12.3"
199.19.213.221 - - [05/Mar/2026:11:36:03 +0000] "GET /placement/allocations/c20b6ed5-c4b8-4167-aac7-599e80faa21d HTTP/1.1" 200 3275 "-" "nova-compute keystoneauth1/5.13.1 python-requests/2.32.5 CPython/3.12.3"
172.24.5.111 - - [05/Mar/2026:11:36:24 +0000] "GET /volume/v3/volumes/detail HTTP/1.1" 200 2988 "-" "cinder-csi-plugin/v1.32.0 gophercloud/v2.5.0"
199.19.213.221 - - [05/Mar/2026:11:37:02 +0000] "GET /identity/v3/auth/tokens HTTP/1.1" 200 8226 "-" "python-keystoneclient"
199.19.213.221 - - [05/Mar/2026:11:37:02 +0000] "GET /identity/v3/auth/tokens HTTP/1.1" 200 8100 "-" "python-keystoneclient"
199.19.213.221 - - [05/Mar/2026:11:37:02 +0000] "GET /networking/v2.0/ports?device_id=b01ed6e7-15d1-4afa-8aa4-2509d7e02b58 HTTP/1.1" 200 3731 "-" "python-neutronclient"
199.19.213.221 - - [05/Mar/2026:11:37:02 +0000] "GET /networking/v2.0/security-groups?id=98755643-d9ff-4b60-ba67-68482541325e&fields=id&fields=name HTTP/1.1" 200 3010 "-" "python-neutronclient"
172.24.5.111 - - [05/Mar/2026:11:37:02 +0000] "GET /compute/v2.1/servers/b01ed6e7-15d1-4afa-8aa4-2509d7e02b58 HTTP/1.1" 200 4593 "-" "openstack-cloud-controller-manager/v1.32.1 gophercloud/v2.5.0"
172.24.5.111 - - [05/Mar/2026:11:37:02 +0000] "GET /compute/v2.1/flavors/4 HTTP/1.1" 200 3412 "-" "openstack-cloud-controller-manager/v1.32.1 gophercloud/v2.5.0"
172.24.5.111 - - [05/Mar/2026:11:37:02 +0000] "GET /networking/v2.0/ports?device_id=b01ed6e7-15d1-4afa-8aa4-2509d7e02b58 HTTP/1.1" 200 3700 "-" "openstack-cloud-controller-manager/v1.32.1 gophercloud/v2.5.0"
199.19.213.221 - - [05/Mar/2026:11:37:02 +0000] "GET /identity/v3/auth/tokens HTTP/1.1" 200 8100 "-" "python-keystoneclient"
199.19.213.221 - - [05/Mar/2026:11:37:02 +0000] "GET /networking/v2.0/ports?device_id=c20b6ed5-c4b8-4167-aac7-599e80faa21d HTTP/1.1" 200 3711 "-" "python-neutronclient"
199.19.213.221 - - [05/Mar/2026:11:37:03 +0000] "GET /networking/v2.0/security-groups?id=4b6bb614-2a8b-4c74-9682-022769db058a&fields=id&fields=name HTTP/1.1" 200 3016 "-" "python-neutronclient"
172.24.5.111 - - [05/Mar/2026:11:37:02 +0000] "GET /compute/v2.1/servers/c20b6ed5-c4b8-4167-aac7-599e80faa21d HTTP/1.1" 200 4579 "-" "openstack-cloud-controller-manager/v1.32.1 gophercloud/v2.5.0"
172.24.5.111 - - [05/Mar/2026:11:37:03 +0000] "GET /compute/v2.1/flavors/4 HTTP/1.1" 200 3412 "-" "openstack-cloud-controller-manager/v1.32.1 gophercloud/v2.5.0"
172.24.5.111 - - [05/Mar/2026:11:37:03 +0000] "GET /networking/v2.0/ports?device_id=c20b6ed5-c4b8-4167-aac7-599e80faa21d HTTP/1.1" 200 3680 "-" "openstack-cloud-controller-manager/v1.32.1 gophercloud/v2.5.0"
199.19.213.221 - - [05/Mar/2026:11:37:03 +0000] "GET /networking/v2.0/ports?device_id=abdb7a1b-bdf5-4ac8-b5de-b4570c13f047 HTTP/1.1" 200 3731 "-" "python-neutronclient"
199.19.213.221 - - [05/Mar/2026:11:37:03 +0000] "GET /networking/v2.0/security-groups?id=98755643-d9ff-4b60-ba67-68482541325e&fields=id&fields=name HTTP/1.1" 200 3010 "-" "python-neutronclient"
172.24.5.111 - - [05/Mar/2026:11:37:03 +0000] "GET /compute/v2.1/servers/abdb7a1b-bdf5-4ac8-b5de-b4570c13f047 HTTP/1.1" 200 4593 "-" "openstack-cloud-controller-manager/v1.32.1 gophercloud/v2.5.0"
172.24.5.111 - - [05/Mar/2026:11:37:03 +0000] "GET /compute/v2.1/flavors/4 HTTP/1.1" 200 3412 "-" "openstack-cloud-controller-manager/v1.32.1 gophercloud/v2.5.0"
172.24.5.111 - - [05/Mar/2026:11:37:03 +0000] "GET /networking/v2.0/ports?device_id=abdb7a1b-bdf5-4ac8-b5de-b4570c13f047 HTTP/1.1" 200 3700 "-" "openstack-cloud-controller-manager/v1.32.1 gophercloud/v2.5.0"
199.19.213.221 - - [05/Mar/2026:11:37:03 +0000] "GET /placement/resource_providers/4c7cacd1-5998-43c5-8029-15d95b0cb9fa/allocations HTTP/1.1" 200 3302 "-" "nova-compute keystoneauth1/5.13.1 python-requests/2.32.5 CPython/3.12.3"
199.19.213.221 - - [05/Mar/2026:11:37:03 +0000] "GET /placement/resource_providers/4c7cacd1-5998-43c5-8029-15d95b0cb9fa/allocations HTTP/1.1" 200 3302 "-" "nova-compute keystoneauth1/5.13.1 python-requests/2.32.5 CPython/3.12.3"
199.19.213.221 - - [05/Mar/2026:11:37:03 +0000] "GET /placement/allocations/b01ed6e7-15d1-4afa-8aa4-2509d7e02b58 HTTP/1.1" 200 3275 "-" "nova-compute keystoneauth1/5.13.1 python-requests/2.32.5 CPython/3.12.3"
199.19.213.221 - - [05/Mar/2026:11:37:03 +0000] "GET /placement/allocations/abdb7a1b-bdf5-4ac8-b5de-b4570c13f047 HTTP/1.1" 200 3275 "-" "nova-compute keystoneauth1/5.13.1 python-requests/2.32.5 CPython/3.12.3"
199.19.213.221 - - [05/Mar/2026:11:37:03 +0000] "GET /placement/allocations/c20b6ed5-c4b8-4167-aac7-599e80faa21d HTTP/1.1" 200 3275 "-" "nova-compute keystoneauth1/5.13.1 python-requests/2.32.5 CPython/3.12.3"
172.18.0.2 - - [05/Mar/2026:11:37:07 +0000] "GET /compute/v2.1/ HTTP/1.1" 200 3432 "-" "cluster-api-provider-openstack/v0.12.4 gophercloud/v2.7.0"
172.18.0.2 - - [05/Mar/2026:11:37:07 +0000] "GET /compute/v2.1/ HTTP/1.1" 200 3432 "-" "cluster-api-provider-openstack/v0.12.4 gophercloud/v2.7.0"
