2026-08-11 09:26:07.894 8 INFO placement.requestlog [req-6538d0de-4944-4379-98b3-8e0d38f9e0be req-f6583420-70e4-43e7-9dcc-ab71cb559f53 326178a40d624b4a8567856103e30b01 46825274f6124e3283dbfda2067a066d - - e6c6a482e6a14201a62bfc9949224595 e6c6a482e6a14201a62bfc9949224595] 199.19.213.99 "GET /resource_providers/b3242187-69e9-40c4-9fc3-06bdb660fcaf/allocations" status: 200 len: 54 microversion: 1.0 [pid: 8|app: 0|req: 292/580] 199.19.213.99 () {32 vars in 856 bytes} [Tue Aug 11 09:26:07 2026] GET /resource_providers/b3242187-69e9-40c4-9fc3-06bdb660fcaf/allocations => generated 54 bytes in 132 msecs (HTTP/1.1 200) 6 headers in 223 bytes (1 switches on core 0)
2026-08-11 09:26:07.920 7 INFO placement.requestlog [req-6538d0de-4944-4379-98b3-8e0d38f9e0be req-5280c573-6d0f-4e70-9659-b6d596642af0 326178a40d624b4a8567856103e30b01 46825274f6124e3283dbfda2067a066d - - e6c6a482e6a14201a62bfc9949224595 e6c6a482e6a14201a62bfc9949224595] 199.19.213.99 "GET /resource_providers?in_tree=b3242187-69e9-40c4-9fc3-06bdb660fcaf" status: 200 len: 797 microversion: 1.14 [pid: 7|app: 0|req: 289/581] 199.19.213.99 () {34 vars in 891 bytes} [Tue Aug 11 09:26:07 2026] GET /resource_providers?in_tree=b3242187-69e9-40c4-9fc3-06bdb660fcaf => generated 797 bytes in 21 msecs (HTTP/1.1 200) 6 headers in 225 bytes (1 switches on core 0)
2026-08-11 09:26:07.944 8 INFO placement.requestlog [req-6538d0de-4944-4379-98b3-8e0d38f9e0be req-147a7495-0072-41f5-84f1-93bbcbb24303 326178a40d624b4a8567856103e30b01 46825274f6124e3283dbfda2067a066d - - e6c6a482e6a14201a62bfc9949224595 e6c6a482e6a14201a62bfc9949224595] 199.19.213.99 "GET /resource_providers/b3242187-69e9-40c4-9fc3-06bdb660fcaf/inventories" status: 200 len: 400 microversion: 1.0 [pid: 8|app: 0|req: 293/582] 199.19.213.99 () {32 vars in 856 bytes} [Tue Aug 11 09:26:07 2026] GET /resource_providers/b3242187-69e9-40c4-9fc3-06bdb660fcaf/inventories => generated 400 bytes in 17 msecs (HTTP/1.1 200) 6 headers in 224 bytes (1 switches on core 0)
2026-08-11 09:26:07.964 7 INFO placement.requestlog [req-6538d0de-4944-4379-98b3-8e0d38f9e0be req-d7087695-13d0-4763-8d50-bb85392e4d93 326178a40d624b4a8567856103e30b01 46825274f6124e3283dbfda2067a066d - - e6c6a482e6a14201a62bfc9949224595 e6c6a482e6a14201a62bfc9949224595] 199.19.213.99 "GET /resource_providers/b3242187-69e9-40c4-9fc3-06bdb660fcaf/aggregates" status: 200 len: 53 microversion: 1.19 [pid: 7|app: 0|req: 290/583] 199.19.213.99 () {34 vars in 898 bytes} [Tue Aug 11 09:26:07 2026] GET /resource_providers/b3242187-69e9-40c4-9fc3-06bdb660fcaf/aggregates => generated 53 bytes in 13 msecs (HTTP/1.1 200) 8 headers in 295 bytes (1 switches on core 0)
2026-08-11 09:26:07.992 8 INFO placement.requestlog [req-6538d0de-4944-4379-98b3-8e0d38f9e0be req-b6cc0356-4c6a-4dfe-a308-0afe156a84b6 326178a40d624b4a8567856103e30b01 46825274f6124e3283dbfda2067a066d - - e6c6a482e6a14201a62bfc9949224595 e6c6a482e6a14201a62bfc9949224595] 199.19.213.99 "GET /resource_providers/b3242187-69e9-40c4-9fc3-06bdb660fcaf/traits" status: 200 len: 2316 microversion: 1.6 [pid: 8|app: 0|req: 294/584] 199.19.213.99 () {34 vars in 889 bytes} [Tue Aug 11 09:26:07 2026] GET /resource_providers/b3242187-69e9-40c4-9fc3-06bdb660fcaf/traits => generated 2316 bytes in 23 msecs (HTTP/1.1 200) 6 headers in 225 bytes (1 switches on core 0)
2026-08-11 09:26:08.013 7 INFO placement.requestlog [req-6538d0de-4944-4379-98b3-8e0d38f9e0be req-f06512ba-60e5-4cc5-a2cb-3572c9639431 326178a40d624b4a8567856103e30b01 46825274f6124e3283dbfda2067a066d - - e6c6a482e6a14201a62bfc9949224595 e6c6a482e6a14201a62bfc9949224595] 199.19.213.99 "GET /resource_providers/b3242187-69e9-40c4-9fc3-06bdb660fcaf/allocations" status: 200 len: 54 microversion: 1.0 [pid: 7|app: 0|req: 291/585] 199.19.213.99 () {32 vars in 856 bytes} [Tue Aug 11 09:26:07 2026] GET /resource_providers/b3242187-69e9-40c4-9fc3-06bdb660fcaf/allocations => generated 54 bytes in 15 msecs (HTTP/1.1 200) 6 headers in 223 bytes (1 switches on core 0)
2026-08-11 09:26:10.727 8 INFO placement.requestlog [None req-b1509122-75ae-4c70-b3c0-6244fd1ecd01 - - - - - -] 10.0.0.137 "GET /" status: 200 len: 136 microversion: 1.0
2026-08-11 09:26:10.727 7 INFO placement.requestlog [None req-f825dec3-e653-48a7-a6f1-f170130919c8 - - - - - -] 10.0.0.137 "GET /" status: 200 len: 136 microversion: 1.0
2026-08-11 09:26:20.725 7 INFO placement.requestlog [None req-f388e2fe-8c4f-483f-b8c1-34326163e7ca - - - - - -] 10.0.0.137 "GET /" status: 200 len: 136 microversion: 1.0
2026-08-11 09:26:20.726 8 INFO placement.requestlog [None req-7649961c-42bc-4d9b-8bf4-28030b7cb7ed - - - - - -] 10.0.0.137 "GET /" status: 200 len: 136 microversion: 1.0
2026-08-11 09:26:30.726 7 INFO placement.requestlog [None req-c81903ae-aab6-402e-a03b-4bec9dbcccac - - - - - -] 10.0.0.137 "GET /" status: 200 len: 136 microversion: 1.0
2026-08-11 09:26:30.727 8 INFO placement.requestlog [None req-a230900e-7735-4873-8469-065e64d1c229 - - - - - -] 10.0.0.137 "GET /" status: 200 len: 136 microversion: 1.0
2026-08-11 09:26:40.725 8 INFO placement.requestlog [None req-1611cacc-2d80-409b-8aef-544af9ddc4b1 - - - - - -] 10.0.0.137 "GET /" status: 200 len: 136 microversion: 1.0
2026-08-11 09:26:40.726 7 INFO placement.requestlog [None req-1318255f-cf1f-42b2-8e07-0bb027616db3 - - - - - -] 10.0.0.137 "GET /" status: 200 len: 136 microversion: 1.0
2026-08-11 09:26:50.725 8 INFO placement.requestlog [None req-219354cf-c94e-4d28-aa8b-2ea951d23111 - - - - - -] 10.0.0.137 "GET /" status: 200 len: 136 microversion: 1.0
2026-08-11 09:26:50.726 7 INFO placement.requestlog [None req-e0da2cf9-28c5-4253-ad94-866b521928ca - - - - - -] 10.0.0.137 "GET /" status: 200 len: 136 microversion: 1.0
2026-08-11 09:27:00.726 8 INFO placement.requestlog [None req-51445f62-ddf5-445b-894b-0a2c4161957d - - - - - -] 10.0.0.137 "GET /" status: 200 len: 136 microversion: 1.0
2026-08-11 09:27:00.728 7 INFO placement.requestlog [None req-8826294e-d33f-4dba-9d32-c2925397d732 - - - - - -] 10.0.0.137 "GET /" status: 200 len: 136 microversion: 1.0
2026-08-11 09:27:10.249 8 INFO placement.requestlog [req-c8a28ff8-bce2-4a25-9990-99a23b0495a0 req-8d9a9a2e-5046-4c42-89ff-2f2757b2d006 326178a40d624b4a8567856103e30b01 46825274f6124e3283dbfda2067a066d - - e6c6a482e6a14201a62bfc9949224595 e6c6a482e6a14201a62bfc9949224595] 199.19.213.99 "GET /resource_providers/b3242187-69e9-40c4-9fc3-06bdb660fcaf/allocations" status: 200 len: 54 microversion: 1.0 [pid: 8|app: 0|req: 301/598] 199.19.213.99 () {32 vars in 856 bytes} [Tue Aug 11 09:27:10 2026] GET /resource_providers/b3242187-69e9-40c4-9fc3-06bdb660fcaf/allocations => generated 54 bytes in 13 msecs (HTTP/1.1 200) 6 headers in 223 bytes (1 switches on core 0)
2026-08-11 09:27:10.276 7 INFO placement.requestlog [req-c8a28ff8-bce2-4a25-9990-99a23b0495a0 req-2ab5066a-ac3f-40da-a4a4-14e48fa674c3 326178a40d624b4a8567856103e30b01 46825274f6124e3283dbfda2067a066d - - e6c6a482e6a14201a62bfc9949224595 e6c6a482e6a14201a62bfc9949224595] 199.19.213.99 "GET /resource_providers/b3242187-69e9-40c4-9fc3-06bdb660fcaf/allocations" status: 200 len: 54 microversion: 1.0 [pid: 7|app: 0|req: 298/599] 199.19.213.99 () {32 vars in 856 bytes} [Tue Aug 11 09:27:10 2026] GET /resource_providers/b3242187-69e9-40c4-9fc3-06bdb660fcaf/allocations => generated 54 bytes in 19 msecs (HTTP/1.1 200) 6 headers in 223 bytes (1 switches on core 0)
2026-08-11 09:27:10.725 8 INFO placement.requestlog [None req-af2de58a-e477-4a71-b80b-a1a044b8075a - - - - - -] 10.0.0.137 "GET /" status: 200 len: 136 microversion: 1.0
2026-08-11 09:27:10.725 7 INFO placement.requestlog [None req-1724a380-ed26-465d-aaef-e7ddff04a7d2 - - - - - -] 10.0.0.137 "GET /" status: 200 len: 136 microversion: 1.0
2026-08-11 09:27:20.726 8 INFO placement.requestlog [None req-75343c2b-09b2-4a9f-8dff-cf7ac23d46cb - - - - - -] 10.0.0.137 "GET /" status: 200 len: 136 microversion: 1.0
2026-08-11 09:27:20.726 7 INFO placement.requestlog [None req-f15f6fad-1fc9-4faf-abe2-1c3e78ffbbc8 - - - - - -] 10.0.0.137 "GET /" status: 200 len: 136 microversion: 1.0
2026-08-11 09:27:30.725 7 INFO placement.requestlog [None req-5d201c8f-764b-4963-9e7b-354edaba09d9 - - - - - -] 10.0.0.137 "GET /" status: 200 len: 136 microversion: 1.0
2026-08-11 09:27:30.726 8 INFO placement.requestlog [None req-6be05dd8-5069-4c00-b55e-70b7155920c0 - - - - - -] 10.0.0.137 "GET /" status: 200 len: 136 microversion: 1.0
2026-08-11 09:27:40.726 7 INFO placement.requestlog [None req-a89ef401-5ad1-44f0-a034-47ab7ffb9cf0 - - - - - -] 10.0.0.137 "GET /" status: 200 len: 136 microversion: 1.0
2026-08-11 09:27:40.726 8 INFO placement.requestlog [None req-dc43f99b-c49d-4817-ad92-aa8f20ba4a0b - - - - - -] 10.0.0.137 "GET /" status: 200 len: 136 microversion: 1.0
2026-08-11 09:27:50.726 7 INFO placement.requestlog [None req-00127bd1-b9ef-4cff-834f-c5acb226d381 - - - - - -] 10.0.0.137 "GET /" status: 200 len: 136 microversion: 1.0
2026-08-11 09:27:50.726 8 INFO placement.requestlog [None req-29a807de-4c6a-474c-84f2-6448f7bef3e4 - - - - - -] 10.0.0.137 "GET /" status: 200 len: 136 microversion: 1.0
2026-08-11 09:28:00.726 7 INFO placement.requestlog [None req-5f8a4a74-6449-4112-bc6d-1148b4ceeeff - - - - - -] 10.0.0.137 "GET /" status: 200 len: 136 microversion: 1.0
2026-08-11 09:28:00.726 8 INFO placement.requestlog [None req-b120ec74-e8f4-4e95-b87a-42c90301fb4d - - - - - -] 10.0.0.137 "GET /" status: 200 len: 136 microversion: 1.0
2026-08-11 09:28:09.857 7 INFO placement.requestlog [req-c72303fe-1b5b-4e5f-8440-295f86528bd4 req-dbef69ca-c279-4f2e-a071-3cca3b3aa564 326178a40d624b4a8567856103e30b01 46825274f6124e3283dbfda2067a066d - - e6c6a482e6a14201a62bfc9949224595 e6c6a482e6a14201a62bfc9949224595] 199.19.213.99 "GET /resource_providers/b3242187-69e9-40c4-9fc3-06bdb660fcaf/allocations" status: 200 len: 54 microversion: 1.0 [pid: 7|app: 0|req: 305/612] 199.19.213.99 () {32 vars in 856 bytes} [Tue Aug 11 09:28:09 2026] GET /resource_providers/b3242187-69e9-40c4-9fc3-06bdb660fcaf/allocations => generated 54 bytes in 15 msecs (HTTP/1.1 200) 6 headers in 223 bytes (1 switches on core 0)
2026-08-11 09:28:09.881 8 INFO placement.requestlog [req-c72303fe-1b5b-4e5f-8440-295f86528bd4 req-61dd174b-5693-4b5c-9f7a-77f9e7aed4b2 326178a40d624b4a8567856103e30b01 46825274f6124e3283dbfda2067a066d - - e6c6a482e6a14201a62bfc9949224595 e6c6a482e6a14201a62bfc9949224595] 199.19.213.99 "GET /resource_providers/b3242187-69e9-40c4-9fc3-06bdb660fcaf/allocations" status: 200 len: 54 microversion: 1.0 [pid: 8|app: 0|req: 308/613] 199.19.213.99 () {32 vars in 856 bytes} [Tue Aug 11 09:28:09 2026] GET /resource_providers/b3242187-69e9-40c4-9fc3-06bdb660fcaf/allocations => generated 54 bytes in 16 msecs (HTTP/1.1 200) 6 headers in 223 bytes (1 switches on core 0)
2026-08-11 09:28:10.726 8 INFO placement.requestlog [None req-ba81c7e6-1744-47ad-bf0b-1fe2e70cd34c - - - - - -] 10.0.0.137 "GET /" status: 200 len: 136 microversion: 1.0
2026-08-11 09:28:10.726 7 INFO placement.requestlog [None req-ab4e89c9-2276-41f0-8ceb-d64c071fa7d5 - - - - - -] 10.0.0.137 "GET /" status: 200 len: 136 microversion: 1.0
2026-08-11 09:28:20.725 8 INFO placement.requestlog [None req-2b674fb1-3789-4e49-a5f3-bc7909e301b8 - - - - - -] 10.0.0.137 "GET /" status: 200 len: 136 microversion: 1.0
2026-08-11 09:28:20.726 7 INFO placement.requestlog [None req-33655d05-bb92-473a-b62e-9695321bd5c8 - - - - - -] 10.0.0.137 "GET /" status: 200 len: 136 microversion: 1.0
2026-08-11 09:28:30.725 8 INFO placement.requestlog [None req-28347893-ceb1-4322-aea2-a3cc2e466e38 - - - - - -] 10.0.0.137 "GET /" status: 200 len: 136 microversion: 1.0
2026-08-11 09:28:30.725 7 INFO placement.requestlog [None req-58e44d66-b07b-44ce-a8ac-c0c8dabab8ad - - - - - -] 10.0.0.137 "GET /" status: 200 len: 136 microversion: 1.0
2026-08-11 09:28:40.725 8 INFO placement.requestlog [None req-cf40defc-0718-4a21-bcf7-bfada948bf4d - - - - - -] 10.0.0.137 "GET /" status: 200 len: 136 microversion: 1.0
2026-08-11 09:28:40.726 7 INFO placement.requestlog [None req-018ee75a-2e79-4dbf-af7f-872545a9aa9c - - - - - -] 10.0.0.137 "GET /" status: 200 len: 136 microversion: 1.0
2026-08-11 09:28:50.726 8 INFO placement.requestlog [None req-961a2cea-c13c-436f-91d1-d0336ccec238 - - - - - -] 10.0.0.137 "GET /" status: 200 len: 136 microversion: 1.0
2026-08-11 09:28:50.726 7 INFO placement.requestlog [None req-dcb4960f-596b-4a31-8847-c0d0cdbf506b - - - - - -] 10.0.0.137 "GET /" status: 200 len: 136 microversion: 1.0
2026-08-11 09:29:00.725 7 INFO placement.requestlog [None req-46442c2c-2e48-4522-9560-f5456da4f3eb - - - - - -] 10.0.0.137 "GET /" status: 200 len: 136 microversion: 1.0
2026-08-11 09:29:00.726 8 INFO placement.requestlog [None req-15bd7e82-8f98-4ca5-9407-c661778baa8e - - - - - -] 10.0.0.137 "GET /" status: 200 len: 136 microversion: 1.0
2026-08-11 09:29:10.008 8 INFO placement.requestlog [req-f3a3dfdf-b6ef-40ab-bcbf-660e704d1899 req-1537018b-384a-4132-aed6-9f887484acb6 326178a40d624b4a8567856103e30b01 46825274f6124e3283dbfda2067a066d - - e6c6a482e6a14201a62bfc9949224595 e6c6a482e6a14201a62bfc9949224595] 199.19.213.99 "GET /resource_providers/b3242187-69e9-40c4-9fc3-06bdb660fcaf/allocations" status: 200 len: 54 microversion: 1.0 [pid: 8|app: 0|req: 315/626] 199.19.213.99 () {32 vars in 856 bytes} [Tue Aug 11 09:29:09 2026] GET /resource_providers/b3242187-69e9-40c4-9fc3-06bdb660fcaf/allocations => generated 54 bytes in 13 msecs (HTTP/1.1 200) 6 headers in 223 bytes (1 switches on core 0)
2026-08-11 09:29:10.029 7 INFO placement.requestlog [req-f3a3dfdf-b6ef-40ab-bcbf-660e704d1899 req-8e518be9-ac70-487f-a3f1-e86c911cd8da 326178a40d624b4a8567856103e30b01 46825274f6124e3283dbfda2067a066d - - e6c6a482e6a14201a62bfc9949224595 e6c6a482e6a14201a62bfc9949224595] 199.19.213.99 "GET /resource_providers/b3242187-69e9-40c4-9fc3-06bdb660fcaf/allocations" status: 200 len: 54 microversion: 1.0 [pid: 7|app: 0|req: 312/627] 199.19.213.99 () {32 vars in 856 bytes} [Tue Aug 11 09:29:10 2026] GET /resource_providers/b3242187-69e9-40c4-9fc3-06bdb660fcaf/allocations => generated 54 bytes in 15 msecs (HTTP/1.1 200) 6 headers in 223 bytes (1 switches on core 0)
2026-08-11 09:29:10.726 7 INFO placement.requestlog [None req-fda996c7-4a89-4aa5-b82f-927e3d47d0c0 - - - - - -] 10.0.0.137 "GET /" status: 200 len: 136 microversion: 1.0
2026-08-11 09:29:10.726 8 INFO placement.requestlog [None req-78592d68-a3ad-415b-bf96-b35f9a5807a4 - - - - - -] 10.0.0.137 "GET /" status: 200 len: 136 microversion: 1.0
2026-08-11 09:29:11.095 8 INFO placement.requestlog [req-ae7a6478-54e8-4ec0-bb07-499f21e9aec9 req-cad08950-900f-4b00-aba0-1b7280a3e3c0 326178a40d624b4a8567856103e30b01 46825274f6124e3283dbfda2067a066d - - e6c6a482e6a14201a62bfc9949224595 e6c6a482e6a14201a62bfc9949224595] 10.0.0.101 "GET /allocation_candidates?limit=1000&resources=DISK_GB%3A1%2CMEMORY_MB%3A512%2CVCPU%3A1&root_required=%21COMPUTE_STATUS_DISABLED" status: 200 len: 2781 microversion: 1.36 [pid: 8|app: 0|req: 317/630] 10.0.0.101 () {34 vars in 1012 bytes} [Tue Aug 11 09:29:10 2026] GET /allocation_candidates?limit=1000&resources=DISK_GB%3A1%2CMEMORY_MB%3A512%2CVCPU%3A1&root_required=%21COMPUTE_STATUS_DISABLED => generated 2781 bytes in 137 msecs (HTTP/1.1 200) 8 headers in 297 bytes (1 switches on core 0)
2026-08-11 09:29:11.134 7 INFO placement.requestlog [req-ae7a6478-54e8-4ec0-bb07-499f21e9aec9 req-12bbb24d-1ff8-40d1-b3fa-ea36a79ddbd0 326178a40d624b4a8567856103e30b01 46825274f6124e3283dbfda2067a066d - - e6c6a482e6a14201a62bfc9949224595 e6c6a482e6a14201a62bfc9949224595] 10.0.0.101 "GET /allocations/2a3d22fa-f67c-4952-8622-310e734a1213" status: 200 len: 19 microversion: 1.28 [pid: 7|app: 0|req: 314/631] 10.0.0.101 () {34 vars in 861 bytes} [Tue Aug 11 09:29:11 2026] GET /allocations/2a3d22fa-f67c-4952-8622-310e734a1213 => generated 19 bytes in 10 msecs (HTTP/1.1 200) 8 headers in 295 bytes (1 switches on core 0)
2026-08-11 09:29:11.219 8 INFO placement.requestlog [req-ae7a6478-54e8-4ec0-bb07-499f21e9aec9 req-752f1935-daac-4367-9106-bfd9e679456b 326178a40d624b4a8567856103e30b01 46825274f6124e3283dbfda2067a066d - - e6c6a482e6a14201a62bfc9949224595 e6c6a482e6a14201a62bfc9949224595] 10.0.0.101 "PUT /allocations/2a3d22fa-f67c-4952-8622-310e734a1213" status: 204 len: 0 microversion: 1.36 [pid: 8|app: 0|req: 318/632] 10.0.0.101 () {38 vars in 914 bytes} [Tue Aug 11 09:29:11 2026] PUT /allocations/2a3d22fa-f67c-4952-8622-310e734a1213 => generated 0 bytes in 77 msecs (HTTP/1.1 204) 5 headers in 199 bytes (1 switches on core 0)
2026-08-11 09:29:12.799 7 INFO placement.requestlog [req-ae7a6478-54e8-4ec0-bb07-499f21e9aec9 req-6f8ebf73-e474-496d-8318-7dead9f9290f 326178a40d624b4a8567856103e30b01 46825274f6124e3283dbfda2067a066d - - e6c6a482e6a14201a62bfc9949224595 e6c6a482e6a14201a62bfc9949224595] 199.19.213.99 "GET /allocations/2a3d22fa-f67c-4952-8622-310e734a1213" status: 200 len: 257 microversion: 1.28 [pid: 7|app: 0|req: 315/633] 199.19.213.99 () {34 vars in 862 bytes} [Tue Aug 11 09:29:12 2026] GET /allocations/2a3d22fa-f67c-4952-8622-310e734a1213 => generated 257 bytes in 11 msecs (HTTP/1.1 200) 8 headers in 296 bytes (1 switches on core 0)
2026-08-11 09:29:13.001 8 INFO placement.requestlog [None req-ecb4d18f-6ba6-49cd-89a8-c78f46dcddf2 695cf297b61344b7b10ae725ddfcaddd 46825274f6124e3283dbfda2067a066d - - e6c6a482e6a14201a62bfc9949224595 e6c6a482e6a14201a62bfc9949224595] 10.0.0.129 "GET /resource_providers/bd877e46-a89a-4167-ac9a-3001ed2d173b/aggregates" status: 404 len: 235 microversion: 1.1 [pid: 8|app: 0|req: 319/634] 10.0.0.129 () {32 vars in 816 bytes} [Tue Aug 11 09:29:12 2026] GET /resource_providers/bd877e46-a89a-4167-ac9a-3001ed2d173b/aggregates => generated 235 bytes in 110 msecs (HTTP/1.1 404) 5 headers in 202 bytes (1 switches on core 0)
2026-08-11 09:29:13.017 7 INFO placement.requestlog [None req-ea0e2ff4-a3b3-4b30-b869-72954c5df9df 695cf297b61344b7b10ae725ddfcaddd 46825274f6124e3283dbfda2067a066d - - e6c6a482e6a14201a62bfc9949224595 e6c6a482e6a14201a62bfc9949224595] 10.0.0.129 "GET /resource_providers/bd877e46-a89a-4167-ac9a-3001ed2d173b/aggregates" status: 404 len: 235 microversion: 1.1 [pid: 7|app: 0|req: 316/635] 10.0.0.129 () {32 vars in 816 bytes} [Tue Aug 11 09:29:12 2026] GET /resource_providers/bd877e46-a89a-4167-ac9a-3001ed2d173b/aggregates => generated 235 bytes in 103 msecs (HTTP/1.1 404) 5 headers in 202 bytes (1 switches on core 0)
2026-08-11 09:29:13.038 8 INFO placement.requestlog [None req-dd7ec9ca-36b9-4570-857e-54a3bb741453 695cf297b61344b7b10ae725ddfcaddd 46825274f6124e3283dbfda2067a066d - - e6c6a482e6a14201a62bfc9949224595 e6c6a482e6a14201a62bfc9949224595] 10.0.0.129 "DELETE /resource_providers/bd877e46-a89a-4167-ac9a-3001ed2d173b" status: 404 len: 246 microversion: 1.1 [pid: 8|app: 0|req: 320/636] 10.0.0.129 () {34 vars in 816 bytes} [Tue Aug 11 09:29:13 2026] DELETE /resource_providers/bd877e46-a89a-4167-ac9a-3001ed2d173b => generated 246 bytes in 8 msecs (HTTP/1.1 404) 6 headers in 231 bytes (1 switches on core 0)
2026-08-11 09:29:13.041 7 INFO placement.requestlog [None req-8b7102dd-2b92-4bb2-959d-b551fa77f56a 695cf297b61344b7b10ae725ddfcaddd 46825274f6124e3283dbfda2067a066d - - e6c6a482e6a14201a62bfc9949224595 e6c6a482e6a14201a62bfc9949224595] 10.0.0.129 "DELETE /resource_providers/bd877e46-a89a-4167-ac9a-3001ed2d173b" status: 404 len: 246 microversion: 1.1 [pid: 7|app: 0|req: 317/637] 10.0.0.129 () {34 vars in 816 bytes} [Tue Aug 11 09:29:13 2026] DELETE /resource_providers/bd877e46-a89a-4167-ac9a-3001ed2d173b => generated 246 bytes in 10 msecs (HTTP/1.1 404) 6 headers in 231 bytes (1 switches on core 0)
2026-08-11 09:29:13.437 8 INFO placement.requestlog [req-f6089bdf-0c61-4b17-b9fa-147cc9dc4de2 req-e9f25e33-c160-4000-b995-b7923a262117 326178a40d624b4a8567856103e30b01 46825274f6124e3283dbfda2067a066d - - e6c6a482e6a14201a62bfc9949224595 e6c6a482e6a14201a62bfc9949224595] 10.0.0.101 "GET /allocation_candidates?limit=1000&resources=MEMORY_MB%3A512%2CVCPU%3A1&root_required=%21COMPUTE_STATUS_DISABLED" status: 200 len: 2769 microversion: 1.36 [pid: 8|app: 0|req: 321/638] 10.0.0.101 () {34 vars in 984 bytes} [Tue Aug 11 09:29:13 2026] GET /allocation_candidates?limit=1000&resources=MEMORY_MB%3A512%2CVCPU%3A1&root_required=%21COMPUTE_STATUS_DISABLED => generated 2769 bytes in 39 msecs (HTTP/1.1 200) 8 headers in 297 bytes (1 switches on core 0)
2026-08-11 09:29:13.471 7 INFO placement.requestlog [req-f6089bdf-0c61-4b17-b9fa-147cc9dc4de2 req-264a0405-bdcb-48c0-baea-4a3e880b34b1 326178a40d624b4a8567856103e30b01 46825274f6124e3283dbfda2067a066d - - e6c6a482e6a14201a62bfc9949224595 e6c6a482e6a14201a62bfc9949224595] 10.0.0.101 "GET /allocations/34d13018-850d-46d7-8b2e-5bb388d9fd6c" status: 200 len: 19 microversion: 1.28 [pid: 7|app: 0|req: 318/639] 10.0.0.101 () {34 vars in 861 bytes} [Tue Aug 11 09:29:13 2026] GET /allocations/34d13018-850d-46d7-8b2e-5bb388d9fd6c => generated 19 bytes in 9 msecs (HTTP/1.1 200) 8 headers in 295 bytes (1 switches on core 0)
2026-08-11 09:29:13.561 8 INFO placement.requestlog [req-f6089bdf-0c61-4b17-b9fa-147cc9dc4de2 req-62d4090d-12c3-4d1e-a222-777b95a75a42 326178a40d624b4a8567856103e30b01 46825274f6124e3283dbfda2067a066d - - e6c6a482e6a14201a62bfc9949224595 e6c6a482e6a14201a62bfc9949224595] 10.0.0.101 "PUT /allocations/34d13018-850d-46d7-8b2e-5bb388d9fd6c" status: 204 len: 0 microversion: 1.36 [pid: 8|app: 0|req: 322/640] 10.0.0.101 () {38 vars in 914 bytes} [Tue Aug 11 09:29:13 2026] PUT /allocations/34d13018-850d-46d7-8b2e-5bb388d9fd6c => generated 0 bytes in 83 msecs (HTTP/1.1 204) 5 headers in 199 bytes (1 switches on core 0)
2026-08-11 09:29:13.840 7 INFO placement.requestlog [req-ae7a6478-54e8-4ec0-bb07-499f21e9aec9 req-af341ecf-67ee-4215-af06-78e216632b19 326178a40d624b4a8567856103e30b01 46825274f6124e3283dbfda2067a066d - - e6c6a482e6a14201a62bfc9949224595 e6c6a482e6a14201a62bfc9949224595] 199.19.213.99 "GET /resource_providers/b3242187-69e9-40c4-9fc3-06bdb660fcaf/allocations" status: 200 len: 238 microversion: 1.0 [pid: 7|app: 0|req: 319/641] 199.19.213.99 () {32 vars in 856 bytes} [Tue Aug 11 09:29:13 2026] GET /resource_providers/b3242187-69e9-40c4-9fc3-06bdb660fcaf/allocations => generated 238 bytes in 17 msecs (HTTP/1.1 200) 6 headers in 224 bytes (1 switches on core 0)
2026-08-11 09:29:13.860 8 INFO placement.requestlog [req-ae7a6478-54e8-4ec0-bb07-499f21e9aec9 req-dd368061-a165-4406-854f-7f031b62db0f 326178a40d624b4a8567856103e30b01 46825274f6124e3283dbfda2067a066d - - e6c6a482e6a14201a62bfc9949224595 e6c6a482e6a14201a62bfc9949224595] 199.19.213.99 "GET /allocations/2a3d22fa-f67c-4952-8622-310e734a1213" status: 200 len: 257 microversion: 1.28 [pid: 8|app: 0|req: 323/642] 199.19.213.99 () {34 vars in 862 bytes} [Tue Aug 11 09:29:13 2026] GET /allocations/2a3d22fa-f67c-4952-8622-310e734a1213 => generated 257 bytes in 12 msecs (HTTP/1.1 200) 8 headers in 296 bytes (1 switches on core 0)
2026-08-11 09:29:13.877 7 INFO placement.requestlog [req-ae7a6478-54e8-4ec0-bb07-499f21e9aec9 req-2b106c15-0b8e-4e25-be31-bd1e94ad67e9 326178a40d624b4a8567856103e30b01 46825274f6124e3283dbfda2067a066d - - e6c6a482e6a14201a62bfc9949224595 e6c6a482e6a14201a62bfc9949224595] 199.19.213.99 "GET /allocations/34d13018-850d-46d7-8b2e-5bb388d9fd6c" status: 200 len: 243 microversion: 1.28 [pid: 7|app: 0|req: 320/643] 199.19.213.99 () {34 vars in 862 bytes} [Tue Aug 11 09:29:13 2026] GET /allocations/34d13018-850d-46d7-8b2e-5bb388d9fd6c => generated 243 bytes in 10 msecs (HTTP/1.1 200) 8 headers in 296 bytes (1 switches on core 0)
2026-08-11 09:29:15.202 8 INFO placement.requestlog [req-f6089bdf-0c61-4b17-b9fa-147cc9dc4de2 req-1b182a8c-44e0-4c40-8107-bfb98ee8f625 326178a40d624b4a8567856103e30b01 46825274f6124e3283dbfda2067a066d - - e6c6a482e6a14201a62bfc9949224595 e6c6a482e6a14201a62bfc9949224595] 199.19.213.99 "GET /allocations/34d13018-850d-46d7-8b2e-5bb388d9fd6c" status: 200 len: 243 microversion: 1.28 [pid: 8|app: 0|req: 324/644] 199.19.213.99 () {34 vars in 862 bytes} [Tue Aug 11 09:29:15 2026] GET /allocations/34d13018-850d-46d7-8b2e-5bb388d9fd6c => generated 243 bytes in 13 msecs (HTTP/1.1 200) 8 headers in 296 bytes (1 switches on core 0)
2026-08-11 09:29:16.245 7 INFO placement.requestlog [req-f6089bdf-0c61-4b17-b9fa-147cc9dc4de2 req-2011eeb1-f15e-40da-a769-40f3f77c74ff 326178a40d624b4a8567856103e30b01 46825274f6124e3283dbfda2067a066d - - e6c6a482e6a14201a62bfc9949224595 e6c6a482e6a14201a62bfc9949224595] 199.19.213.99 "GET /resource_providers/b3242187-69e9-40c4-9fc3-06bdb660fcaf/allocations" status: 200 len: 238 microversion: 1.0 [pid: 7|app: 0|req: 321/645] 199.19.213.99 () {32 vars in 856 bytes} [Tue Aug 11 09:29:16 2026] GET /resource_providers/b3242187-69e9-40c4-9fc3-06bdb660fcaf/allocations => generated 238 bytes in 17 msecs (HTTP/1.1 200) 6 headers in 224 bytes (1 switches on core 0)
2026-08-11 09:29:16.272 8 INFO placement.requestlog [req-f6089bdf-0c61-4b17-b9fa-147cc9dc4de2 req-1b9bd062-ae9d-4006-bb7b-7806de205b21 326178a40d624b4a8567856103e30b01 46825274f6124e3283dbfda2067a066d - - e6c6a482e6a14201a62bfc9949224595 e6c6a482e6a14201a62bfc9949224595] 199.19.213.99 "GET /allocations/2a3d22fa-f67c-4952-8622-310e734a1213" status: 200 len: 257 microversion: 1.28 [pid: 8|app: 0|req: 325/646] 199.19.213.99 () {34 vars in 862 bytes} [Tue Aug 11 09:29:16 2026] GET /allocations/2a3d22fa-f67c-4952-8622-310e734a1213 => generated 257 bytes in 18 msecs (HTTP/1.1 200) 8 headers in 296 bytes (1 switches on core 0)
2026-08-11 09:29:16.290 7 INFO placement.requestlog [req-f6089bdf-0c61-4b17-b9fa-147cc9dc4de2 req-525d72d4-8c7d-4b28-83d9-d29a97d51142 326178a40d624b4a8567856103e30b01 46825274f6124e3283dbfda2067a066d - - e6c6a482e6a14201a62bfc9949224595 e6c6a482e6a14201a62bfc9949224595] 199.19.213.99 "GET /allocations/34d13018-850d-46d7-8b2e-5bb388d9fd6c" status: 200 len: 243 microversion: 1.28 [pid: 7|app: 0|req: 322/647] 199.19.213.99 () {34 vars in 862 bytes} [Tue Aug 11 09:29:16 2026] GET /allocations/34d13018-850d-46d7-8b2e-5bb388d9fd6c => generated 243 bytes in 13 msecs (HTTP/1.1 200) 8 headers in 296 bytes (1 switches on core 0)
2026-08-11 09:29:16.680 7 INFO placement.requestlog [None req-00024619-0679-442b-9daf-426d1f882f7e 695cf297b61344b7b10ae725ddfcaddd 46825274f6124e3283dbfda2067a066d - - e6c6a482e6a14201a62bfc9949224595 e6c6a482e6a14201a62bfc9949224595] 10.0.0.129 "GET /resource_providers/f5ec6697-7a61-4aae-b976-0c20f12bf0f6/aggregates" status: 404 len: 235 microversion: 1.1 [pid: 7|app: 0|req: 323/648] 10.0.0.129 () {32 vars in 816 bytes} [Tue Aug 11 09:29:16 2026] GET /resource_providers/f5ec6697-7a61-4aae-b976-0c20f12bf0f6/aggregates => generated 235 bytes in 121 msecs (HTTP/1.1 404) 5 headers in 202 bytes (1 switches on core 0)
2026-08-11 09:29:16.690 8 INFO placement.requestlog [None req-f7aa9af4-3e8a-4d0d-ae7f-d3c541bb41b3 695cf297b61344b7b10ae725ddfcaddd 46825274f6124e3283dbfda2067a066d - - e6c6a482e6a14201a62bfc9949224595 e6c6a482e6a14201a62bfc9949224595] 10.0.0.129 "GET /resource_providers/f5ec6697-7a61-4aae-b976-0c20f12bf0f6/aggregates" status: 404 len: 235 microversion: 1.1 [pid: 8|app: 0|req: 326/649] 10.0.0.129 () {32 vars in 816 bytes} [Tue Aug 11 09:29:16 2026] GET /resource_providers/f5ec6697-7a61-4aae-b976-0c20f12bf0f6/aggregates => generated 235 bytes in 131 msecs (HTTP/1.1 404) 5 headers in 202 bytes (1 switches on core 0)
2026-08-11 09:29:16.700 7 INFO placement.requestlog [None req-bf8acc9c-de96-46bf-ae36-f0403bfd46fc 695cf297b61344b7b10ae725ddfcaddd 46825274f6124e3283dbfda2067a066d - - e6c6a482e6a14201a62bfc9949224595 e6c6a482e6a14201a62bfc9949224595] 10.0.0.129 "DELETE /resource_providers/f5ec6697-7a61-4aae-b976-0c20f12bf0f6" status: 404 len: 246 microversion: 1.1 [pid: 7|app: 0|req: 324/650] 10.0.0.129 () {34 vars in 816 bytes} [Tue Aug 11 09:29:16 2026] DELETE /resource_providers/f5ec6697-7a61-4aae-b976-0c20f12bf0f6 => generated 246 bytes in 10 msecs (HTTP/1.1 404) 6 headers in 231 bytes (1 switches on core 0)
2026-08-11 09:29:16.718 8 INFO placement.requestlog [None req-81d27054-692e-475c-acdf-6cc3894b3293 695cf297b61344b7b10ae725ddfcaddd 46825274f6124e3283dbfda2067a066d - - e6c6a482e6a14201a62bfc9949224595 e6c6a482e6a14201a62bfc9949224595] 10.0.0.129 "DELETE /resource_providers/f5ec6697-7a61-4aae-b976-0c20f12bf0f6" status: 404 len: 246 microversion: 1.1 [pid: 8|app: 0|req: 327/651] 10.0.0.129 () {34 vars in 816 bytes} [Tue Aug 11 09:29:16 2026] DELETE /resource_providers/f5ec6697-7a61-4aae-b976-0c20f12bf0f6 => generated 246 bytes in 13 msecs (HTTP/1.1 404) 6 headers in 231 bytes (1 switches on core 0)
2026-08-11 09:29:20.726 7 INFO placement.requestlog [None req-fe62714d-cfe5-4cd3-83cb-a222086979af - - - - - -] 10.0.0.137 "GET /" status: 200 len: 136 microversion: 1.0
2026-08-11 09:29:20.726 8 INFO placement.requestlog [None req-337768a9-c47a-49e6-8194-46e4ef2f27dc - - - - - -] 10.0.0.137 "GET /" status: 200 len: 136 microversion: 1.0
2026-08-11 09:29:24.916 7 INFO placement.requestlog [req-3931082f-f2d3-4e31-8461-1b34c6fa9d41 req-1a468516-092e-4d61-b6a0-2aefd69309b8 326178a40d624b4a8567856103e30b01 46825274f6124e3283dbfda2067a066d - - e6c6a482e6a14201a62bfc9949224595 e6c6a482e6a14201a62bfc9949224595] 10.0.0.101 "GET /allocation_candidates?limit=1000&resources=DISK_GB%3A1%2CMEMORY_MB%3A512%2CVCPU%3A1&root_required=%21COMPUTE_STATUS_DISABLED" status: 200 len: 2784 microversion: 1.36 [pid: 7|app: 0|req: 326/654] 10.0.0.101 () {34 vars in 1012 bytes} [Tue Aug 11 09:29:24 2026] GET /allocation_candidates?limit=1000&resources=DISK_GB%3A1%2CMEMORY_MB%3A512%2CVCPU%3A1&root_required=%21COMPUTE_STATUS_DISABLED => generated 2784 bytes in 57 msecs (HTTP/1.1 200) 8 headers in 297 bytes (1 switches on core 0)
2026-08-11 09:29:24.949 8 INFO placement.requestlog [req-3931082f-f2d3-4e31-8461-1b34c6fa9d41 req-c1490730-adfd-4956-8e88-8527047553c9 326178a40d624b4a8567856103e30b01 46825274f6124e3283dbfda2067a066d - - e6c6a482e6a14201a62bfc9949224595 e6c6a482e6a14201a62bfc9949224595] 10.0.0.101 "GET /allocations/c16bbad4-377b-4b54-b431-ffa38470006b" status: 200 len: 19 microversion: 1.28 [pid: 8|app: 0|req: 329/655] 10.0.0.101 () {34 vars in 861 bytes} [Tue Aug 11 09:29:24 2026] GET /allocations/c16bbad4-377b-4b54-b431-ffa38470006b => generated 19 bytes in 17 msecs (HTTP/1.1 200) 8 headers in 295 bytes (1 switches on core 0)
2026-08-11 09:29:25.029 7 INFO placement.requestlog [req-3931082f-f2d3-4e31-8461-1b34c6fa9d41 req-ff8103fb-cbf9-4a85-af78-726fecba2f80 326178a40d624b4a8567856103e30b01 46825274f6124e3283dbfda2067a066d - - e6c6a482e6a14201a62bfc9949224595 e6c6a482e6a14201a62bfc9949224595] 10.0.0.101 "PUT /allocations/c16bbad4-377b-4b54-b431-ffa38470006b" status: 204 len: 0 microversion: 1.36 [pid: 7|app: 0|req: 327/656] 10.0.0.101 () {38 vars in 914 bytes} [Tue Aug 11 09:29:24 2026] PUT /allocations/c16bbad4-377b-4b54-b431-ffa38470006b => generated 0 bytes in 72 msecs (HTTP/1.1 204) 5 headers in 199 bytes (1 switches on core 0)
2026-08-11 09:29:26.517 8 INFO placement.requestlog [req-3931082f-f2d3-4e31-8461-1b34c6fa9d41 req-e2041fd5-8baa-441a-9637-38f2fda883e5 326178a40d624b4a8567856103e30b01 46825274f6124e3283dbfda2067a066d - - e6c6a482e6a14201a62bfc9949224595 e6c6a482e6a14201a62bfc9949224595] 199.19.213.99 "GET /allocations/c16bbad4-377b-4b54-b431-ffa38470006b" status: 200 len: 257 microversion: 1.28 [pid: 8|app: 0|req: 330/657] 199.19.213.99 () {34 vars in 862 bytes} [Tue Aug 11 09:29:26 2026] GET /allocations/c16bbad4-377b-4b54-b431-ffa38470006b => generated 257 bytes in 14 msecs (HTTP/1.1 200) 8 headers in 296 bytes (1 switches on core 0)
2026-08-11 09:29:27.566 7 INFO placement.requestlog [req-3931082f-f2d3-4e31-8461-1b34c6fa9d41 req-c02636e6-f4a6-427c-875b-dde401ac2dc6 326178a40d624b4a8567856103e30b01 46825274f6124e3283dbfda2067a066d - - e6c6a482e6a14201a62bfc9949224595 e6c6a482e6a14201a62bfc9949224595] 199.19.213.99 "GET /resource_providers/b3242187-69e9-40c4-9fc3-06bdb660fcaf/allocations" status: 200 len: 338 microversion: 1.0 [pid: 7|app: 0|req: 328/658] 199.19.213.99 () {32 vars in 856 bytes} [Tue Aug 11 09:29:27 2026] GET /resource_providers/b3242187-69e9-40c4-9fc3-06bdb660fcaf/allocations => generated 338 bytes in 23 msecs (HTTP/1.1 200) 6 headers in 224 bytes (1 switches on core 0)
2026-08-11 09:29:27.585 8 INFO placement.requestlog [req-3931082f-f2d3-4e31-8461-1b34c6fa9d41 req-2697457d-0435-4119-b69f-8311b57316bb 326178a40d624b4a8567856103e30b01 46825274f6124e3283dbfda2067a066d - - e6c6a482e6a14201a62bfc9949224595 e6c6a482e6a14201a62bfc9949224595] 199.19.213.99 "GET /allocations/2a3d22fa-f67c-4952-8622-310e734a1213" status: 200 len: 257 microversion: 1.28 [pid: 8|app: 0|req: 331/659] 199.19.213.99 () {34 vars in 862 bytes} [Tue Aug 11 09:29:27 2026] GET /allocations/2a3d22fa-f67c-4952-8622-310e734a1213 => generated 257 bytes in 14 msecs (HTTP/1.1 200) 8 headers in 296 bytes (1 switches on core 0)
2026-08-11 09:29:27.613 7 INFO placement.requestlog [req-3931082f-f2d3-4e31-8461-1b34c6fa9d41 req-baa91948-d82e-4432-837a-99c048e9f711 326178a40d624b4a8567856103e30b01 46825274f6124e3283dbfda2067a066d - - e6c6a482e6a14201a62bfc9949224595 e6c6a482e6a14201a62bfc9949224595] 199.19.213.99 "GET /allocations/c16bbad4-377b-4b54-b431-ffa38470006b" status: 200 len: 257 microversion: 1.28 [pid: 7|app: 0|req: 329/660] 199.19.213.99 () {34 vars in 862 bytes} [Tue Aug 11 09:29:27 2026] GET /allocations/c16bbad4-377b-4b54-b431-ffa38470006b => generated 257 bytes in 20 msecs (HTTP/1.1 200) 8 headers in 296 bytes (1 switches on core 0)
2026-08-11 09:29:27.678 8 INFO placement.requestlog [req-3931082f-f2d3-4e31-8461-1b34c6fa9d41 req-058dab99-98db-49d1-bf2f-78cff1e5dce2 326178a40d624b4a8567856103e30b01 46825274f6124e3283dbfda2067a066d - - e6c6a482e6a14201a62bfc9949224595 e6c6a482e6a14201a62bfc9949224595] 199.19.213.99 "GET /allocations/34d13018-850d-46d7-8b2e-5bb388d9fd6c" status: 200 len: 243 microversion: 1.28 [pid: 8|app: 0|req: 332/661] 199.19.213.99 () {34 vars in 862 bytes} [Tue Aug 11 09:29:27 2026] GET /allocations/34d13018-850d-46d7-8b2e-5bb388d9fd6c => generated 243 bytes in 62 msecs (HTTP/1.1 200) 8 headers in 296 bytes (1 switches on core 0)
2026-08-11 09:29:30.725 7 INFO placement.requestlog [None req-365b7a3b-12c9-4c09-adb6-5a214f22e211 - - - - - -] 10.0.0.137 "GET /" status: 200 len: 136 microversion: 1.0
2026-08-11 09:29:30.726 8 INFO placement.requestlog [None req-0848f368-a4fb-4cf3-9fa1-8f50f018f27e - - - - - -] 10.0.0.137 "GET /" status: 200 len: 136 microversion: 1.0
2026-08-11 09:29:36.255 7 INFO placement.requestlog [req-d9108332-365c-452b-a55d-14c1fad55a26 req-73c283b0-48ce-4059-9feb-8ffabc8d31fa 326178a40d624b4a8567856103e30b01 46825274f6124e3283dbfda2067a066d - - e6c6a482e6a14201a62bfc9949224595 e6c6a482e6a14201a62bfc9949224595] 199.19.213.99 "GET /resource_providers/b3242187-69e9-40c4-9fc3-06bdb660fcaf/allocations" status: 200 len: 338 microversion: 1.0 [pid: 7|app: 0|req: 331/664] 199.19.213.99 () {32 vars in 856 bytes} [Tue Aug 11 09:29:36 2026] GET /resource_providers/b3242187-69e9-40c4-9fc3-06bdb660fcaf/allocations => generated 338 bytes in 13 msecs (HTTP/1.1 200) 6 headers in 224 bytes (1 switches on core 0)
2026-08-11 09:29:36.275 8 INFO placement.requestlog [req-d9108332-365c-452b-a55d-14c1fad55a26 req-36c4188c-c17d-4c6f-a06e-121444e726a6 326178a40d624b4a8567856103e30b01 46825274f6124e3283dbfda2067a066d - - e6c6a482e6a14201a62bfc9949224595 e6c6a482e6a14201a62bfc9949224595] 199.19.213.99 "GET /allocations/2a3d22fa-f67c-4952-8622-310e734a1213" status: 200 len: 257 microversion: 1.28 [pid: 8|app: 0|req: 334/665] 199.19.213.99 () {34 vars in 862 bytes} [Tue Aug 11 09:29:36 2026] GET /allocations/2a3d22fa-f67c-4952-8622-310e734a1213 => generated 257 bytes in 12 msecs (HTTP/1.1 200) 8 headers in 296 bytes (1 switches on core 0)
2026-08-11 09:29:36.291 7 INFO placement.requestlog [req-d9108332-365c-452b-a55d-14c1fad55a26 req-93dadcd0-81ab-449b-8018-0a3451050353 326178a40d624b4a8567856103e30b01 46825274f6124e3283dbfda2067a066d - - e6c6a482e6a14201a62bfc9949224595 e6c6a482e6a14201a62bfc9949224595] 199.19.213.99 "GET /allocations/c16bbad4-377b-4b54-b431-ffa38470006b" status: 200 len: 257 microversion: 1.28 [pid: 7|app: 0|req: 332/666] 199.19.213.99 () {34 vars in 862 bytes} [Tue Aug 11 09:29:36 2026] GET /allocations/c16bbad4-377b-4b54-b431-ffa38470006b => generated 257 bytes in 10 msecs (HTTP/1.1 200) 8 headers in 296 bytes (1 switches on core 0)
2026-08-11 09:29:36.309 8 INFO placement.requestlog [req-d9108332-365c-452b-a55d-14c1fad55a26 req-9dd213e6-a7f8-4895-a4cb-1144e0825ed3 326178a40d624b4a8567856103e30b01 46825274f6124e3283dbfda2067a066d - - e6c6a482e6a14201a62bfc9949224595 e6c6a482e6a14201a62bfc9949224595] 199.19.213.99 "GET /allocations/34d13018-850d-46d7-8b2e-5bb388d9fd6c" status: 200 len: 243 microversion: 1.28 [pid: 8|app: 0|req: 335/667] 199.19.213.99 () {34 vars in 862 bytes} [Tue Aug 11 09:29:36 2026] GET /allocations/34d13018-850d-46d7-8b2e-5bb388d9fd6c => generated 243 bytes in 9 msecs (HTTP/1.1 200) 8 headers in 296 bytes (1 switches on core 0)
2026-08-11 09:29:37.365 7 INFO placement.requestlog [req-d9108332-365c-452b-a55d-14c1fad55a26 req-2cad1c38-4668-4d89-925d-576359ed568b 326178a40d624b4a8567856103e30b01 46825274f6124e3283dbfda2067a066d - - e6c6a482e6a14201a62bfc9949224595 e6c6a482e6a14201a62bfc9949224595] 199.19.213.99 "DELETE /allocations/2a3d22fa-f67c-4952-8622-310e734a1213" status: 204 len: 0 microversion: 1.0 [pid: 7|app: 0|req: 333/668] 199.19.213.99 () {34 vars in 840 bytes} [Tue Aug 11 09:29:37 2026] DELETE /allocations/2a3d22fa-f67c-4952-8622-310e734a1213 => generated 0 bytes in 33 msecs (HTTP/1.1 204) 5 headers in 198 bytes (1 switches on core 0)
2026-08-11 09:29:37.690 8 INFO placement.requestlog [req-b40b8781-7331-41b4-b71e-4a3fe1cd2225 req-65f90468-e27a-43e3-815b-2374eb230977 326178a40d624b4a8567856103e30b01 46825274f6124e3283dbfda2067a066d - - e6c6a482e6a14201a62bfc9949224595 e6c6a482e6a14201a62bfc9949224595] 199.19.213.99 "GET /resource_providers/b3242187-69e9-40c4-9fc3-06bdb660fcaf/allocations" status: 200 len: 238 microversion: 1.0 [pid: 8|app: 0|req: 336/669] 199.19.213.99 () {32 vars in 856 bytes} [Tue Aug 11 09:29:37 2026] GET /resource_providers/b3242187-69e9-40c4-9fc3-06bdb660fcaf/allocations => generated 238 bytes in 18 msecs (HTTP/1.1 200) 6 headers in 224 bytes (1 switches on core 0)
2026-08-11 09:29:37.706 7 INFO placement.requestlog [req-b40b8781-7331-41b4-b71e-4a3fe1cd2225 req-cc9efe11-d03b-45eb-b15d-4bebb51ecc7d 326178a40d624b4a8567856103e30b01 46825274f6124e3283dbfda2067a066d - - e6c6a482e6a14201a62bfc9949224595 e6c6a482e6a14201a62bfc9949224595] 199.19.213.99 "GET /allocations/c16bbad4-377b-4b54-b431-ffa38470006b" status: 200 len: 257 microversion: 1.28 [pid: 7|app: 0|req: 334/670] 199.19.213.99 () {34 vars in 862 bytes} [Tue Aug 11 09:29:37 2026] GET /allocations/c16bbad4-377b-4b54-b431-ffa38470006b => generated 257 bytes in 11 msecs (HTTP/1.1 200) 8 headers in 296 bytes (1 switches on core 0)
2026-08-11 09:29:37.752 8 INFO placement.requestlog [req-b40b8781-7331-41b4-b71e-4a3fe1cd2225 req-44f7e0dc-c564-49bb-84c7-0c1fd0fc59f7 326178a40d624b4a8567856103e30b01 46825274f6124e3283dbfda2067a066d - - e6c6a482e6a14201a62bfc9949224595 e6c6a482e6a14201a62bfc9949224595] 199.19.213.99 "GET /allocations/34d13018-850d-46d7-8b2e-5bb388d9fd6c" status: 200 len: 243 microversion: 1.28 [pid: 8|app: 0|req: 337/671] 199.19.213.99 () {34 vars in 862 bytes} [Tue Aug 11 09:29:37 2026] GET /allocations/34d13018-850d-46d7-8b2e-5bb388d9fd6c => generated 243 bytes in 32 msecs (HTTP/1.1 200) 8 headers in 296 bytes (1 switches on core 0)
2026-08-11 09:29:38.806 7 INFO placement.requestlog [req-b40b8781-7331-41b4-b71e-4a3fe1cd2225 req-c5ede6bf-d51d-4321-bb1f-ca328083f62c 326178a40d624b4a8567856103e30b01 46825274f6124e3283dbfda2067a066d - - e6c6a482e6a14201a62bfc9949224595 e6c6a482e6a14201a62bfc9949224595] 199.19.213.99 "DELETE /allocations/34d13018-850d-46d7-8b2e-5bb388d9fd6c" status: 204 len: 0 microversion: 1.0 [pid: 7|app: 0|req: 335/672] 199.19.213.99 () {34 vars in 840 bytes} [Tue Aug 11 09:29:38 2026] DELETE /allocations/34d13018-850d-46d7-8b2e-5bb388d9fd6c => generated 0 bytes in 30 msecs (HTTP/1.1 204) 5 headers in 198 bytes (1 switches on core 0)
2026-08-11 09:29:40.725 8 INFO placement.requestlog [None req-00cd566e-4d56-406f-8835-f8210e3d3d2e - - - - - -] 10.0.0.137 "GET /" status: 200 len: 136 microversion: 1.0
2026-08-11 09:29:40.725 7 INFO placement.requestlog [None req-27ea9677-b08f-4bdc-bf8e-961a4674392d - - - - - -] 10.0.0.137 "GET /" status: 200 len: 136 microversion: 1.0
2026-08-11 09:29:42.088 8 INFO placement.requestlog [None req-553848b2-d536-4b4f-bb10-68c5356ccddf 695cf297b61344b7b10ae725ddfcaddd 46825274f6124e3283dbfda2067a066d - - e6c6a482e6a14201a62bfc9949224595 e6c6a482e6a14201a62bfc9949224595] 10.0.0.129 "GET /resource_providers/9828c2a9-8dda-4073-adf3-88222ea45fb3/aggregates" status: 404 len: 235 microversion: 1.1 [pid: 8|app: 0|req: 339/675] 10.0.0.129 () {32 vars in 816 bytes} [Tue Aug 11 09:29:42 2026] GET /resource_providers/9828c2a9-8dda-4073-adf3-88222ea45fb3/aggregates => generated 235 bytes in 11 msecs (HTTP/1.1 404) 5 headers in 202 bytes (1 switches on core 0)
2026-08-11 09:29:42.091 7 INFO placement.requestlog [None req-063b038e-d0ae-477e-abb1-6eca790f7793 695cf297b61344b7b10ae725ddfcaddd 46825274f6124e3283dbfda2067a066d - - e6c6a482e6a14201a62bfc9949224595 e6c6a482e6a14201a62bfc9949224595] 10.0.0.129 "GET /resource_providers/9828c2a9-8dda-4073-adf3-88222ea45fb3/aggregates" status: 404 len: 235 microversion: 1.1 [pid: 7|app: 0|req: 337/676] 10.0.0.129 () {32 vars in 816 bytes} [Tue Aug 11 09:29:42 2026] GET /resource_providers/9828c2a9-8dda-4073-adf3-88222ea45fb3/aggregates => generated 235 bytes in 10 msecs (HTTP/1.1 404) 5 headers in 202 bytes (1 switches on core 0)
2026-08-11 09:29:42.110 7 INFO placement.requestlog [None req-d15edb5b-6201-41ee-bddb-f0e276fd49bc 695cf297b61344b7b10ae725ddfcaddd 46825274f6124e3283dbfda2067a066d - - e6c6a482e6a14201a62bfc9949224595 e6c6a482e6a14201a62bfc9949224595] 10.0.0.129 "DELETE /resource_providers/9828c2a9-8dda-4073-adf3-88222ea45fb3" status: 404 len: 246 microversion: 1.1 [pid: 7|app: 0|req: 338/677] 10.0.0.129 () {34 vars in 816 bytes} [Tue Aug 11 09:29:42 2026] DELETE /resource_providers/9828c2a9-8dda-4073-adf3-88222ea45fb3 => generated 246 bytes in 9 msecs (HTTP/1.1 404) 6 headers in 231 bytes (1 switches on core 0)
2026-08-11 09:29:42.115 8 INFO placement.requestlog [None req-150a859a-d97d-4fc0-8602-d5e73545ebfa 695cf297b61344b7b10ae725ddfcaddd 46825274f6124e3283dbfda2067a066d - - e6c6a482e6a14201a62bfc9949224595 e6c6a482e6a14201a62bfc9949224595] 10.0.0.129 "DELETE /resource_providers/9828c2a9-8dda-4073-adf3-88222ea45fb3" status: 404 len: 246 microversion: 1.1 [pid: 8|app: 0|req: 340/678] 10.0.0.129 () {34 vars in 816 bytes} [Tue Aug 11 09:29:42 2026] DELETE /resource_providers/9828c2a9-8dda-4073-adf3-88222ea45fb3 => generated 246 bytes in 15 msecs (HTTP/1.1 404) 6 headers in 231 bytes (1 switches on core 0)
2026-08-11 09:29:44.627 8 INFO placement.requestlog [None req-0e4293f1-acd8-46b7-8b58-a6fb2644a5c0 695cf297b61344b7b10ae725ddfcaddd 46825274f6124e3283dbfda2067a066d - - e6c6a482e6a14201a62bfc9949224595 e6c6a482e6a14201a62bfc9949224595] 10.0.0.129 "GET /resource_providers/3ed46bca-98c7-4dec-9819-cec2dbbe1549/aggregates" status: 404 len: 235 microversion: 1.1 [pid: 8|app: 0|req: 341/679] 10.0.0.129 () {32 vars in 816 bytes} [Tue Aug 11 09:29:44 2026] GET /resource_providers/3ed46bca-98c7-4dec-9819-cec2dbbe1549/aggregates => generated 235 bytes in 10 msecs (HTTP/1.1 404) 5 headers in 202 bytes (1 switches on core 0)
2026-08-11 09:29:44.628 7 INFO placement.requestlog [None req-f9484d83-548d-45f1-b375-530196be79ae 695cf297b61344b7b10ae725ddfcaddd 46825274f6124e3283dbfda2067a066d - - e6c6a482e6a14201a62bfc9949224595 e6c6a482e6a14201a62bfc9949224595] 10.0.0.129 "GET /resource_providers/3ed46bca-98c7-4dec-9819-cec2dbbe1549/aggregates" status: 404 len: 235 microversion: 1.1 [pid: 7|app: 0|req: 339/680] 10.0.0.129 () {32 vars in 816 bytes} [Tue Aug 11 09:29:44 2026] GET /resource_providers/3ed46bca-98c7-4dec-9819-cec2dbbe1549/aggregates => generated 235 bytes in 34 msecs (HTTP/1.1 404) 5 headers in 202 bytes (1 switches on core 0)
2026-08-11 09:29:44.657 7 INFO placement.requestlog [None req-336a614e-2074-4b7a-a2a0-7c4ddaab720c 695cf297b61344b7b10ae725ddfcaddd 46825274f6124e3283dbfda2067a066d - - e6c6a482e6a14201a62bfc9949224595 e6c6a482e6a14201a62bfc9949224595] 10.0.0.129 "DELETE /resource_providers/3ed46bca-98c7-4dec-9819-cec2dbbe1549" status: 404 len: 246 microversion: 1.1 [pid: 7|app: 0|req: 340/681] 10.0.0.129 () {34 vars in 816 bytes} [Tue Aug 11 09:29:44 2026] DELETE /resource_providers/3ed46bca-98c7-4dec-9819-cec2dbbe1549 => generated 246 bytes in 12 msecs (HTTP/1.1 404) 6 headers in 231 bytes (1 switches on core 0)
2026-08-11 09:29:44.662 8 INFO placement.requestlog [None req-d7c2243d-d633-4d53-969a-a6cc283f3c88 695cf297b61344b7b10ae725ddfcaddd 46825274f6124e3283dbfda2067a066d - - e6c6a482e6a14201a62bfc9949224595 e6c6a482e6a14201a62bfc9949224595] 10.0.0.129 "DELETE /resource_providers/3ed46bca-98c7-4dec-9819-cec2dbbe1549" status: 404 len: 246 microversion: 1.1 [pid: 8|app: 0|req: 342/682] 10.0.0.129 () {34 vars in 816 bytes} [Tue Aug 11 09:29:44 2026] DELETE /resource_providers/3ed46bca-98c7-4dec-9819-cec2dbbe1549 => generated 246 bytes in 16 msecs (HTTP/1.1 404) 6 headers in 231 bytes (1 switches on core 0)
2026-08-11 09:29:50.726 8 INFO placement.requestlog [None req-23fb5178-7301-4f98-83f1-2c3f9f2a4586 - - - - - -] 10.0.0.137 "GET /" status: 200 len: 136 microversion: 1.0
2026-08-11 09:29:50.727 7 INFO placement.requestlog [None req-46143484-f0e6-4445-8f19-114e85316d3d - - - - - -] 10.0.0.137 "GET /" status: 200 len: 136 microversion: 1.0
2026-08-11 09:29:52.552 7 INFO placement.requestlog [None req-a8af7013-5304-453a-a99e-ccb74afb3006 695cf297b61344b7b10ae725ddfcaddd 46825274f6124e3283dbfda2067a066d - - e6c6a482e6a14201a62bfc9949224595 e6c6a482e6a14201a62bfc9949224595] 10.0.0.129 "GET /resource_providers/9b35a953-c618-4d3e-896c-f9b0fc9f8afe/aggregates" status: 404 len: 235 microversion: 1.1 [pid: 7|app: 0|req: 342/685] 10.0.0.129 () {32 vars in 816 bytes} [Tue Aug 11 09:29:52 2026] GET /resource_providers/9b35a953-c618-4d3e-896c-f9b0fc9f8afe/aggregates => generated 235 bytes in 9 msecs (HTTP/1.1 404) 5 headers in 202 bytes (1 switches on core 0)
2026-08-11 09:29:52.555 8 INFO placement.requestlog [None req-7bedc080-43a3-445e-82b9-9e2856ae01df 695cf297b61344b7b10ae725ddfcaddd 46825274f6124e3283dbfda2067a066d - - e6c6a482e6a14201a62bfc9949224595 e6c6a482e6a14201a62bfc9949224595] 10.0.0.129 "GET /resource_providers/9b35a953-c618-4d3e-896c-f9b0fc9f8afe/aggregates" status: 404 len: 235 microversion: 1.1 [pid: 8|app: 0|req: 344/686] 10.0.0.129 () {32 vars in 816 bytes} [Tue Aug 11 09:29:52 2026] GET /resource_providers/9b35a953-c618-4d3e-896c-f9b0fc9f8afe/aggregates => generated 235 bytes in 12 msecs (HTTP/1.1 404) 5 headers in 202 bytes (1 switches on core 0)
2026-08-11 09:29:52.568 7 INFO placement.requestlog [None req-332b1f0f-7117-4112-8349-f2967c7a6c4c 695cf297b61344b7b10ae725ddfcaddd 46825274f6124e3283dbfda2067a066d - - e6c6a482e6a14201a62bfc9949224595 e6c6a482e6a14201a62bfc9949224595] 10.0.0.129 "DELETE /resource_providers/9b35a953-c618-4d3e-896c-f9b0fc9f8afe" status: 404 len: 246 microversion: 1.1 [pid: 7|app: 0|req: 343/687] 10.0.0.129 () {34 vars in 816 bytes} [Tue Aug 11 09:29:52 2026] DELETE /resource_providers/9b35a953-c618-4d3e-896c-f9b0fc9f8afe => generated 246 bytes in 7 msecs (HTTP/1.1 404) 6 headers in 231 bytes (1 switches on core 0)
2026-08-11 09:29:52.576 8 INFO placement.requestlog [None req-15338e5f-717b-4cf7-b9e5-d3e6ec26b7c7 695cf297b61344b7b10ae725ddfcaddd 46825274f6124e3283dbfda2067a066d - - e6c6a482e6a14201a62bfc9949224595 e6c6a482e6a14201a62bfc9949224595] 10.0.0.129 "DELETE /resource_providers/9b35a953-c618-4d3e-896c-f9b0fc9f8afe" status: 404 len: 246 microversion: 1.1 [pid: 8|app: 0|req: 345/688] 10.0.0.129 () {34 vars in 816 bytes} [Tue Aug 11 09:29:52 2026] DELETE /resource_providers/9b35a953-c618-4d3e-896c-f9b0fc9f8afe => generated 246 bytes in 9 msecs (HTTP/1.1 404) 6 headers in 231 bytes (1 switches on core 0)
2026-08-11 09:29:54.193 7 INFO placement.requestlog [req-c53d2fac-d324-4e72-b0b9-004e242265ed req-9f2636a9-9a09-45af-a830-4c47c49534ec 326178a40d624b4a8567856103e30b01 46825274f6124e3283dbfda2067a066d - - e6c6a482e6a14201a62bfc9949224595 e6c6a482e6a14201a62bfc9949224595] 10.0.0.101 "GET /allocation_candidates?limit=1000&resources=DISK_GB%3A1%2CMEMORY_MB%3A512%2CVCPU%3A1&root_required=%21COMPUTE_STATUS_DISABLED" status: 200 len: 2783 microversion: 1.36 [pid: 7|app: 0|req: 344/689] 10.0.0.101 () {34 vars in 1012 bytes} [Tue Aug 11 09:29:54 2026] GET /allocation_candidates?limit=1000&resources=DISK_GB%3A1%2CMEMORY_MB%3A512%2CVCPU%3A1&root_required=%21COMPUTE_STATUS_DISABLED => generated 2783 bytes in 39 msecs (HTTP/1.1 200) 8 headers in 297 bytes (1 switches on core 0)
2026-08-11 09:29:54.222 8 INFO placement.requestlog [req-c53d2fac-d324-4e72-b0b9-004e242265ed req-6f258d75-4633-45ce-bed1-43866994351f 326178a40d624b4a8567856103e30b01 46825274f6124e3283dbfda2067a066d - - e6c6a482e6a14201a62bfc9949224595 e6c6a482e6a14201a62bfc9949224595] 10.0.0.101 "GET /allocations/a90cbc93-a4bd-451b-9bc3-1072683b6b13" status: 200 len: 19 microversion: 1.28 [pid: 8|app: 0|req: 346/690] 10.0.0.101 () {34 vars in 861 bytes} [Tue Aug 11 09:29:54 2026] GET /allocations/a90cbc93-a4bd-451b-9bc3-1072683b6b13 => generated 19 bytes in 9 msecs (HTTP/1.1 200) 8 headers in 295 bytes (1 switches on core 0)
