Aug 24 07:03:40.465026 np0000190775 devstack@neutron-api.service[101490]: DEBUG neutron.api.extensions [None req-690655c5-a3f1-46fc-88ab-6a0f857e6f96 None None] Ext name="Port filtering on security groups" alias="port-security-groups-filtering" description="Provides security groups filtering when listing ports" updated="2018-01-09T09:00:00-00:00" {{(pid=101490) _check_extension /opt/stack/neutron/neutron/api/extensions.py:415}}
Aug 24 07:03:40.465215 np0000190775 devstack@neutron-api.service[101491]: INFO neutron.plugins.ml2.managers [None req-3818d304-2368-4718-9eda-4a2c0824fe3b None None] Got port-security extension from driver 'port_security'
Aug 24 07:03:40.465600 np0000190775 devstack@neutron-api.service[101490]: INFO neutron.api.extensions [None req-690655c5-a3f1-46fc-88ab-6a0f857e6f96 None None] Extension port-security-groups-filtering not supported by any of loaded plugins
Aug 24 07:03:40.465600 np0000190775 devstack@neutron-api.service[101490]: DEBUG neutron.api.extensions [None req-690655c5-a3f1-46fc-88ab-6a0f857e6f96 None None] Loading extension file: security_groups_remote_address_group.py {{(pid=101490) _load_all_extensions_from_path /opt/stack/neutron/neutron/api/extensions.py:449}}
Aug 24 07:03:40.466057 np0000190775 devstack@neutron-api.service[101491]: DEBUG neutron.manager [None req-3818d304-2368-4718-9eda-4a2c0824fe3b None None] Loading service plugins: ['ovn-router', 'auto_allocate', 'tag', 'timestamp', 'network_ip_availability', 'flavors', 'revisions'] {{(pid=101491) _load_service_plugins /opt/stack/neutron/neutron/manager.py:192}}
Aug 24 07:03:40.466057 np0000190775 devstack@neutron-api.service[101491]: INFO neutron.manager [None req-3818d304-2368-4718-9eda-4a2c0824fe3b None None] Loading Plugin: ovn-router
Aug 24 07:03:40.466219 np0000190775 devstack@neutron-api.service[101490]: DEBUG neutron.api.extensions [None req-690655c5-a3f1-46fc-88ab-6a0f857e6f96 None None] Ext name="Remote address group id field for security group rules" alias="security-groups-remote-address-group" description="Add new field of remote address group id in SG rules" updated="2020-08-25T10:00:00-00:00" {{(pid=101490) _check_extension /opt/stack/neutron/neutron/api/extensions.py:415}}
Aug 24 07:03:40.466219 np0000190775 devstack@neutron-api.service[101490]: INFO neutron.api.extensions [None req-690655c5-a3f1-46fc-88ab-6a0f857e6f96 None None] Loaded extension: security-groups-remote-address-group
Aug 24 07:03:40.466384 np0000190775 devstack@neutron-api.service[101493]: INFO neutron.quota [None req-32f1ebdc-2a81-41bd-94ec-7e64bd7a2404 None None] Loaded quota_driver: .
Aug 24 07:03:40.466536 np0000190775 devstack@neutron-api.service[101490]: DEBUG neutron.api.extensions [None req-690655c5-a3f1-46fc-88ab-6a0f857e6f96 None None] Loading extension file: security_groups_rules_belongs_to_default_sg.py {{(pid=101490) _load_all_extensions_from_path /opt/stack/neutron/neutron/api/extensions.py:449}}
Aug 24 07:03:40.466729 np0000190775 devstack@neutron-api.service[101493]: INFO neutron.plugins.ml2.plugin [None req-32f1ebdc-2a81-41bd-94ec-7e64bd7a2404 None None] Modular L2 Plugin initialization complete
Aug 24 07:03:40.466839 np0000190775 devstack@neutron-api.service[101490]: DEBUG neutron.api.extensions [None req-690655c5-a3f1-46fc-88ab-6a0f857e6f96 None None] Ext name="Security group rule belongs to the project's default security group" alias="security-groups-rules-belongs-to-default-sg" description="Flag to determine if the security group rule belongs to the project's default security group" updated="2023-05-23T10:00:00-00:00" {{(pid=101490) _check_extension /opt/stack/neutron/neutron/api/extensions.py:415}}
Aug 24 07:03:40.466978 np0000190775 devstack@neutron-api.service[101493]: DEBUG neutron.manager [None req-32f1ebdc-2a81-41bd-94ec-7e64bd7a2404 None None] Loading services supported by the core plugin {{(pid=101493) _load_services_from_core_plugin /opt/stack/neutron/neutron/manager.py:167}}
Aug 24 07:03:40.467102 np0000190775 devstack@neutron-api.service[101490]: INFO neutron.api.extensions [None req-690655c5-a3f1-46fc-88ab-6a0f857e6f96 None None] Loaded extension: security-groups-rules-belongs-to-default-sg
Aug 24 07:03:40.467213 np0000190775 devstack@neutron-api.service[101493]: INFO neutron.plugins.ml2.managers [None req-32f1ebdc-2a81-41bd-94ec-7e64bd7a2404 None None] Got port-security extension from driver 'port_security'
Aug 24 07:03:40.467329 np0000190775 devstack@neutron-api.service[101490]: DEBUG neutron.api.extensions [None req-690655c5-a3f1-46fc-88ab-6a0f857e6f96 None None] Loading extension file: security_groups_shared_filtering.py {{(pid=101490) _load_all_extensions_from_path /opt/stack/neutron/neutron/api/extensions.py:449}}
Aug 24 07:03:40.467329 np0000190775 devstack@neutron-api.service[101490]: DEBUG neutron.api.extensions [None req-690655c5-a3f1-46fc-88ab-6a0f857e6f96 None None] Ext name="Security group filtering on the shared field" alias="security-groups-shared-filtering" description="Support filtering security groups on the shared field" updated="2021-10-05T09:00:00-00:00" {{(pid=101490) _check_extension /opt/stack/neutron/neutron/api/extensions.py:415}}
Aug 24 07:03:40.467730 np0000190775 devstack@neutron-api.service[101493]: DEBUG neutron.manager [None req-32f1ebdc-2a81-41bd-94ec-7e64bd7a2404 None None] Loading service plugins: ['ovn-router', 'auto_allocate', 'tag', 'timestamp', 'network_ip_availability', 'flavors', 'revisions'] {{(pid=101493) _load_service_plugins /opt/stack/neutron/neutron/manager.py:192}}
Aug 24 07:03:40.467864 np0000190775 devstack@neutron-api.service[101490]: INFO neutron.api.extensions [None req-690655c5-a3f1-46fc-88ab-6a0f857e6f96 None None] Loaded extension: security-groups-shared-filtering
Aug 24 07:03:40.468006 np0000190775 devstack@neutron-api.service[101493]: INFO neutron.manager [None req-32f1ebdc-2a81-41bd-94ec-7e64bd7a2404 None None] Loading Plugin: ovn-router
Aug 24 07:03:40.468132 np0000190775 devstack@neutron-api.service[101490]: DEBUG neutron.api.extensions [None req-690655c5-a3f1-46fc-88ab-6a0f857e6f96 None None] Loading extension file: securitygroup.py {{(pid=101490) _load_all_extensions_from_path /opt/stack/neutron/neutron/api/extensions.py:449}}
Aug 24 07:03:40.468132 np0000190775 devstack@neutron-api.service[101490]: DEBUG neutron.api.extensions [None req-690655c5-a3f1-46fc-88ab-6a0f857e6f96 None None] Ext name="security-group" alias="security-group" description="The security groups extension." updated="2012-10-05T10:00:00-00:00" {{(pid=101490) _check_extension /opt/stack/neutron/neutron/api/extensions.py:415}}
Aug 24 07:03:40.468132 np0000190775 devstack@neutron-api.service[101490]: INFO neutron.api.extensions [None req-690655c5-a3f1-46fc-88ab-6a0f857e6f96 None None] Loaded extension: security-group
Aug 24 07:03:40.468132 np0000190775 devstack@neutron-api.service[101490]: DEBUG neutron.api.extensions [None req-690655c5-a3f1-46fc-88ab-6a0f857e6f96 None None] Loading extension file: segment.py {{(pid=101490) _load_all_extensions_from_path /opt/stack/neutron/neutron/api/extensions.py:449}}
Aug 24 07:03:40.468132 np0000190775 devstack@neutron-api.service[101490]: DEBUG neutron.api.extensions [None req-690655c5-a3f1-46fc-88ab-6a0f857e6f96 None None] Ext name="Segment" alias="segment" description="Segments extension." updated="2016-02-24T17:00:00-00:00" {{(pid=101490) _check_extension /opt/stack/neutron/neutron/api/extensions.py:415}}
Aug 24 07:03:40.468132 np0000190775 devstack@neutron-api.service[101490]: INFO neutron.api.extensions [None req-690655c5-a3f1-46fc-88ab-6a0f857e6f96 None None] Extension segment not supported by any of loaded plugins
Aug 24 07:03:40.468132 np0000190775 devstack@neutron-api.service[101490]: DEBUG neutron.api.extensions [None req-690655c5-a3f1-46fc-88ab-6a0f857e6f96 None None] Loading extension file: segments_peer_subnet_host_routes.py {{(pid=101490) _load_all_extensions_from_path /opt/stack/neutron/neutron/api/extensions.py:449}}
Aug 24 07:03:40.468444 np0000190775 devstack@neutron-api.service[101490]: DEBUG neutron.api.extensions [None req-690655c5-a3f1-46fc-88ab-6a0f857e6f96 None None] Ext name="Segments peer-subnet host routes" alias="segments-peer-subnet-host-routes" description="Add host routes to subnets on a routed network (segments)" updated="2018-06-12T10:00:00-00:00" {{(pid=101490) _check_extension /opt/stack/neutron/neutron/api/extensions.py:415}}
Aug 24 07:03:40.468444 np0000190775 devstack@neutron-api.service[101490]: INFO neutron.api.extensions [None req-690655c5-a3f1-46fc-88ab-6a0f857e6f96 None None] Extension segments-peer-subnet-host-routes not supported by any of loaded plugins
Aug 24 07:03:40.468444 np0000190775 devstack@neutron-api.service[101490]: DEBUG neutron.api.extensions [None req-690655c5-a3f1-46fc-88ab-6a0f857e6f96 None None] Loading extension file: servicetype.py {{(pid=101490) _load_all_extensions_from_path /opt/stack/neutron/neutron/api/extensions.py:449}}
Aug 24 07:03:40.468444 np0000190775 devstack@neutron-api.service[101490]: DEBUG neutron.api.extensions [None req-690655c5-a3f1-46fc-88ab-6a0f857e6f96 None None] Ext name="Neutron Service Type Management" alias="service-type" description="API for retrieving service providers for Neutron advanced services" updated="2013-01-20T00:00:00-00:00" {{(pid=101490) _check_extension /opt/stack/neutron/neutron/api/extensions.py:415}}
Aug 24 07:03:40.468444 np0000190775 devstack@neutron-api.service[101490]: INFO neutron.api.extensions [None req-690655c5-a3f1-46fc-88ab-6a0f857e6f96 None None] Loaded extension: service-type
Aug 24 07:03:40.468444 np0000190775 devstack@neutron-api.service[101490]: DEBUG neutron.api.extensions [None req-690655c5-a3f1-46fc-88ab-6a0f857e6f96 None None] Loading extension file: sorting.py {{(pid=101490) _load_all_extensions_from_path /opt/stack/neutron/neutron/api/extensions.py:449}}
Aug 24 07:03:40.468444 np0000190775 devstack@neutron-api.service[101490]: DEBUG neutron.api.extensions [None req-690655c5-a3f1-46fc-88ab-6a0f857e6f96 None None] Ext name="Sorting support" alias="sorting" description="Extension that indicates that sorting is enabled." updated="2016-06-12T00:00:00-00:00" {{(pid=101490) _check_extension /opt/stack/neutron/neutron/api/extensions.py:415}}
Aug 24 07:03:40.468747 np0000190775 devstack@neutron-api.service[101490]: INFO neutron.api.extensions [None req-690655c5-a3f1-46fc-88ab-6a0f857e6f96 None None] Loaded extension: sorting
Aug 24 07:03:40.468747 np0000190775 devstack@neutron-api.service[101490]: DEBUG neutron.api.extensions [None req-690655c5-a3f1-46fc-88ab-6a0f857e6f96 None None] Loading extension file: standard_attr_segment.py {{(pid=101490) _load_all_extensions_from_path /opt/stack/neutron/neutron/api/extensions.py:449}}
Aug 24 07:03:40.468747 np0000190775 devstack@neutron-api.service[101490]: DEBUG neutron.api.extensions [None req-690655c5-a3f1-46fc-88ab-6a0f857e6f96 None None] Ext name="Standard Attribute Segment Extension" alias="standard-attr-segment" description="Add standard attributes to Segment resource" updated="2018-04-09T10:00:00-00:00" {{(pid=101490) _check_extension /opt/stack/neutron/neutron/api/extensions.py:415}}
Aug 24 07:03:40.468747 np0000190775 devstack@neutron-api.service[101490]: INFO neutron.api.extensions [None req-690655c5-a3f1-46fc-88ab-6a0f857e6f96 None None] Extension standard-attr-segment not supported by any of loaded plugins
Aug 24 07:03:40.468747 np0000190775 devstack@neutron-api.service[101490]: DEBUG neutron.api.extensions [None req-690655c5-a3f1-46fc-88ab-6a0f857e6f96 None None] Loading extension file: standardattrdescription.py {{(pid=101490) _load_all_extensions_from_path /opt/stack/neutron/neutron/api/extensions.py:449}}
Aug 24 07:03:40.468747 np0000190775 devstack@neutron-api.service[101490]: DEBUG neutron.api.extensions [None req-690655c5-a3f1-46fc-88ab-6a0f857e6f96 None None] Ext name="standard-attr-description" alias="standard-attr-description" description="Extension to add descriptions to standard attributes" updated="2016-02-10T10:00:00-00:00" {{(pid=101490) _check_extension /opt/stack/neutron/neutron/api/extensions.py:415}}
Aug 24 07:03:40.468747 np0000190775 devstack@neutron-api.service[101490]: INFO neutron.api.extensions [None req-690655c5-a3f1-46fc-88ab-6a0f857e6f96 None None] Loaded extension: standard-attr-description
Aug 24 07:03:40.469109 np0000190775 devstack@neutron-api.service[101490]: DEBUG neutron.api.extensions [None req-690655c5-a3f1-46fc-88ab-6a0f857e6f96 None None] Loading extension file: stateful_security_group.py {{(pid=101490) _load_all_extensions_from_path /opt/stack/neutron/neutron/api/extensions.py:449}}
Aug 24 07:03:40.469109 np0000190775 devstack@neutron-api.service[101490]: DEBUG neutron.api.extensions [None req-690655c5-a3f1-46fc-88ab-6a0f857e6f96 None None] Ext name="Stateful security group" alias="stateful-security-group" description="Indicates if the security group is stateful or not" updated="2019-11-26T09:00:00-00:00" {{(pid=101490) _check_extension /opt/stack/neutron/neutron/api/extensions.py:415}}
Aug 24 07:03:40.469109 np0000190775 devstack@neutron-api.service[101490]: INFO neutron.api.extensions [None req-690655c5-a3f1-46fc-88ab-6a0f857e6f96 None None] Loaded extension: stateful-security-group
Aug 24 07:03:40.469109 np0000190775 devstack@neutron-api.service[101490]: DEBUG neutron.api.extensions [None req-690655c5-a3f1-46fc-88ab-6a0f857e6f96 None None] Loading extension file: stdattrs_common.py {{(pid=101490) _load_all_extensions_from_path /opt/stack/neutron/neutron/api/extensions.py:449}}
Aug 24 07:03:40.469109 np0000190775 devstack@neutron-api.service[101490]: WARNING neutron.api.extensions [None req-690655c5-a3f1-46fc-88ab-6a0f857e6f96 None None] Did not find expected name "Stdattrs_common" in /opt/stack/neutron/neutron/extensions/stdattrs_common.py
Aug 24 07:03:40.469109 np0000190775 devstack@neutron-api.service[101490]: DEBUG neutron.api.extensions [None req-690655c5-a3f1-46fc-88ab-6a0f857e6f96 None None] Loading extension file: subnet_dns_publish_fixed_ip.py {{(pid=101490) _load_all_extensions_from_path /opt/stack/neutron/neutron/api/extensions.py:449}}
Aug 24 07:03:40.469109 np0000190775 devstack@neutron-api.service[101490]: DEBUG neutron.api.extensions [None req-690655c5-a3f1-46fc-88ab-6a0f857e6f96 None None] Ext name="Subnet DNS publish fixed IP" alias="subnet-dns-publish-fixed-ip" description="Support choosing to publish DNS records for IPs from a subnet" updated="2019-05-24T10:00:00-00:00" {{(pid=101490) _check_extension /opt/stack/neutron/neutron/api/extensions.py:415}}
Aug 24 07:03:40.469467 np0000190775 devstack@neutron-api.service[101490]: INFO neutron.api.extensions [None req-690655c5-a3f1-46fc-88ab-6a0f857e6f96 None None] Loaded extension: subnet-dns-publish-fixed-ip
Aug 24 07:03:40.469467 np0000190775 devstack@neutron-api.service[101490]: DEBUG neutron.api.extensions [None req-690655c5-a3f1-46fc-88ab-6a0f857e6f96 None None] Loading extension file: subnet_external_network.py {{(pid=101490) _load_all_extensions_from_path /opt/stack/neutron/neutron/api/extensions.py:449}}
Aug 24 07:03:40.469467 np0000190775 devstack@neutron-api.service[101490]: DEBUG neutron.api.extensions [None req-690655c5-a3f1-46fc-88ab-6a0f857e6f96 None None] Ext name="Subnet belongs to an external network" alias="subnet-external-network" description="Informs if the subnet belongs to an external network" updated="2024-02-05T18:00:00-00:00" {{(pid=101490) _check_extension /opt/stack/neutron/neutron/api/extensions.py:415}}
Aug 24 07:03:40.469467 np0000190775 devstack@neutron-api.service[101490]: INFO neutron.api.extensions [None req-690655c5-a3f1-46fc-88ab-6a0f857e6f96 None None] Loaded extension: subnet-external-network
Aug 24 07:03:40.469467 np0000190775 devstack@neutron-api.service[101490]: DEBUG neutron.api.extensions [None req-690655c5-a3f1-46fc-88ab-6a0f857e6f96 None None] Loading extension file: subnet_onboard.py {{(pid=101490) _load_all_extensions_from_path /opt/stack/neutron/neutron/api/extensions.py:449}}
Aug 24 07:03:40.469467 np0000190775 devstack@neutron-api.service[101490]: DEBUG neutron.api.extensions [None req-690655c5-a3f1-46fc-88ab-6a0f857e6f96 None None] Ext name="Subnet Onboard" alias="subnet_onboard" description="Provides support for onboarding subnets into subnet pools" updated="2018-12-18T09:00:00-00:00" {{(pid=101490) _check_extension /opt/stack/neutron/neutron/api/extensions.py:415}}
Aug 24 07:03:40.469467 np0000190775 devstack@neutron-api.service[101490]: INFO neutron.api.extensions [None req-690655c5-a3f1-46fc-88ab-6a0f857e6f96 None None] Loaded extension: subnet_onboard
Aug 24 07:03:40.469467 np0000190775 devstack@neutron-api.service[101490]: DEBUG neutron.api.extensions [None req-690655c5-a3f1-46fc-88ab-6a0f857e6f96 None None] Loading extension file: subnet_segmentid_writable.py {{(pid=101490) _load_all_extensions_from_path /opt/stack/neutron/neutron/api/extensions.py:449}}
Aug 24 07:03:40.469881 np0000190775 devstack@neutron-api.service[101490]: DEBUG neutron.api.extensions [None req-690655c5-a3f1-46fc-88ab-6a0f857e6f96 None None] Ext name="Subnet SegmentID (writable)" alias="subnet-segmentid-writable" description="Provides a writable segment_id attribute for a subnet resource." updated="2018-03-12T00:00:00-00:00" {{(pid=101490) _check_extension /opt/stack/neutron/neutron/api/extensions.py:415}}
Aug 24 07:03:40.469881 np0000190775 devstack@neutron-api.service[101490]: INFO neutron.api.extensions [None req-690655c5-a3f1-46fc-88ab-6a0f857e6f96 None None] Extension subnet-segmentid-writable not supported by any of loaded plugins
Aug 24 07:03:40.469881 np0000190775 devstack@neutron-api.service[101490]: DEBUG neutron.api.extensions [None req-690655c5-a3f1-46fc-88ab-6a0f857e6f96 None None] Loading extension file: subnet_service_types.py {{(pid=101490) _load_all_extensions_from_path /opt/stack/neutron/neutron/api/extensions.py:449}}
Aug 24 07:03:40.469881 np0000190775 devstack@neutron-api.service[101490]: DEBUG neutron.api.extensions [None req-690655c5-a3f1-46fc-88ab-6a0f857e6f96 None None] Ext name="Subnet service types" alias="subnet-service-types" description="Provides ability to set the subnet service_types field" updated="2016-03-15T18:00:00-00:00" {{(pid=101490) _check_extension /opt/stack/neutron/neutron/api/extensions.py:415}}
Aug 24 07:03:40.469881 np0000190775 devstack@neutron-api.service[101490]: INFO neutron.api.extensions [None req-690655c5-a3f1-46fc-88ab-6a0f857e6f96 None None] Loaded extension: subnet-service-types
Aug 24 07:03:40.469881 np0000190775 devstack@neutron-api.service[101490]: DEBUG neutron.api.extensions [None req-690655c5-a3f1-46fc-88ab-6a0f857e6f96 None None] Loading extension file: subnetallocation.py {{(pid=101490) _load_all_extensions_from_path /opt/stack/neutron/neutron/api/extensions.py:449}}
Aug 24 07:03:40.469881 np0000190775 devstack@neutron-api.service[101490]: DEBUG neutron.api.extensions [None req-690655c5-a3f1-46fc-88ab-6a0f857e6f96 None None] Ext name="Subnet Allocation" alias="subnet_allocation" description="Enables allocation of subnets from a subnet pool" updated="2015-03-30T10:00:00-00:00" {{(pid=101490) _check_extension /opt/stack/neutron/neutron/api/extensions.py:415}}
Aug 24 07:03:40.470191 np0000190775 devstack@neutron-api.service[101490]: INFO neutron.api.extensions [None req-690655c5-a3f1-46fc-88ab-6a0f857e6f96 None None] Loaded extension: subnet_allocation
Aug 24 07:03:40.470191 np0000190775 devstack@neutron-api.service[101490]: DEBUG neutron.api.extensions [None req-690655c5-a3f1-46fc-88ab-6a0f857e6f96 None None] Loading extension file: subnetpool_prefix_ops.py {{(pid=101490) _load_all_extensions_from_path /opt/stack/neutron/neutron/api/extensions.py:449}}
Aug 24 07:03:40.470414 np0000190775 devstack@neutron-api.service[101491]: DEBUG neutron_lib.callbacks.manager [None req-3818d304-2368-4718-9eda-4a2c0824fe3b None None] Subscribe: > router before_delete 55550000, False {{(pid=101491) subscribe /opt/stack/data/venv/lib/python3.12/site-packages/neutron_lib/callbacks/manager.py:52}}
Aug 24 07:03:40.470414 np0000190775 devstack@neutron-api.service[101491]: DEBUG neutron_lib.callbacks.manager [None req-3818d304-2368-4718-9eda-4a2c0824fe3b None None] Subscribe: port before_update 55550000, False {{(pid=101491) subscribe /opt/stack/data/venv/lib/python3.12/site-packages/neutron_lib/callbacks/manager.py:52}}
Aug 24 07:03:40.470601 np0000190775 devstack@neutron-api.service[101490]: DEBUG neutron.api.extensions [None req-690655c5-a3f1-46fc-88ab-6a0f857e6f96 None None] Ext name="Subnet Pool Prefix Operations" alias="subnetpool-prefix-ops" description="Provides support for adjusting the prefix list of subnet pools" updated="2019-02-08T10:00:00-00:00" {{(pid=101490) _check_extension /opt/stack/neutron/neutron/api/extensions.py:415}}
Aug 24 07:03:40.471036 np0000190775 devstack@neutron-api.service[101491]: DEBUG neutron_lib.callbacks.manager [None req-3818d304-2368-4718-9eda-4a2c0824fe3b None None] Subscribe: port after_update 55550000, False {{(pid=101491) subscribe /opt/stack/data/venv/lib/python3.12/site-packages/neutron_lib/callbacks/manager.py:52}}
Aug 24 07:03:40.471170 np0000190775 devstack@neutron-api.service[101490]: INFO neutron.api.extensions [None req-690655c5-a3f1-46fc-88ab-6a0f857e6f96 None None] Loaded extension: subnetpool-prefix-ops
Aug 24 07:03:40.471282 np0000190775 devstack@neutron-api.service[101491]: DEBUG neutron_lib.callbacks.manager [None req-3818d304-2368-4718-9eda-4a2c0824fe3b None None] Subscribe: > port precommit_delete 55550000, False {{(pid=101491) subscribe /opt/stack/data/venv/lib/python3.12/site-packages/neutron_lib/callbacks/manager.py:52}}
Aug 24 07:03:40.471410 np0000190775 devstack@neutron-api.service[101490]: DEBUG neutron.api.extensions [None req-690655c5-a3f1-46fc-88ab-6a0f857e6f96 None None] Loading extension file: tag_creation.py {{(pid=101490) _load_all_extensions_from_path /opt/stack/neutron/neutron/api/extensions.py:449}}
Aug 24 07:03:40.471548 np0000190775 devstack@neutron-api.service[101491]: DEBUG neutron_lib.callbacks.manager [None req-3818d304-2368-4718-9eda-4a2c0824fe3b None None] Subscribe: port before_update 55550000, False {{(pid=101491) subscribe /opt/stack/data/venv/lib/python3.12/site-packages/neutron_lib/callbacks/manager.py:52}}
Aug 24 07:03:40.471548 np0000190775 devstack@neutron-api.service[101491]: DEBUG neutron_lib.callbacks.manager [None req-3818d304-2368-4718-9eda-4a2c0824fe3b None None] Subscribe: port before_delete 55550000, False {{(pid=101491) subscribe /opt/stack/data/venv/lib/python3.12/site-packages/neutron_lib/callbacks/manager.py:52}}
Aug 24 07:03:40.471721 np0000190775 devstack@neutron-api.service[101490]: DEBUG neutron.api.extensions [None req-690655c5-a3f1-46fc-88ab-6a0f857e6f96 None None] Ext name="Tag creation extension" alias="tag-creation" description="Allow to create multiple tags for a resource" updated="2024-23-07T10:00:00-00:00" {{(pid=101490) _check_extension /opt/stack/neutron/neutron/api/extensions.py:415}}
Aug 24 07:03:40.471907 np0000190775 devstack@neutron-api.service[101491]: DEBUG neutron_lib.callbacks.manager [None req-3818d304-2368-4718-9eda-4a2c0824fe3b None None] Subscribe: > router precommit_create 55550000, False {{(pid=101491) subscribe /opt/stack/data/venv/lib/python3.12/site-packages/neutron_lib/callbacks/manager.py:52}}
Aug 24 07:03:40.471907 np0000190775 devstack@neutron-api.service[101491]: DEBUG neutron_lib.callbacks.manager [None req-3818d304-2368-4718-9eda-4a2c0824fe3b None None] Subscribe: > router precommit_create 55550000, False {{(pid=101491) subscribe /opt/stack/data/venv/lib/python3.12/site-packages/neutron_lib/callbacks/manager.py:52}}
Aug 24 07:03:40.472070 np0000190775 devstack@neutron-api.service[101490]: INFO neutron.api.extensions [None req-690655c5-a3f1-46fc-88ab-6a0f857e6f96 None None] Loaded extension: tag-creation
Aug 24 07:03:40.472220 np0000190775 devstack@neutron-api.service[101491]: DEBUG neutron_lib.callbacks.manager [None req-3818d304-2368-4718-9eda-4a2c0824fe3b None None] Subscribe: > router precommit_update 55550000, False {{(pid=101491) subscribe /opt/stack/data/venv/lib/python3.12/site-packages/neutron_lib/callbacks/manager.py:52}}
Aug 24 07:03:40.472352 np0000190775 devstack@neutron-api.service[101490]: DEBUG neutron.api.extensions [None req-690655c5-a3f1-46fc-88ab-6a0f857e6f96 None None] Loading extension file: tag_ports_during_bulk_creation.py {{(pid=101490) _load_all_extensions_from_path /opt/stack/neutron/neutron/api/extensions.py:449}}
Aug 24 07:03:40.472593 np0000190775 devstack@neutron-api.service[101491]: DEBUG neutron_lib.callbacks.manager [None req-3818d304-2368-4718-9eda-4a2c0824fe3b None None] Subscribe: subnet after_update 55550000, False {{(pid=101491) subscribe /opt/stack/data/venv/lib/python3.12/site-packages/neutron_lib/callbacks/manager.py:52}}
Aug 24 07:03:40.472726 np0000190775 devstack@neutron-api.service[101490]: DEBUG neutron.api.extensions [None req-690655c5-a3f1-46fc-88ab-6a0f857e6f96 None None] Ext name="Tag Ports During Bulk Creation" alias="tag-ports-during-bulk-creation" description="Allow to tag ports during bulk creation" updated="2019-12-29T19:00:00-00:00" {{(pid=101490) _check_extension /opt/stack/neutron/neutron/api/extensions.py:415}}
Aug 24 07:03:40.472846 np0000190775 devstack@neutron-api.service[101491]: DEBUG neutron.quota.resource_registry [None req-3818d304-2368-4718-9eda-4a2c0824fe3b None None] Tracking information for resource: router configured {{(pid=101491) set_tracked_resource /opt/stack/neutron/neutron/quota/resource_registry.py:203}}
Aug 24 07:03:40.472846 np0000190775 devstack@neutron-api.service[101491]: DEBUG neutron.quota.resource_registry [None req-3818d304-2368-4718-9eda-4a2c0824fe3b None None] Tracking information for resource: floatingip configured {{(pid=101491) set_tracked_resource /opt/stack/neutron/neutron/quota/resource_registry.py:203}}
Aug 24 07:03:40.473007 np0000190775 devstack@neutron-api.service[101490]: INFO neutron.api.extensions [None req-690655c5-a3f1-46fc-88ab-6a0f857e6f96 None None] Extension tag-ports-during-bulk-creation not supported by any of loaded plugins
Aug 24 07:03:40.473113 np0000190775 devstack@neutron-api.service[101491]: INFO neutron.services.ovn_l3.plugin [None req-3818d304-2368-4718-9eda-4a2c0824fe3b None None] Starting OVNL3RouterPlugin
Aug 24 07:03:40.473505 np0000190775 devstack@neutron-api.service[101490]: DEBUG neutron.api.extensions [None req-690655c5-a3f1-46fc-88ab-6a0f857e6f96 None None] Loading extension file: tagging.py {{(pid=101490) _load_all_extensions_from_path /opt/stack/neutron/neutron/api/extensions.py:449}}
Aug 24 07:03:40.473791 np0000190775 devstack@neutron-api.service[101491]: DEBUG neutron_lib.callbacks.manager [None req-3818d304-2368-4718-9eda-4a2c0824fe3b None None] Subscribe: > port_forwarding_plugin after_init 55550000, False {{(pid=101491) subscribe /opt/stack/data/venv/lib/python3.12/site-packages/neutron_lib/callbacks/manager.py:52}}
Aug 24 07:03:40.473791 np0000190775 devstack@neutron-api.service[101491]: DEBUG neutron_lib.callbacks.manager [None req-3818d304-2368-4718-9eda-4a2c0824fe3b None None] Subscribe: > router before_create 55550100, False {{(pid=101491) subscribe /opt/stack/data/venv/lib/python3.12/site-packages/neutron_lib/callbacks/manager.py:52}}
Aug 24 07:03:40.473791 np0000190775 devstack@neutron-api.service[101491]: DEBUG neutron_lib.callbacks.manager [None req-3818d304-2368-4718-9eda-4a2c0824fe3b None None] Subscribe: > router precommit_delete 55550100, False {{(pid=101491) subscribe /opt/stack/data/venv/lib/python3.12/site-packages/neutron_lib/callbacks/manager.py:52}}
Aug 24 07:03:40.473791 np0000190775 devstack@neutron-api.service[101491]: DEBUG neutron_lib.callbacks.manager [None req-3818d304-2368-4718-9eda-4a2c0824fe3b None None] Subscribe: > router precommit_create 55550100, False {{(pid=101491) subscribe /opt/stack/data/venv/lib/python3.12/site-packages/neutron_lib/callbacks/manager.py:52}}
Aug 24 07:03:40.473989 np0000190775 devstack@neutron-api.service[101491]: DEBUG neutron_lib.callbacks.manager [None req-3818d304-2368-4718-9eda-4a2c0824fe3b None None] Subscribe: > router precommit_update 55550100, False {{(pid=101491) subscribe /opt/stack/data/venv/lib/python3.12/site-packages/neutron_lib/callbacks/manager.py:52}}
Aug 24 07:03:40.474252 np0000190775 devstack@neutron-api.service[101490]: DEBUG neutron.api.extensions [None req-690655c5-a3f1-46fc-88ab-6a0f857e6f96 None None] Ext name="Tag support for resources with standard attribute: port, subnet, subnetpool, network, security_group, router, floatingip, policy, trunk, network_segment_range" alias="standard-attr-tag" description="Enables to set tag on resources with standard attribute." updated="2017-01-01T00:00:00-00:00" {{(pid=101490) _check_extension /opt/stack/neutron/neutron/api/extensions.py:415}}
Aug 24 07:03:40.474252 np0000190775 devstack@neutron-api.service[101490]: INFO neutron.api.extensions [None req-690655c5-a3f1-46fc-88ab-6a0f857e6f96 None None] Loaded extension: standard-attr-tag
Aug 24 07:03:40.474252 np0000190775 devstack@neutron-api.service[101490]: DEBUG neutron.api.extensions [None req-690655c5-a3f1-46fc-88ab-6a0f857e6f96 None None] Loading extension file: timestamp.py {{(pid=101490) _load_all_extensions_from_path /opt/stack/neutron/neutron/api/extensions.py:449}}
Aug 24 07:03:40.474457 np0000190775 devstack@neutron-api.service[101493]: DEBUG neutron_lib.callbacks.manager [None req-32f1ebdc-2a81-41bd-94ec-7e64bd7a2404 None None] Subscribe: > router before_delete 55550000, False {{(pid=101493) subscribe /opt/stack/data/venv/lib/python3.12/site-packages/neutron_lib/callbacks/manager.py:52}}
Aug 24 07:03:40.474833 np0000190775 devstack@neutron-api.service[101490]: DEBUG neutron.api.extensions [None req-690655c5-a3f1-46fc-88ab-6a0f857e6f96 None None] Ext name="Resource timestamps" alias="standard-attr-timestamp" description="Adds created_at and updated_at fields to all Neutron resources that have Neutron standard attributes." updated="2016-09-12T10:00:00-00:00" {{(pid=101490) _check_extension /opt/stack/neutron/neutron/api/extensions.py:415}}
Aug 24 07:03:40.475156 np0000190775 devstack@neutron-api.service[101493]: DEBUG neutron_lib.callbacks.manager [None req-32f1ebdc-2a81-41bd-94ec-7e64bd7a2404 None None] Subscribe: port before_update 55550000, False {{(pid=101493) subscribe /opt/stack/data/venv/lib/python3.12/site-packages/neutron_lib/callbacks/manager.py:52}}
Aug 24 07:03:40.475438 np0000190775 devstack@neutron-api.service[101490]: INFO neutron.api.extensions [None req-690655c5-a3f1-46fc-88ab-6a0f857e6f96 None None] Loaded extension: standard-attr-timestamp
Aug 24 07:03:40.475570 np0000190775 devstack@neutron-api.service[101493]: DEBUG neutron_lib.callbacks.manager [None req-32f1ebdc-2a81-41bd-94ec-7e64bd7a2404 None None] Subscribe: port after_update 55550000, False {{(pid=101493) subscribe /opt/stack/data/venv/lib/python3.12/site-packages/neutron_lib/callbacks/manager.py:52}}
Aug 24 07:03:40.475879 np0000190775 devstack@neutron-api.service[101490]: DEBUG neutron.api.extensions [None req-690655c5-a3f1-46fc-88ab-6a0f857e6f96 None None] Loading extension file: trunk.py {{(pid=101490) _load_all_extensions_from_path /opt/stack/neutron/neutron/api/extensions.py:449}}
Aug 24 07:03:40.476207 np0000190775 devstack@neutron-api.service[101493]: DEBUG neutron_lib.callbacks.manager [None req-32f1ebdc-2a81-41bd-94ec-7e64bd7a2404 None None] Subscribe: > port precommit_delete 55550000, False {{(pid=101493) subscribe /opt/stack/data/venv/lib/python3.12/site-packages/neutron_lib/callbacks/manager.py:52}}
Aug 24 07:03:40.476207 np0000190775 devstack@neutron-api.service[101493]: DEBUG neutron_lib.callbacks.manager [None req-32f1ebdc-2a81-41bd-94ec-7e64bd7a2404 None None] Subscribe: port before_update 55550000, False {{(pid=101493) subscribe /opt/stack/data/venv/lib/python3.12/site-packages/neutron_lib/callbacks/manager.py:52}}
Aug 24 07:03:40.476597 np0000190775 devstack@neutron-api.service[101490]: DEBUG neutron.api.extensions [None req-690655c5-a3f1-46fc-88ab-6a0f857e6f96 None None] Ext name="Trunk Extension" alias="trunk" description="Provides support for trunk ports" updated="2016-01-01T10:00:00-00:00" {{(pid=101490) _check_extension /opt/stack/neutron/neutron/api/extensions.py:415}}
Aug 24 07:03:40.476986 np0000190775 devstack@neutron-api.service[101493]: DEBUG neutron_lib.callbacks.manager [None req-32f1ebdc-2a81-41bd-94ec-7e64bd7a2404 None None] Subscribe: port before_delete 55550000, False {{(pid=101493) subscribe /opt/stack/data/venv/lib/python3.12/site-packages/neutron_lib/callbacks/manager.py:52}}
Aug 24 07:03:40.477334 np0000190775 devstack@neutron-api.service[101490]: INFO neutron.api.extensions [None req-690655c5-a3f1-46fc-88ab-6a0f857e6f96 None None] Extension trunk not supported by any of loaded plugins
Aug 24 07:03:40.477669 np0000190775 devstack@neutron-api.service[101493]: DEBUG neutron_lib.callbacks.manager [None req-32f1ebdc-2a81-41bd-94ec-7e64bd7a2404 None None] Subscribe: > router precommit_create 55550000, False {{(pid=101493) subscribe /opt/stack/data/venv/lib/python3.12/site-packages/neutron_lib/callbacks/manager.py:52}}
Aug 24 07:03:40.477984 np0000190775 devstack@neutron-api.service[101490]: DEBUG neutron.api.extensions [None req-690655c5-a3f1-46fc-88ab-6a0f857e6f96 None None] Loading extension file: trunk_details.py {{(pid=101490) _load_all_extensions_from_path /opt/stack/neutron/neutron/api/extensions.py:449}}
Aug 24 07:03:40.478296 np0000190775 devstack@neutron-api.service[101493]: DEBUG neutron_lib.callbacks.manager [None req-32f1ebdc-2a81-41bd-94ec-7e64bd7a2404 None None] Subscribe: > router precommit_create 55550000, False {{(pid=101493) subscribe /opt/stack/data/venv/lib/python3.12/site-packages/neutron_lib/callbacks/manager.py:52}}
Aug 24 07:03:40.478296 np0000190775 devstack@neutron-api.service[101493]: DEBUG neutron_lib.callbacks.manager [None req-32f1ebdc-2a81-41bd-94ec-7e64bd7a2404 None None] Subscribe: > router precommit_update 55550000, False {{(pid=101493) subscribe /opt/stack/data/venv/lib/python3.12/site-packages/neutron_lib/callbacks/manager.py:52}}
Aug 24 07:03:40.478296 np0000190775 devstack@neutron-api.service[101493]: DEBUG neutron_lib.callbacks.manager [None req-32f1ebdc-2a81-41bd-94ec-7e64bd7a2404 None None] Subscribe: subnet after_update 55550000, False {{(pid=101493) subscribe /opt/stack/data/venv/lib/python3.12/site-packages/neutron_lib/callbacks/manager.py:52}}
Aug 24 07:03:40.478685 np0000190775 devstack@neutron-api.service[101490]: DEBUG neutron.api.extensions [None req-690655c5-a3f1-46fc-88ab-6a0f857e6f96 None None] Ext name="Trunk port details" alias="trunk-details" description="Expose trunk port details" updated="2016-01-01T10:00:00-00:00" {{(pid=101490) _check_extension /opt/stack/neutron/neutron/api/extensions.py:415}}
Aug 24 07:03:40.479004 np0000190775 devstack@neutron-api.service[101493]: DEBUG neutron.quota.resource_registry [None req-32f1ebdc-2a81-41bd-94ec-7e64bd7a2404 None None] Tracking information for resource: router configured {{(pid=101493) set_tracked_resource /opt/stack/neutron/neutron/quota/resource_registry.py:203}}
Aug 24 07:03:40.479333 np0000190775 devstack@neutron-api.service[101490]: INFO neutron.api.extensions [None req-690655c5-a3f1-46fc-88ab-6a0f857e6f96 None None] Extension trunk-details not supported by any of loaded plugins
Aug 24 07:03:40.479677 np0000190775 devstack@neutron-api.service[101493]: DEBUG neutron.quota.resource_registry [None req-32f1ebdc-2a81-41bd-94ec-7e64bd7a2404 None None] Tracking information for resource: floatingip configured {{(pid=101493) set_tracked_resource /opt/stack/neutron/neutron/quota/resource_registry.py:203}}
Aug 24 07:03:40.480004 np0000190775 devstack@neutron-api.service[101490]: DEBUG neutron.api.extensions [None req-690655c5-a3f1-46fc-88ab-6a0f857e6f96 None None] Loading extension file: uplink_status_propagation.py {{(pid=101490) _load_all_extensions_from_path /opt/stack/neutron/neutron/api/extensions.py:449}}
Aug 24 07:03:40.480309 np0000190775 devstack@neutron-api.service[101493]: INFO neutron.services.ovn_l3.plugin [None req-32f1ebdc-2a81-41bd-94ec-7e64bd7a2404 None None] Starting OVNL3RouterPlugin
Aug 24 07:03:40.480653 np0000190775 devstack@neutron-api.service[101490]: DEBUG neutron.api.extensions [None req-690655c5-a3f1-46fc-88ab-6a0f857e6f96 None None] Ext name="Uplink status propagation extension" alias="uplink-status-propagation" description="Provides ability to propagate port uplink status." updated="2018-05-31T18:00:00-00:00" {{(pid=101490) _check_extension /opt/stack/neutron/neutron/api/extensions.py:415}}
Aug 24 07:03:40.480978 np0000190775 devstack@neutron-api.service[101493]: DEBUG neutron_lib.callbacks.manager [None req-32f1ebdc-2a81-41bd-94ec-7e64bd7a2404 None None] Subscribe: > port_forwarding_plugin after_init 55550000, False {{(pid=101493) subscribe /opt/stack/data/venv/lib/python3.12/site-packages/neutron_lib/callbacks/manager.py:52}}
Aug 24 07:03:40.481319 np0000190775 devstack@neutron-api.service[101490]: INFO neutron.api.extensions [None req-690655c5-a3f1-46fc-88ab-6a0f857e6f96 None None] Extension uplink-status-propagation not supported by any of loaded plugins
Aug 24 07:03:40.481319 np0000190775 devstack@neutron-api.service[101490]: DEBUG neutron.api.extensions [None req-690655c5-a3f1-46fc-88ab-6a0f857e6f96 None None] Loading extension file: uplink_status_propagation_updatable.py {{(pid=101490) _load_all_extensions_from_path /opt/stack/neutron/neutron/api/extensions.py:449}}
Aug 24 07:03:40.481671 np0000190775 devstack@neutron-api.service[101493]: DEBUG neutron_lib.callbacks.manager [None req-32f1ebdc-2a81-41bd-94ec-7e64bd7a2404 None None] Subscribe: > router before_create 55550100, False {{(pid=101493) subscribe /opt/stack/data/venv/lib/python3.12/site-packages/neutron_lib/callbacks/manager.py:52}}
Aug 24 07:03:40.481671 np0000190775 devstack@neutron-api.service[101493]: DEBUG neutron_lib.callbacks.manager [None req-32f1ebdc-2a81-41bd-94ec-7e64bd7a2404 None None] Subscribe: > router precommit_delete 55550100, False {{(pid=101493) subscribe /opt/stack/data/venv/lib/python3.12/site-packages/neutron_lib/callbacks/manager.py:52}}
Aug 24 07:03:40.481994 np0000190775 devstack@neutron-api.service[101490]: DEBUG neutron.api.extensions [None req-690655c5-a3f1-46fc-88ab-6a0f857e6f96 None None] Ext name="Uplink status propagation updatable extension" alias="uplink-status-propagation-updatable" description="Provides ability to update the port uplink status." updated="2024-09-03T18:00:00-00:00" {{(pid=101490) _check_extension /opt/stack/neutron/neutron/api/extensions.py:415}}
Aug 24 07:03:40.482319 np0000190775 devstack@neutron-api.service[101493]: DEBUG neutron_lib.callbacks.manager [None req-32f1ebdc-2a81-41bd-94ec-7e64bd7a2404 None None] Subscribe: > router precommit_create 55550100, False {{(pid=101493) subscribe /opt/stack/data/venv/lib/python3.12/site-packages/neutron_lib/callbacks/manager.py:52}}
Aug 24 07:03:40.482319 np0000190775 devstack@neutron-api.service[101493]: DEBUG neutron_lib.callbacks.manager [None req-32f1ebdc-2a81-41bd-94ec-7e64bd7a2404 None None] Subscribe: > router precommit_update 55550100, False {{(pid=101493) subscribe /opt/stack/data/venv/lib/python3.12/site-packages/neutron_lib/callbacks/manager.py:52}}
Aug 24 07:03:40.482679 np0000190775 devstack@neutron-api.service[101490]: INFO neutron.api.extensions [None req-690655c5-a3f1-46fc-88ab-6a0f857e6f96 None None] Extension uplink-status-propagation-updatable not supported by any of loaded plugins
Aug 24 07:03:40.482679 np0000190775 devstack@neutron-api.service[101490]: DEBUG neutron.api.extensions [None req-690655c5-a3f1-46fc-88ab-6a0f857e6f96 None None] Loading extension file: vlantransparent.py {{(pid=101490) _load_all_extensions_from_path /opt/stack/neutron/neutron/api/extensions.py:449}}
Aug 24 07:03:40.482679 np0000190775 devstack@neutron-api.service[101490]: DEBUG neutron.api.extensions [None req-690655c5-a3f1-46fc-88ab-6a0f857e6f96 None None] Ext name="Vlantransparent" alias="vlan-transparent" description="Provides Vlan Transparent Networks" updated="2015-03-23T09:00:00-00:00" {{(pid=101490) _check_extension /opt/stack/neutron/neutron/api/extensions.py:415}}
Aug 24 07:03:40.482679 np0000190775 devstack@neutron-api.service[101490]: INFO neutron.api.extensions [None req-690655c5-a3f1-46fc-88ab-6a0f857e6f96 None None] Loaded extension: vlan-transparent
Aug 24 07:03:40.483101 np0000190775 devstack@neutron-api.service[101491]: DEBUG neutron.services.provider_configuration [None req-3818d304-2368-4718-9eda-4a2c0824fe3b None None] Service providers = [] {{(pid=101491) parse_service_provider_opt /opt/stack/neutron/neutron/services/provider_configuration.py:170}}
Aug 24 07:03:40.483101 np0000190775 devstack@neutron-api.service[101491]: DEBUG neutron.db.servicetype_db [None req-3818d304-2368-4718-9eda-4a2c0824fe3b None None] Adding provider configuration for service L3_ROUTER_NAT {{(pid=101491) add_provider_configuration /opt/stack/neutron/neutron/db/servicetype_db.py:45}}
Aug 24 07:03:40.483101 np0000190775 devstack@neutron-api.service[101491]: DEBUG neutron_lib.callbacks.manager [None req-3818d304-2368-4718-9eda-4a2c0824fe3b None None] Subscribe: > router precommit_create 55549900, False {{(pid=101491) subscribe /opt/stack/data/venv/lib/python3.12/site-packages/neutron_lib/callbacks/manager.py:52}}
Aug 24 07:03:40.483101 np0000190775 devstack@neutron-api.service[101491]: DEBUG neutron_lib.callbacks.manager [None req-3818d304-2368-4718-9eda-4a2c0824fe3b None None] Subscribe: > router_interface after_create 55550000, False {{(pid=101491) subscribe /opt/stack/data/venv/lib/python3.12/site-packages/neutron_lib/callbacks/manager.py:52}}
Aug 24 07:03:40.483101 np0000190775 devstack@neutron-api.service[101491]: DEBUG neutron_lib.callbacks.manager [None req-3818d304-2368-4718-9eda-4a2c0824fe3b None None] Subscribe: > floatingip after_create 55550000, False {{(pid=101491) subscribe /opt/stack/data/venv/lib/python3.12/site-packages/neutron_lib/callbacks/manager.py:52}}
Aug 24 07:03:40.483537 np0000190775 devstack@neutron-api.service[101490]: INFO neutron.quota.resource_registry [None req-690655c5-a3f1-46fc-88ab-6a0f857e6f96 None None] Creating instance of TrackedResource for resource:network
Aug 24 07:03:40.483876 np0000190775 devstack@neutron-api.service[101491]: DEBUG neutron_lib.callbacks.manager [None req-3818d304-2368-4718-9eda-4a2c0824fe3b None None] Subscribe: > floatingip precommit_create 55550000, False {{(pid=101491) subscribe /opt/stack/data/venv/lib/python3.12/site-packages/neutron_lib/callbacks/manager.py:52}}
Aug 24 07:03:40.483876 np0000190775 devstack@neutron-api.service[101491]: DEBUG neutron_lib.callbacks.manager [None req-3818d304-2368-4718-9eda-4a2c0824fe3b None None] Subscribe: > floatingip precommit_update 55550000, False {{(pid=101491) subscribe /opt/stack/data/venv/lib/python3.12/site-packages/neutron_lib/callbacks/manager.py:52}}
Aug 24 07:03:40.484231 np0000190775 devstack@neutron-api.service[101490]: INFO neutron.quota.resource_registry [None req-690655c5-a3f1-46fc-88ab-6a0f857e6f96 None None] Creating instance of TrackedResource for resource:subnet
Aug 24 07:03:40.484572 np0000190775 devstack@neutron-api.service[101491]: DEBUG neutron_lib.callbacks.manager [None req-3818d304-2368-4718-9eda-4a2c0824fe3b None None] Subscribe: > floatingip after_delete 55550000, False {{(pid=101491) subscribe /opt/stack/data/venv/lib/python3.12/site-packages/neutron_lib/callbacks/manager.py:52}}
Aug 24 07:03:40.484572 np0000190775 devstack@neutron-api.service[101491]: DEBUG neutron_lib.callbacks.manager [None req-3818d304-2368-4718-9eda-4a2c0824fe3b None None] Subscribe: > floatingip after_status_update 55550000, False {{(pid=101491) subscribe /opt/stack/data/venv/lib/python3.12/site-packages/neutron_lib/callbacks/manager.py:52}}
Aug 24 07:03:40.484918 np0000190775 devstack@neutron-api.service[101490]: INFO neutron.quota.resource_registry [None req-690655c5-a3f1-46fc-88ab-6a0f857e6f96 None None] Creating instance of TrackedResource for resource:subnetpool
Aug 24 07:03:40.485220 np0000190775 devstack@neutron-api.service[101491]: DEBUG neutron_lib.callbacks.manager [None req-3818d304-2368-4718-9eda-4a2c0824fe3b None None] Subscribe: > floatingip after_update 55550000, False {{(pid=101491) subscribe /opt/stack/data/venv/lib/python3.12/site-packages/neutron_lib/callbacks/manager.py:52}}
Aug 24 07:03:40.485563 np0000190775 devstack@neutron-api.service[101490]: INFO neutron.quota.resource_registry [None req-690655c5-a3f1-46fc-88ab-6a0f857e6f96 None None] Creating instance of TrackedResource for resource:port
Aug 24 07:03:40.485960 np0000190775 devstack@neutron-api.service[101491]: DEBUG neutron_lib.callbacks.manager [None req-3818d304-2368-4718-9eda-4a2c0824fe3b None None] Subscribe: > port_forwarding after_create 55550000, False {{(pid=101491) subscribe /opt/stack/data/venv/lib/python3.12/site-packages/neutron_lib/callbacks/manager.py:52}}
Aug 24 07:03:40.485960 np0000190775 devstack@neutron-api.service[101491]: DEBUG neutron_lib.callbacks.manager [None req-3818d304-2368-4718-9eda-4a2c0824fe3b None None] Subscribe: > router_interface after_delete 55550000, False {{(pid=101491) subscribe /opt/stack/data/venv/lib/python3.12/site-packages/neutron_lib/callbacks/manager.py:52}}
Aug 24 07:03:40.485960 np0000190775 devstack@neutron-api.service[101491]: DEBUG neutron_lib.callbacks.manager [None req-3818d304-2368-4718-9eda-4a2c0824fe3b None None] Subscribe: > router after_create 55550000, False {{(pid=101491) subscribe /opt/stack/data/venv/lib/python3.12/site-packages/neutron_lib/callbacks/manager.py:52}}
Aug 24 07:03:40.485960 np0000190775 devstack@neutron-api.service[101491]: DEBUG neutron_lib.callbacks.manager [None req-3818d304-2368-4718-9eda-4a2c0824fe3b None None] Subscribe: > router precommit_create 55550000, False {{(pid=101491) subscribe /opt/stack/data/venv/lib/python3.12/site-packages/neutron_lib/callbacks/manager.py:52}}
Aug 24 07:03:40.486368 np0000190775 devstack@neutron-api.service[101491]: DEBUG neutron_lib.callbacks.manager [None req-3818d304-2368-4718-9eda-4a2c0824fe3b None None] Subscribe: > router after_delete 55550000, False {{(pid=101491) subscribe /opt/stack/data/venv/lib/python3.12/site-packages/neutron_lib/callbacks/manager.py:52}}
Aug 24 07:03:40.486368 np0000190775 devstack@neutron-api.service[101491]: DEBUG neutron_lib.callbacks.manager [None req-3818d304-2368-4718-9eda-4a2c0824fe3b None None] Subscribe: > router after_update 55550000, False {{(pid=101491) subscribe /opt/stack/data/venv/lib/python3.12/site-packages/neutron_lib/callbacks/manager.py:52}}
Aug 24 07:03:40.486368 np0000190775 devstack@neutron-api.service[101491]: DEBUG neutron.services.service_base [None req-3818d304-2368-4718-9eda-4a2c0824fe3b None None] Loaded 'neutron.services.ovn_l3.service_providers.ovn.OvnDriver' provider for service L3_ROUTER_NAT {{(pid=101491) load_drivers /opt/stack/neutron/neutron/services/service_base.py:49}}
Aug 24 07:03:40.486368 np0000190775 devstack@neutron-api.service[101491]: DEBUG neutron_lib.callbacks.manager [None req-3818d304-2368-4718-9eda-4a2c0824fe3b None None] Subscribe: > process after_init 55550001, True {{(pid=101491) subscribe /opt/stack/data/venv/lib/python3.12/site-packages/neutron_lib/callbacks/manager.py:52}}
Aug 24 07:03:40.486820 np0000190775 devstack@neutron-api.service[101493]: DEBUG neutron.services.provider_configuration [None req-32f1ebdc-2a81-41bd-94ec-7e64bd7a2404 None None] Service providers = [] {{(pid=101493) parse_service_provider_opt /opt/stack/neutron/neutron/services/provider_configuration.py:170}}
Aug 24 07:03:40.487151 np0000190775 devstack@neutron-api.service[101491]: DEBUG neutron.manager [None req-3818d304-2368-4718-9eda-4a2c0824fe3b None None] Successfully loaded L3_ROUTER_NAT plugin. Description: L3 Router Service Plugin for basic L3 forwarding using OVN {{(pid=101491) _create_and_add_service_plugin /opt/stack/neutron/neutron/manager.py:236}}
Aug 24 07:03:40.487466 np0000190775 devstack@neutron-api.service[101493]: DEBUG neutron.db.servicetype_db [None req-32f1ebdc-2a81-41bd-94ec-7e64bd7a2404 None None] Adding provider configuration for service L3_ROUTER_NAT {{(pid=101493) add_provider_configuration /opt/stack/neutron/neutron/db/servicetype_db.py:45}}
Aug 24 07:03:40.487832 np0000190775 devstack@neutron-api.service[101491]: INFO neutron.manager [None req-3818d304-2368-4718-9eda-4a2c0824fe3b None None] Loading Plugin: auto_allocate
Aug 24 07:03:40.488134 np0000190775 devstack@neutron-api.service[101490]: INFO neutron.quota.resource_registry [None req-690655c5-a3f1-46fc-88ab-6a0f857e6f96 None None] Creating instance of CountableResource for resource:router_route
Aug 24 07:03:40.488134 np0000190775 devstack@neutron-api.service[101490]: DEBUG neutron.api.v2.resource_helper [None req-690655c5-a3f1-46fc-88ab-6a0f857e6f96 None None] Service L3_ROUTER_NAT assigned prefix: {{(pid=101490) build_resource_info /opt/stack/neutron/neutron/api/v2/resource_helper.py:77}}
Aug 24 07:03:40.488502 np0000190775 devstack@neutron-api.service[101491]: DEBUG neutron_lib.callbacks.manager [None req-3818d304-2368-4718-9eda-4a2c0824fe3b None None] Subscribe: network precommit_update 55550000, False {{(pid=101491) subscribe /opt/stack/data/venv/lib/python3.12/site-packages/neutron_lib/callbacks/manager.py:52}}
Aug 24 07:03:40.488833 np0000190775 devstack@neutron-api.service[101490]: DEBUG neutron.api.v2.resource_helper [None req-690655c5-a3f1-46fc-88ab-6a0f857e6f96 None None] Service FLAVORS assigned prefix: {{(pid=101490) build_resource_info /opt/stack/neutron/neutron/api/v2/resource_helper.py:77}}
Aug 24 07:03:40.488938 np0000190775 devstack@neutron-api.service[101493]: DEBUG neutron_lib.callbacks.manager [None req-32f1ebdc-2a81-41bd-94ec-7e64bd7a2404 None None] Subscribe: > router precommit_create 55549900, False {{(pid=101493) subscribe /opt/stack/data/venv/lib/python3.12/site-packages/neutron_lib/callbacks/manager.py:52}}
