2026-07-27 23:01:13.670 10 INFO neutron.services.segments.plugin [-] Segment 7d599b00-3be4-4096-b15a-192984b2af77 resource provider not found; error: Placement Client Error (4xx): {"errors": [{"status": 404, "title": "Not Found", "detail": "The resource could not be found.\n\n No resource provider with uuid 7d599b00-3be4-4096-b15a-192984b2af77 found for delete ", "request_id": "req-2662cb51-b047-4328-8f07-ff4e8268e3f8"}]}
2026-07-27 23:01:13.681 10 INFO neutron.services.segments.plugin [-] Segment 7d599b00-3be4-4096-b15a-192984b2af77 resource provider not found; error: Placement Client Error (4xx): {"errors": [{"status": 404, "title": "Not Found", "detail": "The resource could not be found.\n\n No resource provider with uuid 7d599b00-3be4-4096-b15a-192984b2af77 found for delete ", "request_id": "req-002a537d-f17f-4f72-ac6a-22e07704015a"}]}
2026-07-27 23:01:13.694 10 INFO neutron.db.ovn_revision_numbers_db [None req-2369d3a0-53ea-4ea0-b350-ef077b28d8f6 e0a801cc4bb54a009bc5cc10a96696a6 180c434b968849f9a02f233b57a6ec59 - - default default] Successfully bumped revision number for resource c43856ee-c486-4679-829b-b822c538d17f (type: floatingips) to 0
2026-07-27 23:01:13.703 10 INFO neutron.wsgi [None req-a93ebbbf-5d59-49df-b490-c4e0a62ee82b 7246f4ee913f46bd9d5b21608c7919ce b5b72e99a591462abaa8efe83077b91d - - default default] 10.0.0.79 "DELETE /v2.0/networks/20a3ccb4-dff4-41e4-bdb4-ab4555acb9e9 HTTP/1.1" status: 204 len: 168 time: 0.5970819
2026-07-27 23:01:13.748 9 INFO neutron.wsgi [req-5fec87ff-e3f3-4b2d-9f6e-47b0fec3a340 req-eaf02793-ab8e-4f64-9196-a720af921045 d209e96dc3824bc5b996c67d567f9d62 fe4d4b0dbfc74b929c22fb51c35109fc - - 75534254d2f848d6999a7b6b9f59d9ca 75534254d2f848d6999a7b6b9f59d9ca] 199.204.45.138 "GET /v2.0/networks?id=f7962ea9-dd00-433a-a94f-67380ec75948 HTTP/1.1" status: 200 len: 973 time: 0.1542649
2026-07-27 23:01:13.758 9 INFO neutron.db.ovn_revision_numbers_db [None req-17ac2519-2019-4240-8475-6916e1855bf1 e1c700f7cb174a21b30cd9709f861d8b 6822cca799fe4d5da4c5b8a4f42623b2 - - default default] Successfully bumped revision number for resource 281b78c9-8b30-44d3-9c48-95d8310f2d45 (type: subnets) to 0
2026-07-27 23:01:13.769 9 INFO neutron.db.ovn_revision_numbers_db [None req-0748c09a-3db5-40cc-8c37-da8d8509ab02 - - - - - -] Successfully bumped revision number for resource da5b6c01-779f-47a1-8cdf-a6f3609f09fc (type: router_ports) to 2
2026-07-27 23:01:13.798 10 INFO neutron.db.ovn_revision_numbers_db [None req-2369d3a0-53ea-4ea0-b350-ef077b28d8f6 e0a801cc4bb54a009bc5cc10a96696a6 180c434b968849f9a02f233b57a6ec59 - - default default] Successfully bumped revision number for resource c43856ee-c486-4679-829b-b822c538d17f (type: floatingips) to 1
2026-07-27 23:01:13.817 9 INFO neutron.wsgi [None req-17ac2519-2019-4240-8475-6916e1855bf1 e1c700f7cb174a21b30cd9709f861d8b 6822cca799fe4d5da4c5b8a4f42623b2 - - default default] 10.0.0.79 "POST /v2.0/subnets HTTP/1.1" status: 201 len: 821 time: 0.6168571
2026-07-27 23:01:13.841 10 INFO neutron.wsgi [None req-2369d3a0-53ea-4ea0-b350-ef077b28d8f6 e0a801cc4bb54a009bc5cc10a96696a6 180c434b968849f9a02f233b57a6ec59 - - default default] 10.0.0.79 "POST /v2.0/floatingips HTTP/1.1" status: 201 len: 1042 time: 1.2644548
2026-07-27 23:01:13.853 9 INFO neutron.wsgi [req-5fec87ff-e3f3-4b2d-9f6e-47b0fec3a340 req-fa9a6d22-babe-4f23-8b04-fe639f53113e d209e96dc3824bc5b996c67d567f9d62 fe4d4b0dbfc74b929c22fb51c35109fc - - 75534254d2f848d6999a7b6b9f59d9ca 75534254d2f848d6999a7b6b9f59d9ca] 199.204.45.138 "GET /v2.0/floatingips?fixed_ip_address=10.100.0.5&port_id=49e59076-e687-40b5-956a-5273cf77ca08 HTTP/1.1" status: 200 len: 1059 time: 0.0960906
2026-07-27 23:01:13.924 9 INFO neutron.wsgi [req-5fec87ff-e3f3-4b2d-9f6e-47b0fec3a340 req-d3d944e7-c04b-4dc2-8f25-89a75ace8214 d209e96dc3824bc5b996c67d567f9d62 fe4d4b0dbfc74b929c22fb51c35109fc - - 75534254d2f848d6999a7b6b9f59d9ca 75534254d2f848d6999a7b6b9f59d9ca] 199.204.45.138 "GET /v2.0/subnets?id=61d74085-1da8-4567-b3e5-9609eedacfa9 HTTP/1.1" status: 200 len: 868 time: 0.0600040
2026-07-27 23:01:13.960 9 INFO neutron.wsgi [req-5fec87ff-e3f3-4b2d-9f6e-47b0fec3a340 req-d6551398-eb14-453a-a5bd-79226eefb3de d209e96dc3824bc5b996c67d567f9d62 fe4d4b0dbfc74b929c22fb51c35109fc - - 75534254d2f848d6999a7b6b9f59d9ca 75534254d2f848d6999a7b6b9f59d9ca] 199.204.45.138 "GET /v2.0/ports?network_id=f7962ea9-dd00-433a-a94f-67380ec75948&device_owner=network%3Adhcp HTTP/1.1" status: 200 len: 210 time: 0.0260115
2026-07-27 23:01:14.001 10 INFO neutron.db.l3_db [None req-6f7211d3-4dc8-4b10-a892-665d23f37a50 e0a801cc4bb54a009bc5cc10a96696a6 180c434b968849f9a02f233b57a6ec59 - - default default] Floating IP c43856ee-c486-4679-829b-b822c538d17f disassociated. External IP: 10.96.250.214, port: f035d143-c29c-4d9a-a574-04e28d66d5b6.
2026-07-27 23:01:14.045 10 INFO neutron.db.ovn_revision_numbers_db [None req-6f7211d3-4dc8-4b10-a892-665d23f37a50 e0a801cc4bb54a009bc5cc10a96696a6 180c434b968849f9a02f233b57a6ec59 - - default default] Successfully bumped revision number for resource c43856ee-c486-4679-829b-b822c538d17f (type: floatingips) to 2
2026-07-27 23:01:14.069 9 INFO neutron.wsgi [req-5fec87ff-e3f3-4b2d-9f6e-47b0fec3a340 req-ac5efb19-75fb-4d08-bce6-7ebe4a7e83c0 d209e96dc3824bc5b996c67d567f9d62 fe4d4b0dbfc74b929c22fb51c35109fc - - 75534254d2f848d6999a7b6b9f59d9ca 75534254d2f848d6999a7b6b9f59d9ca] 199.204.45.138 "GET /v2.0/networks/f7962ea9-dd00-433a-a94f-67380ec75948?fields=segments HTTP/1.1" status: 200 len: 212 time: 0.0934370
2026-07-27 23:01:14.137 10 INFO neutron.wsgi [None req-6f7211d3-4dc8-4b10-a892-665d23f37a50 e0a801cc4bb54a009bc5cc10a96696a6 180c434b968849f9a02f233b57a6ec59 - - default default] 10.0.0.79 "PUT /v2.0/floatingips/c43856ee-c486-4679-829b-b822c538d17f HTTP/1.1" status: 200 len: 748 time: 0.2915764
2026-07-27 23:01:14.163 9 INFO neutron.wsgi [req-5fec87ff-e3f3-4b2d-9f6e-47b0fec3a340 req-cf01f445-4794-4c8f-a95b-9ff40fbbe19f d209e96dc3824bc5b996c67d567f9d62 fe4d4b0dbfc74b929c22fb51c35109fc - - 75534254d2f848d6999a7b6b9f59d9ca 75534254d2f848d6999a7b6b9f59d9ca] 199.204.45.138 "GET /v2.0/networks/f7962ea9-dd00-433a-a94f-67380ec75948?fields=provider%3Aphysical_network&fields=provider%3Anetwork_type HTTP/1.1" status: 200 len: 277 time: 0.0803759
2026-07-27 23:01:14.286 10 WARNING neutron.scheduler.dhcp_agent_scheduler [None req-203bccc4-c1c0-4628-8164-d3339e4a56cd e1c700f7cb174a21b30cd9709f861d8b 6822cca799fe4d5da4c5b8a4f42623b2 - - default default] No more DHCP agents
2026-07-27 23:01:14.289 10 WARNING neutron.api.rpc.agentnotifiers.dhcp_rpc_agent_api [None req-203bccc4-c1c0-4628-8164-d3339e4a56cd e1c700f7cb174a21b30cd9709f861d8b 6822cca799fe4d5da4c5b8a4f42623b2 - - default default] Unable to schedule network 55239275-b6d2-4089-9df7-edc878fe3555: no agents available; will retry on subsequent port and subnet creation events.
2026-07-27 23:01:14.380 9 WARNING neutron.scheduler.dhcp_agent_scheduler [None req-54ccb1ca-9530-4c66-96aa-903045048820 7246f4ee913f46bd9d5b21608c7919ce b5b72e99a591462abaa8efe83077b91d - - default default] No more DHCP agents
2026-07-27 23:01:14.382 9 WARNING neutron.api.rpc.agentnotifiers.dhcp_rpc_agent_api [None req-54ccb1ca-9530-4c66-96aa-903045048820 7246f4ee913f46bd9d5b21608c7919ce b5b72e99a591462abaa8efe83077b91d - - default default] Unable to schedule network 720c3711-5f15-41fc-8eb4-2bf24df5fc44: no agents available; will retry on subsequent port and subnet creation events.
2026-07-27 23:01:14.471 10 INFO neutron.db.ovn_revision_numbers_db [None req-203bccc4-c1c0-4628-8164-d3339e4a56cd e1c700f7cb174a21b30cd9709f861d8b 6822cca799fe4d5da4c5b8a4f42623b2 - - default default] Successfully bumped revision number for resource 4577b2f4-a715-459a-a16d-b5226fd23bab (type: ports) to 1
2026-07-27 23:01:14.509 10 INFO neutron.wsgi [None req-203bccc4-c1c0-4628-8164-d3339e4a56cd e1c700f7cb174a21b30cd9709f861d8b 6822cca799fe4d5da4c5b8a4f42623b2 - - default default] 10.0.0.79 "POST /v2.0/ports HTTP/1.1" status: 201 len: 1126 time: 0.6855559
2026-07-27 23:01:14.616 9 INFO neutron.db.ovn_revision_numbers_db [None req-54ccb1ca-9530-4c66-96aa-903045048820 7246f4ee913f46bd9d5b21608c7919ce b5b72e99a591462abaa8efe83077b91d - - default default] Successfully bumped revision number for resource ca02b89b-131b-4a05-8de2-1b7849b5a886 (type: ports) to 1
2026-07-27 23:01:14.670 10 INFO neutron.wsgi [None req-d83caae6-ddc3-4333-9d9d-7af08583bb3e e0a801cc4bb54a009bc5cc10a96696a6 180c434b968849f9a02f233b57a6ec59 - - default default] 10.0.0.79 "DELETE /v2.0/floatingips/c43856ee-c486-4679-829b-b822c538d17f HTTP/1.1" status: 204 len: 168 time: 0.5268497
2026-07-27 23:01:15.184 9 INFO neutron.wsgi [None req-5e07e19b-d526-4746-b7e5-358ba3453618 e1c700f7cb174a21b30cd9709f861d8b 6822cca799fe4d5da4c5b8a4f42623b2 - - default default] 10.0.0.79 "DELETE /v2.0/ports/4577b2f4-a715-459a-a16d-b5226fd23bab HTTP/1.1" status: 204 len: 168 time: 0.6679709
2026-07-27 23:01:15.216 10 INFO neutron.pecan_wsgi.hooks.translation [None req-ccfbb9a3-634e-4074-9478-79c46e4d565b e1c700f7cb174a21b30cd9709f861d8b 6822cca799fe4d5da4c5b8a4f42623b2 - - default default] GET failed (client error): The resource could not be found.
2026-07-27 23:01:15.218 10 INFO neutron.wsgi [None req-ccfbb9a3-634e-4074-9478-79c46e4d565b e1c700f7cb174a21b30cd9709f861d8b 6822cca799fe4d5da4c5b8a4f42623b2 - - default default] 10.0.0.79 "GET /v2.0/ports/4577b2f4-a715-459a-a16d-b5226fd23bab HTTP/1.1" status: 404 len: 333 time: 0.0222116
2026-07-27 23:01:15.250 10 WARNING neutron.scheduler.dhcp_agent_scheduler [None req-23566863-03d7-47e5-a0df-7b6a764ddbcd e0a801cc4bb54a009bc5cc10a96696a6 180c434b968849f9a02f233b57a6ec59 - - default default] No more DHCP agents
2026-07-27 23:01:15.254 10 WARNING neutron.api.rpc.agentnotifiers.dhcp_rpc_agent_api [None req-23566863-03d7-47e5-a0df-7b6a764ddbcd e0a801cc4bb54a009bc5cc10a96696a6 180c434b968849f9a02f233b57a6ec59 - - default default] Unable to schedule network 720c3711-5f15-41fc-8eb4-2bf24df5fc44: no agents available; will retry on subsequent port and subnet creation events.
2026-07-27 23:01:15.305 10 WARNING neutron.plugins.ml2.drivers.ovn.mech_driver.ovsdb.ovn_client [None req-ecdc94dd-4d56-43b7-b2f3-ca67427ed8e7 - - - - - -] No port found with ID d705940a-a26d-44b1-bd6b-ea85b07bb804: RuntimeError: No port found with ID d705940a-a26d-44b1-bd6b-ea85b07bb804
2026-07-27 23:01:15.526 9 INFO neutron.wsgi [None req-ffa01cbe-4831-461a-852b-fdd00ef1e036 e1c700f7cb174a21b30cd9709f861d8b 6822cca799fe4d5da4c5b8a4f42623b2 - - default default] 10.0.0.79 "DELETE /v2.0/subnets/281b78c9-8b30-44d3-9c48-95d8310f2d45 HTTP/1.1" status: 204 len: 168 time: 0.2984653
2026-07-27 23:01:15.757 10 INFO neutron.plugins.ml2.drivers.ovn.mech_driver.mech_driver [None req-ecdc94dd-4d56-43b7-b2f3-ca67427ed8e7 - - - - - -] OVN reports status up for port: ca02b89b-131b-4a05-8de2-1b7849b5a886
2026-07-27 23:01:15.777 10 INFO neutron.plugins.ml2.plugin [None req-ecdc94dd-4d56-43b7-b2f3-ca67427ed8e7 - - - - - -] Attempt 1 to provision port ca02b89b-131b-4a05-8de2-1b7849b5a886
2026-07-27 23:01:15.808 9 INFO neutron.db.ovn_revision_numbers_db [None req-54ccb1ca-9530-4c66-96aa-903045048820 7246f4ee913f46bd9d5b21608c7919ce b5b72e99a591462abaa8efe83077b91d - - default default] Successfully bumped revision number for resource ca02b89b-131b-4a05-8de2-1b7849b5a886 (type: router_ports) to 1
2026-07-27 23:01:15.839 10 INFO neutron.db.l3_db [None req-23566863-03d7-47e5-a0df-7b6a764ddbcd e0a801cc4bb54a009bc5cc10a96696a6 180c434b968849f9a02f233b57a6ec59 - - default default] Floating IP fcd6b19d-9018-47f0-9a1a-0c54c7894395 associated. External IP: 10.96.250.218, port: 476bad39-9d12-4b8b-91af-21bed5bfe124.
2026-07-27 23:01:15.901 9 INFO neutron.db.ovn_revision_numbers_db [None req-54ccb1ca-9530-4c66-96aa-903045048820 7246f4ee913f46bd9d5b21608c7919ce b5b72e99a591462abaa8efe83077b91d - - default default] Successfully bumped revision number for resource ab42f672-84cb-45b2-ad47-9bf24003946c (type: routers) to 2
2026-07-27 23:01:15.923 9 INFO neutron.wsgi [None req-54ccb1ca-9530-4c66-96aa-903045048820 7246f4ee913f46bd9d5b21608c7919ce b5b72e99a591462abaa8efe83077b91d - - default default] 10.0.0.79 "POST /v2.0/routers HTTP/1.1" status: 201 len: 871 time: 2.2094960 /var/lib/openstack/lib/python3.10/site-packages/pycadf/identifier.py:71: UserWarning: Invalid uuid: neutron. To ensure interoperability, identifiers should be a valid uuid. warnings.warn(('Invalid uuid: %s. To ensure interoperability, '
2026-07-27 23:01:16.016 9 INFO neutron.services.segments.plugin [-] Segment 17b6b88e-40ae-4477-9fc3-39699d3482a5 resource provider aggregate not found
2026-07-27 23:01:16.039 9 INFO neutron.services.segments.plugin [-] Segment 17b6b88e-40ae-4477-9fc3-39699d3482a5 resource provider aggregate not found
2026-07-27 23:01:16.044 10 INFO neutron.wsgi [None req-dcda81b5-5cac-440a-a519-a4995af51760 7246f4ee913f46bd9d5b21608c7919ce b5b72e99a591462abaa8efe83077b91d - - default default] 10.0.0.79 "GET /v2.0/routers/ab42f672-84cb-45b2-ad47-9bf24003946c HTTP/1.1" status: 200 len: 872 time: 0.1124778
2026-07-27 23:01:16.048 9 INFO neutron.services.segments.plugin [-] Segment 17b6b88e-40ae-4477-9fc3-39699d3482a5 resource provider not found; error: Placement Client Error (4xx): {"errors": [{"status": 404, "title": "Not Found", "detail": "The resource could not be found.\n\n No resource provider with uuid 17b6b88e-40ae-4477-9fc3-39699d3482a5 found for delete ", "request_id": "req-8a32dc1b-22ed-45b7-99cd-03a70391b65d"}]}
2026-07-27 23:01:16.061 9 INFO neutron.services.segments.plugin [-] Segment 17b6b88e-40ae-4477-9fc3-39699d3482a5 resource provider not found; error: Placement Client Error (4xx): {"errors": [{"status": 404, "title": "Not Found", "detail": "The resource could not be found.\n\n No resource provider with uuid 17b6b88e-40ae-4477-9fc3-39699d3482a5 found for delete ", "request_id": "req-64ba5423-1f67-4fdf-8999-cd0b11316ea0"}]}
2026-07-27 23:01:16.098 9 INFO neutron.wsgi [None req-ffe28c9c-3dc9-4819-91b0-b3b0595c5a3d e1c700f7cb174a21b30cd9709f861d8b 6822cca799fe4d5da4c5b8a4f42623b2 - - default default] 10.0.0.79 "DELETE /v2.0/networks/55239275-b6d2-4089-9df7-edc878fe3555 HTTP/1.1" status: 204 len: 168 time: 0.5613554
2026-07-27 23:01:16.172 10 INFO neutron.db.ovn_revision_numbers_db [None req-23566863-03d7-47e5-a0df-7b6a764ddbcd e0a801cc4bb54a009bc5cc10a96696a6 180c434b968849f9a02f233b57a6ec59 - - default default] Successfully bumped revision number for resource fcd6b19d-9018-47f0-9a1a-0c54c7894395 (type: floatingips) to 0
2026-07-27 23:01:16.217 10 INFO neutron.wsgi [None req-212cb075-b721-4f0c-92cf-1a820d8d920e 7246f4ee913f46bd9d5b21608c7919ce b5b72e99a591462abaa8efe83077b91d - - default default] 10.0.0.79 "GET /v2.0/routers HTTP/1.1" status: 200 len: 875 time: 0.1654778
2026-07-27 23:01:16.321 10 INFO neutron.db.ovn_revision_numbers_db [None req-23566863-03d7-47e5-a0df-7b6a764ddbcd e0a801cc4bb54a009bc5cc10a96696a6 180c434b968849f9a02f233b57a6ec59 - - default default] Successfully bumped revision number for resource fcd6b19d-9018-47f0-9a1a-0c54c7894395 (type: floatingips) to 1
2026-07-27 23:01:16.367 10 INFO neutron.wsgi [None req-23566863-03d7-47e5-a0df-7b6a764ddbcd e0a801cc4bb54a009bc5cc10a96696a6 180c434b968849f9a02f233b57a6ec59 - - default default] 10.0.0.79 "POST /v2.0/floatingips HTTP/1.1" status: 201 len: 1040 time: 1.6858857
2026-07-27 23:01:16.423 10 INFO neutron.wsgi [None req-e28c0729-3615-42a0-a0a0-fe6fd4b4b75f e0a801cc4bb54a009bc5cc10a96696a6 180c434b968849f9a02f233b57a6ec59 - - default default] 10.0.0.79 "GET /v2.0/floatingips/fcd6b19d-9018-47f0-9a1a-0c54c7894395 HTTP/1.1" status: 200 len: 1037 time: 0.0453389
2026-07-27 23:01:16.493 10 INFO neutron.wsgi [None req-e17e07d6-1fbe-42fe-9993-29e05d858ae5 e0a801cc4bb54a009bc5cc10a96696a6 180c434b968849f9a02f233b57a6ec59 - - default default] 10.0.0.79 "GET /v2.0/floatingips HTTP/1.1" status: 200 len: 1040 time: 0.0644867
2026-07-27 23:01:16.593 9 WARNING neutron.scheduler.dhcp_agent_scheduler [None req-4209ee35-c298-40b0-b79a-92f6f4404ea5 e1c700f7cb174a21b30cd9709f861d8b 6822cca799fe4d5da4c5b8a4f42623b2 - - default default] No more DHCP agents
2026-07-27 23:01:16.598 9 WARNING neutron.api.rpc.agentnotifiers.dhcp_rpc_agent_api [None req-4209ee35-c298-40b0-b79a-92f6f4404ea5 e1c700f7cb174a21b30cd9709f861d8b 6822cca799fe4d5da4c5b8a4f42623b2 - - default default] Unable to schedule network 7dc20008-41b4-4d77-92e0-58d364990792: no agents available; will retry on subsequent port and subnet creation events.
2026-07-27 23:01:16.732 9 INFO neutron.db.ovn_revision_numbers_db [None req-4209ee35-c298-40b0-b79a-92f6f4404ea5 e1c700f7cb174a21b30cd9709f861d8b 6822cca799fe4d5da4c5b8a4f42623b2 - - default default] Successfully bumped revision number for resource 18c0a658-44ce-44c0-88a9-c9be5e0e13cf (type: ports) to 1
2026-07-27 23:01:16.765 9 INFO neutron.wsgi [None req-4209ee35-c298-40b0-b79a-92f6f4404ea5 e1c700f7cb174a21b30cd9709f861d8b 6822cca799fe4d5da4c5b8a4f42623b2 - - default default] 10.0.0.79 "POST /v2.0/ports HTTP/1.1" status: 201 len: 977 time: 0.6571944
2026-07-27 23:01:16.772 10 INFO neutron.db.l3_db [None req-d8019fd4-6055-4f8e-bb19-fca5a4dc86a7 e0a801cc4bb54a009bc5cc10a96696a6 180c434b968849f9a02f233b57a6ec59 - - default default] Floating IP fcd6b19d-9018-47f0-9a1a-0c54c7894395 associated. External IP: 10.96.250.218, port: 476bad39-9d12-4b8b-91af-21bed5bfe124. /var/lib/openstack/lib/python3.10/site-packages/pycadf/identifier.py:71: UserWarning: Invalid uuid: neutron. To ensure interoperability, identifiers should be a valid uuid. warnings.warn(('Invalid uuid: %s. To ensure interoperability, '
2026-07-27 23:01:16.951 9 INFO neutron.db.ovn_revision_numbers_db [None req-9dd0926f-07a9-4717-9616-1b597a5450c0 7246f4ee913f46bd9d5b21608c7919ce b5b72e99a591462abaa8efe83077b91d - - default default] Successfully bumped revision number for resource ab42f672-84cb-45b2-ad47-9bf24003946c (type: routers) to 3
2026-07-27 23:01:16.955 9 INFO neutron.wsgi [None req-9dd0926f-07a9-4717-9616-1b597a5450c0 7246f4ee913f46bd9d5b21608c7919ce b5b72e99a591462abaa8efe83077b91d - - default default] 10.0.0.79 "PUT /v2.0/routers/ab42f672-84cb-45b2-ad47-9bf24003946c HTTP/1.1" status: 200 len: 879 time: 0.7320321
2026-07-27 23:01:16.981 10 INFO neutron.db.ovn_revision_numbers_db [None req-d8019fd4-6055-4f8e-bb19-fca5a4dc86a7 e0a801cc4bb54a009bc5cc10a96696a6 180c434b968849f9a02f233b57a6ec59 - - default default] Successfully bumped revision number for resource fcd6b19d-9018-47f0-9a1a-0c54c7894395 (type: floatingips) to 2
2026-07-27 23:01:17.102 10 INFO neutron.db.ovn_revision_numbers_db [None req-d8019fd4-6055-4f8e-bb19-fca5a4dc86a7 e0a801cc4bb54a009bc5cc10a96696a6 180c434b968849f9a02f233b57a6ec59 - - default default] Successfully bumped revision number for resource fcd6b19d-9018-47f0-9a1a-0c54c7894395 (type: floatingips) to 2
2026-07-27 23:01:17.148 10 INFO neutron.wsgi [None req-d8019fd4-6055-4f8e-bb19-fca5a4dc86a7 e0a801cc4bb54a009bc5cc10a96696a6 180c434b968849f9a02f233b57a6ec59 - - default default] 10.0.0.79 "PUT /v2.0/floatingips/fcd6b19d-9018-47f0-9a1a-0c54c7894395 HTTP/1.1" status: 200 len: 1039 time: 0.6492054
2026-07-27 23:01:17.296 10 INFO neutron.db.l3_db [None req-6c1e1684-f36b-4e90-966c-ab135947ee61 e0a801cc4bb54a009bc5cc10a96696a6 180c434b968849f9a02f233b57a6ec59 - - default default] Floating IP fcd6b19d-9018-47f0-9a1a-0c54c7894395 disassociated. External IP: 10.96.250.218, port: f035d143-c29c-4d9a-a574-04e28d66d5b6.
2026-07-27 23:01:17.346 9 INFO neutron.wsgi [None req-03c66f22-859d-4e99-b339-4139d0ff1ab7 7246f4ee913f46bd9d5b21608c7919ce b5b72e99a591462abaa8efe83077b91d - - default default] 10.0.0.79 "GET /v2.0/routers/ab42f672-84cb-45b2-ad47-9bf24003946c HTTP/1.1" status: 200 len: 879 time: 0.3856473
2026-07-27 23:01:17.348 10 INFO neutron.db.ovn_revision_numbers_db [None req-6c1e1684-f36b-4e90-966c-ab135947ee61 e0a801cc4bb54a009bc5cc10a96696a6 180c434b968849f9a02f233b57a6ec59 - - default default] Successfully bumped revision number for resource fcd6b19d-9018-47f0-9a1a-0c54c7894395 (type: floatingips) to 3
2026-07-27 23:01:17.407 10 INFO neutron.wsgi [None req-abf707a7-b4ea-4232-b993-c90f6deb331a 7246f4ee913f46bd9d5b21608c7919ce b5b72e99a591462abaa8efe83077b91d - - default default] 10.0.0.79 "GET /v2.0/ports?device_id=ab42f672-84cb-45b2-ad47-9bf24003946c HTTP/1.1" status: 200 len: 205 time: 0.0541899
2026-07-27 23:01:17.440 9 INFO neutron.db.ovn_revision_numbers_db [None req-8916dd65-b9ce-4586-9c0b-293406e18391 e1c700f7cb174a21b30cd9709f861d8b 6822cca799fe4d5da4c5b8a4f42623b2 - - default default] Successfully bumped revision number for resource 18c0a658-44ce-44c0-88a9-c9be5e0e13cf (type: ports) to 2
2026-07-27 23:01:17.453 9 INFO neutron.wsgi [None req-8916dd65-b9ce-4586-9c0b-293406e18391 e1c700f7cb174a21b30cd9709f861d8b 6822cca799fe4d5da4c5b8a4f42623b2 - - default default] 10.0.0.79 "PUT /v2.0/ports/18c0a658-44ce-44c0-88a9-c9be5e0e13cf HTTP/1.1" status: 200 len: 946 time: 0.6820550 /var/lib/openstack/lib/python3.10/site-packages/pycadf/identifier.py:71: UserWarning: Invalid uuid: neutron. To ensure interoperability, identifiers should be a valid uuid. warnings.warn(('Invalid uuid: %s. To ensure interoperability, '
2026-07-27 23:01:17.496 10 INFO neutron.wsgi [None req-6c1e1684-f36b-4e90-966c-ab135947ee61 e0a801cc4bb54a009bc5cc10a96696a6 180c434b968849f9a02f233b57a6ec59 - - default default] 10.0.0.79 "PUT /v2.0/floatingips/fcd6b19d-9018-47f0-9a1a-0c54c7894395 HTTP/1.1" status: 200 len: 748 time: 0.3408077
2026-07-27 23:01:17.790 9 INFO neutron.wsgi [None req-a8531ac7-12ea-4791-89cc-41a6822548a7 e1c700f7cb174a21b30cd9709f861d8b 6822cca799fe4d5da4c5b8a4f42623b2 - - default default] 10.0.0.79 "DELETE /v2.0/ports/18c0a658-44ce-44c0-88a9-c9be5e0e13cf HTTP/1.1" status: 204 len: 168 time: 0.3270566
2026-07-27 23:01:17.906 9 INFO neutron.wsgi [None req-d7e74cad-f586-471f-8cb7-aaa8abfad1a3 e1c700f7cb174a21b30cd9709f861d8b 6822cca799fe4d5da4c5b8a4f42623b2 - - default default] 10.0.0.79 "GET /v2.0/ports HTTP/1.1" status: 200 len: 1733 time: 0.1101000
2026-07-27 23:01:17.932 9 INFO neutron.pecan_wsgi.hooks.translation [None req-9cf225c0-cec5-4da5-b77f-c2b2f7e82ffe e1c700f7cb174a21b30cd9709f861d8b 6822cca799fe4d5da4c5b8a4f42623b2 - - default default] GET failed (client error): The resource could not be found.
2026-07-27 23:01:17.934 9 INFO neutron.wsgi [None req-9cf225c0-cec5-4da5-b77f-c2b2f7e82ffe e1c700f7cb174a21b30cd9709f861d8b 6822cca799fe4d5da4c5b8a4f42623b2 - - default default] 10.0.0.79 "GET /v2.0/ports/18c0a658-44ce-44c0-88a9-c9be5e0e13cf HTTP/1.1" status: 404 len: 333 time: 0.0223281
2026-07-27 23:01:17.985 9 INFO neutron.wsgi [None req-74866cad-b3e6-42ce-adcb-27d1a5b10597 e1c700f7cb174a21b30cd9709f861d8b 6822cca799fe4d5da4c5b8a4f42623b2 - - default default] 10.0.0.79 "GET /v2.0/ports HTTP/1.1" status: 200 len: 1733 time: 0.0446956
2026-07-27 23:01:18.013 9 INFO neutron.wsgi [None req-1f64498b-f962-4767-a5af-3a76f6ecb6f8 e0a801cc4bb54a009bc5cc10a96696a6 180c434b968849f9a02f233b57a6ec59 - - default default] 10.0.0.79 "DELETE /v2.0/floatingips/fcd6b19d-9018-47f0-9a1a-0c54c7894395 HTTP/1.1" status: 204 len: 168 time: 0.5063114
2026-07-27 23:01:18.045 9 INFO neutron.wsgi [None req-9c4a18c8-a3e9-49ed-bd41-b09ff7a38331 e1c700f7cb174a21b30cd9709f861d8b 6822cca799fe4d5da4c5b8a4f42623b2 - - default default] 10.0.0.79 "GET /v2.0/ports/1ff46379-d908-40b3-83fd-eec95d4fa631 HTTP/1.1" status: 200 len: 973 time: 0.0471499
2026-07-27 23:01:18.071 9 INFO neutron.pecan_wsgi.hooks.translation [None req-e389d413-b79b-4855-b3db-7b88c149990b e1c700f7cb174a21b30cd9709f861d8b 6822cca799fe4d5da4c5b8a4f42623b2 - - default default] DELETE failed (client error): The resource could not be found.
2026-07-27 23:01:18.075 9 INFO neutron.wsgi [None req-e389d413-b79b-4855-b3db-7b88c149990b e1c700f7cb174a21b30cd9709f861d8b 6822cca799fe4d5da4c5b8a4f42623b2 - - default default] 10.0.0.79 "DELETE /v2.0/ports/4577b2f4-a715-459a-a16d-b5226fd23bab HTTP/1.1" status: 404 len: 333 time: 0.0223083
2026-07-27 23:01:18.077 10 INFO neutron.api.v2.resource [None req-7ead919d-2075-476d-8b39-c155795131e0 e0a801cc4bb54a009bc5cc10a96696a6 180c434b968849f9a02f233b57a6ec59 - - default default] delete failed (client error): The resource could not be found.
2026-07-27 23:01:18.079 10 INFO neutron.wsgi [None req-7ead919d-2075-476d-8b39-c155795131e0 e0a801cc4bb54a009bc5cc10a96696a6 180c434b968849f9a02f233b57a6ec59 - - default default] 10.0.0.79 "DELETE /v2.0/floatingips/fcd6b19d-9018-47f0-9a1a-0c54c7894395 HTTP/1.1" status: 404 len: 345 time: 0.0537305
2026-07-27 23:01:18.103 9 INFO neutron.pecan_wsgi.hooks.translation [None req-8f866269-f284-46b7-9120-93bc7333a8dc e1c700f7cb174a21b30cd9709f861d8b 6822cca799fe4d5da4c5b8a4f42623b2 - - default default] DELETE failed (client error): The resource could not be found.
2026-07-27 23:01:18.106 9 INFO neutron.wsgi [None req-8f866269-f284-46b7-9120-93bc7333a8dc e1c700f7cb174a21b30cd9709f861d8b 6822cca799fe4d5da4c5b8a4f42623b2 - - default default] 10.0.0.79 "DELETE /v2.0/subnets/281b78c9-8b30-44d3-9c48-95d8310f2d45 HTTP/1.1" status: 404 len: 337 time: 0.0258844
2026-07-27 23:01:18.131 9 INFO neutron.pecan_wsgi.hooks.translation [None req-3fad981b-8bfe-4672-bf45-b1de6c3d8f98 e1c700f7cb174a21b30cd9709f861d8b 6822cca799fe4d5da4c5b8a4f42623b2 - - default default] DELETE failed (client error): The resource could not be found.
2026-07-27 23:01:18.134 9 INFO neutron.wsgi [None req-3fad981b-8bfe-4672-bf45-b1de6c3d8f98 e1c700f7cb174a21b30cd9709f861d8b 6822cca799fe4d5da4c5b8a4f42623b2 - - default default] 10.0.0.79 "DELETE /v2.0/subnets/8d482cc0-ce29-4b26-bfbb-8ae9f714d9fc HTTP/1.1" status: 404 len: 337 time: 0.0209253
2026-07-27 23:01:18.386 9 INFO neutron.wsgi [None req-6a014e25-5f61-4bf4-b281-08a59f3c5976 e1c700f7cb174a21b30cd9709f861d8b 6822cca799fe4d5da4c5b8a4f42623b2 - - default default] 10.0.0.79 "DELETE /v2.0/ports/1ff46379-d908-40b3-83fd-eec95d4fa631 HTTP/1.1" status: 204 len: 168 time: 0.2462809
2026-07-27 23:01:18.447 10 INFO neutron.wsgi [None req-9a534268-05b3-4ec0-8c21-a280038f5c4c 7246f4ee913f46bd9d5b21608c7919ce b5b72e99a591462abaa8efe83077b91d - - default default] 10.0.0.79 "DELETE /v2.0/routers/ab42f672-84cb-45b2-ad47-9bf24003946c HTTP/1.1" status: 204 len: 168 time: 1.0313349
2026-07-27 23:01:18.492 9 INFO neutron.wsgi [None req-7fa0786a-944b-4899-b329-f94263ad0a22 7246f4ee913f46bd9d5b21608c7919ce b5b72e99a591462abaa8efe83077b91d - - default default] 10.0.0.79 "GET /v2.0/ports?device_id=ab42f672-84cb-45b2-ad47-9bf24003946c HTTP/1.1" status: 200 len: 205 time: 0.0327694
2026-07-27 23:01:18.529 9 INFO neutron.api.v2.resource [None req-4e0618d6-4327-40f8-ad90-9e7f31d75775 7246f4ee913f46bd9d5b21608c7919ce b5b72e99a591462abaa8efe83077b91d - - default default] delete failed (client error): The resource could not be found.
2026-07-27 23:01:18.531 9 INFO neutron.wsgi [None req-4e0618d6-4327-40f8-ad90-9e7f31d75775 7246f4ee913f46bd9d5b21608c7919ce b5b72e99a591462abaa8efe83077b91d - - default default] 10.0.0.79 "DELETE /v2.0/routers/ab42f672-84cb-45b2-ad47-9bf24003946c HTTP/1.1" status: 404 len: 336 time: 0.0319777
2026-07-27 23:01:18.567 10 INFO neutron.wsgi [None req-b9b96095-7e2e-439e-97c7-1a777aad9a1b 7246f4ee913f46bd9d5b21608c7919ce b5b72e99a591462abaa8efe83077b91d - - default default] 10.0.0.79 "GET /v2.0/ports?device_id=10894565-8da2-491e-8107-7d749a3e3837 HTTP/1.1" status: 200 len: 205 time: 0.0299380
2026-07-27 23:01:18.607 9 INFO neutron.api.v2.resource [None req-998b39f3-b61b-45d5-ab0d-6efc5f4fd1a6 7246f4ee913f46bd9d5b21608c7919ce b5b72e99a591462abaa8efe83077b91d - - default default] delete failed (client error): The resource could not be found.
2026-07-27 23:01:18.609 9 INFO neutron.wsgi [None req-998b39f3-b61b-45d5-ab0d-6efc5f4fd1a6 7246f4ee913f46bd9d5b21608c7919ce b5b72e99a591462abaa8efe83077b91d - - default default] 10.0.0.79 "DELETE /v2.0/routers/10894565-8da2-491e-8107-7d749a3e3837 HTTP/1.1" status: 404 len: 336 time: 0.0350943
2026-07-27 23:01:18.634 9 INFO neutron.pecan_wsgi.hooks.translation [None req-ad9f48c3-17f9-4ba0-af75-ef3b2fa6c1af 7246f4ee913f46bd9d5b21608c7919ce b5b72e99a591462abaa8efe83077b91d - - default default] DELETE failed (client error): The resource could not be found.
2026-07-27 23:01:18.637 9 INFO neutron.wsgi [None req-ad9f48c3-17f9-4ba0-af75-ef3b2fa6c1af 7246f4ee913f46bd9d5b21608c7919ce b5b72e99a591462abaa8efe83077b91d - - default default] 10.0.0.79 "DELETE /v2.0/subnets/563efdfe-5819-484e-9c9a-d97f5ca5b54d HTTP/1.1" status: 404 len: 337 time: 0.0221243
2026-07-27 23:01:18.669 10 INFO neutron.wsgi [None req-7ec22387-1c73-40c5-b743-2ba3b6b76764 7246f4ee913f46bd9d5b21608c7919ce b5b72e99a591462abaa8efe83077b91d - - default default] 10.0.0.79 "GET /v2.0/ports?device_id=54eefc0f-5271-4483-a30b-b5ffa3386bcf HTTP/1.1" status: 200 len: 205 time: 0.0263524
2026-07-27 23:01:18.703 10 INFO neutron.api.v2.resource [None req-98c8728d-0c39-4f53-a37a-6dcafff8de32 7246f4ee913f46bd9d5b21608c7919ce b5b72e99a591462abaa8efe83077b91d - - default default] delete failed (client error): The resource could not be found.
2026-07-27 23:01:18.704 10 INFO neutron.wsgi [None req-98c8728d-0c39-4f53-a37a-6dcafff8de32 7246f4ee913f46bd9d5b21608c7919ce b5b72e99a591462abaa8efe83077b91d - - default default] 10.0.0.79 "DELETE /v2.0/routers/54eefc0f-5271-4483-a30b-b5ffa3386bcf HTTP/1.1" status: 404 len: 336 time: 0.0264359
2026-07-27 23:01:18.732 9 INFO neutron.pecan_wsgi.hooks.translation [None req-3a7c3215-55c6-4a43-a06f-9d394c2b7b67 7246f4ee913f46bd9d5b21608c7919ce b5b72e99a591462abaa8efe83077b91d - - default default] DELETE failed (client error): The resource could not be found.
2026-07-27 23:01:18.735 9 INFO neutron.wsgi [None req-3a7c3215-55c6-4a43-a06f-9d394c2b7b67 7246f4ee913f46bd9d5b21608c7919ce b5b72e99a591462abaa8efe83077b91d - - default default] 10.0.0.79 "DELETE /v2.0/subnets/37d1ac86-b82e-4e71-962d-ea2103ba3c0b HTTP/1.1" status: 404 len: 337 time: 0.0242047
2026-07-27 23:01:18.767 9 INFO neutron.wsgi [None req-f9f16df5-efff-403c-9948-51acfa660c39 7246f4ee913f46bd9d5b21608c7919ce b5b72e99a591462abaa8efe83077b91d - - default default] 10.0.0.79 "GET /v2.0/ports?device_id=d2d3cf87-ae00-4c1c-8dd8-841b06b96b35 HTTP/1.1" status: 200 len: 205 time: 0.0240219
2026-07-27 23:01:18.814 10 INFO neutron.api.v2.resource [None req-58ffcb98-548f-422f-99f5-14113db3db59 7246f4ee913f46bd9d5b21608c7919ce b5b72e99a591462abaa8efe83077b91d - - default default] delete failed (client error): The resource could not be found.
2026-07-27 23:01:18.815 10 INFO neutron.wsgi [None req-58ffcb98-548f-422f-99f5-14113db3db59 7246f4ee913f46bd9d5b21608c7919ce b5b72e99a591462abaa8efe83077b91d - - default default] 10.0.0.79 "DELETE /v2.0/routers/d2d3cf87-ae00-4c1c-8dd8-841b06b96b35 HTTP/1.1" status: 404 len: 336 time: 0.0431266
2026-07-27 23:01:18.849 10 INFO neutron.pecan_wsgi.hooks.translation [None req-fa7ebe1c-1abf-4fcf-bf05-5a270a66bc4f 7246f4ee913f46bd9d5b21608c7919ce b5b72e99a591462abaa8efe83077b91d - - default default] DELETE failed (client error): The resource could not be found.
2026-07-27 23:01:18.851 10 INFO neutron.wsgi [None req-fa7ebe1c-1abf-4fcf-bf05-5a270a66bc4f 7246f4ee913f46bd9d5b21608c7919ce b5b72e99a591462abaa8efe83077b91d - - default default] 10.0.0.79 "DELETE /v2.0/subnets/10b0f17f-b289-417f-a56c-372bb13d5dae HTTP/1.1" status: 404 len: 337 time: 0.0228364
2026-07-27 23:01:18.876 10 INFO neutron.pecan_wsgi.hooks.translation [None req-dc1dea98-7cd3-4533-8aa0-e1c8b1a7d640 7246f4ee913f46bd9d5b21608c7919ce b5b72e99a591462abaa8efe83077b91d - - default default] DELETE failed (client error): The resource could not be found.
2026-07-27 23:01:18.879 10 INFO neutron.wsgi [None req-dc1dea98-7cd3-4533-8aa0-e1c8b1a7d640 7246f4ee913f46bd9d5b21608c7919ce b5b72e99a591462abaa8efe83077b91d - - default default] 10.0.0.79 "DELETE /v2.0/subnets/13d8ffa5-1162-4a9e-8d41-a3338970b783 HTTP/1.1" status: 404 len: 337 time: 0.0219522
2026-07-27 23:01:18.889 10 INFO neutron.wsgi [None req-3f3cae5d-da04-4681-9b8d-4221213f784a e0a801cc4bb54a009bc5cc10a96696a6 180c434b968849f9a02f233b57a6ec59 - - default default] 10.0.0.79 "DELETE /v2.0/ports/f035d143-c29c-4d9a-a574-04e28d66d5b6 HTTP/1.1" status: 204 len: 168 time: 0.8018756
2026-07-27 23:01:18.930 9 INFO neutron.services.segments.plugin [-] Segment b4e59112-5601-4149-99f1-7c180b64a35c resource provider aggregate not found
2026-07-27 23:01:18.936 9 INFO neutron.services.segments.plugin [-] Segment b4e59112-5601-4149-99f1-7c180b64a35c resource provider aggregate not found
2026-07-27 23:01:18.956 9 INFO neutron.services.segments.plugin [-] Segment b4e59112-5601-4149-99f1-7c180b64a35c resource provider not found; error: Placement Client Error (4xx): {"errors": [{"status": 404, "title": "Not Found", "detail": "The resource could not be found.\n\n No resource provider with uuid b4e59112-5601-4149-99f1-7c180b64a35c found for delete ", "request_id": "req-bce3e90e-eeab-4157-a752-eb311d98e208"}]}
2026-07-27 23:01:18.963 9 INFO neutron.services.segments.plugin [-] Segment b4e59112-5601-4149-99f1-7c180b64a35c resource provider not found; error: Placement Client Error (4xx): {"errors": [{"status": 404, "title": "Not Found", "detail": "The resource could not be found.\n\n No resource provider with uuid b4e59112-5601-4149-99f1-7c180b64a35c found for delete ", "request_id": "req-22c0354f-18a3-409d-82b1-1d41ef826612"}]}
2026-07-27 23:01:18.981 9 INFO neutron.wsgi [None req-94dbc094-ef3c-4143-873d-874ec5af9ddb e1c700f7cb174a21b30cd9709f861d8b 6822cca799fe4d5da4c5b8a4f42623b2 - - default default] 10.0.0.79 "DELETE /v2.0/networks/7dc20008-41b4-4d77-92e0-58d364990792 HTTP/1.1" status: 204 len: 168 time: 0.5893185
2026-07-27 23:01:19.263 10 INFO neutron.wsgi [None req-fa7b980b-44e6-4253-8164-f11e08ad6573 e0a801cc4bb54a009bc5cc10a96696a6 180c434b968849f9a02f233b57a6ec59 - - default default] 10.0.0.79 "DELETE /v2.0/ports/476bad39-9d12-4b8b-91af-21bed5bfe124 HTTP/1.1" status: 204 len: 168 time: 0.3682644
2026-07-27 23:01:19.381 9 WARNING neutron.plugins.ml2.drivers.ovn.mech_driver.ovsdb.ovn_client [None req-0748c09a-3db5-40cc-8c37-da8d8509ab02 - - - - - -] No hosting information found for port da5b6c01-779f-47a1-8cdf-a6f3609f09fc: RuntimeError: No hosting information found for port da5b6c01-779f-47a1-8cdf-a6f3609f09fc
2026-07-27 23:01:19.393 10 INFO neutron.wsgi [None req-82eab4dd-93b6-4fb6-ba08-00cda3feb2ff e0a801cc4bb54a009bc5cc10a96696a6 180c434b968849f9a02f233b57a6ec59 - - default default] 10.0.0.79 "GET /v2.0/ports?device_id=0e8e625c-791a-4af3-af68-4774acce9723 HTTP/1.1" status: 200 len: 1140 time: 0.1238673 /var/lib/openstack/lib/python3.10/site-packages/pycadf/identifier.py:71: UserWarning: Invalid uuid: neutron. To ensure interoperability, identifiers should be a valid uuid. warnings.warn(('Invalid uuid: %s. To ensure interoperability, '
2026-07-27 23:01:19.704 9 INFO neutron.wsgi [None req-12f8925a-3fca-47ef-b4dc-ff2bda9d662c 1bdb6d1c56fb4df4acac7dd5d0b59f48 0fbfa7a401d04bceaab07ee6f3c200ef - - default default] 10.0.0.79 "GET /v2.0/security-groups?tenant_id=b5b72e99a591462abaa8efe83077b91d&name=default HTTP/1.1" status: 200 len: 2996 time: 0.1826308
2026-07-27 23:01:19.709 9 INFO neutron.wsgi [None req-ec9105f3-fe34-40fa-bd7a-f05838871b55 1bdb6d1c56fb4df4acac7dd5d0b59f48 0fbfa7a401d04bceaab07ee6f3c200ef - - default default] 10.0.0.79 "GET /v2.0/security-groups?tenant_id=6822cca799fe4d5da4c5b8a4f42623b2&name=default HTTP/1.1" status: 200 len: 2996 time: 0.1692696
2026-07-27 23:01:19.926 9 INFO neutron.wsgi [None req-a53af9e8-df91-47e7-a98f-bd5c4459bb6a 1bdb6d1c56fb4df4acac7dd5d0b59f48 0fbfa7a401d04bceaab07ee6f3c200ef - - default default] 10.0.0.79 "DELETE /v2.0/security-groups/f2f38a93-2dbf-451c-b1f7-5e6139612a1c HTTP/1.1" status: 204 len: 168 time: 0.2154877
2026-07-27 23:01:20.016 10 INFO neutron.wsgi [None req-5806aa9d-d897-4282-af84-eae10edc8325 1bdb6d1c56fb4df4acac7dd5d0b59f48 0fbfa7a401d04bceaab07ee6f3c200ef - - default default] 10.0.0.79 "DELETE /v2.0/security-groups/e91a4941-3c40-4574-97cb-0a5a6bf3c5d1 HTTP/1.1" status: 204 len: 168 time: 0.3029320
2026-07-27 23:01:20.105 10 WARNING neutron.plugins.ml2.drivers.ovn.mech_driver.ovsdb.ovn_client [None req-ecdc94dd-4d56-43b7-b2f3-ca67427ed8e7 - - - - - -] No port found with ID ca02b89b-131b-4a05-8de2-1b7849b5a886: RuntimeError: No port found with ID ca02b89b-131b-4a05-8de2-1b7849b5a886
2026-07-27 23:01:20.240 10 INFO neutron.plugins.ml2.drivers.ovn.mech_driver.mech_driver [None req-ecdc94dd-4d56-43b7-b2f3-ca67427ed8e7 - - - - - -] OVN reports status down for port: 18c0a658-44ce-44c0-88a9-c9be5e0e13cf
2026-07-27 23:01:20.529 10 INFO neutron.wsgi [None req-0179ac7f-4099-4bc5-8526-28ee3be5cdd8 e0a801cc4bb54a009bc5cc10a96696a6 180c434b968849f9a02f233b57a6ec59 - - default default] 10.0.0.79 "PUT /v2.0/routers/0e8e625c-791a-4af3-af68-4774acce9723/remove_router_interface HTTP/1.1" status: 200 len: 503 time: 1.1260002
2026-07-27 23:01:21.236 9 INFO neutron.wsgi [None req-5dc808cd-b4d3-42e1-9161-2c5654c9e440 e0a801cc4bb54a009bc5cc10a96696a6 180c434b968849f9a02f233b57a6ec59 - - default default] 10.0.0.79 "DELETE /v2.0/routers/0e8e625c-791a-4af3-af68-4774acce9723 HTTP/1.1" status: 204 len: 168 time: 0.7001121
2026-07-27 23:01:21.492 9 INFO neutron.wsgi [None req-ac199357-a00d-4085-84a0-6f1d30641580 e0a801cc4bb54a009bc5cc10a96696a6 180c434b968849f9a02f233b57a6ec59 - - default default] 10.0.0.79 "DELETE /v2.0/subnets/922db4ce-410f-43ef-a770-aeb37f3b6920 HTTP/1.1" status: 204 len: 168 time: 0.2511721
2026-07-27 23:01:21.802 10 INFO neutron.wsgi [-] 10.0.0.79 "GET / HTTP/1.1" status: 200 len: 279 time: 0.0039203
2026-07-27 23:01:21.931 9 INFO neutron.services.segments.plugin [-] Segment 3857593d-a17c-4aeb-aebc-c3937d04b4d7 resource provider aggregate not found
2026-07-27 23:01:21.936 9 INFO neutron.services.segments.plugin [-] Segment 3857593d-a17c-4aeb-aebc-c3937d04b4d7 resource provider aggregate not found
2026-07-27 23:01:21.951 9 INFO neutron.wsgi [None req-fc24bb55-73c7-4613-9527-43f64ed72c44 a3e8a5f89bfe49429f031b9f8056a0fd 1e6a65dc6d324698a99585905c21dff4 - - default default] 10.0.0.79 "GET /v2.0/ HTTP/1.1" status: 200 len: 826 time: 0.1437397
2026-07-27 23:01:21.956 9 INFO neutron.services.segments.plugin [-] Segment 3857593d-a17c-4aeb-aebc-c3937d04b4d7 resource provider not found; error: Placement Client Error (4xx): {"errors": [{"status": 404, "title": "Not Found", "detail": "The resource could not be found.\n\n No resource provider with uuid 3857593d-a17c-4aeb-aebc-c3937d04b4d7 found for delete ", "request_id": "req-414a1fd8-82d3-4bca-96fa-c209f4feb8b7"}]}
2026-07-27 23:01:21.958 9 INFO neutron.services.segments.plugin [-] Segment 3857593d-a17c-4aeb-aebc-c3937d04b4d7 resource provider not found; error: Placement Client Error (4xx): {"errors": [{"status": 404, "title": "Not Found", "detail": "The resource could not be found.\n\n No resource provider with uuid 3857593d-a17c-4aeb-aebc-c3937d04b4d7 found for delete ", "request_id": "req-d155be8d-ec93-4de5-b889-256d4c559fa2"}]}
2026-07-27 23:01:21.984 9 INFO neutron.wsgi [None req-1d8d0cd3-baa0-45e4-b4d5-58afd4a6a252 e0a801cc4bb54a009bc5cc10a96696a6 180c434b968849f9a02f233b57a6ec59 - - default default] 10.0.0.79 "DELETE /v2.0/networks/6cc6aa03-7d19-428d-86db-be80b21070b8 HTTP/1.1" status: 204 len: 168 time: 0.4843838
2026-07-27 23:01:22.351 9 INFO neutron.db.ovn_revision_numbers_db [None req-d39bbcbc-9e4a-409e-807c-223ec1b20109 172767175d69466ab6228341c8b8b381 48e2133eb3cf4300bb43b477e2c029ce - - default default] Successfully bumped revision number for resource 8442f388-8d67-412d-8cf3-82f0db037614 (type: security_groups) to 1
2026-07-27 23:01:22.364 9 INFO neutron.db.ovn_revision_numbers_db [None req-d39bbcbc-9e4a-409e-807c-223ec1b20109 172767175d69466ab6228341c8b8b381 48e2133eb3cf4300bb43b477e2c029ce - - default default] Successfully bumped revision number for resource 0fd0454f-073b-4df3-a841-526d185b98f7 (type: security_group_rules) to 0
2026-07-27 23:01:22.382 9 INFO neutron.db.ovn_revision_numbers_db [None req-d39bbcbc-9e4a-409e-807c-223ec1b20109 172767175d69466ab6228341c8b8b381 48e2133eb3cf4300bb43b477e2c029ce - - default default] Successfully bumped revision number for resource 7dee207d-9ff2-4eef-9a39-ead711726e8b (type: security_group_rules) to 0
2026-07-27 23:01:22.399 9 INFO neutron.db.ovn_revision_numbers_db [None req-d39bbcbc-9e4a-409e-807c-223ec1b20109 172767175d69466ab6228341c8b8b381 48e2133eb3cf4300bb43b477e2c029ce - - default default] Successfully bumped revision number for resource ac5e2c08-3710-49ba-9fad-c3485d67238c (type: security_group_rules) to 0
2026-07-27 23:01:22.430 9 INFO neutron.db.ovn_revision_numbers_db [None req-d39bbcbc-9e4a-409e-807c-223ec1b20109 172767175d69466ab6228341c8b8b381 48e2133eb3cf4300bb43b477e2c029ce - - default default] Successfully bumped revision number for resource cacb68b3-22f8-43af-b60c-5f1af4b1caa3 (type: security_group_rules) to 0
2026-07-27 23:01:22.489 9 INFO neutron.db.segments_db [None req-d39bbcbc-9e4a-409e-807c-223ec1b20109 172767175d69466ab6228341c8b8b381 48e2133eb3cf4300bb43b477e2c029ce - - default default] Added segment 3f5886cd-a524-4f01-8368-d7d2e1615d5a of type geneve for network 68da6b8d-16f3-42b7-8fad-82b54eba0c9a /var/lib/openstack/lib/python3.10/site-packages/pycadf/identifier.py:71: UserWarning: Invalid uuid: neutron. To ensure interoperability, identifiers should be a valid uuid. warnings.warn(('Invalid uuid: %s. To ensure interoperability, '
2026-07-27 23:01:22.704 9 INFO neutron.db.ovn_revision_numbers_db [None req-d39bbcbc-9e4a-409e-807c-223ec1b20109 172767175d69466ab6228341c8b8b381 48e2133eb3cf4300bb43b477e2c029ce - - default default] Successfully bumped revision number for resource 68da6b8d-16f3-42b7-8fad-82b54eba0c9a (type: networks) to 1
2026-07-27 23:01:22.729 9 INFO neutron.wsgi [None req-bafe050f-0b7b-4077-b55c-b41cdb4ef332 1bdb6d1c56fb4df4acac7dd5d0b59f48 0fbfa7a401d04bceaab07ee6f3c200ef - - default default] 10.0.0.79 "GET /v2.0/security-groups?tenant_id=180c434b968849f9a02f233b57a6ec59&name=default HTTP/1.1" status: 200 len: 2996 time: 0.1582701
2026-07-27 23:01:22.797 10 INFO neutron.db.ovn_revision_numbers_db [None req-c6eda44f-ab38-4f9b-ac17-545ad443a4a8 1bdb6d1c56fb4df4acac7dd5d0b59f48 0fbfa7a401d04bceaab07ee6f3c200ef - - default default] Successfully bumped revision number for resource b8b10b9c-de6b-4caf-8372-058c5c52e32b (type: security_groups) to 1
2026-07-27 23:01:22.815 10 INFO neutron.db.ovn_revision_numbers_db [None req-c6eda44f-ab38-4f9b-ac17-545ad443a4a8 1bdb6d1c56fb4df4acac7dd5d0b59f48 0fbfa7a401d04bceaab07ee6f3c200ef - - default default] Successfully bumped revision number for resource 3d9f8f04-2edc-4193-b759-3ffffb8f3700 (type: security_group_rules) to 0
2026-07-27 23:01:22.831 10 INFO neutron.db.ovn_revision_numbers_db [None req-c6eda44f-ab38-4f9b-ac17-545ad443a4a8 1bdb6d1c56fb4df4acac7dd5d0b59f48 0fbfa7a401d04bceaab07ee6f3c200ef - - default default] Successfully bumped revision number for resource 74e23fd6-73e7-4571-a2d7-ab87d8710e39 (type: security_group_rules) to 0
2026-07-27 23:01:22.834 9 INFO neutron.wsgi [req-88f07807-1eb0-4736-b10d-565b597284ac req-c19d9423-c95a-427f-bcb9-2509d252fed3 d209e96dc3824bc5b996c67d567f9d62 fe4d4b0dbfc74b929c22fb51c35109fc - - 75534254d2f848d6999a7b6b9f59d9ca 75534254d2f848d6999a7b6b9f59d9ca] 10.0.0.134 "GET /v2.0/ports?device_id=9114ac0a-c3e5-4197-9d8d-1d6d8676a5e9 HTTP/1.1" status: 200 len: 1409 time: 0.2320106
2026-07-27 23:01:22.848 10 INFO neutron.db.ovn_revision_numbers_db [None req-c6eda44f-ab38-4f9b-ac17-545ad443a4a8 1bdb6d1c56fb4df4acac7dd5d0b59f48 0fbfa7a401d04bceaab07ee6f3c200ef - - default default] Successfully bumped revision number for resource 7a352cdb-71a3-4933-a520-6c378a8ccf7f (type: security_group_rules) to 0
2026-07-27 23:01:22.863 10 INFO neutron.db.ovn_revision_numbers_db [None req-c6eda44f-ab38-4f9b-ac17-545ad443a4a8 1bdb6d1c56fb4df4acac7dd5d0b59f48 0fbfa7a401d04bceaab07ee6f3c200ef - - default default] Successfully bumped revision number for resource 86471d58-97eb-48b8-a24d-caec626fb116 (type: security_group_rules) to 0
2026-07-27 23:01:22.893 10 INFO neutron.wsgi [None req-c6eda44f-ab38-4f9b-ac17-545ad443a4a8 1bdb6d1c56fb4df4acac7dd5d0b59f48 0fbfa7a401d04bceaab07ee6f3c200ef - - default default] 10.0.0.79 "GET /v2.0/security-groups?tenant_id=1e6a65dc6d324698a99585905c21dff4&name=default HTTP/1.1" status: 200 len: 2996 time: 0.3559370
2026-07-27 23:01:22.912 9 INFO neutron.wsgi [req-88f07807-1eb0-4736-b10d-565b597284ac req-4f6c6af3-677d-4ecd-b27e-e6adf4acfc61 d209e96dc3824bc5b996c67d567f9d62 fe4d4b0dbfc74b929c22fb51c35109fc - - 75534254d2f848d6999a7b6b9f59d9ca 75534254d2f848d6999a7b6b9f59d9ca] 10.0.0.134 "GET /v2.0/security-groups?id=be6106c8-ef0e-4882-9fe4-b8d65cc1ab84&fields=id&fields=name HTTP/1.1" status: 200 len: 312 time: 0.0705552
2026-07-27 23:01:22.940 9 WARNING neutron.scheduler.dhcp_agent_scheduler [None req-d39bbcbc-9e4a-409e-807c-223ec1b20109 172767175d69466ab6228341c8b8b381 48e2133eb3cf4300bb43b477e2c029ce - - default default] No more DHCP agents
2026-07-27 23:01:22.943 9 WARNING neutron.api.rpc.agentnotifiers.dhcp_rpc_agent_api [None req-d39bbcbc-9e4a-409e-807c-223ec1b20109 172767175d69466ab6228341c8b8b381 48e2133eb3cf4300bb43b477e2c029ce - - default default] Unable to schedule network 68da6b8d-16f3-42b7-8fad-82b54eba0c9a: no agents available; will retry on subsequent port and subnet creation events.
2026-07-27 23:01:23.041 9 INFO neutron.db.ovn_revision_numbers_db [None req-d39bbcbc-9e4a-409e-807c-223ec1b20109 172767175d69466ab6228341c8b8b381 48e2133eb3cf4300bb43b477e2c029ce - - default default] Successfully bumped revision number for resource b1eb9d2d-e432-443a-86ef-390000a126a4 (type: ports) to 1
2026-07-27 23:01:23.067 9 INFO neutron.wsgi [None req-d39bbcbc-9e4a-409e-807c-223ec1b20109 172767175d69466ab6228341c8b8b381 48e2133eb3cf4300bb43b477e2c029ce - - default default] 10.0.0.79 "POST /v2.0/networks HTTP/1.1" status: 201 len: 843 time: 1.0004282
2026-07-27 23:01:23.202 9 INFO neutron.wsgi [None req-30ff00f6-007e-4c59-b7a9-53560bb1b769 1bdb6d1c56fb4df4acac7dd5d0b59f48 0fbfa7a401d04bceaab07ee6f3c200ef - - default default] 10.0.0.79 "DELETE /v2.0/security-groups/6126203b-8cb4-4e34-b4d6-00dda0fb9a63 HTTP/1.1" status: 204 len: 168 time: 0.4657774
2026-07-27 23:01:23.227 10 INFO neutron.wsgi [None req-25a5fedd-c6de-4929-88a0-28aa36ea2ef5 1bdb6d1c56fb4df4acac7dd5d0b59f48 0fbfa7a401d04bceaab07ee6f3c200ef - - default default] 10.0.0.79 "DELETE /v2.0/security-groups/b8b10b9c-de6b-4caf-8372-058c5c52e32b HTTP/1.1" status: 204 len: 168 time: 0.3277009
2026-07-27 23:01:23.427 9 WARNING neutron.scheduler.dhcp_agent_scheduler [None req-54aef1b4-3e39-4ef8-9f23-7035008824bb 172767175d69466ab6228341c8b8b381 48e2133eb3cf4300bb43b477e2c029ce - - default default] No more DHCP agents
2026-07-27 23:01:23.431 9 WARNING neutron.api.rpc.agentnotifiers.dhcp_rpc_agent_api [None req-54aef1b4-3e39-4ef8-9f23-7035008824bb 172767175d69466ab6228341c8b8b381 48e2133eb3cf4300bb43b477e2c029ce - - default default] Unable to schedule network 68da6b8d-16f3-42b7-8fad-82b54eba0c9a: no agents available; will retry on subsequent port and subnet creation events.
2026-07-27 23:01:23.520 9 INFO neutron.db.ovn_revision_numbers_db [None req-54aef1b4-3e39-4ef8-9f23-7035008824bb 172767175d69466ab6228341c8b8b381 48e2133eb3cf4300bb43b477e2c029ce - - default default] Successfully bumped revision number for resource f49eb32f-746c-4a4d-b167-d41c00e2025b (type: ports) to 1
2026-07-27 23:01:23.542 9 INFO neutron.wsgi [None req-54aef1b4-3e39-4ef8-9f23-7035008824bb 172767175d69466ab6228341c8b8b381 48e2133eb3cf4300bb43b477e2c029ce - - default default] 10.0.0.79 "POST /v2.0/ports HTTP/1.1" status: 201 len: 973 time: 0.4678326 /var/lib/openstack/lib/python3.10/site-packages/pycadf/identifier.py:71: UserWarning: Invalid uuid: neutron. To ensure interoperability, identifiers should be a valid uuid. warnings.warn(('Invalid uuid: %s. To ensure interoperability, '
2026-07-27 23:01:23.635 9 INFO neutron.db.segments_db [None req-6b66f1fb-178a-42c2-89ef-f9b4a0db0704 172767175d69466ab6228341c8b8b381 48e2133eb3cf4300bb43b477e2c029ce - - default default] Added segment c77cf77e-be7a-464d-8708-b8c8ce580aff of type geneve for network c03d799a-69a7-400b-b148-11f44f74d585
2026-07-27 23:01:23.802 9 INFO neutron.db.ovn_revision_numbers_db [None req-6b66f1fb-178a-42c2-89ef-f9b4a0db0704 172767175d69466ab6228341c8b8b381 48e2133eb3cf4300bb43b477e2c029ce - - default default] Successfully bumped revision number for resource c03d799a-69a7-400b-b148-11f44f74d585 (type: networks) to 1
2026-07-27 23:01:24.017 9 WARNING neutron.scheduler.dhcp_agent_scheduler [None req-6b66f1fb-178a-42c2-89ef-f9b4a0db0704 172767175d69466ab6228341c8b8b381 48e2133eb3cf4300bb43b477e2c029ce - - default default] No more DHCP agents
2026-07-27 23:01:24.020 9 WARNING neutron.api.rpc.agentnotifiers.dhcp_rpc_agent_api [None req-6b66f1fb-178a-42c2-89ef-f9b4a0db0704 172767175d69466ab6228341c8b8b381 48e2133eb3cf4300bb43b477e2c029ce - - default default] Unable to schedule network c03d799a-69a7-400b-b148-11f44f74d585: no agents available; will retry on subsequent port and subnet creation events.
2026-07-27 23:01:24.109 9 INFO neutron.db.ovn_revision_numbers_db [None req-6b66f1fb-178a-42c2-89ef-f9b4a0db0704 172767175d69466ab6228341c8b8b381 48e2133eb3cf4300bb43b477e2c029ce - - default default] Successfully bumped revision number for resource e7ba99d8-646f-467d-8e15-5e0cf6a86c85 (type: ports) to 1
2026-07-27 23:01:24.132 9 INFO neutron.wsgi [None req-6b66f1fb-178a-42c2-89ef-f9b4a0db0704 172767175d69466ab6228341c8b8b381 48e2133eb3cf4300bb43b477e2c029ce - - default default] 10.0.0.79 "POST /v2.0/networks HTTP/1.1" status: 201 len: 831 time: 0.5835810
2026-07-27 23:01:24.152 10 INFO neutron.wsgi [-] 10.0.0.85 "GET / HTTP/1.1" status: 200 len: 246 time: 0.0021760
2026-07-27 23:01:24.155 10 INFO neutron.wsgi [-] 10.0.0.85 "GET / HTTP/1.1" status: 200 len: 246 time: 0.0019646
2026-07-27 23:01:24.376 9 WARNING neutron.scheduler.dhcp_agent_scheduler [None req-d64a3e3f-03d1-4112-98ee-7f56189152eb 172767175d69466ab6228341c8b8b381 48e2133eb3cf4300bb43b477e2c029ce - - default default] No more DHCP agents
