2026-07-27 23:01:05.942 10 INFO neutron.db.ovn_revision_numbers_db [None req-bda52256-f3e7-4064-ae95-09f812b1e40c e1c700f7cb174a21b30cd9709f861d8b 6822cca799fe4d5da4c5b8a4f42623b2 - - default default] Successfully bumped revision number for resource 9aad431b-092a-49b1-b331-baf60b6e6b8c (type: security_group_rules) to 0
2026-07-27 23:01:05.970 10 INFO neutron.db.ovn_revision_numbers_db [None req-bda52256-f3e7-4064-ae95-09f812b1e40c e1c700f7cb174a21b30cd9709f861d8b 6822cca799fe4d5da4c5b8a4f42623b2 - - default default] Successfully bumped revision number for resource c0fb4b58-234b-4863-9a25-165310efd627 (type: security_group_rules) to 0
2026-07-27 23:01:05.993 10 INFO neutron.db.ovn_revision_numbers_db [None req-bda52256-f3e7-4064-ae95-09f812b1e40c e1c700f7cb174a21b30cd9709f861d8b 6822cca799fe4d5da4c5b8a4f42623b2 - - default default] Successfully bumped revision number for resource c91cbb33-44e9-4fa9-b6cf-2b0aafc39825 (type: security_group_rules) to 0
2026-07-27 23:01:06.075 10 INFO neutron.db.segments_db [None req-bda52256-f3e7-4064-ae95-09f812b1e40c e1c700f7cb174a21b30cd9709f861d8b 6822cca799fe4d5da4c5b8a4f42623b2 - - default default] Added segment b4e59112-5601-4149-99f1-7c180b64a35c of type geneve for network 7dc20008-41b4-4d77-92e0-58d364990792
2026-07-27 23:01:06.080 10 WARNING neutron.scheduler.dhcp_agent_scheduler [None req-9aa56286-e36e-496c-b46c-0eb01721fefa e0a801cc4bb54a009bc5cc10a96696a6 180c434b968849f9a02f233b57a6ec59 - - default default] No more DHCP agents
2026-07-27 23:01:06.084 10 WARNING neutron.api.rpc.agentnotifiers.dhcp_rpc_agent_api [None req-9aa56286-e36e-496c-b46c-0eb01721fefa e0a801cc4bb54a009bc5cc10a96696a6 180c434b968849f9a02f233b57a6ec59 - - default default] Unable to schedule network 720c3711-5f15-41fc-8eb4-2bf24df5fc44: no agents available; will retry on subsequent port and subnet creation events.
2026-07-27 23:01:06.102 9 INFO neutron.db.ovn_revision_numbers_db [req-df8b9fd4-ae87-4a4a-8e43-982caf3d447a req-17a01d12-a8c8-4b58-b091-e181fac5fb35 ff01a37c8d7d474ab3c11514b3b3eec2 375ee55170c546359a8e2f2f0da07953 - - default default] Successfully bumped revision number for resource 49e59076-e687-40b5-956a-5273cf77ca08 (type: ports) to 1
2026-07-27 23:01:06.154 9 INFO neutron.wsgi [req-df8b9fd4-ae87-4a4a-8e43-982caf3d447a req-17a01d12-a8c8-4b58-b091-e181fac5fb35 ff01a37c8d7d474ab3c11514b3b3eec2 375ee55170c546359a8e2f2f0da07953 - - default default] 199.204.45.138 "POST /v2.0/ports HTTP/1.1" status: 201 len: 1158 time: 1.2302132
2026-07-27 23:01:06.275 10 INFO neutron.db.ovn_revision_numbers_db [None req-bda52256-f3e7-4064-ae95-09f812b1e40c e1c700f7cb174a21b30cd9709f861d8b 6822cca799fe4d5da4c5b8a4f42623b2 - - default default] Successfully bumped revision number for resource 7dc20008-41b4-4d77-92e0-58d364990792 (type: networks) to 1
2026-07-27 23:01:06.283 9 INFO neutron.wsgi [req-1f74a7da-5186-4062-a193-1bb6eb6406b8 req-cbf6d5cf-cc73-4625-809a-80464dfd0124 ff01a37c8d7d474ab3c11514b3b3eec2 375ee55170c546359a8e2f2f0da07953 - - default default] 10.0.0.148 "GET /v2.0/ports?device_id=9114ac0a-c3e5-4197-9d8d-1d6d8676a5e9 HTTP/1.1" status: 200 len: 1156 time: 0.0613756
2026-07-27 23:01:06.310 10 INFO neutron.db.ovn_revision_numbers_db [None req-9aa56286-e36e-496c-b46c-0eb01721fefa e0a801cc4bb54a009bc5cc10a96696a6 180c434b968849f9a02f233b57a6ec59 - - default default] Successfully bumped revision number for resource 3ee509c0-a28f-4c0e-9397-fae27be8908f (type: ports) to 1
2026-07-27 23:01:06.359 9 INFO neutron.wsgi [req-1f74a7da-5186-4062-a193-1bb6eb6406b8 req-aa7f47ba-5bba-4288-bef8-2400ffdb3037 ff01a37c8d7d474ab3c11514b3b3eec2 375ee55170c546359a8e2f2f0da07953 - - default default] 10.0.0.148 "GET /v2.0/security-groups?id=be6106c8-ef0e-4882-9fe4-b8d65cc1ab84&fields=id&fields=name HTTP/1.1" status: 200 len: 312 time: 0.0668867
2026-07-27 23:01:06.479 9 WARNING neutron.plugins.ml2.drivers.ovn.mech_driver.ovsdb.ovn_client [None req-0748c09a-3db5-40cc-8c37-da8d8509ab02 - - - - - -] No hosting information found for port 110891bf-2b53-4354-b0a2-06e6c82c57b5: RuntimeError: No hosting information found for port 110891bf-2b53-4354-b0a2-06e6c82c57b5
2026-07-27 23:01:06.535 9 INFO neutron.services.segments.plugin [-] Segment a74a1396-09e1-4166-b857-59b240ec984b resource provider aggregate not found
2026-07-27 23:01:06.540 9 INFO neutron.services.segments.plugin [-] Segment a74a1396-09e1-4166-b857-59b240ec984b resource provider aggregate not found
2026-07-27 23:01:06.556 9 INFO neutron.services.segments.plugin [-] Segment a74a1396-09e1-4166-b857-59b240ec984b resource provider not found; error: Placement Client Error (4xx): {"errors": [{"status": 404, "title": "Not Found", "detail": "The resource could not be found.\n\n No resource provider with uuid a74a1396-09e1-4166-b857-59b240ec984b found for delete ", "request_id": "req-72de4508-83df-40e3-808a-270e7008b48d"}]}
2026-07-27 23:01:06.563 9 INFO neutron.services.segments.plugin [-] Segment a74a1396-09e1-4166-b857-59b240ec984b resource provider not found; error: Placement Client Error (4xx): {"errors": [{"status": 404, "title": "Not Found", "detail": "The resource could not be found.\n\n No resource provider with uuid a74a1396-09e1-4166-b857-59b240ec984b found for delete ", "request_id": "req-8961f935-82b8-498b-98d2-03c867107663"}]}
2026-07-27 23:01:06.597 9 INFO neutron.wsgi [None req-ed52eec4-3564-4ff8-b18b-8a35022343f4 7246f4ee913f46bd9d5b21608c7919ce b5b72e99a591462abaa8efe83077b91d - - default default] 10.0.0.79 "DELETE /v2.0/networks/1eb891b9-efbd-4e14-b941-a1b3a64a2694 HTTP/1.1" status: 204 len: 168 time: 1.0003753
2026-07-27 23:01:06.734 9 INFO neutron.db.segments_db [None req-beedfbff-d04f-4392-8e53-0bd26746b929 7246f4ee913f46bd9d5b21608c7919ce b5b72e99a591462abaa8efe83077b91d - - default default] Added segment 7d599b00-3be4-4096-b15a-192984b2af77 of type geneve for network 20a3ccb4-dff4-41e4-bdb4-ab4555acb9e9
2026-07-27 23:01:06.825 9 INFO neutron.db.ovn_revision_numbers_db [req-df8b9fd4-ae87-4a4a-8e43-982caf3d447a req-7187376e-c472-4f75-a54c-f6cc37f8ea86 d209e96dc3824bc5b996c67d567f9d62 fe4d4b0dbfc74b929c22fb51c35109fc - - 75534254d2f848d6999a7b6b9f59d9ca 75534254d2f848d6999a7b6b9f59d9ca] Successfully bumped revision number for resource 49e59076-e687-40b5-956a-5273cf77ca08 (type: ports) to 2
2026-07-27 23:01:06.836 10 WARNING neutron.scheduler.dhcp_agent_scheduler [None req-bda52256-f3e7-4064-ae95-09f812b1e40c e1c700f7cb174a21b30cd9709f861d8b 6822cca799fe4d5da4c5b8a4f42623b2 - - default default] No more DHCP agents
2026-07-27 23:01:06.847 10 WARNING neutron.api.rpc.agentnotifiers.dhcp_rpc_agent_api [None req-bda52256-f3e7-4064-ae95-09f812b1e40c e1c700f7cb174a21b30cd9709f861d8b 6822cca799fe4d5da4c5b8a4f42623b2 - - default default] Unable to schedule network 7dc20008-41b4-4d77-92e0-58d364990792: no agents available; will retry on subsequent port and subnet creation events.
2026-07-27 23:01:06.902 9 INFO neutron.db.ovn_revision_numbers_db [None req-beedfbff-d04f-4392-8e53-0bd26746b929 7246f4ee913f46bd9d5b21608c7919ce b5b72e99a591462abaa8efe83077b91d - - default default] Successfully bumped revision number for resource 20a3ccb4-dff4-41e4-bdb4-ab4555acb9e9 (type: networks) to 1
2026-07-27 23:01:07.006 10 INFO neutron.db.ovn_revision_numbers_db [None req-bda52256-f3e7-4064-ae95-09f812b1e40c e1c700f7cb174a21b30cd9709f861d8b 6822cca799fe4d5da4c5b8a4f42623b2 - - default default] Successfully bumped revision number for resource f8fecf8e-4f98-4905-ab79-7ac4c5e2c6ed (type: ports) to 1
2026-07-27 23:01:07.039 10 INFO neutron.wsgi [None req-bda52256-f3e7-4064-ae95-09f812b1e40c e1c700f7cb174a21b30cd9709f861d8b 6822cca799fe4d5da4c5b8a4f42623b2 - - default default] 10.0.0.79 "POST /v2.0/networks HTTP/1.1" status: 201 len: 847 time: 1.5344872 /var/lib/openstack/lib/python3.10/site-packages/pycadf/identifier.py:71: UserWarning: Invalid uuid: neutron. To ensure interoperability, identifiers should be a valid uuid. warnings.warn(('Invalid uuid: %s. To ensure interoperability, '
2026-07-27 23:01:07.252 9 WARNING neutron.scheduler.dhcp_agent_scheduler [None req-beedfbff-d04f-4392-8e53-0bd26746b929 7246f4ee913f46bd9d5b21608c7919ce b5b72e99a591462abaa8efe83077b91d - - default default] No more DHCP agents
2026-07-27 23:01:07.255 9 WARNING neutron.api.rpc.agentnotifiers.dhcp_rpc_agent_api [None req-beedfbff-d04f-4392-8e53-0bd26746b929 7246f4ee913f46bd9d5b21608c7919ce b5b72e99a591462abaa8efe83077b91d - - default default] Unable to schedule network 20a3ccb4-dff4-41e4-bdb4-ab4555acb9e9: no agents available; will retry on subsequent port and subnet creation events.
2026-07-27 23:01:07.297 9 INFO neutron.plugins.ml2.drivers.ovn.mech_driver.mech_driver [None req-0748c09a-3db5-40cc-8c37-da8d8509ab02 - - - - - -] OVN reports status up for port: 3ee509c0-a28f-4c0e-9397-fae27be8908f
2026-07-27 23:01:07.300 9 INFO neutron.db.ovn_revision_numbers_db [req-df8b9fd4-ae87-4a4a-8e43-982caf3d447a req-7187376e-c472-4f75-a54c-f6cc37f8ea86 d209e96dc3824bc5b996c67d567f9d62 fe4d4b0dbfc74b929c22fb51c35109fc - - 75534254d2f848d6999a7b6b9f59d9ca 75534254d2f848d6999a7b6b9f59d9ca] Successfully bumped revision number for resource 49e59076-e687-40b5-956a-5273cf77ca08 (type: ports) to 2
2026-07-27 23:01:07.313 10 INFO neutron.db.ovn_revision_numbers_db [None req-9aa56286-e36e-496c-b46c-0eb01721fefa e0a801cc4bb54a009bc5cc10a96696a6 180c434b968849f9a02f233b57a6ec59 - - default default] Successfully bumped revision number for resource 3ee509c0-a28f-4c0e-9397-fae27be8908f (type: router_ports) to 1
2026-07-27 23:01:07.325 9 INFO neutron.plugins.ml2.plugin [None req-0748c09a-3db5-40cc-8c37-da8d8509ab02 - - - - - -] Attempt 1 to provision port 3ee509c0-a28f-4c0e-9397-fae27be8908f
2026-07-27 23:01:07.356 9 INFO neutron.wsgi [req-df8b9fd4-ae87-4a4a-8e43-982caf3d447a req-7187376e-c472-4f75-a54c-f6cc37f8ea86 d209e96dc3824bc5b996c67d567f9d62 fe4d4b0dbfc74b929c22fb51c35109fc - - 75534254d2f848d6999a7b6b9f59d9ca 75534254d2f848d6999a7b6b9f59d9ca] 199.204.45.138 "PUT /v2.0/ports/49e59076-e687-40b5-956a-5273cf77ca08 HTTP/1.1" status: 200 len: 1376 time: 1.1928060
2026-07-27 23:01:07.394 10 INFO neutron.db.ovn_revision_numbers_db [None req-9aa56286-e36e-496c-b46c-0eb01721fefa e0a801cc4bb54a009bc5cc10a96696a6 180c434b968849f9a02f233b57a6ec59 - - default default] Successfully bumped revision number for resource 0e8e625c-791a-4af3-af68-4774acce9723 (type: routers) to 2
2026-07-27 23:01:07.409 10 INFO neutron.wsgi [None req-9aa56286-e36e-496c-b46c-0eb01721fefa e0a801cc4bb54a009bc5cc10a96696a6 180c434b968849f9a02f233b57a6ec59 - - default default] 10.0.0.79 "POST /v2.0/routers HTTP/1.1" status: 201 len: 875 time: 1.8852580
2026-07-27 23:01:07.417 9 INFO neutron.notifiers.nova [-] Nova event matching ['req-eb798fe1-7225-42b1-a26b-d671797d4ee0'] response: {'name': 'network-changed', 'server_uuid': '9114ac0a-c3e5-4197-9d8d-1d6d8676a5e9', 'tag': '49e59076-e687-40b5-956a-5273cf77ca08', 'status': 'completed', 'code': 200} /var/lib/openstack/lib/python3.10/site-packages/pycadf/identifier.py:71: UserWarning: Invalid uuid: neutron. To ensure interoperability, identifiers should be a valid uuid. warnings.warn(('Invalid uuid: %s. To ensure interoperability, '
2026-07-27 23:01:07.489 9 INFO neutron.db.ovn_revision_numbers_db [None req-beedfbff-d04f-4392-8e53-0bd26746b929 7246f4ee913f46bd9d5b21608c7919ce b5b72e99a591462abaa8efe83077b91d - - default default] Successfully bumped revision number for resource bbe779c9-e887-4d10-abd9-f605e529d1b7 (type: ports) to 1
2026-07-27 23:01:07.515 9 INFO neutron.wsgi [req-df8b9fd4-ae87-4a4a-8e43-982caf3d447a req-04a32d91-2726-4eae-9779-c9f66cf4c475 d209e96dc3824bc5b996c67d567f9d62 fe4d4b0dbfc74b929c22fb51c35109fc - - 75534254d2f848d6999a7b6b9f59d9ca 75534254d2f848d6999a7b6b9f59d9ca] 199.204.45.138 "GET /v2.0/ports?tenant_id=375ee55170c546359a8e2f2f0da07953&device_id=9114ac0a-c3e5-4197-9d8d-1d6d8676a5e9 HTTP/1.1" status: 200 len: 1407 time: 0.0946047
2026-07-27 23:01:07.536 9 INFO neutron.wsgi [req-057d2ed1-4be4-4097-a179-466e03efe2b9 req-27ee58b5-180d-43ab-8bbf-10b88aeeac5e ff01a37c8d7d474ab3c11514b3b3eec2 375ee55170c546359a8e2f2f0da07953 - - default default] 10.0.0.148 "GET /v2.0/ports?device_id=9114ac0a-c3e5-4197-9d8d-1d6d8676a5e9 HTTP/1.1" status: 200 len: 1168 time: 0.0943732 /var/lib/openstack/lib/python3.10/site-packages/pycadf/identifier.py:71: UserWarning: Invalid uuid: neutron. To ensure interoperability, identifiers should be a valid uuid. warnings.warn(('Invalid uuid: %s. To ensure interoperability, '
2026-07-27 23:01:07.568 9 INFO neutron.wsgi [None req-beedfbff-d04f-4392-8e53-0bd26746b929 7246f4ee913f46bd9d5b21608c7919ce b5b72e99a591462abaa8efe83077b91d - - default default] 10.0.0.79 "POST /v2.0/networks HTTP/1.1" status: 201 len: 832 time: 0.9639499
2026-07-27 23:01:07.569 9 INFO neutron.wsgi [req-df8b9fd4-ae87-4a4a-8e43-982caf3d447a req-2c0f5ed3-96c5-4c56-81f2-1c275f8ea1df d209e96dc3824bc5b996c67d567f9d62 fe4d4b0dbfc74b929c22fb51c35109fc - - 75534254d2f848d6999a7b6b9f59d9ca 75534254d2f848d6999a7b6b9f59d9ca] 199.204.45.138 "GET /v2.0/floatingips?fixed_ip_address=10.100.0.5&port_id=49e59076-e687-40b5-956a-5273cf77ca08 HTTP/1.1" status: 200 len: 217 time: 0.0408645
2026-07-27 23:01:07.626 9 WARNING neutron.scheduler.dhcp_agent_scheduler [None req-139921a9-4ccf-460b-85cc-5fe4d419948a e1c700f7cb174a21b30cd9709f861d8b 6822cca799fe4d5da4c5b8a4f42623b2 - - default default] No more DHCP agents
2026-07-27 23:01:07.632 9 INFO neutron.wsgi [req-057d2ed1-4be4-4097-a179-466e03efe2b9 req-1cfec4ae-ebef-41f9-b65d-0081095fb64a ff01a37c8d7d474ab3c11514b3b3eec2 375ee55170c546359a8e2f2f0da07953 - - default default] 10.0.0.148 "GET /v2.0/security-groups?id=be6106c8-ef0e-4882-9fe4-b8d65cc1ab84&fields=id&fields=name HTTP/1.1" status: 200 len: 312 time: 0.0852737
2026-07-27 23:01:07.634 9 WARNING neutron.api.rpc.agentnotifiers.dhcp_rpc_agent_api [None req-139921a9-4ccf-460b-85cc-5fe4d419948a e1c700f7cb174a21b30cd9709f861d8b 6822cca799fe4d5da4c5b8a4f42623b2 - - default default] Unable to schedule network 7dc20008-41b4-4d77-92e0-58d364990792: no agents available; will retry on subsequent port and subnet creation events.
2026-07-27 23:01:07.639 9 INFO neutron.wsgi [req-df8b9fd4-ae87-4a4a-8e43-982caf3d447a req-7c405bde-95ad-4ca0-82c7-540b97cefab7 d209e96dc3824bc5b996c67d567f9d62 fe4d4b0dbfc74b929c22fb51c35109fc - - 75534254d2f848d6999a7b6b9f59d9ca 75534254d2f848d6999a7b6b9f59d9ca] 199.204.45.138 "GET /v2.0/subnets?id=61d74085-1da8-4567-b3e5-9609eedacfa9 HTTP/1.1" status: 200 len: 868 time: 0.0502965 /var/lib/openstack/lib/python3.10/site-packages/pycadf/identifier.py:71: UserWarning: Invalid uuid: neutron. To ensure interoperability, identifiers should be a valid uuid. warnings.warn(('Invalid uuid: %s. To ensure interoperability, '
2026-07-27 23:01:07.687 9 INFO neutron.wsgi [req-df8b9fd4-ae87-4a4a-8e43-982caf3d447a req-ecbffa83-1ed9-4bfd-a4cf-52aaf688efc4 d209e96dc3824bc5b996c67d567f9d62 fe4d4b0dbfc74b929c22fb51c35109fc - - 75534254d2f848d6999a7b6b9f59d9ca 75534254d2f848d6999a7b6b9f59d9ca] 199.204.45.138 "GET /v2.0/ports?network_id=f7962ea9-dd00-433a-a94f-67380ec75948&device_owner=network%3Adhcp HTTP/1.1" status: 200 len: 210 time: 0.0375795
2026-07-27 23:01:07.750 9 INFO neutron.db.ovn_revision_numbers_db [None req-139921a9-4ccf-460b-85cc-5fe4d419948a e1c700f7cb174a21b30cd9709f861d8b 6822cca799fe4d5da4c5b8a4f42623b2 - - default default] Successfully bumped revision number for resource 1ff46379-d908-40b3-83fd-eec95d4fa631 (type: ports) to 1
2026-07-27 23:01:07.771 9 INFO neutron.wsgi [req-df8b9fd4-ae87-4a4a-8e43-982caf3d447a req-53979784-82e1-431a-a933-da556f3d764f d209e96dc3824bc5b996c67d567f9d62 fe4d4b0dbfc74b929c22fb51c35109fc - - 75534254d2f848d6999a7b6b9f59d9ca 75534254d2f848d6999a7b6b9f59d9ca] 199.204.45.138 "GET /v2.0/networks/f7962ea9-dd00-433a-a94f-67380ec75948?fields=segments HTTP/1.1" status: 200 len: 212 time: 0.0732100
2026-07-27 23:01:07.779 9 INFO neutron.wsgi [None req-139921a9-4ccf-460b-85cc-5fe4d419948a e1c700f7cb174a21b30cd9709f861d8b 6822cca799fe4d5da4c5b8a4f42623b2 - - default default] 10.0.0.79 "POST /v2.0/ports HTTP/1.1" status: 201 len: 978 time: 0.7254584
2026-07-27 23:01:07.845 9 INFO neutron.wsgi [req-df8b9fd4-ae87-4a4a-8e43-982caf3d447a req-f4490391-d8fb-41a9-a9b9-63c3c4a9659b d209e96dc3824bc5b996c67d567f9d62 fe4d4b0dbfc74b929c22fb51c35109fc - - 75534254d2f848d6999a7b6b9f59d9ca 75534254d2f848d6999a7b6b9f59d9ca] 199.204.45.138 "GET /v2.0/networks/f7962ea9-dd00-433a-a94f-67380ec75948?fields=provider%3Aphysical_network&fields=provider%3Anetwork_type HTTP/1.1" status: 200 len: 277 time: 0.0654886
2026-07-27 23:01:07.912 10 WARNING neutron.scheduler.dhcp_agent_scheduler [None req-c9f0724d-47d6-4863-83bb-fa6f3d53636b 7246f4ee913f46bd9d5b21608c7919ce b5b72e99a591462abaa8efe83077b91d - - default default] No more DHCP agents
2026-07-27 23:01:07.920 10 WARNING neutron.api.rpc.agentnotifiers.dhcp_rpc_agent_api [None req-c9f0724d-47d6-4863-83bb-fa6f3d53636b 7246f4ee913f46bd9d5b21608c7919ce b5b72e99a591462abaa8efe83077b91d - - default default] Unable to schedule network 20a3ccb4-dff4-41e4-bdb4-ab4555acb9e9: no agents available; will retry on subsequent port and subnet creation events.
2026-07-27 23:01:07.934 10 INFO neutron.db.segments_db [None req-94fabb60-f73e-402c-87e7-3ac118a23860 e1c700f7cb174a21b30cd9709f861d8b 6822cca799fe4d5da4c5b8a4f42623b2 - - default default] Added segment cc9bc49f-1fdb-4bb7-ab47-7f6e3e7494eb of type geneve for network 9f944e8c-ef37-42cc-a06d-05f84a6b4528
2026-07-27 23:01:07.948 9 INFO neutron.wsgi [req-f05cc172-6fd4-4a99-b95a-b4608e2354d6 req-9e18cd16-1ca9-4b05-9bed-a1890dbbfb33 d209e96dc3824bc5b996c67d567f9d62 fe4d4b0dbfc74b929c22fb51c35109fc - - 75534254d2f848d6999a7b6b9f59d9ca 75534254d2f848d6999a7b6b9f59d9ca] 199.204.45.138 "GET /v2.0/ports?tenant_id=375ee55170c546359a8e2f2f0da07953&device_id=9114ac0a-c3e5-4197-9d8d-1d6d8676a5e9 HTTP/1.1" status: 200 len: 1407 time: 0.0601935
2026-07-27 23:01:07.977 10 INFO neutron.db.ovn_revision_numbers_db [None req-c9f0724d-47d6-4863-83bb-fa6f3d53636b 7246f4ee913f46bd9d5b21608c7919ce b5b72e99a591462abaa8efe83077b91d - - default default] Successfully bumped revision number for resource 563efdfe-5819-484e-9c9a-d97f5ca5b54d (type: subnets) to 0
2026-07-27 23:01:08.007 10 INFO neutron.wsgi [None req-c9f0724d-47d6-4863-83bb-fa6f3d53636b 7246f4ee913f46bd9d5b21608c7919ce b5b72e99a591462abaa8efe83077b91d - - default default] 10.0.0.79 "POST /v2.0/subnets HTTP/1.1" status: 201 len: 821 time: 0.4330068
2026-07-27 23:01:08.071 9 INFO neutron.wsgi [req-f05cc172-6fd4-4a99-b95a-b4608e2354d6 req-7179f474-d018-447c-8b6f-e8b01a88ad7a d209e96dc3824bc5b996c67d567f9d62 fe4d4b0dbfc74b929c22fb51c35109fc - - 75534254d2f848d6999a7b6b9f59d9ca 75534254d2f848d6999a7b6b9f59d9ca] 199.204.45.138 "GET /v2.0/networks?id=f7962ea9-dd00-433a-a94f-67380ec75948 HTTP/1.1" status: 200 len: 973 time: 0.1142759
2026-07-27 23:01:08.122 10 WARNING neutron.scheduler.dhcp_agent_scheduler [None req-b75675d7-6252-40f5-921a-7a951a1c1de9 e0a801cc4bb54a009bc5cc10a96696a6 180c434b968849f9a02f233b57a6ec59 - - default default] No more DHCP agents
2026-07-27 23:01:08.139 10 WARNING neutron.api.rpc.agentnotifiers.dhcp_rpc_agent_api [None req-b75675d7-6252-40f5-921a-7a951a1c1de9 e0a801cc4bb54a009bc5cc10a96696a6 180c434b968849f9a02f233b57a6ec59 - - default default] Unable to schedule network 6cc6aa03-7d19-428d-86db-be80b21070b8: no agents available; will retry on subsequent port and subnet creation events.
2026-07-27 23:01:08.148 9 INFO neutron.wsgi [req-f05cc172-6fd4-4a99-b95a-b4608e2354d6 req-bffd681b-0ad0-44f0-a6d3-58ad02498368 d209e96dc3824bc5b996c67d567f9d62 fe4d4b0dbfc74b929c22fb51c35109fc - - 75534254d2f848d6999a7b6b9f59d9ca 75534254d2f848d6999a7b6b9f59d9ca] 199.204.45.138 "GET /v2.0/floatingips?fixed_ip_address=10.100.0.5&port_id=49e59076-e687-40b5-956a-5273cf77ca08 HTTP/1.1" status: 200 len: 217 time: 0.0705736
2026-07-27 23:01:08.214 10 INFO neutron.db.ovn_revision_numbers_db [None req-94fabb60-f73e-402c-87e7-3ac118a23860 e1c700f7cb174a21b30cd9709f861d8b 6822cca799fe4d5da4c5b8a4f42623b2 - - default default] Successfully bumped revision number for resource 9f944e8c-ef37-42cc-a06d-05f84a6b4528 (type: networks) to 1
2026-07-27 23:01:08.254 9 INFO neutron.wsgi [req-f05cc172-6fd4-4a99-b95a-b4608e2354d6 req-ed4bc230-ec4d-4f89-bd7a-ffb069f1e415 d209e96dc3824bc5b996c67d567f9d62 fe4d4b0dbfc74b929c22fb51c35109fc - - 75534254d2f848d6999a7b6b9f59d9ca 75534254d2f848d6999a7b6b9f59d9ca] 199.204.45.138 "GET /v2.0/subnets?id=61d74085-1da8-4567-b3e5-9609eedacfa9 HTTP/1.1" status: 200 len: 868 time: 0.0751746
2026-07-27 23:01:08.295 9 INFO neutron.db.ovn_revision_numbers_db [None req-ce511a54-9aa1-4a70-b454-94ec672b64f8 7246f4ee913f46bd9d5b21608c7919ce b5b72e99a591462abaa8efe83077b91d - - default default] Successfully bumped revision number for resource 10894565-8da2-491e-8107-7d749a3e3837 (type: routers) to 1
2026-07-27 23:01:08.298 9 INFO neutron.wsgi [req-f05cc172-6fd4-4a99-b95a-b4608e2354d6 req-1915c934-d036-4a55-9af9-16eb3e1c9147 d209e96dc3824bc5b996c67d567f9d62 fe4d4b0dbfc74b929c22fb51c35109fc - - 75534254d2f848d6999a7b6b9f59d9ca 75534254d2f848d6999a7b6b9f59d9ca] 199.204.45.138 "GET /v2.0/ports?network_id=f7962ea9-dd00-433a-a94f-67380ec75948&device_owner=network%3Adhcp HTTP/1.1" status: 200 len: 210 time: 0.0318658
2026-07-27 23:01:08.336 9 INFO neutron.wsgi [None req-ce511a54-9aa1-4a70-b454-94ec672b64f8 7246f4ee913f46bd9d5b21608c7919ce b5b72e99a591462abaa8efe83077b91d - - default default] 10.0.0.79 "POST /v2.0/routers HTTP/1.1" status: 201 len: 690 time: 0.3208127
2026-07-27 23:01:08.483 9 INFO neutron.wsgi [req-f05cc172-6fd4-4a99-b95a-b4608e2354d6 req-0e69fd6f-c398-4d9c-a75a-05588ebc1b87 d209e96dc3824bc5b996c67d567f9d62 fe4d4b0dbfc74b929c22fb51c35109fc - - 75534254d2f848d6999a7b6b9f59d9ca 75534254d2f848d6999a7b6b9f59d9ca] 199.204.45.138 "GET /v2.0/networks/f7962ea9-dd00-433a-a94f-67380ec75948?fields=segments HTTP/1.1" status: 200 len: 212 time: 0.1806548
2026-07-27 23:01:08.519 10 INFO neutron.db.ovn_revision_numbers_db [None req-b75675d7-6252-40f5-921a-7a951a1c1de9 e0a801cc4bb54a009bc5cc10a96696a6 180c434b968849f9a02f233b57a6ec59 - - default default] Successfully bumped revision number for resource da5b6c01-779f-47a1-8cdf-a6f3609f09fc (type: ports) to 1
2026-07-27 23:01:08.572 10 WARNING neutron.scheduler.dhcp_agent_scheduler [None req-94fabb60-f73e-402c-87e7-3ac118a23860 e1c700f7cb174a21b30cd9709f861d8b 6822cca799fe4d5da4c5b8a4f42623b2 - - default default] No more DHCP agents
2026-07-27 23:01:08.575 10 WARNING neutron.api.rpc.agentnotifiers.dhcp_rpc_agent_api [None req-94fabb60-f73e-402c-87e7-3ac118a23860 e1c700f7cb174a21b30cd9709f861d8b 6822cca799fe4d5da4c5b8a4f42623b2 - - default default] Unable to schedule network 9f944e8c-ef37-42cc-a06d-05f84a6b4528: no agents available; will retry on subsequent port and subnet creation events.
2026-07-27 23:01:08.597 9 INFO neutron.wsgi [req-f05cc172-6fd4-4a99-b95a-b4608e2354d6 req-4b04a346-5c57-44f9-a33b-683babddb726 d209e96dc3824bc5b996c67d567f9d62 fe4d4b0dbfc74b929c22fb51c35109fc - - 75534254d2f848d6999a7b6b9f59d9ca 75534254d2f848d6999a7b6b9f59d9ca] 199.204.45.138 "GET /v2.0/networks/f7962ea9-dd00-433a-a94f-67380ec75948?fields=provider%3Aphysical_network&fields=provider%3Anetwork_type HTTP/1.1" status: 200 len: 277 time: 0.1041086
2026-07-27 23:01:08.680 10 INFO neutron.db.ovn_revision_numbers_db [None req-94fabb60-f73e-402c-87e7-3ac118a23860 e1c700f7cb174a21b30cd9709f861d8b 6822cca799fe4d5da4c5b8a4f42623b2 - - default default] Successfully bumped revision number for resource 8bdf2896-47dc-4d3d-9362-75310d0abb9d (type: ports) to 1
2026-07-27 23:01:08.715 10 INFO neutron.wsgi [None req-94fabb60-f73e-402c-87e7-3ac118a23860 e1c700f7cb174a21b30cd9709f861d8b 6822cca799fe4d5da4c5b8a4f42623b2 - - default default] 10.0.0.79 "POST /v2.0/networks HTTP/1.1" status: 201 len: 835 time: 0.9292014
2026-07-27 23:01:09.071 10 WARNING neutron.plugins.ml2.drivers.ovn.mech_driver.ovsdb.ovn_client [None req-ecdc94dd-4d56-43b7-b2f3-ca67427ed8e7 - - - - - -] No port found with ID dbd95687-77e1-43f7-8f22-ecbfed77dcc5: RuntimeError: No port found with ID dbd95687-77e1-43f7-8f22-ecbfed77dcc5
2026-07-27 23:01:09.072 10 INFO neutron.plugins.ml2.drivers.ovn.mech_driver.mech_driver [None req-ecdc94dd-4d56-43b7-b2f3-ca67427ed8e7 - - - - - -] OVN reports status up for port: 49e59076-e687-40b5-956a-5273cf77ca08
2026-07-27 23:01:09.152 10 INFO neutron.wsgi [-] 10.0.0.85 "GET / HTTP/1.1" status: 200 len: 246 time: 0.0013995
2026-07-27 23:01:09.154 10 INFO neutron.wsgi [-] 10.0.0.85 "GET / HTTP/1.1" status: 200 len: 246 time: 0.0009677
2026-07-27 23:01:09.154 10 INFO neutron.plugins.ml2.plugin [None req-ecdc94dd-4d56-43b7-b2f3-ca67427ed8e7 - - - - - -] Attempt 1 to provision port 49e59076-e687-40b5-956a-5273cf77ca08
2026-07-27 23:01:09.220 9 INFO neutron.wsgi [req-23392580-e676-4a95-bafe-44c050ca13f3 req-005258fe-3b70-45c9-9f47-9d52afd3881f ff01a37c8d7d474ab3c11514b3b3eec2 375ee55170c546359a8e2f2f0da07953 - - default default] 10.0.0.148 "GET /v2.0/ports?device_id=9114ac0a-c3e5-4197-9d8d-1d6d8676a5e9 HTTP/1.1" status: 200 len: 1168 time: 0.5101290
2026-07-27 23:01:09.307 9 INFO neutron.wsgi [req-23392580-e676-4a95-bafe-44c050ca13f3 req-3f0fc942-b0c2-4e91-aaed-cac66c538c2f ff01a37c8d7d474ab3c11514b3b3eec2 375ee55170c546359a8e2f2f0da07953 - - default default] 10.0.0.148 "GET /v2.0/security-groups?id=be6106c8-ef0e-4882-9fe4-b8d65cc1ab84&fields=id&fields=name HTTP/1.1" status: 200 len: 312 time: 0.0713902
2026-07-27 23:01:09.356 9 WARNING neutron.scheduler.dhcp_agent_scheduler [None req-fe7a2a59-1d6b-4c40-ba56-9b5db0b9bf2f 7246f4ee913f46bd9d5b21608c7919ce b5b72e99a591462abaa8efe83077b91d - - default default] No more DHCP agents
2026-07-27 23:01:09.365 9 WARNING neutron.api.rpc.agentnotifiers.dhcp_rpc_agent_api [None req-fe7a2a59-1d6b-4c40-ba56-9b5db0b9bf2f 7246f4ee913f46bd9d5b21608c7919ce b5b72e99a591462abaa8efe83077b91d - - default default] Unable to schedule network 20a3ccb4-dff4-41e4-bdb4-ab4555acb9e9: no agents available; will retry on subsequent port and subnet creation events.
2026-07-27 23:01:09.402 10 INFO neutron.notifiers.nova [-] Nova event matching ['req-ad971535-e5d1-48b9-8fc6-d3f88ee5f532'] response: {'server_uuid': '9114ac0a-c3e5-4197-9d8d-1d6d8676a5e9', 'name': 'network-vif-plugged', 'status': 'completed', 'tag': '49e59076-e687-40b5-956a-5273cf77ca08', 'code': 200}
2026-07-27 23:01:09.426 10 WARNING neutron.scheduler.dhcp_agent_scheduler [None req-83c84105-8df4-447e-a1c4-ebb9222bc199 e1c700f7cb174a21b30cd9709f861d8b 6822cca799fe4d5da4c5b8a4f42623b2 - - default default] No more DHCP agents
2026-07-27 23:01:09.437 10 WARNING neutron.api.rpc.agentnotifiers.dhcp_rpc_agent_api [None req-83c84105-8df4-447e-a1c4-ebb9222bc199 e1c700f7cb174a21b30cd9709f861d8b 6822cca799fe4d5da4c5b8a4f42623b2 - - default default] Unable to schedule network 9f944e8c-ef37-42cc-a06d-05f84a6b4528: no agents available; will retry on subsequent port and subnet creation events.
2026-07-27 23:01:09.521 9 INFO neutron.db.ovn_revision_numbers_db [None req-fe7a2a59-1d6b-4c40-ba56-9b5db0b9bf2f 7246f4ee913f46bd9d5b21608c7919ce b5b72e99a591462abaa8efe83077b91d - - default default] Successfully bumped revision number for resource d705940a-a26d-44b1-bd6b-ea85b07bb804 (type: ports) to 1
2026-07-27 23:01:09.531 10 INFO neutron.db.ovn_revision_numbers_db [None req-83c84105-8df4-447e-a1c4-ebb9222bc199 e1c700f7cb174a21b30cd9709f861d8b 6822cca799fe4d5da4c5b8a4f42623b2 - - default default] Successfully bumped revision number for resource 8d482cc0-ce29-4b26-bfbb-8ae9f714d9fc (type: subnets) to 0
2026-07-27 23:01:09.558 10 INFO neutron.wsgi [None req-83c84105-8df4-447e-a1c4-ebb9222bc199 e1c700f7cb174a21b30cd9709f861d8b 6822cca799fe4d5da4c5b8a4f42623b2 - - default default] 10.0.0.79 "POST /v2.0/subnets HTTP/1.1" status: 201 len: 821 time: 0.8318176
2026-07-27 23:01:09.616 10 INFO neutron.db.ovn_revision_numbers_db [None req-b75675d7-6252-40f5-921a-7a951a1c1de9 e0a801cc4bb54a009bc5cc10a96696a6 180c434b968849f9a02f233b57a6ec59 - - default default] Successfully bumped revision number for resource da5b6c01-779f-47a1-8cdf-a6f3609f09fc (type: router_ports) to 1
2026-07-27 23:01:09.707 10 INFO neutron.db.ovn_revision_numbers_db [None req-ecdc94dd-4d56-43b7-b2f3-ca67427ed8e7 - - - - - -] Successfully bumped revision number for resource 49e59076-e687-40b5-956a-5273cf77ca08 (type: ports) to 4
2026-07-27 23:01:09.823 10 INFO neutron.db.ovn_revision_numbers_db [None req-b75675d7-6252-40f5-921a-7a951a1c1de9 e0a801cc4bb54a009bc5cc10a96696a6 180c434b968849f9a02f233b57a6ec59 - - default default] Successfully bumped revision number for resource da5b6c01-779f-47a1-8cdf-a6f3609f09fc (type: ports) to 1
2026-07-27 23:01:09.906 10 WARNING neutron.scheduler.dhcp_agent_scheduler [None req-b75675d7-6252-40f5-921a-7a951a1c1de9 e0a801cc4bb54a009bc5cc10a96696a6 180c434b968849f9a02f233b57a6ec59 - - default default] No more DHCP agents
2026-07-27 23:01:09.907 10 WARNING neutron.api.rpc.agentnotifiers.dhcp_rpc_agent_api [None req-b75675d7-6252-40f5-921a-7a951a1c1de9 e0a801cc4bb54a009bc5cc10a96696a6 180c434b968849f9a02f233b57a6ec59 - - default default] Unable to schedule network 6cc6aa03-7d19-428d-86db-be80b21070b8: no agents available; will retry on subsequent port and subnet creation events.
2026-07-27 23:01:10.064 10 INFO neutron.plugins.ml2.drivers.ovn.mech_driver.mech_driver [None req-ecdc94dd-4d56-43b7-b2f3-ca67427ed8e7 - - - - - -] OVN reports status up for port: d705940a-a26d-44b1-bd6b-ea85b07bb804
2026-07-27 23:01:10.074 10 INFO neutron.plugins.ml2.plugin [None req-ecdc94dd-4d56-43b7-b2f3-ca67427ed8e7 - - - - - -] Attempt 1 to provision port d705940a-a26d-44b1-bd6b-ea85b07bb804
2026-07-27 23:01:10.089 9 WARNING neutron.scheduler.dhcp_agent_scheduler [None req-5101e966-9487-4cb5-b1d5-836f30083336 e1c700f7cb174a21b30cd9709f861d8b 6822cca799fe4d5da4c5b8a4f42623b2 - - default default] No more DHCP agents
2026-07-27 23:01:10.094 9 WARNING neutron.api.rpc.agentnotifiers.dhcp_rpc_agent_api [None req-5101e966-9487-4cb5-b1d5-836f30083336 e1c700f7cb174a21b30cd9709f861d8b 6822cca799fe4d5da4c5b8a4f42623b2 - - default default] Unable to schedule network 9f944e8c-ef37-42cc-a06d-05f84a6b4528: no agents available; will retry on subsequent port and subnet creation events.
2026-07-27 23:01:10.107 9 INFO neutron.db.ovn_revision_numbers_db [None req-fe7a2a59-1d6b-4c40-ba56-9b5db0b9bf2f 7246f4ee913f46bd9d5b21608c7919ce b5b72e99a591462abaa8efe83077b91d - - default default] Successfully bumped revision number for resource d705940a-a26d-44b1-bd6b-ea85b07bb804 (type: router_ports) to 1
2026-07-27 23:01:10.257 9 INFO neutron.db.ovn_revision_numbers_db [None req-5101e966-9487-4cb5-b1d5-836f30083336 e1c700f7cb174a21b30cd9709f861d8b 6822cca799fe4d5da4c5b8a4f42623b2 - - default default] Successfully bumped revision number for resource 49de196d-939f-4af5-8043-9af73434e74b (type: ports) to 1
2026-07-27 23:01:10.280 9 INFO neutron.db.ovn_revision_numbers_db [None req-fe7a2a59-1d6b-4c40-ba56-9b5db0b9bf2f 7246f4ee913f46bd9d5b21608c7919ce b5b72e99a591462abaa8efe83077b91d - - default default] Successfully bumped revision number for resource d705940a-a26d-44b1-bd6b-ea85b07bb804 (type: ports) to 1
2026-07-27 23:01:10.287 9 INFO neutron.wsgi [None req-5101e966-9487-4cb5-b1d5-836f30083336 e1c700f7cb174a21b30cd9709f861d8b 6822cca799fe4d5da4c5b8a4f42623b2 - - default default] 10.0.0.79 "POST /v2.0/ports HTTP/1.1" status: 201 len: 1165 time: 0.7108011 /var/lib/openstack/lib/python3.10/site-packages/pycadf/identifier.py:71: UserWarning: Invalid uuid: neutron. To ensure interoperability, identifiers should be a valid uuid. warnings.warn(('Invalid uuid: %s. To ensure interoperability, '
2026-07-27 23:01:10.309 10 INFO neutron.db.ovn_revision_numbers_db [None req-b75675d7-6252-40f5-921a-7a951a1c1de9 e0a801cc4bb54a009bc5cc10a96696a6 180c434b968849f9a02f233b57a6ec59 - - default default] Successfully bumped revision number for resource da5b6c01-779f-47a1-8cdf-a6f3609f09fc (type: router_ports) to 1
2026-07-27 23:01:10.311 10 INFO neutron.wsgi [None req-b75675d7-6252-40f5-921a-7a951a1c1de9 e0a801cc4bb54a009bc5cc10a96696a6 180c434b968849f9a02f233b57a6ec59 - - default default] 10.0.0.79 "PUT /v2.0/routers/0e8e625c-791a-4af3-af68-4774acce9723/add_router_interface HTTP/1.1" status: 200 len: 503 time: 2.8956351
2026-07-27 23:01:10.419 10 INFO neutron.db.ovn_revision_numbers_db [None req-ecdc94dd-4d56-43b7-b2f3-ca67427ed8e7 - - - - - -] Successfully bumped revision number for resource d705940a-a26d-44b1-bd6b-ea85b07bb804 (type: ports) to 2
2026-07-27 23:01:10.497 9 INFO neutron.wsgi [req-97709504-3994-4bc7-92ff-2879a48b88ca req-5fbb845e-7269-4d5b-8595-7aedc52df70d ff01a37c8d7d474ab3c11514b3b3eec2 375ee55170c546359a8e2f2f0da07953 - - default default] 10.0.0.148 "GET /v2.0/ports?device_id=9114ac0a-c3e5-4197-9d8d-1d6d8676a5e9 HTTP/1.1" status: 200 len: 1170 time: 0.1042368
2026-07-27 23:01:10.503 9 WARNING neutron.scheduler.dhcp_agent_scheduler [None req-fe7a2a59-1d6b-4c40-ba56-9b5db0b9bf2f 7246f4ee913f46bd9d5b21608c7919ce b5b72e99a591462abaa8efe83077b91d - - default default] No more DHCP agents
2026-07-27 23:01:10.507 9 WARNING neutron.api.rpc.agentnotifiers.dhcp_rpc_agent_api [None req-fe7a2a59-1d6b-4c40-ba56-9b5db0b9bf2f 7246f4ee913f46bd9d5b21608c7919ce b5b72e99a591462abaa8efe83077b91d - - default default] Unable to schedule network 20a3ccb4-dff4-41e4-bdb4-ab4555acb9e9: no agents available; will retry on subsequent port and subnet creation events.
2026-07-27 23:01:10.542 10 INFO neutron.db.ovn_revision_numbers_db [None req-ecdc94dd-4d56-43b7-b2f3-ca67427ed8e7 - - - - - -] Successfully bumped revision number for resource d705940a-a26d-44b1-bd6b-ea85b07bb804 (type: router_ports) to 2
2026-07-27 23:01:10.663 9 INFO neutron.wsgi [req-97709504-3994-4bc7-92ff-2879a48b88ca req-2554c9c9-bfb3-4a62-982c-8a9e77c4e02d ff01a37c8d7d474ab3c11514b3b3eec2 375ee55170c546359a8e2f2f0da07953 - - default default] 10.0.0.148 "GET /v2.0/security-groups?id=be6106c8-ef0e-4882-9fe4-b8d65cc1ab84&fields=id&fields=name HTTP/1.1" status: 200 len: 312 time: 0.1540229
2026-07-27 23:01:10.826 9 INFO neutron.wsgi [req-80de1d37-a1ab-44bb-807d-df5b4c90d7dd req-5f879f7b-2cfd-47f9-8cad-f31579e44116 ff01a37c8d7d474ab3c11514b3b3eec2 375ee55170c546359a8e2f2f0da07953 - - default default] 10.0.0.148 "GET /v2.0/ports?device_id=9114ac0a-c3e5-4197-9d8d-1d6d8676a5e9 HTTP/1.1" status: 200 len: 1170 time: 0.0686510 /var/lib/openstack/lib/python3.10/site-packages/pycadf/identifier.py:71: UserWarning: Invalid uuid: neutron. To ensure interoperability, identifiers should be a valid uuid. warnings.warn(('Invalid uuid: %s. To ensure interoperability, '
2026-07-27 23:01:10.982 9 INFO neutron.db.ovn_revision_numbers_db [None req-fe7a2a59-1d6b-4c40-ba56-9b5db0b9bf2f 7246f4ee913f46bd9d5b21608c7919ce b5b72e99a591462abaa8efe83077b91d - - default default] Successfully bumped revision number for resource d705940a-a26d-44b1-bd6b-ea85b07bb804 (type: router_ports) to 2
2026-07-27 23:01:10.986 9 INFO neutron.wsgi [None req-fe7a2a59-1d6b-4c40-ba56-9b5db0b9bf2f 7246f4ee913f46bd9d5b21608c7919ce b5b72e99a591462abaa8efe83077b91d - - default default] 10.0.0.79 "PUT /v2.0/routers/10894565-8da2-491e-8107-7d749a3e3837/add_router_interface HTTP/1.1" status: 200 len: 503 time: 2.6426592
2026-07-27 23:01:11.048 9 INFO neutron.wsgi [None req-0b1e5ac4-43e0-4b5e-b983-83dadfc1ce73 e1c700f7cb174a21b30cd9709f861d8b 6822cca799fe4d5da4c5b8a4f42623b2 - - default default] 10.0.0.79 "DELETE /v2.0/ports/49de196d-939f-4af5-8043-9af73434e74b HTTP/1.1" status: 204 len: 168 time: 0.7545879
2026-07-27 23:01:11.092 10 INFO neutron.pecan_wsgi.hooks.translation [None req-8a53572f-037a-4921-99e4-f913f39dea80 e1c700f7cb174a21b30cd9709f861d8b 6822cca799fe4d5da4c5b8a4f42623b2 - - default default] DELETE failed (client error): The resource could not be found.
2026-07-27 23:01:11.096 10 INFO neutron.wsgi [None req-8a53572f-037a-4921-99e4-f913f39dea80 e1c700f7cb174a21b30cd9709f861d8b 6822cca799fe4d5da4c5b8a4f42623b2 - - default default] 10.0.0.79 "DELETE /v2.0/ports/49de196d-939f-4af5-8043-9af73434e74b HTTP/1.1" status: 404 len: 333 time: 0.0418296 /var/lib/openstack/lib/python3.10/site-packages/pycadf/identifier.py:71: UserWarning: Invalid uuid: neutron. To ensure interoperability, identifiers should be a valid uuid. warnings.warn(('Invalid uuid: %s. To ensure interoperability, '
2026-07-27 23:01:11.123 10 INFO neutron.db.l3_db [None req-50077e06-bc12-4e74-8e9f-6b8bb58648ff ff01a37c8d7d474ab3c11514b3b3eec2 375ee55170c546359a8e2f2f0da07953 - - default default] Floating IP 08da1aa7-821f-4c3a-b322-005091e6127c associated. External IP: 10.96.250.217, port: 49e59076-e687-40b5-956a-5273cf77ca08.
2026-07-27 23:01:11.136 9 INFO neutron.wsgi [None req-ec12258f-eb1e-4ac4-882d-c56dd91e6adc 7246f4ee913f46bd9d5b21608c7919ce b5b72e99a591462abaa8efe83077b91d - - default default] 10.0.0.79 "GET /v2.0/ports/d705940a-a26d-44b1-bd6b-ea85b07bb804 HTTP/1.1" status: 200 len: 1141 time: 0.1422470
2026-07-27 23:01:11.137 9 INFO neutron.pecan_wsgi.hooks.translation [None req-a9311ca4-3282-4b19-93b6-7e3ffa6090fb e1c700f7cb174a21b30cd9709f861d8b 6822cca799fe4d5da4c5b8a4f42623b2 - - default default] GET failed (client error): The resource could not be found.
2026-07-27 23:01:11.139 9 INFO neutron.wsgi [None req-a9311ca4-3282-4b19-93b6-7e3ffa6090fb e1c700f7cb174a21b30cd9709f861d8b 6822cca799fe4d5da4c5b8a4f42623b2 - - default default] 10.0.0.79 "GET /v2.0/ports/49de196d-939f-4af5-8043-9af73434e74b HTTP/1.1" status: 404 len: 333 time: 0.0323863
2026-07-27 23:01:11.194 9 WARNING neutron.scheduler.dhcp_agent_scheduler [None req-1cebbb32-515a-4678-b27d-5a965b801ffd e0a801cc4bb54a009bc5cc10a96696a6 180c434b968849f9a02f233b57a6ec59 - - default default] No more DHCP agents
2026-07-27 23:01:11.201 9 WARNING neutron.api.rpc.agentnotifiers.dhcp_rpc_agent_api [None req-1cebbb32-515a-4678-b27d-5a965b801ffd e0a801cc4bb54a009bc5cc10a96696a6 180c434b968849f9a02f233b57a6ec59 - - default default] Unable to schedule network 6cc6aa03-7d19-428d-86db-be80b21070b8: no agents available; will retry on subsequent port and subnet creation events.
2026-07-27 23:01:11.230 9 INFO neutron.wsgi [None req-42ab1c29-116c-464d-a4ef-39cec5ef02f7 7246f4ee913f46bd9d5b21608c7919ce b5b72e99a591462abaa8efe83077b91d - - default default] 10.0.0.79 "GET /v2.0/ports/d705940a-a26d-44b1-bd6b-ea85b07bb804 HTTP/1.1" status: 200 len: 1141 time: 0.0806978
2026-07-27 23:01:11.413 10 INFO neutron.db.ovn_revision_numbers_db [None req-50077e06-bc12-4e74-8e9f-6b8bb58648ff ff01a37c8d7d474ab3c11514b3b3eec2 375ee55170c546359a8e2f2f0da07953 - - default default] Successfully bumped revision number for resource 08da1aa7-821f-4c3a-b322-005091e6127c (type: floatingips) to 1
2026-07-27 23:01:11.443 10 INFO neutron.notifiers.nova [-] Nova event matching ['req-252db5f7-b4da-43e5-97d2-10f3d7e5ee7b'] response: {'server_uuid': '9114ac0a-c3e5-4197-9d8d-1d6d8676a5e9', 'name': 'network-vif-plugged', 'status': 'completed', 'tag': '49e59076-e687-40b5-956a-5273cf77ca08', 'code': 200}
2026-07-27 23:01:11.453 9 INFO neutron.wsgi [None req-e7c8eb0d-5fb7-428a-a522-a61f25ef43b4 e1c700f7cb174a21b30cd9709f861d8b 6822cca799fe4d5da4c5b8a4f42623b2 - - default default] 10.0.0.79 "DELETE /v2.0/subnets/8d482cc0-ce29-4b26-bfbb-8ae9f714d9fc HTTP/1.1" status: 204 len: 168 time: 0.3058016
2026-07-27 23:01:11.455 9 INFO neutron.db.ovn_revision_numbers_db [None req-1cebbb32-515a-4678-b27d-5a965b801ffd e0a801cc4bb54a009bc5cc10a96696a6 180c434b968849f9a02f233b57a6ec59 - - default default] Successfully bumped revision number for resource 476bad39-9d12-4b8b-91af-21bed5bfe124 (type: ports) to 1 /var/lib/openstack/lib/python3.10/site-packages/pycadf/identifier.py:71: UserWarning: Invalid uuid: neutron. To ensure interoperability, identifiers should be a valid uuid. warnings.warn(('Invalid uuid: %s. To ensure interoperability, '
2026-07-27 23:01:11.490 9 INFO neutron.wsgi [None req-1cebbb32-515a-4678-b27d-5a965b801ffd e0a801cc4bb54a009bc5cc10a96696a6 180c434b968849f9a02f233b57a6ec59 - - default default] 10.0.0.79 "POST /v2.0/ports HTTP/1.1" status: 201 len: 1153 time: 1.1698258
2026-07-27 23:01:11.819 10 INFO neutron.db.ovn_revision_numbers_db [None req-50077e06-bc12-4e74-8e9f-6b8bb58648ff ff01a37c8d7d474ab3c11514b3b3eec2 375ee55170c546359a8e2f2f0da07953 - - default default] Successfully bumped revision number for resource 08da1aa7-821f-4c3a-b322-005091e6127c (type: floatingips) to 2
2026-07-27 23:01:11.865 10 INFO neutron.wsgi [None req-50077e06-bc12-4e74-8e9f-6b8bb58648ff ff01a37c8d7d474ab3c11514b3b3eec2 375ee55170c546359a8e2f2f0da07953 - - default default] 10.0.0.79 "PUT /v2.0/floatingips/08da1aa7-821f-4c3a-b322-005091e6127c HTTP/1.1" status: 200 len: 1049 time: 1.0254226
2026-07-27 23:01:12.186 9 INFO neutron.services.segments.plugin [-] Segment cc9bc49f-1fdb-4bb7-ab47-7f6e3e7494eb resource provider aggregate not found
2026-07-27 23:01:12.193 9 INFO neutron.services.segments.plugin [-] Segment cc9bc49f-1fdb-4bb7-ab47-7f6e3e7494eb resource provider aggregate not found
2026-07-27 23:01:12.215 9 INFO neutron.services.segments.plugin [-] Segment cc9bc49f-1fdb-4bb7-ab47-7f6e3e7494eb resource provider not found; error: Placement Client Error (4xx): {"errors": [{"status": 404, "title": "Not Found", "detail": "The resource could not be found.\n\n No resource provider with uuid cc9bc49f-1fdb-4bb7-ab47-7f6e3e7494eb found for delete ", "request_id": "req-cd74d521-f7a8-4aec-95f0-ff47477db81a"}]}
2026-07-27 23:01:12.221 9 INFO neutron.services.segments.plugin [-] Segment cc9bc49f-1fdb-4bb7-ab47-7f6e3e7494eb resource provider not found; error: Placement Client Error (4xx): {"errors": [{"status": 404, "title": "Not Found", "detail": "The resource could not be found.\n\n No resource provider with uuid cc9bc49f-1fdb-4bb7-ab47-7f6e3e7494eb found for delete ", "request_id": "req-1d104dc7-a848-4061-a8db-439d8de29323"}]}
2026-07-27 23:01:12.238 10 WARNING neutron.scheduler.dhcp_agent_scheduler [None req-2f0c2c4a-9ed6-4a04-b898-65e7ab9bba41 e0a801cc4bb54a009bc5cc10a96696a6 180c434b968849f9a02f233b57a6ec59 - - default default] No more DHCP agents
2026-07-27 23:01:12.248 10 WARNING neutron.api.rpc.agentnotifiers.dhcp_rpc_agent_api [None req-2f0c2c4a-9ed6-4a04-b898-65e7ab9bba41 e0a801cc4bb54a009bc5cc10a96696a6 180c434b968849f9a02f233b57a6ec59 - - default default] Unable to schedule network 6cc6aa03-7d19-428d-86db-be80b21070b8: no agents available; will retry on subsequent port and subnet creation events.
2026-07-27 23:01:12.264 9 INFO neutron.wsgi [None req-bb300d23-f7e9-4c9e-90a2-1cd45c5cbf88 e1c700f7cb174a21b30cd9709f861d8b 6822cca799fe4d5da4c5b8a4f42623b2 - - default default] 10.0.0.79 "DELETE /v2.0/networks/9f944e8c-ef37-42cc-a06d-05f84a6b4528 HTTP/1.1" status: 204 len: 168 time: 0.8038709
2026-07-27 23:01:12.313 10 INFO neutron.wsgi [None req-95786b89-712f-467f-b990-621262781b42 7246f4ee913f46bd9d5b21608c7919ce b5b72e99a591462abaa8efe83077b91d - - default default] 10.0.0.79 "PUT /v2.0/routers/10894565-8da2-491e-8107-7d749a3e3837/remove_router_interface HTTP/1.1" status: 200 len: 503 time: 1.0759525
2026-07-27 23:01:12.352 9 INFO neutron.wsgi [None req-83ca7a61-896d-40be-bd62-f8809ad12ea3 7246f4ee913f46bd9d5b21608c7919ce b5b72e99a591462abaa8efe83077b91d - - default default] 10.0.0.79 "GET /v2.0/ports?device_id=10894565-8da2-491e-8107-7d749a3e3837 HTTP/1.1" status: 200 len: 205 time: 0.0301945
2026-07-27 23:01:12.431 9 INFO neutron.db.segments_db [None req-2c63eb8f-684e-431c-b3cb-80882cb8f6c2 e1c700f7cb174a21b30cd9709f861d8b 6822cca799fe4d5da4c5b8a4f42623b2 - - default default] Added segment 17b6b88e-40ae-4477-9fc3-39699d3482a5 of type geneve for network 55239275-b6d2-4089-9df7-edc878fe3555
2026-07-27 23:01:12.507 10 INFO neutron.db.ovn_revision_numbers_db [None req-2f0c2c4a-9ed6-4a04-b898-65e7ab9bba41 e0a801cc4bb54a009bc5cc10a96696a6 180c434b968849f9a02f233b57a6ec59 - - default default] Successfully bumped revision number for resource f035d143-c29c-4d9a-a574-04e28d66d5b6 (type: ports) to 1
2026-07-27 23:01:12.559 10 INFO neutron.wsgi [None req-2f0c2c4a-9ed6-4a04-b898-65e7ab9bba41 e0a801cc4bb54a009bc5cc10a96696a6 180c434b968849f9a02f233b57a6ec59 - - default default] 10.0.0.79 "POST /v2.0/ports HTTP/1.1" status: 201 len: 1158 time: 1.0600820 /var/lib/openstack/lib/python3.10/site-packages/pycadf/identifier.py:71: UserWarning: Invalid uuid: neutron. To ensure interoperability, identifiers should be a valid uuid. warnings.warn(('Invalid uuid: %s. To ensure interoperability, '
2026-07-27 23:01:12.719 9 INFO neutron.wsgi [None req-29b16758-8e78-4d19-919a-19f758b4ee9e 7246f4ee913f46bd9d5b21608c7919ce b5b72e99a591462abaa8efe83077b91d - - default default] 10.0.0.79 "DELETE /v2.0/routers/10894565-8da2-491e-8107-7d749a3e3837 HTTP/1.1" status: 204 len: 168 time: 0.3594077
2026-07-27 23:01:12.720 9 INFO neutron.db.ovn_revision_numbers_db [None req-2c63eb8f-684e-431c-b3cb-80882cb8f6c2 e1c700f7cb174a21b30cd9709f861d8b 6822cca799fe4d5da4c5b8a4f42623b2 - - default default] Successfully bumped revision number for resource 55239275-b6d2-4089-9df7-edc878fe3555 (type: networks) to 1
2026-07-27 23:01:12.852 10 WARNING neutron.scheduler.dhcp_agent_scheduler [None req-2369d3a0-53ea-4ea0-b350-ef077b28d8f6 e0a801cc4bb54a009bc5cc10a96696a6 180c434b968849f9a02f233b57a6ec59 - - default default] No more DHCP agents
2026-07-27 23:01:12.855 10 WARNING neutron.api.rpc.agentnotifiers.dhcp_rpc_agent_api [None req-2369d3a0-53ea-4ea0-b350-ef077b28d8f6 e0a801cc4bb54a009bc5cc10a96696a6 180c434b968849f9a02f233b57a6ec59 - - default default] Unable to schedule network 720c3711-5f15-41fc-8eb4-2bf24df5fc44: no agents available; will retry on subsequent port and subnet creation events.
2026-07-27 23:01:12.913 9 WARNING neutron.plugins.ml2.drivers.ovn.mech_driver.ovsdb.ovn_client [None req-0748c09a-3db5-40cc-8c37-da8d8509ab02 - - - - - -] No hosting information found for port 3ee509c0-a28f-4c0e-9397-fae27be8908f: RuntimeError: No hosting information found for port 3ee509c0-a28f-4c0e-9397-fae27be8908f
2026-07-27 23:01:12.913 9 INFO neutron.plugins.ml2.drivers.ovn.mech_driver.mech_driver [None req-0748c09a-3db5-40cc-8c37-da8d8509ab02 - - - - - -] OVN reports status up for port: da5b6c01-779f-47a1-8cdf-a6f3609f09fc
2026-07-27 23:01:12.932 9 INFO neutron.plugins.ml2.plugin [None req-0748c09a-3db5-40cc-8c37-da8d8509ab02 - - - - - -] Attempt 1 to provision port da5b6c01-779f-47a1-8cdf-a6f3609f09fc
2026-07-27 23:01:12.998 9 WARNING neutron.scheduler.dhcp_agent_scheduler [None req-2c63eb8f-684e-431c-b3cb-80882cb8f6c2 e1c700f7cb174a21b30cd9709f861d8b 6822cca799fe4d5da4c5b8a4f42623b2 - - default default] No more DHCP agents
2026-07-27 23:01:13.005 9 WARNING neutron.api.rpc.agentnotifiers.dhcp_rpc_agent_api [None req-2c63eb8f-684e-431c-b3cb-80882cb8f6c2 e1c700f7cb174a21b30cd9709f861d8b 6822cca799fe4d5da4c5b8a4f42623b2 - - default default] Unable to schedule network 55239275-b6d2-4089-9df7-edc878fe3555: no agents available; will retry on subsequent port and subnet creation events.
2026-07-27 23:01:13.088 9 INFO neutron.wsgi [None req-842c2eeb-8127-4571-8507-6b1088ebca4c 7246f4ee913f46bd9d5b21608c7919ce b5b72e99a591462abaa8efe83077b91d - - default default] 10.0.0.79 "DELETE /v2.0/subnets/563efdfe-5819-484e-9c9a-d97f5ca5b54d HTTP/1.1" status: 204 len: 168 time: 0.3623455
2026-07-27 23:01:13.157 9 INFO neutron.db.ovn_revision_numbers_db [None req-2c63eb8f-684e-431c-b3cb-80882cb8f6c2 e1c700f7cb174a21b30cd9709f861d8b 6822cca799fe4d5da4c5b8a4f42623b2 - - default default] Successfully bumped revision number for resource 16434958-807c-4fa7-8f67-0376c3d11296 (type: ports) to 1
2026-07-27 23:01:13.194 9 INFO neutron.wsgi [None req-2c63eb8f-684e-431c-b3cb-80882cb8f6c2 e1c700f7cb174a21b30cd9709f861d8b 6822cca799fe4d5da4c5b8a4f42623b2 - - default default] 10.0.0.79 "POST /v2.0/networks HTTP/1.1" status: 201 len: 835 time: 0.9214182
2026-07-27 23:01:13.411 10 INFO neutron.db.l3_db [None req-2369d3a0-53ea-4ea0-b350-ef077b28d8f6 e0a801cc4bb54a009bc5cc10a96696a6 180c434b968849f9a02f233b57a6ec59 - - default default] Floating IP c43856ee-c486-4679-829b-b822c538d17f associated. External IP: 10.96.250.214, port: f035d143-c29c-4d9a-a574-04e28d66d5b6.
2026-07-27 23:01:13.444 9 INFO neutron.db.ovn_revision_numbers_db [None req-0748c09a-3db5-40cc-8c37-da8d8509ab02 - - - - - -] Successfully bumped revision number for resource da5b6c01-779f-47a1-8cdf-a6f3609f09fc (type: ports) to 2
2026-07-27 23:01:13.511 10 INFO neutron.notifiers.nova [-] Nova event matching ['req-8a537e12-cbd4-4f4f-a1c6-255788aefdbd'] response: {'name': 'network-changed', 'server_uuid': '9114ac0a-c3e5-4197-9d8d-1d6d8676a5e9', 'tag': '49e59076-e687-40b5-956a-5273cf77ca08', 'status': 'completed', 'code': 200}
2026-07-27 23:01:13.586 9 INFO neutron.wsgi [req-5fec87ff-e3f3-4b2d-9f6e-47b0fec3a340 req-26f67589-ae54-440c-aadb-96bd029cde7f d209e96dc3824bc5b996c67d567f9d62 fe4d4b0dbfc74b929c22fb51c35109fc - - 75534254d2f848d6999a7b6b9f59d9ca 75534254d2f848d6999a7b6b9f59d9ca] 199.204.45.138 "GET /v2.0/ports?tenant_id=375ee55170c546359a8e2f2f0da07953&device_id=9114ac0a-c3e5-4197-9d8d-1d6d8676a5e9 HTTP/1.1" status: 200 len: 1409 time: 0.0538311
2026-07-27 23:01:13.654 10 INFO neutron.services.segments.plugin [-] Segment 7d599b00-3be4-4096-b15a-192984b2af77 resource provider aggregate not found
2026-07-27 23:01:13.661 10 INFO neutron.services.segments.plugin [-] Segment 7d599b00-3be4-4096-b15a-192984b2af77 resource provider aggregate not found
2026-07-27 23:01:13.662 9 WARNING neutron.scheduler.dhcp_agent_scheduler [None req-17ac2519-2019-4240-8475-6916e1855bf1 e1c700f7cb174a21b30cd9709f861d8b 6822cca799fe4d5da4c5b8a4f42623b2 - - default default] No more DHCP agents
2026-07-27 23:01:13.666 9 WARNING neutron.api.rpc.agentnotifiers.dhcp_rpc_agent_api [None req-17ac2519-2019-4240-8475-6916e1855bf1 e1c700f7cb174a21b30cd9709f861d8b 6822cca799fe4d5da4c5b8a4f42623b2 - - default default] Unable to schedule network 55239275-b6d2-4089-9df7-edc878fe3555: no agents available; will retry on subsequent port and subnet creation events.
