2026-07-27 23:01:41.495 9 INFO neutron.wsgi [req-d4586c87-3c51-419f-ab6d-4c482c7e5e4b req-6d39a1d0-03b2-417d-bc95-e095a838bd9e d209e96dc3824bc5b996c67d567f9d62 fe4d4b0dbfc74b929c22fb51c35109fc - - 75534254d2f848d6999a7b6b9f59d9ca 75534254d2f848d6999a7b6b9f59d9ca] 199.204.45.138 "GET /v2.0/networks?id=13aae2d3-f549-46c7-bef3-f0778826474f HTTP/1.1" status: 200 len: 959 time: 0.0717034
2026-07-27 23:01:41.519 10 INFO neutron.wsgi [None req-6767cb31-58d3-432c-83c1-fd3d0ec990fd ec68926ab5d14ffe8b6053af673fd21b 13fe3dea516342868c79aa93424a40e5 - - default default] 10.0.0.79 "POST /v2.0/security-group-rules HTTP/1.1" status: 201 len: 769 time: 0.3387716
2026-07-27 23:01:41.532 10 INFO neutron.plugins.ml2.drivers.ovn.mech_driver.mech_driver [None req-ecdc94dd-4d56-43b7-b2f3-ca67427ed8e7 - - - - - -] OVN reports status up for port: 9b74881b-7b81-450a-8a4f-8da7e9b7366a
2026-07-27 23:01:41.563 9 INFO neutron.wsgi [req-d4586c87-3c51-419f-ab6d-4c482c7e5e4b req-99c107eb-b158-4654-abe3-caf215b20161 d209e96dc3824bc5b996c67d567f9d62 fe4d4b0dbfc74b929c22fb51c35109fc - - 75534254d2f848d6999a7b6b9f59d9ca 75534254d2f848d6999a7b6b9f59d9ca] 199.204.45.138 "GET /v2.0/floatingips?fixed_ip_address=10.100.0.3&port_id=9b74881b-7b81-450a-8a4f-8da7e9b7366a HTTP/1.1" status: 200 len: 217 time: 0.0639768
2026-07-27 23:01:41.568 10 INFO neutron.plugins.ml2.plugin [None req-ecdc94dd-4d56-43b7-b2f3-ca67427ed8e7 - - - - - -] Attempt 1 to provision port 9b74881b-7b81-450a-8a4f-8da7e9b7366a
2026-07-27 23:01:41.571 10 INFO neutron.wsgi [None req-a457bc5a-9185-4bdd-b2e3-76645a47548b ec68926ab5d14ffe8b6053af673fd21b 13fe3dea516342868c79aa93424a40e5 - - default default] 10.0.0.79 "GET /v2.0/security-group-rules/a4a9c1c6-bfb2-4854-a46a-91c9b452458d HTTP/1.1" status: 200 len: 764 time: 0.0242872
2026-07-27 23:01:41.614 9 INFO neutron.wsgi [req-e0d80318-66fb-483d-9451-16df6574bfb6 req-75f0f925-e687-4a0e-8ed4-b9c18cebc939 46a0e4855d2a45cf9503fce6c90ac766 31093790bdd94c13a6fbc94ada70966f - - default default] 10.0.0.148 "GET /v2.0/ports?device_id=7f3e40ca-41f7-4c24-8514-1b162f488f92 HTTP/1.1" status: 200 len: 1168 time: 0.0502012
2026-07-27 23:01:41.640 9 INFO neutron.wsgi [req-d4586c87-3c51-419f-ab6d-4c482c7e5e4b req-cc231c38-9b37-4006-b45c-402e6f5e1060 d209e96dc3824bc5b996c67d567f9d62 fe4d4b0dbfc74b929c22fb51c35109fc - - 75534254d2f848d6999a7b6b9f59d9ca 75534254d2f848d6999a7b6b9f59d9ca] 199.204.45.138 "GET /v2.0/subnets?id=4d46da3e-44ee-471b-ba19-fe7b390e39ca HTTP/1.1" status: 200 len: 853 time: 0.0673008
2026-07-27 23:01:41.668 10 INFO neutron.wsgi [None req-bc2f41f7-00d6-49d8-844b-3d637e1b5afd ec68926ab5d14ffe8b6053af673fd21b 13fe3dea516342868c79aa93424a40e5 - - default default] 10.0.0.79 "GET /v2.0/security-group-rules HTTP/1.1" status: 200 len: 4114 time: 0.0848463
2026-07-27 23:01:41.675 9 INFO neutron.wsgi [req-d4586c87-3c51-419f-ab6d-4c482c7e5e4b req-32e65149-1972-49df-b27d-f3e210059ee9 d209e96dc3824bc5b996c67d567f9d62 fe4d4b0dbfc74b929c22fb51c35109fc - - 75534254d2f848d6999a7b6b9f59d9ca 75534254d2f848d6999a7b6b9f59d9ca] 199.204.45.138 "GET /v2.0/ports?network_id=13aae2d3-f549-46c7-bef3-f0778826474f&device_owner=network%3Adhcp HTTP/1.1" status: 200 len: 210 time: 0.0273178
2026-07-27 23:01:41.716 9 INFO neutron.wsgi [req-e0d80318-66fb-483d-9451-16df6574bfb6 req-251f8741-1a21-48fe-b03d-afbe548983e9 46a0e4855d2a45cf9503fce6c90ac766 31093790bdd94c13a6fbc94ada70966f - - default default] 10.0.0.148 "GET /v2.0/security-groups?id=439f50d5-f9a6-4dbe-b3fb-cd64147672ee&fields=id&fields=name HTTP/1.1" status: 200 len: 313 time: 0.0908480
2026-07-27 23:01:41.763 9 INFO neutron.wsgi [req-d4586c87-3c51-419f-ab6d-4c482c7e5e4b req-88cf6f3b-8e15-4ec2-8bbb-6fd08d469041 d209e96dc3824bc5b996c67d567f9d62 fe4d4b0dbfc74b929c22fb51c35109fc - - 75534254d2f848d6999a7b6b9f59d9ca 75534254d2f848d6999a7b6b9f59d9ca] 199.204.45.138 "GET /v2.0/networks/13aae2d3-f549-46c7-bef3-f0778826474f?fields=segments HTTP/1.1" status: 200 len: 212 time: 0.0792959
2026-07-27 23:01:41.786 10 INFO neutron.notifiers.nova [-] Nova event matching ['req-b136544a-ac20-4955-99a0-a5c8c15920e0'] response: {'server_uuid': '7f3e40ca-41f7-4c24-8514-1b162f488f92', 'name': 'network-vif-plugged', 'status': 'completed', 'tag': '9b74881b-7b81-450a-8a4f-8da7e9b7366a', 'code': 200}
2026-07-27 23:01:41.855 9 INFO neutron.wsgi [req-d4586c87-3c51-419f-ab6d-4c482c7e5e4b req-724bacda-78ee-42c3-9fa8-a70fa8075703 d209e96dc3824bc5b996c67d567f9d62 fe4d4b0dbfc74b929c22fb51c35109fc - - 75534254d2f848d6999a7b6b9f59d9ca 75534254d2f848d6999a7b6b9f59d9ca] 199.204.45.138 "GET /v2.0/networks/13aae2d3-f549-46c7-bef3-f0778826474f?fields=provider%3Aphysical_network&fields=provider%3Anetwork_type HTTP/1.1" status: 200 len: 277 time: 0.0789926
2026-07-27 23:01:41.959 10 INFO neutron.wsgi [None req-7ab7046c-ba66-4dc1-98e1-fad4b4ab2085 ec68926ab5d14ffe8b6053af673fd21b 13fe3dea516342868c79aa93424a40e5 - - default default] 10.0.0.79 "DELETE /v2.0/security-group-rules/a4a9c1c6-bfb2-4854-a46a-91c9b452458d HTTP/1.1" status: 204 len: 168 time: 0.2759581
2026-07-27 23:01:42.029 9 INFO neutron.wsgi [None req-5c820825-b07b-4f83-9b7f-6d400eb14289 ec68926ab5d14ffe8b6053af673fd21b 13fe3dea516342868c79aa93424a40e5 - - default default] 10.0.0.79 "GET /v2.0/security-group-rules HTTP/1.1" status: 200 len: 3567 time: 0.0627365
2026-07-27 23:01:42.107 10 INFO neutron.db.ovn_revision_numbers_db [None req-ecdc94dd-4d56-43b7-b2f3-ca67427ed8e7 - - - - - -] Successfully bumped revision number for resource 9b74881b-7b81-450a-8a4f-8da7e9b7366a (type: ports) to 4
2026-07-27 23:01:42.126 10 INFO neutron.services.segments.plugin [-] Segment fa715644-c5ff-4c72-9703-e802cfaa2f0d resource provider aggregate not found
2026-07-27 23:01:42.134 10 INFO neutron.services.segments.plugin [-] Segment fa715644-c5ff-4c72-9703-e802cfaa2f0d resource provider aggregate not found
2026-07-27 23:01:42.165 10 INFO neutron.services.segments.plugin [-] Segment fa715644-c5ff-4c72-9703-e802cfaa2f0d resource provider not found; error: Placement Client Error (4xx): {"errors": [{"status": 404, "title": "Not Found", "detail": "The resource could not be found.\n\n No resource provider with uuid fa715644-c5ff-4c72-9703-e802cfaa2f0d found for delete ", "request_id": "req-2630ebdb-b351-43f7-af02-26547cda769c"}]}
2026-07-27 23:01:42.166 10 INFO neutron.services.segments.plugin [-] Segment fa715644-c5ff-4c72-9703-e802cfaa2f0d resource provider not found; error: Placement Client Error (4xx): {"errors": [{"status": 404, "title": "Not Found", "detail": "The resource could not be found.\n\n No resource provider with uuid fa715644-c5ff-4c72-9703-e802cfaa2f0d found for delete ", "request_id": "req-5b35cbd9-c440-47b1-a8b3-9960d70cda28"}]}
2026-07-27 23:01:42.214 9 INFO neutron.wsgi [None req-93ecd9f6-ecbd-4613-875c-33287326de0d ec68926ab5d14ffe8b6053af673fd21b 13fe3dea516342868c79aa93424a40e5 - - default default] 10.0.0.79 "DELETE /v2.0/security-groups/bba52d2e-0426-477c-979d-b051590077a4 HTTP/1.1" status: 204 len: 168 time: 0.1796155
2026-07-27 23:01:42.228 10 INFO neutron.wsgi [None req-90de3d18-e7ec-4f51-83be-5bd7f9f04147 88824c1837724493bdb8583464f28db4 13156081f48f490eb4e0adef7b31cd62 - - default default] 10.0.0.79 "DELETE /v2.0/networks/975176f9-6111-4625-9cd1-ab6989d5d3a5 HTTP/1.1" status: 204 len: 168 time: 1.0212085 /var/lib/openstack/lib/python3.10/site-packages/pycadf/identifier.py:71: UserWarning: Invalid uuid: neutron. To ensure interoperability, identifiers should be a valid uuid. warnings.warn(('Invalid uuid: %s. To ensure interoperability, '
2026-07-27 23:01:42.254 9 INFO neutron.pecan_wsgi.hooks.translation [None req-5087d854-9475-427d-babe-073265e2771f 88824c1837724493bdb8583464f28db4 13156081f48f490eb4e0adef7b31cd62 - - default default] DELETE failed (client error): The resource could not be found.
2026-07-27 23:01:42.256 9 INFO neutron.wsgi [None req-5087d854-9475-427d-babe-073265e2771f 88824c1837724493bdb8583464f28db4 13156081f48f490eb4e0adef7b31cd62 - - default default] 10.0.0.79 "DELETE /v2.0/networks/975176f9-6111-4625-9cd1-ab6989d5d3a5 HTTP/1.1" status: 404 len: 339 time: 0.0199225
2026-07-27 23:01:42.270 10 INFO neutron.wsgi [None req-4bad1053-1ed8-4092-aba4-04a2ee8df724 ec68926ab5d14ffe8b6053af673fd21b 13fe3dea516342868c79aa93424a40e5 - - default default] 10.0.0.79 "GET /v2.0/security-groups HTTP/1.1" status: 200 len: 2996 time: 0.0509965
2026-07-27 23:01:42.335 10 INFO neutron.wsgi [None req-17f7d1e9-9384-4325-8992-63431003e003 ec68926ab5d14ffe8b6053af673fd21b 13fe3dea516342868c79aa93424a40e5 - - default default] 10.0.0.79 "GET /v2.0/security-groups HTTP/1.1" status: 200 len: 2996 time: 0.0577121
2026-07-27 23:01:42.538 10 INFO neutron.wsgi [req-e21b7db0-b43c-43ae-b65d-c9d6756ccd0f req-5c43a17d-1abb-42d6-92a2-5da8fd290905 d209e96dc3824bc5b996c67d567f9d62 fe4d4b0dbfc74b929c22fb51c35109fc - - 75534254d2f848d6999a7b6b9f59d9ca 75534254d2f848d6999a7b6b9f59d9ca] 10.0.0.134 "GET /v2.0/ports?device_id=9114ac0a-c3e5-4197-9d8d-1d6d8676a5e9 HTTP/1.1" status: 200 len: 1409 time: 0.0406251
2026-07-27 23:01:42.597 10 INFO neutron.wsgi [req-e21b7db0-b43c-43ae-b65d-c9d6756ccd0f req-aed575a7-5fce-47ae-9411-9debcf2bfd5c d209e96dc3824bc5b996c67d567f9d62 fe4d4b0dbfc74b929c22fb51c35109fc - - 75534254d2f848d6999a7b6b9f59d9ca 75534254d2f848d6999a7b6b9f59d9ca] 10.0.0.134 "GET /v2.0/security-groups?id=be6106c8-ef0e-4882-9fe4-b8d65cc1ab84&fields=id&fields=name HTTP/1.1" status: 200 len: 312 time: 0.0465059
2026-07-27 23:01:42.812 9 INFO neutron.wsgi [None req-a06e5f2b-5a80-4b9c-a352-715650e15aaf 88824c1837724493bdb8583464f28db4 13156081f48f490eb4e0adef7b31cd62 - - default default] 10.0.0.79 "GET /v2.0/networks?router%3Aexternal=True HTTP/1.1" status: 200 len: 845 time: 0.5484986
2026-07-27 23:01:42.890 10 INFO neutron.wsgi [None req-1574546a-9ffd-4e88-9bb1-5c919f666f45 88824c1837724493bdb8583464f28db4 13156081f48f490eb4e0adef7b31cd62 - - default default] 10.0.0.79 "GET /v2.0/subnets?network_id=720c3711-5f15-41fc-8eb4-2bf24df5fc44 HTTP/1.1" status: 200 len: 820 time: 0.0686276
2026-07-27 23:01:42.902 9 INFO neutron.wsgi [req-3ab109f1-7be6-477d-a1c1-4303ebf5ae08 req-63e0a4d1-e287-4f88-91bc-5b5867cce24f 46a0e4855d2a45cf9503fce6c90ac766 31093790bdd94c13a6fbc94ada70966f - - default default] 10.0.0.148 "GET /v2.0/ports?device_id=7f3e40ca-41f7-4c24-8514-1b162f488f92 HTTP/1.1" status: 200 len: 1170 time: 0.1027431
2026-07-27 23:01:42.902 10 INFO neutron.wsgi [None req-7fb3bb0e-e366-4f97-96ef-8d63589fa449 88824c1837724493bdb8583464f28db4 13156081f48f490eb4e0adef7b31cd62 - - default default] 10.0.0.79 "GET /v2.0/extensions HTTP/1.1" status: 200 len: 16520 time: 0.0077791
2026-07-27 23:01:42.945 9 INFO neutron.wsgi [req-3ab109f1-7be6-477d-a1c1-4303ebf5ae08 req-51c84643-a07b-447f-9309-be070bb809dd 46a0e4855d2a45cf9503fce6c90ac766 31093790bdd94c13a6fbc94ada70966f - - default default] 10.0.0.148 "GET /v2.0/security-groups?id=439f50d5-f9a6-4dbe-b3fb-cd64147672ee&fields=id&fields=name HTTP/1.1" status: 200 len: 313 time: 0.0369465
2026-07-27 23:01:42.989 10 INFO neutron.wsgi [None req-3efd4105-b712-411b-acf9-175f8028a39c 88824c1837724493bdb8583464f28db4 13156081f48f490eb4e0adef7b31cd62 - - default default] 10.0.0.79 "GET /v2.0/networks HTTP/1.1" status: 200 len: 1503 time: 0.0799358
2026-07-27 23:01:43.064 10 INFO neutron.wsgi [None req-3a7116cc-c5ae-46d7-b66b-5757ef34943e 88824c1837724493bdb8583464f28db4 13156081f48f490eb4e0adef7b31cd62 - - default default] 10.0.0.79 "GET /v2.0/subnets HTTP/1.1" status: 200 len: 1428 time: 0.0685179
2026-07-27 23:01:43.075 9 INFO neutron.wsgi [req-c6981e3e-634b-4bf3-aea2-717c50a7fca5 req-8cf99562-9f23-4d5e-8b7e-f8e98ed7719d 46a0e4855d2a45cf9503fce6c90ac766 31093790bdd94c13a6fbc94ada70966f - - default default] 10.0.0.148 "GET /v2.0/ports?device_id=7f3e40ca-41f7-4c24-8514-1b162f488f92 HTTP/1.1" status: 200 len: 1170 time: 0.0495820
2026-07-27 23:01:43.104 9 INFO neutron.wsgi [None req-9c54e28c-f39d-430c-a0ba-3a6e31971bcf 1bdb6d1c56fb4df4acac7dd5d0b59f48 0fbfa7a401d04bceaab07ee6f3c200ef - - default default] 10.0.0.79 "GET /v2.0/security-groups?tenant_id=13fe3dea516342868c79aa93424a40e5&name=default HTTP/1.1" status: 200 len: 2996 time: 0.1541932
2026-07-27 23:01:43.137 9 INFO neutron.wsgi [req-c6981e3e-634b-4bf3-aea2-717c50a7fca5 req-d3f98227-e443-4b19-83f7-ca088038d088 46a0e4855d2a45cf9503fce6c90ac766 31093790bdd94c13a6fbc94ada70966f - - default default] 10.0.0.148 "GET /v2.0/security-groups?id=439f50d5-f9a6-4dbe-b3fb-cd64147672ee&fields=id&fields=name HTTP/1.1" status: 200 len: 313 time: 0.0525157
2026-07-27 23:01:43.163 10 INFO neutron.wsgi [None req-98795846-5ef8-4900-80b3-dd64c30fca64 88824c1837724493bdb8583464f28db4 13156081f48f490eb4e0adef7b31cd62 - - default default] 10.0.0.79 "GET /v2.0/networks/9ed70b14-64ad-492e-ba07-5022803efee2 HTTP/1.1" status: 200 len: 862 time: 0.0914273
2026-07-27 23:01:43.211 10 INFO neutron.wsgi [None req-2d271359-ca34-4a49-a781-f31c1917df50 50a54ad64f5c40f6a04f4347c9407307 377717604bf948ad8dc132ae6a328611 - - default default] 10.0.0.79 "GET /v2.0/ports?device_id=7f3e40ca-41f7-4c24-8514-1b162f488f92 HTTP/1.1" status: 200 len: 1404 time: 0.0399833
2026-07-27 23:01:43.216 9 INFO neutron.wsgi [None req-df95092c-6650-4be4-831a-b45cc02d8e18 88824c1837724493bdb8583464f28db4 13156081f48f490eb4e0adef7b31cd62 - - default default] 10.0.0.79 "GET /v2.0/subnets/6acabb2f-3bf4-477a-8334-bceca0afe69c HTTP/1.1" status: 200 len: 811 time: 0.0460558
2026-07-27 23:01:43.237 9 INFO neutron.pecan_wsgi.hooks.translation [None req-1c439f3c-d5ea-4dbd-bd2a-5e4646308aa4 88824c1837724493bdb8583464f28db4 13156081f48f490eb4e0adef7b31cd62 - - default default] DELETE failed (client error): The resource could not be found.
2026-07-27 23:01:43.239 9 INFO neutron.wsgi [None req-1c439f3c-d5ea-4dbd-bd2a-5e4646308aa4 88824c1837724493bdb8583464f28db4 13156081f48f490eb4e0adef7b31cd62 - - default default] 10.0.0.79 "DELETE /v2.0/subnets/8a7788e3-8b0a-470c-8259-14710afe6750 HTTP/1.1" status: 404 len: 337 time: 0.0176833
2026-07-27 23:01:43.266 10 INFO neutron.pecan_wsgi.hooks.translation [None req-f702ad9d-d540-49ad-8d69-e65a4c5c6987 88824c1837724493bdb8583464f28db4 13156081f48f490eb4e0adef7b31cd62 - - default default] DELETE failed (client error): The resource could not be found.
2026-07-27 23:01:43.269 10 INFO neutron.wsgi [None req-f702ad9d-d540-49ad-8d69-e65a4c5c6987 88824c1837724493bdb8583464f28db4 13156081f48f490eb4e0adef7b31cd62 - - default default] 10.0.0.79 "DELETE /v2.0/networks/975176f9-6111-4625-9cd1-ab6989d5d3a5 HTTP/1.1" status: 404 len: 339 time: 0.0228062
2026-07-27 23:01:43.368 9 INFO neutron.wsgi [None req-50a01250-8ca8-4d57-9fa4-8f0e00686a5f 1bdb6d1c56fb4df4acac7dd5d0b59f48 0fbfa7a401d04bceaab07ee6f3c200ef - - default default] 10.0.0.79 "DELETE /v2.0/security-groups/53847c39-63df-4f2f-bf23-ff5ca02f3b54 HTTP/1.1" status: 204 len: 168 time: 0.2549081
2026-07-27 23:01:43.659 10 INFO neutron.wsgi [None req-664f84fc-12b1-4b4d-a7dc-bf2b7baf1eb1 88824c1837724493bdb8583464f28db4 13156081f48f490eb4e0adef7b31cd62 - - default default] 10.0.0.79 "DELETE /v2.0/subnets/6acabb2f-3bf4-477a-8334-bceca0afe69c HTTP/1.1" status: 204 len: 168 time: 0.3737147
2026-07-27 23:01:43.710 10 WARNING neutron.scheduler.dhcp_agent_scheduler [None req-8e9564bb-84e2-42ad-8de1-b78e2a0e8612 46a0e4855d2a45cf9503fce6c90ac766 31093790bdd94c13a6fbc94ada70966f - - default default] No more DHCP agents
2026-07-27 23:01:43.712 10 WARNING neutron.api.rpc.agentnotifiers.dhcp_rpc_agent_api [None req-8e9564bb-84e2-42ad-8de1-b78e2a0e8612 46a0e4855d2a45cf9503fce6c90ac766 31093790bdd94c13a6fbc94ada70966f - - default default] Unable to schedule network 720c3711-5f15-41fc-8eb4-2bf24df5fc44: no agents available; will retry on subsequent port and subnet creation events.
2026-07-27 23:01:43.824 10 INFO neutron.notifiers.nova [-] Nova event matching ['req-8cc8bc7c-b2f2-4578-be52-7991fee952cd'] response: {'server_uuid': '7f3e40ca-41f7-4c24-8514-1b162f488f92', 'name': 'network-vif-plugged', 'status': 'completed', 'tag': '9b74881b-7b81-450a-8a4f-8da7e9b7366a', 'code': 200}
2026-07-27 23:01:44.055 9 INFO neutron.services.segments.plugin [-] Segment 44be619c-2007-4d50-ad3a-50f64539d229 resource provider aggregate not found
2026-07-27 23:01:44.066 9 INFO neutron.services.segments.plugin [-] Segment 44be619c-2007-4d50-ad3a-50f64539d229 resource provider aggregate not found
2026-07-27 23:01:44.082 9 INFO neutron.services.segments.plugin [-] Segment 44be619c-2007-4d50-ad3a-50f64539d229 resource provider not found; error: Placement Client Error (4xx): {"errors": [{"status": 404, "title": "Not Found", "detail": "The resource could not be found.\n\n No resource provider with uuid 44be619c-2007-4d50-ad3a-50f64539d229 found for delete ", "request_id": "req-0af2b54d-d2f4-472f-9b8d-ae300ef982ec"}]}
2026-07-27 23:01:44.101 9 INFO neutron.services.segments.plugin [-] Segment 44be619c-2007-4d50-ad3a-50f64539d229 resource provider not found; error: Placement Client Error (4xx): {"errors": [{"status": 404, "title": "Not Found", "detail": "The resource could not be found.\n\n No resource provider with uuid 44be619c-2007-4d50-ad3a-50f64539d229 found for delete ", "request_id": "req-1bd9058f-c1de-48ff-90c7-be6a70401f48"}]}
2026-07-27 23:01:44.150 9 INFO neutron.wsgi [None req-d1784aab-5970-4050-ba41-b98ad911eb5d 88824c1837724493bdb8583464f28db4 13156081f48f490eb4e0adef7b31cd62 - - default default] 10.0.0.79 "DELETE /v2.0/networks/9ed70b14-64ad-492e-ba07-5022803efee2 HTTP/1.1" status: 204 len: 168 time: 0.4832911
2026-07-27 23:01:44.218 10 INFO neutron.db.l3_db [None req-8e9564bb-84e2-42ad-8de1-b78e2a0e8612 46a0e4855d2a45cf9503fce6c90ac766 31093790bdd94c13a6fbc94ada70966f - - default default] Floating IP aee63989-d217-42ce-9b4d-fb8a1ccee506 associated. External IP: 10.96.250.210, port: 9b74881b-7b81-450a-8a4f-8da7e9b7366a.
2026-07-27 23:01:44.522 10 INFO neutron.db.ovn_revision_numbers_db [None req-8e9564bb-84e2-42ad-8de1-b78e2a0e8612 46a0e4855d2a45cf9503fce6c90ac766 31093790bdd94c13a6fbc94ada70966f - - default default] Successfully bumped revision number for resource aee63989-d217-42ce-9b4d-fb8a1ccee506 (type: floatingips) to 0
2026-07-27 23:01:44.658 10 INFO neutron.db.ovn_revision_numbers_db [None req-8e9564bb-84e2-42ad-8de1-b78e2a0e8612 46a0e4855d2a45cf9503fce6c90ac766 31093790bdd94c13a6fbc94ada70966f - - default default] Successfully bumped revision number for resource aee63989-d217-42ce-9b4d-fb8a1ccee506 (type: floatingips) to 1
2026-07-27 23:01:44.746 10 INFO neutron.wsgi [None req-8e9564bb-84e2-42ad-8de1-b78e2a0e8612 46a0e4855d2a45cf9503fce6c90ac766 31093790bdd94c13a6fbc94ada70966f - - default default] 10.0.0.79 "POST /v2.0/floatingips HTTP/1.1" status: 201 len: 1054 time: 1.5293260 /var/lib/openstack/lib/python3.10/site-packages/pycadf/identifier.py:71: UserWarning: Invalid uuid: neutron. To ensure interoperability, identifiers should be a valid uuid. warnings.warn(('Invalid uuid: %s. To ensure interoperability, '
2026-07-27 23:01:44.799 10 INFO neutron.wsgi [None req-90083ba6-6d3b-49b6-b2ce-d3d7bbddcc2a 46a0e4855d2a45cf9503fce6c90ac766 31093790bdd94c13a6fbc94ada70966f - - default default] 10.0.0.79 "GET /v2.0/floatingips/aee63989-d217-42ce-9b4d-fb8a1ccee506 HTTP/1.1" status: 200 len: 1051 time: 0.0454659
2026-07-27 23:01:44.860 10 INFO neutron.wsgi [None req-f660bd75-c71d-4742-a601-38e0045be9d8 1bdb6d1c56fb4df4acac7dd5d0b59f48 0fbfa7a401d04bceaab07ee6f3c200ef - - default default] 10.0.0.79 "GET /v2.0/security-groups?tenant_id=13156081f48f490eb4e0adef7b31cd62&name=default HTTP/1.1" status: 200 len: 2996 time: 0.2031038
2026-07-27 23:01:45.106 10 INFO neutron.wsgi [None req-be6d4694-0467-4e64-992f-626531675fdf 1bdb6d1c56fb4df4acac7dd5d0b59f48 0fbfa7a401d04bceaab07ee6f3c200ef - - default default] 10.0.0.79 "DELETE /v2.0/security-groups/f3f8c101-0624-42b7-8632-cca0c77e098f HTTP/1.1" status: 204 len: 168 time: 0.2382710
2026-07-27 23:01:45.871 10 INFO neutron.notifiers.nova [-] Nova event matching ['req-15b0eda9-a0c5-4a8a-9fd3-6cb0224a6b1f'] response: {'name': 'network-changed', 'server_uuid': '7f3e40ca-41f7-4c24-8514-1b162f488f92', 'tag': '9b74881b-7b81-450a-8a4f-8da7e9b7366a', 'status': 'completed', 'code': 200}
2026-07-27 23:01:45.934 9 INFO neutron.wsgi [req-c4401d30-e2fb-4d99-90e2-07665a3168b3 req-cc598a24-951e-4db9-95c3-9dcc2ad8bb75 d209e96dc3824bc5b996c67d567f9d62 fe4d4b0dbfc74b929c22fb51c35109fc - - 75534254d2f848d6999a7b6b9f59d9ca 75534254d2f848d6999a7b6b9f59d9ca] 199.204.45.138 "GET /v2.0/ports?tenant_id=31093790bdd94c13a6fbc94ada70966f&device_id=7f3e40ca-41f7-4c24-8514-1b162f488f92 HTTP/1.1" status: 200 len: 1409 time: 0.0421739
2026-07-27 23:01:46.023 9 INFO neutron.wsgi [req-c4401d30-e2fb-4d99-90e2-07665a3168b3 req-4944d6c1-9a10-43a6-aca8-5a712ea9ef53 d209e96dc3824bc5b996c67d567f9d62 fe4d4b0dbfc74b929c22fb51c35109fc - - 75534254d2f848d6999a7b6b9f59d9ca 75534254d2f848d6999a7b6b9f59d9ca] 199.204.45.138 "GET /v2.0/networks?id=13aae2d3-f549-46c7-bef3-f0778826474f HTTP/1.1" status: 200 len: 959 time: 0.0830739
2026-07-27 23:01:46.083 9 INFO neutron.wsgi [req-c4401d30-e2fb-4d99-90e2-07665a3168b3 req-c7f99ca8-8c7a-4c98-af13-fcb467e50b57 d209e96dc3824bc5b996c67d567f9d62 fe4d4b0dbfc74b929c22fb51c35109fc - - 75534254d2f848d6999a7b6b9f59d9ca 75534254d2f848d6999a7b6b9f59d9ca] 199.204.45.138 "GET /v2.0/floatingips?fixed_ip_address=10.100.0.3&port_id=9b74881b-7b81-450a-8a4f-8da7e9b7366a HTTP/1.1" status: 200 len: 1059 time: 0.0541670
2026-07-27 23:01:46.134 9 INFO neutron.wsgi [req-c4401d30-e2fb-4d99-90e2-07665a3168b3 req-b7a2d379-8a43-468e-85d4-d1e38792079c d209e96dc3824bc5b996c67d567f9d62 fe4d4b0dbfc74b929c22fb51c35109fc - - 75534254d2f848d6999a7b6b9f59d9ca 75534254d2f848d6999a7b6b9f59d9ca] 199.204.45.138 "GET /v2.0/subnets?id=4d46da3e-44ee-471b-ba19-fe7b390e39ca HTTP/1.1" status: 200 len: 853 time: 0.0432835
2026-07-27 23:01:46.166 9 INFO neutron.wsgi [req-c4401d30-e2fb-4d99-90e2-07665a3168b3 req-3c9fc112-ec70-4fcb-b8ae-e3a4a9b5b106 d209e96dc3824bc5b996c67d567f9d62 fe4d4b0dbfc74b929c22fb51c35109fc - - 75534254d2f848d6999a7b6b9f59d9ca 75534254d2f848d6999a7b6b9f59d9ca] 199.204.45.138 "GET /v2.0/ports?network_id=13aae2d3-f549-46c7-bef3-f0778826474f&device_owner=network%3Adhcp HTTP/1.1" status: 200 len: 210 time: 0.0246453
2026-07-27 23:01:46.245 9 INFO neutron.wsgi [req-c4401d30-e2fb-4d99-90e2-07665a3168b3 req-a58c498f-683b-44ff-adc5-d8bdb20b91f2 d209e96dc3824bc5b996c67d567f9d62 fe4d4b0dbfc74b929c22fb51c35109fc - - 75534254d2f848d6999a7b6b9f59d9ca 75534254d2f848d6999a7b6b9f59d9ca] 199.204.45.138 "GET /v2.0/networks/13aae2d3-f549-46c7-bef3-f0778826474f?fields=segments HTTP/1.1" status: 200 len: 212 time: 0.0709271
2026-07-27 23:01:46.314 9 INFO neutron.wsgi [req-c4401d30-e2fb-4d99-90e2-07665a3168b3 req-1e497f50-aec1-428d-af76-23e077adaa8c d209e96dc3824bc5b996c67d567f9d62 fe4d4b0dbfc74b929c22fb51c35109fc - - 75534254d2f848d6999a7b6b9f59d9ca 75534254d2f848d6999a7b6b9f59d9ca] 199.204.45.138 "GET /v2.0/networks/13aae2d3-f549-46c7-bef3-f0778826474f?fields=provider%3Aphysical_network&fields=provider%3Anetwork_type HTTP/1.1" status: 200 len: 277 time: 0.0600438
2026-07-27 23:01:46.787 9 INFO neutron.wsgi [req-5dc11e2e-effb-45e4-b6ca-12bd8d4e1cab req-1c931d70-843d-4756-a170-dce9c2e6f42c ff01a37c8d7d474ab3c11514b3b3eec2 375ee55170c546359a8e2f2f0da07953 - - default default] 10.0.0.148 "GET /v2.0/ports?device_id=9114ac0a-c3e5-4197-9d8d-1d6d8676a5e9 HTTP/1.1" status: 200 len: 1170 time: 0.0998571
2026-07-27 23:01:46.837 9 INFO neutron.wsgi [req-5dc11e2e-effb-45e4-b6ca-12bd8d4e1cab req-6bc5a4ff-0455-4bf3-b5f0-ab13dc4d5f44 ff01a37c8d7d474ab3c11514b3b3eec2 375ee55170c546359a8e2f2f0da07953 - - default default] 10.0.0.148 "GET /v2.0/security-groups?id=be6106c8-ef0e-4882-9fe4-b8d65cc1ab84&fields=id&fields=name HTTP/1.1" status: 200 len: 312 time: 0.0397277
2026-07-27 23:01:47.106 9 INFO neutron.wsgi [req-dd650c2a-93ea-44da-817d-825609ca26db req-4f7ddae8-b3ca-430c-8097-5381469d8893 ff01a37c8d7d474ab3c11514b3b3eec2 375ee55170c546359a8e2f2f0da07953 - - default default] 10.0.0.148 "GET /v2.0/ports?device_id=9114ac0a-c3e5-4197-9d8d-1d6d8676a5e9 HTTP/1.1" status: 200 len: 1170 time: 0.0779090
2026-07-27 23:01:47.108 10 INFO neutron.plugins.ml2.drivers.ovn.mech_driver.mech_driver [None req-ecdc94dd-4d56-43b7-b2f3-ca67427ed8e7 - - - - - -] OVN reports status down for port: 49e59076-e687-40b5-956a-5273cf77ca08
2026-07-27 23:01:47.163 9 INFO neutron.wsgi [req-dd650c2a-93ea-44da-817d-825609ca26db req-fd1e1714-ac37-4f5b-82bb-5000389e69a5 ff01a37c8d7d474ab3c11514b3b3eec2 375ee55170c546359a8e2f2f0da07953 - - default default] 10.0.0.148 "GET /v2.0/security-groups?id=be6106c8-ef0e-4882-9fe4-b8d65cc1ab84&fields=id&fields=name HTTP/1.1" status: 200 len: 312 time: 0.0508814
2026-07-27 23:01:47.358 10 INFO neutron.wsgi [None req-de82eaeb-f086-4a0a-a51a-9e6b08c8234f 72a8d6a21b26460591d543405a1ad764 a22e5365abe04cad9d522a5754711035 - - default default] 10.0.0.79 "POST /v2.0/subnetpools HTTP/1.1" status: 201 len: 748 time: 0.3198595
2026-07-27 23:01:47.423 10 INFO neutron.wsgi [None req-1d7ebf3a-b655-4043-97f8-e11804819c7e 72a8d6a21b26460591d543405a1ad764 a22e5365abe04cad9d522a5754711035 - - default default] 10.0.0.79 "GET /v2.0/subnetpools/a880f575-50ca-4c09-b17e-4482d4a21576 HTTP/1.1" status: 200 len: 743 time: 0.0571430
2026-07-27 23:01:47.471 9 INFO neutron.wsgi [req-d198d141-7774-43fc-a33e-bffb238a551d req-139585e9-cb48-43d7-9e84-2acac5fabb2b ff01a37c8d7d474ab3c11514b3b3eec2 375ee55170c546359a8e2f2f0da07953 - - default default] 199.204.45.138 "GET /v2.0/ports?device_id=9114ac0a-c3e5-4197-9d8d-1d6d8676a5e9 HTTP/1.1" status: 200 len: 1168 time: 0.0578728
2026-07-27 23:01:47.519 10 INFO neutron.db.ovn_revision_numbers_db [None req-ecdc94dd-4d56-43b7-b2f3-ca67427ed8e7 - - - - - -] Successfully bumped revision number for resource 49e59076-e687-40b5-956a-5273cf77ca08 (type: ports) to 7
2026-07-27 23:01:47.536 10 INFO neutron.wsgi [None req-e3b015db-da47-42e6-bcaa-68c06c1c0d82 72a8d6a21b26460591d543405a1ad764 a22e5365abe04cad9d522a5754711035 - - default default] 10.0.0.79 "PUT /v2.0/subnetpools/a880f575-50ca-4c09-b17e-4482d4a21576 HTTP/1.1" status: 200 len: 695 time: 0.1086426
2026-07-27 23:01:47.638 10 INFO neutron.wsgi [None req-922161ff-7dc1-4946-b809-a1a2e068f10c 72a8d6a21b26460591d543405a1ad764 a22e5365abe04cad9d522a5754711035 - - default default] 10.0.0.79 "DELETE /v2.0/subnetpools/a880f575-50ca-4c09-b17e-4482d4a21576 HTTP/1.1" status: 204 len: 168 time: 0.0959167 /var/lib/openstack/lib/python3.10/site-packages/pycadf/identifier.py:71: UserWarning: Invalid uuid: neutron. To ensure interoperability, identifiers should be a valid uuid. warnings.warn(('Invalid uuid: %s. To ensure interoperability, '
2026-07-27 23:01:47.655 10 INFO neutron.api.v2.resource [None req-9f922f87-b13b-4b50-9e47-4577598ec9f6 72a8d6a21b26460591d543405a1ad764 a22e5365abe04cad9d522a5754711035 - - default default] show failed (client error): The resource could not be found.
2026-07-27 23:01:47.656 10 INFO neutron.wsgi [None req-9f922f87-b13b-4b50-9e47-4577598ec9f6 72a8d6a21b26460591d543405a1ad764 a22e5365abe04cad9d522a5754711035 - - default default] 10.0.0.79 "GET /v2.0/subnetpools/a880f575-50ca-4c09-b17e-4482d4a21576 HTTP/1.1" status: 404 len: 346 time: 0.0127006
2026-07-27 23:01:47.674 10 INFO neutron.api.v2.resource [None req-928f28fa-3410-4b26-9ad2-db04e0c40263 72a8d6a21b26460591d543405a1ad764 a22e5365abe04cad9d522a5754711035 - - default default] delete failed (client error): The resource could not be found.
2026-07-27 23:01:47.675 10 INFO neutron.wsgi [None req-928f28fa-3410-4b26-9ad2-db04e0c40263 72a8d6a21b26460591d543405a1ad764 a22e5365abe04cad9d522a5754711035 - - default default] 10.0.0.79 "DELETE /v2.0/subnetpools/a880f575-50ca-4c09-b17e-4482d4a21576 HTTP/1.1" status: 404 len: 346 time: 0.0142703
2026-07-27 23:01:47.840 9 INFO neutron.db.l3_db [req-d198d141-7774-43fc-a33e-bffb238a551d req-bd6c7327-bea7-4f0b-815f-c0be76784f4d ff01a37c8d7d474ab3c11514b3b3eec2 375ee55170c546359a8e2f2f0da07953 - - default default] Floating IP 08da1aa7-821f-4c3a-b322-005091e6127c disassociated. External IP: 10.96.250.217, port: 49e59076-e687-40b5-956a-5273cf77ca08.
2026-07-27 23:01:47.910 10 INFO neutron.notifiers.nova [-] Nova event matching ['req-0e260b41-7e3c-49aa-960f-741fb3b17152'] response: {'server_uuid': '9114ac0a-c3e5-4197-9d8d-1d6d8676a5e9', 'name': 'network-vif-unplugged', 'status': 'completed', 'tag': '49e59076-e687-40b5-956a-5273cf77ca08', 'code': 200}
2026-07-27 23:01:47.910 10 INFO neutron.notifiers.nova [-] Nova event matching ['req-0e260b41-7e3c-49aa-960f-741fb3b17152'] response: {'server_uuid': '9114ac0a-c3e5-4197-9d8d-1d6d8676a5e9', 'name': 'network-vif-plugged', 'status': 'completed', 'tag': '49e59076-e687-40b5-956a-5273cf77ca08', 'code': 200}
2026-07-27 23:01:48.048 9 INFO neutron.wsgi [req-d198d141-7774-43fc-a33e-bffb238a551d req-bd6c7327-bea7-4f0b-815f-c0be76784f4d ff01a37c8d7d474ab3c11514b3b3eec2 375ee55170c546359a8e2f2f0da07953 - - default default] 199.204.45.138 "DELETE /v2.0/ports/49e59076-e687-40b5-956a-5273cf77ca08 HTTP/1.1" status: 204 len: 173 time: 0.5700204
2026-07-27 23:01:48.103 9 INFO neutron.notifiers.nova [-] Nova event matching ['req-b7f14393-3eb8-48c7-bfde-2c03430bc13a'] response: {'server_uuid': '9114ac0a-c3e5-4197-9d8d-1d6d8676a5e9', 'name': 'network-vif-deleted', 'tag': '49e59076-e687-40b5-956a-5273cf77ca08', 'status': 'completed', 'code': 200} /var/lib/openstack/lib/python3.10/site-packages/pycadf/identifier.py:71: UserWarning: Invalid uuid: neutron. To ensure interoperability, identifiers should be a valid uuid. warnings.warn(('Invalid uuid: %s. To ensure interoperability, '
2026-07-27 23:01:48.280 9 INFO neutron.wsgi [req-f5ab9af2-72f3-40e1-acc2-0a49a7c8ed6a req-91450e4b-b1b8-47d7-9f7c-bbbb64427e20 ff01a37c8d7d474ab3c11514b3b3eec2 375ee55170c546359a8e2f2f0da07953 - - default default] 10.0.0.148 "GET /v2.0/ports?device_id=9114ac0a-c3e5-4197-9d8d-1d6d8676a5e9 HTTP/1.1" status: 200 len: 210 time: 0.0389419
2026-07-27 23:01:48.505 9 INFO neutron.db.ovn_revision_numbers_db [None req-a73c683c-e121-47de-9b9b-f307e844c8a0 1bdb6d1c56fb4df4acac7dd5d0b59f48 0fbfa7a401d04bceaab07ee6f3c200ef - - default default] Successfully bumped revision number for resource e8c55689-21fa-46ca-8b9b-651d5f1fe717 (type: security_groups) to 1
2026-07-27 23:01:48.531 9 INFO neutron.db.ovn_revision_numbers_db [None req-a73c683c-e121-47de-9b9b-f307e844c8a0 1bdb6d1c56fb4df4acac7dd5d0b59f48 0fbfa7a401d04bceaab07ee6f3c200ef - - default default] Successfully bumped revision number for resource 0417f8b8-452d-4411-8eda-3869373fb620 (type: security_group_rules) to 0
2026-07-27 23:01:48.543 9 INFO neutron.db.ovn_revision_numbers_db [None req-a73c683c-e121-47de-9b9b-f307e844c8a0 1bdb6d1c56fb4df4acac7dd5d0b59f48 0fbfa7a401d04bceaab07ee6f3c200ef - - default default] Successfully bumped revision number for resource 86d3c1c1-74f9-4c0f-9176-bfb3c5470706 (type: security_group_rules) to 0
2026-07-27 23:01:48.557 9 INFO neutron.db.ovn_revision_numbers_db [None req-a73c683c-e121-47de-9b9b-f307e844c8a0 1bdb6d1c56fb4df4acac7dd5d0b59f48 0fbfa7a401d04bceaab07ee6f3c200ef - - default default] Successfully bumped revision number for resource a9a75f05-75b4-42ce-ad01-2857a4090057 (type: security_group_rules) to 0
2026-07-27 23:01:48.572 9 INFO neutron.db.ovn_revision_numbers_db [None req-a73c683c-e121-47de-9b9b-f307e844c8a0 1bdb6d1c56fb4df4acac7dd5d0b59f48 0fbfa7a401d04bceaab07ee6f3c200ef - - default default] Successfully bumped revision number for resource b7143cdb-9c8f-4fd5-9495-7b70c7b9e697 (type: security_group_rules) to 0
2026-07-27 23:01:48.598 9 INFO neutron.wsgi [None req-a73c683c-e121-47de-9b9b-f307e844c8a0 1bdb6d1c56fb4df4acac7dd5d0b59f48 0fbfa7a401d04bceaab07ee6f3c200ef - - default default] 10.0.0.79 "GET /v2.0/security-groups?tenant_id=a22e5365abe04cad9d522a5754711035&name=default HTTP/1.1" status: 200 len: 2996 time: 0.3829541
2026-07-27 23:01:48.801 9 INFO neutron.wsgi [None req-d5d2be41-a866-486a-bc71-aac6764738fb 1bdb6d1c56fb4df4acac7dd5d0b59f48 0fbfa7a401d04bceaab07ee6f3c200ef - - default default] 10.0.0.79 "DELETE /v2.0/security-groups/e8c55689-21fa-46ca-8b9b-651d5f1fe717 HTTP/1.1" status: 204 len: 168 time: 0.1964030
2026-07-27 23:01:49.542 9 INFO neutron.wsgi [None req-841c81a5-2a48-4f1c-8bdb-43a52beda196 ff01a37c8d7d474ab3c11514b3b3eec2 375ee55170c546359a8e2f2f0da07953 - - default default] 10.0.0.79 "DELETE /v2.0/security-groups/be6106c8-ef0e-4882-9fe4-b8d65cc1ab84 HTTP/1.1" status: 204 len: 168 time: 0.1609573
2026-07-27 23:01:49.561 9 INFO neutron.api.v2.resource [None req-99605a2a-4460-4ffc-8d96-c76bc5cc67a3 ff01a37c8d7d474ab3c11514b3b3eec2 375ee55170c546359a8e2f2f0da07953 - - default default] show failed (client error): The resource could not be found.
2026-07-27 23:01:49.563 9 INFO neutron.wsgi [None req-99605a2a-4460-4ffc-8d96-c76bc5cc67a3 ff01a37c8d7d474ab3c11514b3b3eec2 375ee55170c546359a8e2f2f0da07953 - - default default] 10.0.0.79 "GET /v2.0/security-groups/be6106c8-ef0e-4882-9fe4-b8d65cc1ab84 HTTP/1.1" status: 404 len: 347 time: 0.0142345
2026-07-27 23:01:49.928 9 INFO neutron.wsgi [None req-fb3a577c-e576-4683-bc95-d91ce0c296f3 ff01a37c8d7d474ab3c11514b3b3eec2 375ee55170c546359a8e2f2f0da07953 - - default default] 10.0.0.79 "DELETE /v2.0/floatingips/08da1aa7-821f-4c3a-b322-005091e6127c HTTP/1.1" status: 204 len: 168 time: 0.3593204
2026-07-27 23:01:49.975 9 INFO neutron.db.ovn_revision_numbers_db [None req-437d2f07-d781-4529-8b2f-54336a54835c 1bdb6d1c56fb4df4acac7dd5d0b59f48 0fbfa7a401d04bceaab07ee6f3c200ef - - default default] Successfully bumped revision number for resource 3c1d033f-c083-453a-aad1-5ec9f2a4091e (type: security_groups) to 1
2026-07-27 23:01:49.986 9 INFO neutron.db.ovn_revision_numbers_db [None req-437d2f07-d781-4529-8b2f-54336a54835c 1bdb6d1c56fb4df4acac7dd5d0b59f48 0fbfa7a401d04bceaab07ee6f3c200ef - - default default] Successfully bumped revision number for resource 06d30c33-42dc-4f6e-ab40-34d610811941 (type: security_group_rules) to 0
2026-07-27 23:01:49.999 9 INFO neutron.db.ovn_revision_numbers_db [None req-437d2f07-d781-4529-8b2f-54336a54835c 1bdb6d1c56fb4df4acac7dd5d0b59f48 0fbfa7a401d04bceaab07ee6f3c200ef - - default default] Successfully bumped revision number for resource 11674220-58eb-41b5-9417-208061acc7fd (type: security_group_rules) to 0
2026-07-27 23:01:50.015 9 INFO neutron.db.ovn_revision_numbers_db [None req-437d2f07-d781-4529-8b2f-54336a54835c 1bdb6d1c56fb4df4acac7dd5d0b59f48 0fbfa7a401d04bceaab07ee6f3c200ef - - default default] Successfully bumped revision number for resource 5b199b33-bf9a-482f-9c99-16c13bfce5e4 (type: security_group_rules) to 0
2026-07-27 23:01:50.030 9 INFO neutron.db.ovn_revision_numbers_db [None req-437d2f07-d781-4529-8b2f-54336a54835c 1bdb6d1c56fb4df4acac7dd5d0b59f48 0fbfa7a401d04bceaab07ee6f3c200ef - - default default] Successfully bumped revision number for resource ffef6007-80f0-4f67-91a5-e3a7fe1b731a (type: security_group_rules) to 0
2026-07-27 23:01:50.074 9 INFO neutron.wsgi [None req-437d2f07-d781-4529-8b2f-54336a54835c 1bdb6d1c56fb4df4acac7dd5d0b59f48 0fbfa7a401d04bceaab07ee6f3c200ef - - default default] 10.0.0.79 "GET /v2.0/security-groups?tenant_id=a6328e07b04b4ef1a3a378e63b7b6a89&name=default HTTP/1.1" status: 200 len: 2996 time: 0.4266782
2026-07-27 23:01:50.369 9 INFO neutron.wsgi [None req-dcae8546-259e-4dd0-8d56-fe2502941448 1bdb6d1c56fb4df4acac7dd5d0b59f48 0fbfa7a401d04bceaab07ee6f3c200ef - - default default] 10.0.0.79 "DELETE /v2.0/security-groups/3c1d033f-c083-453a-aad1-5ec9f2a4091e HTTP/1.1" status: 204 len: 168 time: 0.2884347
2026-07-27 23:01:50.844 10 INFO neutron.db.ovn_revision_numbers_db [None req-14be1176-d5d5-42e2-98c3-0818f64c82b3 1bdb6d1c56fb4df4acac7dd5d0b59f48 0fbfa7a401d04bceaab07ee6f3c200ef - - default default] Successfully bumped revision number for resource d1665cf2-02b0-468f-b0d6-beb6022f7459 (type: security_groups) to 1
2026-07-27 23:01:50.865 10 INFO neutron.db.ovn_revision_numbers_db [None req-14be1176-d5d5-42e2-98c3-0818f64c82b3 1bdb6d1c56fb4df4acac7dd5d0b59f48 0fbfa7a401d04bceaab07ee6f3c200ef - - default default] Successfully bumped revision number for resource 04dbc4c3-ef7b-45b1-b8df-f9ac540f77f0 (type: security_group_rules) to 0
2026-07-27 23:01:50.895 10 INFO neutron.db.ovn_revision_numbers_db [None req-14be1176-d5d5-42e2-98c3-0818f64c82b3 1bdb6d1c56fb4df4acac7dd5d0b59f48 0fbfa7a401d04bceaab07ee6f3c200ef - - default default] Successfully bumped revision number for resource 9e42a53d-ad0f-4e92-bd22-03514871548d (type: security_group_rules) to 0
2026-07-27 23:01:50.918 10 INFO neutron.db.ovn_revision_numbers_db [None req-14be1176-d5d5-42e2-98c3-0818f64c82b3 1bdb6d1c56fb4df4acac7dd5d0b59f48 0fbfa7a401d04bceaab07ee6f3c200ef - - default default] Successfully bumped revision number for resource cbb9fdca-4119-4849-aebb-970cbd42abc0 (type: security_group_rules) to 0
2026-07-27 23:01:50.943 10 INFO neutron.db.ovn_revision_numbers_db [None req-14be1176-d5d5-42e2-98c3-0818f64c82b3 1bdb6d1c56fb4df4acac7dd5d0b59f48 0fbfa7a401d04bceaab07ee6f3c200ef - - default default] Successfully bumped revision number for resource dc702ce0-eed6-4dad-8779-ee99e97fae4c (type: security_group_rules) to 0
2026-07-27 23:01:50.973 10 INFO neutron.wsgi [None req-14be1176-d5d5-42e2-98c3-0818f64c82b3 1bdb6d1c56fb4df4acac7dd5d0b59f48 0fbfa7a401d04bceaab07ee6f3c200ef - - default default] 10.0.0.79 "GET /v2.0/security-groups?tenant_id=316f6c967473439b9680ac40de6ba86c&name=default HTTP/1.1" status: 200 len: 2996 time: 0.3309367
2026-07-27 23:01:51.271 9 INFO neutron.wsgi [None req-46836531-0474-409d-b340-552c9e2e3725 1bdb6d1c56fb4df4acac7dd5d0b59f48 0fbfa7a401d04bceaab07ee6f3c200ef - - default default] 10.0.0.79 "DELETE /v2.0/security-groups/d1665cf2-02b0-468f-b0d6-beb6022f7459 HTTP/1.1" status: 204 len: 168 time: 0.2909405
2026-07-27 23:01:51.631 10 INFO neutron.wsgi [None req-b503a137-0b88-4f26-a7d4-057fd8a53889 1bdb6d1c56fb4df4acac7dd5d0b59f48 0fbfa7a401d04bceaab07ee6f3c200ef - - default default] 10.0.0.79 "PUT /v2.0/routers/fed06896-945b-4536-b637-fb9807226fde/remove_router_interface HTTP/1.1" status: 200 len: 503 time: 1.6941981
2026-07-27 23:01:52.354 9 INFO neutron.wsgi [None req-98744803-352b-4fe3-88a1-4f252ce62785 1bdb6d1c56fb4df4acac7dd5d0b59f48 0fbfa7a401d04bceaab07ee6f3c200ef - - default default] 10.0.0.79 "DELETE /v2.0/routers/fed06896-945b-4536-b637-fb9807226fde HTTP/1.1" status: 204 len: 168 time: 0.7164469 /var/lib/openstack/lib/python3.10/site-packages/pycadf/identifier.py:71: UserWarning: Invalid uuid: neutron. To ensure interoperability, identifiers should be a valid uuid. warnings.warn(('Invalid uuid: %s. To ensure interoperability, '
2026-07-27 23:01:52.558 10 INFO neutron.wsgi [req-0428002e-8380-4db6-9920-46de654dc6af req-8e239cbf-383d-48af-b7c5-1101a020c1b6 d209e96dc3824bc5b996c67d567f9d62 fe4d4b0dbfc74b929c22fb51c35109fc - - 75534254d2f848d6999a7b6b9f59d9ca 75534254d2f848d6999a7b6b9f59d9ca] 10.0.0.134 "GET /v2.0/ports?device_id=7f3e40ca-41f7-4c24-8514-1b162f488f92 HTTP/1.1" status: 200 len: 1409 time: 0.0593872
2026-07-27 23:01:52.607 9 INFO neutron.wsgi [None req-273ef74d-85cc-4235-81ec-85c96a143484 1bdb6d1c56fb4df4acac7dd5d0b59f48 0fbfa7a401d04bceaab07ee6f3c200ef - - default default] 10.0.0.79 "DELETE /v2.0/subnets/61d74085-1da8-4567-b3e5-9609eedacfa9 HTTP/1.1" status: 204 len: 168 time: 0.2462828
2026-07-27 23:01:52.609 10 INFO neutron.wsgi [req-0428002e-8380-4db6-9920-46de654dc6af req-8061b018-b58b-4a1e-940e-c62efc15a218 d209e96dc3824bc5b996c67d567f9d62 fe4d4b0dbfc74b929c22fb51c35109fc - - 75534254d2f848d6999a7b6b9f59d9ca 75534254d2f848d6999a7b6b9f59d9ca] 10.0.0.134 "GET /v2.0/security-groups?id=439f50d5-f9a6-4dbe-b3fb-cd64147672ee&fields=id&fields=name HTTP/1.1" status: 200 len: 313 time: 0.0448780
2026-07-27 23:01:52.857 10 INFO neutron.db.ovn_revision_numbers_db [None req-48b19fa2-c6dd-4c31-ae1e-db5f9386f485 1bdb6d1c56fb4df4acac7dd5d0b59f48 0fbfa7a401d04bceaab07ee6f3c200ef - - default default] Successfully bumped revision number for resource e3a50b05-a847-42f6-a2b0-43f22401c0ec (type: security_groups) to 1
2026-07-27 23:01:52.870 10 INFO neutron.db.ovn_revision_numbers_db [None req-48b19fa2-c6dd-4c31-ae1e-db5f9386f485 1bdb6d1c56fb4df4acac7dd5d0b59f48 0fbfa7a401d04bceaab07ee6f3c200ef - - default default] Successfully bumped revision number for resource bff35f02-60c3-4bf0-b77f-51364cb35e7d (type: security_group_rules) to 0
2026-07-27 23:01:52.888 10 INFO neutron.db.ovn_revision_numbers_db [None req-48b19fa2-c6dd-4c31-ae1e-db5f9386f485 1bdb6d1c56fb4df4acac7dd5d0b59f48 0fbfa7a401d04bceaab07ee6f3c200ef - - default default] Successfully bumped revision number for resource c552cb53-199a-4523-8fb6-708aa21b0749 (type: security_group_rules) to 0
2026-07-27 23:01:52.911 10 INFO neutron.db.ovn_revision_numbers_db [None req-48b19fa2-c6dd-4c31-ae1e-db5f9386f485 1bdb6d1c56fb4df4acac7dd5d0b59f48 0fbfa7a401d04bceaab07ee6f3c200ef - - default default] Successfully bumped revision number for resource d2f436de-67da-4dcd-bb92-588947167dc8 (type: security_group_rules) to 0
2026-07-27 23:01:52.934 10 INFO neutron.db.ovn_revision_numbers_db [None req-48b19fa2-c6dd-4c31-ae1e-db5f9386f485 1bdb6d1c56fb4df4acac7dd5d0b59f48 0fbfa7a401d04bceaab07ee6f3c200ef - - default default] Successfully bumped revision number for resource fc871843-63b2-42bb-a877-7b8e56b8eb41 (type: security_group_rules) to 0
2026-07-27 23:01:52.961 9 INFO neutron.services.segments.plugin [-] Segment 41465f2c-dd9c-435c-8121-e97645758a89 resource provider aggregate not found
2026-07-27 23:01:52.966 9 INFO neutron.services.segments.plugin [-] Segment 41465f2c-dd9c-435c-8121-e97645758a89 resource provider aggregate not found
2026-07-27 23:01:52.970 10 INFO neutron.wsgi [None req-48b19fa2-c6dd-4c31-ae1e-db5f9386f485 1bdb6d1c56fb4df4acac7dd5d0b59f48 0fbfa7a401d04bceaab07ee6f3c200ef - - default default] 10.0.0.79 "GET /v2.0/security-groups?tenant_id=f2b4cd8617e14bfd8abe8c44ffc41201&name=default HTTP/1.1" status: 200 len: 2996 time: 0.4492092
2026-07-27 23:01:52.985 9 INFO neutron.services.segments.plugin [-] Segment 41465f2c-dd9c-435c-8121-e97645758a89 resource provider not found; error: Placement Client Error (4xx): {"errors": [{"status": 404, "title": "Not Found", "detail": "The resource could not be found.\n\n No resource provider with uuid 41465f2c-dd9c-435c-8121-e97645758a89 found for delete ", "request_id": "req-2d393b7d-ecb7-4438-94da-7e46e1b5fe99"}]}
2026-07-27 23:01:52.987 9 INFO neutron.services.segments.plugin [-] Segment 41465f2c-dd9c-435c-8121-e97645758a89 resource provider not found; error: Placement Client Error (4xx): {"errors": [{"status": 404, "title": "Not Found", "detail": "The resource could not be found.\n\n No resource provider with uuid 41465f2c-dd9c-435c-8121-e97645758a89 found for delete ", "request_id": "req-8920dfb2-42c0-4582-a6dc-f6155774504c"}]}
2026-07-27 23:01:53.009 9 INFO neutron.wsgi [None req-4ecf1ac5-f38b-4ee5-ba45-aece3a477a8f 1bdb6d1c56fb4df4acac7dd5d0b59f48 0fbfa7a401d04bceaab07ee6f3c200ef - - default default] 10.0.0.79 "DELETE /v2.0/networks/f7962ea9-dd00-433a-a94f-67380ec75948 HTTP/1.1" status: 204 len: 168 time: 0.3967657
2026-07-27 23:01:53.193 10 INFO neutron.wsgi [None req-10719fbd-2d67-476e-9042-f006e3349ade 1bdb6d1c56fb4df4acac7dd5d0b59f48 0fbfa7a401d04bceaab07ee6f3c200ef - - default default] 10.0.0.79 "DELETE /v2.0/security-groups/e3a50b05-a847-42f6-a2b0-43f22401c0ec HTTP/1.1" status: 204 len: 168 time: 0.2193027
2026-07-27 23:01:53.245 10 INFO neutron.wsgi [None req-551f4175-4076-4d80-98c8-a4dac22f4b13 1bdb6d1c56fb4df4acac7dd5d0b59f48 0fbfa7a401d04bceaab07ee6f3c200ef - - default default] 10.0.0.79 "GET /v2.0/security-groups?tenant_id=375ee55170c546359a8e2f2f0da07953&name=default HTTP/1.1" status: 200 len: 2996 time: 0.0358698
2026-07-27 23:01:53.486 10 INFO neutron.wsgi [None req-9aba93e7-6ef6-40e6-b11d-8cb15d8d1ea5 1bdb6d1c56fb4df4acac7dd5d0b59f48 0fbfa7a401d04bceaab07ee6f3c200ef - - default default] 10.0.0.79 "DELETE /v2.0/security-groups/77e699f7-cd59-4dc1-8947-67d84e9b30a4 HTTP/1.1" status: 204 len: 168 time: 0.2354562
2026-07-27 23:01:54.152 9 INFO neutron.wsgi [-] 10.0.0.85 "GET / HTTP/1.1" status: 200 len: 246 time: 0.0023222
2026-07-27 23:01:54.152 10 INFO neutron.wsgi [-] 10.0.0.85 "GET / HTTP/1.1" status: 200 len: 246 time: 0.0024931
2026-07-27 23:01:55.135 10 INFO neutron.db.ovn_revision_numbers_db [None req-5c2a761e-e85d-4444-9021-224cd5284989 1bdb6d1c56fb4df4acac7dd5d0b59f48 0fbfa7a401d04bceaab07ee6f3c200ef - - default default] Successfully bumped revision number for resource d2846953-8232-468d-b7fe-bb364f7cdd94 (type: security_groups) to 1
2026-07-27 23:01:55.149 10 INFO neutron.db.ovn_revision_numbers_db [None req-5c2a761e-e85d-4444-9021-224cd5284989 1bdb6d1c56fb4df4acac7dd5d0b59f48 0fbfa7a401d04bceaab07ee6f3c200ef - - default default] Successfully bumped revision number for resource 3b806a72-6a5d-4f4d-a65d-d2c1afc29990 (type: security_group_rules) to 0
2026-07-27 23:01:55.168 10 INFO neutron.db.ovn_revision_numbers_db [None req-5c2a761e-e85d-4444-9021-224cd5284989 1bdb6d1c56fb4df4acac7dd5d0b59f48 0fbfa7a401d04bceaab07ee6f3c200ef - - default default] Successfully bumped revision number for resource 501736d2-7511-4c5e-9726-8070c42bb8c9 (type: security_group_rules) to 0
2026-07-27 23:01:55.183 10 INFO neutron.db.ovn_revision_numbers_db [None req-5c2a761e-e85d-4444-9021-224cd5284989 1bdb6d1c56fb4df4acac7dd5d0b59f48 0fbfa7a401d04bceaab07ee6f3c200ef - - default default] Successfully bumped revision number for resource 89ec94bc-c384-44c2-a20e-dc3ba520964e (type: security_group_rules) to 0
2026-07-27 23:01:55.206 10 INFO neutron.db.ovn_revision_numbers_db [None req-5c2a761e-e85d-4444-9021-224cd5284989 1bdb6d1c56fb4df4acac7dd5d0b59f48 0fbfa7a401d04bceaab07ee6f3c200ef - - default default] Successfully bumped revision number for resource 91965951-030a-4225-bdd4-7a8df5bda1a0 (type: security_group_rules) to 0
2026-07-27 23:01:55.232 10 INFO neutron.wsgi [None req-5c2a761e-e85d-4444-9021-224cd5284989 1bdb6d1c56fb4df4acac7dd5d0b59f48 0fbfa7a401d04bceaab07ee6f3c200ef - - default default] 10.0.0.79 "GET /v2.0/security-groups?tenant_id=44584413d14244a7b552698f33deb50f&name=default HTTP/1.1" status: 200 len: 2996 time: 0.4876614
2026-07-27 23:01:55.498 10 INFO neutron.wsgi [None req-e8fdc28d-07ca-496d-9f43-b6ab582a740e 1bdb6d1c56fb4df4acac7dd5d0b59f48 0fbfa7a401d04bceaab07ee6f3c200ef - - default default] 10.0.0.79 "DELETE /v2.0/security-groups/d2846953-8232-468d-b7fe-bb364f7cdd94 HTTP/1.1" status: 204 len: 168 time: 0.2591233
2026-07-27 23:01:55.673 9 INFO neutron.wsgi [None req-9713b014-24bc-4e11-8df2-09c390918ab4 50a54ad64f5c40f6a04f4347c9407307 377717604bf948ad8dc132ae6a328611 - - default default] 10.0.0.79 "GET /v2.0/ports?project_id=31093790bdd94c13a6fbc94ada70966f&network_id=13aae2d3-f549-46c7-bef3-f0778826474f HTTP/1.1" status: 200 len: 3510 time: 0.0641475
2026-07-27 23:01:55.974 9 INFO neutron.wsgi [None req-0be36696-769d-4643-bcb5-316c2d4f05de 50a54ad64f5c40f6a04f4347c9407307 377717604bf948ad8dc132ae6a328611 - - default default] 10.0.0.79 "GET /v2.0/subnets?network_id=720c3711-5f15-41fc-8eb4-2bf24df5fc44 HTTP/1.1" status: 200 len: 838 time: 0.0528398
2026-07-27 23:01:56.264 9 INFO neutron.db.l3_db [None req-26741ed6-49f0-4dea-bd96-add966edc5b3 46a0e4855d2a45cf9503fce6c90ac766 31093790bdd94c13a6fbc94ada70966f - - default default] Floating IP aee63989-d217-42ce-9b4d-fb8a1ccee506 disassociated. External IP: 10.96.250.210, port: 9b74881b-7b81-450a-8a4f-8da7e9b7366a.
2026-07-27 23:01:56.305 9 INFO neutron.db.ovn_revision_numbers_db [None req-26741ed6-49f0-4dea-bd96-add966edc5b3 46a0e4855d2a45cf9503fce6c90ac766 31093790bdd94c13a6fbc94ada70966f - - default default] Successfully bumped revision number for resource aee63989-d217-42ce-9b4d-fb8a1ccee506 (type: floatingips) to 2
2026-07-27 23:01:56.392 9 INFO neutron.wsgi [None req-26741ed6-49f0-4dea-bd96-add966edc5b3 46a0e4855d2a45cf9503fce6c90ac766 31093790bdd94c13a6fbc94ada70966f - - default default] 10.0.0.79 "PUT /v2.0/floatingips/aee63989-d217-42ce-9b4d-fb8a1ccee506 HTTP/1.1" status: 200 len: 748 time: 0.2671828
2026-07-27 23:01:56.440 9 INFO neutron.wsgi [None req-17639366-eec5-4bc8-9910-7fd21f0fe0a5 46a0e4855d2a45cf9503fce6c90ac766 31093790bdd94c13a6fbc94ada70966f - - default default] 10.0.0.79 "GET /v2.0/floatingips/aee63989-d217-42ce-9b4d-fb8a1ccee506 HTTP/1.1" status: 200 len: 746 time: 0.0407734
2026-07-27 23:01:56.451 9 INFO neutron.notifiers.nova [-] Nova event matching ['req-89a951cd-f52d-4707-ad2e-a2c5796e91d1'] response: {'name': 'network-changed', 'server_uuid': '7f3e40ca-41f7-4c24-8514-1b162f488f92', 'tag': '9b74881b-7b81-450a-8a4f-8da7e9b7366a', 'status': 'completed', 'code': 200}
2026-07-27 23:01:56.524 9 INFO neutron.wsgi [req-542ec426-e75d-476d-94a9-6a51226c2460 req-fe9392d7-8c6e-4f3d-ac96-b190ef39a3a3 d209e96dc3824bc5b996c67d567f9d62 fe4d4b0dbfc74b929c22fb51c35109fc - - 75534254d2f848d6999a7b6b9f59d9ca 75534254d2f848d6999a7b6b9f59d9ca] 199.204.45.138 "GET /v2.0/ports?tenant_id=31093790bdd94c13a6fbc94ada70966f&device_id=7f3e40ca-41f7-4c24-8514-1b162f488f92 HTTP/1.1" status: 200 len: 1409 time: 0.0437953
2026-07-27 23:01:56.622 9 INFO neutron.wsgi [req-542ec426-e75d-476d-94a9-6a51226c2460 req-04f8b453-27c5-4b7f-a5a2-22995a987fbb d209e96dc3824bc5b996c67d567f9d62 fe4d4b0dbfc74b929c22fb51c35109fc - - 75534254d2f848d6999a7b6b9f59d9ca 75534254d2f848d6999a7b6b9f59d9ca] 199.204.45.138 "GET /v2.0/networks?id=13aae2d3-f549-46c7-bef3-f0778826474f HTTP/1.1" status: 200 len: 959 time: 0.0898736
2026-07-27 23:01:56.674 9 INFO neutron.wsgi [req-542ec426-e75d-476d-94a9-6a51226c2460 req-2cb9f50e-c88e-4d55-b4ea-f0bba36e85f9 d209e96dc3824bc5b996c67d567f9d62 fe4d4b0dbfc74b929c22fb51c35109fc - - 75534254d2f848d6999a7b6b9f59d9ca 75534254d2f848d6999a7b6b9f59d9ca] 199.204.45.138 "GET /v2.0/floatingips?fixed_ip_address=10.100.0.3&port_id=9b74881b-7b81-450a-8a4f-8da7e9b7366a HTTP/1.1" status: 200 len: 217 time: 0.0368779
