2026-07-27 22:54:00.104 9 INFO neutron.wsgi [None req-f668176f-6d1e-407d-a4aa-9ed8024bc5fe 1bdb6d1c56fb4df4acac7dd5d0b59f48 0fbfa7a401d04bceaab07ee6f3c200ef - - default default] 10.0.0.64 "GET /v2.0/routers HTTP/1.1" status: 200 len: 189 time: 0.0309906
2026-07-27 22:54:00.115 9 INFO neutron.wsgi [None req-c92e3a42-3c87-486a-80ec-15b6eaddc4da 1bdb6d1c56fb4df4acac7dd5d0b59f48 0fbfa7a401d04bceaab07ee6f3c200ef - - default default] 10.0.0.64 "GET /v2.0/agents?binary=ovn-controller HTTP/1.1" status: 200 len: 591 time: 0.0101590
2026-07-27 22:54:00.139 9 INFO neutron.wsgi [None req-46a064fe-6626-49c1-8f64-a00e61aca0e4 1bdb6d1c56fb4df4acac7dd5d0b59f48 0fbfa7a401d04bceaab07ee6f3c200ef - - default default] 10.0.0.64 "GET /v2.0/floatingips HTTP/1.1" status: 200 len: 193 time: 0.0227113
2026-07-27 22:54:09.152 10 INFO neutron.wsgi [-] 10.0.0.85 "GET / HTTP/1.1" status: 200 len: 246 time: 0.0026152
2026-07-27 22:54:09.155 10 INFO neutron.wsgi [-] 10.0.0.85 "GET / HTTP/1.1" status: 200 len: 246 time: 0.0020778
2026-07-27 22:54:24.151 9 INFO neutron.wsgi [-] 10.0.0.85 "GET / HTTP/1.1" status: 200 len: 246 time: 0.0019574
2026-07-27 22:54:24.153 10 INFO neutron.wsgi [-] 10.0.0.85 "GET / HTTP/1.1" status: 200 len: 246 time: 0.0034480
2026-07-27 22:54:39.151 9 INFO neutron.wsgi [-] 10.0.0.85 "GET / HTTP/1.1" status: 200 len: 246 time: 0.0028496
2026-07-27 22:54:39.152 10 INFO neutron.wsgi [-] 10.0.0.85 "GET / HTTP/1.1" status: 200 len: 246 time: 0.0030327
2026-07-27 22:54:54.153 10 INFO neutron.wsgi [-] 10.0.0.85 "GET / HTTP/1.1" status: 200 len: 246 time: 0.0032125
2026-07-27 22:54:54.153 9 INFO neutron.wsgi [-] 10.0.0.85 "GET / HTTP/1.1" status: 200 len: 246 time: 0.0036216
2026-07-27 22:54:59.739 9 INFO neutron.wsgi [None req-7e17e51f-3cef-44b2-a0f2-a268eb68e440 1bdb6d1c56fb4df4acac7dd5d0b59f48 0fbfa7a401d04bceaab07ee6f3c200ef - - default default] 10.0.0.64 "GET /v2.0/subnets HTTP/1.1" status: 200 len: 1437 time: 0.0911736
2026-07-27 22:54:59.760 9 INFO neutron.wsgi [None req-089030e8-a171-48a0-88f9-b1aa65dbb1ad 1bdb6d1c56fb4df4acac7dd5d0b59f48 0fbfa7a401d04bceaab07ee6f3c200ef - - default default] 10.0.0.64 "GET /v2.0/routers HTTP/1.1" status: 200 len: 189 time: 0.0203578
2026-07-27 22:54:59.797 9 INFO neutron.wsgi [None req-632913c7-7c7b-43e0-a88f-9f14742e0c48 1bdb6d1c56fb4df4acac7dd5d0b59f48 0fbfa7a401d04bceaab07ee6f3c200ef - - default default] 10.0.0.64 "GET /v2.0/agents?binary=ovn-controller HTTP/1.1" status: 200 len: 591 time: 0.0354753
2026-07-27 22:54:59.818 9 INFO neutron.wsgi [None req-1cd2c389-a522-4b0d-91e1-b39ec652a014 1bdb6d1c56fb4df4acac7dd5d0b59f48 0fbfa7a401d04bceaab07ee6f3c200ef - - default default] 10.0.0.64 "GET /v2.0/floatingips HTTP/1.1" status: 200 len: 193 time: 0.0200715
2026-07-27 22:54:59.868 9 INFO neutron.wsgi [None req-b34dec03-eef9-4ed0-87a0-a19b2df7860f 1bdb6d1c56fb4df4acac7dd5d0b59f48 0fbfa7a401d04bceaab07ee6f3c200ef - - default default] 10.0.0.64 "GET /v2.0/security-groups HTTP/1.1" status: 200 len: 16803 time: 0.0486879
2026-07-27 22:54:59.890 9 INFO neutron.wsgi [None req-5f41255c-c0b8-4f24-907b-61aefce008c6 1bdb6d1c56fb4df4acac7dd5d0b59f48 0fbfa7a401d04bceaab07ee6f3c200ef - - default default] 10.0.0.64 "GET /v2.0/agents HTTP/1.1" status: 200 len: 997 time: 0.0141225
2026-07-27 22:54:59.903 9 INFO neutron.wsgi [None req-6509fac4-633f-46c4-b173-8ba07ee40581 1bdb6d1c56fb4df4acac7dd5d0b59f48 0fbfa7a401d04bceaab07ee6f3c200ef - - default default] 10.0.0.64 "GET /v2.0/network-ip-availabilities HTTP/1.1" status: 200 len: 1280 time: 0.0114460
2026-07-27 22:54:59.944 9 INFO neutron.wsgi [None req-8ab11620-171d-4428-ba5f-517d4c9a0f8d 1bdb6d1c56fb4df4acac7dd5d0b59f48 0fbfa7a401d04bceaab07ee6f3c200ef - - default default] 10.0.0.64 "GET /v2.0/subnets HTTP/1.1" status: 200 len: 1437 time: 0.0400846
2026-07-27 22:54:59.957 9 INFO neutron.wsgi [None req-520a098e-9363-4c5d-ba5d-ba4c8e850f60 1bdb6d1c56fb4df4acac7dd5d0b59f48 0fbfa7a401d04bceaab07ee6f3c200ef - - default default] 10.0.0.64 "GET /v2.0/subnetpools HTTP/1.1" status: 200 len: 193 time: 0.0117483
2026-07-27 22:55:00.031 9 INFO neutron.wsgi [None req-9a474e83-c97c-40e0-b5b7-d44fe0df98e0 1bdb6d1c56fb4df4acac7dd5d0b59f48 0fbfa7a401d04bceaab07ee6f3c200ef - - default default] 10.0.0.64 "GET /v2.0/networks HTTP/1.1" status: 200 len: 2350 time: 0.0729346
2026-07-27 22:55:00.070 9 INFO neutron.wsgi [None req-842f9aed-9508-4f5a-bb32-fb0cc0c49f29 1bdb6d1c56fb4df4acac7dd5d0b59f48 0fbfa7a401d04bceaab07ee6f3c200ef - - default default] 10.0.0.64 "GET /v2.0/ports HTTP/1.1" status: 200 len: 5349 time: 0.0364442
2026-07-27 22:55:09.151 9 INFO neutron.wsgi [-] 10.0.0.85 "GET / HTTP/1.1" status: 200 len: 246 time: 0.0021749
2026-07-27 22:55:09.152 10 INFO neutron.wsgi [-] 10.0.0.85 "GET / HTTP/1.1" status: 200 len: 246 time: 0.0030134
2026-07-27 22:55:24.152 10 INFO neutron.wsgi [-] 10.0.0.85 "GET / HTTP/1.1" status: 200 len: 246 time: 0.0028861
2026-07-27 22:55:24.152 9 INFO neutron.wsgi [-] 10.0.0.85 "GET / HTTP/1.1" status: 200 len: 246 time: 0.0033255
2026-07-27 22:55:26.275 10 INFO neutron.wsgi [None req-65119de2-d02c-4669-872b-7f7f09623d5f 1bdb6d1c56fb4df4acac7dd5d0b59f48 0fbfa7a401d04bceaab07ee6f3c200ef - - default default] 199.204.45.138,10.0.0.85 "GET /v2.0/networks HTTP/1.1" status: 200 len: 2350 time: 0.1515081
2026-07-27 22:55:27.364 10 INFO neutron.wsgi [None req-bf2d62e7-8475-42b3-8b60-1f0660bfa74b 1bdb6d1c56fb4df4acac7dd5d0b59f48 0fbfa7a401d04bceaab07ee6f3c200ef - - default default] 199.204.45.138,10.0.0.85 "GET /v2.0/subnets HTTP/1.1" status: 200 len: 1437 time: 0.0922368
2026-07-27 22:55:27.454 10 INFO neutron.wsgi [None req-76da3d82-5c37-485c-8653-2b53aae47746 1bdb6d1c56fb4df4acac7dd5d0b59f48 0fbfa7a401d04bceaab07ee6f3c200ef - - default default] 199.204.45.138,10.0.0.85 "GET /v2.0/networks HTTP/1.1" status: 200 len: 2350 time: 0.0818803
2026-07-27 22:55:39.151 10 INFO neutron.wsgi [-] 10.0.0.85 "GET / HTTP/1.1" status: 200 len: 246 time: 0.0019379
2026-07-27 22:55:39.153 10 INFO neutron.wsgi [-] 10.0.0.85 "GET / HTTP/1.1" status: 200 len: 246 time: 0.0014720
2026-07-27 22:55:54.150 10 INFO neutron.wsgi [-] 10.0.0.85 "GET / HTTP/1.1" status: 200 len: 246 time: 0.0018435
2026-07-27 22:55:54.153 9 INFO neutron.wsgi [-] 10.0.0.85 "GET / HTTP/1.1" status: 200 len: 246 time: 0.0037987
2026-07-27 22:55:59.742 9 INFO neutron.wsgi [None req-8a3cfa3b-11b6-49a5-9aef-03a4936decfd 1bdb6d1c56fb4df4acac7dd5d0b59f48 0fbfa7a401d04bceaab07ee6f3c200ef - - default default] 10.0.0.64 "GET /v2.0/networks HTTP/1.1" status: 200 len: 2350 time: 0.1301992
2026-07-27 22:55:59.782 9 INFO neutron.wsgi [None req-380abf81-02e4-4263-8bbf-103b7ba01ba9 1bdb6d1c56fb4df4acac7dd5d0b59f48 0fbfa7a401d04bceaab07ee6f3c200ef - - default default] 10.0.0.64 "GET /v2.0/subnets HTTP/1.1" status: 200 len: 1437 time: 0.0368021
2026-07-27 22:55:59.815 9 INFO neutron.wsgi [None req-0349e116-5784-4a9b-9e86-bbbba204b643 1bdb6d1c56fb4df4acac7dd5d0b59f48 0fbfa7a401d04bceaab07ee6f3c200ef - - default default] 10.0.0.64 "GET /v2.0/ports HTTP/1.1" status: 200 len: 5349 time: 0.0312057
2026-07-27 22:55:59.844 9 INFO neutron.wsgi [None req-05488299-0810-4c80-b4d1-390c268709b8 1bdb6d1c56fb4df4acac7dd5d0b59f48 0fbfa7a401d04bceaab07ee6f3c200ef - - default default] 10.0.0.64 "GET /v2.0/routers HTTP/1.1" status: 200 len: 189 time: 0.0233765
2026-07-27 22:55:59.876 9 INFO neutron.wsgi [None req-909c12cb-0487-4459-947d-5331a8681e53 1bdb6d1c56fb4df4acac7dd5d0b59f48 0fbfa7a401d04bceaab07ee6f3c200ef - - default default] 10.0.0.64 "GET /v2.0/agents?binary=ovn-controller HTTP/1.1" status: 200 len: 591 time: 0.0308392
2026-07-27 22:55:59.898 9 INFO neutron.wsgi [None req-f7fb27cb-1dd4-4c6f-9eab-4076f7a16b54 1bdb6d1c56fb4df4acac7dd5d0b59f48 0fbfa7a401d04bceaab07ee6f3c200ef - - default default] 10.0.0.64 "GET /v2.0/floatingips HTTP/1.1" status: 200 len: 193 time: 0.0197220
2026-07-27 22:55:59.936 9 INFO neutron.wsgi [None req-cf36783f-42c2-4f52-827c-3e21781364ce 1bdb6d1c56fb4df4acac7dd5d0b59f48 0fbfa7a401d04bceaab07ee6f3c200ef - - default default] 10.0.0.64 "GET /v2.0/subnets HTTP/1.1" status: 200 len: 1437 time: 0.0362363
2026-07-27 22:55:59.946 9 INFO neutron.wsgi [None req-e7507cbe-4f8a-4514-9d2b-8cc7b80efa5f 1bdb6d1c56fb4df4acac7dd5d0b59f48 0fbfa7a401d04bceaab07ee6f3c200ef - - default default] 10.0.0.64 "GET /v2.0/subnetpools HTTP/1.1" status: 200 len: 193 time: 0.0089378
2026-07-27 22:55:59.956 9 INFO neutron.wsgi [None req-a36550ed-0752-449c-882f-5f673fdbb8f8 1bdb6d1c56fb4df4acac7dd5d0b59f48 0fbfa7a401d04bceaab07ee6f3c200ef - - default default] 10.0.0.64 "GET /v2.0/network-ip-availabilities HTTP/1.1" status: 200 len: 1280 time: 0.0093305
2026-07-27 22:56:00.004 9 INFO neutron.wsgi [None req-a92168f6-b8d6-4387-8a91-ff3d15ea3d7f 1bdb6d1c56fb4df4acac7dd5d0b59f48 0fbfa7a401d04bceaab07ee6f3c200ef - - default default] 10.0.0.64 "GET /v2.0/security-groups HTTP/1.1" status: 200 len: 16803 time: 0.0478675
2026-07-27 22:56:00.023 9 INFO neutron.wsgi [None req-beab76af-3778-41fd-89c8-4faaa877c8d9 1bdb6d1c56fb4df4acac7dd5d0b59f48 0fbfa7a401d04bceaab07ee6f3c200ef - - default default] 10.0.0.64 "GET /v2.0/agents HTTP/1.1" status: 200 len: 997 time: 0.0131025
2026-07-27 22:56:09.151 9 INFO neutron.wsgi [-] 10.0.0.85 "GET / HTTP/1.1" status: 200 len: 246 time: 0.0022421
2026-07-27 22:56:09.153 9 INFO neutron.wsgi [-] 10.0.0.85 "GET / HTTP/1.1" status: 200 len: 246 time: 0.0013652
2026-07-27 22:56:09.248 10 INFO neutron.wsgi [None req-920ee318-7eed-4652-8c21-fdfa7bcc76c6 1bdb6d1c56fb4df4acac7dd5d0b59f48 0fbfa7a401d04bceaab07ee6f3c200ef - - default default] 199.204.45.138,10.0.0.85 "GET /v2.0/networks HTTP/1.1" status: 200 len: 2350 time: 0.1050618
2026-07-27 22:56:10.173 10 INFO neutron.wsgi [None req-9753e4c8-406d-48d0-84ca-1bc61cd6f043 1bdb6d1c56fb4df4acac7dd5d0b59f48 0fbfa7a401d04bceaab07ee6f3c200ef - - default default] 199.204.45.138,10.0.0.85 "GET /v2.0/subnets HTTP/1.1" status: 200 len: 1437 time: 0.0720136
2026-07-27 22:56:10.261 10 INFO neutron.wsgi [None req-3f361cfe-e1c1-4804-a0e5-650c510ce35f 1bdb6d1c56fb4df4acac7dd5d0b59f48 0fbfa7a401d04bceaab07ee6f3c200ef - - default default] 199.204.45.138,10.0.0.85 "GET /v2.0/networks HTTP/1.1" status: 200 len: 2350 time: 0.0812035
2026-07-27 22:56:11.566 10 INFO neutron.wsgi [None req-8dcbcb7f-6235-4509-83b9-c89f342d911a 1bdb6d1c56fb4df4acac7dd5d0b59f48 0fbfa7a401d04bceaab07ee6f3c200ef - - default default] 199.204.45.138,10.0.0.85 "GET /v2.0/security-groups?tenant_id=0fbfa7a401d04bceaab07ee6f3c200ef HTTP/1.1" status: 200 len: 10161 time: 0.1019094
2026-07-27 22:56:12.808 10 INFO neutron.wsgi [None req-4e993856-580f-4546-a081-55d7b0b1a9c4 1bdb6d1c56fb4df4acac7dd5d0b59f48 0fbfa7a401d04bceaab07ee6f3c200ef - - default default] 199.204.45.138,10.0.0.85 "GET /v2.0/security-groups?tenant_id=0fbfa7a401d04bceaab07ee6f3c200ef HTTP/1.1" status: 200 len: 10161 time: 0.0855186
2026-07-27 22:56:13.697 10 INFO neutron.wsgi [None req-7230d9c6-ce33-4dca-9b1d-6b0768d3fedc 1bdb6d1c56fb4df4acac7dd5d0b59f48 0fbfa7a401d04bceaab07ee6f3c200ef - - default default] 199.204.45.138,10.0.0.85 "GET /v2.0/security-groups?tenant_id=0fbfa7a401d04bceaab07ee6f3c200ef HTTP/1.1" status: 200 len: 10161 time: 0.0794551
2026-07-27 22:56:14.600 10 INFO neutron.wsgi [None req-579ad293-4189-4f85-a1a5-a186a28edfb5 1bdb6d1c56fb4df4acac7dd5d0b59f48 0fbfa7a401d04bceaab07ee6f3c200ef - - default default] 199.204.45.138,10.0.0.85 "GET /v2.0/security-groups?tenant_id=0fbfa7a401d04bceaab07ee6f3c200ef HTTP/1.1" status: 200 len: 10161 time: 0.0864701
2026-07-27 22:56:15.551 10 INFO neutron.wsgi [None req-5cfa4eed-c11c-4096-8b01-23d891165c01 1bdb6d1c56fb4df4acac7dd5d0b59f48 0fbfa7a401d04bceaab07ee6f3c200ef - - default default] 199.204.45.138,10.0.0.85 "GET /v2.0/security-groups?tenant_id=0fbfa7a401d04bceaab07ee6f3c200ef HTTP/1.1" status: 200 len: 10161 time: 0.1154964
2026-07-27 22:56:16.451 10 INFO neutron.wsgi [None req-35df6bb6-3731-496d-98d3-981ab8170daa 1bdb6d1c56fb4df4acac7dd5d0b59f48 0fbfa7a401d04bceaab07ee6f3c200ef - - default default] 199.204.45.138,10.0.0.85 "GET /v2.0/security-groups?tenant_id=0fbfa7a401d04bceaab07ee6f3c200ef HTTP/1.1" status: 200 len: 10161 time: 0.1439703
2026-07-27 22:56:17.814 10 INFO neutron.wsgi [None req-ab5e6a84-317d-4bf4-8b8f-438ba511b85d 1bdb6d1c56fb4df4acac7dd5d0b59f48 0fbfa7a401d04bceaab07ee6f3c200ef - - default default] 199.204.45.138,10.0.0.85 "GET /v2.0/security-groups HTTP/1.1" status: 200 len: 16803 time: 0.1106954
2026-07-27 22:56:17.880 10 INFO neutron.wsgi [None req-5cfb64d6-6912-40cd-a104-c4f9548b22cb 1bdb6d1c56fb4df4acac7dd5d0b59f48 0fbfa7a401d04bceaab07ee6f3c200ef - - default default] 199.204.45.138,10.0.0.85 "GET /v2.0/ports HTTP/1.1" status: 200 len: 5349 time: 0.0556784
2026-07-27 22:56:24.151 9 INFO neutron.wsgi [-] 10.0.0.85 "GET / HTTP/1.1" status: 200 len: 246 time: 0.0020208
2026-07-27 22:56:24.152 10 INFO neutron.wsgi [-] 10.0.0.85 "GET / HTTP/1.1" status: 200 len: 246 time: 0.0028622
2026-07-27 22:56:25.941 10 INFO neutron.pecan_wsgi.hooks.translation [None req-ae88d36e-dd1d-4269-b599-19e4165714dc 1bdb6d1c56fb4df4acac7dd5d0b59f48 0fbfa7a401d04bceaab07ee6f3c200ef - - default default] GET failed (client error): The resource could not be found.
2026-07-27 22:56:25.944 10 INFO neutron.wsgi [None req-ae88d36e-dd1d-4269-b599-19e4165714dc 1bdb6d1c56fb4df4acac7dd5d0b59f48 0fbfa7a401d04bceaab07ee6f3c200ef - - default default] 199.204.45.138,10.0.0.85 "GET /v2.0/ports/octavia-health-manager-port-instance HTTP/1.1" status: 404 len: 314 time: 0.0732615
2026-07-27 22:56:25.999 10 INFO neutron.wsgi [None req-a2510e24-4a2e-496a-9395-61f2b4bf1fff 1bdb6d1c56fb4df4acac7dd5d0b59f48 0fbfa7a401d04bceaab07ee6f3c200ef - - default default] 199.204.45.138,10.0.0.85 "GET /v2.0/ports?name=octavia-health-manager-port-instance HTTP/1.1" status: 200 len: 1397 time: 0.0503390
2026-07-27 22:56:27.432 10 INFO neutron.wsgi [None req-63510d44-83d6-40b9-9dd9-55b3fce0f14f 1bdb6d1c56fb4df4acac7dd5d0b59f48 0fbfa7a401d04bceaab07ee6f3c200ef - - default default] 199.204.45.138,10.0.0.85 "GET /v2.0/ports HTTP/1.1" status: 200 len: 5349 time: 0.1123466
2026-07-27 22:56:28.491 10 INFO neutron.wsgi [None req-78869b68-644c-4f37-bcbf-b15de1898a2b 1bdb6d1c56fb4df4acac7dd5d0b59f48 0fbfa7a401d04bceaab07ee6f3c200ef - - default default] 199.204.45.138,10.0.0.85 "GET /v2.0/security-groups?tenant_id=0fbfa7a401d04bceaab07ee6f3c200ef HTTP/1.1" status: 200 len: 10161 time: 0.0975373
2026-07-27 22:56:29.490 10 INFO neutron.wsgi [None req-5e51d430-aaae-4077-8336-f33aa742dc48 1bdb6d1c56fb4df4acac7dd5d0b59f48 0fbfa7a401d04bceaab07ee6f3c200ef - - default default] 199.204.45.138,10.0.0.85 "GET /v2.0/security-groups?tenant_id=0fbfa7a401d04bceaab07ee6f3c200ef HTTP/1.1" status: 200 len: 10161 time: 0.1201253
2026-07-27 22:56:30.357 10 INFO neutron.wsgi [None req-4ac9ca6f-90b2-486c-a26e-13c4da468d57 1bdb6d1c56fb4df4acac7dd5d0b59f48 0fbfa7a401d04bceaab07ee6f3c200ef - - default default] 199.204.45.138,10.0.0.85 "GET /v2.0/security-groups?tenant_id=0fbfa7a401d04bceaab07ee6f3c200ef HTTP/1.1" status: 200 len: 10161 time: 0.0915484
2026-07-27 22:56:39.151 9 INFO neutron.wsgi [-] 10.0.0.85 "GET / HTTP/1.1" status: 200 len: 246 time: 0.0023384
2026-07-27 22:56:39.152 10 INFO neutron.wsgi [-] 10.0.0.85 "GET / HTTP/1.1" status: 200 len: 246 time: 0.0031512
2026-07-27 22:56:42.298 10 INFO neutron.wsgi [None req-21324ff6-5f47-4a62-8a18-b7e03a9a753a 1bdb6d1c56fb4df4acac7dd5d0b59f48 0fbfa7a401d04bceaab07ee6f3c200ef - - default default] 199.204.45.138,10.0.0.85 "GET /v2.0/quotas/0fbfa7a401d04bceaab07ee6f3c200ef HTTP/1.1" status: 200 len: 361 time: 0.0114138
2026-07-27 22:56:54.152 10 INFO neutron.wsgi [-] 10.0.0.85 "GET / HTTP/1.1" status: 200 len: 246 time: 0.0024385
2026-07-27 22:56:54.154 9 INFO neutron.wsgi [-] 10.0.0.85 "GET / HTTP/1.1" status: 200 len: 246 time: 0.0051432
2026-07-27 22:56:59.735 9 INFO neutron.wsgi [None req-f5b7faa2-377c-4fcf-b6b7-2dc284ab6b2b 1bdb6d1c56fb4df4acac7dd5d0b59f48 0fbfa7a401d04bceaab07ee6f3c200ef - - default default] 10.0.0.64 "GET /v2.0/subnets HTTP/1.1" status: 200 len: 1437 time: 0.0829611
2026-07-27 22:56:59.747 9 INFO neutron.wsgi [None req-1c25a4ea-9008-4615-ba1b-b874c54aed73 1bdb6d1c56fb4df4acac7dd5d0b59f48 0fbfa7a401d04bceaab07ee6f3c200ef - - default default] 10.0.0.64 "GET /v2.0/network-ip-availabilities HTTP/1.1" status: 200 len: 1280 time: 0.0108869
2026-07-27 22:56:59.782 9 INFO neutron.wsgi [None req-38e67d8e-7f61-45a7-ab0a-e05aac071e11 1bdb6d1c56fb4df4acac7dd5d0b59f48 0fbfa7a401d04bceaab07ee6f3c200ef - - default default] 10.0.0.64 "GET /v2.0/ports HTTP/1.1" status: 200 len: 5349 time: 0.0346448
2026-07-27 22:56:59.825 9 INFO neutron.wsgi [None req-86721e1f-35e3-4cb8-9f1a-d5457c4009d3 1bdb6d1c56fb4df4acac7dd5d0b59f48 0fbfa7a401d04bceaab07ee6f3c200ef - - default default] 10.0.0.64 "GET /v2.0/agents HTTP/1.1" status: 200 len: 997 time: 0.0367806
2026-07-27 22:56:59.870 9 INFO neutron.wsgi [None req-1a61e3e9-f6be-4aee-be60-c0bd5ba3766b 1bdb6d1c56fb4df4acac7dd5d0b59f48 0fbfa7a401d04bceaab07ee6f3c200ef - - default default] 10.0.0.64 "GET /v2.0/security-groups HTTP/1.1" status: 200 len: 16803 time: 0.0437629
2026-07-27 22:56:59.903 9 INFO neutron.wsgi [None req-c271d8ba-e80d-44a4-8a2c-da72ed04e627 1bdb6d1c56fb4df4acac7dd5d0b59f48 0fbfa7a401d04bceaab07ee6f3c200ef - - default default] 10.0.0.64 "GET /v2.0/routers HTTP/1.1" status: 200 len: 189 time: 0.0261827
2026-07-27 22:56:59.920 9 INFO neutron.wsgi [None req-6cac7513-6def-4d5c-bfe1-8820959134ed 1bdb6d1c56fb4df4acac7dd5d0b59f48 0fbfa7a401d04bceaab07ee6f3c200ef - - default default] 10.0.0.64 "GET /v2.0/agents?binary=ovn-controller HTTP/1.1" status: 200 len: 591 time: 0.0162973
2026-07-27 22:56:59.948 9 INFO neutron.wsgi [None req-f90404fb-12cf-4678-9160-20f42fd37afa 1bdb6d1c56fb4df4acac7dd5d0b59f48 0fbfa7a401d04bceaab07ee6f3c200ef - - default default] 10.0.0.64 "GET /v2.0/subnets HTTP/1.1" status: 200 len: 1437 time: 0.0276628
2026-07-27 22:56:59.959 9 INFO neutron.wsgi [None req-482a1664-cf7b-4918-9ec6-728cafad1e5a 1bdb6d1c56fb4df4acac7dd5d0b59f48 0fbfa7a401d04bceaab07ee6f3c200ef - - default default] 10.0.0.64 "GET /v2.0/subnetpools HTTP/1.1" status: 200 len: 193 time: 0.0090344
2026-07-27 22:56:59.982 9 INFO neutron.wsgi [None req-f28926fb-77dd-4430-8060-cb3b8a06e571 1bdb6d1c56fb4df4acac7dd5d0b59f48 0fbfa7a401d04bceaab07ee6f3c200ef - - default default] 10.0.0.64 "GET /v2.0/floatingips HTTP/1.1" status: 200 len: 193 time: 0.0220776
2026-07-27 22:57:00.033 9 INFO neutron.wsgi [None req-8a95bdcd-d2a1-4b0e-9a81-d8116a63ff13 1bdb6d1c56fb4df4acac7dd5d0b59f48 0fbfa7a401d04bceaab07ee6f3c200ef - - default default] 10.0.0.64 "GET /v2.0/networks HTTP/1.1" status: 200 len: 2350 time: 0.0508034
2026-07-27 22:57:09.152 9 INFO neutron.wsgi [-] 10.0.0.85 "GET / HTTP/1.1" status: 200 len: 246 time: 0.0027566
2026-07-27 22:57:09.152 10 INFO neutron.wsgi [-] 10.0.0.85 "GET / HTTP/1.1" status: 200 len: 246 time: 0.0034497
2026-07-27 22:57:24.151 10 INFO neutron.wsgi [-] 10.0.0.85 "GET / HTTP/1.1" status: 200 len: 246 time: 0.0018239
2026-07-27 22:57:24.153 10 INFO neutron.wsgi [-] 10.0.0.85 "GET / HTTP/1.1" status: 200 len: 246 time: 0.0009336
2026-07-27 22:57:37.155 10 INFO neutron.wsgi [None req-02857e77-9c1a-449c-ac6f-3c35d46d2c0d 1bdb6d1c56fb4df4acac7dd5d0b59f48 0fbfa7a401d04bceaab07ee6f3c200ef - - default default] 199.204.45.138,10.0.0.85 "GET /v2.0/security-groups?tenant_id=fe4d4b0dbfc74b929c22fb51c35109fc HTTP/1.1" status: 200 len: 6838 time: 0.0908225
2026-07-27 22:57:38.127 10 INFO neutron.wsgi [None req-0f527df7-517f-4689-b346-074d716e0853 1bdb6d1c56fb4df4acac7dd5d0b59f48 0fbfa7a401d04bceaab07ee6f3c200ef - - default default] 199.204.45.138,10.0.0.85 "GET /v2.0/security-groups?tenant_id=fe4d4b0dbfc74b929c22fb51c35109fc HTTP/1.1" status: 200 len: 6838 time: 0.0803194
2026-07-27 22:57:39.092 9 INFO neutron.wsgi [None req-48dd5ac8-3a3c-43b4-8d6d-e19f212144dd 1bdb6d1c56fb4df4acac7dd5d0b59f48 0fbfa7a401d04bceaab07ee6f3c200ef - - default default] 199.204.45.138,10.0.0.85 "GET /v2.0/security-groups?tenant_id=fe4d4b0dbfc74b929c22fb51c35109fc HTTP/1.1" status: 200 len: 6838 time: 0.0941575
2026-07-27 22:57:39.152 9 INFO neutron.wsgi [-] 10.0.0.85 "GET / HTTP/1.1" status: 200 len: 246 time: 0.0028024
2026-07-27 22:57:39.155 9 INFO neutron.wsgi [-] 10.0.0.85 "GET / HTTP/1.1" status: 200 len: 246 time: 0.0018334
2026-07-27 22:57:40.011 10 INFO neutron.wsgi [None req-9efbc0ff-5c12-4f58-9e34-55e6130cfdc8 1bdb6d1c56fb4df4acac7dd5d0b59f48 0fbfa7a401d04bceaab07ee6f3c200ef - - default default] 199.204.45.138,10.0.0.85 "GET /v2.0/security-groups?tenant_id=fe4d4b0dbfc74b929c22fb51c35109fc HTTP/1.1" status: 200 len: 6838 time: 0.0876813
2026-07-27 22:57:40.981 10 INFO neutron.wsgi [None req-1b8e04e3-9a20-43f5-9ff1-88e397ad005a 1bdb6d1c56fb4df4acac7dd5d0b59f48 0fbfa7a401d04bceaab07ee6f3c200ef - - default default] 199.204.45.138,10.0.0.85 "GET /v2.0/security-groups?tenant_id=fe4d4b0dbfc74b929c22fb51c35109fc HTTP/1.1" status: 200 len: 6838 time: 0.0871723
2026-07-27 22:57:48.594 10 INFO neutron.wsgi [None req-26d5c574-b4d9-4901-a148-f9b7a56fd443 1bdb6d1c56fb4df4acac7dd5d0b59f48 0fbfa7a401d04bceaab07ee6f3c200ef - - default default] 199.204.45.138,10.0.0.85 "GET /v2.0/quotas/fe4d4b0dbfc74b929c22fb51c35109fc HTTP/1.1" status: 200 len: 361 time: 0.0140262
2026-07-27 22:57:54.151 10 INFO neutron.wsgi [-] 10.0.0.85 "GET / HTTP/1.1" status: 200 len: 246 time: 0.0026121
2026-07-27 22:57:54.152 9 INFO neutron.wsgi [-] 10.0.0.85 "GET / HTTP/1.1" status: 200 len: 246 time: 0.0028217
2026-07-27 22:57:59.705 9 INFO neutron.wsgi [None req-38686518-14d5-4863-8ca5-e9cf3305a513 1bdb6d1c56fb4df4acac7dd5d0b59f48 0fbfa7a401d04bceaab07ee6f3c200ef - - default default] 10.0.0.64 "GET /v2.0/security-groups HTTP/1.1" status: 200 len: 16803 time: 0.1000767
2026-07-27 22:57:59.743 9 INFO neutron.wsgi [None req-8c33a910-7446-434f-82f7-ff4f82dfc8e7 1bdb6d1c56fb4df4acac7dd5d0b59f48 0fbfa7a401d04bceaab07ee6f3c200ef - - default default] 10.0.0.64 "GET /v2.0/ports HTTP/1.1" status: 200 len: 5349 time: 0.0324678
2026-07-27 22:57:59.805 9 INFO neutron.wsgi [None req-d88780b7-ede8-4dba-972d-559689ac6e2f 1bdb6d1c56fb4df4acac7dd5d0b59f48 0fbfa7a401d04bceaab07ee6f3c200ef - - default default] 10.0.0.64 "GET /v2.0/agents HTTP/1.1" status: 200 len: 997 time: 0.0581729
2026-07-27 22:57:59.832 9 INFO neutron.wsgi [None req-fbf4a193-4547-4c1b-9ff4-9c783f9fd00d 1bdb6d1c56fb4df4acac7dd5d0b59f48 0fbfa7a401d04bceaab07ee6f3c200ef - - default default] 10.0.0.64 "GET /v2.0/routers HTTP/1.1" status: 200 len: 189 time: 0.0260842
2026-07-27 22:57:59.851 9 INFO neutron.wsgi [None req-61186bc0-2516-4973-95df-c17558c48f5b 1bdb6d1c56fb4df4acac7dd5d0b59f48 0fbfa7a401d04bceaab07ee6f3c200ef - - default default] 10.0.0.64 "GET /v2.0/agents?binary=ovn-controller HTTP/1.1" status: 200 len: 591 time: 0.0185359
2026-07-27 22:57:59.870 9 INFO neutron.wsgi [None req-c73d0e16-2f12-4bc2-8eb6-7830f03f2935 1bdb6d1c56fb4df4acac7dd5d0b59f48 0fbfa7a401d04bceaab07ee6f3c200ef - - default default] 10.0.0.64 "GET /v2.0/floatingips HTTP/1.1" status: 200 len: 193 time: 0.0178945
2026-07-27 22:57:59.957 9 INFO neutron.wsgi [None req-718d1547-23ad-4e6c-8065-6d244f936f64 1bdb6d1c56fb4df4acac7dd5d0b59f48 0fbfa7a401d04bceaab07ee6f3c200ef - - default default] 10.0.0.64 "GET /v2.0/networks HTTP/1.1" status: 200 len: 2350 time: 0.0847976
2026-07-27 22:58:00.008 9 INFO neutron.wsgi [None req-50b51d09-a876-45de-973c-a7cf99265f2e 1bdb6d1c56fb4df4acac7dd5d0b59f48 0fbfa7a401d04bceaab07ee6f3c200ef - - default default] 10.0.0.64 "GET /v2.0/subnets HTTP/1.1" status: 200 len: 1437 time: 0.0495028
2026-07-27 22:58:00.021 9 INFO neutron.wsgi [None req-7fbe23b4-106c-4562-ac62-20c2881499d6 1bdb6d1c56fb4df4acac7dd5d0b59f48 0fbfa7a401d04bceaab07ee6f3c200ef - - default default] 10.0.0.64 "GET /v2.0/network-ip-availabilities HTTP/1.1" status: 200 len: 1280 time: 0.0113275
2026-07-27 22:58:00.060 9 INFO neutron.wsgi [None req-64f61734-4cda-477d-b7cf-c0969731dc75 1bdb6d1c56fb4df4acac7dd5d0b59f48 0fbfa7a401d04bceaab07ee6f3c200ef - - default default] 10.0.0.64 "GET /v2.0/subnets HTTP/1.1" status: 200 len: 1437 time: 0.0375211
2026-07-27 22:58:00.074 9 INFO neutron.wsgi [None req-6442f153-d1b8-4b6f-aa33-7e27e0af1c00 1bdb6d1c56fb4df4acac7dd5d0b59f48 0fbfa7a401d04bceaab07ee6f3c200ef - - default default] 10.0.0.64 "GET /v2.0/subnetpools HTTP/1.1" status: 200 len: 193 time: 0.0121560
2026-07-27 22:58:09.152 9 INFO neutron.wsgi [-] 10.0.0.85 "GET / HTTP/1.1" status: 200 len: 246 time: 0.0027421
2026-07-27 22:58:09.153 10 INFO neutron.wsgi [-] 10.0.0.85 "GET / HTTP/1.1" status: 200 len: 246 time: 0.0034807
2026-07-27 22:58:24.151 10 INFO neutron.wsgi [-] 10.0.0.85 "GET / HTTP/1.1" status: 200 len: 246 time: 0.0027339
2026-07-27 22:58:24.154 9 INFO neutron.wsgi [-] 10.0.0.85 "GET / HTTP/1.1" status: 200 len: 246 time: 0.0050788
2026-07-27 22:58:39.152 9 INFO neutron.wsgi [-] 10.0.0.85 "GET / HTTP/1.1" status: 200 len: 246 time: 0.0022976
2026-07-27 22:58:39.153 10 INFO neutron.wsgi [-] 10.0.0.85 "GET / HTTP/1.1" status: 200 len: 246 time: 0.0033705
2026-07-27 22:58:44.147 10 INFO neutron.wsgi [None req-ff2fd670-b707-44ff-a32a-6186457e79de 1bdb6d1c56fb4df4acac7dd5d0b59f48 0fbfa7a401d04bceaab07ee6f3c200ef - - default default] 199.204.45.138,10.0.0.85 "GET /v2.0/networks HTTP/1.1" status: 200 len: 2350 time: 0.1159351
2026-07-27 22:58:54.151 10 INFO neutron.wsgi [-] 10.0.0.85 "GET / HTTP/1.1" status: 200 len: 246 time: 0.0020745
2026-07-27 22:58:54.152 9 INFO neutron.wsgi [-] 10.0.0.85 "GET / HTTP/1.1" status: 200 len: 246 time: 0.0027046
2026-07-27 22:58:59.701 9 INFO neutron.wsgi [None req-44877ad6-bece-431b-8086-b3b19398952e 1bdb6d1c56fb4df4acac7dd5d0b59f48 0fbfa7a401d04bceaab07ee6f3c200ef - - default default] 10.0.0.64 "GET /v2.0/security-groups HTTP/1.1" status: 200 len: 16803 time: 0.1132936
2026-07-27 22:58:59.737 9 INFO neutron.wsgi [None req-e1a655bb-f4dd-4afb-902c-e27c96a8509b 1bdb6d1c56fb4df4acac7dd5d0b59f48 0fbfa7a401d04bceaab07ee6f3c200ef - - default default] 10.0.0.64 "GET /v2.0/routers HTTP/1.1" status: 200 len: 189 time: 0.0276637
2026-07-27 22:58:59.778 9 INFO neutron.wsgi [None req-97c25ef2-e8c4-4882-a108-697fd488c7d7 1bdb6d1c56fb4df4acac7dd5d0b59f48 0fbfa7a401d04bceaab07ee6f3c200ef - - default default] 10.0.0.64 "GET /v2.0/agents?binary=ovn-controller HTTP/1.1" status: 200 len: 591 time: 0.0407109
2026-07-27 22:58:59.800 9 INFO neutron.wsgi [None req-7e0a79a2-0a92-4b51-a5dc-72aa1bebdbca 1bdb6d1c56fb4df4acac7dd5d0b59f48 0fbfa7a401d04bceaab07ee6f3c200ef - - default default] 10.0.0.64 "GET /v2.0/network-ip-availabilities HTTP/1.1" status: 200 len: 1280 time: 0.0210962
2026-07-27 22:58:59.826 9 INFO neutron.wsgi [None req-6379c7b5-67f6-45ad-b689-1ef6609fd72b 1bdb6d1c56fb4df4acac7dd5d0b59f48 0fbfa7a401d04bceaab07ee6f3c200ef - - default default] 10.0.0.64 "GET /v2.0/floatingips HTTP/1.1" status: 200 len: 193 time: 0.0246029
2026-07-27 22:58:59.899 9 INFO neutron.wsgi [None req-43800aa5-ed2c-4b80-8d11-e7d7b38369d3 1bdb6d1c56fb4df4acac7dd5d0b59f48 0fbfa7a401d04bceaab07ee6f3c200ef - - default default] 10.0.0.64 "GET /v2.0/networks HTTP/1.1" status: 200 len: 2350 time: 0.0715098
2026-07-27 22:58:59.934 9 INFO neutron.wsgi [None req-53a0acc3-6c0a-4c3f-83d2-d334c0db51a4 1bdb6d1c56fb4df4acac7dd5d0b59f48 0fbfa7a401d04bceaab07ee6f3c200ef - - default default] 10.0.0.64 "GET /v2.0/subnets HTTP/1.1" status: 200 len: 1437 time: 0.0327129
2026-07-27 22:58:59.949 9 INFO neutron.wsgi [None req-5b7d23c9-dc8a-4f93-bfeb-7306a89951b9 1bdb6d1c56fb4df4acac7dd5d0b59f48 0fbfa7a401d04bceaab07ee6f3c200ef - - default default] 10.0.0.64 "GET /v2.0/agents HTTP/1.1" status: 200 len: 997 time: 0.0132756
2026-07-27 22:58:59.984 9 INFO neutron.wsgi [None req-90768987-382d-4dc7-8f1e-a2368d066fee 1bdb6d1c56fb4df4acac7dd5d0b59f48 0fbfa7a401d04bceaab07ee6f3c200ef - - default default] 10.0.0.64 "GET /v2.0/subnets HTTP/1.1" status: 200 len: 1437 time: 0.0345447
2026-07-27 22:58:59.997 9 INFO neutron.wsgi [None req-78712a0e-24e0-4108-bd11-d612eeb93776 1bdb6d1c56fb4df4acac7dd5d0b59f48 0fbfa7a401d04bceaab07ee6f3c200ef - - default default] 10.0.0.64 "GET /v2.0/subnetpools HTTP/1.1" status: 200 len: 193 time: 0.0115066
2026-07-27 22:59:00.035 9 INFO neutron.wsgi [None req-c0cb9188-0370-485c-a2cc-cc95666024c1 1bdb6d1c56fb4df4acac7dd5d0b59f48 0fbfa7a401d04bceaab07ee6f3c200ef - - default default] 10.0.0.64 "GET /v2.0/ports HTTP/1.1" status: 200 len: 5349 time: 0.0374627
2026-07-27 22:59:09.151 9 INFO neutron.wsgi [-] 10.0.0.85 "GET / HTTP/1.1" status: 200 len: 246 time: 0.0026946
2026-07-27 22:59:09.153 10 INFO neutron.wsgi [-] 10.0.0.85 "GET / HTTP/1.1" status: 200 len: 246 time: 0.0040350
2026-07-27 22:59:24.152 10 INFO neutron.wsgi [-] 10.0.0.85 "GET / HTTP/1.1" status: 200 len: 246 time: 0.0037446
2026-07-27 22:59:24.155 10 INFO neutron.wsgi [-] 10.0.0.85 "GET / HTTP/1.1" status: 200 len: 246 time: 0.0013604
2026-07-27 22:59:26.464 9 INFO neutron.wsgi [None req-a9bdd176-df6d-4e57-9edc-ce2d65b71271 1bdb6d1c56fb4df4acac7dd5d0b59f48 0fbfa7a401d04bceaab07ee6f3c200ef - - default default] 10.0.0.79 "GET /v2.0/networks HTTP/1.1" status: 200 len: 2369 time: 0.2608666
2026-07-27 22:59:27.752 9 INFO neutron.wsgi [None req-a43a91aa-f9ff-4328-a382-cfd48412e7c2 1bdb6d1c56fb4df4acac7dd5d0b59f48 0fbfa7a401d04bceaab07ee6f3c200ef - - default default] 10.0.0.79 "GET /v2.0/floatingips HTTP/1.1" status: 200 len: 212 time: 0.0261078
2026-07-27 22:59:27.783 9 INFO neutron.wsgi [None req-7a639080-dfc4-45cb-a10b-e26f2e3acc0a 1bdb6d1c56fb4df4acac7dd5d0b59f48 0fbfa7a401d04bceaab07ee6f3c200ef - - default default] 10.0.0.79 "GET /v2.0/routers HTTP/1.1" status: 200 len: 208 time: 0.0262966
2026-07-27 22:59:27.823 9 INFO neutron.wsgi [None req-69cc9dbd-c084-4445-bdf0-40f3cc3b55e6 1bdb6d1c56fb4df4acac7dd5d0b59f48 0fbfa7a401d04bceaab07ee6f3c200ef - - default default] 10.0.0.79 "GET /v2.0/ports HTTP/1.1" status: 200 len: 5368 time: 0.0346057
2026-07-27 22:59:27.860 9 INFO neutron.wsgi [None req-0be0bad1-cd4c-4043-a164-c133701b6f6d 1bdb6d1c56fb4df4acac7dd5d0b59f48 0fbfa7a401d04bceaab07ee6f3c200ef - - default default] 10.0.0.79 "GET /v2.0/subnets HTTP/1.1" status: 200 len: 1456 time: 0.0313652
2026-07-27 22:59:27.994 9 INFO neutron.wsgi [None req-aa6cd1d5-82cf-427e-b185-abf421bfc39a 1bdb6d1c56fb4df4acac7dd5d0b59f48 0fbfa7a401d04bceaab07ee6f3c200ef - - default default] 10.0.0.79 "GET /v2.0/networks HTTP/1.1" status: 200 len: 2369 time: 0.1289773
2026-07-27 22:59:28.054 9 INFO neutron.wsgi [None req-4df80299-760f-4b74-80c2-73012ac6d3b9 1bdb6d1c56fb4df4acac7dd5d0b59f48 0fbfa7a401d04bceaab07ee6f3c200ef - - default default] 10.0.0.79 "GET /v2.0/security-groups HTTP/1.1" status: 200 len: 16822 time: 0.0536430
2026-07-27 22:59:28.070 9 INFO neutron.wsgi [None req-a1f424bf-dece-4eb2-955e-a415cf613e85 1bdb6d1c56fb4df4acac7dd5d0b59f48 0fbfa7a401d04bceaab07ee6f3c200ef - - default default] 10.0.0.79 "GET /v2.0/subnetpools HTTP/1.1" status: 200 len: 212 time: 0.0102258
2026-07-27 22:59:39.151 10 INFO neutron.wsgi [-] 10.0.0.85 "GET / HTTP/1.1" status: 200 len: 246 time: 0.0026639
2026-07-27 22:59:39.152 9 INFO neutron.wsgi [-] 10.0.0.85 "GET / HTTP/1.1" status: 200 len: 246 time: 0.0030112
2026-07-27 22:59:40.139 10 INFO neutron.db.ovn_revision_numbers_db [None req-b4d790bc-b39e-4404-8626-4d156ae3875a 1bdb6d1c56fb4df4acac7dd5d0b59f48 0fbfa7a401d04bceaab07ee6f3c200ef - - default default] Successfully bumped revision number for resource 3aeba924-a8f2-472e-8a38-d8efd4b76261 (type: security_groups) to 1
2026-07-27 22:59:40.156 10 INFO neutron.db.ovn_revision_numbers_db [None req-b4d790bc-b39e-4404-8626-4d156ae3875a 1bdb6d1c56fb4df4acac7dd5d0b59f48 0fbfa7a401d04bceaab07ee6f3c200ef - - default default] Successfully bumped revision number for resource 543992f1-94a6-42cc-be50-2badad03c6b6 (type: security_group_rules) to 0
2026-07-27 22:59:40.172 10 INFO neutron.db.ovn_revision_numbers_db [None req-b4d790bc-b39e-4404-8626-4d156ae3875a 1bdb6d1c56fb4df4acac7dd5d0b59f48 0fbfa7a401d04bceaab07ee6f3c200ef - - default default] Successfully bumped revision number for resource 65f4d7bd-c1ae-4378-b1c5-97f1da7d1c12 (type: security_group_rules) to 0
2026-07-27 22:59:40.197 10 INFO neutron.db.ovn_revision_numbers_db [None req-b4d790bc-b39e-4404-8626-4d156ae3875a 1bdb6d1c56fb4df4acac7dd5d0b59f48 0fbfa7a401d04bceaab07ee6f3c200ef - - default default] Successfully bumped revision number for resource 9ab14722-bfa9-4fc7-a20f-45f6056a1690 (type: security_group_rules) to 0
2026-07-27 22:59:40.220 10 INFO neutron.db.ovn_revision_numbers_db [None req-b4d790bc-b39e-4404-8626-4d156ae3875a 1bdb6d1c56fb4df4acac7dd5d0b59f48 0fbfa7a401d04bceaab07ee6f3c200ef - - default default] Successfully bumped revision number for resource a343f8ff-9882-4ae4-b1b7-dbc4fc3b48b8 (type: security_group_rules) to 0
2026-07-27 22:59:40.294 10 INFO neutron.db.segments_db [None req-b4d790bc-b39e-4404-8626-4d156ae3875a 1bdb6d1c56fb4df4acac7dd5d0b59f48 0fbfa7a401d04bceaab07ee6f3c200ef - - default default] Added segment b1907ae1-6619-4ae2-8559-ce866077ef0e of type geneve for network e22bcf8e-46d2-41cc-8953-5ae6feaaa4ec
2026-07-27 22:59:40.308 10 INFO neutron.db.ovn_revision_numbers_db [None req-75da3e03-9ed5-4b5f-89f3-28c80d41e524 1bdb6d1c56fb4df4acac7dd5d0b59f48 0fbfa7a401d04bceaab07ee6f3c200ef - - default default] Successfully bumped revision number for resource db0fcbee-0455-455a-9523-a5e32323e751 (type: security_groups) to 1
2026-07-27 22:59:40.329 10 INFO neutron.db.ovn_revision_numbers_db [None req-75da3e03-9ed5-4b5f-89f3-28c80d41e524 1bdb6d1c56fb4df4acac7dd5d0b59f48 0fbfa7a401d04bceaab07ee6f3c200ef - - default default] Successfully bumped revision number for resource 5815693f-a410-4c29-a1da-7d73a655ca42 (type: security_group_rules) to 0
2026-07-27 22:59:40.360 10 INFO neutron.db.ovn_revision_numbers_db [None req-75da3e03-9ed5-4b5f-89f3-28c80d41e524 1bdb6d1c56fb4df4acac7dd5d0b59f48 0fbfa7a401d04bceaab07ee6f3c200ef - - default default] Successfully bumped revision number for resource c34edc59-dbd4-4ad0-bc0f-bed01f7205dc (type: security_group_rules) to 0
2026-07-27 22:59:40.388 10 INFO neutron.db.ovn_revision_numbers_db [None req-75da3e03-9ed5-4b5f-89f3-28c80d41e524 1bdb6d1c56fb4df4acac7dd5d0b59f48 0fbfa7a401d04bceaab07ee6f3c200ef - - default default] Successfully bumped revision number for resource cb24dd38-c7f3-4f0b-a4d7-55aa4a4c6429 (type: security_group_rules) to 0
2026-07-27 22:59:40.447 10 INFO neutron.db.ovn_revision_numbers_db [None req-75da3e03-9ed5-4b5f-89f3-28c80d41e524 1bdb6d1c56fb4df4acac7dd5d0b59f48 0fbfa7a401d04bceaab07ee6f3c200ef - - default default] Successfully bumped revision number for resource fa6dc9c4-e073-4761-8dfb-f565fbaebedc (type: security_group_rules) to 0
2026-07-27 22:59:40.469 10 INFO neutron.db.ovn_revision_numbers_db [None req-c6dd90aa-bb3f-4c9d-a2fc-35e7ebe274d1 1bdb6d1c56fb4df4acac7dd5d0b59f48 0fbfa7a401d04bceaab07ee6f3c200ef - - default default] Successfully bumped revision number for resource e633921b-1a83-4316-b055-02b561ba29b5 (type: security_groups) to 1
2026-07-27 22:59:40.498 10 INFO neutron.db.ovn_revision_numbers_db [None req-c6dd90aa-bb3f-4c9d-a2fc-35e7ebe274d1 1bdb6d1c56fb4df4acac7dd5d0b59f48 0fbfa7a401d04bceaab07ee6f3c200ef - - default default] Successfully bumped revision number for resource 1dd48cf2-e7fe-4408-ba00-ac96d6b15f4e (type: security_group_rules) to 0
2026-07-27 22:59:40.506 10 INFO neutron.db.ovn_revision_numbers_db [None req-b4d790bc-b39e-4404-8626-4d156ae3875a 1bdb6d1c56fb4df4acac7dd5d0b59f48 0fbfa7a401d04bceaab07ee6f3c200ef - - default default] Successfully bumped revision number for resource e22bcf8e-46d2-41cc-8953-5ae6feaaa4ec (type: networks) to 1
2026-07-27 22:59:40.512 10 INFO neutron.db.segments_db [None req-75da3e03-9ed5-4b5f-89f3-28c80d41e524 1bdb6d1c56fb4df4acac7dd5d0b59f48 0fbfa7a401d04bceaab07ee6f3c200ef - - default default] Added segment bafa7a61-9392-44c0-a785-fd9ab93cea32 of type geneve for network 3dfd0ee3-9c2e-48de-bf1d-0c02578f9d0b
2026-07-27 22:59:40.519 10 INFO neutron.db.ovn_revision_numbers_db [None req-c6dd90aa-bb3f-4c9d-a2fc-35e7ebe274d1 1bdb6d1c56fb4df4acac7dd5d0b59f48 0fbfa7a401d04bceaab07ee6f3c200ef - - default default] Successfully bumped revision number for resource 5fc9536a-61ea-4982-93ce-0a14bc217515 (type: security_group_rules) to 0
2026-07-27 22:59:40.547 10 INFO neutron.db.ovn_revision_numbers_db [None req-c6dd90aa-bb3f-4c9d-a2fc-35e7ebe274d1 1bdb6d1c56fb4df4acac7dd5d0b59f48 0fbfa7a401d04bceaab07ee6f3c200ef - - default default] Successfully bumped revision number for resource f64433b0-923c-4a61-99dd-d48d48ca9f6f (type: security_group_rules) to 0
2026-07-27 22:59:40.578 10 INFO neutron.db.ovn_revision_numbers_db [None req-c6dd90aa-bb3f-4c9d-a2fc-35e7ebe274d1 1bdb6d1c56fb4df4acac7dd5d0b59f48 0fbfa7a401d04bceaab07ee6f3c200ef - - default default] Successfully bumped revision number for resource fec001e7-77af-4ff4-b52b-109855606914 (type: security_group_rules) to 0
2026-07-27 22:59:40.664 10 INFO neutron.db.segments_db [None req-c6dd90aa-bb3f-4c9d-a2fc-35e7ebe274d1 1bdb6d1c56fb4df4acac7dd5d0b59f48 0fbfa7a401d04bceaab07ee6f3c200ef - - default default] Added segment 517309f6-da65-4f7b-a22e-a2a2025133b6 of type geneve for network 4b5b63c2-c17d-49a7-80ae-05bdea537251
2026-07-27 22:59:40.735 10 INFO neutron.db.ovn_revision_numbers_db [None req-75da3e03-9ed5-4b5f-89f3-28c80d41e524 1bdb6d1c56fb4df4acac7dd5d0b59f48 0fbfa7a401d04bceaab07ee6f3c200ef - - default default] Successfully bumped revision number for resource 3dfd0ee3-9c2e-48de-bf1d-0c02578f9d0b (type: networks) to 1
2026-07-27 22:59:40.811 10 WARNING neutron.scheduler.dhcp_agent_scheduler [None req-b4d790bc-b39e-4404-8626-4d156ae3875a 1bdb6d1c56fb4df4acac7dd5d0b59f48 0fbfa7a401d04bceaab07ee6f3c200ef - - default default] No more DHCP agents
2026-07-27 22:59:40.829 10 WARNING neutron.api.rpc.agentnotifiers.dhcp_rpc_agent_api [None req-b4d790bc-b39e-4404-8626-4d156ae3875a 1bdb6d1c56fb4df4acac7dd5d0b59f48 0fbfa7a401d04bceaab07ee6f3c200ef - - default default] Unable to schedule network e22bcf8e-46d2-41cc-8953-5ae6feaaa4ec: no agents available; will retry on subsequent port and subnet creation events.
2026-07-27 22:59:41.036 10 INFO neutron.db.ovn_revision_numbers_db [None req-c6dd90aa-bb3f-4c9d-a2fc-35e7ebe274d1 1bdb6d1c56fb4df4acac7dd5d0b59f48 0fbfa7a401d04bceaab07ee6f3c200ef - - default default] Successfully bumped revision number for resource 4b5b63c2-c17d-49a7-80ae-05bdea537251 (type: networks) to 1
2026-07-27 22:59:41.114 10 INFO neutron.db.ovn_revision_numbers_db [None req-b4d790bc-b39e-4404-8626-4d156ae3875a 1bdb6d1c56fb4df4acac7dd5d0b59f48 0fbfa7a401d04bceaab07ee6f3c200ef - - default default] Successfully bumped revision number for resource e0986c0b-1f58-4644-8369-e4ef08d5e624 (type: ports) to 1
2026-07-27 22:59:41.124 9 INFO neutron.db.ovn_revision_numbers_db [None req-b0c6f6ef-81e8-41af-863b-6e963c6b252a 1bdb6d1c56fb4df4acac7dd5d0b59f48 0fbfa7a401d04bceaab07ee6f3c200ef - - default default] Successfully bumped revision number for resource 0b17b51e-06ed-49b2-996b-01e5d0ee82ae (type: security_groups) to 1
2026-07-27 22:59:41.139 9 INFO neutron.db.ovn_revision_numbers_db [None req-b0c6f6ef-81e8-41af-863b-6e963c6b252a 1bdb6d1c56fb4df4acac7dd5d0b59f48 0fbfa7a401d04bceaab07ee6f3c200ef - - default default] Successfully bumped revision number for resource 1138fb84-5e65-4aac-8fae-b26b88df35c0 (type: security_group_rules) to 0
2026-07-27 22:59:41.153 9 INFO neutron.db.ovn_revision_numbers_db [None req-b0c6f6ef-81e8-41af-863b-6e963c6b252a 1bdb6d1c56fb4df4acac7dd5d0b59f48 0fbfa7a401d04bceaab07ee6f3c200ef - - default default] Successfully bumped revision number for resource 1e1dc532-18e8-4094-85f5-4f29f5db6652 (type: security_group_rules) to 0
2026-07-27 22:59:41.167 10 WARNING neutron.scheduler.dhcp_agent_scheduler [None req-75da3e03-9ed5-4b5f-89f3-28c80d41e524 1bdb6d1c56fb4df4acac7dd5d0b59f48 0fbfa7a401d04bceaab07ee6f3c200ef - - default default] No more DHCP agents
2026-07-27 22:59:41.169 9 INFO neutron.db.ovn_revision_numbers_db [None req-b0c6f6ef-81e8-41af-863b-6e963c6b252a 1bdb6d1c56fb4df4acac7dd5d0b59f48 0fbfa7a401d04bceaab07ee6f3c200ef - - default default] Successfully bumped revision number for resource 6259a129-e364-4586-a5a8-b459339b06c7 (type: security_group_rules) to 0
2026-07-27 22:59:41.172 10 INFO neutron.wsgi [None req-b4d790bc-b39e-4404-8626-4d156ae3875a 1bdb6d1c56fb4df4acac7dd5d0b59f48 0fbfa7a401d04bceaab07ee6f3c200ef - - default default] 10.0.0.79 "POST /v2.0/networks HTTP/1.1" status: 201 len: 939 time: 1.3292727
2026-07-27 22:59:41.181 10 WARNING neutron.api.rpc.agentnotifiers.dhcp_rpc_agent_api [None req-75da3e03-9ed5-4b5f-89f3-28c80d41e524 1bdb6d1c56fb4df4acac7dd5d0b59f48 0fbfa7a401d04bceaab07ee6f3c200ef - - default default] Unable to schedule network 3dfd0ee3-9c2e-48de-bf1d-0c02578f9d0b: no agents available; will retry on subsequent port and subnet creation events.
2026-07-27 22:59:41.191 9 INFO neutron.db.ovn_revision_numbers_db [None req-b0c6f6ef-81e8-41af-863b-6e963c6b252a 1bdb6d1c56fb4df4acac7dd5d0b59f48 0fbfa7a401d04bceaab07ee6f3c200ef - - default default] Successfully bumped revision number for resource b19c3b9b-8c99-48b7-bad7-6bc770ed698f (type: security_group_rules) to 0
2026-07-27 22:59:41.238 9 INFO neutron.wsgi [None req-b0c6f6ef-81e8-41af-863b-6e963c6b252a 1bdb6d1c56fb4df4acac7dd5d0b59f48 0fbfa7a401d04bceaab07ee6f3c200ef - - default default] 10.0.0.79 "GET /v2.0/security-groups?tenant_id=0cdd04fbb0f449709014a0ce0f184e90&name=default HTTP/1.1" status: 200 len: 2992 time: 0.3312740
2026-07-27 22:59:41.322 10 WARNING neutron.scheduler.dhcp_agent_scheduler [None req-c6dd90aa-bb3f-4c9d-a2fc-35e7ebe274d1 1bdb6d1c56fb4df4acac7dd5d0b59f48 0fbfa7a401d04bceaab07ee6f3c200ef - - default default] No more DHCP agents
2026-07-27 22:59:41.324 10 INFO neutron.db.ovn_revision_numbers_db [None req-75da3e03-9ed5-4b5f-89f3-28c80d41e524 1bdb6d1c56fb4df4acac7dd5d0b59f48 0fbfa7a401d04bceaab07ee6f3c200ef - - default default] Successfully bumped revision number for resource 4f2bb5c3-473e-4aad-9013-90b9fad9adfe (type: ports) to 1
2026-07-27 22:59:41.326 10 WARNING neutron.api.rpc.agentnotifiers.dhcp_rpc_agent_api [None req-c6dd90aa-bb3f-4c9d-a2fc-35e7ebe274d1 1bdb6d1c56fb4df4acac7dd5d0b59f48 0fbfa7a401d04bceaab07ee6f3c200ef - - default default] Unable to schedule network 4b5b63c2-c17d-49a7-80ae-05bdea537251: no agents available; will retry on subsequent port and subnet creation events.
2026-07-27 22:59:41.369 10 INFO neutron.wsgi [None req-75da3e03-9ed5-4b5f-89f3-28c80d41e524 1bdb6d1c56fb4df4acac7dd5d0b59f48 0fbfa7a401d04bceaab07ee6f3c200ef - - default default] 10.0.0.79 "POST /v2.0/networks HTTP/1.1" status: 201 len: 951 time: 1.3207152
2026-07-27 22:59:41.447 9 WARNING neutron.scheduler.dhcp_agent_scheduler [None req-c976a286-72ff-4d1d-96ab-782b1aa99cfb 1bdb6d1c56fb4df4acac7dd5d0b59f48 0fbfa7a401d04bceaab07ee6f3c200ef - - default default] No more DHCP agents
2026-07-27 22:59:41.454 9 WARNING neutron.api.rpc.agentnotifiers.dhcp_rpc_agent_api [None req-c976a286-72ff-4d1d-96ab-782b1aa99cfb 1bdb6d1c56fb4df4acac7dd5d0b59f48 0fbfa7a401d04bceaab07ee6f3c200ef - - default default] Unable to schedule network e22bcf8e-46d2-41cc-8953-5ae6feaaa4ec: no agents available; will retry on subsequent port and subnet creation events.
2026-07-27 22:59:41.474 10 INFO neutron.db.ovn_revision_numbers_db [None req-c6dd90aa-bb3f-4c9d-a2fc-35e7ebe274d1 1bdb6d1c56fb4df4acac7dd5d0b59f48 0fbfa7a401d04bceaab07ee6f3c200ef - - default default] Successfully bumped revision number for resource 80035842-3634-456f-aa9f-e0b377a93b22 (type: ports) to 1
2026-07-27 22:59:41.504 10 INFO neutron.wsgi [None req-c6dd90aa-bb3f-4c9d-a2fc-35e7ebe274d1 1bdb6d1c56fb4df4acac7dd5d0b59f48 0fbfa7a401d04bceaab07ee6f3c200ef - - default default] 10.0.0.79 "POST /v2.0/networks HTTP/1.1" status: 201 len: 950 time: 1.3524728
2026-07-27 22:59:41.620 10 WARNING neutron.scheduler.dhcp_agent_scheduler [None req-0cff500f-e119-4db2-885c-d4d1b20202a9 1bdb6d1c56fb4df4acac7dd5d0b59f48 0fbfa7a401d04bceaab07ee6f3c200ef - - default default] No more DHCP agents
2026-07-27 22:59:41.623 10 WARNING neutron.api.rpc.agentnotifiers.dhcp_rpc_agent_api [None req-0cff500f-e119-4db2-885c-d4d1b20202a9 1bdb6d1c56fb4df4acac7dd5d0b59f48 0fbfa7a401d04bceaab07ee6f3c200ef - - default default] Unable to schedule network 3dfd0ee3-9c2e-48de-bf1d-0c02578f9d0b: no agents available; will retry on subsequent port and subnet creation events.
2026-07-27 22:59:41.668 9 INFO neutron.wsgi [None req-840fd743-07ae-4920-bce0-1f55581eb807 1bdb6d1c56fb4df4acac7dd5d0b59f48 0fbfa7a401d04bceaab07ee6f3c200ef - - default default] 10.0.0.79 "DELETE /v2.0/security-groups/0b17b51e-06ed-49b2-996b-01e5d0ee82ae HTTP/1.1" status: 204 len: 168 time: 0.4234228
2026-07-27 22:59:41.739 10 WARNING neutron.scheduler.dhcp_agent_scheduler [None req-ce85a710-f657-47c6-b403-451cdbda943d 1bdb6d1c56fb4df4acac7dd5d0b59f48 0fbfa7a401d04bceaab07ee6f3c200ef - - default default] No more DHCP agents
2026-07-27 22:59:41.744 10 WARNING neutron.api.rpc.agentnotifiers.dhcp_rpc_agent_api [None req-ce85a710-f657-47c6-b403-451cdbda943d 1bdb6d1c56fb4df4acac7dd5d0b59f48 0fbfa7a401d04bceaab07ee6f3c200ef - - default default] Unable to schedule network 4b5b63c2-c17d-49a7-80ae-05bdea537251: no agents available; will retry on subsequent port and subnet creation events.
2026-07-27 22:59:41.951 9 INFO neutron.db.ovn_revision_numbers_db [None req-c976a286-72ff-4d1d-96ab-782b1aa99cfb 1bdb6d1c56fb4df4acac7dd5d0b59f48 0fbfa7a401d04bceaab07ee6f3c200ef - - default default] Successfully bumped revision number for resource e0986c0b-1f58-4644-8369-e4ef08d5e624 (type: ports) to 2
2026-07-27 22:59:41.984 9 INFO neutron.db.ovn_revision_numbers_db [None req-c976a286-72ff-4d1d-96ab-782b1aa99cfb 1bdb6d1c56fb4df4acac7dd5d0b59f48 0fbfa7a401d04bceaab07ee6f3c200ef - - default default] Successfully bumped revision number for resource 119ca240-d972-46a1-aff8-d374a82f4773 (type: subnets) to 0
2026-07-27 22:59:42.003 9 INFO neutron.wsgi [None req-c976a286-72ff-4d1d-96ab-782b1aa99cfb 1bdb6d1c56fb4df4acac7dd5d0b59f48 0fbfa7a401d04bceaab07ee6f3c200ef - - default default] 10.0.0.79 "POST /v2.0/subnets HTTP/1.1" status: 201 len: 859 time: 0.8217301
2026-07-27 22:59:42.427 10 INFO neutron.db.ovn_revision_numbers_db [None req-0cff500f-e119-4db2-885c-d4d1b20202a9 1bdb6d1c56fb4df4acac7dd5d0b59f48 0fbfa7a401d04bceaab07ee6f3c200ef - - default default] Successfully bumped revision number for resource 4f2bb5c3-473e-4aad-9013-90b9fad9adfe (type: ports) to 2
2026-07-27 22:59:42.495 10 INFO neutron.db.ovn_revision_numbers_db [None req-0cff500f-e119-4db2-885c-d4d1b20202a9 1bdb6d1c56fb4df4acac7dd5d0b59f48 0fbfa7a401d04bceaab07ee6f3c200ef - - default default] Successfully bumped revision number for resource c66a9bc6-db13-4724-a10c-2635e0cdac17 (type: subnets) to 0
2026-07-27 22:59:42.525 10 INFO neutron.wsgi [None req-0cff500f-e119-4db2-885c-d4d1b20202a9 1bdb6d1c56fb4df4acac7dd5d0b59f48 0fbfa7a401d04bceaab07ee6f3c200ef - - default default] 10.0.0.79 "POST /v2.0/subnets HTTP/1.1" status: 201 len: 871 time: 1.1479344
2026-07-27 22:59:42.582 10 INFO neutron.db.ovn_revision_numbers_db [None req-ce85a710-f657-47c6-b403-451cdbda943d 1bdb6d1c56fb4df4acac7dd5d0b59f48 0fbfa7a401d04bceaab07ee6f3c200ef - - default default] Successfully bumped revision number for resource 80035842-3634-456f-aa9f-e0b377a93b22 (type: ports) to 2
2026-07-27 22:59:42.677 10 INFO neutron.db.ovn_revision_numbers_db [None req-ce85a710-f657-47c6-b403-451cdbda943d 1bdb6d1c56fb4df4acac7dd5d0b59f48 0fbfa7a401d04bceaab07ee6f3c200ef - - default default] Successfully bumped revision number for resource 8cb92b2e-10c8-4d98-8988-4e5f7ae034e4 (type: subnets) to 0
2026-07-27 22:59:42.699 9 WARNING neutron.scheduler.dhcp_agent_scheduler [None req-f63ecdb4-cfaa-4dcd-a747-4d4c859b4d22 1bdb6d1c56fb4df4acac7dd5d0b59f48 0fbfa7a401d04bceaab07ee6f3c200ef - - default default] No more DHCP agents
2026-07-27 22:59:42.701 10 INFO neutron.wsgi [None req-ce85a710-f657-47c6-b403-451cdbda943d 1bdb6d1c56fb4df4acac7dd5d0b59f48 0fbfa7a401d04bceaab07ee6f3c200ef - - default default] 10.0.0.79 "POST /v2.0/subnets HTTP/1.1" status: 201 len: 870 time: 1.1916711
2026-07-27 22:59:42.702 9 WARNING neutron.api.rpc.agentnotifiers.dhcp_rpc_agent_api [None req-f63ecdb4-cfaa-4dcd-a747-4d4c859b4d22 1bdb6d1c56fb4df4acac7dd5d0b59f48 0fbfa7a401d04bceaab07ee6f3c200ef - - default default] Unable to schedule network 720c3711-5f15-41fc-8eb4-2bf24df5fc44: no agents available; will retry on subsequent port and subnet creation events.
2026-07-27 22:59:42.925 9 INFO neutron.db.ovn_revision_numbers_db [None req-f63ecdb4-cfaa-4dcd-a747-4d4c859b4d22 1bdb6d1c56fb4df4acac7dd5d0b59f48 0fbfa7a401d04bceaab07ee6f3c200ef - - default default] Successfully bumped revision number for resource f76bc921-5064-4c0a-8ed3-f582c6c9a38c (type: ports) to 1
2026-07-27 22:59:43.200 10 WARNING neutron.scheduler.dhcp_agent_scheduler [None req-a2a83610-d1cf-4bf8-88be-07c7af40ea55 1bdb6d1c56fb4df4acac7dd5d0b59f48 0fbfa7a401d04bceaab07ee6f3c200ef - - default default] No more DHCP agents
2026-07-27 22:59:43.202 10 WARNING neutron.api.rpc.agentnotifiers.dhcp_rpc_agent_api [None req-a2a83610-d1cf-4bf8-88be-07c7af40ea55 1bdb6d1c56fb4df4acac7dd5d0b59f48 0fbfa7a401d04bceaab07ee6f3c200ef - - default default] Unable to schedule network 720c3711-5f15-41fc-8eb4-2bf24df5fc44: no agents available; will retry on subsequent port and subnet creation events.
2026-07-27 22:59:43.342 9 INFO neutron.plugins.ml2.drivers.ovn.mech_driver.ovsdb.extensions.qos [None req-f63ecdb4-cfaa-4dcd-a747-4d4c859b4d22 1bdb6d1c56fb4df4acac7dd5d0b59f48 0fbfa7a401d04bceaab07ee6f3c200ef - - default default] Starting OVNClientQosExtension
2026-07-27 22:59:43.359 10 INFO neutron.db.ovn_revision_numbers_db [None req-a2a83610-d1cf-4bf8-88be-07c7af40ea55 1bdb6d1c56fb4df4acac7dd5d0b59f48 0fbfa7a401d04bceaab07ee6f3c200ef - - default default] Successfully bumped revision number for resource 81cf3838-b676-48cc-acd2-91645e9c712b (type: ports) to 1
2026-07-27 22:59:43.447 9 WARNING neutron.scheduler.dhcp_agent_scheduler [None req-773b5b50-2fa8-4a94-9e6f-5373c23383b6 1bdb6d1c56fb4df4acac7dd5d0b59f48 0fbfa7a401d04bceaab07ee6f3c200ef - - default default] No more DHCP agents
