2026-07-27 23:00:56.641 10 INFO neutron.wsgi [None req-8f398247-546d-4474-862d-9caee4d80962 1bdb6d1c56fb4df4acac7dd5d0b59f48 0fbfa7a401d04bceaab07ee6f3c200ef - - default default] 10.0.0.79 "GET /v2.0/security-groups?tenant_id=d5c6719cc44a4270a328f0acd84a87ce&name=default HTTP/1.1" status: 200 len: 2996 time: 0.4604986
2026-07-27 23:00:56.678 9 INFO neutron.wsgi [None req-c9b28db7-1e8e-47d3-a8a7-57c3ea12a0a1 7246f4ee913f46bd9d5b21608c7919ce b5b72e99a591462abaa8efe83077b91d - - default default] 10.0.0.79 "GET /v2.0/ports/486b439a-5578-4002-abe1-f01b3d12eb61 HTTP/1.1" status: 200 len: 1141 time: 0.0506947
2026-07-27 23:00:56.995 10 INFO neutron.plugins.ml2.drivers.ovn.mech_driver.ovsdb.ovsdb_monitor [-] Router fed06896-945b-4536-b637-fb9807226fde is bound to host instance
2026-07-27 23:00:57.029 10 INFO neutron.db.ovn_revision_numbers_db [None req-3624d333-5481-4e3f-a000-adace4cb5354 1bdb6d1c56fb4df4acac7dd5d0b59f48 0fbfa7a401d04bceaab07ee6f3c200ef - - default default] Successfully bumped revision number for resource 90aad0be-964b-4a44-932b-b24d0ec2f8c6 (type: router_ports) to 1
2026-07-27 23:00:57.145 10 INFO neutron.db.ovn_revision_numbers_db [None req-3624d333-5481-4e3f-a000-adace4cb5354 1bdb6d1c56fb4df4acac7dd5d0b59f48 0fbfa7a401d04bceaab07ee6f3c200ef - - default default] Successfully bumped revision number for resource fed06896-945b-4536-b637-fb9807226fde (type: routers) to 2
2026-07-27 23:00:57.167 10 INFO neutron.wsgi [None req-3624d333-5481-4e3f-a000-adace4cb5354 1bdb6d1c56fb4df4acac7dd5d0b59f48 0fbfa7a401d04bceaab07ee6f3c200ef - - default default] 10.0.0.79 "POST /v2.0/routers HTTP/1.1" status: 201 len: 876 time: 1.8709338
2026-07-27 23:00:57.233 10 INFO neutron.wsgi [None req-34e56eff-0c4a-4fd2-ae0a-75b09612994e 1bdb6d1c56fb4df4acac7dd5d0b59f48 0fbfa7a401d04bceaab07ee6f3c200ef - - default default] 10.0.0.79 "DELETE /v2.0/security-groups/6056dc6d-b891-4554-8462-2edf7c15678d HTTP/1.1" status: 204 len: 168 time: 0.5843165
2026-07-27 23:00:57.470 9 INFO neutron.wsgi [None req-45efca14-74c2-42c4-b791-95e92773768a 7246f4ee913f46bd9d5b21608c7919ce b5b72e99a591462abaa8efe83077b91d - - default default] 10.0.0.79 "PUT /v2.0/routers/d2d3cf87-ae00-4c1c-8dd8-841b06b96b35/remove_router_interface HTTP/1.1" status: 200 len: 503 time: 0.7834840
2026-07-27 23:00:57.520 10 INFO neutron.wsgi [None req-b520c36d-69c7-425a-ad5f-78ab7babab4b 7246f4ee913f46bd9d5b21608c7919ce b5b72e99a591462abaa8efe83077b91d - - default default] 10.0.0.79 "GET /v2.0/ports?device_id=d2d3cf87-ae00-4c1c-8dd8-841b06b96b35 HTTP/1.1" status: 200 len: 205 time: 0.0414422 /var/lib/openstack/lib/python3.10/site-packages/pycadf/identifier.py:71: UserWarning: Invalid uuid: neutron. To ensure interoperability, identifiers should be a valid uuid. warnings.warn(('Invalid uuid: %s. To ensure interoperability, '
2026-07-27 23:00:57.658 10 INFO neutron.db.ovn_revision_numbers_db [None req-782556d0-7ac6-4d40-a55b-bfe99112388c - - - - - -] Successfully bumped revision number for resource 90aad0be-964b-4a44-932b-b24d0ec2f8c6 (type: ports) to 1
2026-07-27 23:00:57.751 9 INFO neutron.db.ovn_revision_numbers_db [None req-f6613e95-bd73-4775-a365-b6237c940890 1bdb6d1c56fb4df4acac7dd5d0b59f48 0fbfa7a401d04bceaab07ee6f3c200ef - - default default] Successfully bumped revision number for resource 98336dce-318f-4869-b861-4f686c437a88 (type: security_groups) to 1
2026-07-27 23:00:57.756 10 INFO neutron.wsgi [None req-de0b72a3-690c-4520-9d7d-1bef00e33fd9 7246f4ee913f46bd9d5b21608c7919ce b5b72e99a591462abaa8efe83077b91d - - default default] 10.0.0.79 "DELETE /v2.0/routers/d2d3cf87-ae00-4c1c-8dd8-841b06b96b35 HTTP/1.1" status: 204 len: 168 time: 0.2301977
2026-07-27 23:00:57.785 9 INFO neutron.db.ovn_revision_numbers_db [None req-f6613e95-bd73-4775-a365-b6237c940890 1bdb6d1c56fb4df4acac7dd5d0b59f48 0fbfa7a401d04bceaab07ee6f3c200ef - - default default] Successfully bumped revision number for resource 04962915-71b6-47cc-8688-c4636c96ec77 (type: security_group_rules) to 0
2026-07-27 23:00:57.837 9 INFO neutron.db.ovn_revision_numbers_db [None req-f6613e95-bd73-4775-a365-b6237c940890 1bdb6d1c56fb4df4acac7dd5d0b59f48 0fbfa7a401d04bceaab07ee6f3c200ef - - default default] Successfully bumped revision number for resource 4852fca4-7055-42b1-878b-e4ea6b9e4b94 (type: security_group_rules) to 0
2026-07-27 23:00:57.884 9 INFO neutron.db.ovn_revision_numbers_db [None req-f6613e95-bd73-4775-a365-b6237c940890 1bdb6d1c56fb4df4acac7dd5d0b59f48 0fbfa7a401d04bceaab07ee6f3c200ef - - default default] Successfully bumped revision number for resource 8b369600-fbe7-41d4-a906-0bece53d3c51 (type: security_group_rules) to 0
2026-07-27 23:00:57.886 9 WARNING neutron.scheduler.dhcp_agent_scheduler [None req-3700655b-cd3a-4840-af68-546bcc00b931 1bdb6d1c56fb4df4acac7dd5d0b59f48 0fbfa7a401d04bceaab07ee6f3c200ef - - default default] No more DHCP agents
2026-07-27 23:00:57.896 9 WARNING neutron.api.rpc.agentnotifiers.dhcp_rpc_agent_api [None req-3700655b-cd3a-4840-af68-546bcc00b931 1bdb6d1c56fb4df4acac7dd5d0b59f48 0fbfa7a401d04bceaab07ee6f3c200ef - - default default] Unable to schedule network f7962ea9-dd00-433a-a94f-67380ec75948: no agents available; will retry on subsequent port and subnet creation events.
2026-07-27 23:00:57.926 9 INFO neutron.db.ovn_revision_numbers_db [None req-f6613e95-bd73-4775-a365-b6237c940890 1bdb6d1c56fb4df4acac7dd5d0b59f48 0fbfa7a401d04bceaab07ee6f3c200ef - - default default] Successfully bumped revision number for resource f5a538ad-c1d9-4b6c-90b6-d4c1cdc237ba (type: security_group_rules) to 0
2026-07-27 23:00:57.966 10 INFO neutron.db.ovn_revision_numbers_db [None req-782556d0-7ac6-4d40-a55b-bfe99112388c - - - - - -] Successfully bumped revision number for resource 90aad0be-964b-4a44-932b-b24d0ec2f8c6 (type: router_ports) to 3
2026-07-27 23:00:57.979 9 INFO neutron.wsgi [None req-f6613e95-bd73-4775-a365-b6237c940890 1bdb6d1c56fb4df4acac7dd5d0b59f48 0fbfa7a401d04bceaab07ee6f3c200ef - - default default] 10.0.0.79 "GET /v2.0/security-groups?tenant_id=c185584024814e6e933a131a296dcf55&name=default HTTP/1.1" status: 200 len: 2996 time: 0.4466159
2026-07-27 23:00:58.077 9 INFO neutron.wsgi [None req-ad7385f2-76fb-4943-91df-99863765efe0 7246f4ee913f46bd9d5b21608c7919ce b5b72e99a591462abaa8efe83077b91d - - default default] 10.0.0.79 "DELETE /v2.0/subnets/10b0f17f-b289-417f-a56c-372bb13d5dae HTTP/1.1" status: 204 len: 168 time: 0.3134277
2026-07-27 23:00:58.151 9 INFO neutron.db.ovn_revision_numbers_db [None req-3700655b-cd3a-4840-af68-546bcc00b931 1bdb6d1c56fb4df4acac7dd5d0b59f48 0fbfa7a401d04bceaab07ee6f3c200ef - - default default] Successfully bumped revision number for resource 110891bf-2b53-4354-b0a2-06e6c82c57b5 (type: ports) to 1
2026-07-27 23:00:58.184 10 INFO neutron.db.ovn_revision_numbers_db [None req-782556d0-7ac6-4d40-a55b-bfe99112388c - - - - - -] Successfully bumped revision number for resource 90aad0be-964b-4a44-932b-b24d0ec2f8c6 (type: ports) to 2
2026-07-27 23:00:58.280 10 INFO neutron.wsgi [None req-aebacb9a-d6b7-498d-bac5-bb4352dcdd52 1bdb6d1c56fb4df4acac7dd5d0b59f48 0fbfa7a401d04bceaab07ee6f3c200ef - - default default] 10.0.0.79 "DELETE /v2.0/security-groups/98336dce-318f-4869-b861-4f686c437a88 HTTP/1.1" status: 204 len: 168 time: 0.2917306
2026-07-27 23:00:58.421 9 INFO neutron.wsgi [None req-4e539e68-fb26-48e0-9dc0-dba083ba05c8 7246f4ee913f46bd9d5b21608c7919ce b5b72e99a591462abaa8efe83077b91d - - default default] 10.0.0.79 "DELETE /v2.0/subnets/13d8ffa5-1162-4a9e-8d41-a3338970b783 HTTP/1.1" status: 204 len: 168 time: 0.3362601
2026-07-27 23:00:58.544 10 INFO neutron.db.ovn_revision_numbers_db [None req-782556d0-7ac6-4d40-a55b-bfe99112388c - - - - - -] Successfully bumped revision number for resource 90aad0be-964b-4a44-932b-b24d0ec2f8c6 (type: ports) to 4
2026-07-27 23:00:58.614 9 INFO neutron.db.ovn_revision_numbers_db [None req-85f39102-fd53-444c-a2dd-06667b3dac56 1bdb6d1c56fb4df4acac7dd5d0b59f48 0fbfa7a401d04bceaab07ee6f3c200ef - - default default] Successfully bumped revision number for resource a1fb03d8-e473-4847-a90e-255ea1deefc7 (type: security_groups) to 1
2026-07-27 23:00:58.638 9 INFO neutron.db.ovn_revision_numbers_db [None req-85f39102-fd53-444c-a2dd-06667b3dac56 1bdb6d1c56fb4df4acac7dd5d0b59f48 0fbfa7a401d04bceaab07ee6f3c200ef - - default default] Successfully bumped revision number for resource 3712d35a-d0a6-4111-a94f-059ce001f1d9 (type: security_group_rules) to 0
2026-07-27 23:00:58.664 9 INFO neutron.db.ovn_revision_numbers_db [None req-85f39102-fd53-444c-a2dd-06667b3dac56 1bdb6d1c56fb4df4acac7dd5d0b59f48 0fbfa7a401d04bceaab07ee6f3c200ef - - default default] Successfully bumped revision number for resource c7c8fbd3-229b-45ab-bb9a-5ab5f08f15fa (type: security_group_rules) to 0
2026-07-27 23:00:58.689 9 INFO neutron.db.ovn_revision_numbers_db [None req-85f39102-fd53-444c-a2dd-06667b3dac56 1bdb6d1c56fb4df4acac7dd5d0b59f48 0fbfa7a401d04bceaab07ee6f3c200ef - - default default] Successfully bumped revision number for resource e5634477-57b5-4188-bc69-06118dfc66c4 (type: security_group_rules) to 0
2026-07-27 23:00:58.726 9 INFO neutron.db.ovn_revision_numbers_db [None req-85f39102-fd53-444c-a2dd-06667b3dac56 1bdb6d1c56fb4df4acac7dd5d0b59f48 0fbfa7a401d04bceaab07ee6f3c200ef - - default default] Successfully bumped revision number for resource e9d526e6-bab6-4757-9315-37d4084ac388 (type: security_group_rules) to 0
2026-07-27 23:00:58.756 9 INFO neutron.wsgi [None req-85f39102-fd53-444c-a2dd-06667b3dac56 1bdb6d1c56fb4df4acac7dd5d0b59f48 0fbfa7a401d04bceaab07ee6f3c200ef - - default default] 10.0.0.79 "GET /v2.0/security-groups?tenant_id=2884ec3219e945c2b5b01dce1c757509&name=default HTTP/1.1" status: 200 len: 2996 time: 0.5996618
2026-07-27 23:00:58.880 10 WARNING neutron.plugins.ml2.drivers.ovn.mech_driver.ovsdb.ovn_client [None req-ecdc94dd-4d56-43b7-b2f3-ca67427ed8e7 - - - - - -] No port found with ID 486b439a-5578-4002-abe1-f01b3d12eb61: RuntimeError: No port found with ID 486b439a-5578-4002-abe1-f01b3d12eb61
2026-07-27 23:00:58.917 9 INFO neutron.db.ovn_revision_numbers_db [None req-3700655b-cd3a-4840-af68-546bcc00b931 1bdb6d1c56fb4df4acac7dd5d0b59f48 0fbfa7a401d04bceaab07ee6f3c200ef - - default default] Successfully bumped revision number for resource 110891bf-2b53-4354-b0a2-06e6c82c57b5 (type: router_ports) to 1
2026-07-27 23:00:58.935 10 INFO neutron.db.ovn_revision_numbers_db [None req-782556d0-7ac6-4d40-a55b-bfe99112388c - - - - - -] Successfully bumped revision number for resource 90aad0be-964b-4a44-932b-b24d0ec2f8c6 (type: router_ports) to 4
2026-07-27 23:00:59.034 10 INFO neutron.services.segments.plugin [-] Segment dae32abd-17c1-4486-9032-4f622c532916 resource provider aggregate not found
2026-07-27 23:00:59.039 10 INFO neutron.services.segments.plugin [-] Segment dae32abd-17c1-4486-9032-4f622c532916 resource provider aggregate not found
2026-07-27 23:00:59.063 10 INFO neutron.services.segments.plugin [-] Segment dae32abd-17c1-4486-9032-4f622c532916 resource provider not found; error: Placement Client Error (4xx): {"errors": [{"status": 404, "title": "Not Found", "detail": "The resource could not be found.\n\n No resource provider with uuid dae32abd-17c1-4486-9032-4f622c532916 found for delete ", "request_id": "req-8a9557ab-0b54-4b09-a350-febf7ea53359"}]}
2026-07-27 23:00:59.067 10 INFO neutron.services.segments.plugin [-] Segment dae32abd-17c1-4486-9032-4f622c532916 resource provider not found; error: Placement Client Error (4xx): {"errors": [{"status": 404, "title": "Not Found", "detail": "The resource could not be found.\n\n No resource provider with uuid dae32abd-17c1-4486-9032-4f622c532916 found for delete ", "request_id": "req-81dfc5a5-7add-4153-93bc-5b13d309863d"}]}
2026-07-27 23:00:59.092 10 INFO neutron.wsgi [None req-8687caf3-fe26-442c-8977-c586dd1447c0 7246f4ee913f46bd9d5b21608c7919ce b5b72e99a591462abaa8efe83077b91d - - default default] 10.0.0.79 "DELETE /v2.0/networks/b0352330-4670-44f5-bcb9-37c7475fbb15 HTTP/1.1" status: 204 len: 168 time: 0.6585195
2026-07-27 23:00:59.211 9 INFO neutron.db.ovn_revision_numbers_db [None req-3700655b-cd3a-4840-af68-546bcc00b931 1bdb6d1c56fb4df4acac7dd5d0b59f48 0fbfa7a401d04bceaab07ee6f3c200ef - - default default] Successfully bumped revision number for resource 110891bf-2b53-4354-b0a2-06e6c82c57b5 (type: ports) to 1
2026-07-27 23:00:59.254 9 INFO neutron.wsgi [None req-2f76ab93-dd2f-4f20-b388-4fdb26c4983e 1bdb6d1c56fb4df4acac7dd5d0b59f48 0fbfa7a401d04bceaab07ee6f3c200ef - - default default] 10.0.0.79 "DELETE /v2.0/security-groups/a1fb03d8-e473-4847-a90e-255ea1deefc7 HTTP/1.1" status: 204 len: 168 time: 0.4833415
2026-07-27 23:00:59.349 9 WARNING neutron.scheduler.dhcp_agent_scheduler [None req-3700655b-cd3a-4840-af68-546bcc00b931 1bdb6d1c56fb4df4acac7dd5d0b59f48 0fbfa7a401d04bceaab07ee6f3c200ef - - default default] No more DHCP agents
2026-07-27 23:00:59.352 9 WARNING neutron.api.rpc.agentnotifiers.dhcp_rpc_agent_api [None req-3700655b-cd3a-4840-af68-546bcc00b931 1bdb6d1c56fb4df4acac7dd5d0b59f48 0fbfa7a401d04bceaab07ee6f3c200ef - - default default] Unable to schedule network f7962ea9-dd00-433a-a94f-67380ec75948: no agents available; will retry on subsequent port and subnet creation events.
2026-07-27 23:00:59.674 9 INFO neutron.services.segments.plugin [-] Segment 2c9c8c78-0b91-4aa7-9f1e-45804e641813 resource provider aggregate not found
2026-07-27 23:00:59.685 9 INFO neutron.services.segments.plugin [-] Segment 2c9c8c78-0b91-4aa7-9f1e-45804e641813 resource provider aggregate not found
2026-07-27 23:00:59.693 9 INFO neutron.db.ovn_revision_numbers_db [None req-3d6b7650-811f-4819-b524-717e6712438b 1bdb6d1c56fb4df4acac7dd5d0b59f48 0fbfa7a401d04bceaab07ee6f3c200ef - - default default] Successfully bumped revision number for resource 3ee5f7d1-8e46-4829-b155-2b6ce28de18a (type: security_groups) to 1
2026-07-27 23:00:59.705 9 INFO neutron.services.segments.plugin [-] Segment 2c9c8c78-0b91-4aa7-9f1e-45804e641813 resource provider not found; error: Placement Client Error (4xx): {"errors": [{"status": 404, "title": "Not Found", "detail": "The resource could not be found.\n\n No resource provider with uuid 2c9c8c78-0b91-4aa7-9f1e-45804e641813 found for delete ", "request_id": "req-8bf6bd37-2c62-4b0b-b72f-7d860acc4984"}]}
2026-07-27 23:00:59.713 9 INFO neutron.services.segments.plugin [-] Segment 2c9c8c78-0b91-4aa7-9f1e-45804e641813 resource provider not found; error: Placement Client Error (4xx): {"errors": [{"status": 404, "title": "Not Found", "detail": "The resource could not be found.\n\n No resource provider with uuid 2c9c8c78-0b91-4aa7-9f1e-45804e641813 found for delete ", "request_id": "req-b072f553-cedc-45f0-bd9e-3a8ee95abfd6"}]}
2026-07-27 23:00:59.718 9 INFO neutron.db.ovn_revision_numbers_db [None req-3d6b7650-811f-4819-b524-717e6712438b 1bdb6d1c56fb4df4acac7dd5d0b59f48 0fbfa7a401d04bceaab07ee6f3c200ef - - default default] Successfully bumped revision number for resource 291608e9-30d8-46b2-a17f-eb84e713faff (type: security_group_rules) to 0
2026-07-27 23:00:59.755 9 INFO neutron.wsgi [None req-5370c83b-b24b-4024-8c4e-ca09f2050a78 7246f4ee913f46bd9d5b21608c7919ce b5b72e99a591462abaa8efe83077b91d - - default default] 10.0.0.79 "DELETE /v2.0/networks/00f2b39d-8654-4816-baae-0c99cc0c4133 HTTP/1.1" status: 204 len: 168 time: 0.6563778
2026-07-27 23:00:59.758 9 INFO neutron.db.ovn_revision_numbers_db [None req-3d6b7650-811f-4819-b524-717e6712438b 1bdb6d1c56fb4df4acac7dd5d0b59f48 0fbfa7a401d04bceaab07ee6f3c200ef - - default default] Successfully bumped revision number for resource 2f8a157b-9799-47eb-b05e-fbb6857f4782 (type: security_group_rules) to 0
2026-07-27 23:00:59.850 10 INFO neutron.db.segments_db [None req-99ca13df-8905-498d-826b-9055649b1863 7246f4ee913f46bd9d5b21608c7919ce b5b72e99a591462abaa8efe83077b91d - - default default] Added segment a74a1396-09e1-4166-b857-59b240ec984b of type geneve for network 1eb891b9-efbd-4e14-b941-a1b3a64a2694
2026-07-27 23:01:00.057 9 INFO neutron.db.ovn_revision_numbers_db [None req-3d6b7650-811f-4819-b524-717e6712438b 1bdb6d1c56fb4df4acac7dd5d0b59f48 0fbfa7a401d04bceaab07ee6f3c200ef - - default default] Successfully bumped revision number for resource 9a1c7803-94f2-4b03-a450-0c0e9c67309c (type: security_group_rules) to 0
2026-07-27 23:01:00.097 9 INFO neutron.wsgi [None req-c737efbd-20c7-4321-979f-4b0d4b19fcf9 1bdb6d1c56fb4df4acac7dd5d0b59f48 0fbfa7a401d04bceaab07ee6f3c200ef - - default default] 10.0.0.64 "GET /v2.0/subnets HTTP/1.1" status: 200 len: 2093 time: 0.4602306
2026-07-27 23:01:00.099 9 INFO neutron.db.ovn_revision_numbers_db [None req-3d6b7650-811f-4819-b524-717e6712438b 1bdb6d1c56fb4df4acac7dd5d0b59f48 0fbfa7a401d04bceaab07ee6f3c200ef - - default default] Successfully bumped revision number for resource 9c3165f6-286d-4ff1-bcb8-f23f1d733d2d (type: security_group_rules) to 0
2026-07-27 23:01:00.156 9 INFO neutron.wsgi [None req-3d6b7650-811f-4819-b524-717e6712438b 1bdb6d1c56fb4df4acac7dd5d0b59f48 0fbfa7a401d04bceaab07ee6f3c200ef - - default default] 10.0.0.79 "GET /v2.0/security-groups?tenant_id=889a7595e7e0433cb3e5292bcbe02a84&name=default HTTP/1.1" status: 200 len: 2996 time: 0.7342765
2026-07-27 23:01:00.169 9 INFO neutron.wsgi [None req-33b5080e-8664-4835-ad7e-fcae04caff8c 1bdb6d1c56fb4df4acac7dd5d0b59f48 0fbfa7a401d04bceaab07ee6f3c200ef - - default default] 10.0.0.64 "GET /v2.0/subnets HTTP/1.1" status: 200 len: 2093 time: 0.0705087
2026-07-27 23:01:00.186 9 INFO neutron.wsgi [None req-80aa4d16-409a-4541-b00a-6936d2761f04 1bdb6d1c56fb4df4acac7dd5d0b59f48 0fbfa7a401d04bceaab07ee6f3c200ef - - default default] 10.0.0.64 "GET /v2.0/subnetpools HTTP/1.1" status: 200 len: 193 time: 0.0123396
2026-07-27 23:01:00.230 9 INFO neutron.wsgi [None req-00ed2a40-a3c4-43c9-9ac1-d4343364e922 1bdb6d1c56fb4df4acac7dd5d0b59f48 0fbfa7a401d04bceaab07ee6f3c200ef - - default default] 10.0.0.64 "GET /v2.0/ports HTTP/1.1" status: 200 len: 8572 time: 0.0431211
2026-07-27 23:01:00.258 10 INFO neutron.db.ovn_revision_numbers_db [None req-99ca13df-8905-498d-826b-9055649b1863 7246f4ee913f46bd9d5b21608c7919ce b5b72e99a591462abaa8efe83077b91d - - default default] Successfully bumped revision number for resource 1eb891b9-efbd-4e14-b941-a1b3a64a2694 (type: networks) to 1
2026-07-27 23:01:00.335 9 INFO neutron.wsgi [None req-bb1bf6fc-cdc7-460e-b9c9-62c2e06c94e6 1bdb6d1c56fb4df4acac7dd5d0b59f48 0fbfa7a401d04bceaab07ee6f3c200ef - - default default] 10.0.0.64 "GET /v2.0/routers HTTP/1.1" status: 200 len: 861 time: 0.0942211
2026-07-27 23:01:00.360 9 INFO neutron.wsgi [None req-540556ca-8223-4abe-bbe6-be3c357bd5c9 1bdb6d1c56fb4df4acac7dd5d0b59f48 0fbfa7a401d04bceaab07ee6f3c200ef - - default default] 10.0.0.64 "GET /v2.0/agents?binary=ovn-controller HTTP/1.1" status: 200 len: 591 time: 0.0220954
2026-07-27 23:01:00.378 9 INFO neutron.wsgi [None req-adaec0cb-774e-4f78-95ae-f281aeef89f7 1bdb6d1c56fb4df4acac7dd5d0b59f48 0fbfa7a401d04bceaab07ee6f3c200ef - - default default] 10.0.0.64 "GET /v2.0/network-ip-availabilities HTTP/1.1" status: 200 len: 2025 time: 0.0160885
2026-07-27 23:01:00.380 9 INFO neutron.db.ovn_revision_numbers_db [None req-3700655b-cd3a-4840-af68-546bcc00b931 1bdb6d1c56fb4df4acac7dd5d0b59f48 0fbfa7a401d04bceaab07ee6f3c200ef - - default default] Successfully bumped revision number for resource 110891bf-2b53-4354-b0a2-06e6c82c57b5 (type: router_ports) to 1
2026-07-27 23:01:00.382 9 INFO neutron.wsgi [None req-3700655b-cd3a-4840-af68-546bcc00b931 1bdb6d1c56fb4df4acac7dd5d0b59f48 0fbfa7a401d04bceaab07ee6f3c200ef - - default default] 10.0.0.79 "PUT /v2.0/routers/fed06896-945b-4536-b637-fb9807226fde/add_router_interface HTTP/1.1" status: 200 len: 503 time: 3.2052109
2026-07-27 23:01:00.467 9 INFO neutron.wsgi [None req-ad511916-a877-4e51-826f-73bdc64e2c79 1bdb6d1c56fb4df4acac7dd5d0b59f48 0fbfa7a401d04bceaab07ee6f3c200ef - - default default] 10.0.0.64 "GET /v2.0/networks HTTP/1.1" status: 200 len: 3818 time: 0.0873582
2026-07-27 23:01:00.475 10 WARNING neutron.scheduler.dhcp_agent_scheduler [None req-99ca13df-8905-498d-826b-9055649b1863 7246f4ee913f46bd9d5b21608c7919ce b5b72e99a591462abaa8efe83077b91d - - default default] No more DHCP agents
2026-07-27 23:01:00.480 10 WARNING neutron.api.rpc.agentnotifiers.dhcp_rpc_agent_api [None req-99ca13df-8905-498d-826b-9055649b1863 7246f4ee913f46bd9d5b21608c7919ce b5b72e99a591462abaa8efe83077b91d - - default default] Unable to schedule network 1eb891b9-efbd-4e14-b941-a1b3a64a2694: no agents available; will retry on subsequent port and subnet creation events.
2026-07-27 23:01:00.493 9 INFO neutron.wsgi [None req-5e4558dd-c7f5-41c4-a9c0-13d341cb1c2f 1bdb6d1c56fb4df4acac7dd5d0b59f48 0fbfa7a401d04bceaab07ee6f3c200ef - - default default] 10.0.0.64 "GET /v2.0/floatingips HTTP/1.1" status: 200 len: 193 time: 0.0211484
2026-07-27 23:01:00.522 10 INFO neutron.wsgi [None req-dff7b65e-2035-471c-9df1-2f188f402782 1bdb6d1c56fb4df4acac7dd5d0b59f48 0fbfa7a401d04bceaab07ee6f3c200ef - - default default] 10.0.0.79 "DELETE /v2.0/security-groups/3ee5f7d1-8e46-4829-b155-2b6ce28de18a HTTP/1.1" status: 204 len: 168 time: 0.3534217
2026-07-27 23:01:00.556 9 INFO neutron.wsgi [None req-856fe124-899b-4fef-a686-419c2ca0c665 1bdb6d1c56fb4df4acac7dd5d0b59f48 0fbfa7a401d04bceaab07ee6f3c200ef - - default default] 10.0.0.64 "GET /v2.0/security-groups HTTP/1.1" status: 200 len: 22363 time: 0.0617154
2026-07-27 23:01:00.573 9 INFO neutron.wsgi [None req-f7124409-5b3b-4592-84b3-0316fe25f847 1bdb6d1c56fb4df4acac7dd5d0b59f48 0fbfa7a401d04bceaab07ee6f3c200ef - - default default] 10.0.0.64 "GET /v2.0/agents HTTP/1.1" status: 200 len: 997 time: 0.0115252
2026-07-27 23:01:00.580 10 INFO neutron.db.ovn_revision_numbers_db [None req-99ca13df-8905-498d-826b-9055649b1863 7246f4ee913f46bd9d5b21608c7919ce b5b72e99a591462abaa8efe83077b91d - - default default] Successfully bumped revision number for resource fc573d1b-26c7-486b-bf2a-51a8388040b4 (type: ports) to 1
2026-07-27 23:01:00.607 10 INFO neutron.wsgi [None req-99ca13df-8905-498d-826b-9055649b1863 7246f4ee913f46bd9d5b21608c7919ce b5b72e99a591462abaa8efe83077b91d - - default default] 10.0.0.79 "POST /v2.0/networks HTTP/1.1" status: 201 len: 832 time: 0.8422399
2026-07-27 23:01:00.800 9 WARNING neutron.plugins.ml2.drivers.ovn.mech_driver.ovsdb.ovn_client [None req-0748c09a-3db5-40cc-8c37-da8d8509ab02 - - - - - -] No port found with ID 872cd77e-1bf5-4426-8b1d-f362a7b1808b: RuntimeError: No port found with ID 872cd77e-1bf5-4426-8b1d-f362a7b1808b
2026-07-27 23:01:00.801 9 INFO neutron.plugins.ml2.drivers.ovn.mech_driver.mech_driver [None req-0748c09a-3db5-40cc-8c37-da8d8509ab02 - - - - - -] OVN reports status up for port: 90aad0be-964b-4a44-932b-b24d0ec2f8c6
2026-07-27 23:01:00.814 9 INFO neutron.plugins.ml2.plugin [None req-0748c09a-3db5-40cc-8c37-da8d8509ab02 - - - - - -] Attempt 1 to provision port 90aad0be-964b-4a44-932b-b24d0ec2f8c6
2026-07-27 23:01:00.940 10 WARNING neutron.scheduler.dhcp_agent_scheduler [None req-43d4754c-0946-4bb1-af68-f6f15e34f99d 7246f4ee913f46bd9d5b21608c7919ce b5b72e99a591462abaa8efe83077b91d - - default default] No more DHCP agents
2026-07-27 23:01:00.943 10 WARNING neutron.api.rpc.agentnotifiers.dhcp_rpc_agent_api [None req-43d4754c-0946-4bb1-af68-f6f15e34f99d 7246f4ee913f46bd9d5b21608c7919ce b5b72e99a591462abaa8efe83077b91d - - default default] Unable to schedule network 1eb891b9-efbd-4e14-b941-a1b3a64a2694: no agents available; will retry on subsequent port and subnet creation events.
2026-07-27 23:01:00.947 9 INFO neutron.plugins.ml2.drivers.ovn.mech_driver.mech_driver [None req-0748c09a-3db5-40cc-8c37-da8d8509ab02 - - - - - -] OVN reports status up for port: 110891bf-2b53-4354-b0a2-06e6c82c57b5
2026-07-27 23:01:00.984 9 INFO neutron.plugins.ml2.plugin [None req-0748c09a-3db5-40cc-8c37-da8d8509ab02 - - - - - -] Attempt 1 to provision port 110891bf-2b53-4354-b0a2-06e6c82c57b5
2026-07-27 23:01:00.985 10 INFO neutron.db.ovn_revision_numbers_db [None req-43d4754c-0946-4bb1-af68-f6f15e34f99d 7246f4ee913f46bd9d5b21608c7919ce b5b72e99a591462abaa8efe83077b91d - - default default] Successfully bumped revision number for resource 37d1ac86-b82e-4e71-962d-ea2103ba3c0b (type: subnets) to 0
2026-07-27 23:01:01.000 10 INFO neutron.wsgi [None req-43d4754c-0946-4bb1-af68-f6f15e34f99d 7246f4ee913f46bd9d5b21608c7919ce b5b72e99a591462abaa8efe83077b91d - - default default] 10.0.0.79 "POST /v2.0/subnets HTTP/1.1" status: 201 len: 821 time: 0.3882151
2026-07-27 23:01:01.209 10 INFO neutron.db.ovn_revision_numbers_db [None req-d3ab02d3-1251-41f2-a8b7-344258a7bfab 7246f4ee913f46bd9d5b21608c7919ce b5b72e99a591462abaa8efe83077b91d - - default default] Successfully bumped revision number for resource 54eefc0f-5271-4483-a30b-b5ffa3386bcf (type: routers) to 1
2026-07-27 23:01:01.229 10 INFO neutron.wsgi [None req-d3ab02d3-1251-41f2-a8b7-344258a7bfab 7246f4ee913f46bd9d5b21608c7919ce b5b72e99a591462abaa8efe83077b91d - - default default] 10.0.0.79 "POST /v2.0/routers HTTP/1.1" status: 201 len: 691 time: 0.2219214
2026-07-27 23:01:01.292 10 INFO neutron.db.ovn_revision_numbers_db [None req-018f3cb7-bd44-46d6-9a6f-862d4e198273 ff01a37c8d7d474ab3c11514b3b3eec2 375ee55170c546359a8e2f2f0da07953 - - default default] Successfully bumped revision number for resource be6106c8-ef0e-4882-9fe4-b8d65cc1ab84 (type: security_groups) to 1
2026-07-27 23:01:01.313 9 INFO neutron.db.ovn_revision_numbers_db [None req-0748c09a-3db5-40cc-8c37-da8d8509ab02 - - - - - -] Successfully bumped revision number for resource 110891bf-2b53-4354-b0a2-06e6c82c57b5 (type: ports) to 2
2026-07-27 23:01:01.333 10 INFO neutron.db.ovn_revision_numbers_db [None req-018f3cb7-bd44-46d6-9a6f-862d4e198273 ff01a37c8d7d474ab3c11514b3b3eec2 375ee55170c546359a8e2f2f0da07953 - - default default] Successfully bumped revision number for resource 1662d68c-9ac8-474b-b14e-b168f137e915 (type: security_group_rules) to 0
2026-07-27 23:01:01.357 10 INFO neutron.db.ovn_revision_numbers_db [None req-3f9fbe1b-8fb1-4d45-9b6b-edaade1c2178 1bdb6d1c56fb4df4acac7dd5d0b59f48 0fbfa7a401d04bceaab07ee6f3c200ef - - default default] Successfully bumped revision number for resource 0a8c2dff-51e2-4724-92bb-572ccc28dee7 (type: security_groups) to 1
2026-07-27 23:01:01.361 10 INFO neutron.db.ovn_revision_numbers_db [None req-018f3cb7-bd44-46d6-9a6f-862d4e198273 ff01a37c8d7d474ab3c11514b3b3eec2 375ee55170c546359a8e2f2f0da07953 - - default default] Successfully bumped revision number for resource 9ab5d4dd-ee9b-491c-9608-a088c81ee9fb (type: security_group_rules) to 0
2026-07-27 23:01:01.406 10 INFO neutron.db.ovn_revision_numbers_db [None req-3f9fbe1b-8fb1-4d45-9b6b-edaade1c2178 1bdb6d1c56fb4df4acac7dd5d0b59f48 0fbfa7a401d04bceaab07ee6f3c200ef - - default default] Successfully bumped revision number for resource 3ef66679-1ae3-4394-a90b-b0017676eb78 (type: security_group_rules) to 0
2026-07-27 23:01:01.415 10 INFO neutron.wsgi [None req-018f3cb7-bd44-46d6-9a6f-862d4e198273 ff01a37c8d7d474ab3c11514b3b3eec2 375ee55170c546359a8e2f2f0da07953 - - default default] 10.0.0.79 "POST /v2.0/security-groups HTTP/1.1" status: 201 len: 1796 time: 0.3855355
2026-07-27 23:01:01.447 10 INFO neutron.db.ovn_revision_numbers_db [None req-3f9fbe1b-8fb1-4d45-9b6b-edaade1c2178 1bdb6d1c56fb4df4acac7dd5d0b59f48 0fbfa7a401d04bceaab07ee6f3c200ef - - default default] Successfully bumped revision number for resource 527b9d58-dd4b-4a0c-b061-a4773939ea87 (type: security_group_rules) to 0
2026-07-27 23:01:01.481 10 INFO neutron.db.ovn_revision_numbers_db [None req-3f9fbe1b-8fb1-4d45-9b6b-edaade1c2178 1bdb6d1c56fb4df4acac7dd5d0b59f48 0fbfa7a401d04bceaab07ee6f3c200ef - - default default] Successfully bumped revision number for resource 8cb2bb59-dc67-4b43-b334-de06815a0513 (type: security_group_rules) to 0
2026-07-27 23:01:01.506 9 INFO neutron.db.ovn_revision_numbers_db [None req-0748c09a-3db5-40cc-8c37-da8d8509ab02 - - - - - -] Successfully bumped revision number for resource 110891bf-2b53-4354-b0a2-06e6c82c57b5 (type: router_ports) to 2
2026-07-27 23:01:01.517 10 INFO neutron.db.ovn_revision_numbers_db [None req-3f9fbe1b-8fb1-4d45-9b6b-edaade1c2178 1bdb6d1c56fb4df4acac7dd5d0b59f48 0fbfa7a401d04bceaab07ee6f3c200ef - - default default] Successfully bumped revision number for resource 9ad0fa78-d4c4-4bf0-8dd6-2c8ca7c8af9a (type: security_group_rules) to 0
2026-07-27 23:01:01.568 10 INFO neutron.wsgi [None req-3f9fbe1b-8fb1-4d45-9b6b-edaade1c2178 1bdb6d1c56fb4df4acac7dd5d0b59f48 0fbfa7a401d04bceaab07ee6f3c200ef - - default default] 10.0.0.79 "GET /v2.0/security-groups?tenant_id=392fb88694714b6ead83fbcb50854b62&name=default HTTP/1.1" status: 200 len: 2996 time: 0.5991583
2026-07-27 23:01:01.694 10 INFO neutron.db.ovn_revision_numbers_db [None req-adbc2610-847c-43d9-8a78-1bfc3624a398 ff01a37c8d7d474ab3c11514b3b3eec2 375ee55170c546359a8e2f2f0da07953 - - default default] Successfully bumped revision number for resource 478ca764-ba22-4e39-9191-1264d8380b85 (type: security_group_rules) to 0
2026-07-27 23:01:01.746 10 INFO neutron.wsgi [None req-adbc2610-847c-43d9-8a78-1bfc3624a398 ff01a37c8d7d474ab3c11514b3b3eec2 375ee55170c546359a8e2f2f0da07953 - - default default] 10.0.0.79 "POST /v2.0/security-group-rules HTTP/1.1" status: 201 len: 764 time: 0.3194067
2026-07-27 23:01:01.921 10 WARNING neutron.scheduler.dhcp_agent_scheduler [None req-088ce408-97a7-4ef9-8c8e-2d179f81773e 7246f4ee913f46bd9d5b21608c7919ce b5b72e99a591462abaa8efe83077b91d - - default default] No more DHCP agents
2026-07-27 23:01:01.928 10 WARNING neutron.api.rpc.agentnotifiers.dhcp_rpc_agent_api [None req-088ce408-97a7-4ef9-8c8e-2d179f81773e 7246f4ee913f46bd9d5b21608c7919ce b5b72e99a591462abaa8efe83077b91d - - default default] Unable to schedule network 1eb891b9-efbd-4e14-b941-a1b3a64a2694: no agents available; will retry on subsequent port and subnet creation events.
2026-07-27 23:01:01.981 10 INFO neutron.wsgi [None req-5b96da92-2e26-4584-904a-7abad59269c6 1bdb6d1c56fb4df4acac7dd5d0b59f48 0fbfa7a401d04bceaab07ee6f3c200ef - - default default] 10.0.0.79 "DELETE /v2.0/security-groups/0a8c2dff-51e2-4724-92bb-572ccc28dee7 HTTP/1.1" status: 204 len: 168 time: 0.4037883
2026-07-27 23:01:02.013 10 INFO neutron.db.ovn_revision_numbers_db [None req-273ca0e6-ee84-4196-91bb-effab0e3c0ae ff01a37c8d7d474ab3c11514b3b3eec2 375ee55170c546359a8e2f2f0da07953 - - default default] Successfully bumped revision number for resource 2c6c4bc3-ac1a-4d25-a9e3-d7d5c87faa03 (type: security_group_rules) to 0
2026-07-27 23:01:02.071 10 INFO neutron.wsgi [None req-273ca0e6-ee84-4196-91bb-effab0e3c0ae ff01a37c8d7d474ab3c11514b3b3eec2 375ee55170c546359a8e2f2f0da07953 - - default default] 10.0.0.79 "POST /v2.0/security-group-rules HTTP/1.1" status: 201 len: 769 time: 0.3189266
2026-07-27 23:01:02.099 10 INFO neutron.db.ovn_revision_numbers_db [None req-088ce408-97a7-4ef9-8c8e-2d179f81773e 7246f4ee913f46bd9d5b21608c7919ce b5b72e99a591462abaa8efe83077b91d - - default default] Successfully bumped revision number for resource dbd95687-77e1-43f7-8f22-ecbfed77dcc5 (type: ports) to 1
2026-07-27 23:01:02.124 10 INFO neutron.wsgi [None req-088ce408-97a7-4ef9-8c8e-2d179f81773e 7246f4ee913f46bd9d5b21608c7919ce b5b72e99a591462abaa8efe83077b91d - - default default] 10.0.0.79 "POST /v2.0/ports HTTP/1.1" status: 201 len: 1162 time: 0.8819509 /var/lib/openstack/lib/python3.10/site-packages/pycadf/identifier.py:71: UserWarning: Invalid uuid: neutron. To ensure interoperability, identifiers should be a valid uuid. warnings.warn(('Invalid uuid: %s. To ensure interoperability, '
2026-07-27 23:01:02.414 9 WARNING neutron.scheduler.dhcp_agent_scheduler [None req-75a17296-f991-4868-b00a-b53cd83bcec2 ff01a37c8d7d474ab3c11514b3b3eec2 375ee55170c546359a8e2f2f0da07953 - - default default] No more DHCP agents
2026-07-27 23:01:02.417 9 WARNING neutron.api.rpc.agentnotifiers.dhcp_rpc_agent_api [None req-75a17296-f991-4868-b00a-b53cd83bcec2 ff01a37c8d7d474ab3c11514b3b3eec2 375ee55170c546359a8e2f2f0da07953 - - default default] Unable to schedule network 720c3711-5f15-41fc-8eb4-2bf24df5fc44: no agents available; will retry on subsequent port and subnet creation events.
2026-07-27 23:01:02.566 10 INFO neutron.plugins.ml2.drivers.ovn.mech_driver.mech_driver [None req-ecdc94dd-4d56-43b7-b2f3-ca67427ed8e7 - - - - - -] OVN reports status up for port: dbd95687-77e1-43f7-8f22-ecbfed77dcc5
2026-07-27 23:01:02.582 10 INFO neutron.plugins.ml2.plugin [None req-ecdc94dd-4d56-43b7-b2f3-ca67427ed8e7 - - - - - -] Attempt 1 to provision port dbd95687-77e1-43f7-8f22-ecbfed77dcc5
2026-07-27 23:01:02.602 10 INFO neutron.db.ovn_revision_numbers_db [None req-70007ee8-57c0-43d9-8c85-72da288ac5c3 7246f4ee913f46bd9d5b21608c7919ce b5b72e99a591462abaa8efe83077b91d - - default default] Successfully bumped revision number for resource dbd95687-77e1-43f7-8f22-ecbfed77dcc5 (type: router_ports) to 2
2026-07-27 23:01:02.785 10 INFO neutron.db.ovn_revision_numbers_db [None req-70007ee8-57c0-43d9-8c85-72da288ac5c3 7246f4ee913f46bd9d5b21608c7919ce b5b72e99a591462abaa8efe83077b91d - - default default] Successfully bumped revision number for resource dbd95687-77e1-43f7-8f22-ecbfed77dcc5 (type: ports) to 2
2026-07-27 23:01:02.829 9 INFO neutron.db.ovn_revision_numbers_db [None req-75a17296-f991-4868-b00a-b53cd83bcec2 ff01a37c8d7d474ab3c11514b3b3eec2 375ee55170c546359a8e2f2f0da07953 - - default default] Successfully bumped revision number for resource 08da1aa7-821f-4c3a-b322-005091e6127c (type: floatingips) to 0
2026-07-27 23:01:02.844 9 INFO neutron.wsgi [None req-75a17296-f991-4868-b00a-b53cd83bcec2 ff01a37c8d7d474ab3c11514b3b3eec2 375ee55170c546359a8e2f2f0da07953 - - default default] 10.0.0.79 "POST /v2.0/floatingips HTTP/1.1" status: 201 len: 751 time: 0.7678349
2026-07-27 23:01:02.942 10 INFO neutron.db.ovn_revision_numbers_db [None req-ecdc94dd-4d56-43b7-b2f3-ca67427ed8e7 - - - - - -] Successfully bumped revision number for resource dbd95687-77e1-43f7-8f22-ecbfed77dcc5 (type: ports) to 3
2026-07-27 23:01:03.235 9 INFO neutron.db.ovn_revision_numbers_db [None req-0b728457-75f2-4179-87cd-416c59109bd2 1bdb6d1c56fb4df4acac7dd5d0b59f48 0fbfa7a401d04bceaab07ee6f3c200ef - - default default] Successfully bumped revision number for resource ebb8cae6-67e3-472d-b3ce-04f1b8880726 (type: security_groups) to 1
2026-07-27 23:01:03.253 9 INFO neutron.db.ovn_revision_numbers_db [None req-0b728457-75f2-4179-87cd-416c59109bd2 1bdb6d1c56fb4df4acac7dd5d0b59f48 0fbfa7a401d04bceaab07ee6f3c200ef - - default default] Successfully bumped revision number for resource 54ba7bf0-d948-43d0-ac27-324f26a02d1a (type: security_group_rules) to 0
2026-07-27 23:01:03.269 9 INFO neutron.db.ovn_revision_numbers_db [None req-0b728457-75f2-4179-87cd-416c59109bd2 1bdb6d1c56fb4df4acac7dd5d0b59f48 0fbfa7a401d04bceaab07ee6f3c200ef - - default default] Successfully bumped revision number for resource 9ed36c55-af15-4903-8a7b-ff59c9ee181f (type: security_group_rules) to 0
2026-07-27 23:01:03.295 9 INFO neutron.db.ovn_revision_numbers_db [None req-0b728457-75f2-4179-87cd-416c59109bd2 1bdb6d1c56fb4df4acac7dd5d0b59f48 0fbfa7a401d04bceaab07ee6f3c200ef - - default default] Successfully bumped revision number for resource b5b9a788-4348-4cb4-afe9-1dd44e5943aa (type: security_group_rules) to 0
2026-07-27 23:01:03.312 9 INFO neutron.db.ovn_revision_numbers_db [None req-0b728457-75f2-4179-87cd-416c59109bd2 1bdb6d1c56fb4df4acac7dd5d0b59f48 0fbfa7a401d04bceaab07ee6f3c200ef - - default default] Successfully bumped revision number for resource bbd23ee3-a7ca-4428-90fd-861dfbcfe50f (type: security_group_rules) to 0
2026-07-27 23:01:03.338 9 INFO neutron.wsgi [None req-0b728457-75f2-4179-87cd-416c59109bd2 1bdb6d1c56fb4df4acac7dd5d0b59f48 0fbfa7a401d04bceaab07ee6f3c200ef - - default default] 10.0.0.79 "GET /v2.0/security-groups?tenant_id=c0adea069093427ca455eb1a433c13db&name=default HTTP/1.1" status: 200 len: 2996 time: 0.4068050
2026-07-27 23:01:03.422 9 INFO neutron.wsgi [req-df8b9fd4-ae87-4a4a-8e43-982caf3d447a req-7f9244a0-28a6-42c5-be5c-f224fefbcbc4 ff01a37c8d7d474ab3c11514b3b3eec2 375ee55170c546359a8e2f2f0da07953 - - default default] 10.0.0.148 "GET /v2.0/security-groups?name=tempest-securitygroup--793244133&fields=id&tenant_id=375ee55170c546359a8e2f2f0da07953 HTTP/1.1" status: 200 len: 267 time: 0.0399542
2026-07-27 23:01:03.445 10 INFO neutron.db.ovn_revision_numbers_db [None req-ecdc94dd-4d56-43b7-b2f3-ca67427ed8e7 - - - - - -] Successfully bumped revision number for resource dbd95687-77e1-43f7-8f22-ecbfed77dcc5 (type: router_ports) to 3
2026-07-27 23:01:03.526 9 INFO neutron.wsgi [req-df8b9fd4-ae87-4a4a-8e43-982caf3d447a req-f12f098b-cb41-4f77-a38c-435112ea15ca ff01a37c8d7d474ab3c11514b3b3eec2 375ee55170c546359a8e2f2f0da07953 - - default default] 10.0.0.148 "GET /v2.0/networks?id=f7962ea9-dd00-433a-a94f-67380ec75948 HTTP/1.1" status: 200 len: 874 time: 0.0922103
2026-07-27 23:01:03.549 9 INFO neutron.wsgi [req-df8b9fd4-ae87-4a4a-8e43-982caf3d447a req-06afc44c-4597-45e6-9f6d-29c46d84d82f ff01a37c8d7d474ab3c11514b3b3eec2 375ee55170c546359a8e2f2f0da07953 - - default default] 10.0.0.148 "GET /v2.0/quotas/375ee55170c546359a8e2f2f0da07953 HTTP/1.1" status: 200 len: 386 time: 0.0151806
2026-07-27 23:01:03.662 9 INFO neutron.wsgi [req-df8b9fd4-ae87-4a4a-8e43-982caf3d447a req-787e316c-c2cc-4e40-a77f-692be0d9771b ff01a37c8d7d474ab3c11514b3b3eec2 375ee55170c546359a8e2f2f0da07953 - - default default] 10.0.0.148 "GET /v2.0/ports?tenant_id=375ee55170c546359a8e2f2f0da07953&fields=id HTTP/1.1" status: 200 len: 302 time: 0.1022403
2026-07-27 23:01:03.681 9 INFO neutron.wsgi [None req-7a22f891-190c-4e52-ab47-23dc6ff9a7de 1bdb6d1c56fb4df4acac7dd5d0b59f48 0fbfa7a401d04bceaab07ee6f3c200ef - - default default] 10.0.0.79 "DELETE /v2.0/security-groups/ebb8cae6-67e3-472d-b3ce-04f1b8880726 HTTP/1.1" status: 204 len: 168 time: 0.3374789
2026-07-27 23:01:03.742 9 INFO neutron.wsgi [req-df8b9fd4-ae87-4a4a-8e43-982caf3d447a req-4d37e19a-d291-42bb-a864-5a8a302aeea6 d209e96dc3824bc5b996c67d567f9d62 fe4d4b0dbfc74b929c22fb51c35109fc - - 75534254d2f848d6999a7b6b9f59d9ca 75534254d2f848d6999a7b6b9f59d9ca] 10.0.0.148 "GET /v2.0/networks/f7962ea9-dd00-433a-a94f-67380ec75948?fields=segments HTTP/1.1" status: 200 len: 212 time: 0.0603926
2026-07-27 23:01:03.762 10 INFO neutron.db.ovn_revision_numbers_db [None req-70007ee8-57c0-43d9-8c85-72da288ac5c3 7246f4ee913f46bd9d5b21608c7919ce b5b72e99a591462abaa8efe83077b91d - - default default] Successfully bumped revision number for resource dbd95687-77e1-43f7-8f22-ecbfed77dcc5 (type: ports) to 3
2026-07-27 23:01:03.822 9 INFO neutron.wsgi [req-df8b9fd4-ae87-4a4a-8e43-982caf3d447a req-0546d315-c72a-4fc6-9f03-48158bf91e68 d209e96dc3824bc5b996c67d567f9d62 fe4d4b0dbfc74b929c22fb51c35109fc - - 75534254d2f848d6999a7b6b9f59d9ca 75534254d2f848d6999a7b6b9f59d9ca] 10.0.0.148 "GET /v2.0/networks/f7962ea9-dd00-433a-a94f-67380ec75948?fields=provider%3Aphysical_network&fields=provider%3Anetwork_type HTTP/1.1" status: 200 len: 277 time: 0.0716577
2026-07-27 23:01:03.840 10 WARNING neutron.scheduler.dhcp_agent_scheduler [None req-70007ee8-57c0-43d9-8c85-72da288ac5c3 7246f4ee913f46bd9d5b21608c7919ce b5b72e99a591462abaa8efe83077b91d - - default default] No more DHCP agents
2026-07-27 23:01:03.841 10 WARNING neutron.api.rpc.agentnotifiers.dhcp_rpc_agent_api [None req-70007ee8-57c0-43d9-8c85-72da288ac5c3 7246f4ee913f46bd9d5b21608c7919ce b5b72e99a591462abaa8efe83077b91d - - default default] Unable to schedule network 1eb891b9-efbd-4e14-b941-a1b3a64a2694: no agents available; will retry on subsequent port and subnet creation events.
2026-07-27 23:01:04.010 9 INFO neutron.wsgi [req-6acf1272-69bb-45dd-9ced-27575f30a707 req-f295b6c6-69a9-49d9-b42c-9aa92dafcfeb ff01a37c8d7d474ab3c11514b3b3eec2 375ee55170c546359a8e2f2f0da07953 - - default default] 10.0.0.148 "GET /v2.0/ports?device_id=9114ac0a-c3e5-4197-9d8d-1d6d8676a5e9 HTTP/1.1" status: 200 len: 210 time: 0.0283394
2026-07-27 23:01:04.079 10 INFO neutron.db.ovn_revision_numbers_db [None req-70007ee8-57c0-43d9-8c85-72da288ac5c3 7246f4ee913f46bd9d5b21608c7919ce b5b72e99a591462abaa8efe83077b91d - - default default] Successfully bumped revision number for resource dbd95687-77e1-43f7-8f22-ecbfed77dcc5 (type: router_ports) to 3
2026-07-27 23:01:04.082 10 INFO neutron.wsgi [None req-70007ee8-57c0-43d9-8c85-72da288ac5c3 7246f4ee913f46bd9d5b21608c7919ce b5b72e99a591462abaa8efe83077b91d - - default default] 10.0.0.79 "PUT /v2.0/routers/54eefc0f-5271-4483-a30b-b5ffa3386bcf/add_router_interface HTTP/1.1" status: 200 len: 503 time: 1.9516947 /var/lib/openstack/lib/python3.10/site-packages/pycadf/identifier.py:71: UserWarning: Invalid uuid: neutron. To ensure interoperability, identifiers should be a valid uuid. warnings.warn(('Invalid uuid: %s. To ensure interoperability, '
2026-07-27 23:01:04.147 10 INFO neutron.wsgi [None req-7c28a98a-315d-480b-a342-c58e08422004 7246f4ee913f46bd9d5b21608c7919ce b5b72e99a591462abaa8efe83077b91d - - default default] 10.0.0.79 "GET /v2.0/ports/dbd95687-77e1-43f7-8f22-ecbfed77dcc5 HTTP/1.1" status: 200 len: 1220 time: 0.0560627
2026-07-27 23:01:04.253 9 INFO neutron.db.ovn_revision_numbers_db [None req-e123059e-3d42-43ae-a986-ce13e0391b27 e0a801cc4bb54a009bc5cc10a96696a6 180c434b968849f9a02f233b57a6ec59 - - default default] Successfully bumped revision number for resource 6126203b-8cb4-4e34-b4d6-00dda0fb9a63 (type: security_groups) to 1
2026-07-27 23:01:04.272 9 INFO neutron.db.ovn_revision_numbers_db [None req-e123059e-3d42-43ae-a986-ce13e0391b27 e0a801cc4bb54a009bc5cc10a96696a6 180c434b968849f9a02f233b57a6ec59 - - default default] Successfully bumped revision number for resource 282bff6d-8ddd-4ca7-af53-3b2f637055bf (type: security_group_rules) to 0
2026-07-27 23:01:04.290 9 INFO neutron.db.ovn_revision_numbers_db [None req-e123059e-3d42-43ae-a986-ce13e0391b27 e0a801cc4bb54a009bc5cc10a96696a6 180c434b968849f9a02f233b57a6ec59 - - default default] Successfully bumped revision number for resource 5878fe9c-6cd9-4475-b3fc-f9a23c56644e (type: security_group_rules) to 0
2026-07-27 23:01:04.307 9 INFO neutron.db.ovn_revision_numbers_db [None req-e123059e-3d42-43ae-a986-ce13e0391b27 e0a801cc4bb54a009bc5cc10a96696a6 180c434b968849f9a02f233b57a6ec59 - - default default] Successfully bumped revision number for resource 9fbc40a8-a2dd-4995-8618-b3f2f9a4988a (type: security_group_rules) to 0
2026-07-27 23:01:04.323 9 INFO neutron.db.ovn_revision_numbers_db [None req-e123059e-3d42-43ae-a986-ce13e0391b27 e0a801cc4bb54a009bc5cc10a96696a6 180c434b968849f9a02f233b57a6ec59 - - default default] Successfully bumped revision number for resource ea867d39-00a9-4319-b677-cefa9773daeb (type: security_group_rules) to 0
2026-07-27 23:01:04.388 9 INFO neutron.db.segments_db [None req-e123059e-3d42-43ae-a986-ce13e0391b27 e0a801cc4bb54a009bc5cc10a96696a6 180c434b968849f9a02f233b57a6ec59 - - default default] Added segment 3857593d-a17c-4aeb-aebc-c3937d04b4d7 of type geneve for network 6cc6aa03-7d19-428d-86db-be80b21070b8
2026-07-27 23:01:04.570 9 INFO neutron.db.ovn_revision_numbers_db [None req-e123059e-3d42-43ae-a986-ce13e0391b27 e0a801cc4bb54a009bc5cc10a96696a6 180c434b968849f9a02f233b57a6ec59 - - default default] Successfully bumped revision number for resource 6cc6aa03-7d19-428d-86db-be80b21070b8 (type: networks) to 1
2026-07-27 23:01:04.764 9 WARNING neutron.scheduler.dhcp_agent_scheduler [None req-e123059e-3d42-43ae-a986-ce13e0391b27 e0a801cc4bb54a009bc5cc10a96696a6 180c434b968849f9a02f233b57a6ec59 - - default default] No more DHCP agents
2026-07-27 23:01:04.768 9 WARNING neutron.api.rpc.agentnotifiers.dhcp_rpc_agent_api [None req-e123059e-3d42-43ae-a986-ce13e0391b27 e0a801cc4bb54a009bc5cc10a96696a6 180c434b968849f9a02f233b57a6ec59 - - default default] Unable to schedule network 6cc6aa03-7d19-428d-86db-be80b21070b8: no agents available; will retry on subsequent port and subnet creation events.
2026-07-27 23:01:04.850 10 INFO neutron.wsgi [None req-bc663c56-56ed-4e66-a05b-7717a5a5ed72 7246f4ee913f46bd9d5b21608c7919ce b5b72e99a591462abaa8efe83077b91d - - default default] 10.0.0.79 "PUT /v2.0/routers/54eefc0f-5271-4483-a30b-b5ffa3386bcf/remove_router_interface HTTP/1.1" status: 200 len: 503 time: 0.6967962
2026-07-27 23:01:04.858 9 INFO neutron.wsgi [req-df8b9fd4-ae87-4a4a-8e43-982caf3d447a req-c7eee5b3-71b7-4f61-adc6-d1320556fdcd ff01a37c8d7d474ab3c11514b3b3eec2 375ee55170c546359a8e2f2f0da07953 - - default default] 199.204.45.138 "GET /v2.0/networks?id=f7962ea9-dd00-433a-a94f-67380ec75948 HTTP/1.1" status: 200 len: 874 time: 0.0933266 /var/lib/openstack/lib/python3.10/site-packages/pycadf/identifier.py:71: UserWarning: Invalid uuid: neutron. To ensure interoperability, identifiers should be a valid uuid. warnings.warn(('Invalid uuid: %s. To ensure interoperability, '
2026-07-27 23:01:04.894 9 INFO neutron.db.ovn_revision_numbers_db [None req-e123059e-3d42-43ae-a986-ce13e0391b27 e0a801cc4bb54a009bc5cc10a96696a6 180c434b968849f9a02f233b57a6ec59 - - default default] Successfully bumped revision number for resource dfd47fef-d4d2-44b4-a19b-f2fe8bc04527 (type: ports) to 1
2026-07-27 23:01:04.917 9 INFO neutron.wsgi [req-df8b9fd4-ae87-4a4a-8e43-982caf3d447a req-fdd3e846-84d8-4e4c-88a2-537457b566be ff01a37c8d7d474ab3c11514b3b3eec2 375ee55170c546359a8e2f2f0da07953 - - default default] 199.204.45.138 "GET /v2.0/security-groups?fields=id&fields=name&tenant_id=375ee55170c546359a8e2f2f0da07953 HTTP/1.1" status: 200 len: 379 time: 0.0462906
2026-07-27 23:01:04.923 9 INFO neutron.wsgi [None req-e123059e-3d42-43ae-a986-ce13e0391b27 e0a801cc4bb54a009bc5cc10a96696a6 180c434b968849f9a02f233b57a6ec59 - - default default] 10.0.0.79 "POST /v2.0/networks HTTP/1.1" status: 201 len: 849 time: 1.0403597
2026-07-27 23:01:04.932 10 INFO neutron.api.v2.resource [None req-b9b30b7e-e0b2-4503-a119-9a9812db72a5 7246f4ee913f46bd9d5b21608c7919ce b5b72e99a591462abaa8efe83077b91d - - default default] remove_router_interface failed (client error): The resource could not be found.
2026-07-27 23:01:04.934 10 INFO neutron.wsgi [None req-b9b30b7e-e0b2-4503-a119-9a9812db72a5 7246f4ee913f46bd9d5b21608c7919ce b5b72e99a591462abaa8efe83077b91d - - default default] 10.0.0.79 "PUT /v2.0/routers/54eefc0f-5271-4483-a30b-b5ffa3386bcf/remove_router_interface HTTP/1.1" status: 404 len: 398 time: 0.0725601
2026-07-27 23:01:04.964 10 INFO neutron.wsgi [None req-dbc17fa7-9abb-45f4-8a35-d9ee4828c0b1 7246f4ee913f46bd9d5b21608c7919ce b5b72e99a591462abaa8efe83077b91d - - default default] 10.0.0.79 "GET /v2.0/ports?device_id=54eefc0f-5271-4483-a30b-b5ffa3386bcf HTTP/1.1" status: 200 len: 205 time: 0.0238822
2026-07-27 23:01:05.131 9 INFO neutron.wsgi [req-8ef36d6f-f310-418d-a988-ec7804c28bcc req-ee3fb692-db65-45c5-84e9-c3b09cf4609c ff01a37c8d7d474ab3c11514b3b3eec2 375ee55170c546359a8e2f2f0da07953 - - default default] 10.0.0.148 "GET /v2.0/ports?device_id=9114ac0a-c3e5-4197-9d8d-1d6d8676a5e9 HTTP/1.1" status: 200 len: 210 time: 0.0384395
2026-07-27 23:01:05.217 10 INFO neutron.wsgi [None req-f0992b69-0b16-4de9-b82a-ebbca6351a3e 7246f4ee913f46bd9d5b21608c7919ce b5b72e99a591462abaa8efe83077b91d - - default default] 10.0.0.79 "DELETE /v2.0/routers/54eefc0f-5271-4483-a30b-b5ffa3386bcf HTTP/1.1" status: 204 len: 168 time: 0.2489107
2026-07-27 23:01:05.374 9 WARNING neutron.scheduler.dhcp_agent_scheduler [None req-5b29c468-c5c7-4c69-accb-a14e2bb0b565 e0a801cc4bb54a009bc5cc10a96696a6 180c434b968849f9a02f233b57a6ec59 - - default default] No more DHCP agents
2026-07-27 23:01:05.380 9 WARNING neutron.api.rpc.agentnotifiers.dhcp_rpc_agent_api [None req-5b29c468-c5c7-4c69-accb-a14e2bb0b565 e0a801cc4bb54a009bc5cc10a96696a6 180c434b968849f9a02f233b57a6ec59 - - default default] Unable to schedule network 6cc6aa03-7d19-428d-86db-be80b21070b8: no agents available; will retry on subsequent port and subnet creation events.
2026-07-27 23:01:05.447 9 INFO neutron.db.ovn_revision_numbers_db [None req-5b29c468-c5c7-4c69-accb-a14e2bb0b565 e0a801cc4bb54a009bc5cc10a96696a6 180c434b968849f9a02f233b57a6ec59 - - default default] Successfully bumped revision number for resource 922db4ce-410f-43ef-a770-aeb37f3b6920 (type: subnets) to 0
2026-07-27 23:01:05.518 9 INFO neutron.wsgi [None req-5b29c468-c5c7-4c69-accb-a14e2bb0b565 e0a801cc4bb54a009bc5cc10a96696a6 180c434b968849f9a02f233b57a6ec59 - - default default] 10.0.0.79 "POST /v2.0/subnets HTTP/1.1" status: 201 len: 802 time: 0.5869741
2026-07-27 23:01:05.524 9 WARNING neutron.scheduler.dhcp_agent_scheduler [req-df8b9fd4-ae87-4a4a-8e43-982caf3d447a req-17a01d12-a8c8-4b58-b091-e181fac5fb35 ff01a37c8d7d474ab3c11514b3b3eec2 375ee55170c546359a8e2f2f0da07953 - - default default] No more DHCP agents
2026-07-27 23:01:05.529 9 WARNING neutron.api.rpc.agentnotifiers.dhcp_rpc_agent_api [req-df8b9fd4-ae87-4a4a-8e43-982caf3d447a req-17a01d12-a8c8-4b58-b091-e181fac5fb35 ff01a37c8d7d474ab3c11514b3b3eec2 375ee55170c546359a8e2f2f0da07953 - - default default] Unable to schedule network f7962ea9-dd00-433a-a94f-67380ec75948: no agents available; will retry on subsequent port and subnet creation events.
2026-07-27 23:01:05.589 9 INFO neutron.wsgi [None req-138bac0f-bb6e-49a7-ae1a-4eec7c400893 7246f4ee913f46bd9d5b21608c7919ce b5b72e99a591462abaa8efe83077b91d - - default default] 10.0.0.79 "DELETE /v2.0/subnets/37d1ac86-b82e-4e71-962d-ea2103ba3c0b HTTP/1.1" status: 204 len: 168 time: 0.3678653 /var/lib/openstack/lib/python3.10/site-packages/pycadf/identifier.py:71: UserWarning: Invalid uuid: neutron. To ensure interoperability, identifiers should be a valid uuid. warnings.warn(('Invalid uuid: %s. To ensure interoperability, '
2026-07-27 23:01:05.902 10 INFO neutron.db.ovn_revision_numbers_db [None req-bda52256-f3e7-4064-ae95-09f812b1e40c e1c700f7cb174a21b30cd9709f861d8b 6822cca799fe4d5da4c5b8a4f42623b2 - - default default] Successfully bumped revision number for resource e91a4941-3c40-4574-97cb-0a5a6bf3c5d1 (type: security_groups) to 1
2026-07-27 23:01:05.920 10 INFO neutron.db.ovn_revision_numbers_db [None req-bda52256-f3e7-4064-ae95-09f812b1e40c e1c700f7cb174a21b30cd9709f861d8b 6822cca799fe4d5da4c5b8a4f42623b2 - - default default] Successfully bumped revision number for resource 40c0b4b5-3eb6-4bf0-a802-dfe67322aa97 (type: security_group_rules) to 0
