2026-07-27 23:00:44.797 9 INFO neutron.wsgi [req-45d20a7f-45ab-4f92-8964-3c161cc32385 req-d43c984c-c0cf-40e3-80e5-788f95e9fc3b 2aa3462560e94feaad98ceb1859b6526 6e8d63950c454d7785ce09026d97fdeb - - default default] 10.0.0.148 "GET /v2.0/security-groups?id=210cbca0-191b-4a68-9c6a-fd0acf2374d0&fields=id&fields=name HTTP/1.1" status: 200 len: 313 time: 0.1204054
2026-07-27 23:00:44.977 10 INFO neutron.services.segments.plugin [-] Segment bca0c184-eda8-467c-91b2-69075acaddb3 resource provider aggregate not found
2026-07-27 23:00:44.985 10 INFO neutron.services.segments.plugin [-] Segment bca0c184-eda8-467c-91b2-69075acaddb3 resource provider aggregate not found
2026-07-27 23:00:44.997 10 INFO neutron.services.segments.plugin [-] Segment bca0c184-eda8-467c-91b2-69075acaddb3 resource provider not found; error: Placement Client Error (4xx): {"errors": [{"status": 404, "title": "Not Found", "detail": "The resource could not be found.\n\n No resource provider with uuid bca0c184-eda8-467c-91b2-69075acaddb3 found for delete ", "request_id": "req-42564440-2a3f-4d23-9c54-b9fb414d6323"}]}
2026-07-27 23:00:45.005 10 INFO neutron.services.segments.plugin [-] Segment bca0c184-eda8-467c-91b2-69075acaddb3 resource provider not found; error: Placement Client Error (4xx): {"errors": [{"status": 404, "title": "Not Found", "detail": "The resource could not be found.\n\n No resource provider with uuid bca0c184-eda8-467c-91b2-69075acaddb3 found for delete ", "request_id": "req-1d96c75c-7c65-43e0-ab2c-8b37ba6a7944"}]}
2026-07-27 23:00:45.036 10 INFO neutron.wsgi [None req-1de2a652-132a-4ca7-9bd6-2eb4d8a2e488 1bdb6d1c56fb4df4acac7dd5d0b59f48 0fbfa7a401d04bceaab07ee6f3c200ef - - default default] 10.0.0.79 "DELETE /v2.0/networks/480aaf4e-e3a8-47a6-98e4-f7bdce249cdf HTTP/1.1" status: 204 len: 168 time: 0.6161616
2026-07-27 23:00:45.056 9 INFO neutron.wsgi [req-52778d0d-140c-4308-aef7-bb92e3ad1674 req-2f9ef1a8-ad1a-429f-9b63-0e6adf001f49 2aa3462560e94feaad98ceb1859b6526 6e8d63950c454d7785ce09026d97fdeb - - default default] 199.204.45.138 "GET /v2.0/ports?device_id=09e548c9-179d-4bdb-8278-2ebb94e5361e HTTP/1.1" status: 200 len: 1172 time: 0.0610056
2026-07-27 23:00:45.161 10 INFO neutron.db.ovn_revision_numbers_db [None req-ecdc94dd-4d56-43b7-b2f3-ca67427ed8e7 - - - - - -] Successfully bumped revision number for resource 6bf3c405-34e1-4d41-96c6-b3bada364f03 (type: ports) to 5 /var/lib/openstack/lib/python3.10/site-packages/pycadf/identifier.py:71: UserWarning: Invalid uuid: neutron. To ensure interoperability, identifiers should be a valid uuid. warnings.warn(('Invalid uuid: %s. To ensure interoperability, '
2026-07-27 23:00:45.316 10 INFO neutron.wsgi [None req-40f94702-f2e1-4f4d-b820-c0c65e548bc8 1bdb6d1c56fb4df4acac7dd5d0b59f48 0fbfa7a401d04bceaab07ee6f3c200ef - - default default] 10.0.0.79 "GET /v2.0/security-groups?tenant_id=74af6c00578f48d68f240b3bdcb73bd9&name=default HTTP/1.1" status: 200 len: 2992 time: 0.0480940
2026-07-27 23:00:45.438 10 INFO neutron.notifiers.nova [-] Nova event matching ['req-1fed4a03-a9ba-433d-8ae4-7d2095b74cff'] response: {'name': 'network-changed', 'server_uuid': '09e548c9-179d-4bdb-8278-2ebb94e5361e', 'tag': '6bf3c405-34e1-4d41-96c6-b3bada364f03', 'status': 'completed', 'code': 200}
2026-07-27 23:00:45.438 10 INFO neutron.notifiers.nova [-] Nova event matching ['req-1fed4a03-a9ba-433d-8ae4-7d2095b74cff'] response: {'server_uuid': '09e548c9-179d-4bdb-8278-2ebb94e5361e', 'name': 'network-vif-unplugged', 'status': 'completed', 'tag': '6bf3c405-34e1-4d41-96c6-b3bada364f03', 'code': 200}
2026-07-27 23:00:45.439 10 INFO neutron.notifiers.nova [-] Nova event matching ['req-1fed4a03-a9ba-433d-8ae4-7d2095b74cff'] response: {'server_uuid': '09e548c9-179d-4bdb-8278-2ebb94e5361e', 'name': 'network-vif-plugged', 'status': 'completed', 'tag': '6bf3c405-34e1-4d41-96c6-b3bada364f03', 'code': 200}
2026-07-27 23:00:45.541 9 INFO neutron.wsgi [req-6d9f7a62-be5c-4651-aa3a-c3dd83cb8df0 req-d4e2f9b7-1054-42f3-8ef6-15d8643acbf5 d209e96dc3824bc5b996c67d567f9d62 fe4d4b0dbfc74b929c22fb51c35109fc - - 75534254d2f848d6999a7b6b9f59d9ca 75534254d2f848d6999a7b6b9f59d9ca] 199.204.45.138 "GET /v2.0/ports?tenant_id=6e8d63950c454d7785ce09026d97fdeb&device_id=09e548c9-179d-4bdb-8278-2ebb94e5361e HTTP/1.1" status: 200 len: 1411 time: 0.0756092
2026-07-27 23:00:45.552 9 INFO neutron.notifiers.nova [-] Nova event matching ['req-06db7190-3226-4685-b086-0848c403283c'] response: {'server_uuid': '9dda655e-2fb5-4947-894f-c924edbcf987', 'name': 'network-vif-plugged', 'status': 'completed', 'tag': '8c101af9-0ad0-41f5-b799-d07c75cae20c', 'code': 200}
2026-07-27 23:00:45.552 9 INFO neutron.notifiers.nova [-] Nova event matching ['req-06db7190-3226-4685-b086-0848c403283c'] response: {'server_uuid': '9dda655e-2fb5-4947-894f-c924edbcf987', 'name': 'network-vif-deleted', 'tag': '8c101af9-0ad0-41f5-b799-d07c75cae20c', 'status': 'completed', 'code': 200}
2026-07-27 23:00:45.578 10 INFO neutron.db.ovn_revision_numbers_db [None req-d258ffcd-e9a1-4392-aad8-6f9ba4ca3bd8 1bdb6d1c56fb4df4acac7dd5d0b59f48 0fbfa7a401d04bceaab07ee6f3c200ef - - default default] Successfully bumped revision number for resource f9060aa2-e201-4966-9004-1bab2202472b (type: security_groups) to 1
2026-07-27 23:00:45.595 9 INFO neutron.db.l3_db [req-52778d0d-140c-4308-aef7-bb92e3ad1674 req-dd2dff9b-8b16-4b65-80c1-0e2b3bc5c9cb 2aa3462560e94feaad98ceb1859b6526 6e8d63950c454d7785ce09026d97fdeb - - default default] Floating IP a6a2fa65-dff4-4689-ab0f-7ca5086a58d6 disassociated. External IP: 10.96.250.203, port: 6bf3c405-34e1-4d41-96c6-b3bada364f03.
2026-07-27 23:00:45.597 10 INFO neutron.db.ovn_revision_numbers_db [None req-d258ffcd-e9a1-4392-aad8-6f9ba4ca3bd8 1bdb6d1c56fb4df4acac7dd5d0b59f48 0fbfa7a401d04bceaab07ee6f3c200ef - - default default] Successfully bumped revision number for resource 207ef158-a3d0-4152-b898-83cdb4db164f (type: security_group_rules) to 0
2026-07-27 23:00:45.649 10 INFO neutron.wsgi [None req-aa3ed9c5-b15a-4b25-889e-2633ac1fc679 1bdb6d1c56fb4df4acac7dd5d0b59f48 0fbfa7a401d04bceaab07ee6f3c200ef - - default default] 10.0.0.79 "DELETE /v2.0/security-groups/25de296c-9320-4c47-8b06-6f81195c2fd1 HTTP/1.1" status: 204 len: 168 time: 0.3285882
2026-07-27 23:00:45.657 10 INFO neutron.db.ovn_revision_numbers_db [None req-d258ffcd-e9a1-4392-aad8-6f9ba4ca3bd8 1bdb6d1c56fb4df4acac7dd5d0b59f48 0fbfa7a401d04bceaab07ee6f3c200ef - - default default] Successfully bumped revision number for resource 751829c3-0e49-45e6-85d6-0d31a5756f52 (type: security_group_rules) to 0
2026-07-27 23:00:45.673 10 INFO neutron.db.ovn_revision_numbers_db [None req-d258ffcd-e9a1-4392-aad8-6f9ba4ca3bd8 1bdb6d1c56fb4df4acac7dd5d0b59f48 0fbfa7a401d04bceaab07ee6f3c200ef - - default default] Successfully bumped revision number for resource 92e35b62-5801-4d00-96aa-89c5abd4eafe (type: security_group_rules) to 0
2026-07-27 23:00:45.682 9 INFO neutron.wsgi [req-6d9f7a62-be5c-4651-aa3a-c3dd83cb8df0 req-acb336ac-d71c-4879-91e2-9e4097a74792 d209e96dc3824bc5b996c67d567f9d62 fe4d4b0dbfc74b929c22fb51c35109fc - - 75534254d2f848d6999a7b6b9f59d9ca 75534254d2f848d6999a7b6b9f59d9ca] 199.204.45.138 "GET /v2.0/networks?id=0178d268-86e8-4111-badd-b4910316c7d3 HTTP/1.1" status: 200 len: 973 time: 0.1228180
2026-07-27 23:00:45.688 10 INFO neutron.db.ovn_revision_numbers_db [None req-d258ffcd-e9a1-4392-aad8-6f9ba4ca3bd8 1bdb6d1c56fb4df4acac7dd5d0b59f48 0fbfa7a401d04bceaab07ee6f3c200ef - - default default] Successfully bumped revision number for resource e9a6b432-3fbf-4136-8bd7-cd77e517a99e (type: security_group_rules) to 0
2026-07-27 23:00:45.713 10 INFO neutron.wsgi [None req-d258ffcd-e9a1-4392-aad8-6f9ba4ca3bd8 1bdb6d1c56fb4df4acac7dd5d0b59f48 0fbfa7a401d04bceaab07ee6f3c200ef - - default default] 10.0.0.79 "GET /v2.0/security-groups?tenant_id=ef1247f2bf3c42999b4372756c29ae5d&name=default HTTP/1.1" status: 200 len: 2996 time: 0.6025891 /var/lib/openstack/lib/python3.10/site-packages/pycadf/identifier.py:71: UserWarning: Invalid uuid: neutron. To ensure interoperability, identifiers should be a valid uuid. warnings.warn(('Invalid uuid: %s. To ensure interoperability, '
2026-07-27 23:00:45.938 10 INFO neutron.wsgi [None req-d1c4d343-455d-4554-8487-250ad0091928 1bdb6d1c56fb4df4acac7dd5d0b59f48 0fbfa7a401d04bceaab07ee6f3c200ef - - default default] 10.0.0.79 "DELETE /v2.0/security-groups/f9060aa2-e201-4966-9004-1bab2202472b HTTP/1.1" status: 204 len: 168 time: 0.2076139
2026-07-27 23:00:46.085 9 INFO neutron.wsgi [req-6d9f7a62-be5c-4651-aa3a-c3dd83cb8df0 req-6ff759c7-8252-4553-a60a-b9ef90a981ea d209e96dc3824bc5b996c67d567f9d62 fe4d4b0dbfc74b929c22fb51c35109fc - - 75534254d2f848d6999a7b6b9f59d9ca 75534254d2f848d6999a7b6b9f59d9ca] 199.204.45.138 "GET /v2.0/floatingips?fixed_ip_address=10.100.0.13&port_id=6bf3c405-34e1-4d41-96c6-b3bada364f03 HTTP/1.1" status: 200 len: 1058 time: 0.3873465
2026-07-27 23:00:46.152 9 INFO neutron.wsgi [req-831a93ca-4573-487c-9871-70934f29e2fc req-918b4235-f77d-427b-b649-a30504c87a23 2aa3462560e94feaad98ceb1859b6526 6e8d63950c454d7785ce09026d97fdeb - - default default] 10.0.0.148 "GET /v2.0/ports?device_id=09e548c9-179d-4bdb-8278-2ebb94e5361e HTTP/1.1" status: 200 len: 1172 time: 0.0832117
2026-07-27 23:00:46.186 9 INFO neutron.wsgi [req-6d9f7a62-be5c-4651-aa3a-c3dd83cb8df0 req-eec16d0e-d823-4d9f-992a-93f117e42e3c d209e96dc3824bc5b996c67d567f9d62 fe4d4b0dbfc74b929c22fb51c35109fc - - 75534254d2f848d6999a7b6b9f59d9ca 75534254d2f848d6999a7b6b9f59d9ca] 199.204.45.138 "GET /v2.0/subnets?id=02ccab62-eff1-4b96-96a0-688936c90bf4 HTTP/1.1" status: 200 len: 868 time: 0.0858812
2026-07-27 23:00:46.237 9 INFO neutron.wsgi [req-6d9f7a62-be5c-4651-aa3a-c3dd83cb8df0 req-de3ca77e-693c-4a15-867b-1cd0f8e3133b d209e96dc3824bc5b996c67d567f9d62 fe4d4b0dbfc74b929c22fb51c35109fc - - 75534254d2f848d6999a7b6b9f59d9ca 75534254d2f848d6999a7b6b9f59d9ca] 199.204.45.138 "GET /v2.0/ports?network_id=0178d268-86e8-4111-badd-b4910316c7d3&device_owner=network%3Adhcp HTTP/1.1" status: 200 len: 210 time: 0.0435317
2026-07-27 23:00:46.279 9 INFO neutron.wsgi [req-831a93ca-4573-487c-9871-70934f29e2fc req-dc5794de-7dda-4479-aaed-1032d4864ef2 2aa3462560e94feaad98ceb1859b6526 6e8d63950c454d7785ce09026d97fdeb - - default default] 10.0.0.148 "GET /v2.0/security-groups?id=210cbca0-191b-4a68-9c6a-fd0acf2374d0&fields=id&fields=name HTTP/1.1" status: 200 len: 313 time: 0.1144218
2026-07-27 23:00:46.327 9 INFO neutron.wsgi [req-52778d0d-140c-4308-aef7-bb92e3ad1674 req-dd2dff9b-8b16-4b65-80c1-0e2b3bc5c9cb 2aa3462560e94feaad98ceb1859b6526 6e8d63950c454d7785ce09026d97fdeb - - default default] 199.204.45.138 "DELETE /v2.0/ports/6bf3c405-34e1-4d41-96c6-b3bada364f03 HTTP/1.1" status: 204 len: 173 time: 1.2623889
2026-07-27 23:00:46.348 9 INFO neutron.wsgi [req-6d9f7a62-be5c-4651-aa3a-c3dd83cb8df0 req-90084ad1-ff49-44fc-8c42-4e7d105e7843 d209e96dc3824bc5b996c67d567f9d62 fe4d4b0dbfc74b929c22fb51c35109fc - - 75534254d2f848d6999a7b6b9f59d9ca 75534254d2f848d6999a7b6b9f59d9ca] 199.204.45.138 "GET /v2.0/networks/0178d268-86e8-4111-badd-b4910316c7d3?fields=segments HTTP/1.1" status: 200 len: 212 time: 0.0994511
2026-07-27 23:00:46.482 9 INFO neutron.wsgi [req-6d9f7a62-be5c-4651-aa3a-c3dd83cb8df0 req-6b58cc88-a3a4-4dda-960e-08c8e9551a8e d209e96dc3824bc5b996c67d567f9d62 fe4d4b0dbfc74b929c22fb51c35109fc - - 75534254d2f848d6999a7b6b9f59d9ca 75534254d2f848d6999a7b6b9f59d9ca] 199.204.45.138 "GET /v2.0/networks/0178d268-86e8-4111-badd-b4910316c7d3?fields=provider%3Aphysical_network&fields=provider%3Anetwork_type HTTP/1.1" status: 200 len: 277 time: 0.1241946
2026-07-27 23:00:46.488 9 INFO neutron.wsgi [None req-5c8975c1-0e16-496b-9521-267c813d995c 1bdb6d1c56fb4df4acac7dd5d0b59f48 0fbfa7a401d04bceaab07ee6f3c200ef - - default default] 10.0.0.79 "PUT /v2.0/routers/48e67cb4-699b-4252-8bb8-7c4b24587d9b/remove_router_interface HTTP/1.1" status: 200 len: 503 time: 2.0907304
2026-07-27 23:00:47.201 10 INFO neutron.wsgi [None req-8288c22a-c11e-40ff-ad8c-629c1ed41408 1bdb6d1c56fb4df4acac7dd5d0b59f48 0fbfa7a401d04bceaab07ee6f3c200ef - - default default] 10.0.0.79 "DELETE /v2.0/routers/48e67cb4-699b-4252-8bb8-7c4b24587d9b HTTP/1.1" status: 204 len: 168 time: 0.7032254 /var/lib/openstack/lib/python3.10/site-packages/pycadf/identifier.py:71: UserWarning: Invalid uuid: neutron. To ensure interoperability, identifiers should be a valid uuid. warnings.warn(('Invalid uuid: %s. To ensure interoperability, '
2026-07-27 23:00:47.491 10 INFO neutron.wsgi [None req-48da104e-1218-4319-89f6-f3e63f3169d9 1bdb6d1c56fb4df4acac7dd5d0b59f48 0fbfa7a401d04bceaab07ee6f3c200ef - - default default] 10.0.0.79 "DELETE /v2.0/subnets/de076c8f-aa18-410d-b6d9-05d86e8c120b HTTP/1.1" status: 204 len: 168 time: 0.2810271
2026-07-27 23:00:47.556 9 INFO neutron.wsgi [None req-b826331c-5a66-4873-843d-e0f9472ab430 2aa3462560e94feaad98ceb1859b6526 6e8d63950c454d7785ce09026d97fdeb - - default default] 10.0.0.79 "DELETE /v2.0/security-groups/210cbca0-191b-4a68-9c6a-fd0acf2374d0 HTTP/1.1" status: 204 len: 168 time: 0.1670120
2026-07-27 23:00:47.575 10 INFO neutron.api.v2.resource [None req-df857143-4673-414f-a0cd-cb5154ab16de 2aa3462560e94feaad98ceb1859b6526 6e8d63950c454d7785ce09026d97fdeb - - default default] show failed (client error): The resource could not be found.
2026-07-27 23:00:47.577 10 INFO neutron.wsgi [None req-df857143-4673-414f-a0cd-cb5154ab16de 2aa3462560e94feaad98ceb1859b6526 6e8d63950c454d7785ce09026d97fdeb - - default default] 10.0.0.79 "GET /v2.0/security-groups/210cbca0-191b-4a68-9c6a-fd0acf2374d0 HTTP/1.1" status: 404 len: 347 time: 0.0147550
2026-07-27 23:00:47.612 9 INFO neutron.notifiers.nova [-] Nova event matching ['req-f2aa70c7-5dc5-494b-bf09-36851f01f7ba'] response: {'server_uuid': '09e548c9-179d-4bdb-8278-2ebb94e5361e', 'name': 'network-vif-deleted', 'tag': '6bf3c405-34e1-4d41-96c6-b3bada364f03', 'status': 'completed', 'code': 200}
2026-07-27 23:00:47.903 10 INFO neutron.services.segments.plugin [-] Segment 642d8119-1aa1-44f2-9180-1d5a11140ad3 resource provider aggregate not found
2026-07-27 23:00:47.905 9 INFO neutron.wsgi [None req-8e31ee0e-7764-4146-9877-6a8d8ab5905f 2aa3462560e94feaad98ceb1859b6526 6e8d63950c454d7785ce09026d97fdeb - - default default] 10.0.0.79 "DELETE /v2.0/floatingips/a6a2fa65-dff4-4689-ab0f-7ca5086a58d6 HTTP/1.1" status: 204 len: 168 time: 0.3231268
2026-07-27 23:00:47.912 10 INFO neutron.services.segments.plugin [-] Segment 642d8119-1aa1-44f2-9180-1d5a11140ad3 resource provider aggregate not found
2026-07-27 23:00:47.927 10 INFO neutron.services.segments.plugin [-] Segment 642d8119-1aa1-44f2-9180-1d5a11140ad3 resource provider not found; error: Placement Client Error (4xx): {"errors": [{"status": 404, "title": "Not Found", "detail": "The resource could not be found.\n\n No resource provider with uuid 642d8119-1aa1-44f2-9180-1d5a11140ad3 found for delete ", "request_id": "req-400dcf95-28ae-488c-bfce-7cc29d5ca325"}]}
2026-07-27 23:00:47.935 10 INFO neutron.services.segments.plugin [-] Segment 642d8119-1aa1-44f2-9180-1d5a11140ad3 resource provider not found; error: Placement Client Error (4xx): {"errors": [{"status": 404, "title": "Not Found", "detail": "The resource could not be found.\n\n No resource provider with uuid 642d8119-1aa1-44f2-9180-1d5a11140ad3 found for delete ", "request_id": "req-f26b99ab-89e4-4c90-a58c-917467485fee"}]}
2026-07-27 23:00:47.956 10 INFO neutron.wsgi [None req-3f43477e-2337-4855-85fb-39776712cb63 1bdb6d1c56fb4df4acac7dd5d0b59f48 0fbfa7a401d04bceaab07ee6f3c200ef - - default default] 10.0.0.79 "DELETE /v2.0/networks/a293e05d-3385-40e8-9d9b-01b1d873d5b9 HTTP/1.1" status: 204 len: 168 time: 0.4584575
2026-07-27 23:00:48.133 9 INFO neutron.wsgi [None req-708d4e25-58c8-4c38-bf07-d452f0034562 1bdb6d1c56fb4df4acac7dd5d0b59f48 0fbfa7a401d04bceaab07ee6f3c200ef - - default default] 10.0.0.79 "GET /v2.0/security-groups?tenant_id=c2aa240b67a1458f923718d0471bba19&name=default HTTP/1.1" status: 200 len: 2996 time: 0.0606594
2026-07-27 23:00:48.243 9 INFO neutron.db.ovn_revision_numbers_db [None req-d41f9eb0-2177-4a9b-98f0-7526d68f0f1f 7246f4ee913f46bd9d5b21608c7919ce b5b72e99a591462abaa8efe83077b91d - - default default] Successfully bumped revision number for resource f2f38a93-2dbf-451c-b1f7-5e6139612a1c (type: security_groups) to 1
2026-07-27 23:00:48.269 9 INFO neutron.db.ovn_revision_numbers_db [None req-d41f9eb0-2177-4a9b-98f0-7526d68f0f1f 7246f4ee913f46bd9d5b21608c7919ce b5b72e99a591462abaa8efe83077b91d - - default default] Successfully bumped revision number for resource 788f90c9-e34d-42cd-9293-9419b7e2abc3 (type: security_group_rules) to 0
2026-07-27 23:00:48.291 9 INFO neutron.db.ovn_revision_numbers_db [None req-d41f9eb0-2177-4a9b-98f0-7526d68f0f1f 7246f4ee913f46bd9d5b21608c7919ce b5b72e99a591462abaa8efe83077b91d - - default default] Successfully bumped revision number for resource 7a76ffc3-588e-43b3-ab7b-e70be3ae2257 (type: security_group_rules) to 0
2026-07-27 23:00:48.318 9 INFO neutron.db.ovn_revision_numbers_db [None req-d41f9eb0-2177-4a9b-98f0-7526d68f0f1f 7246f4ee913f46bd9d5b21608c7919ce b5b72e99a591462abaa8efe83077b91d - - default default] Successfully bumped revision number for resource a44558df-6b7e-4c2a-871a-cc49814580a4 (type: security_group_rules) to 0
2026-07-27 23:00:48.333 9 INFO neutron.db.ovn_revision_numbers_db [None req-d41f9eb0-2177-4a9b-98f0-7526d68f0f1f 7246f4ee913f46bd9d5b21608c7919ce b5b72e99a591462abaa8efe83077b91d - - default default] Successfully bumped revision number for resource ac3923b0-3a46-4fee-b5af-60c290b442ab (type: security_group_rules) to 0
2026-07-27 23:00:48.370 10 INFO neutron.wsgi [None req-d889363d-21c2-4445-b107-9a5b91754c38 1bdb6d1c56fb4df4acac7dd5d0b59f48 0fbfa7a401d04bceaab07ee6f3c200ef - - default default] 10.0.0.79 "DELETE /v2.0/security-groups/1932ade8-a79a-410d-ad54-af7789f5fa1e HTTP/1.1" status: 204 len: 168 time: 0.2292323
2026-07-27 23:00:48.397 9 INFO neutron.db.segments_db [None req-d41f9eb0-2177-4a9b-98f0-7526d68f0f1f 7246f4ee913f46bd9d5b21608c7919ce b5b72e99a591462abaa8efe83077b91d - - default default] Added segment 2c9c8c78-0b91-4aa7-9f1e-45804e641813 of type geneve for network 00f2b39d-8654-4816-baae-0c99cc0c4133
2026-07-27 23:00:48.649 9 INFO neutron.db.ovn_revision_numbers_db [None req-d41f9eb0-2177-4a9b-98f0-7526d68f0f1f 7246f4ee913f46bd9d5b21608c7919ce b5b72e99a591462abaa8efe83077b91d - - default default] Successfully bumped revision number for resource 00f2b39d-8654-4816-baae-0c99cc0c4133 (type: networks) to 1
2026-07-27 23:00:48.920 9 WARNING neutron.scheduler.dhcp_agent_scheduler [None req-d41f9eb0-2177-4a9b-98f0-7526d68f0f1f 7246f4ee913f46bd9d5b21608c7919ce b5b72e99a591462abaa8efe83077b91d - - default default] No more DHCP agents
2026-07-27 23:00:48.925 9 WARNING neutron.api.rpc.agentnotifiers.dhcp_rpc_agent_api [None req-d41f9eb0-2177-4a9b-98f0-7526d68f0f1f 7246f4ee913f46bd9d5b21608c7919ce b5b72e99a591462abaa8efe83077b91d - - default default] Unable to schedule network 00f2b39d-8654-4816-baae-0c99cc0c4133: no agents available; will retry on subsequent port and subnet creation events.
2026-07-27 23:00:49.025 9 INFO neutron.db.ovn_revision_numbers_db [None req-d41f9eb0-2177-4a9b-98f0-7526d68f0f1f 7246f4ee913f46bd9d5b21608c7919ce b5b72e99a591462abaa8efe83077b91d - - default default] Successfully bumped revision number for resource e14c3320-e118-4d71-b3f2-6246d7cebbc9 (type: ports) to 1
2026-07-27 23:00:49.048 9 INFO neutron.wsgi [None req-d41f9eb0-2177-4a9b-98f0-7526d68f0f1f 7246f4ee913f46bd9d5b21608c7919ce b5b72e99a591462abaa8efe83077b91d - - default default] 10.0.0.79 "POST /v2.0/networks HTTP/1.1" status: 201 len: 831 time: 1.1531053
2026-07-27 23:00:49.089 9 INFO neutron.wsgi [None req-d125066c-1ac9-4b36-9f70-3ee8ad3cf6fd 1bdb6d1c56fb4df4acac7dd5d0b59f48 0fbfa7a401d04bceaab07ee6f3c200ef - - default default] 10.0.0.79 "PUT /v2.0/routers/4ba87a8f-a183-460b-acde-c7a2969488a1/remove_router_interface HTTP/1.1" status: 200 len: 503 time: 1.1786511 /var/lib/openstack/lib/python3.10/site-packages/pycadf/identifier.py:71: UserWarning: Invalid uuid: neutron. To ensure interoperability, identifiers should be a valid uuid. warnings.warn(('Invalid uuid: %s. To ensure interoperability, '
2026-07-27 23:00:49.165 10 INFO neutron.db.segments_db [None req-fd92edd1-92e5-40ac-b7cf-f4550a0e78dc 7246f4ee913f46bd9d5b21608c7919ce b5b72e99a591462abaa8efe83077b91d - - default default] Added segment dae32abd-17c1-4486-9032-4f622c532916 of type geneve for network b0352330-4670-44f5-bcb9-37c7475fbb15
2026-07-27 23:00:49.353 10 INFO neutron.db.ovn_revision_numbers_db [None req-fd92edd1-92e5-40ac-b7cf-f4550a0e78dc 7246f4ee913f46bd9d5b21608c7919ce b5b72e99a591462abaa8efe83077b91d - - default default] Successfully bumped revision number for resource b0352330-4670-44f5-bcb9-37c7475fbb15 (type: networks) to 1
2026-07-27 23:00:49.668 9 INFO neutron.wsgi [None req-7b3a9838-3495-4283-bc96-140b42d4055a 1bdb6d1c56fb4df4acac7dd5d0b59f48 0fbfa7a401d04bceaab07ee6f3c200ef - - default default] 10.0.0.79 "DELETE /v2.0/routers/4ba87a8f-a183-460b-acde-c7a2969488a1 HTTP/1.1" status: 204 len: 168 time: 0.5721071
2026-07-27 23:00:49.854 10 WARNING neutron.scheduler.dhcp_agent_scheduler [None req-fd92edd1-92e5-40ac-b7cf-f4550a0e78dc 7246f4ee913f46bd9d5b21608c7919ce b5b72e99a591462abaa8efe83077b91d - - default default] No more DHCP agents
2026-07-27 23:00:49.856 10 WARNING neutron.api.rpc.agentnotifiers.dhcp_rpc_agent_api [None req-fd92edd1-92e5-40ac-b7cf-f4550a0e78dc 7246f4ee913f46bd9d5b21608c7919ce b5b72e99a591462abaa8efe83077b91d - - default default] Unable to schedule network b0352330-4670-44f5-bcb9-37c7475fbb15: no agents available; will retry on subsequent port and subnet creation events.
2026-07-27 23:00:49.976 10 INFO neutron.db.ovn_revision_numbers_db [None req-fd92edd1-92e5-40ac-b7cf-f4550a0e78dc 7246f4ee913f46bd9d5b21608c7919ce b5b72e99a591462abaa8efe83077b91d - - default default] Successfully bumped revision number for resource fa47da53-bb21-41db-b9d9-295e0516c15d (type: ports) to 1
2026-07-27 23:00:50.020 10 INFO neutron.wsgi [None req-fd92edd1-92e5-40ac-b7cf-f4550a0e78dc 7246f4ee913f46bd9d5b21608c7919ce b5b72e99a591462abaa8efe83077b91d - - default default] 10.0.0.79 "POST /v2.0/networks HTTP/1.1" status: 201 len: 833 time: 0.9639237
2026-07-27 23:00:50.127 10 INFO neutron.db.ovn_revision_numbers_db [None req-b6e2f6a4-13bb-4332-843b-c33e1c2c0a2d 1bdb6d1c56fb4df4acac7dd5d0b59f48 0fbfa7a401d04bceaab07ee6f3c200ef - - default default] Successfully bumped revision number for resource 80d36a37-5e8b-4650-891b-ef6cf52099e9 (type: security_groups) to 1
2026-07-27 23:00:50.163 10 INFO neutron.db.ovn_revision_numbers_db [None req-b6e2f6a4-13bb-4332-843b-c33e1c2c0a2d 1bdb6d1c56fb4df4acac7dd5d0b59f48 0fbfa7a401d04bceaab07ee6f3c200ef - - default default] Successfully bumped revision number for resource 0a95d5b6-4fa0-48fb-b269-3731869894c7 (type: security_group_rules) to 0
2026-07-27 23:00:50.198 10 INFO neutron.db.ovn_revision_numbers_db [None req-b6e2f6a4-13bb-4332-843b-c33e1c2c0a2d 1bdb6d1c56fb4df4acac7dd5d0b59f48 0fbfa7a401d04bceaab07ee6f3c200ef - - default default] Successfully bumped revision number for resource 1a47ed38-1bfa-4daa-a8ec-5784c54eddff (type: security_group_rules) to 0
2026-07-27 23:00:50.237 9 INFO neutron.wsgi [None req-df85cdf7-7d21-43f9-922a-45f0cda2b7df 1bdb6d1c56fb4df4acac7dd5d0b59f48 0fbfa7a401d04bceaab07ee6f3c200ef - - default default] 10.0.0.79 "DELETE /v2.0/subnets/02ccab62-eff1-4b96-96a0-688936c90bf4 HTTP/1.1" status: 204 len: 168 time: 0.5580704
2026-07-27 23:00:50.270 10 INFO neutron.db.ovn_revision_numbers_db [None req-b6e2f6a4-13bb-4332-843b-c33e1c2c0a2d 1bdb6d1c56fb4df4acac7dd5d0b59f48 0fbfa7a401d04bceaab07ee6f3c200ef - - default default] Successfully bumped revision number for resource 4b7bd4f2-b9db-4600-b120-f545fa320028 (type: security_group_rules) to 0
2026-07-27 23:00:50.307 10 INFO neutron.db.ovn_revision_numbers_db [None req-b6e2f6a4-13bb-4332-843b-c33e1c2c0a2d 1bdb6d1c56fb4df4acac7dd5d0b59f48 0fbfa7a401d04bceaab07ee6f3c200ef - - default default] Successfully bumped revision number for resource cd795e8c-d62f-4668-a8e7-c7186e5af170 (type: security_group_rules) to 0
2026-07-27 23:00:50.350 10 INFO neutron.wsgi [None req-b6e2f6a4-13bb-4332-843b-c33e1c2c0a2d 1bdb6d1c56fb4df4acac7dd5d0b59f48 0fbfa7a401d04bceaab07ee6f3c200ef - - default default] 10.0.0.79 "GET /v2.0/security-groups?tenant_id=6d1741aaba824b058ec502fbdbea0637&name=default HTTP/1.1" status: 200 len: 2996 time: 0.5822783
2026-07-27 23:00:50.460 10 WARNING neutron.scheduler.dhcp_agent_scheduler [None req-f8e76c3d-1ee5-49bf-be53-ee5e39982bc5 7246f4ee913f46bd9d5b21608c7919ce b5b72e99a591462abaa8efe83077b91d - - default default] No more DHCP agents
2026-07-27 23:00:50.468 10 WARNING neutron.api.rpc.agentnotifiers.dhcp_rpc_agent_api [None req-f8e76c3d-1ee5-49bf-be53-ee5e39982bc5 7246f4ee913f46bd9d5b21608c7919ce b5b72e99a591462abaa8efe83077b91d - - default default] Unable to schedule network 00f2b39d-8654-4816-baae-0c99cc0c4133: no agents available; will retry on subsequent port and subnet creation events.
2026-07-27 23:00:50.533 10 INFO neutron.db.ovn_revision_numbers_db [None req-f8e76c3d-1ee5-49bf-be53-ee5e39982bc5 7246f4ee913f46bd9d5b21608c7919ce b5b72e99a591462abaa8efe83077b91d - - default default] Successfully bumped revision number for resource 13d8ffa5-1162-4a9e-8d41-a3338970b783 (type: subnets) to 0
2026-07-27 23:00:50.585 10 INFO neutron.wsgi [None req-f8e76c3d-1ee5-49bf-be53-ee5e39982bc5 7246f4ee913f46bd9d5b21608c7919ce b5b72e99a591462abaa8efe83077b91d - - default default] 10.0.0.79 "POST /v2.0/subnets HTTP/1.1" status: 201 len: 821 time: 0.5601346
2026-07-27 23:00:50.915 9 INFO neutron.services.segments.plugin [-] Segment 638e9dbc-8dd1-40fe-8212-2d6abf1d903d resource provider aggregate not found
2026-07-27 23:00:50.922 9 INFO neutron.services.segments.plugin [-] Segment 638e9dbc-8dd1-40fe-8212-2d6abf1d903d resource provider aggregate not found
2026-07-27 23:00:50.937 9 INFO neutron.services.segments.plugin [-] Segment 638e9dbc-8dd1-40fe-8212-2d6abf1d903d resource provider not found; error: Placement Client Error (4xx): {"errors": [{"status": 404, "title": "Not Found", "detail": "The resource could not be found.\n\n No resource provider with uuid 638e9dbc-8dd1-40fe-8212-2d6abf1d903d found for delete ", "request_id": "req-50ae2948-9a83-45f5-ba8a-4e7682b043ef"}]}
2026-07-27 23:00:50.945 9 INFO neutron.services.segments.plugin [-] Segment 638e9dbc-8dd1-40fe-8212-2d6abf1d903d resource provider not found; error: Placement Client Error (4xx): {"errors": [{"status": 404, "title": "Not Found", "detail": "The resource could not be found.\n\n No resource provider with uuid 638e9dbc-8dd1-40fe-8212-2d6abf1d903d found for delete ", "request_id": "req-503dc2b6-17cd-4424-9625-15c55d94f604"}]}
2026-07-27 23:00:50.975 9 INFO neutron.wsgi [None req-4e3bad94-cd75-4b7a-9084-419393fbbc6f 1bdb6d1c56fb4df4acac7dd5d0b59f48 0fbfa7a401d04bceaab07ee6f3c200ef - - default default] 10.0.0.79 "DELETE /v2.0/security-groups/80d36a37-5e8b-4650-891b-ef6cf52099e9 HTTP/1.1" status: 204 len: 168 time: 0.6093853
2026-07-27 23:00:51.015 9 INFO neutron.wsgi [None req-6d3e1ae9-f98f-4d8f-a81b-ef3ced785289 1bdb6d1c56fb4df4acac7dd5d0b59f48 0fbfa7a401d04bceaab07ee6f3c200ef - - default default] 10.0.0.79 "DELETE /v2.0/networks/0178d268-86e8-4111-badd-b4910316c7d3 HTTP/1.1" status: 204 len: 168 time: 0.7711523
2026-07-27 23:00:51.067 9 WARNING neutron.scheduler.dhcp_agent_scheduler [None req-b668bbd7-de4d-4ece-b0d8-059bac2e142a 7246f4ee913f46bd9d5b21608c7919ce b5b72e99a591462abaa8efe83077b91d - - default default] No more DHCP agents
2026-07-27 23:00:51.071 9 WARNING neutron.api.rpc.agentnotifiers.dhcp_rpc_agent_api [None req-b668bbd7-de4d-4ece-b0d8-059bac2e142a 7246f4ee913f46bd9d5b21608c7919ce b5b72e99a591462abaa8efe83077b91d - - default default] Unable to schedule network b0352330-4670-44f5-bcb9-37c7475fbb15: no agents available; will retry on subsequent port and subnet creation events.
2026-07-27 23:00:51.135 9 INFO neutron.db.ovn_revision_numbers_db [None req-b668bbd7-de4d-4ece-b0d8-059bac2e142a 7246f4ee913f46bd9d5b21608c7919ce b5b72e99a591462abaa8efe83077b91d - - default default] Successfully bumped revision number for resource 10b0f17f-b289-417f-a56c-372bb13d5dae (type: subnets) to 0
2026-07-27 23:00:51.167 9 INFO neutron.wsgi [None req-b668bbd7-de4d-4ece-b0d8-059bac2e142a 7246f4ee913f46bd9d5b21608c7919ce b5b72e99a591462abaa8efe83077b91d - - default default] 10.0.0.79 "POST /v2.0/subnets HTTP/1.1" status: 201 len: 830 time: 0.5749853
2026-07-27 23:00:51.275 9 INFO neutron.db.ovn_revision_numbers_db [None req-39530074-87df-4786-a553-fd214c477b66 1bdb6d1c56fb4df4acac7dd5d0b59f48 0fbfa7a401d04bceaab07ee6f3c200ef - - default default] Successfully bumped revision number for resource 3ee28d0e-f115-43ac-8bdd-740f4a181acf (type: security_groups) to 1
2026-07-27 23:00:51.283 10 INFO neutron.wsgi [None req-6788e4df-c07b-4355-89f8-c14ea269cd9d 1bdb6d1c56fb4df4acac7dd5d0b59f48 0fbfa7a401d04bceaab07ee6f3c200ef - - default default] 10.0.0.79 "GET /v2.0/security-groups?tenant_id=6e8d63950c454d7785ce09026d97fdeb&name=default HTTP/1.1" status: 200 len: 2996 time: 0.0830142
2026-07-27 23:00:51.297 9 INFO neutron.db.ovn_revision_numbers_db [None req-39530074-87df-4786-a553-fd214c477b66 1bdb6d1c56fb4df4acac7dd5d0b59f48 0fbfa7a401d04bceaab07ee6f3c200ef - - default default] Successfully bumped revision number for resource 040f2dc0-8bdc-4c23-b44a-f869953f714e (type: security_group_rules) to 0
2026-07-27 23:00:51.319 9 INFO neutron.db.ovn_revision_numbers_db [None req-39530074-87df-4786-a553-fd214c477b66 1bdb6d1c56fb4df4acac7dd5d0b59f48 0fbfa7a401d04bceaab07ee6f3c200ef - - default default] Successfully bumped revision number for resource 3450af33-3eb0-4bcb-a458-29176c52e793 (type: security_group_rules) to 0
2026-07-27 23:00:51.333 9 INFO neutron.db.ovn_revision_numbers_db [None req-39530074-87df-4786-a553-fd214c477b66 1bdb6d1c56fb4df4acac7dd5d0b59f48 0fbfa7a401d04bceaab07ee6f3c200ef - - default default] Successfully bumped revision number for resource 624b6a9c-cf29-4cf7-8378-06115447326d (type: security_group_rules) to 0
2026-07-27 23:00:51.352 9 INFO neutron.db.ovn_revision_numbers_db [None req-39530074-87df-4786-a553-fd214c477b66 1bdb6d1c56fb4df4acac7dd5d0b59f48 0fbfa7a401d04bceaab07ee6f3c200ef - - default default] Successfully bumped revision number for resource e6d9aab7-d17d-45a4-9d85-d2fb93909edc (type: security_group_rules) to 0
2026-07-27 23:00:51.392 9 INFO neutron.wsgi [None req-39530074-87df-4786-a553-fd214c477b66 1bdb6d1c56fb4df4acac7dd5d0b59f48 0fbfa7a401d04bceaab07ee6f3c200ef - - default default] 10.0.0.79 "GET /v2.0/security-groups?tenant_id=f66527d8b6ef4497a3f9ebbcbc858dd7&name=default HTTP/1.1" status: 200 len: 2996 time: 0.2450635
2026-07-27 23:00:51.443 10 INFO neutron.db.ovn_revision_numbers_db [None req-501c9d09-5629-4424-9738-6bb45c98920d 7246f4ee913f46bd9d5b21608c7919ce b5b72e99a591462abaa8efe83077b91d - - default default] Successfully bumped revision number for resource d2d3cf87-ae00-4c1c-8dd8-841b06b96b35 (type: routers) to 1
2026-07-27 23:00:51.466 10 INFO neutron.wsgi [None req-501c9d09-5629-4424-9738-6bb45c98920d 7246f4ee913f46bd9d5b21608c7919ce b5b72e99a591462abaa8efe83077b91d - - default default] 10.0.0.79 "POST /v2.0/routers HTTP/1.1" status: 201 len: 689 time: 0.2943237
2026-07-27 23:00:51.593 9 INFO neutron.wsgi [None req-747a6aa4-dc5c-4b8f-ba94-175556785fde 1bdb6d1c56fb4df4acac7dd5d0b59f48 0fbfa7a401d04bceaab07ee6f3c200ef - - default default] 10.0.0.79 "DELETE /v2.0/security-groups/41e35f1d-2d7e-4c5a-9058-282a4ec9142c HTTP/1.1" status: 204 len: 168 time: 0.3035617
2026-07-27 23:00:51.654 9 INFO neutron.wsgi [None req-a83fab83-6ed0-4437-a482-dc91e1dd6fc4 1bdb6d1c56fb4df4acac7dd5d0b59f48 0fbfa7a401d04bceaab07ee6f3c200ef - - default default] 10.0.0.79 "DELETE /v2.0/security-groups/3ee28d0e-f115-43ac-8bdd-740f4a181acf HTTP/1.1" status: 204 len: 168 time: 0.2517016
2026-07-27 23:00:51.957 10 WARNING neutron.scheduler.dhcp_agent_scheduler [None req-17ae03cc-42db-4fc6-b0a2-f5ce0fc10a83 7246f4ee913f46bd9d5b21608c7919ce b5b72e99a591462abaa8efe83077b91d - - default default] No more DHCP agents
2026-07-27 23:00:51.969 10 WARNING neutron.api.rpc.agentnotifiers.dhcp_rpc_agent_api [None req-17ae03cc-42db-4fc6-b0a2-f5ce0fc10a83 7246f4ee913f46bd9d5b21608c7919ce b5b72e99a591462abaa8efe83077b91d - - default default] Unable to schedule network 00f2b39d-8654-4816-baae-0c99cc0c4133: no agents available; will retry on subsequent port and subnet creation events.
2026-07-27 23:00:52.134 10 INFO neutron.db.ovn_revision_numbers_db [None req-17ae03cc-42db-4fc6-b0a2-f5ce0fc10a83 7246f4ee913f46bd9d5b21608c7919ce b5b72e99a591462abaa8efe83077b91d - - default default] Successfully bumped revision number for resource 486b439a-5578-4002-abe1-f01b3d12eb61 (type: ports) to 1
2026-07-27 23:00:52.505 9 INFO neutron.db.ovn_revision_numbers_db [None req-fc73454f-cfc5-47f9-8fe0-0d640e6aa28e 1bdb6d1c56fb4df4acac7dd5d0b59f48 0fbfa7a401d04bceaab07ee6f3c200ef - - default default] Successfully bumped revision number for resource 75ba0c4b-c370-4ec0-b33e-c99d82828c75 (type: security_groups) to 1
2026-07-27 23:00:52.526 9 INFO neutron.db.ovn_revision_numbers_db [None req-fc73454f-cfc5-47f9-8fe0-0d640e6aa28e 1bdb6d1c56fb4df4acac7dd5d0b59f48 0fbfa7a401d04bceaab07ee6f3c200ef - - default default] Successfully bumped revision number for resource 088aecb2-6f0b-447c-901e-36e6ac18e726 (type: security_group_rules) to 0
2026-07-27 23:00:52.543 9 INFO neutron.db.ovn_revision_numbers_db [None req-fc73454f-cfc5-47f9-8fe0-0d640e6aa28e 1bdb6d1c56fb4df4acac7dd5d0b59f48 0fbfa7a401d04bceaab07ee6f3c200ef - - default default] Successfully bumped revision number for resource 0b51badc-52af-4701-b439-89377b0485d9 (type: security_group_rules) to 0
2026-07-27 23:00:52.564 9 INFO neutron.db.ovn_revision_numbers_db [None req-fc73454f-cfc5-47f9-8fe0-0d640e6aa28e 1bdb6d1c56fb4df4acac7dd5d0b59f48 0fbfa7a401d04bceaab07ee6f3c200ef - - default default] Successfully bumped revision number for resource bcaffcb4-7db5-495e-aa1e-ab29a1104f8c (type: security_group_rules) to 0
2026-07-27 23:00:52.584 9 INFO neutron.db.ovn_revision_numbers_db [None req-fc73454f-cfc5-47f9-8fe0-0d640e6aa28e 1bdb6d1c56fb4df4acac7dd5d0b59f48 0fbfa7a401d04bceaab07ee6f3c200ef - - default default] Successfully bumped revision number for resource f4997907-bbde-4575-bf4f-9fde6718767b (type: security_group_rules) to 0
2026-07-27 23:00:52.615 9 INFO neutron.wsgi [None req-fc73454f-cfc5-47f9-8fe0-0d640e6aa28e 1bdb6d1c56fb4df4acac7dd5d0b59f48 0fbfa7a401d04bceaab07ee6f3c200ef - - default default] 10.0.0.79 "GET /v2.0/security-groups?tenant_id=fbc9a7743598431f8094e806d6b7e24c&name=default HTTP/1.1" status: 200 len: 2996 time: 0.3947632
2026-07-27 23:00:52.644 10 INFO neutron.plugins.ml2.drivers.ovn.mech_driver.mech_driver [None req-ecdc94dd-4d56-43b7-b2f3-ca67427ed8e7 - - - - - -] OVN reports status up for port: 486b439a-5578-4002-abe1-f01b3d12eb61
2026-07-27 23:00:52.654 10 INFO neutron.plugins.ml2.plugin [None req-ecdc94dd-4d56-43b7-b2f3-ca67427ed8e7 - - - - - -] Attempt 1 to provision port 486b439a-5578-4002-abe1-f01b3d12eb61
2026-07-27 23:00:52.675 10 INFO neutron.db.ovn_revision_numbers_db [None req-17ae03cc-42db-4fc6-b0a2-f5ce0fc10a83 7246f4ee913f46bd9d5b21608c7919ce b5b72e99a591462abaa8efe83077b91d - - default default] Successfully bumped revision number for resource 486b439a-5578-4002-abe1-f01b3d12eb61 (type: router_ports) to 1
2026-07-27 23:00:52.813 10 INFO neutron.db.ovn_revision_numbers_db [None req-17ae03cc-42db-4fc6-b0a2-f5ce0fc10a83 7246f4ee913f46bd9d5b21608c7919ce b5b72e99a591462abaa8efe83077b91d - - default default] Successfully bumped revision number for resource 486b439a-5578-4002-abe1-f01b3d12eb61 (type: ports) to 1
2026-07-27 23:00:52.837 9 INFO neutron.wsgi [None req-f53fe2ac-a93f-49b3-beeb-8c8bf9b5ca46 1bdb6d1c56fb4df4acac7dd5d0b59f48 0fbfa7a401d04bceaab07ee6f3c200ef - - default default] 10.0.0.79 "DELETE /v2.0/security-groups/75ba0c4b-c370-4ec0-b33e-c99d82828c75 HTTP/1.1" status: 204 len: 168 time: 0.2152905
2026-07-27 23:00:52.957 10 WARNING neutron.scheduler.dhcp_agent_scheduler [None req-17ae03cc-42db-4fc6-b0a2-f5ce0fc10a83 7246f4ee913f46bd9d5b21608c7919ce b5b72e99a591462abaa8efe83077b91d - - default default] No more DHCP agents
2026-07-27 23:00:52.958 10 WARNING neutron.api.rpc.agentnotifiers.dhcp_rpc_agent_api [None req-17ae03cc-42db-4fc6-b0a2-f5ce0fc10a83 7246f4ee913f46bd9d5b21608c7919ce b5b72e99a591462abaa8efe83077b91d - - default default] Unable to schedule network 00f2b39d-8654-4816-baae-0c99cc0c4133: no agents available; will retry on subsequent port and subnet creation events.
2026-07-27 23:00:53.283 10 INFO neutron.db.ovn_revision_numbers_db [None req-ecdc94dd-4d56-43b7-b2f3-ca67427ed8e7 - - - - - -] Successfully bumped revision number for resource 486b439a-5578-4002-abe1-f01b3d12eb61 (type: ports) to 2
2026-07-27 23:00:53.454 10 INFO neutron.db.ovn_revision_numbers_db [None req-17ae03cc-42db-4fc6-b0a2-f5ce0fc10a83 7246f4ee913f46bd9d5b21608c7919ce b5b72e99a591462abaa8efe83077b91d - - default default] Successfully bumped revision number for resource 486b439a-5578-4002-abe1-f01b3d12eb61 (type: router_ports) to 2
2026-07-27 23:00:53.457 10 INFO neutron.wsgi [None req-17ae03cc-42db-4fc6-b0a2-f5ce0fc10a83 7246f4ee913f46bd9d5b21608c7919ce b5b72e99a591462abaa8efe83077b91d - - default default] 10.0.0.79 "PUT /v2.0/routers/d2d3cf87-ae00-4c1c-8dd8-841b06b96b35/add_router_interface HTTP/1.1" status: 200 len: 503 time: 1.9811671
2026-07-27 23:00:53.569 9 INFO neutron.wsgi [None req-8568eca4-6598-4ec1-a3a0-8875a29f2631 7246f4ee913f46bd9d5b21608c7919ce b5b72e99a591462abaa8efe83077b91d - - default default] 10.0.0.79 "GET /v2.0/ports/486b439a-5578-4002-abe1-f01b3d12eb61 HTTP/1.1" status: 200 len: 1141 time: 0.1043212
2026-07-27 23:00:53.843 10 INFO neutron.db.ovn_revision_numbers_db [None req-937a5ee9-01ee-45d3-b4ed-fc3e516d1893 1bdb6d1c56fb4df4acac7dd5d0b59f48 0fbfa7a401d04bceaab07ee6f3c200ef - - default default] Successfully bumped revision number for resource 77e699f7-cd59-4dc1-8947-67d84e9b30a4 (type: security_groups) to 1
2026-07-27 23:00:53.858 10 INFO neutron.db.ovn_revision_numbers_db [None req-937a5ee9-01ee-45d3-b4ed-fc3e516d1893 1bdb6d1c56fb4df4acac7dd5d0b59f48 0fbfa7a401d04bceaab07ee6f3c200ef - - default default] Successfully bumped revision number for resource 6643718d-3cdc-4888-af35-68b871641bcd (type: security_group_rules) to 0
2026-07-27 23:00:53.878 10 INFO neutron.db.ovn_revision_numbers_db [None req-937a5ee9-01ee-45d3-b4ed-fc3e516d1893 1bdb6d1c56fb4df4acac7dd5d0b59f48 0fbfa7a401d04bceaab07ee6f3c200ef - - default default] Successfully bumped revision number for resource 6bad419b-598d-4b7e-a44d-a7b6887b5676 (type: security_group_rules) to 0
2026-07-27 23:00:53.897 10 INFO neutron.db.ovn_revision_numbers_db [None req-937a5ee9-01ee-45d3-b4ed-fc3e516d1893 1bdb6d1c56fb4df4acac7dd5d0b59f48 0fbfa7a401d04bceaab07ee6f3c200ef - - default default] Successfully bumped revision number for resource ce8c6f83-f67b-4bb6-9bdd-2b2e656bc8ba (type: security_group_rules) to 0
2026-07-27 23:00:53.915 10 INFO neutron.db.ovn_revision_numbers_db [None req-937a5ee9-01ee-45d3-b4ed-fc3e516d1893 1bdb6d1c56fb4df4acac7dd5d0b59f48 0fbfa7a401d04bceaab07ee6f3c200ef - - default default] Successfully bumped revision number for resource ef234b46-ee7c-4bc6-99d4-bf26b7c8041b (type: security_group_rules) to 0
2026-07-27 23:00:53.977 10 INFO neutron.db.segments_db [None req-937a5ee9-01ee-45d3-b4ed-fc3e516d1893 1bdb6d1c56fb4df4acac7dd5d0b59f48 0fbfa7a401d04bceaab07ee6f3c200ef - - default default] Added segment 41465f2c-dd9c-435c-8121-e97645758a89 of type geneve for network f7962ea9-dd00-433a-a94f-67380ec75948
2026-07-27 23:00:54.151 9 INFO neutron.wsgi [-] 10.0.0.85 "GET / HTTP/1.1" status: 200 len: 246 time: 0.0018826
2026-07-27 23:00:54.153 9 INFO neutron.wsgi [-] 10.0.0.85 "GET / HTTP/1.1" status: 200 len: 246 time: 0.0018992
2026-07-27 23:00:54.164 10 INFO neutron.db.ovn_revision_numbers_db [None req-937a5ee9-01ee-45d3-b4ed-fc3e516d1893 1bdb6d1c56fb4df4acac7dd5d0b59f48 0fbfa7a401d04bceaab07ee6f3c200ef - - default default] Successfully bumped revision number for resource f7962ea9-dd00-433a-a94f-67380ec75948 (type: networks) to 1
2026-07-27 23:00:54.172 9 WARNING neutron.scheduler.dhcp_agent_scheduler [None req-5c6b3baa-7cf0-4bf8-bdbf-7d7ee1c78a75 7246f4ee913f46bd9d5b21608c7919ce b5b72e99a591462abaa8efe83077b91d - - default default] No more DHCP agents
2026-07-27 23:00:54.173 9 WARNING neutron.api.rpc.agentnotifiers.dhcp_rpc_agent_api [None req-5c6b3baa-7cf0-4bf8-bdbf-7d7ee1c78a75 7246f4ee913f46bd9d5b21608c7919ce b5b72e99a591462abaa8efe83077b91d - - default default] Unable to schedule network b0352330-4670-44f5-bcb9-37c7475fbb15: no agents available; will retry on subsequent port and subnet creation events.
2026-07-27 23:00:54.324 9 INFO neutron.db.ovn_revision_numbers_db [None req-5c6b3baa-7cf0-4bf8-bdbf-7d7ee1c78a75 7246f4ee913f46bd9d5b21608c7919ce b5b72e99a591462abaa8efe83077b91d - - default default] Successfully bumped revision number for resource 872cd77e-1bf5-4426-8b1d-f362a7b1808b (type: ports) to 1
2026-07-27 23:00:54.372 10 WARNING neutron.scheduler.dhcp_agent_scheduler [None req-937a5ee9-01ee-45d3-b4ed-fc3e516d1893 1bdb6d1c56fb4df4acac7dd5d0b59f48 0fbfa7a401d04bceaab07ee6f3c200ef - - default default] No more DHCP agents
2026-07-27 23:00:54.374 10 WARNING neutron.api.rpc.agentnotifiers.dhcp_rpc_agent_api [None req-937a5ee9-01ee-45d3-b4ed-fc3e516d1893 1bdb6d1c56fb4df4acac7dd5d0b59f48 0fbfa7a401d04bceaab07ee6f3c200ef - - default default] Unable to schedule network f7962ea9-dd00-433a-a94f-67380ec75948: no agents available; will retry on subsequent port and subnet creation events.
2026-07-27 23:00:54.501 10 INFO neutron.db.ovn_revision_numbers_db [None req-937a5ee9-01ee-45d3-b4ed-fc3e516d1893 1bdb6d1c56fb4df4acac7dd5d0b59f48 0fbfa7a401d04bceaab07ee6f3c200ef - - default default] Successfully bumped revision number for resource b172e99e-3733-476f-9a51-dcc9408830fb (type: ports) to 1
2026-07-27 23:00:54.527 10 INFO neutron.wsgi [None req-937a5ee9-01ee-45d3-b4ed-fc3e516d1893 1bdb6d1c56fb4df4acac7dd5d0b59f48 0fbfa7a401d04bceaab07ee6f3c200ef - - default default] 10.0.0.79 "POST /v2.0/networks HTTP/1.1" status: 201 len: 945 time: 0.9608536
2026-07-27 23:00:54.711 10 WARNING neutron.scheduler.dhcp_agent_scheduler [None req-7e2c4901-1524-4388-892f-845559da490c 1bdb6d1c56fb4df4acac7dd5d0b59f48 0fbfa7a401d04bceaab07ee6f3c200ef - - default default] No more DHCP agents
2026-07-27 23:00:54.717 10 WARNING neutron.api.rpc.agentnotifiers.dhcp_rpc_agent_api [None req-7e2c4901-1524-4388-892f-845559da490c 1bdb6d1c56fb4df4acac7dd5d0b59f48 0fbfa7a401d04bceaab07ee6f3c200ef - - default default] Unable to schedule network f7962ea9-dd00-433a-a94f-67380ec75948: no agents available; will retry on subsequent port and subnet creation events.
2026-07-27 23:00:54.789 9 INFO neutron.plugins.ml2.drivers.ovn.mech_driver.mech_driver [None req-0748c09a-3db5-40cc-8c37-da8d8509ab02 - - - - - -] OVN reports status up for port: 872cd77e-1bf5-4426-8b1d-f362a7b1808b
2026-07-27 23:00:54.803 9 INFO neutron.plugins.ml2.plugin [None req-0748c09a-3db5-40cc-8c37-da8d8509ab02 - - - - - -] Attempt 1 to provision port 872cd77e-1bf5-4426-8b1d-f362a7b1808b
2026-07-27 23:00:54.819 9 INFO neutron.db.ovn_revision_numbers_db [None req-5c6b3baa-7cf0-4bf8-bdbf-7d7ee1c78a75 7246f4ee913f46bd9d5b21608c7919ce b5b72e99a591462abaa8efe83077b91d - - default default] Successfully bumped revision number for resource 872cd77e-1bf5-4426-8b1d-f362a7b1808b (type: router_ports) to 1
2026-07-27 23:00:54.945 9 INFO neutron.db.ovn_revision_numbers_db [None req-5c6b3baa-7cf0-4bf8-bdbf-7d7ee1c78a75 7246f4ee913f46bd9d5b21608c7919ce b5b72e99a591462abaa8efe83077b91d - - default default] Successfully bumped revision number for resource 872cd77e-1bf5-4426-8b1d-f362a7b1808b (type: ports) to 1
2026-07-27 23:00:55.042 9 WARNING neutron.scheduler.dhcp_agent_scheduler [None req-5c6b3baa-7cf0-4bf8-bdbf-7d7ee1c78a75 7246f4ee913f46bd9d5b21608c7919ce b5b72e99a591462abaa8efe83077b91d - - default default] No more DHCP agents
2026-07-27 23:00:55.044 9 WARNING neutron.api.rpc.agentnotifiers.dhcp_rpc_agent_api [None req-5c6b3baa-7cf0-4bf8-bdbf-7d7ee1c78a75 7246f4ee913f46bd9d5b21608c7919ce b5b72e99a591462abaa8efe83077b91d - - default default] Unable to schedule network b0352330-4670-44f5-bcb9-37c7475fbb15: no agents available; will retry on subsequent port and subnet creation events.
2026-07-27 23:00:55.179 9 INFO neutron.db.ovn_revision_numbers_db [None req-0748c09a-3db5-40cc-8c37-da8d8509ab02 - - - - - -] Successfully bumped revision number for resource 872cd77e-1bf5-4426-8b1d-f362a7b1808b (type: ports) to 2
2026-07-27 23:00:55.237 10 INFO neutron.db.ovn_revision_numbers_db [None req-7e2c4901-1524-4388-892f-845559da490c 1bdb6d1c56fb4df4acac7dd5d0b59f48 0fbfa7a401d04bceaab07ee6f3c200ef - - default default] Successfully bumped revision number for resource b172e99e-3733-476f-9a51-dcc9408830fb (type: ports) to 2
2026-07-27 23:00:55.276 10 INFO neutron.db.ovn_revision_numbers_db [None req-7e2c4901-1524-4388-892f-845559da490c 1bdb6d1c56fb4df4acac7dd5d0b59f48 0fbfa7a401d04bceaab07ee6f3c200ef - - default default] Successfully bumped revision number for resource 61d74085-1da8-4567-b3e5-9609eedacfa9 (type: subnets) to 0
2026-07-27 23:00:55.290 10 INFO neutron.wsgi [None req-7e2c4901-1524-4388-892f-845559da490c 1bdb6d1c56fb4df4acac7dd5d0b59f48 0fbfa7a401d04bceaab07ee6f3c200ef - - default default] 10.0.0.79 "POST /v2.0/subnets HTTP/1.1" status: 201 len: 865 time: 0.7569036
2026-07-27 23:00:55.313 9 INFO neutron.db.ovn_revision_numbers_db [None req-5c6b3baa-7cf0-4bf8-bdbf-7d7ee1c78a75 7246f4ee913f46bd9d5b21608c7919ce b5b72e99a591462abaa8efe83077b91d - - default default] Successfully bumped revision number for resource 872cd77e-1bf5-4426-8b1d-f362a7b1808b (type: router_ports) to 2
2026-07-27 23:00:55.316 9 INFO neutron.wsgi [None req-5c6b3baa-7cf0-4bf8-bdbf-7d7ee1c78a75 7246f4ee913f46bd9d5b21608c7919ce b5b72e99a591462abaa8efe83077b91d - - default default] 10.0.0.79 "PUT /v2.0/routers/d2d3cf87-ae00-4c1c-8dd8-841b06b96b35/add_router_interface HTTP/1.1" status: 200 len: 503 time: 1.7395363
2026-07-27 23:00:55.486 10 INFO neutron.wsgi [None req-9961c6d0-2e47-45de-b470-1675d9f32414 7246f4ee913f46bd9d5b21608c7919ce b5b72e99a591462abaa8efe83077b91d - - default default] 10.0.0.79 "GET /v2.0/ports/872cd77e-1bf5-4426-8b1d-f362a7b1808b HTTP/1.1" status: 200 len: 1149 time: 0.1660008
2026-07-27 23:00:55.533 10 INFO neutron.wsgi [None req-2f859042-c901-403f-b26d-c404f997198b 7246f4ee913f46bd9d5b21608c7919ce b5b72e99a591462abaa8efe83077b91d - - default default] 10.0.0.79 "GET /v2.0/ports/872cd77e-1bf5-4426-8b1d-f362a7b1808b HTTP/1.1" status: 200 len: 1149 time: 0.0394857
2026-07-27 23:00:55.855 10 WARNING neutron.scheduler.dhcp_agent_scheduler [None req-3624d333-5481-4e3f-a000-adace4cb5354 1bdb6d1c56fb4df4acac7dd5d0b59f48 0fbfa7a401d04bceaab07ee6f3c200ef - - default default] No more DHCP agents
2026-07-27 23:00:55.858 10 WARNING neutron.api.rpc.agentnotifiers.dhcp_rpc_agent_api [None req-3624d333-5481-4e3f-a000-adace4cb5354 1bdb6d1c56fb4df4acac7dd5d0b59f48 0fbfa7a401d04bceaab07ee6f3c200ef - - default default] Unable to schedule network 720c3711-5f15-41fc-8eb4-2bf24df5fc44: no agents available; will retry on subsequent port and subnet creation events.
2026-07-27 23:00:56.051 10 INFO neutron.db.ovn_revision_numbers_db [None req-3624d333-5481-4e3f-a000-adace4cb5354 1bdb6d1c56fb4df4acac7dd5d0b59f48 0fbfa7a401d04bceaab07ee6f3c200ef - - default default] Successfully bumped revision number for resource 90aad0be-964b-4a44-932b-b24d0ec2f8c6 (type: ports) to 1
2026-07-27 23:00:56.533 10 INFO neutron.db.ovn_revision_numbers_db [None req-8f398247-546d-4474-862d-9caee4d80962 1bdb6d1c56fb4df4acac7dd5d0b59f48 0fbfa7a401d04bceaab07ee6f3c200ef - - default default] Successfully bumped revision number for resource 6056dc6d-b891-4554-8462-2edf7c15678d (type: security_groups) to 1
2026-07-27 23:00:56.549 10 INFO neutron.db.ovn_revision_numbers_db [None req-8f398247-546d-4474-862d-9caee4d80962 1bdb6d1c56fb4df4acac7dd5d0b59f48 0fbfa7a401d04bceaab07ee6f3c200ef - - default default] Successfully bumped revision number for resource 561edf79-3e17-45a0-bbf2-53c4143825de (type: security_group_rules) to 0
2026-07-27 23:00:56.570 10 INFO neutron.db.ovn_revision_numbers_db [None req-8f398247-546d-4474-862d-9caee4d80962 1bdb6d1c56fb4df4acac7dd5d0b59f48 0fbfa7a401d04bceaab07ee6f3c200ef - - default default] Successfully bumped revision number for resource 8bbe45bc-2772-4152-bd7b-47ee547f914b (type: security_group_rules) to 0
2026-07-27 23:00:56.586 10 INFO neutron.db.ovn_revision_numbers_db [None req-8f398247-546d-4474-862d-9caee4d80962 1bdb6d1c56fb4df4acac7dd5d0b59f48 0fbfa7a401d04bceaab07ee6f3c200ef - - default default] Successfully bumped revision number for resource b465d036-3579-4a7e-add4-ea84d7c2eecd (type: security_group_rules) to 0
2026-07-27 23:00:56.617 10 INFO neutron.db.ovn_revision_numbers_db [None req-8f398247-546d-4474-862d-9caee4d80962 1bdb6d1c56fb4df4acac7dd5d0b59f48 0fbfa7a401d04bceaab07ee6f3c200ef - - default default] Successfully bumped revision number for resource ea121efa-253f-408a-a0a8-c5ba5772e610 (type: security_group_rules) to 0
2026-07-27 23:00:56.621 9 INFO neutron.wsgi [None req-48ba1545-61d6-4d5a-b6db-497fbd8c72ad 7246f4ee913f46bd9d5b21608c7919ce b5b72e99a591462abaa8efe83077b91d - - default default] 10.0.0.79 "PUT /v2.0/routers/d2d3cf87-ae00-4c1c-8dd8-841b06b96b35/remove_router_interface HTTP/1.1" status: 200 len: 503 time: 1.0823374 /var/lib/openstack/lib/python3.10/site-packages/pycadf/identifier.py:71: UserWarning: Invalid uuid: neutron. To ensure interoperability, identifiers should be a valid uuid. warnings.warn(('Invalid uuid: %s. To ensure interoperability, '
