2026-07-27 23:02:54.879 10 INFO neutron.db.ovn_revision_numbers_db [None req-28198e43-385b-4210-8c6e-4c425e3c878e 94a6b03f24534abe9ed6e2738ce382c5 56c97acca68a41e09d38ae1c05024f11 - - default default] Successfully bumped revision number for resource ecb17c96-87b2-4ea5-b3ef-e4bcba3d2c3d (type: subnets) to 0
2026-07-27 23:02:54.902 9 INFO neutron.wsgi [None req-49788625-b262-4ef6-9da9-deec9641fac7 8b161901575349a08d51cf128a116bd8 dcd6b8abb7d44019bb41222781cb2732 - - default default] 10.0.0.79 "POST /v2.0/security-group-rules HTTP/1.1" status: 201 len: 774 time: 0.3234115
2026-07-27 23:02:54.928 10 INFO neutron.wsgi [None req-28198e43-385b-4210-8c6e-4c425e3c878e 94a6b03f24534abe9ed6e2738ce382c5 56c97acca68a41e09d38ae1c05024f11 - - default default] 10.0.0.79 "POST /v2.0/subnets HTTP/1.1" status: 201 len: 1426 time: 2.4684038
2026-07-27 23:02:54.933 9 INFO neutron.db.securitygroups_db [None req-cb2de3da-21da-4fd3-88aa-c7eb980acf9d 8b161901575349a08d51cf128a116bd8 dcd6b8abb7d44019bb41222781cb2732 - - default default] Project dcd6b8abb7d44019bb41222781cb2732 added a security group rule with legacy IPv6 ICMP protocol name icmp, ipv6-icmp should be used instead. It was automatically converted.
2026-07-27 23:02:55.001 9 INFO neutron.wsgi [None req-15960b77-f859-4def-8ddf-fe04935ee937 94a6b03f24534abe9ed6e2738ce382c5 56c97acca68a41e09d38ae1c05024f11 - - default default] 10.0.0.79 "GET /v2.0/subnets HTTP/1.1" status: 200 len: 2034 time: 0.0658092
2026-07-27 23:02:55.008 9 INFO neutron.wsgi [None req-a5792026-8f53-4835-adc2-37f871a290a1 1bdb6d1c56fb4df4acac7dd5d0b59f48 0fbfa7a401d04bceaab07ee6f3c200ef - - default default] 10.0.0.79 "DELETE /v2.0/security-groups/b9f7dfaf-77c7-4f6f-8b71-ed770be0af68 HTTP/1.1" status: 204 len: 168 time: 0.3808901
2026-07-27 23:02:55.050 10 INFO neutron.wsgi [None req-2df47e0f-e62d-4994-be97-30d420ba3cf7 abe1801f73bc4ed1a7c8286a40f20410 49881aafe6954a07aff92a7f94b556f8 - - default default] 10.0.0.79 "DELETE /v2.0/subnets/51f22191-66b9-48f8-b30e-69edf99036f2 HTTP/1.1" status: 204 len: 168 time: 0.3206301
2026-07-27 23:02:55.109 9 INFO neutron.db.ovn_revision_numbers_db [None req-cb2de3da-21da-4fd3-88aa-c7eb980acf9d 8b161901575349a08d51cf128a116bd8 dcd6b8abb7d44019bb41222781cb2732 - - default default] Successfully bumped revision number for resource c8647e5d-af86-4b05-a1fd-a236321815ee (type: security_group_rules) to 0
2026-07-27 23:02:55.152 9 INFO neutron.wsgi [None req-cb2de3da-21da-4fd3-88aa-c7eb980acf9d 8b161901575349a08d51cf128a116bd8 dcd6b8abb7d44019bb41222781cb2732 - - default default] 10.0.0.79 "POST /v2.0/security-group-rules HTTP/1.1" status: 201 len: 773 time: 0.2432561
2026-07-27 23:02:55.267 10 INFO neutron.wsgi [None req-f9576271-a366-46bc-84a2-fdbc7078b6ae 94a6b03f24534abe9ed6e2738ce382c5 56c97acca68a41e09d38ae1c05024f11 - - default default] 10.0.0.79 "DELETE /v2.0/subnets/8214ff7f-d551-4781-b5c3-d4b2af90f7b1 HTTP/1.1" status: 204 len: 168 time: 0.2552125
2026-07-27 23:02:55.303 9 INFO neutron.wsgi [None req-f09c4aba-e565-40f1-afa7-6635279180c1 abe1801f73bc4ed1a7c8286a40f20410 49881aafe6954a07aff92a7f94b556f8 - - default default] 10.0.0.79 "DELETE /v2.0/subnets/f660120c-ae95-4a3f-a1a8-fb4c3da313cf HTTP/1.1" status: 204 len: 168 time: 0.2461865
2026-07-27 23:02:55.563 10 INFO neutron.wsgi [None req-b4dfa679-9271-489e-be42-b21f2b7f786d 94a6b03f24534abe9ed6e2738ce382c5 56c97acca68a41e09d38ae1c05024f11 - - default default] 10.0.0.79 "DELETE /v2.0/subnets/ecb17c96-87b2-4ea5-b3ef-e4bcba3d2c3d HTTP/1.1" status: 204 len: 168 time: 0.2895179
2026-07-27 23:02:55.590 9 INFO neutron.wsgi [None req-43a22ba6-d8be-43f5-b9da-c756c246f1e4 abe1801f73bc4ed1a7c8286a40f20410 49881aafe6954a07aff92a7f94b556f8 - - default default] 10.0.0.79 "DELETE /v2.0/subnets/0fa1f59e-a72e-431a-902c-187910886c10 HTTP/1.1" status: 204 len: 168 time: 0.2815299
2026-07-27 23:02:55.609 10 INFO neutron.wsgi [None req-78caf349-152e-45ee-aa20-8d9170914ef9 94a6b03f24534abe9ed6e2738ce382c5 56c97acca68a41e09d38ae1c05024f11 - - default default] 10.0.0.79 "GET /v2.0/subnets HTTP/1.1" status: 200 len: 820 time: 0.0404162
2026-07-27 23:02:55.787 9 INFO neutron.db.ovn_revision_numbers_db [None req-63c7ebf5-b2dc-484e-bcb0-cd928e714e81 8b161901575349a08d51cf128a116bd8 dcd6b8abb7d44019bb41222781cb2732 - - default default] Successfully bumped revision number for resource 4497ec46-309a-43c9-a755-e214659aa835 (type: security_groups) to 1
2026-07-27 23:02:55.808 9 INFO neutron.db.ovn_revision_numbers_db [None req-63c7ebf5-b2dc-484e-bcb0-cd928e714e81 8b161901575349a08d51cf128a116bd8 dcd6b8abb7d44019bb41222781cb2732 - - default default] Successfully bumped revision number for resource 7e4876bc-2de0-41f6-9594-7ee1ac48bdfe (type: security_group_rules) to 0
2026-07-27 23:02:55.826 9 INFO neutron.db.ovn_revision_numbers_db [None req-63c7ebf5-b2dc-484e-bcb0-cd928e714e81 8b161901575349a08d51cf128a116bd8 dcd6b8abb7d44019bb41222781cb2732 - - default default] Successfully bumped revision number for resource aef15d0c-e87c-4796-9592-ca6be8492f50 (type: security_group_rules) to 0
2026-07-27 23:02:55.861 9 INFO neutron.wsgi [None req-2d5dc881-06ad-42ee-802e-28b229fceebf abe1801f73bc4ed1a7c8286a40f20410 49881aafe6954a07aff92a7f94b556f8 - - default default] 10.0.0.79 "DELETE /v2.0/subnets/d522912d-cbaf-4a4b-957d-0d2cce0f5be2 HTTP/1.1" status: 204 len: 168 time: 0.2637520
2026-07-27 23:02:55.868 9 INFO neutron.wsgi [None req-63c7ebf5-b2dc-484e-bcb0-cd928e714e81 8b161901575349a08d51cf128a116bd8 dcd6b8abb7d44019bb41222781cb2732 - - default default] 10.0.0.79 "POST /v2.0/security-groups HTTP/1.1" status: 201 len: 1795 time: 0.2476254
2026-07-27 23:02:56.016 10 INFO neutron.services.segments.plugin [-] Segment ab17a11c-10fe-4e78-a8c5-cd9ab666bc57 resource provider aggregate not found
2026-07-27 23:02:56.021 10 INFO neutron.services.segments.plugin [-] Segment ab17a11c-10fe-4e78-a8c5-cd9ab666bc57 resource provider aggregate not found
2026-07-27 23:02:56.038 10 INFO neutron.services.segments.plugin [-] Segment ab17a11c-10fe-4e78-a8c5-cd9ab666bc57 resource provider not found; error: Placement Client Error (4xx): {"errors": [{"status": 404, "title": "Not Found", "detail": "The resource could not be found.\n\n No resource provider with uuid ab17a11c-10fe-4e78-a8c5-cd9ab666bc57 found for delete ", "request_id": "req-90c651ea-d1d2-4065-a8a8-7257501e3a90"}]}
2026-07-27 23:02:56.041 10 INFO neutron.services.segments.plugin [-] Segment ab17a11c-10fe-4e78-a8c5-cd9ab666bc57 resource provider not found; error: Placement Client Error (4xx): {"errors": [{"status": 404, "title": "Not Found", "detail": "The resource could not be found.\n\n No resource provider with uuid ab17a11c-10fe-4e78-a8c5-cd9ab666bc57 found for delete ", "request_id": "req-7ae6d8e7-2ea9-41c1-a1e4-6e111bbb377c"}]}
2026-07-27 23:02:56.074 10 INFO neutron.wsgi [None req-bb3ff6af-bc82-4746-a848-901d937c7e58 94a6b03f24534abe9ed6e2738ce382c5 56c97acca68a41e09d38ae1c05024f11 - - default default] 10.0.0.79 "DELETE /v2.0/networks/601120a2-adcf-4e80-95d6-a73f75c45a86 HTTP/1.1" status: 204 len: 168 time: 0.4568024
2026-07-27 23:02:56.103 10 INFO neutron.db.ovn_revision_numbers_db [None req-2c5531bf-cb55-4c72-8a52-80f0a68c768e 8b161901575349a08d51cf128a116bd8 dcd6b8abb7d44019bb41222781cb2732 - - default default] Successfully bumped revision number for resource a92f2531-53c0-40a0-977c-d21db0b7654f (type: security_group_rules) to 0
2026-07-27 23:02:56.118 9 INFO neutron.wsgi [None req-68674913-085e-458c-a37e-715c32061a80 abe1801f73bc4ed1a7c8286a40f20410 49881aafe6954a07aff92a7f94b556f8 - - default default] 10.0.0.79 "DELETE /v2.0/subnets/5c6b9582-96e8-4e90-ab65-88ba43b2a1dc HTTP/1.1" status: 204 len: 168 time: 0.2483447
2026-07-27 23:02:56.143 10 INFO neutron.wsgi [None req-2c5531bf-cb55-4c72-8a52-80f0a68c768e 8b161901575349a08d51cf128a116bd8 dcd6b8abb7d44019bb41222781cb2732 - - default default] 10.0.0.79 "POST /v2.0/security-group-rules HTTP/1.1" status: 201 len: 764 time: 0.2690809
2026-07-27 23:02:56.358 10 INFO neutron.db.ovn_revision_numbers_db [None req-e6fb108d-28f0-431c-867e-16876a9c067d 8b161901575349a08d51cf128a116bd8 dcd6b8abb7d44019bb41222781cb2732 - - default default] Successfully bumped revision number for resource 754edf6a-b06a-41ba-8884-f08170e0b00b (type: security_group_rules) to 0
2026-07-27 23:02:56.387 10 INFO neutron.wsgi [None req-e6fb108d-28f0-431c-867e-16876a9c067d 8b161901575349a08d51cf128a116bd8 dcd6b8abb7d44019bb41222781cb2732 - - default default] 10.0.0.79 "POST /v2.0/security-group-rules HTTP/1.1" status: 201 len: 769 time: 0.2366178
2026-07-27 23:02:56.594 10 INFO neutron.wsgi [None req-b7df6eca-5ec5-4e58-9b1a-6087df6f4641 94a6b03f24534abe9ed6e2738ce382c5 56c97acca68a41e09d38ae1c05024f11 - - default default] 10.0.0.79 "DELETE /v2.0/networks/f3b373dd-dbd1-487a-adb5-5051312bfb64 HTTP/1.1" status: 204 len: 168 time: 0.5158360
2026-07-27 23:02:56.893 9 INFO neutron.services.segments.plugin [-] Segment 4e010437-ca58-4cd0-9829-e3ccff8a9706 resource provider aggregate not found
2026-07-27 23:02:56.898 9 INFO neutron.services.segments.plugin [-] Segment 4e010437-ca58-4cd0-9829-e3ccff8a9706 resource provider aggregate not found
2026-07-27 23:02:56.914 9 INFO neutron.services.segments.plugin [-] Segment 4e010437-ca58-4cd0-9829-e3ccff8a9706 resource provider not found; error: Placement Client Error (4xx): {"errors": [{"status": 404, "title": "Not Found", "detail": "The resource could not be found.\n\n No resource provider with uuid 4e010437-ca58-4cd0-9829-e3ccff8a9706 found for delete ", "request_id": "req-8454901d-0750-49a5-880b-b917f6cc2a0e"}]}
2026-07-27 23:02:56.932 9 INFO neutron.services.segments.plugin [-] Segment 4e010437-ca58-4cd0-9829-e3ccff8a9706 resource provider not found; error: Placement Client Error (4xx): {"errors": [{"status": 404, "title": "Not Found", "detail": "The resource could not be found.\n\n No resource provider with uuid 4e010437-ca58-4cd0-9829-e3ccff8a9706 found for delete ", "request_id": "req-83407e0b-3e92-493b-bd2b-88525aaff587"}]}
2026-07-27 23:02:56.940 9 INFO neutron.wsgi [None req-55723485-ffd5-44f6-828d-c830921ebaae abe1801f73bc4ed1a7c8286a40f20410 49881aafe6954a07aff92a7f94b556f8 - - default default] 10.0.0.79 "DELETE /v2.0/networks/e88f1b7e-6ca4-4e7a-ac47-a53069cf1e2b HTTP/1.1" status: 204 len: 168 time: 0.8173838
2026-07-27 23:02:57.072 10 WARNING neutron.scheduler.dhcp_agent_scheduler [None req-ba6078f0-c0f2-4ce8-a4fe-862766269922 8b161901575349a08d51cf128a116bd8 dcd6b8abb7d44019bb41222781cb2732 - - default default] No more DHCP agents
2026-07-27 23:02:57.077 10 WARNING neutron.api.rpc.agentnotifiers.dhcp_rpc_agent_api [None req-ba6078f0-c0f2-4ce8-a4fe-862766269922 8b161901575349a08d51cf128a116bd8 dcd6b8abb7d44019bb41222781cb2732 - - default default] Unable to schedule network 720c3711-5f15-41fc-8eb4-2bf24df5fc44: no agents available; will retry on subsequent port and subnet creation events.
2026-07-27 23:02:57.365 9 INFO neutron.wsgi [None req-d3ea3000-7cad-4254-a62d-11c0e6588a0d abe1801f73bc4ed1a7c8286a40f20410 49881aafe6954a07aff92a7f94b556f8 - - default default] 10.0.0.79 "DELETE /v2.0/networks/3041e180-379f-4e47-941d-36228bd546e4 HTTP/1.1" status: 204 len: 168 time: 0.4130867
2026-07-27 23:02:57.450 10 INFO neutron.wsgi [None req-9aff89dd-6e1e-479b-a7bf-8fb23601559a 94a6b03f24534abe9ed6e2738ce382c5 56c97acca68a41e09d38ae1c05024f11 - - default default] 10.0.0.79 "DELETE /v2.0/networks/f595f7ca-f8c1-4dbc-bd60-9ba73360a6b4 HTTP/1.1" status: 204 len: 168 time: 0.8472168
2026-07-27 23:02:57.547 10 INFO neutron.db.ovn_revision_numbers_db [None req-ba6078f0-c0f2-4ce8-a4fe-862766269922 8b161901575349a08d51cf128a116bd8 dcd6b8abb7d44019bb41222781cb2732 - - default default] Successfully bumped revision number for resource 531eae19-8ad4-4227-b0bf-a71caf76d22b (type: floatingips) to 0
2026-07-27 23:02:57.574 10 INFO neutron.wsgi [None req-ba6078f0-c0f2-4ce8-a4fe-862766269922 8b161901575349a08d51cf128a116bd8 dcd6b8abb7d44019bb41222781cb2732 - - default default] 10.0.0.79 "POST /v2.0/floatingips HTTP/1.1" status: 201 len: 751 time: 1.1737769
2026-07-27 23:02:57.738 9 INFO neutron.wsgi [req-7c55cc88-6c2e-49a5-8bc1-4cd3aa650b0b req-73fd3b93-2f25-4e37-b33b-cf8528da3ed8 8b161901575349a08d51cf128a116bd8 dcd6b8abb7d44019bb41222781cb2732 - - default default] 10.0.0.148 "GET /v2.0/security-groups?name=tempest-secgroup-smoke-304928617&fields=id&tenant_id=dcd6b8abb7d44019bb41222781cb2732 HTTP/1.1" status: 200 len: 267 time: 0.0706980
2026-07-27 23:02:57.802 9 INFO neutron.wsgi [req-7c55cc88-6c2e-49a5-8bc1-4cd3aa650b0b req-700c516c-24ab-4fc4-9560-593b418c00ce 8b161901575349a08d51cf128a116bd8 dcd6b8abb7d44019bb41222781cb2732 - - default default] 10.0.0.148 "GET /v2.0/security-groups?name=tempest-securitygroup--127108646&fields=id&tenant_id=dcd6b8abb7d44019bb41222781cb2732 HTTP/1.1" status: 200 len: 267 time: 0.0572042
2026-07-27 23:02:57.871 9 INFO neutron.wsgi [None req-165af18d-b68f-4c31-9e0b-72ba1fa8c336 abe1801f73bc4ed1a7c8286a40f20410 49881aafe6954a07aff92a7f94b556f8 - - default default] 10.0.0.79 "DELETE /v2.0/networks/a0304914-80e9-41d0-84b2-5d9caac302e2 HTTP/1.1" status: 204 len: 168 time: 0.4987264
2026-07-27 23:02:57.902 9 INFO neutron.wsgi [req-7c55cc88-6c2e-49a5-8bc1-4cd3aa650b0b req-88071ed5-98e4-4e06-bd7e-79767624cd77 8b161901575349a08d51cf128a116bd8 dcd6b8abb7d44019bb41222781cb2732 - - default default] 10.0.0.148 "GET /v2.0/networks?id=5298f7cd-1db6-4a65-82ff-33349226d832 HTTP/1.1" status: 200 len: 872 time: 0.0909135
2026-07-27 23:02:57.930 9 INFO neutron.wsgi [req-7c55cc88-6c2e-49a5-8bc1-4cd3aa650b0b req-75595503-5080-459c-aa29-0f90caaa9da7 8b161901575349a08d51cf128a116bd8 dcd6b8abb7d44019bb41222781cb2732 - - default default] 10.0.0.148 "GET /v2.0/quotas/dcd6b8abb7d44019bb41222781cb2732 HTTP/1.1" status: 200 len: 386 time: 0.0139527
2026-07-27 23:02:57.942 10 INFO neutron.wsgi [None req-788eaad6-caaa-4974-a854-d53a12c651c2 94a6b03f24534abe9ed6e2738ce382c5 56c97acca68a41e09d38ae1c05024f11 - - default default] 10.0.0.79 "DELETE /v2.0/networks/fa6b6d50-7f8d-4e93-8a92-eb85417dd479 HTTP/1.1" status: 204 len: 168 time: 0.4824462
2026-07-27 23:02:58.056 9 INFO neutron.wsgi [req-7c55cc88-6c2e-49a5-8bc1-4cd3aa650b0b req-167c7c97-b6ac-4a5b-918e-27d9ce552c84 8b161901575349a08d51cf128a116bd8 dcd6b8abb7d44019bb41222781cb2732 - - default default] 10.0.0.148 "GET /v2.0/ports?tenant_id=dcd6b8abb7d44019bb41222781cb2732&fields=id HTTP/1.1" status: 200 len: 302 time: 0.1199677
2026-07-27 23:02:58.058 10 INFO neutron.services.segments.plugin [-] Segment 02d2d7b5-0d30-4d43-a34b-fd6a3105d386 resource provider aggregate not found
2026-07-27 23:02:58.067 10 INFO neutron.services.segments.plugin [-] Segment 02d2d7b5-0d30-4d43-a34b-fd6a3105d386 resource provider aggregate not found
2026-07-27 23:02:58.077 10 INFO neutron.services.segments.plugin [-] Segment 02d2d7b5-0d30-4d43-a34b-fd6a3105d386 resource provider not found; error: Placement Client Error (4xx): {"errors": [{"status": 404, "title": "Not Found", "detail": "The resource could not be found.\n\n No resource provider with uuid 02d2d7b5-0d30-4d43-a34b-fd6a3105d386 found for delete ", "request_id": "req-b6e6dba5-168a-4795-80a0-168edab41de8"}]}
2026-07-27 23:02:58.097 10 INFO neutron.services.segments.plugin [-] Segment 02d2d7b5-0d30-4d43-a34b-fd6a3105d386 resource provider not found; error: Placement Client Error (4xx): {"errors": [{"status": 404, "title": "Not Found", "detail": "The resource could not be found.\n\n No resource provider with uuid 02d2d7b5-0d30-4d43-a34b-fd6a3105d386 found for delete ", "request_id": "req-ed139583-aea3-422f-8757-3aa5e99850f7"}]}
2026-07-27 23:02:58.109 10 INFO neutron.services.segments.plugin [-] Segment f91dc20c-5130-4626-aa21-9a8c8edb3a08 resource provider aggregate not found
2026-07-27 23:02:58.125 10 INFO neutron.services.segments.plugin [-] Segment f91dc20c-5130-4626-aa21-9a8c8edb3a08 resource provider aggregate not found
2026-07-27 23:02:58.135 9 INFO neutron.wsgi [req-7c55cc88-6c2e-49a5-8bc1-4cd3aa650b0b req-0f3b4067-fccc-4ae9-942c-c1d19c6a459c d209e96dc3824bc5b996c67d567f9d62 fe4d4b0dbfc74b929c22fb51c35109fc - - 75534254d2f848d6999a7b6b9f59d9ca 75534254d2f848d6999a7b6b9f59d9ca] 10.0.0.148 "GET /v2.0/networks/5298f7cd-1db6-4a65-82ff-33349226d832?fields=segments HTTP/1.1" status: 200 len: 212 time: 0.0663698
2026-07-27 23:02:58.150 10 INFO neutron.services.segments.plugin [-] Segment f91dc20c-5130-4626-aa21-9a8c8edb3a08 resource provider not found; error: Placement Client Error (4xx): {"errors": [{"status": 404, "title": "Not Found", "detail": "The resource could not be found.\n\n No resource provider with uuid f91dc20c-5130-4626-aa21-9a8c8edb3a08 found for delete ", "request_id": "req-b54941c2-bcea-4119-8379-2e52edd0d4e3"}]}
2026-07-27 23:02:58.156 10 INFO neutron.services.segments.plugin [-] Segment f91dc20c-5130-4626-aa21-9a8c8edb3a08 resource provider not found; error: Placement Client Error (4xx): {"errors": [{"status": 404, "title": "Not Found", "detail": "The resource could not be found.\n\n No resource provider with uuid f91dc20c-5130-4626-aa21-9a8c8edb3a08 found for delete ", "request_id": "req-a55d7415-6467-451c-84b2-99589b6f59f1"}]}
2026-07-27 23:02:58.174 10 INFO neutron.services.segments.plugin [-] Segment 2e2c3790-0e09-4721-ba3c-a2e4809f0e2d resource provider aggregate not found
2026-07-27 23:02:58.180 10 INFO neutron.services.segments.plugin [-] Segment 2e2c3790-0e09-4721-ba3c-a2e4809f0e2d resource provider aggregate not found
2026-07-27 23:02:58.201 10 INFO neutron.services.segments.plugin [-] Segment 2e2c3790-0e09-4721-ba3c-a2e4809f0e2d resource provider not found; error: Placement Client Error (4xx): {"errors": [{"status": 404, "title": "Not Found", "detail": "The resource could not be found.\n\n No resource provider with uuid 2e2c3790-0e09-4721-ba3c-a2e4809f0e2d found for delete ", "request_id": "req-4c66ab21-991a-440c-908f-06a22829a6ae"}]}
2026-07-27 23:02:58.204 10 INFO neutron.services.segments.plugin [-] Segment 2e2c3790-0e09-4721-ba3c-a2e4809f0e2d resource provider not found; error: Placement Client Error (4xx): {"errors": [{"status": 404, "title": "Not Found", "detail": "The resource could not be found.\n\n No resource provider with uuid 2e2c3790-0e09-4721-ba3c-a2e4809f0e2d found for delete ", "request_id": "req-dd757439-a7d5-4975-a236-099a680ef9d0"}]}
2026-07-27 23:02:58.213 9 INFO neutron.wsgi [req-7c55cc88-6c2e-49a5-8bc1-4cd3aa650b0b req-ab37c389-3d2e-49c6-a898-098f9a862b2f d209e96dc3824bc5b996c67d567f9d62 fe4d4b0dbfc74b929c22fb51c35109fc - - 75534254d2f848d6999a7b6b9f59d9ca 75534254d2f848d6999a7b6b9f59d9ca] 10.0.0.148 "GET /v2.0/networks/5298f7cd-1db6-4a65-82ff-33349226d832?fields=provider%3Aphysical_network&fields=provider%3Anetwork_type HTTP/1.1" status: 200 len: 277 time: 0.0718420
2026-07-27 23:02:58.393 9 INFO neutron.wsgi [req-6d52f388-f642-494a-a599-8f12fbe328a8 req-86b43d93-b4b3-419a-a375-ada86ba28578 8b161901575349a08d51cf128a116bd8 dcd6b8abb7d44019bb41222781cb2732 - - default default] 10.0.0.148 "GET /v2.0/ports?device_id=b7292cef-ad0c-44bc-b1dd-8c0a52db6625 HTTP/1.1" status: 200 len: 210 time: 0.0310652
2026-07-27 23:02:58.400 9 WARNING neutron.plugins.ml2.drivers.ovn.mech_driver.ovsdb.ovn_client [None req-0748c09a-3db5-40cc-8c37-da8d8509ab02 - - - - - -] No hosting information found for port 41f702f7-6519-4023-a821-16543466b444: RuntimeError: No hosting information found for port 41f702f7-6519-4023-a821-16543466b444
2026-07-27 23:02:58.439 10 INFO neutron.wsgi [None req-21c4c6b8-a61d-4455-adea-e851b4228217 abe1801f73bc4ed1a7c8286a40f20410 49881aafe6954a07aff92a7f94b556f8 - - default default] 10.0.0.79 "DELETE /v2.0/networks/5d5bd3ee-d0de-4437-ab96-7afe906ee2ee HTTP/1.1" status: 204 len: 168 time: 0.5611296
2026-07-27 23:02:58.731 10 INFO neutron.wsgi [None req-12542186-dee1-4f1b-8b94-2942bde619ec 1bdb6d1c56fb4df4acac7dd5d0b59f48 0fbfa7a401d04bceaab07ee6f3c200ef - - default default] 10.0.0.79 "GET /v2.0/security-groups?tenant_id=56c97acca68a41e09d38ae1c05024f11&name=default HTTP/1.1" status: 200 len: 2996 time: 0.1729496
2026-07-27 23:02:58.886 10 INFO neutron.wsgi [None req-92e308ce-1abe-4d58-a748-dbbb2904621d abe1801f73bc4ed1a7c8286a40f20410 49881aafe6954a07aff92a7f94b556f8 - - default default] 10.0.0.79 "DELETE /v2.0/networks/a1804c55-2ea5-443c-b95e-e5f82336c4d0 HTTP/1.1" status: 204 len: 168 time: 0.4353259
2026-07-27 23:02:58.942 9 INFO neutron.services.segments.plugin [-] Segment 36830338-9051-48a3-8d69-017a18780bed resource provider aggregate not found
2026-07-27 23:02:58.967 9 INFO neutron.services.segments.plugin [-] Segment 36830338-9051-48a3-8d69-017a18780bed resource provider aggregate not found
2026-07-27 23:02:58.972 9 INFO neutron.services.segments.plugin [-] Segment 36830338-9051-48a3-8d69-017a18780bed resource provider not found; error: Placement Client Error (4xx): {"errors": [{"status": 404, "title": "Not Found", "detail": "The resource could not be found.\n\n No resource provider with uuid 36830338-9051-48a3-8d69-017a18780bed found for delete ", "request_id": "req-535d55b9-010d-45ca-b119-6e02a2a1a2cf"}]}
2026-07-27 23:02:58.997 9 INFO neutron.services.segments.plugin [-] Segment d0aa9e8a-b76a-4560-9835-d5611ee9e5b8 resource provider aggregate not found
2026-07-27 23:02:59.007 9 INFO neutron.services.segments.plugin [-] Segment 36830338-9051-48a3-8d69-017a18780bed resource provider not found; error: Placement Client Error (4xx): {"errors": [{"status": 404, "title": "Not Found", "detail": "The resource could not be found.\n\n No resource provider with uuid 36830338-9051-48a3-8d69-017a18780bed found for delete ", "request_id": "req-ed8a506e-67f5-4441-a43b-06a4acbd53c1"}]}
2026-07-27 23:02:59.018 9 INFO neutron.services.segments.plugin [-] Segment d0aa9e8a-b76a-4560-9835-d5611ee9e5b8 resource provider not found; error: Placement Client Error (4xx): {"errors": [{"status": 404, "title": "Not Found", "detail": "The resource could not be found.\n\n No resource provider with uuid d0aa9e8a-b76a-4560-9835-d5611ee9e5b8 found for delete ", "request_id": "req-83dd7e5a-7350-4899-bfcc-57bfbddda0ce"}]}
2026-07-27 23:02:59.029 9 INFO neutron.services.segments.plugin [-] Segment d0aa9e8a-b76a-4560-9835-d5611ee9e5b8 resource provider aggregate not found
2026-07-27 23:02:59.048 9 INFO neutron.services.segments.plugin [-] Segment d0aa9e8a-b76a-4560-9835-d5611ee9e5b8 resource provider not found; error: Placement Client Error (4xx): {"errors": [{"status": 404, "title": "Not Found", "detail": "The resource could not be found.\n\n No resource provider with uuid d0aa9e8a-b76a-4560-9835-d5611ee9e5b8 found for delete ", "request_id": "req-bec43f53-53e9-47a6-a6b9-f9d437cfaa6d"}]}
2026-07-27 23:02:59.122 9 WARNING neutron.scheduler.dhcp_agent_scheduler [None req-aa3bd04c-1944-4cc2-b702-e760b2b0c88f a0c222fb8f524d6a8b512242c0db2cea 9d9ca177b8ac40d880cefb8a645a287e - - default default] No more DHCP agents
2026-07-27 23:02:59.124 9 WARNING neutron.api.rpc.agentnotifiers.dhcp_rpc_agent_api [None req-aa3bd04c-1944-4cc2-b702-e760b2b0c88f a0c222fb8f524d6a8b512242c0db2cea 9d9ca177b8ac40d880cefb8a645a287e - - default default] Unable to schedule network 720c3711-5f15-41fc-8eb4-2bf24df5fc44: no agents available; will retry on subsequent port and subnet creation events.
2026-07-27 23:02:59.146 9 INFO neutron.wsgi [None req-1b0c6209-83ec-47e5-b7e6-ce3acf937405 1bdb6d1c56fb4df4acac7dd5d0b59f48 0fbfa7a401d04bceaab07ee6f3c200ef - - default default] 10.0.0.79 "DELETE /v2.0/security-groups/edf38c40-8b8d-4920-b233-47faff0efe4b HTTP/1.1" status: 204 len: 168 time: 0.4097176
2026-07-27 23:02:59.277 9 INFO neutron.wsgi [req-7c55cc88-6c2e-49a5-8bc1-4cd3aa650b0b req-bb9bf333-3ada-4218-822b-3ced15d9e4ce 8b161901575349a08d51cf128a116bd8 dcd6b8abb7d44019bb41222781cb2732 - - default default] 199.204.45.138 "GET /v2.0/networks?id=5298f7cd-1db6-4a65-82ff-33349226d832 HTTP/1.1" status: 200 len: 872 time: 0.1164777
2026-07-27 23:02:59.359 9 INFO neutron.wsgi [req-7c55cc88-6c2e-49a5-8bc1-4cd3aa650b0b req-f88866d9-6b17-4511-a991-68ac60a6bd54 8b161901575349a08d51cf128a116bd8 dcd6b8abb7d44019bb41222781cb2732 - - default default] 199.204.45.138 "GET /v2.0/security-groups?fields=id&fields=name&tenant_id=dcd6b8abb7d44019bb41222781cb2732 HTTP/1.1" status: 200 len: 471 time: 0.0651536
2026-07-27 23:02:59.518 9 INFO neutron.wsgi [req-22928d1c-3a46-4fa2-bb93-f0616f04ce83 req-b58db724-c839-4aa2-9bea-3913854670c5 8b161901575349a08d51cf128a116bd8 dcd6b8abb7d44019bb41222781cb2732 - - default default] 10.0.0.148 "GET /v2.0/ports?device_id=b7292cef-ad0c-44bc-b1dd-8c0a52db6625 HTTP/1.1" status: 200 len: 210 time: 0.0326588
2026-07-27 23:02:59.613 9 INFO neutron.db.ovn_revision_numbers_db [None req-aa3bd04c-1944-4cc2-b702-e760b2b0c88f a0c222fb8f524d6a8b512242c0db2cea 9d9ca177b8ac40d880cefb8a645a287e - - default default] Successfully bumped revision number for resource 0c8f83d6-f781-4856-9862-f643fc9ddb05 (type: floatingips) to 0
2026-07-27 23:02:59.635 9 INFO neutron.wsgi [None req-aa3bd04c-1944-4cc2-b702-e760b2b0c88f a0c222fb8f524d6a8b512242c0db2cea 9d9ca177b8ac40d880cefb8a645a287e - - default default] 10.0.0.79 "POST /v2.0/floatingips HTTP/1.1" status: 201 len: 751 time: 1.1615088
2026-07-27 23:02:59.702 10 INFO neutron.wsgi [None req-354bce36-0857-410b-93ef-d9a11be4240a a0c222fb8f524d6a8b512242c0db2cea 9d9ca177b8ac40d880cefb8a645a287e - - default default] 10.0.0.79 "PUT /v2.0/floatingips/0c8f83d6-f781-4856-9862-f643fc9ddb05/tags HTTP/1.1" status: 200 len: 218 time: 0.0596268
2026-07-27 23:02:59.736 10 INFO neutron.wsgi [None req-67aa7be8-f2f8-45ec-b3fe-52686a43c763 a0c222fb8f524d6a8b512242c0db2cea 9d9ca177b8ac40d880cefb8a645a287e - - default default] 10.0.0.79 "GET /v2.0/floatingips/0c8f83d6-f781-4856-9862-f643fc9ddb05/tags HTTP/1.1" status: 200 len: 218 time: 0.0290155
2026-07-27 23:02:59.813 9 INFO neutron.wsgi [None req-5eb482a2-6503-46d3-a302-65c272200390 a0c222fb8f524d6a8b512242c0db2cea 9d9ca177b8ac40d880cefb8a645a287e - - default default] 10.0.0.79 "PUT /v2.0/floatingips/0c8f83d6-f781-4856-9862-f643fc9ddb05/tags/green HTTP/1.1" status: 201 len: 201 time: 0.0711496
2026-07-27 23:02:59.842 9 WARNING neutron.scheduler.dhcp_agent_scheduler [req-7c55cc88-6c2e-49a5-8bc1-4cd3aa650b0b req-049b551d-c244-4f94-a5d8-ccb9f6fbca20 8b161901575349a08d51cf128a116bd8 dcd6b8abb7d44019bb41222781cb2732 - - default default] No more DHCP agents
2026-07-27 23:02:59.846 9 WARNING neutron.api.rpc.agentnotifiers.dhcp_rpc_agent_api [req-7c55cc88-6c2e-49a5-8bc1-4cd3aa650b0b req-049b551d-c244-4f94-a5d8-ccb9f6fbca20 8b161901575349a08d51cf128a116bd8 dcd6b8abb7d44019bb41222781cb2732 - - default default] Unable to schedule network 5298f7cd-1db6-4a65-82ff-33349226d832: no agents available; will retry on subsequent port and subnet creation events.
2026-07-27 23:02:59.853 10 INFO neutron.wsgi [None req-a7e4f72f-1e68-402e-a46c-90eb0a723b14 a0c222fb8f524d6a8b512242c0db2cea 9d9ca177b8ac40d880cefb8a645a287e - - default default] 10.0.0.79 "GET /v2.0/floatingips/0c8f83d6-f781-4856-9862-f643fc9ddb05/tags HTTP/1.1" status: 200 len: 227 time: 0.0330715
2026-07-27 23:02:59.890 10 INFO neutron.wsgi [None req-558ac0bd-f757-4124-9d6d-590da5451997 1bdb6d1c56fb4df4acac7dd5d0b59f48 0fbfa7a401d04bceaab07ee6f3c200ef - - default default] 10.0.0.79 "GET /v2.0/security-groups?tenant_id=49881aafe6954a07aff92a7f94b556f8&name=default HTTP/1.1" status: 200 len: 2996 time: 0.1500537
2026-07-27 23:02:59.892 10 INFO neutron.wsgi [None req-a1b88e01-3cd1-4132-8b37-fe6ee39deb0d a0c222fb8f524d6a8b512242c0db2cea 9d9ca177b8ac40d880cefb8a645a287e - - default default] 10.0.0.79 "PUT /v2.0/floatingips/0c8f83d6-f781-4856-9862-f643fc9ddb05/tags/red HTTP/1.1" status: 201 len: 201 time: 0.0335562 /var/lib/openstack/lib/python3.10/site-packages/pycadf/identifier.py:71: UserWarning: Invalid uuid: neutron. To ensure interoperability, identifiers should be a valid uuid. warnings.warn(('Invalid uuid: %s. To ensure interoperability, '
2026-07-27 23:02:59.948 9 INFO neutron.wsgi [None req-cfccc7d8-b13c-4d00-89d9-745a09d151b9 a0c222fb8f524d6a8b512242c0db2cea 9d9ca177b8ac40d880cefb8a645a287e - - default default] 10.0.0.79 "GET /v2.0/floatingips/0c8f83d6-f781-4856-9862-f643fc9ddb05/tags HTTP/1.1" status: 200 len: 227 time: 0.0447237
2026-07-27 23:03:00.019 9 INFO neutron.wsgi [None req-c0025b07-35a8-47f5-a8d8-d3659790a41a 1bdb6d1c56fb4df4acac7dd5d0b59f48 0fbfa7a401d04bceaab07ee6f3c200ef - - default default] 10.0.0.64 "GET /v2.0/networks HTTP/1.1" status: 200 len: 3866 time: 0.2550101
2026-07-27 23:03:00.022 9 INFO neutron.wsgi [None req-4e99f8f9-b1fb-43ae-8382-36d027067fd9 a0c222fb8f524d6a8b512242c0db2cea 9d9ca177b8ac40d880cefb8a645a287e - - default default] 10.0.0.79 "PUT /v2.0/floatingips/0c8f83d6-f781-4856-9862-f643fc9ddb05/tags/black.or.white HTTP/1.1" status: 201 len: 201 time: 0.0674520
2026-07-27 23:03:00.062 10 INFO neutron.wsgi [None req-77ec841f-f4bb-4faf-888d-e5a564547cfb a0c222fb8f524d6a8b512242c0db2cea 9d9ca177b8ac40d880cefb8a645a287e - - default default] 10.0.0.79 "GET /v2.0/floatingips/0c8f83d6-f781-4856-9862-f643fc9ddb05/tags HTTP/1.1" status: 200 len: 245 time: 0.0311005
2026-07-27 23:03:00.084 9 INFO neutron.wsgi [None req-bde050c6-0700-4897-9d08-903d1d62b40f 1bdb6d1c56fb4df4acac7dd5d0b59f48 0fbfa7a401d04bceaab07ee6f3c200ef - - default default] 10.0.0.64 "GET /v2.0/subnets HTTP/1.1" status: 200 len: 2745 time: 0.0512493
2026-07-27 23:03:00.100 9 INFO neutron.wsgi [None req-a2a17976-9256-4dc1-9301-73d660b10494 1bdb6d1c56fb4df4acac7dd5d0b59f48 0fbfa7a401d04bceaab07ee6f3c200ef - - default default] 10.0.0.64 "GET /v2.0/subnetpools HTTP/1.1" status: 200 len: 193 time: 0.0137243
2026-07-27 23:03:00.124 10 INFO neutron.wsgi [None req-8562345a-cbc4-47fc-8455-6eb588cbc724 a0c222fb8f524d6a8b512242c0db2cea 9d9ca177b8ac40d880cefb8a645a287e - - default default] 10.0.0.79 "PUT /v2.0/floatingips/0c8f83d6-f781-4856-9862-f643fc9ddb05/tags HTTP/1.1" status: 200 len: 230 time: 0.0552337
2026-07-27 23:03:00.146 9 INFO neutron.wsgi [None req-8e590326-8949-418e-851f-74f25976fe81 1bdb6d1c56fb4df4acac7dd5d0b59f48 0fbfa7a401d04bceaab07ee6f3c200ef - - default default] 10.0.0.64 "GET /v2.0/subnets HTTP/1.1" status: 200 len: 2745 time: 0.0445175
2026-07-27 23:03:00.154 9 INFO neutron.db.ovn_revision_numbers_db [req-7c55cc88-6c2e-49a5-8bc1-4cd3aa650b0b req-049b551d-c244-4f94-a5d8-ccb9f6fbca20 8b161901575349a08d51cf128a116bd8 dcd6b8abb7d44019bb41222781cb2732 - - default default] Successfully bumped revision number for resource fb3845c9-77d9-43d4-9cd9-4f52f0e02668 (type: ports) to 1
2026-07-27 23:03:00.170 10 INFO neutron.wsgi [None req-0bceca08-030d-4895-aee2-ae23b8b9457d a0c222fb8f524d6a8b512242c0db2cea 9d9ca177b8ac40d880cefb8a645a287e - - default default] 10.0.0.79 "GET /v2.0/floatingips/0c8f83d6-f781-4856-9862-f643fc9ddb05/tags HTTP/1.1" status: 200 len: 230 time: 0.0366502
2026-07-27 23:03:00.189 9 INFO neutron.wsgi [None req-b6eeab4c-c667-427d-90c5-69a2fec81777 1bdb6d1c56fb4df4acac7dd5d0b59f48 0fbfa7a401d04bceaab07ee6f3c200ef - - default default] 10.0.0.64 "GET /v2.0/ports HTTP/1.1" status: 200 len: 14893 time: 0.0417619
2026-07-27 23:03:00.192 9 INFO neutron.wsgi [req-7c55cc88-6c2e-49a5-8bc1-4cd3aa650b0b req-049b551d-c244-4f94-a5d8-ccb9f6fbca20 8b161901575349a08d51cf128a116bd8 dcd6b8abb7d44019bb41222781cb2732 - - default default] 199.204.45.138 "POST /v2.0/ports HTTP/1.1" status: 201 len: 1197 time: 0.8039379
2026-07-27 23:03:00.194 10 INFO neutron.wsgi [None req-d2bffe6a-4279-445a-9985-750a475bddae 1bdb6d1c56fb4df4acac7dd5d0b59f48 0fbfa7a401d04bceaab07ee6f3c200ef - - default default] 10.0.0.79 "DELETE /v2.0/security-groups/0bafc0f5-5d2e-455e-85a2-9f0f1a095b9b HTTP/1.1" status: 204 len: 168 time: 0.2914658
2026-07-27 23:03:00.229 10 INFO neutron.wsgi [None req-58167a73-b1b7-45a6-82b1-140c2172f5b2 a0c222fb8f524d6a8b512242c0db2cea 9d9ca177b8ac40d880cefb8a645a287e - - default default] 10.0.0.79 "GET /v2.0/floatingips/0c8f83d6-f781-4856-9862-f643fc9ddb05/tags/red HTTP/1.1" status: 204 len: 168 time: 0.0501018
2026-07-27 23:03:00.234 10 INFO neutron.services.segments.plugin [-] Segment 87904e0f-ac0e-4472-828a-a0589a496ee7 resource provider aggregate not found
2026-07-27 23:03:00.244 10 INFO neutron.services.segments.plugin [-] Segment 87904e0f-ac0e-4472-828a-a0589a496ee7 resource provider aggregate not found
2026-07-27 23:03:00.256 10 INFO neutron.services.segments.plugin [-] Segment 87904e0f-ac0e-4472-828a-a0589a496ee7 resource provider not found; error: Placement Client Error (4xx): {"errors": [{"status": 404, "title": "Not Found", "detail": "The resource could not be found.\n\n No resource provider with uuid 87904e0f-ac0e-4472-828a-a0589a496ee7 found for delete ", "request_id": "req-748a4b15-ccb7-4024-9b79-d77380dcf03c"}]}
2026-07-27 23:03:00.263 10 INFO neutron.services.segments.plugin [-] Segment 87904e0f-ac0e-4472-828a-a0589a496ee7 resource provider not found; error: Placement Client Error (4xx): {"errors": [{"status": 404, "title": "Not Found", "detail": "The resource could not be found.\n\n No resource provider with uuid 87904e0f-ac0e-4472-828a-a0589a496ee7 found for delete ", "request_id": "req-d8e2248a-a139-4570-adbd-f405a29eae4a"}]}
2026-07-27 23:03:00.284 10 INFO neutron.services.segments.plugin [-] Segment f66078c7-e2b3-413d-900a-f7b7eb732dbf resource provider aggregate not found
2026-07-27 23:03:00.289 10 INFO neutron.services.segments.plugin [-] Segment f66078c7-e2b3-413d-900a-f7b7eb732dbf resource provider aggregate not found
2026-07-27 23:03:00.306 10 INFO neutron.services.segments.plugin [-] Segment f66078c7-e2b3-413d-900a-f7b7eb732dbf resource provider not found; error: Placement Client Error (4xx): {"errors": [{"status": 404, "title": "Not Found", "detail": "The resource could not be found.\n\n No resource provider with uuid f66078c7-e2b3-413d-900a-f7b7eb732dbf found for delete ", "request_id": "req-374a600f-f972-485b-a0ad-a10892744061"}]}
2026-07-27 23:03:00.307 10 INFO neutron.services.segments.plugin [-] Segment f66078c7-e2b3-413d-900a-f7b7eb732dbf resource provider not found; error: Placement Client Error (4xx): {"errors": [{"status": 404, "title": "Not Found", "detail": "The resource could not be found.\n\n No resource provider with uuid f66078c7-e2b3-413d-900a-f7b7eb732dbf found for delete ", "request_id": "req-432dd149-74d9-4181-a251-d9a5d754e93b"}]}
2026-07-27 23:03:00.557 10 INFO neutron.db.ovn_revision_numbers_db [None req-0d93c9af-72e3-482e-8a26-c10f304b9165 1bdb6d1c56fb4df4acac7dd5d0b59f48 0fbfa7a401d04bceaab07ee6f3c200ef - - default default] Successfully bumped revision number for resource c9bf4406-d67e-4597-bc58-8d0544ecaa29 (type: security_groups) to 1
2026-07-27 23:03:00.575 10 INFO neutron.db.ovn_revision_numbers_db [None req-0d93c9af-72e3-482e-8a26-c10f304b9165 1bdb6d1c56fb4df4acac7dd5d0b59f48 0fbfa7a401d04bceaab07ee6f3c200ef - - default default] Successfully bumped revision number for resource 3241408e-cc28-4630-8cbb-70ca86484052 (type: security_group_rules) to 0
2026-07-27 23:03:00.591 10 INFO neutron.db.ovn_revision_numbers_db [None req-0d93c9af-72e3-482e-8a26-c10f304b9165 1bdb6d1c56fb4df4acac7dd5d0b59f48 0fbfa7a401d04bceaab07ee6f3c200ef - - default default] Successfully bumped revision number for resource 33b98b4d-205b-4f23-bb83-3e4a1bb09038 (type: security_group_rules) to 0
2026-07-27 23:03:00.607 10 INFO neutron.db.ovn_revision_numbers_db [None req-0d93c9af-72e3-482e-8a26-c10f304b9165 1bdb6d1c56fb4df4acac7dd5d0b59f48 0fbfa7a401d04bceaab07ee6f3c200ef - - default default] Successfully bumped revision number for resource 7eb2716c-ca3d-4598-8d94-25c8945506d1 (type: security_group_rules) to 0
2026-07-27 23:03:00.625 10 INFO neutron.db.ovn_revision_numbers_db [None req-0d93c9af-72e3-482e-8a26-c10f304b9165 1bdb6d1c56fb4df4acac7dd5d0b59f48 0fbfa7a401d04bceaab07ee6f3c200ef - - default default] Successfully bumped revision number for resource e13598ab-b094-41ae-9c71-a20ed7e66b81 (type: security_group_rules) to 0
2026-07-27 23:03:00.635 9 INFO neutron.api.v2.resource [None req-5d47793d-eb6a-4a46-9921-dc62fd98e23b a0c222fb8f524d6a8b512242c0db2cea 9d9ca177b8ac40d880cefb8a645a287e - - default default] show failed (client error): The resource could not be found.
2026-07-27 23:03:00.637 9 INFO neutron.wsgi [None req-5d47793d-eb6a-4a46-9921-dc62fd98e23b a0c222fb8f524d6a8b512242c0db2cea 9d9ca177b8ac40d880cefb8a645a287e - - default default] 10.0.0.79 "GET /v2.0/floatingips/0c8f83d6-f781-4856-9862-f643fc9ddb05/tags/green HTTP/1.1" status: 404 len: 299 time: 0.0737085
2026-07-27 23:03:00.653 10 INFO neutron.wsgi [None req-0d93c9af-72e3-482e-8a26-c10f304b9165 1bdb6d1c56fb4df4acac7dd5d0b59f48 0fbfa7a401d04bceaab07ee6f3c200ef - - default default] 10.0.0.79 "GET /v2.0/security-groups?tenant_id=7d334269584b45d7853d0d2128faf566&name=default HTTP/1.1" status: 200 len: 2996 time: 0.2330232
2026-07-27 23:03:00.698 9 INFO neutron.wsgi [req-eb2c8331-7729-41c4-b31b-8e0c016a169b req-e38ef085-fdb7-4559-95c7-335dc27f2bb2 8b161901575349a08d51cf128a116bd8 dcd6b8abb7d44019bb41222781cb2732 - - default default] 10.0.0.148 "GET /v2.0/ports?device_id=b7292cef-ad0c-44bc-b1dd-8c0a52db6625 HTTP/1.1" status: 200 len: 1195 time: 0.0894296
2026-07-27 23:03:00.715 9 INFO neutron.wsgi [None req-1c6ea963-1563-4cb8-bb34-c1087b070397 1bdb6d1c56fb4df4acac7dd5d0b59f48 0fbfa7a401d04bceaab07ee6f3c200ef - - default default] 10.0.0.64 "GET /v2.0/routers HTTP/1.1" status: 200 len: 1531 time: 0.5126481
2026-07-27 23:03:00.735 9 INFO neutron.wsgi [None req-69bc91e9-b92a-4b68-b893-65b81b349540 a0c222fb8f524d6a8b512242c0db2cea 9d9ca177b8ac40d880cefb8a645a287e - - default default] 10.0.0.79 "DELETE /v2.0/floatingips/0c8f83d6-f781-4856-9862-f643fc9ddb05/tags/red HTTP/1.1" status: 204 len: 168 time: 0.0792170
2026-07-27 23:03:00.740 9 INFO neutron.wsgi [None req-02e3a686-f5d9-4581-a909-b104285d2c5e 1bdb6d1c56fb4df4acac7dd5d0b59f48 0fbfa7a401d04bceaab07ee6f3c200ef - - default default] 10.0.0.64 "GET /v2.0/agents?binary=ovn-controller HTTP/1.1" status: 200 len: 591 time: 0.0211902
2026-07-27 23:03:00.774 9 INFO neutron.wsgi [None req-2c283b1b-ef21-4529-8e71-31a5f744ee7c 1bdb6d1c56fb4df4acac7dd5d0b59f48 0fbfa7a401d04bceaab07ee6f3c200ef - - default default] 10.0.0.64 "GET /v2.0/network-ip-availabilities HTTP/1.1" status: 200 len: 2224 time: 0.0316370
2026-07-27 23:03:00.778 10 INFO neutron.wsgi [None req-1bd75ff3-1554-47aa-ba56-64e5cdc45ca2 a0c222fb8f524d6a8b512242c0db2cea 9d9ca177b8ac40d880cefb8a645a287e - - default default] 10.0.0.79 "GET /v2.0/floatingips/0c8f83d6-f781-4856-9862-f643fc9ddb05/tags HTTP/1.1" status: 200 len: 223 time: 0.0338178
2026-07-27 23:03:00.788 9 INFO neutron.wsgi [req-eb2c8331-7729-41c4-b31b-8e0c016a169b req-f291bb37-4b8c-4ec2-97e3-d5b2cf5a95d0 8b161901575349a08d51cf128a116bd8 dcd6b8abb7d44019bb41222781cb2732 - - default default] 10.0.0.148 "GET /v2.0/security-groups?id=fc4a74f8-2f33-4360-a602-3da2cf43e1da&id=4497ec46-309a-43c9-a755-e214659aa835&fields=id&fields=name HTTP/1.1" status: 200 len: 404 time: 0.0823932
2026-07-27 23:03:00.818 10 INFO neutron.api.v2.resource [None req-b6973a80-09ac-49fa-ae8b-ec15a7412b27 a0c222fb8f524d6a8b512242c0db2cea 9d9ca177b8ac40d880cefb8a645a287e - - default default] delete failed (client error): The resource could not be found.
2026-07-27 23:03:00.820 10 INFO neutron.wsgi [None req-b6973a80-09ac-49fa-ae8b-ec15a7412b27 a0c222fb8f524d6a8b512242c0db2cea 9d9ca177b8ac40d880cefb8a645a287e - - default default] 10.0.0.79 "DELETE /v2.0/floatingips/0c8f83d6-f781-4856-9862-f643fc9ddb05/tags/green HTTP/1.1" status: 404 len: 299 time: 0.0356507
2026-07-27 23:03:00.822 9 INFO neutron.wsgi [None req-4b1923f2-fe2c-40b2-aea5-cfb8fc8457cd 1bdb6d1c56fb4df4acac7dd5d0b59f48 0fbfa7a401d04bceaab07ee6f3c200ef - - default default] 10.0.0.64 "GET /v2.0/floatingips HTTP/1.1" status: 200 len: 1287 time: 0.0450401
2026-07-27 23:03:00.872 10 INFO neutron.wsgi [None req-9724fd4b-481e-4353-ae15-5e8ee4003e70 a0c222fb8f524d6a8b512242c0db2cea 9d9ca177b8ac40d880cefb8a645a287e - - default default] 10.0.0.79 "DELETE /v2.0/floatingips/0c8f83d6-f781-4856-9862-f643fc9ddb05/tags HTTP/1.1" status: 204 len: 168 time: 0.0445869
2026-07-27 23:03:00.911 10 INFO neutron.wsgi [None req-585f6f3a-075f-4333-95b3-9b4b6813d58e a0c222fb8f524d6a8b512242c0db2cea 9d9ca177b8ac40d880cefb8a645a287e - - default default] 10.0.0.79 "GET /v2.0/floatingips/0c8f83d6-f781-4856-9862-f643fc9ddb05/tags HTTP/1.1" status: 200 len: 205 time: 0.0333433
2026-07-27 23:03:00.925 9 INFO neutron.wsgi [None req-9906784e-55c6-41ca-b47d-cafae1ab9187 1bdb6d1c56fb4df4acac7dd5d0b59f48 0fbfa7a401d04bceaab07ee6f3c200ef - - default default] 10.0.0.64 "GET /v2.0/security-groups HTTP/1.1" status: 200 len: 32975 time: 0.1011100
2026-07-27 23:03:00.951 9 INFO neutron.wsgi [None req-f08462f2-a11a-4f88-bf3e-f9aca99a720f 1bdb6d1c56fb4df4acac7dd5d0b59f48 0fbfa7a401d04bceaab07ee6f3c200ef - - default default] 10.0.0.64 "GET /v2.0/agents HTTP/1.1" status: 200 len: 997 time: 0.0122607
2026-07-27 23:03:00.970 10 INFO neutron.wsgi [None req-ea737e08-769a-4f8e-a8f5-022b835bada0 1bdb6d1c56fb4df4acac7dd5d0b59f48 0fbfa7a401d04bceaab07ee6f3c200ef - - default default] 10.0.0.79 "DELETE /v2.0/security-groups/c9bf4406-d67e-4597-bc58-8d0544ecaa29 HTTP/1.1" status: 204 len: 168 time: 0.3122985
2026-07-27 23:03:01.165 9 INFO neutron.db.ovn_revision_numbers_db [req-7c55cc88-6c2e-49a5-8bc1-4cd3aa650b0b req-452cdf6a-a5de-4285-9e2e-bf8feb389dc8 d209e96dc3824bc5b996c67d567f9d62 fe4d4b0dbfc74b929c22fb51c35109fc - - 75534254d2f848d6999a7b6b9f59d9ca 75534254d2f848d6999a7b6b9f59d9ca] Successfully bumped revision number for resource fb3845c9-77d9-43d4-9cd9-4f52f0e02668 (type: ports) to 2
2026-07-27 23:03:01.304 10 INFO neutron.db.ovn_revision_numbers_db [None req-54005474-2ae1-478e-8137-d98d34f67a34 1bdb6d1c56fb4df4acac7dd5d0b59f48 0fbfa7a401d04bceaab07ee6f3c200ef - - default default] Successfully bumped revision number for resource 9dd4ad82-10b8-423a-a024-ed4d282cbd0c (type: security_groups) to 1
2026-07-27 23:03:01.326 10 INFO neutron.db.ovn_revision_numbers_db [None req-54005474-2ae1-478e-8137-d98d34f67a34 1bdb6d1c56fb4df4acac7dd5d0b59f48 0fbfa7a401d04bceaab07ee6f3c200ef - - default default] Successfully bumped revision number for resource 216c5acb-2348-43be-ba04-83f1e016e293 (type: security_group_rules) to 0
2026-07-27 23:03:01.344 10 INFO neutron.wsgi [None req-fd0ccbfe-d6ee-494b-9321-f7ac41e18572 a0c222fb8f524d6a8b512242c0db2cea 9d9ca177b8ac40d880cefb8a645a287e - - default default] 10.0.0.79 "DELETE /v2.0/floatingips/0c8f83d6-f781-4856-9862-f643fc9ddb05 HTTP/1.1" status: 204 len: 168 time: 0.4264965
2026-07-27 23:03:01.345 10 INFO neutron.db.ovn_revision_numbers_db [None req-54005474-2ae1-478e-8137-d98d34f67a34 1bdb6d1c56fb4df4acac7dd5d0b59f48 0fbfa7a401d04bceaab07ee6f3c200ef - - default default] Successfully bumped revision number for resource 76ef10c0-4e3a-4599-8a81-52a3cd662870 (type: security_group_rules) to 0
2026-07-27 23:03:01.365 10 INFO neutron.db.ovn_revision_numbers_db [None req-54005474-2ae1-478e-8137-d98d34f67a34 1bdb6d1c56fb4df4acac7dd5d0b59f48 0fbfa7a401d04bceaab07ee6f3c200ef - - default default] Successfully bumped revision number for resource 7ad55fc2-27e4-42ff-95f5-e5271d1b4b1d (type: security_group_rules) to 0
2026-07-27 23:03:01.384 10 INFO neutron.db.ovn_revision_numbers_db [None req-54005474-2ae1-478e-8137-d98d34f67a34 1bdb6d1c56fb4df4acac7dd5d0b59f48 0fbfa7a401d04bceaab07ee6f3c200ef - - default default] Successfully bumped revision number for resource e7105828-bc81-4cf9-88fb-ddc4a95a6189 (type: security_group_rules) to 0
2026-07-27 23:03:01.390 9 INFO neutron.db.ovn_revision_numbers_db [req-7c55cc88-6c2e-49a5-8bc1-4cd3aa650b0b req-452cdf6a-a5de-4285-9e2e-bf8feb389dc8 d209e96dc3824bc5b996c67d567f9d62 fe4d4b0dbfc74b929c22fb51c35109fc - - 75534254d2f848d6999a7b6b9f59d9ca 75534254d2f848d6999a7b6b9f59d9ca] Successfully bumped revision number for resource fb3845c9-77d9-43d4-9cd9-4f52f0e02668 (type: ports) to 2
2026-07-27 23:03:01.410 10 INFO neutron.wsgi [None req-54005474-2ae1-478e-8137-d98d34f67a34 1bdb6d1c56fb4df4acac7dd5d0b59f48 0fbfa7a401d04bceaab07ee6f3c200ef - - default default] 10.0.0.79 "GET /v2.0/security-groups?tenant_id=329c2950c6f745b6a40d40eeccdb6a5b&name=default HTTP/1.1" status: 200 len: 2996 time: 0.2719703
2026-07-27 23:03:01.412 9 INFO neutron.wsgi [req-7c55cc88-6c2e-49a5-8bc1-4cd3aa650b0b req-452cdf6a-a5de-4285-9e2e-bf8feb389dc8 d209e96dc3824bc5b996c67d567f9d62 fe4d4b0dbfc74b929c22fb51c35109fc - - 75534254d2f848d6999a7b6b9f59d9ca 75534254d2f848d6999a7b6b9f59d9ca] 199.204.45.138 "PUT /v2.0/ports/fb3845c9-77d9-43d4-9cd9-4f52f0e02668 HTTP/1.1" status: 200 len: 1415 time: 1.2019699 /var/lib/openstack/lib/python3.10/site-packages/pycadf/identifier.py:71: UserWarning: Invalid uuid: neutron. To ensure interoperability, identifiers should be a valid uuid. warnings.warn(('Invalid uuid: %s. To ensure interoperability, '
2026-07-27 23:03:01.459 9 INFO neutron.notifiers.nova [-] Nova event matching ['req-ae0f8f8c-86b1-43b6-8d1b-c1494cab8be2'] response: {'name': 'network-changed', 'server_uuid': 'b7292cef-ad0c-44bc-b1dd-8c0a52db6625', 'tag': 'fb3845c9-77d9-43d4-9cd9-4f52f0e02668', 'status': 'completed', 'code': 200}
2026-07-27 23:03:01.509 9 INFO neutron.wsgi [req-7c55cc88-6c2e-49a5-8bc1-4cd3aa650b0b req-3fda4144-a56f-40e3-beb7-5310fa87b5e4 d209e96dc3824bc5b996c67d567f9d62 fe4d4b0dbfc74b929c22fb51c35109fc - - 75534254d2f848d6999a7b6b9f59d9ca 75534254d2f848d6999a7b6b9f59d9ca] 199.204.45.138 "GET /v2.0/ports?tenant_id=dcd6b8abb7d44019bb41222781cb2732&device_id=b7292cef-ad0c-44bc-b1dd-8c0a52db6625 HTTP/1.1" status: 200 len: 1446 time: 0.0406501
2026-07-27 23:03:01.540 9 INFO neutron.wsgi [req-7c55cc88-6c2e-49a5-8bc1-4cd3aa650b0b req-bf8716d1-74be-41cb-92f9-1c8951c963a7 d209e96dc3824bc5b996c67d567f9d62 fe4d4b0dbfc74b929c22fb51c35109fc - - 75534254d2f848d6999a7b6b9f59d9ca 75534254d2f848d6999a7b6b9f59d9ca] 199.204.45.138 "GET /v2.0/floatingips?fixed_ip_address=10.100.0.3&port_id=fb3845c9-77d9-43d4-9cd9-4f52f0e02668 HTTP/1.1" status: 200 len: 217 time: 0.0249527
2026-07-27 23:03:01.596 9 INFO neutron.wsgi [req-7c55cc88-6c2e-49a5-8bc1-4cd3aa650b0b req-b58175f4-428d-49ba-9d34-c416164d1496 d209e96dc3824bc5b996c67d567f9d62 fe4d4b0dbfc74b929c22fb51c35109fc - - 75534254d2f848d6999a7b6b9f59d9ca 75534254d2f848d6999a7b6b9f59d9ca] 199.204.45.138 "GET /v2.0/subnets?id=c34642d6-c268-447a-9ed3-934716571cfb HTTP/1.1" status: 200 len: 866 time: 0.0484309
2026-07-27 23:03:01.632 9 INFO neutron.wsgi [req-7c55cc88-6c2e-49a5-8bc1-4cd3aa650b0b req-cc51beef-b7eb-4f34-8336-b0bf44d48546 d209e96dc3824bc5b996c67d567f9d62 fe4d4b0dbfc74b929c22fb51c35109fc - - 75534254d2f848d6999a7b6b9f59d9ca 75534254d2f848d6999a7b6b9f59d9ca] 199.204.45.138 "GET /v2.0/ports?network_id=5298f7cd-1db6-4a65-82ff-33349226d832&device_owner=network%3Adhcp HTTP/1.1" status: 200 len: 210 time: 0.0281341
2026-07-27 23:03:01.651 9 INFO neutron.db.ovn_revision_numbers_db [None req-40bce781-4982-4986-91ab-5efb0209638c 388d3e8cfad84cb997c8c0390fe5e2c5 b4a23246d34643f699dd244968cfd18b - - default default] Successfully bumped revision number for resource f55c20e6-5246-469a-8d92-9f056aa443ba (type: security_groups) to 1
2026-07-27 23:03:01.657 10 INFO neutron.wsgi [None req-9bdb4fef-53f0-4aaf-842b-5b58bdd9b8d9 1bdb6d1c56fb4df4acac7dd5d0b59f48 0fbfa7a401d04bceaab07ee6f3c200ef - - default default] 10.0.0.79 "DELETE /v2.0/security-groups/9dd4ad82-10b8-423a-a024-ed4d282cbd0c HTTP/1.1" status: 204 len: 168 time: 0.2381449
2026-07-27 23:03:01.676 9 INFO neutron.db.ovn_revision_numbers_db [None req-40bce781-4982-4986-91ab-5efb0209638c 388d3e8cfad84cb997c8c0390fe5e2c5 b4a23246d34643f699dd244968cfd18b - - default default] Successfully bumped revision number for resource 05d65720-b70a-44a1-972a-606a84e3af82 (type: security_group_rules) to 0
2026-07-27 23:03:01.701 9 INFO neutron.wsgi [req-7c55cc88-6c2e-49a5-8bc1-4cd3aa650b0b req-d6242406-918a-4c87-8476-4298b3c51520 d209e96dc3824bc5b996c67d567f9d62 fe4d4b0dbfc74b929c22fb51c35109fc - - 75534254d2f848d6999a7b6b9f59d9ca 75534254d2f848d6999a7b6b9f59d9ca] 199.204.45.138 "GET /v2.0/networks/5298f7cd-1db6-4a65-82ff-33349226d832?fields=segments HTTP/1.1" status: 200 len: 212 time: 0.0616915
2026-07-27 23:03:01.703 9 INFO neutron.db.ovn_revision_numbers_db [None req-40bce781-4982-4986-91ab-5efb0209638c 388d3e8cfad84cb997c8c0390fe5e2c5 b4a23246d34643f699dd244968cfd18b - - default default] Successfully bumped revision number for resource 3b07fe5e-c103-4fef-952b-5e15140e2872 (type: security_group_rules) to 0
2026-07-27 23:03:01.727 9 INFO neutron.db.ovn_revision_numbers_db [None req-40bce781-4982-4986-91ab-5efb0209638c 388d3e8cfad84cb997c8c0390fe5e2c5 b4a23246d34643f699dd244968cfd18b - - default default] Successfully bumped revision number for resource 4562e893-7da7-4b21-86ed-6429bb9db57e (type: security_group_rules) to 0
2026-07-27 23:03:01.754 9 INFO neutron.db.ovn_revision_numbers_db [None req-40bce781-4982-4986-91ab-5efb0209638c 388d3e8cfad84cb997c8c0390fe5e2c5 b4a23246d34643f699dd244968cfd18b - - default default] Successfully bumped revision number for resource c1ec9834-2ee0-4269-b10a-2ec9ca4a5821 (type: security_group_rules) to 0
2026-07-27 23:03:01.785 9 INFO neutron.wsgi [req-7c55cc88-6c2e-49a5-8bc1-4cd3aa650b0b req-f91ab1e1-ed01-4d38-9acd-63c0d343e95b d209e96dc3824bc5b996c67d567f9d62 fe4d4b0dbfc74b929c22fb51c35109fc - - 75534254d2f848d6999a7b6b9f59d9ca 75534254d2f848d6999a7b6b9f59d9ca] 199.204.45.138 "GET /v2.0/networks/5298f7cd-1db6-4a65-82ff-33349226d832?fields=provider%3Aphysical_network&fields=provider%3Anetwork_type HTTP/1.1" status: 200 len: 277 time: 0.0737171
2026-07-27 23:03:01.821 9 INFO neutron.db.segments_db [None req-40bce781-4982-4986-91ab-5efb0209638c 388d3e8cfad84cb997c8c0390fe5e2c5 b4a23246d34643f699dd244968cfd18b - - default default] Added segment 373c3e70-4cbc-46d7-97b5-a832b6d01662 of type geneve for network f65304d6-e3ca-491b-82da-434365785f7e
