2026-07-27 23:00:13.109 9 INFO neutron.wsgi [req-0083f59e-04a8-4fed-950f-02148aa2c6ed req-c4af0806-5eec-4ae1-9248-3c6c44cb1a40 1c66eaf8697a401393fee222d66091d6 c568580ba21b43d0bf16b4d5ae9260ce - - default default] 10.0.0.148 "GET /v2.0/ports?device_id=56ca1e42-a05f-4613-9a18-a52d6bcf3d00 HTTP/1.1" status: 200 len: 1170 time: 0.0593848
2026-07-27 23:00:13.137 9 INFO neutron.api.v2.resource [req-c90b7e18-2298-4d07-9cb5-9d5ee4efc117 req-fc0545f4-6725-4ff7-a7d4-a267f399061d 66cb290277ec4a65bdb76abc85c54ec2 a19887ef0b30457ab63166947c485370 - - default default] show failed (client error): The resource could not be found.
2026-07-27 23:00:13.138 9 INFO neutron.wsgi [req-c90b7e18-2298-4d07-9cb5-9d5ee4efc117 req-fc0545f4-6725-4ff7-a7d4-a267f399061d 66cb290277ec4a65bdb76abc85c54ec2 a19887ef0b30457ab63166947c485370 - - default default] 10.0.0.148 "GET /v2.0/security-groups/7a624686-9c68-4f50-af09-be8289fba39a HTTP/1.1" status: 404 len: 352 time: 0.0238585
2026-07-27 23:00:13.165 9 INFO neutron.wsgi [req-0083f59e-04a8-4fed-950f-02148aa2c6ed req-82c7a7fd-730e-47fc-8eb5-3e5b405ea0cf 1c66eaf8697a401393fee222d66091d6 c568580ba21b43d0bf16b4d5ae9260ce - - default default] 10.0.0.148 "GET /v2.0/security-groups?id=d351f08f-6719-4012-a7e2-bf7aa107e01e&fields=id&fields=name HTTP/1.1" status: 200 len: 312 time: 0.0477719
2026-07-27 23:00:13.220 9 INFO neutron.wsgi [req-3a0474a0-ccc0-4d89-9273-f747d776035a req-8d7077a4-9625-41c5-afeb-0c2cc925e7ca 66cb290277ec4a65bdb76abc85c54ec2 a19887ef0b30457ab63166947c485370 - - default default] 10.0.0.148 "GET /v2.0/security-groups/b3962cdf-b42f-487c-9df8-023934ef0697 HTTP/1.1" status: 200 len: 1816 time: 0.0543811
2026-07-27 23:00:13.350 9 INFO neutron.wsgi [req-3a0474a0-ccc0-4d89-9273-f747d776035a req-d466f4c2-3366-4d73-b0ff-624b2926ccde 66cb290277ec4a65bdb76abc85c54ec2 a19887ef0b30457ab63166947c485370 - - default default] 10.0.0.148 "DELETE /v2.0/security-groups/b3962cdf-b42f-487c-9df8-023934ef0697 HTTP/1.1" status: 204 len: 173 time: 0.1236544
2026-07-27 23:00:13.396 9 INFO neutron.api.v2.resource [req-2a5bf40c-c605-4766-86a3-ccb953c34dc2 req-4bb5f73f-7b47-4327-8c73-75776d8891b6 66cb290277ec4a65bdb76abc85c54ec2 a19887ef0b30457ab63166947c485370 - - default default] show failed (client error): The resource could not be found.
2026-07-27 23:00:13.397 9 INFO neutron.wsgi [req-2a5bf40c-c605-4766-86a3-ccb953c34dc2 req-4bb5f73f-7b47-4327-8c73-75776d8891b6 66cb290277ec4a65bdb76abc85c54ec2 a19887ef0b30457ab63166947c485370 - - default default] 10.0.0.148 "GET /v2.0/security-groups/b3962cdf-b42f-487c-9df8-023934ef0697 HTTP/1.1" status: 404 len: 352 time: 0.0155165
2026-07-27 23:00:13.411 10 INFO neutron.services.segments.plugin [-] Segment 517309f6-da65-4f7b-a22e-a2a2025133b6 resource provider aggregate not found
2026-07-27 23:00:13.419 10 INFO neutron.services.segments.plugin [-] Segment 517309f6-da65-4f7b-a22e-a2a2025133b6 resource provider aggregate not found
2026-07-27 23:00:13.434 10 INFO neutron.services.segments.plugin [-] Segment 517309f6-da65-4f7b-a22e-a2a2025133b6 resource provider not found; error: Placement Client Error (4xx): {"errors": [{"status": 404, "title": "Not Found", "detail": "The resource could not be found.\n\n No resource provider with uuid 517309f6-da65-4f7b-a22e-a2a2025133b6 found for delete ", "request_id": "req-799b8ec0-d72f-4e1f-98f4-97b92e75d47a"}]}
2026-07-27 23:00:13.438 10 INFO neutron.db.l3_db [None req-5ca4859d-85dc-4291-9a5e-f9c6b1971694 00c025bca820499b949ce68d5dc0aa58 74af6c00578f48d68f240b3bdcb73bd9 - - default default] Floating IP 7ccb4009-458a-4151-9c7a-b67e4841f709 associated. External IP: 10.96.250.213, port: ad0c4b45-952a-4399-90e5-c3b33b912c6f.
2026-07-27 23:00:13.442 10 INFO neutron.services.segments.plugin [-] Segment 517309f6-da65-4f7b-a22e-a2a2025133b6 resource provider not found; error: Placement Client Error (4xx): {"errors": [{"status": 404, "title": "Not Found", "detail": "The resource could not be found.\n\n No resource provider with uuid 517309f6-da65-4f7b-a22e-a2a2025133b6 found for delete ", "request_id": "req-a16ca7e6-977b-488e-8210-4420cbbb6463"}]}
2026-07-27 23:00:13.479 9 INFO neutron.wsgi [req-7f864ca4-2bf1-4321-8228-2d4b9b250544 req-de880f9b-48ed-4fdb-98c2-78a5c75b901b 66cb290277ec4a65bdb76abc85c54ec2 a19887ef0b30457ab63166947c485370 - - default default] 10.0.0.148 "GET /v2.0/security-groups/122915fc-0e56-4e3d-a5de-d1e16b680eaf HTTP/1.1" status: 200 len: 1818 time: 0.0510826
2026-07-27 23:00:13.496 10 INFO neutron.wsgi [None req-8516ba13-92dc-4876-a8b2-a9e4e4644de6 1bdb6d1c56fb4df4acac7dd5d0b59f48 0fbfa7a401d04bceaab07ee6f3c200ef - - default default] 10.0.0.79 "DELETE /v2.0/networks/4b5b63c2-c17d-49a7-80ae-05bdea537251 HTTP/1.1" status: 204 len: 168 time: 0.8774340
2026-07-27 23:00:13.669 9 INFO neutron.wsgi [req-7f864ca4-2bf1-4321-8228-2d4b9b250544 req-bcdd05b3-896d-462f-80ad-9a0b14bfcc81 66cb290277ec4a65bdb76abc85c54ec2 a19887ef0b30457ab63166947c485370 - - default default] 10.0.0.148 "DELETE /v2.0/security-groups/122915fc-0e56-4e3d-a5de-d1e16b680eaf HTTP/1.1" status: 204 len: 173 time: 0.1825378
2026-07-27 23:00:13.707 9 INFO neutron.api.v2.resource [req-e781294c-1be0-4557-adea-07cf46955faf req-7d578274-74b9-4a80-a466-4f77f14eb782 66cb290277ec4a65bdb76abc85c54ec2 a19887ef0b30457ab63166947c485370 - - default default] show failed (client error): The resource could not be found.
2026-07-27 23:00:13.708 9 INFO neutron.wsgi [req-e781294c-1be0-4557-adea-07cf46955faf req-7d578274-74b9-4a80-a466-4f77f14eb782 66cb290277ec4a65bdb76abc85c54ec2 a19887ef0b30457ab63166947c485370 - - default default] 10.0.0.148 "GET /v2.0/security-groups/122915fc-0e56-4e3d-a5de-d1e16b680eaf HTTP/1.1" status: 404 len: 352 time: 0.0175395
2026-07-27 23:00:13.734 10 INFO neutron.db.ovn_revision_numbers_db [None req-5ca4859d-85dc-4291-9a5e-f9c6b1971694 00c025bca820499b949ce68d5dc0aa58 74af6c00578f48d68f240b3bdcb73bd9 - - default default] Successfully bumped revision number for resource 7ccb4009-458a-4151-9c7a-b67e4841f709 (type: floatingips) to 1
2026-07-27 23:00:13.740 10 INFO neutron.wsgi [None req-5d8ed39f-9864-4ad4-bcc8-fb5206ac16cb 1bdb6d1c56fb4df4acac7dd5d0b59f48 0fbfa7a401d04bceaab07ee6f3c200ef - - default default] 10.0.0.79 "GET /v2.0/security-groups?tenant_id=a982d756f1aa4192895863ab96969189&name=default HTTP/1.1" status: 200 len: 2992 time: 0.0464332
2026-07-27 23:00:13.783 9 INFO neutron.wsgi [req-2ccc34f7-411e-4a76-bd4d-5c99e2287fd7 req-550a49eb-e6c6-4339-871b-3b4f6d46950f 66cb290277ec4a65bdb76abc85c54ec2 a19887ef0b30457ab63166947c485370 - - default default] 10.0.0.148 "GET /v2.0/security-groups?tenant_id=a19887ef0b30457ab63166947c485370 HTTP/1.1" status: 200 len: 3001 time: 0.0429883
2026-07-27 23:00:13.842 9 INFO neutron.wsgi [req-2ccc34f7-411e-4a76-bd4d-5c99e2287fd7 req-92d33c3f-c2c7-4a75-98c8-3627631cc7a0 66cb290277ec4a65bdb76abc85c54ec2 a19887ef0b30457ab63166947c485370 - - default default] 10.0.0.148 "GET /v2.0/security-groups/6d5f553a-6174-45a1-9c71-909153af9a7a HTTP/1.1" status: 200 len: 2998 time: 0.0480733
2026-07-27 23:00:13.858 10 INFO neutron.db.ovn_revision_numbers_db [None req-5ca4859d-85dc-4291-9a5e-f9c6b1971694 00c025bca820499b949ce68d5dc0aa58 74af6c00578f48d68f240b3bdcb73bd9 - - default default] Successfully bumped revision number for resource 7ccb4009-458a-4151-9c7a-b67e4841f709 (type: floatingips) to 2
2026-07-27 23:00:13.885 10 INFO neutron.wsgi [None req-5ca4859d-85dc-4291-9a5e-f9c6b1971694 00c025bca820499b949ce68d5dc0aa58 74af6c00578f48d68f240b3bdcb73bd9 - - default default] 10.0.0.79 "PUT /v2.0/floatingips/7ccb4009-458a-4151-9c7a-b67e4841f709 HTTP/1.1" status: 200 len: 1049 time: 1.0670750
2026-07-27 23:00:13.900 9 INFO neutron.wsgi [req-2ccc34f7-411e-4a76-bd4d-5c99e2287fd7 req-782daf3b-35c9-4bfb-a684-aa21ad1d9341 66cb290277ec4a65bdb76abc85c54ec2 a19887ef0b30457ab63166947c485370 - - default default] 10.0.0.148 "GET /v2.0/security-groups/6d5f553a-6174-45a1-9c71-909153af9a7a HTTP/1.1" status: 200 len: 2998 time: 0.0490022
2026-07-27 23:00:13.949 10 INFO neutron.notifiers.nova [-] Nova event matching ['req-a58d11e1-40f0-46c2-b38f-b239751c23fb'] response: {'name': 'network-changed', 'server_uuid': '3c6b7e91-6798-4df4-98ba-6ea17ca0c42e', 'tag': 'ad0c4b45-952a-4399-90e5-c3b33b912c6f', 'status': 'completed', 'code': 200}
2026-07-27 23:00:13.981 9 INFO neutron.api.v2.resource [req-6f551735-a869-40eb-bdad-f1624a71706e req-55993029-62ab-47e4-bb95-b881375bb113 66cb290277ec4a65bdb76abc85c54ec2 a19887ef0b30457ab63166947c485370 - - default default] show failed (client error): The resource could not be found.
2026-07-27 23:00:13.983 9 INFO neutron.wsgi [req-6f551735-a869-40eb-bdad-f1624a71706e req-55993029-62ab-47e4-bb95-b881375bb113 66cb290277ec4a65bdb76abc85c54ec2 a19887ef0b30457ab63166947c485370 - - default default] 10.0.0.148 "GET /v2.0/security-groups/122915fc-0e56-4e3d-a5de-d1e16b680eaf HTTP/1.1" status: 404 len: 352 time: 0.0244210
2026-07-27 23:00:14.013 9 INFO neutron.wsgi [req-10adba65-af93-4b6a-9e07-dfc7cb22d6c0 req-d881b3fc-38bb-4cfb-8a4d-08131465eaef 00c025bca820499b949ce68d5dc0aa58 74af6c00578f48d68f240b3bdcb73bd9 - - default default] 10.0.0.148 "GET /v2.0/ports?device_id=3c6b7e91-6798-4df4-98ba-6ea17ca0c42e HTTP/1.1" status: 200 len: 1170 time: 0.0678277
2026-07-27 23:00:14.050 9 INFO neutron.api.v2.resource [req-7ec60af9-5db0-470d-86c4-8dd45d763315 req-9b853110-1a0f-4657-839a-c225bf95b050 66cb290277ec4a65bdb76abc85c54ec2 a19887ef0b30457ab63166947c485370 - - default default] show failed (client error): The resource could not be found.
2026-07-27 23:00:14.052 9 INFO neutron.wsgi [req-7ec60af9-5db0-470d-86c4-8dd45d763315 req-9b853110-1a0f-4657-839a-c225bf95b050 66cb290277ec4a65bdb76abc85c54ec2 a19887ef0b30457ab63166947c485370 - - default default] 10.0.0.148 "GET /v2.0/security-groups/b3962cdf-b42f-487c-9df8-023934ef0697 HTTP/1.1" status: 404 len: 352 time: 0.0355875
2026-07-27 23:00:14.055 9 INFO neutron.wsgi [req-8d0324c3-81c6-4144-bb02-859fa3ff7c4d req-6ea15660-5620-46e5-998c-f4907587f551 d209e96dc3824bc5b996c67d567f9d62 fe4d4b0dbfc74b929c22fb51c35109fc - - 75534254d2f848d6999a7b6b9f59d9ca 75534254d2f848d6999a7b6b9f59d9ca] 199.204.45.138 "GET /v2.0/ports?tenant_id=74af6c00578f48d68f240b3bdcb73bd9&device_id=3c6b7e91-6798-4df4-98ba-6ea17ca0c42e HTTP/1.1" status: 200 len: 1409 time: 0.0759864
2026-07-27 23:00:14.095 9 INFO neutron.wsgi [req-10adba65-af93-4b6a-9e07-dfc7cb22d6c0 req-f36a6e90-a2e7-4649-b5f4-71ef7eeff4a6 00c025bca820499b949ce68d5dc0aa58 74af6c00578f48d68f240b3bdcb73bd9 - - default default] 10.0.0.148 "GET /v2.0/security-groups?id=38e3a5a9-48cc-44ba-89f4-9c5745b0bcd5&fields=id&fields=name HTTP/1.1" status: 200 len: 313 time: 0.0662451
2026-07-27 23:00:14.099 9 INFO neutron.notifiers.nova [-] Nova event matching ['req-e20ff38e-a453-4745-98f4-91d375398c6c'] response: {'server_uuid': '3c6b7e91-6798-4df4-98ba-6ea17ca0c42e', 'name': 'network-vif-plugged', 'status': 'completed', 'tag': 'ad0c4b45-952a-4399-90e5-c3b33b912c6f', 'code': 200}
2026-07-27 23:00:14.100 9 INFO neutron.notifiers.nova [-] Nova event matching ['req-e20ff38e-a453-4745-98f4-91d375398c6c'] response: {'server_uuid': '56ca1e42-a05f-4613-9a18-a52d6bcf3d00', 'name': 'network-vif-plugged', 'status': 'completed', 'tag': '39c26280-1414-4e9a-b99e-84486e02e6d3', 'code': 200}
2026-07-27 23:00:14.100 9 INFO neutron.notifiers.nova [-] Nova event matching ['req-e20ff38e-a453-4745-98f4-91d375398c6c'] response: {'server_uuid': '56ca1e42-a05f-4613-9a18-a52d6bcf3d00', 'name': 'network-vif-plugged', 'status': 'completed', 'tag': '39c26280-1414-4e9a-b99e-84486e02e6d3', 'code': 200}
2026-07-27 23:00:14.138 9 INFO neutron.api.v2.resource [req-5f2d6db5-ff9f-4a0a-8666-3b79a125953a req-70694985-1bbc-462f-9276-5eda0e6fd3f1 66cb290277ec4a65bdb76abc85c54ec2 a19887ef0b30457ab63166947c485370 - - default default] show failed (client error): The resource could not be found.
2026-07-27 23:00:14.139 9 INFO neutron.wsgi [req-5f2d6db5-ff9f-4a0a-8666-3b79a125953a req-70694985-1bbc-462f-9276-5eda0e6fd3f1 66cb290277ec4a65bdb76abc85c54ec2 a19887ef0b30457ab63166947c485370 - - default default] 10.0.0.148 "GET /v2.0/security-groups/7a624686-9c68-4f50-af09-be8289fba39a HTTP/1.1" status: 404 len: 352 time: 0.0207336
2026-07-27 23:00:14.152 9 INFO neutron.wsgi [None req-c0ba2f16-a7fb-4bd2-b0a2-f22d450baa8e 1bdb6d1c56fb4df4acac7dd5d0b59f48 0fbfa7a401d04bceaab07ee6f3c200ef - - default default] 10.0.0.79 "DELETE /v2.0/security-groups/e633921b-1a83-4316-b055-02b561ba29b5 HTTP/1.1" status: 204 len: 168 time: 0.4049473
2026-07-27 23:00:14.169 9 INFO neutron.wsgi [req-8d0324c3-81c6-4144-bb02-859fa3ff7c4d req-329b4cb3-87f3-4b87-b4e7-e62639f3046f d209e96dc3824bc5b996c67d567f9d62 fe4d4b0dbfc74b929c22fb51c35109fc - - 75534254d2f848d6999a7b6b9f59d9ca 75534254d2f848d6999a7b6b9f59d9ca] 199.204.45.138 "GET /v2.0/networks?id=480aaf4e-e3a8-47a6-98e4-f7bdce249cdf HTTP/1.1" status: 200 len: 982 time: 0.1073613
2026-07-27 23:00:14.251 9 INFO neutron.wsgi [req-8d0324c3-81c6-4144-bb02-859fa3ff7c4d req-d9a36a5e-c4e2-4414-a733-51d5940dcbff d209e96dc3824bc5b996c67d567f9d62 fe4d4b0dbfc74b929c22fb51c35109fc - - 75534254d2f848d6999a7b6b9f59d9ca 75534254d2f848d6999a7b6b9f59d9ca] 199.204.45.138 "GET /v2.0/floatingips?fixed_ip_address=10.100.0.5&port_id=ad0c4b45-952a-4399-90e5-c3b33b912c6f HTTP/1.1" status: 200 len: 1059 time: 0.0759554
2026-07-27 23:00:14.317 9 INFO neutron.wsgi [req-e916ceef-dee6-40e8-b3e8-792e0269fadd req-f9e49a0d-46d3-463f-81a5-6fddee17c15b 1c66eaf8697a401393fee222d66091d6 c568580ba21b43d0bf16b4d5ae9260ce - - default default] 10.0.0.148 "GET /v2.0/ports?device_id=56ca1e42-a05f-4613-9a18-a52d6bcf3d00 HTTP/1.1" status: 200 len: 1170 time: 0.0640128
2026-07-27 23:00:14.320 9 INFO neutron.wsgi [req-8d0324c3-81c6-4144-bb02-859fa3ff7c4d req-844f9ced-017c-4379-a678-d92ed08513ae d209e96dc3824bc5b996c67d567f9d62 fe4d4b0dbfc74b929c22fb51c35109fc - - 75534254d2f848d6999a7b6b9f59d9ca 75534254d2f848d6999a7b6b9f59d9ca] 199.204.45.138 "GET /v2.0/subnets?id=4f0779c4-9f51-4f5a-bcf1-048fabd4b757 HTTP/1.1" status: 200 len: 877 time: 0.0566123
2026-07-27 23:00:14.375 9 INFO neutron.wsgi [req-8d0324c3-81c6-4144-bb02-859fa3ff7c4d req-39a35df5-4f0c-4bec-b0bf-cb5bedbbad07 d209e96dc3824bc5b996c67d567f9d62 fe4d4b0dbfc74b929c22fb51c35109fc - - 75534254d2f848d6999a7b6b9f59d9ca 75534254d2f848d6999a7b6b9f59d9ca] 199.204.45.138 "GET /v2.0/ports?network_id=480aaf4e-e3a8-47a6-98e4-f7bdce249cdf&device_owner=network%3Adhcp HTTP/1.1" status: 200 len: 210 time: 0.0471809
2026-07-27 23:00:14.391 9 INFO neutron.wsgi [req-e916ceef-dee6-40e8-b3e8-792e0269fadd req-b028195b-e6c6-4d86-9283-729c11db46b9 1c66eaf8697a401393fee222d66091d6 c568580ba21b43d0bf16b4d5ae9260ce - - default default] 10.0.0.148 "GET /v2.0/security-groups?id=d351f08f-6719-4012-a7e2-bf7aa107e01e&fields=id&fields=name HTTP/1.1" status: 200 len: 312 time: 0.0688069
2026-07-27 23:00:14.493 9 INFO neutron.wsgi [req-8d0324c3-81c6-4144-bb02-859fa3ff7c4d req-c74fe288-fa10-41d2-b4f4-5afa580fa920 d209e96dc3824bc5b996c67d567f9d62 fe4d4b0dbfc74b929c22fb51c35109fc - - 75534254d2f848d6999a7b6b9f59d9ca 75534254d2f848d6999a7b6b9f59d9ca] 199.204.45.138 "GET /v2.0/networks/480aaf4e-e3a8-47a6-98e4-f7bdce249cdf?fields=segments HTTP/1.1" status: 200 len: 212 time: 0.1134617
2026-07-27 23:00:14.588 9 INFO neutron.wsgi [req-8d0324c3-81c6-4144-bb02-859fa3ff7c4d req-9e6c0ca5-73a9-423c-8d15-aa7094de592f d209e96dc3824bc5b996c67d567f9d62 fe4d4b0dbfc74b929c22fb51c35109fc - - 75534254d2f848d6999a7b6b9f59d9ca 75534254d2f848d6999a7b6b9f59d9ca] 199.204.45.138 "GET /v2.0/networks/480aaf4e-e3a8-47a6-98e4-f7bdce249cdf?fields=provider%3Aphysical_network&fields=provider%3Anetwork_type HTTP/1.1" status: 200 len: 277 time: 0.0862186
2026-07-27 23:00:15.038 10 WARNING neutron.plugins.ml2.drivers.ovn.mech_driver.ovsdb.ovn_client [None req-ecdc94dd-4d56-43b7-b2f3-ca67427ed8e7 - - - - - -] No port found with ID e229e8af-c5dd-492d-984b-60c2417d93d6: RuntimeError: No port found with ID e229e8af-c5dd-492d-984b-60c2417d93d6
2026-07-27 23:00:15.597 9 INFO neutron.wsgi [req-7a3bd7e6-3dd3-403b-ab53-cfd0e1c5d397 req-a8482c37-ab07-406d-b6e4-dd2352b544f8 1c66eaf8697a401393fee222d66091d6 c568580ba21b43d0bf16b4d5ae9260ce - - default default] 10.0.0.148 "GET /v2.0/ports?device_id=56ca1e42-a05f-4613-9a18-a52d6bcf3d00 HTTP/1.1" status: 200 len: 1170 time: 0.1118999
2026-07-27 23:00:15.651 9 INFO neutron.wsgi [req-7a3bd7e6-3dd3-403b-ab53-cfd0e1c5d397 req-7923b6dc-2361-4093-bada-1c5bdadc6677 1c66eaf8697a401393fee222d66091d6 c568580ba21b43d0bf16b4d5ae9260ce - - default default] 10.0.0.148 "GET /v2.0/security-groups?id=d351f08f-6719-4012-a7e2-bf7aa107e01e&fields=id&fields=name HTTP/1.1" status: 200 len: 312 time: 0.0447462
2026-07-27 23:00:15.791 10 INFO neutron.wsgi [None req-ecf7222e-115d-467c-9206-aa5973152051 1bdb6d1c56fb4df4acac7dd5d0b59f48 0fbfa7a401d04bceaab07ee6f3c200ef - - default default] 10.0.0.79 "PUT /v2.0/routers/45393e46-ccf4-46c3-a295-91c3fbb182f1/remove_router_interface HTTP/1.1" status: 200 len: 503 time: 1.6370158 /var/lib/openstack/lib/python3.10/site-packages/pycadf/identifier.py:71: UserWarning: Invalid uuid: neutron. To ensure interoperability, identifiers should be a valid uuid. warnings.warn(('Invalid uuid: %s. To ensure interoperability, '
2026-07-27 23:00:15.805 9 INFO neutron.wsgi [req-bb5ece27-c273-49e6-9c6e-9796407c85d9 req-9c15b398-fcec-4d25-81a3-b96d9ddcc081 1c66eaf8697a401393fee222d66091d6 c568580ba21b43d0bf16b4d5ae9260ce - - default default] 10.0.0.148 "GET /v2.0/ports?device_id=56ca1e42-a05f-4613-9a18-a52d6bcf3d00 HTTP/1.1" status: 200 len: 1170 time: 0.0620973
2026-07-27 23:00:16.079 9 INFO neutron.db.l3_db [None req-d2ef9091-ae49-45bf-b53e-b6ef5686d945 1c66eaf8697a401393fee222d66091d6 c568580ba21b43d0bf16b4d5ae9260ce - - default default] Floating IP d981b8a2-fe99-4f63-95a6-0a5e21015963 associated. External IP: 10.96.250.211, port: 39c26280-1414-4e9a-b99e-84486e02e6d3.
2026-07-27 23:00:16.305 15 INFO neutron.plugins.ml2.drivers.ovn.mech_driver.ovsdb.maintenance [None req-917cf6d7-bd84-47ff-a898-edcc5f0a6c82 - - - - - -] Maintenance task: Synchronization finished (took 0.98 seconds)
2026-07-27 23:00:16.325 9 INFO neutron.db.ovn_revision_numbers_db [None req-d2ef9091-ae49-45bf-b53e-b6ef5686d945 1c66eaf8697a401393fee222d66091d6 c568580ba21b43d0bf16b4d5ae9260ce - - default default] Successfully bumped revision number for resource d981b8a2-fe99-4f63-95a6-0a5e21015963 (type: floatingips) to 1
2026-07-27 23:00:16.486 9 INFO neutron.db.ovn_revision_numbers_db [None req-d2ef9091-ae49-45bf-b53e-b6ef5686d945 1c66eaf8697a401393fee222d66091d6 c568580ba21b43d0bf16b4d5ae9260ce - - default default] Successfully bumped revision number for resource d981b8a2-fe99-4f63-95a6-0a5e21015963 (type: floatingips) to 2
2026-07-27 23:00:16.514 9 INFO neutron.wsgi [None req-d2ef9091-ae49-45bf-b53e-b6ef5686d945 1c66eaf8697a401393fee222d66091d6 c568580ba21b43d0bf16b4d5ae9260ce - - default default] 10.0.0.79 "PUT /v2.0/floatingips/d981b8a2-fe99-4f63-95a6-0a5e21015963 HTTP/1.1" status: 200 len: 1049 time: 0.6902640
2026-07-27 23:00:16.557 9 INFO neutron.notifiers.nova [-] Nova event matching ['req-2f6a6dc6-34ff-4859-aaa2-d402a51cdb8c'] response: {'name': 'network-changed', 'server_uuid': '56ca1e42-a05f-4613-9a18-a52d6bcf3d00', 'tag': '39c26280-1414-4e9a-b99e-84486e02e6d3', 'status': 'completed', 'code': 200}
2026-07-27 23:00:16.577 10 INFO neutron.wsgi [None req-ec4d7f4a-ff86-46d1-908a-ff21b28ab7e7 1bdb6d1c56fb4df4acac7dd5d0b59f48 0fbfa7a401d04bceaab07ee6f3c200ef - - default default] 10.0.0.79 "DELETE /v2.0/routers/45393e46-ccf4-46c3-a295-91c3fbb182f1 HTTP/1.1" status: 204 len: 168 time: 0.7786405 /var/lib/openstack/lib/python3.10/site-packages/pycadf/identifier.py:71: UserWarning: Invalid uuid: neutron. To ensure interoperability, identifiers should be a valid uuid. warnings.warn(('Invalid uuid: %s. To ensure interoperability, '
2026-07-27 23:00:16.614 9 INFO neutron.wsgi [req-c3b11a0e-befe-415b-9339-264dd2c582ff req-dee37512-9cb4-4776-a8e8-7fb7900a41c7 1c66eaf8697a401393fee222d66091d6 c568580ba21b43d0bf16b4d5ae9260ce - - default default] 10.0.0.148 "GET /v2.0/ports?device_id=56ca1e42-a05f-4613-9a18-a52d6bcf3d00 HTTP/1.1" status: 200 len: 1170 time: 0.0482845
2026-07-27 23:00:16.625 9 INFO neutron.wsgi [req-9845579e-e971-4496-bfce-5d0c8dff81d7 req-4a0c228f-2d10-480c-98a7-ce84073ec8c7 d209e96dc3824bc5b996c67d567f9d62 fe4d4b0dbfc74b929c22fb51c35109fc - - 75534254d2f848d6999a7b6b9f59d9ca 75534254d2f848d6999a7b6b9f59d9ca] 199.204.45.138 "GET /v2.0/ports?tenant_id=c568580ba21b43d0bf16b4d5ae9260ce&device_id=56ca1e42-a05f-4613-9a18-a52d6bcf3d00 HTTP/1.1" status: 200 len: 1409 time: 0.0457373
2026-07-27 23:00:16.694 9 INFO neutron.wsgi [req-c3b11a0e-befe-415b-9339-264dd2c582ff req-718597fa-dc80-4d62-86c3-878d953751a7 1c66eaf8697a401393fee222d66091d6 c568580ba21b43d0bf16b4d5ae9260ce - - default default] 10.0.0.148 "GET /v2.0/security-groups?id=d351f08f-6719-4012-a7e2-bf7aa107e01e&fields=id&fields=name HTTP/1.1" status: 200 len: 312 time: 0.0706341
2026-07-27 23:00:16.722 9 INFO neutron.wsgi [req-9845579e-e971-4496-bfce-5d0c8dff81d7 req-d0db45b5-5c4b-42aa-95bc-a58bbb756fbf d209e96dc3824bc5b996c67d567f9d62 fe4d4b0dbfc74b929c22fb51c35109fc - - 75534254d2f848d6999a7b6b9f59d9ca 75534254d2f848d6999a7b6b9f59d9ca] 199.204.45.138 "GET /v2.0/networks?id=e22bcf8e-46d2-41cc-8953-5ae6feaaa4ec HTTP/1.1" status: 200 len: 967 time: 0.0897593
2026-07-27 23:00:16.773 9 INFO neutron.wsgi [req-9845579e-e971-4496-bfce-5d0c8dff81d7 req-79f6c930-8ecd-4448-9858-25844bcab99d d209e96dc3824bc5b996c67d567f9d62 fe4d4b0dbfc74b929c22fb51c35109fc - - 75534254d2f848d6999a7b6b9f59d9ca 75534254d2f848d6999a7b6b9f59d9ca] 199.204.45.138 "GET /v2.0/floatingips?fixed_ip_address=10.100.0.8&port_id=39c26280-1414-4e9a-b99e-84486e02e6d3 HTTP/1.1" status: 200 len: 1059 time: 0.0449026
2026-07-27 23:00:16.809 9 INFO neutron.wsgi [req-9845579e-e971-4496-bfce-5d0c8dff81d7 req-181db60f-ea3b-4eed-8e68-72acb8be5046 d209e96dc3824bc5b996c67d567f9d62 fe4d4b0dbfc74b929c22fb51c35109fc - - 75534254d2f848d6999a7b6b9f59d9ca 75534254d2f848d6999a7b6b9f59d9ca] 199.204.45.138 "GET /v2.0/subnets?id=119ca240-d972-46a1-aff8-d374a82f4773 HTTP/1.1" status: 200 len: 862 time: 0.0301108
2026-07-27 23:00:16.816 10 INFO neutron.wsgi [None req-4ba7d7b7-bdd6-47c9-af7e-0bb5e94221a4 1bdb6d1c56fb4df4acac7dd5d0b59f48 0fbfa7a401d04bceaab07ee6f3c200ef - - default default] 10.0.0.79 "DELETE /v2.0/subnets/30587df3-3911-4e96-8fa2-1c3444de3010 HTTP/1.1" status: 204 len: 168 time: 0.2335367
2026-07-27 23:00:16.837 9 INFO neutron.wsgi [req-9845579e-e971-4496-bfce-5d0c8dff81d7 req-162a5a18-898d-45d1-b5d6-7d5efa11f0ed d209e96dc3824bc5b996c67d567f9d62 fe4d4b0dbfc74b929c22fb51c35109fc - - 75534254d2f848d6999a7b6b9f59d9ca 75534254d2f848d6999a7b6b9f59d9ca] 199.204.45.138 "GET /v2.0/ports?network_id=e22bcf8e-46d2-41cc-8953-5ae6feaaa4ec&device_owner=network%3Adhcp HTTP/1.1" status: 200 len: 210 time: 0.0219963
2026-07-27 23:00:16.921 9 INFO neutron.wsgi [req-9845579e-e971-4496-bfce-5d0c8dff81d7 req-54cf8342-70a7-47d2-8dc7-be617eaaf352 d209e96dc3824bc5b996c67d567f9d62 fe4d4b0dbfc74b929c22fb51c35109fc - - 75534254d2f848d6999a7b6b9f59d9ca 75534254d2f848d6999a7b6b9f59d9ca] 199.204.45.138 "GET /v2.0/networks/e22bcf8e-46d2-41cc-8953-5ae6feaaa4ec?fields=segments HTTP/1.1" status: 200 len: 212 time: 0.0734966
2026-07-27 23:00:16.998 9 INFO neutron.wsgi [req-9845579e-e971-4496-bfce-5d0c8dff81d7 req-737d382e-0885-428f-b807-419fea285265 d209e96dc3824bc5b996c67d567f9d62 fe4d4b0dbfc74b929c22fb51c35109fc - - 75534254d2f848d6999a7b6b9f59d9ca 75534254d2f848d6999a7b6b9f59d9ca] 199.204.45.138 "GET /v2.0/networks/e22bcf8e-46d2-41cc-8953-5ae6feaaa4ec?fields=provider%3Aphysical_network&fields=provider%3Anetwork_type HTTP/1.1" status: 200 len: 277 time: 0.0706098
2026-07-27 23:00:17.114 9 INFO neutron.plugins.ml2.drivers.ovn.mech_driver.mech_driver [None req-0748c09a-3db5-40cc-8c37-da8d8509ab02 - - - - - -] OVN reports status down for port: 39c26280-1414-4e9a-b99e-84486e02e6d3
2026-07-27 23:00:17.139 9 INFO neutron.wsgi [req-c81f661e-9a88-4ed4-badf-7d7132e925f0 req-4766f9ac-ce7d-4b35-a173-6b77ce7280f1 1c66eaf8697a401393fee222d66091d6 c568580ba21b43d0bf16b4d5ae9260ce - - default default] 10.0.0.148 "GET /v2.0/ports?device_id=56ca1e42-a05f-4613-9a18-a52d6bcf3d00 HTTP/1.1" status: 200 len: 1170 time: 0.0636125
2026-07-27 23:00:17.193 9 INFO neutron.wsgi [req-c81f661e-9a88-4ed4-badf-7d7132e925f0 req-0ac06e0a-6ff5-49e3-83ae-acf4b9111580 1c66eaf8697a401393fee222d66091d6 c568580ba21b43d0bf16b4d5ae9260ce - - default default] 10.0.0.148 "GET /v2.0/security-groups?id=d351f08f-6719-4012-a7e2-bf7aa107e01e&fields=id&fields=name HTTP/1.1" status: 200 len: 312 time: 0.0459471
2026-07-27 23:00:17.307 10 INFO neutron.services.segments.plugin [-] Segment 35383382-5dd6-4f9a-884f-7026d7153a97 resource provider aggregate not found
2026-07-27 23:00:17.313 10 INFO neutron.services.segments.plugin [-] Segment 35383382-5dd6-4f9a-884f-7026d7153a97 resource provider aggregate not found
2026-07-27 23:00:17.334 10 INFO neutron.services.segments.plugin [-] Segment 35383382-5dd6-4f9a-884f-7026d7153a97 resource provider not found; error: Placement Client Error (4xx): {"errors": [{"status": 404, "title": "Not Found", "detail": "The resource could not be found.\n\n No resource provider with uuid 35383382-5dd6-4f9a-884f-7026d7153a97 found for delete ", "request_id": "req-39a2c9ea-ab5a-4f24-897a-f4ce18981345"}]}
2026-07-27 23:00:17.343 10 INFO neutron.services.segments.plugin [-] Segment 35383382-5dd6-4f9a-884f-7026d7153a97 resource provider not found; error: Placement Client Error (4xx): {"errors": [{"status": 404, "title": "Not Found", "detail": "The resource could not be found.\n\n No resource provider with uuid 35383382-5dd6-4f9a-884f-7026d7153a97 found for delete ", "request_id": "req-19e71925-683f-4983-8e45-0e96398f142d"}]}
2026-07-27 23:00:17.379 10 INFO neutron.wsgi [None req-9d5fd08a-e83a-43c2-b94c-45c1287cc407 1bdb6d1c56fb4df4acac7dd5d0b59f48 0fbfa7a401d04bceaab07ee6f3c200ef - - default default] 10.0.0.79 "DELETE /v2.0/networks/24c0c7b0-d137-45d9-ba26-0607c17a382f HTTP/1.1" status: 204 len: 168 time: 0.5568099
2026-07-27 23:00:17.479 9 INFO neutron.wsgi [req-02f2cb25-6827-4d9b-a62d-0dd411349d9d req-0b4512e1-d46d-4f74-823c-a879824449e8 1c66eaf8697a401393fee222d66091d6 c568580ba21b43d0bf16b4d5ae9260ce - - default default] 199.204.45.138 "GET /v2.0/ports?device_id=56ca1e42-a05f-4613-9a18-a52d6bcf3d00 HTTP/1.1" status: 200 len: 1168 time: 0.0610902
2026-07-27 23:00:17.550 9 INFO neutron.db.ovn_revision_numbers_db [None req-0748c09a-3db5-40cc-8c37-da8d8509ab02 - - - - - -] Successfully bumped revision number for resource 39c26280-1414-4e9a-b99e-84486e02e6d3 (type: ports) to 5
2026-07-27 23:00:17.694 10 INFO neutron.wsgi [None req-dafff863-c54a-4b20-974c-14e77417c56b 1bdb6d1c56fb4df4acac7dd5d0b59f48 0fbfa7a401d04bceaab07ee6f3c200ef - - default default] 10.0.0.79 "GET /v2.0/security-groups?tenant_id=a19887ef0b30457ab63166947c485370&name=default HTTP/1.1" status: 200 len: 2996 time: 0.0563247 /var/lib/openstack/lib/python3.10/site-packages/pycadf/identifier.py:71: UserWarning: Invalid uuid: neutron. To ensure interoperability, identifiers should be a valid uuid. warnings.warn(('Invalid uuid: %s. To ensure interoperability, '
2026-07-27 23:00:18.119 9 INFO neutron.db.l3_db [req-02f2cb25-6827-4d9b-a62d-0dd411349d9d req-681c247f-50e3-4ed9-914a-a8c03389d09d 1c66eaf8697a401393fee222d66091d6 c568580ba21b43d0bf16b4d5ae9260ce - - default default] Floating IP d981b8a2-fe99-4f63-95a6-0a5e21015963 disassociated. External IP: 10.96.250.211, port: 39c26280-1414-4e9a-b99e-84486e02e6d3.
2026-07-27 23:00:18.276 9 INFO neutron.wsgi [None req-37d621c4-f30b-45f1-875b-9ca9695408ef 1bdb6d1c56fb4df4acac7dd5d0b59f48 0fbfa7a401d04bceaab07ee6f3c200ef - - default default] 10.0.0.79 "DELETE /v2.0/security-groups/6d5f553a-6174-45a1-9c71-909153af9a7a HTTP/1.1" status: 204 len: 168 time: 0.5759730
2026-07-27 23:00:18.288 9 INFO neutron.wsgi [req-ecab555d-c634-4c09-a7cb-ee274c454145 req-dce6233c-d2bb-4f1f-b844-885ebbcdf1a7 1c66eaf8697a401393fee222d66091d6 c568580ba21b43d0bf16b4d5ae9260ce - - default default] 10.0.0.148 "GET /v2.0/ports?device_id=56ca1e42-a05f-4613-9a18-a52d6bcf3d00 HTTP/1.1" status: 200 len: 210 time: 0.0253842
2026-07-27 23:00:18.326 9 INFO neutron.wsgi [req-02f2cb25-6827-4d9b-a62d-0dd411349d9d req-681c247f-50e3-4ed9-914a-a8c03389d09d 1c66eaf8697a401393fee222d66091d6 c568580ba21b43d0bf16b4d5ae9260ce - - default default] 199.204.45.138 "DELETE /v2.0/ports/39c26280-1414-4e9a-b99e-84486e02e6d3 HTTP/1.1" status: 204 len: 173 time: 0.8388293
2026-07-27 23:00:18.602 9 INFO neutron.notifiers.nova [-] Nova event matching ['req-7d7ab2dd-3eed-484b-8033-d02bb8363a30'] response: {'server_uuid': '56ca1e42-a05f-4613-9a18-a52d6bcf3d00', 'name': 'network-vif-unplugged', 'status': 'completed', 'tag': '39c26280-1414-4e9a-b99e-84486e02e6d3', 'code': 200}
2026-07-27 23:00:18.602 9 INFO neutron.notifiers.nova [-] Nova event matching ['req-7d7ab2dd-3eed-484b-8033-d02bb8363a30'] response: {'server_uuid': '56ca1e42-a05f-4613-9a18-a52d6bcf3d00', 'name': 'network-vif-plugged', 'status': 'completed', 'tag': '39c26280-1414-4e9a-b99e-84486e02e6d3', 'code': 200}
2026-07-27 23:00:18.602 9 INFO neutron.notifiers.nova [-] Nova event matching ['req-7d7ab2dd-3eed-484b-8033-d02bb8363a30'] response: {'server_uuid': '56ca1e42-a05f-4613-9a18-a52d6bcf3d00', 'name': 'network-vif-deleted', 'tag': '39c26280-1414-4e9a-b99e-84486e02e6d3', 'status': 'completed', 'code': 200} /var/lib/openstack/lib/python3.10/site-packages/pycadf/identifier.py:71: UserWarning: Invalid uuid: neutron. To ensure interoperability, identifiers should be a valid uuid. warnings.warn(('Invalid uuid: %s. To ensure interoperability, '
2026-07-27 23:00:19.575 10 INFO neutron.wsgi [None req-fcf361bb-052b-4859-bf15-e0ba0aa2e6c4 1c66eaf8697a401393fee222d66091d6 c568580ba21b43d0bf16b4d5ae9260ce - - default default] 10.0.0.79 "DELETE /v2.0/security-groups/d351f08f-6719-4012-a7e2-bf7aa107e01e HTTP/1.1" status: 204 len: 168 time: 0.1735001
2026-07-27 23:00:19.599 10 INFO neutron.api.v2.resource [None req-46de4462-80da-4c9b-aece-757872b46f9c 1c66eaf8697a401393fee222d66091d6 c568580ba21b43d0bf16b4d5ae9260ce - - default default] show failed (client error): The resource could not be found.
2026-07-27 23:00:19.600 10 INFO neutron.wsgi [None req-46de4462-80da-4c9b-aece-757872b46f9c 1c66eaf8697a401393fee222d66091d6 c568580ba21b43d0bf16b4d5ae9260ce - - default default] 10.0.0.79 "GET /v2.0/security-groups/d351f08f-6719-4012-a7e2-bf7aa107e01e HTTP/1.1" status: 404 len: 347 time: 0.0167296
2026-07-27 23:00:19.945 10 INFO neutron.wsgi [None req-130cf1c8-6d9d-4733-b5af-d555c2956159 1c66eaf8697a401393fee222d66091d6 c568580ba21b43d0bf16b4d5ae9260ce - - default default] 10.0.0.79 "DELETE /v2.0/floatingips/d981b8a2-fe99-4f63-95a6-0a5e21015963 HTTP/1.1" status: 204 len: 168 time: 0.3401845
2026-07-27 23:00:20.469 9 INFO neutron.db.ovn_revision_numbers_db [None req-63ecf728-a6ac-4536-9de4-7534f703302a 1bdb6d1c56fb4df4acac7dd5d0b59f48 0fbfa7a401d04bceaab07ee6f3c200ef - - default default] Successfully bumped revision number for resource fb6def52-5bbb-4ce9-83af-f942f7b7e9c7 (type: security_groups) to 1
2026-07-27 23:00:20.494 9 INFO neutron.db.ovn_revision_numbers_db [None req-63ecf728-a6ac-4536-9de4-7534f703302a 1bdb6d1c56fb4df4acac7dd5d0b59f48 0fbfa7a401d04bceaab07ee6f3c200ef - - default default] Successfully bumped revision number for resource 6cde1b39-3366-448e-8bed-908e9d730c6a (type: security_group_rules) to 0
2026-07-27 23:00:20.520 9 INFO neutron.db.ovn_revision_numbers_db [None req-63ecf728-a6ac-4536-9de4-7534f703302a 1bdb6d1c56fb4df4acac7dd5d0b59f48 0fbfa7a401d04bceaab07ee6f3c200ef - - default default] Successfully bumped revision number for resource 7691bcc4-ac90-4ffe-a7fc-31a5763d7272 (type: security_group_rules) to 0
2026-07-27 23:00:20.551 9 INFO neutron.db.ovn_revision_numbers_db [None req-63ecf728-a6ac-4536-9de4-7534f703302a 1bdb6d1c56fb4df4acac7dd5d0b59f48 0fbfa7a401d04bceaab07ee6f3c200ef - - default default] Successfully bumped revision number for resource 7b16abb3-76aa-4eb5-874a-37d3e98cfcc8 (type: security_group_rules) to 0
2026-07-27 23:00:20.568 9 INFO neutron.db.ovn_revision_numbers_db [None req-63ecf728-a6ac-4536-9de4-7534f703302a 1bdb6d1c56fb4df4acac7dd5d0b59f48 0fbfa7a401d04bceaab07ee6f3c200ef - - default default] Successfully bumped revision number for resource eb85ac80-87f4-48fd-85c7-d1e421d80d8d (type: security_group_rules) to 0
2026-07-27 23:00:20.588 9 INFO neutron.wsgi [None req-63ecf728-a6ac-4536-9de4-7534f703302a 1bdb6d1c56fb4df4acac7dd5d0b59f48 0fbfa7a401d04bceaab07ee6f3c200ef - - default default] 10.0.0.79 "GET /v2.0/security-groups?tenant_id=bae80447d1b94a4baabed55699384834&name=default HTTP/1.1" status: 200 len: 2996 time: 0.6203601
2026-07-27 23:00:20.764 10 INFO neutron.db.ovn_revision_numbers_db [None req-2fc97b43-e868-4324-9a59-eb44e2c961b3 1bdb6d1c56fb4df4acac7dd5d0b59f48 0fbfa7a401d04bceaab07ee6f3c200ef - - default default] Successfully bumped revision number for resource 1932ade8-a79a-410d-ad54-af7789f5fa1e (type: security_groups) to 1
2026-07-27 23:00:20.813 10 INFO neutron.db.ovn_revision_numbers_db [None req-2fc97b43-e868-4324-9a59-eb44e2c961b3 1bdb6d1c56fb4df4acac7dd5d0b59f48 0fbfa7a401d04bceaab07ee6f3c200ef - - default default] Successfully bumped revision number for resource 5ced7f0e-7a6a-4547-9db9-5810412f92ed (type: security_group_rules) to 0
2026-07-27 23:00:20.839 10 INFO neutron.db.ovn_revision_numbers_db [None req-2fc97b43-e868-4324-9a59-eb44e2c961b3 1bdb6d1c56fb4df4acac7dd5d0b59f48 0fbfa7a401d04bceaab07ee6f3c200ef - - default default] Successfully bumped revision number for resource a7c8477b-bf88-4266-80ca-2ec39c44dc7a (type: security_group_rules) to 0
2026-07-27 23:00:20.866 9 INFO neutron.wsgi [None req-968f9c5b-27a4-4905-b9c6-f7db59c938f9 1bdb6d1c56fb4df4acac7dd5d0b59f48 0fbfa7a401d04bceaab07ee6f3c200ef - - default default] 10.0.0.79 "DELETE /v2.0/security-groups/fb6def52-5bbb-4ce9-83af-f942f7b7e9c7 HTTP/1.1" status: 204 len: 168 time: 0.2722523
2026-07-27 23:00:21.088 10 INFO neutron.db.ovn_revision_numbers_db [None req-2fc97b43-e868-4324-9a59-eb44e2c961b3 1bdb6d1c56fb4df4acac7dd5d0b59f48 0fbfa7a401d04bceaab07ee6f3c200ef - - default default] Successfully bumped revision number for resource b058b51b-4351-4160-b952-9ff81ca5487d (type: security_group_rules) to 0
2026-07-27 23:00:21.111 9 INFO neutron.db.ovn_revision_numbers_db [None req-4e6d0384-d45a-4f1d-8e07-31f9cbe4d0ff 1bdb6d1c56fb4df4acac7dd5d0b59f48 0fbfa7a401d04bceaab07ee6f3c200ef - - default default] Successfully bumped revision number for resource 5c97484a-15b6-4aad-82fe-0b7d151c3e59 (type: security_groups) to 1
2026-07-27 23:00:21.126 9 INFO neutron.db.ovn_revision_numbers_db [None req-4e6d0384-d45a-4f1d-8e07-31f9cbe4d0ff 1bdb6d1c56fb4df4acac7dd5d0b59f48 0fbfa7a401d04bceaab07ee6f3c200ef - - default default] Successfully bumped revision number for resource 1a480133-73ef-446d-ba88-9d82968b162f (type: security_group_rules) to 0
2026-07-27 23:00:21.128 10 INFO neutron.db.ovn_revision_numbers_db [None req-2fc97b43-e868-4324-9a59-eb44e2c961b3 1bdb6d1c56fb4df4acac7dd5d0b59f48 0fbfa7a401d04bceaab07ee6f3c200ef - - default default] Successfully bumped revision number for resource f32cbfd1-1a64-47d6-bd43-0e5d2f565205 (type: security_group_rules) to 0
2026-07-27 23:00:21.143 9 INFO neutron.db.ovn_revision_numbers_db [None req-4e6d0384-d45a-4f1d-8e07-31f9cbe4d0ff 1bdb6d1c56fb4df4acac7dd5d0b59f48 0fbfa7a401d04bceaab07ee6f3c200ef - - default default] Successfully bumped revision number for resource 3c5b5a98-4a37-40f2-97b7-bd4414845663 (type: security_group_rules) to 0
2026-07-27 23:00:21.174 9 INFO neutron.db.ovn_revision_numbers_db [None req-4e6d0384-d45a-4f1d-8e07-31f9cbe4d0ff 1bdb6d1c56fb4df4acac7dd5d0b59f48 0fbfa7a401d04bceaab07ee6f3c200ef - - default default] Successfully bumped revision number for resource 6381b423-6d41-40de-b535-fbdcb2668f52 (type: security_group_rules) to 0
2026-07-27 23:00:21.188 9 INFO neutron.db.ovn_revision_numbers_db [None req-4e6d0384-d45a-4f1d-8e07-31f9cbe4d0ff 1bdb6d1c56fb4df4acac7dd5d0b59f48 0fbfa7a401d04bceaab07ee6f3c200ef - - default default] Successfully bumped revision number for resource 7dad1293-60b8-4111-9ca0-17b12265c0d1 (type: security_group_rules) to 0
2026-07-27 23:00:21.201 10 INFO neutron.db.segments_db [None req-2fc97b43-e868-4324-9a59-eb44e2c961b3 1bdb6d1c56fb4df4acac7dd5d0b59f48 0fbfa7a401d04bceaab07ee6f3c200ef - - default default] Added segment 642d8119-1aa1-44f2-9180-1d5a11140ad3 of type geneve for network a293e05d-3385-40e8-9d9b-01b1d873d5b9
2026-07-27 23:00:21.212 9 INFO neutron.wsgi [None req-4e6d0384-d45a-4f1d-8e07-31f9cbe4d0ff 1bdb6d1c56fb4df4acac7dd5d0b59f48 0fbfa7a401d04bceaab07ee6f3c200ef - - default default] 10.0.0.79 "GET /v2.0/security-groups?tenant_id=a863da1bf29641b4984e4812291f574a&name=default HTTP/1.1" status: 200 len: 2996 time: 0.2199380
2026-07-27 23:00:21.420 9 INFO neutron.wsgi [None req-e911880f-5f47-48e8-8b6c-c1b1193ce5b7 1bdb6d1c56fb4df4acac7dd5d0b59f48 0fbfa7a401d04bceaab07ee6f3c200ef - - default default] 10.0.0.79 "DELETE /v2.0/security-groups/5c97484a-15b6-4aad-82fe-0b7d151c3e59 HTTP/1.1" status: 204 len: 168 time: 0.2039306
2026-07-27 23:00:21.436 10 INFO neutron.db.ovn_revision_numbers_db [None req-2fc97b43-e868-4324-9a59-eb44e2c961b3 1bdb6d1c56fb4df4acac7dd5d0b59f48 0fbfa7a401d04bceaab07ee6f3c200ef - - default default] Successfully bumped revision number for resource a293e05d-3385-40e8-9d9b-01b1d873d5b9 (type: networks) to 1
2026-07-27 23:00:21.649 10 INFO neutron.wsgi [None req-d005fd5e-d87c-45b5-a2e4-f4e47ae7caf0 1bdb6d1c56fb4df4acac7dd5d0b59f48 0fbfa7a401d04bceaab07ee6f3c200ef - - default default] 10.0.0.79 "PUT /v2.0/routers/2661f96f-4e59-46c6-b896-b8c08058a080/remove_router_interface HTTP/1.1" status: 200 len: 503 time: 1.6984124
2026-07-27 23:00:21.686 10 WARNING neutron.scheduler.dhcp_agent_scheduler [None req-2fc97b43-e868-4324-9a59-eb44e2c961b3 1bdb6d1c56fb4df4acac7dd5d0b59f48 0fbfa7a401d04bceaab07ee6f3c200ef - - default default] No more DHCP agents
2026-07-27 23:00:21.690 10 WARNING neutron.api.rpc.agentnotifiers.dhcp_rpc_agent_api [None req-2fc97b43-e868-4324-9a59-eb44e2c961b3 1bdb6d1c56fb4df4acac7dd5d0b59f48 0fbfa7a401d04bceaab07ee6f3c200ef - - default default] Unable to schedule network a293e05d-3385-40e8-9d9b-01b1d873d5b9: no agents available; will retry on subsequent port and subnet creation events.
2026-07-27 23:00:21.794 10 INFO neutron.db.ovn_revision_numbers_db [None req-2fc97b43-e868-4324-9a59-eb44e2c961b3 1bdb6d1c56fb4df4acac7dd5d0b59f48 0fbfa7a401d04bceaab07ee6f3c200ef - - default default] Successfully bumped revision number for resource 60e957c8-3ecd-458a-9734-9515df030a0f (type: ports) to 1
2026-07-27 23:00:21.823 10 INFO neutron.wsgi [None req-2fc97b43-e868-4324-9a59-eb44e2c961b3 1bdb6d1c56fb4df4acac7dd5d0b59f48 0fbfa7a401d04bceaab07ee6f3c200ef - - default default] 10.0.0.79 "POST /v2.0/networks HTTP/1.1" status: 201 len: 947 time: 1.3747742 /var/lib/openstack/lib/python3.10/site-packages/pycadf/identifier.py:71: UserWarning: Invalid uuid: neutron. To ensure interoperability, identifiers should be a valid uuid. warnings.warn(('Invalid uuid: %s. To ensure interoperability, '
2026-07-27 23:00:22.012 10 WARNING neutron.scheduler.dhcp_agent_scheduler [None req-743c0820-5288-4b51-9bda-9dc99d33139f 1bdb6d1c56fb4df4acac7dd5d0b59f48 0fbfa7a401d04bceaab07ee6f3c200ef - - default default] No more DHCP agents
2026-07-27 23:00:22.015 10 WARNING neutron.api.rpc.agentnotifiers.dhcp_rpc_agent_api [None req-743c0820-5288-4b51-9bda-9dc99d33139f 1bdb6d1c56fb4df4acac7dd5d0b59f48 0fbfa7a401d04bceaab07ee6f3c200ef - - default default] Unable to schedule network a293e05d-3385-40e8-9d9b-01b1d873d5b9: no agents available; will retry on subsequent port and subnet creation events.
2026-07-27 23:00:22.353 9 INFO neutron.wsgi [None req-8f6b7dad-6f0a-408b-88f5-f8238ca2c30b 1bdb6d1c56fb4df4acac7dd5d0b59f48 0fbfa7a401d04bceaab07ee6f3c200ef - - default default] 10.0.0.79 "DELETE /v2.0/routers/2661f96f-4e59-46c6-b896-b8c08058a080 HTTP/1.1" status: 204 len: 168 time: 0.6985574
2026-07-27 23:00:22.572 9 INFO neutron.wsgi [None req-001caeab-2a83-4f35-a6ad-ed4be2abc79d 1bdb6d1c56fb4df4acac7dd5d0b59f48 0fbfa7a401d04bceaab07ee6f3c200ef - - default default] 10.0.0.79 "DELETE /v2.0/subnets/119ca240-d972-46a1-aff8-d374a82f4773 HTTP/1.1" status: 204 len: 168 time: 0.2130558
2026-07-27 23:00:22.757 10 INFO neutron.db.ovn_revision_numbers_db [None req-743c0820-5288-4b51-9bda-9dc99d33139f 1bdb6d1c56fb4df4acac7dd5d0b59f48 0fbfa7a401d04bceaab07ee6f3c200ef - - default default] Successfully bumped revision number for resource 60e957c8-3ecd-458a-9734-9515df030a0f (type: ports) to 2
2026-07-27 23:00:22.798 10 INFO neutron.db.ovn_revision_numbers_db [None req-743c0820-5288-4b51-9bda-9dc99d33139f 1bdb6d1c56fb4df4acac7dd5d0b59f48 0fbfa7a401d04bceaab07ee6f3c200ef - - default default] Successfully bumped revision number for resource de076c8f-aa18-410d-b6d9-05d86e8c120b (type: subnets) to 0
2026-07-27 23:00:22.848 10 INFO neutron.wsgi [None req-743c0820-5288-4b51-9bda-9dc99d33139f 1bdb6d1c56fb4df4acac7dd5d0b59f48 0fbfa7a401d04bceaab07ee6f3c200ef - - default default] 10.0.0.79 "POST /v2.0/subnets HTTP/1.1" status: 201 len: 867 time: 1.0182433
2026-07-27 23:00:23.132 9 INFO neutron.wsgi [None req-e47b2010-2d7b-4662-94b0-1073c3274e05 1bdb6d1c56fb4df4acac7dd5d0b59f48 0fbfa7a401d04bceaab07ee6f3c200ef - - default default] 10.0.0.79 "DELETE /v2.0/networks/e22bcf8e-46d2-41cc-8953-5ae6feaaa4ec HTTP/1.1" status: 204 len: 168 time: 0.5376697
2026-07-27 23:00:23.408 9 INFO neutron.wsgi [None req-534017a9-d387-45d5-870b-f5c0d9b84c72 1bdb6d1c56fb4df4acac7dd5d0b59f48 0fbfa7a401d04bceaab07ee6f3c200ef - - default default] 10.0.0.79 "GET /v2.0/security-groups?tenant_id=c568580ba21b43d0bf16b4d5ae9260ce&name=default HTTP/1.1" status: 200 len: 2992 time: 0.0441957
2026-07-27 23:00:23.459 9 WARNING neutron.scheduler.dhcp_agent_scheduler [None req-ccf3b122-de9f-4584-976b-c9fb275c5924 1bdb6d1c56fb4df4acac7dd5d0b59f48 0fbfa7a401d04bceaab07ee6f3c200ef - - default default] No more DHCP agents
2026-07-27 23:00:23.465 9 WARNING neutron.api.rpc.agentnotifiers.dhcp_rpc_agent_api [None req-ccf3b122-de9f-4584-976b-c9fb275c5924 1bdb6d1c56fb4df4acac7dd5d0b59f48 0fbfa7a401d04bceaab07ee6f3c200ef - - default default] Unable to schedule network 720c3711-5f15-41fc-8eb4-2bf24df5fc44: no agents available; will retry on subsequent port and subnet creation events.
2026-07-27 23:00:23.672 9 INFO neutron.db.ovn_revision_numbers_db [None req-ccf3b122-de9f-4584-976b-c9fb275c5924 1bdb6d1c56fb4df4acac7dd5d0b59f48 0fbfa7a401d04bceaab07ee6f3c200ef - - default default] Successfully bumped revision number for resource 84d7a75a-541d-4565-9b41-8e1946a695b6 (type: ports) to 1
2026-07-27 23:00:23.751 9 INFO neutron.wsgi [None req-6dfff062-1569-4b2d-adae-6cdfc204b640 1bdb6d1c56fb4df4acac7dd5d0b59f48 0fbfa7a401d04bceaab07ee6f3c200ef - - default default] 10.0.0.79 "DELETE /v2.0/security-groups/3aeba924-a8f2-472e-8a38-d8efd4b76261 HTTP/1.1" status: 204 len: 168 time: 0.3380997
2026-07-27 23:00:23.816 9 INFO neutron.services.segments.plugin [-] Segment b1907ae1-6619-4ae2-8559-ce866077ef0e resource provider aggregate not found
2026-07-27 23:00:23.825 9 INFO neutron.services.segments.plugin [-] Segment b1907ae1-6619-4ae2-8559-ce866077ef0e resource provider aggregate not found
2026-07-27 23:00:23.836 9 INFO neutron.services.segments.plugin [-] Segment b1907ae1-6619-4ae2-8559-ce866077ef0e resource provider not found; error: Placement Client Error (4xx): {"errors": [{"status": 404, "title": "Not Found", "detail": "The resource could not be found.\n\n No resource provider with uuid b1907ae1-6619-4ae2-8559-ce866077ef0e found for delete ", "request_id": "req-7b3bfbaa-1be9-4670-9437-99fc073ef9c3"}]}
2026-07-27 23:00:23.837 9 INFO neutron.services.segments.plugin [-] Segment b1907ae1-6619-4ae2-8559-ce866077ef0e resource provider not found; error: Placement Client Error (4xx): {"errors": [{"status": 404, "title": "Not Found", "detail": "The resource could not be found.\n\n No resource provider with uuid b1907ae1-6619-4ae2-8559-ce866077ef0e found for delete ", "request_id": "req-6bbf72fc-96cf-42de-aafa-bf20743b2b4b"}]}
2026-07-27 23:00:24.151 9 INFO neutron.wsgi [-] 10.0.0.85 "GET / HTTP/1.1" status: 200 len: 246 time: 0.0020030
2026-07-27 23:00:24.151 10 INFO neutron.wsgi [-] 10.0.0.85 "GET / HTTP/1.1" status: 200 len: 246 time: 0.0022321
2026-07-27 23:00:24.356 10 INFO neutron.plugins.ml2.drivers.ovn.mech_driver.mech_driver [None req-ecdc94dd-4d56-43b7-b2f3-ca67427ed8e7 - - - - - -] OVN reports status up for port: 84d7a75a-541d-4565-9b41-8e1946a695b6
2026-07-27 23:00:24.378 10 INFO neutron.plugins.ml2.plugin [None req-ecdc94dd-4d56-43b7-b2f3-ca67427ed8e7 - - - - - -] Attempt 1 to provision port 84d7a75a-541d-4565-9b41-8e1946a695b6
2026-07-27 23:00:24.381 9 INFO neutron.plugins.ml2.drivers.ovn.mech_driver.ovsdb.ovsdb_monitor [None req-9a62317e-669d-4c51-9967-1128981b976b - - - - - -] Router 48e67cb4-699b-4252-8bb8-7c4b24587d9b is bound to host instance
2026-07-27 23:00:24.419 9 INFO neutron.db.ovn_revision_numbers_db [None req-ccf3b122-de9f-4584-976b-c9fb275c5924 1bdb6d1c56fb4df4acac7dd5d0b59f48 0fbfa7a401d04bceaab07ee6f3c200ef - - default default] Successfully bumped revision number for resource 84d7a75a-541d-4565-9b41-8e1946a695b6 (type: router_ports) to 1
2026-07-27 23:00:24.542 9 INFO neutron.db.ovn_revision_numbers_db [None req-ccf3b122-de9f-4584-976b-c9fb275c5924 1bdb6d1c56fb4df4acac7dd5d0b59f48 0fbfa7a401d04bceaab07ee6f3c200ef - - default default] Successfully bumped revision number for resource 48e67cb4-699b-4252-8bb8-7c4b24587d9b (type: routers) to 2
2026-07-27 23:00:24.573 9 INFO neutron.wsgi [None req-ccf3b122-de9f-4584-976b-c9fb275c5924 1bdb6d1c56fb4df4acac7dd5d0b59f48 0fbfa7a401d04bceaab07ee6f3c200ef - - default default] 10.0.0.79 "POST /v2.0/routers HTTP/1.1" status: 201 len: 878 time: 1.7182975
2026-07-27 23:00:25.394 9 INFO neutron.db.ovn_revision_numbers_db [None req-9a62317e-669d-4c51-9967-1128981b976b - - - - - -] Successfully bumped revision number for resource 84d7a75a-541d-4565-9b41-8e1946a695b6 (type: ports) to 1
2026-07-27 23:00:25.429 9 WARNING neutron.scheduler.dhcp_agent_scheduler [None req-8bf63aa6-8ce9-4ddc-9d20-d44e52b43726 1bdb6d1c56fb4df4acac7dd5d0b59f48 0fbfa7a401d04bceaab07ee6f3c200ef - - default default] No more DHCP agents
2026-07-27 23:00:25.432 9 WARNING neutron.api.rpc.agentnotifiers.dhcp_rpc_agent_api [None req-8bf63aa6-8ce9-4ddc-9d20-d44e52b43726 1bdb6d1c56fb4df4acac7dd5d0b59f48 0fbfa7a401d04bceaab07ee6f3c200ef - - default default] Unable to schedule network a293e05d-3385-40e8-9d9b-01b1d873d5b9: no agents available; will retry on subsequent port and subnet creation events.
2026-07-27 23:00:25.681 9 INFO neutron.db.ovn_revision_numbers_db [None req-8bf63aa6-8ce9-4ddc-9d20-d44e52b43726 1bdb6d1c56fb4df4acac7dd5d0b59f48 0fbfa7a401d04bceaab07ee6f3c200ef - - default default] Successfully bumped revision number for resource 21626b18-43b6-41e1-83bb-8f8a0f463f32 (type: ports) to 1
2026-07-27 23:00:25.754 10 INFO neutron.wsgi [req-5093ec8a-337e-4dbc-a577-5eef93a84abe req-947371ce-aeeb-4089-b298-aa8bd2d3b0c1 d209e96dc3824bc5b996c67d567f9d62 fe4d4b0dbfc74b929c22fb51c35109fc - - 75534254d2f848d6999a7b6b9f59d9ca 75534254d2f848d6999a7b6b9f59d9ca] 10.0.0.134 "GET /v2.0/ports?device_id=3c6b7e91-6798-4df4-98ba-6ea17ca0c42e HTTP/1.1" status: 200 len: 1409 time: 0.4345319
2026-07-27 23:00:25.758 9 INFO neutron.db.ovn_revision_numbers_db [None req-9a62317e-669d-4c51-9967-1128981b976b - - - - - -] Successfully bumped revision number for resource 84d7a75a-541d-4565-9b41-8e1946a695b6 (type: router_ports) to 3
2026-07-27 23:00:25.808 10 INFO neutron.wsgi [req-5093ec8a-337e-4dbc-a577-5eef93a84abe req-106845c3-0ecc-4268-8f40-80d37f1786c9 d209e96dc3824bc5b996c67d567f9d62 fe4d4b0dbfc74b929c22fb51c35109fc - - 75534254d2f848d6999a7b6b9f59d9ca 75534254d2f848d6999a7b6b9f59d9ca] 10.0.0.134 "GET /v2.0/security-groups?id=38e3a5a9-48cc-44ba-89f4-9c5745b0bcd5&fields=id&fields=name HTTP/1.1" status: 200 len: 313 time: 0.0431340
2026-07-27 23:00:26.036 9 INFO neutron.db.ovn_revision_numbers_db [None req-9a62317e-669d-4c51-9967-1128981b976b - - - - - -] Successfully bumped revision number for resource 84d7a75a-541d-4565-9b41-8e1946a695b6 (type: ports) to 2
2026-07-27 23:00:26.103 9 INFO neutron.db.ovn_revision_numbers_db [None req-13950665-c63f-4b56-b454-8caac1a4461c 1bdb6d1c56fb4df4acac7dd5d0b59f48 0fbfa7a401d04bceaab07ee6f3c200ef - - default default] Successfully bumped revision number for resource 41e35f1d-2d7e-4c5a-9058-282a4ec9142c (type: security_groups) to 1
2026-07-27 23:00:26.131 9 INFO neutron.db.ovn_revision_numbers_db [None req-13950665-c63f-4b56-b454-8caac1a4461c 1bdb6d1c56fb4df4acac7dd5d0b59f48 0fbfa7a401d04bceaab07ee6f3c200ef - - default default] Successfully bumped revision number for resource 16d6d766-cd24-41e2-a73b-b5638288224f (type: security_group_rules) to 0
2026-07-27 23:00:26.156 9 INFO neutron.db.ovn_revision_numbers_db [None req-13950665-c63f-4b56-b454-8caac1a4461c 1bdb6d1c56fb4df4acac7dd5d0b59f48 0fbfa7a401d04bceaab07ee6f3c200ef - - default default] Successfully bumped revision number for resource 7fb0c41f-ce9d-4f31-b41c-23608ff4c601 (type: security_group_rules) to 0
2026-07-27 23:00:26.213 9 INFO neutron.db.ovn_revision_numbers_db [None req-13950665-c63f-4b56-b454-8caac1a4461c 1bdb6d1c56fb4df4acac7dd5d0b59f48 0fbfa7a401d04bceaab07ee6f3c200ef - - default default] Successfully bumped revision number for resource 8d6bce70-7305-48ea-8f38-0cfb8d9e0875 (type: security_group_rules) to 0
2026-07-27 23:00:26.239 9 INFO neutron.db.ovn_revision_numbers_db [None req-13950665-c63f-4b56-b454-8caac1a4461c 1bdb6d1c56fb4df4acac7dd5d0b59f48 0fbfa7a401d04bceaab07ee6f3c200ef - - default default] Successfully bumped revision number for resource d2e7c120-9912-4c80-bf37-8e550ffc7cd0 (type: security_group_rules) to 0
