2026-07-27 23:00:35.496 9 INFO neutron.wsgi [req-9967c7da-0f92-4daf-ad3c-8743bf693c43 req-12ca0676-c39c-4205-9d60-1605528db3be d209e96dc3824bc5b996c67d567f9d62 fe4d4b0dbfc74b929c22fb51c35109fc - - 75534254d2f848d6999a7b6b9f59d9ca 75534254d2f848d6999a7b6b9f59d9ca] 199.204.45.138 "GET /v2.0/floatingips?fixed_ip_address=10.100.0.9&port_id=8c101af9-0ad0-41f5-b799-d07c75cae20c HTTP/1.1" status: 200 len: 217 time: 0.0491319
2026-07-27 23:00:35.527 10 INFO neutron.wsgi [None req-6c365ee4-ba8e-4a7e-beaa-426b0f793cee 2aa3462560e94feaad98ceb1859b6526 6e8d63950c454d7785ce09026d97fdeb - - default default] 10.0.0.79 "POST /v2.0/security-group-rules HTTP/1.1" status: 201 len: 769 time: 0.2054260
2026-07-27 23:00:35.592 9 INFO neutron.wsgi [req-9967c7da-0f92-4daf-ad3c-8743bf693c43 req-7bcbc040-183e-4a44-9153-67b340622d8c d209e96dc3824bc5b996c67d567f9d62 fe4d4b0dbfc74b929c22fb51c35109fc - - 75534254d2f848d6999a7b6b9f59d9ca 75534254d2f848d6999a7b6b9f59d9ca] 199.204.45.138 "GET /v2.0/subnets?id=de076c8f-aa18-410d-b6d9-05d86e8c120b HTTP/1.1" status: 200 len: 870 time: 0.0896809
2026-07-27 23:00:35.651 9 INFO neutron.wsgi [req-9967c7da-0f92-4daf-ad3c-8743bf693c43 req-391dbd5b-3433-45c3-9023-adc20f6abdf6 d209e96dc3824bc5b996c67d567f9d62 fe4d4b0dbfc74b929c22fb51c35109fc - - 75534254d2f848d6999a7b6b9f59d9ca 75534254d2f848d6999a7b6b9f59d9ca] 199.204.45.138 "GET /v2.0/ports?network_id=a293e05d-3385-40e8-9d9b-01b1d873d5b9&device_owner=network%3Adhcp HTTP/1.1" status: 200 len: 210 time: 0.0510371
2026-07-27 23:00:35.741 9 INFO neutron.wsgi [req-e9cdea95-33dd-40d3-8e3d-5a1973477adc req-ad5aafba-84b2-4863-a2f8-9225831c5d71 4ae2918b748e4819b2a5de1533ab71db c2aa240b67a1458f923718d0471bba19 - - default default] 10.0.0.148 "GET /v2.0/ports?device_id=9dda655e-2fb5-4947-894f-c924edbcf987 HTTP/1.1" status: 200 len: 1168 time: 0.2170570
2026-07-27 23:00:35.800 9 INFO neutron.wsgi [req-9967c7da-0f92-4daf-ad3c-8743bf693c43 req-35905339-263e-4b08-bd98-dfe42207e7c5 d209e96dc3824bc5b996c67d567f9d62 fe4d4b0dbfc74b929c22fb51c35109fc - - 75534254d2f848d6999a7b6b9f59d9ca 75534254d2f848d6999a7b6b9f59d9ca] 199.204.45.138 "GET /v2.0/networks/a293e05d-3385-40e8-9d9b-01b1d873d5b9?fields=segments HTTP/1.1" status: 200 len: 212 time: 0.1394782
2026-07-27 23:00:35.807 10 WARNING neutron.scheduler.dhcp_agent_scheduler [None req-dc22622f-5216-43a7-932b-2dcd958f6edb 2aa3462560e94feaad98ceb1859b6526 6e8d63950c454d7785ce09026d97fdeb - - default default] No more DHCP agents
2026-07-27 23:00:35.810 10 WARNING neutron.api.rpc.agentnotifiers.dhcp_rpc_agent_api [None req-dc22622f-5216-43a7-932b-2dcd958f6edb 2aa3462560e94feaad98ceb1859b6526 6e8d63950c454d7785ce09026d97fdeb - - default default] Unable to schedule network 720c3711-5f15-41fc-8eb4-2bf24df5fc44: no agents available; will retry on subsequent port and subnet creation events.
2026-07-27 23:00:35.902 9 INFO neutron.wsgi [req-e9cdea95-33dd-40d3-8e3d-5a1973477adc req-8ebc4eec-12d8-4559-bc12-2d23de0eeccb 4ae2918b748e4819b2a5de1533ab71db c2aa240b67a1458f923718d0471bba19 - - default default] 10.0.0.148 "GET /v2.0/security-groups?id=1932ade8-a79a-410d-ad54-af7789f5fa1e&fields=id&fields=name HTTP/1.1" status: 200 len: 286 time: 0.1492989
2026-07-27 23:00:35.961 9 INFO neutron.wsgi [req-9967c7da-0f92-4daf-ad3c-8743bf693c43 req-5ba1b47f-6bf3-4e17-9d4f-282b5eceb000 d209e96dc3824bc5b996c67d567f9d62 fe4d4b0dbfc74b929c22fb51c35109fc - - 75534254d2f848d6999a7b6b9f59d9ca 75534254d2f848d6999a7b6b9f59d9ca] 199.204.45.138 "GET /v2.0/networks/a293e05d-3385-40e8-9d9b-01b1d873d5b9?fields=provider%3Aphysical_network&fields=provider%3Anetwork_type HTTP/1.1" status: 200 len: 277 time: 0.1456754
2026-07-27 23:00:36.014 9 INFO neutron.db.ovn_revision_numbers_db [req-f9dfdd40-92e3-4deb-9758-04f52da4f36c req-153ff832-6d65-4efc-a796-7e8ddc26cd2b 00c025bca820499b949ce68d5dc0aa58 74af6c00578f48d68f240b3bdcb73bd9 - - default default] Successfully bumped revision number for resource ad0c4b45-952a-4399-90e5-c3b33b912c6f (type: ports) to 6
2026-07-27 23:00:36.028 9 INFO neutron.wsgi [req-f9dfdd40-92e3-4deb-9758-04f52da4f36c req-153ff832-6d65-4efc-a796-7e8ddc26cd2b 00c025bca820499b949ce68d5dc0aa58 74af6c00578f48d68f240b3bdcb73bd9 - - default default] 199.204.45.138 "PUT /v2.0/ports/ad0c4b45-952a-4399-90e5-c3b33b912c6f HTTP/1.1" status: 200 len: 1167 time: 0.8966830
2026-07-27 23:00:36.047 9 INFO neutron.wsgi [None req-120e7a54-d6de-4d9e-93e4-78d56e97d415 1bdb6d1c56fb4df4acac7dd5d0b59f48 0fbfa7a401d04bceaab07ee6f3c200ef - - default default] 10.0.0.79 "DELETE /v2.0/security-groups/fccd4c81-71c7-4028-893f-3fc688833c1a HTTP/1.1" status: 204 len: 168 time: 0.5634723 /var/lib/openstack/lib/python3.10/site-packages/pycadf/identifier.py:71: UserWarning: Invalid uuid: neutron. To ensure interoperability, identifiers should be a valid uuid. warnings.warn(('Invalid uuid: %s. To ensure interoperability, '
2026-07-27 23:00:36.077 9 INFO neutron.wsgi [req-f9dfdd40-92e3-4deb-9758-04f52da4f36c req-6711f01f-8c12-40f2-8170-247371d827ac d209e96dc3824bc5b996c67d567f9d62 fe4d4b0dbfc74b929c22fb51c35109fc - - 75534254d2f848d6999a7b6b9f59d9ca 75534254d2f848d6999a7b6b9f59d9ca] 199.204.45.138 "GET /v2.0/ports?tenant_id=74af6c00578f48d68f240b3bdcb73bd9&device_id=3c6b7e91-6798-4df4-98ba-6ea17ca0c42e HTTP/1.1" status: 200 len: 1409 time: 0.0267923
2026-07-27 23:00:36.156 9 INFO neutron.wsgi [req-f9dfdd40-92e3-4deb-9758-04f52da4f36c req-a158cd16-bb7f-4021-8e2e-80b986f7ec00 d209e96dc3824bc5b996c67d567f9d62 fe4d4b0dbfc74b929c22fb51c35109fc - - 75534254d2f848d6999a7b6b9f59d9ca 75534254d2f848d6999a7b6b9f59d9ca] 199.204.45.138 "GET /v2.0/networks?id=480aaf4e-e3a8-47a6-98e4-f7bdce249cdf HTTP/1.1" status: 200 len: 982 time: 0.0734625
2026-07-27 23:00:36.215 9 INFO neutron.wsgi [req-f9dfdd40-92e3-4deb-9758-04f52da4f36c req-b849c0d8-9271-4209-8cc5-5dbf7e884bb0 d209e96dc3824bc5b996c67d567f9d62 fe4d4b0dbfc74b929c22fb51c35109fc - - 75534254d2f848d6999a7b6b9f59d9ca 75534254d2f848d6999a7b6b9f59d9ca] 199.204.45.138 "GET /v2.0/floatingips?fixed_ip_address=10.100.0.5&port_id=ad0c4b45-952a-4399-90e5-c3b33b912c6f HTTP/1.1" status: 200 len: 1059 time: 0.0527816
2026-07-27 23:00:36.259 9 INFO neutron.wsgi [req-f9dfdd40-92e3-4deb-9758-04f52da4f36c req-908ae5ce-8df8-4777-851b-ce521b26eaa6 d209e96dc3824bc5b996c67d567f9d62 fe4d4b0dbfc74b929c22fb51c35109fc - - 75534254d2f848d6999a7b6b9f59d9ca 75534254d2f848d6999a7b6b9f59d9ca] 199.204.45.138 "GET /v2.0/subnets?id=4f0779c4-9f51-4f5a-bcf1-048fabd4b757 HTTP/1.1" status: 200 len: 877 time: 0.0376570
2026-07-27 23:00:36.287 10 INFO neutron.db.ovn_revision_numbers_db [None req-dc22622f-5216-43a7-932b-2dcd958f6edb 2aa3462560e94feaad98ceb1859b6526 6e8d63950c454d7785ce09026d97fdeb - - default default] Successfully bumped revision number for resource a6a2fa65-dff4-4689-ab0f-7ca5086a58d6 (type: floatingips) to 0
2026-07-27 23:00:36.305 9 INFO neutron.wsgi [req-f9dfdd40-92e3-4deb-9758-04f52da4f36c req-af4646c7-73ba-43e8-93bd-a0a78ef4d2f5 d209e96dc3824bc5b996c67d567f9d62 fe4d4b0dbfc74b929c22fb51c35109fc - - 75534254d2f848d6999a7b6b9f59d9ca 75534254d2f848d6999a7b6b9f59d9ca] 199.204.45.138 "GET /v2.0/ports?network_id=480aaf4e-e3a8-47a6-98e4-f7bdce249cdf&device_owner=network%3Adhcp HTTP/1.1" status: 200 len: 210 time: 0.0369291
2026-07-27 23:00:36.313 10 INFO neutron.wsgi [None req-dc22622f-5216-43a7-932b-2dcd958f6edb 2aa3462560e94feaad98ceb1859b6526 6e8d63950c454d7785ce09026d97fdeb - - default default] 10.0.0.79 "POST /v2.0/floatingips HTTP/1.1" status: 201 len: 751 time: 0.7758439
2026-07-27 23:00:36.464 9 INFO neutron.wsgi [req-f9dfdd40-92e3-4deb-9758-04f52da4f36c req-469e340f-3216-4fd1-91cc-6f06256c7284 d209e96dc3824bc5b996c67d567f9d62 fe4d4b0dbfc74b929c22fb51c35109fc - - 75534254d2f848d6999a7b6b9f59d9ca 75534254d2f848d6999a7b6b9f59d9ca] 199.204.45.138 "GET /v2.0/networks/480aaf4e-e3a8-47a6-98e4-f7bdce249cdf?fields=segments HTTP/1.1" status: 200 len: 212 time: 0.1411650
2026-07-27 23:00:36.557 9 INFO neutron.wsgi [req-f9dfdd40-92e3-4deb-9758-04f52da4f36c req-0c579098-747d-43fc-83ff-3c42601e18bf d209e96dc3824bc5b996c67d567f9d62 fe4d4b0dbfc74b929c22fb51c35109fc - - 75534254d2f848d6999a7b6b9f59d9ca 75534254d2f848d6999a7b6b9f59d9ca] 199.204.45.138 "GET /v2.0/networks/480aaf4e-e3a8-47a6-98e4-f7bdce249cdf?fields=provider%3Aphysical_network&fields=provider%3Anetwork_type HTTP/1.1" status: 200 len: 277 time: 0.0846815
2026-07-27 23:00:36.716 9 INFO neutron.notifiers.nova [-] Nova event matching ['req-faa6e137-e944-4dab-954a-1cd4dcc4f541'] response: {'name': 'network-changed', 'server_uuid': '3c6b7e91-6798-4df4-98ba-6ea17ca0c42e', 'tag': 'ad0c4b45-952a-4399-90e5-c3b33b912c6f', 'status': 'completed', 'code': 200}
2026-07-27 23:00:36.799 9 INFO neutron.wsgi [req-a7ce318e-041f-41ef-9109-fe6e5ca6cd53 req-99e06436-25ea-4bfd-9a3e-55d73fcd0e2e d209e96dc3824bc5b996c67d567f9d62 fe4d4b0dbfc74b929c22fb51c35109fc - - 75534254d2f848d6999a7b6b9f59d9ca 75534254d2f848d6999a7b6b9f59d9ca] 199.204.45.138 "GET /v2.0/ports?tenant_id=74af6c00578f48d68f240b3bdcb73bd9&device_id=3c6b7e91-6798-4df4-98ba-6ea17ca0c42e HTTP/1.1" status: 200 len: 1409 time: 0.0653868
2026-07-27 23:00:36.899 9 INFO neutron.wsgi [req-8fd781aa-f10d-4d8b-8811-3e16c744f8c3 req-e822a6e7-ba70-47fc-a61b-c3b32c9330f5 2aa3462560e94feaad98ceb1859b6526 6e8d63950c454d7785ce09026d97fdeb - - default default] 10.0.0.148 "GET /v2.0/security-groups?name=tempest-securitygroup--1253088200&fields=id&tenant_id=6e8d63950c454d7785ce09026d97fdeb HTTP/1.1" status: 200 len: 267 time: 0.0664673
2026-07-27 23:00:36.926 9 INFO neutron.wsgi [req-a7ce318e-041f-41ef-9109-fe6e5ca6cd53 req-2506696a-cafb-487f-9cb2-89257f56dc53 d209e96dc3824bc5b996c67d567f9d62 fe4d4b0dbfc74b929c22fb51c35109fc - - 75534254d2f848d6999a7b6b9f59d9ca 75534254d2f848d6999a7b6b9f59d9ca] 199.204.45.138 "GET /v2.0/networks?id=480aaf4e-e3a8-47a6-98e4-f7bdce249cdf HTTP/1.1" status: 200 len: 982 time: 0.1190212
2026-07-27 23:00:37.028 9 INFO neutron.wsgi [req-a7ce318e-041f-41ef-9109-fe6e5ca6cd53 req-822831b4-4e85-4e3f-a176-63f7b1567506 d209e96dc3824bc5b996c67d567f9d62 fe4d4b0dbfc74b929c22fb51c35109fc - - 75534254d2f848d6999a7b6b9f59d9ca 75534254d2f848d6999a7b6b9f59d9ca] 199.204.45.138 "GET /v2.0/floatingips?fixed_ip_address=10.100.0.5&port_id=ad0c4b45-952a-4399-90e5-c3b33b912c6f HTTP/1.1" status: 200 len: 1059 time: 0.0937381
2026-07-27 23:00:37.037 9 INFO neutron.wsgi [req-62ead53f-7c40-41e6-aa5b-4d41c95635a3 req-5725e82a-573c-438c-99e1-6d1262d664b8 4ae2918b748e4819b2a5de1533ab71db c2aa240b67a1458f923718d0471bba19 - - default default] 10.0.0.148 "GET /v2.0/ports?device_id=9dda655e-2fb5-4947-894f-c924edbcf987 HTTP/1.1" status: 200 len: 1168 time: 0.0539739
2026-07-27 23:00:37.342 9 INFO neutron.wsgi [req-8fd781aa-f10d-4d8b-8811-3e16c744f8c3 req-dd32110a-2e16-4ec8-bb2d-7f50de740452 2aa3462560e94feaad98ceb1859b6526 6e8d63950c454d7785ce09026d97fdeb - - default default] 10.0.0.148 "GET /v2.0/networks?id=0178d268-86e8-4111-badd-b4910316c7d3 HTTP/1.1" status: 200 len: 874 time: 0.4306836
2026-07-27 23:00:37.383 9 INFO neutron.wsgi [req-8fd781aa-f10d-4d8b-8811-3e16c744f8c3 req-d0016808-82bb-4066-b22f-7960691ecad9 2aa3462560e94feaad98ceb1859b6526 6e8d63950c454d7785ce09026d97fdeb - - default default] 10.0.0.148 "GET /v2.0/quotas/6e8d63950c454d7785ce09026d97fdeb HTTP/1.1" status: 200 len: 386 time: 0.0247362
2026-07-27 23:00:37.404 9 INFO neutron.wsgi [req-a7ce318e-041f-41ef-9109-fe6e5ca6cd53 req-576b5ec2-ab99-439f-8b30-88cc94fc365e d209e96dc3824bc5b996c67d567f9d62 fe4d4b0dbfc74b929c22fb51c35109fc - - 75534254d2f848d6999a7b6b9f59d9ca 75534254d2f848d6999a7b6b9f59d9ca] 199.204.45.138 "GET /v2.0/subnets?id=4f0779c4-9f51-4f5a-bcf1-048fabd4b757 HTTP/1.1" status: 200 len: 877 time: 0.3670235
2026-07-27 23:00:37.424 9 INFO neutron.wsgi [req-62ead53f-7c40-41e6-aa5b-4d41c95635a3 req-7bb19a78-5d3f-4375-99ff-28fd757ff5e6 4ae2918b748e4819b2a5de1533ab71db c2aa240b67a1458f923718d0471bba19 - - default default] 10.0.0.148 "GET /v2.0/security-groups?id=1932ade8-a79a-410d-ad54-af7789f5fa1e&fields=id&fields=name HTTP/1.1" status: 200 len: 286 time: 0.0873501
2026-07-27 23:00:37.445 9 INFO neutron.wsgi [req-a7ce318e-041f-41ef-9109-fe6e5ca6cd53 req-2fb6d116-51d9-4c55-88c2-00f3ae8d646e d209e96dc3824bc5b996c67d567f9d62 fe4d4b0dbfc74b929c22fb51c35109fc - - 75534254d2f848d6999a7b6b9f59d9ca 75534254d2f848d6999a7b6b9f59d9ca] 199.204.45.138 "GET /v2.0/ports?network_id=480aaf4e-e3a8-47a6-98e4-f7bdce249cdf&device_owner=network%3Adhcp HTTP/1.1" status: 200 len: 210 time: 0.0266376
2026-07-27 23:00:37.520 9 INFO neutron.wsgi [req-8fd781aa-f10d-4d8b-8811-3e16c744f8c3 req-aa489cc3-ba53-4ede-a05e-0f72a749963c 2aa3462560e94feaad98ceb1859b6526 6e8d63950c454d7785ce09026d97fdeb - - default default] 10.0.0.148 "GET /v2.0/ports?tenant_id=6e8d63950c454d7785ce09026d97fdeb&fields=id HTTP/1.1" status: 200 len: 302 time: 0.1278746
2026-07-27 23:00:37.540 9 INFO neutron.wsgi [req-a7ce318e-041f-41ef-9109-fe6e5ca6cd53 req-cf80c073-2554-47af-b48a-973310db54ca d209e96dc3824bc5b996c67d567f9d62 fe4d4b0dbfc74b929c22fb51c35109fc - - 75534254d2f848d6999a7b6b9f59d9ca 75534254d2f848d6999a7b6b9f59d9ca] 199.204.45.138 "GET /v2.0/networks/480aaf4e-e3a8-47a6-98e4-f7bdce249cdf?fields=segments HTTP/1.1" status: 200 len: 212 time: 0.0865154
2026-07-27 23:00:37.619 9 INFO neutron.wsgi [req-8fd781aa-f10d-4d8b-8811-3e16c744f8c3 req-22c906e0-8728-4ee3-b2fb-d26e483437ca d209e96dc3824bc5b996c67d567f9d62 fe4d4b0dbfc74b929c22fb51c35109fc - - 75534254d2f848d6999a7b6b9f59d9ca 75534254d2f848d6999a7b6b9f59d9ca] 10.0.0.148 "GET /v2.0/networks/0178d268-86e8-4111-badd-b4910316c7d3?fields=segments HTTP/1.1" status: 200 len: 212 time: 0.0830939
2026-07-27 23:00:37.643 9 INFO neutron.wsgi [req-a7ce318e-041f-41ef-9109-fe6e5ca6cd53 req-89ba7011-a4a6-42f9-8943-8458883eefd0 d209e96dc3824bc5b996c67d567f9d62 fe4d4b0dbfc74b929c22fb51c35109fc - - 75534254d2f848d6999a7b6b9f59d9ca 75534254d2f848d6999a7b6b9f59d9ca] 199.204.45.138 "GET /v2.0/networks/480aaf4e-e3a8-47a6-98e4-f7bdce249cdf?fields=provider%3Aphysical_network&fields=provider%3Anetwork_type HTTP/1.1" status: 200 len: 277 time: 0.0938148
2026-07-27 23:00:37.728 9 INFO neutron.wsgi [req-cc064096-aa18-4a50-a2a3-c3421062e819 req-31bcab98-fa9f-4755-ab5a-24e2b4dfafe8 00c025bca820499b949ce68d5dc0aa58 74af6c00578f48d68f240b3bdcb73bd9 - - default default] 10.0.0.148 "GET /v2.0/ports?device_id=3c6b7e91-6798-4df4-98ba-6ea17ca0c42e HTTP/1.1" status: 200 len: 1170 time: 0.0664794
2026-07-27 23:00:37.758 9 INFO neutron.wsgi [req-8fd781aa-f10d-4d8b-8811-3e16c744f8c3 req-bf3db692-ca27-4310-8147-431573e8757c d209e96dc3824bc5b996c67d567f9d62 fe4d4b0dbfc74b929c22fb51c35109fc - - 75534254d2f848d6999a7b6b9f59d9ca 75534254d2f848d6999a7b6b9f59d9ca] 10.0.0.148 "GET /v2.0/networks/0178d268-86e8-4111-badd-b4910316c7d3?fields=provider%3Aphysical_network&fields=provider%3Anetwork_type HTTP/1.1" status: 200 len: 277 time: 0.1325061
2026-07-27 23:00:37.799 9 INFO neutron.wsgi [req-cc064096-aa18-4a50-a2a3-c3421062e819 req-80c77d71-339f-4307-b1f7-9e0868c50018 00c025bca820499b949ce68d5dc0aa58 74af6c00578f48d68f240b3bdcb73bd9 - - default default] 10.0.0.148 "GET /v2.0/security-groups?id=38e3a5a9-48cc-44ba-89f4-9c5745b0bcd5&fields=id&fields=name HTTP/1.1" status: 200 len: 313 time: 0.0595140
2026-07-27 23:00:38.016 9 INFO neutron.wsgi [req-fc293a41-bde4-44ed-82cd-8ff081ea94b8 req-6ed67671-2db6-4314-87ea-979738cda7c4 2aa3462560e94feaad98ceb1859b6526 6e8d63950c454d7785ce09026d97fdeb - - default default] 10.0.0.148 "GET /v2.0/ports?device_id=09e548c9-179d-4bdb-8278-2ebb94e5361e HTTP/1.1" status: 200 len: 210 time: 0.0338509
2026-07-27 23:00:38.070 9 INFO neutron.wsgi [req-9e1118cf-bde8-4864-8df1-a0a750c14c9a req-4964d056-1d42-472c-bb4e-6689b039c30c 00c025bca820499b949ce68d5dc0aa58 74af6c00578f48d68f240b3bdcb73bd9 - - default default] 199.204.45.138 "GET /v2.0/ports?device_id=3c6b7e91-6798-4df4-98ba-6ea17ca0c42e HTTP/1.1" status: 200 len: 1170 time: 0.0493610
2026-07-27 23:00:38.474 9 INFO neutron.db.l3_db [req-9e1118cf-bde8-4864-8df1-a0a750c14c9a req-1e8e6512-f2e6-458d-b4f7-0f437bd87a14 00c025bca820499b949ce68d5dc0aa58 74af6c00578f48d68f240b3bdcb73bd9 - - default default] Floating IP 7ccb4009-458a-4151-9c7a-b67e4841f709 disassociated. External IP: 10.96.250.213, port: ad0c4b45-952a-4399-90e5-c3b33b912c6f.
2026-07-27 23:00:38.562 9 INFO neutron.wsgi [req-de46d40d-d917-40c1-a19e-add5c02837e3 req-6e48a2a8-051a-41a1-b65a-112db6b810aa 4ae2918b748e4819b2a5de1533ab71db c2aa240b67a1458f923718d0471bba19 - - default default] 10.0.0.148 "GET /v2.0/ports?device_id=9dda655e-2fb5-4947-894f-c924edbcf987 HTTP/1.1" status: 200 len: 1168 time: 0.0607584
2026-07-27 23:00:38.635 9 INFO neutron.wsgi [req-de46d40d-d917-40c1-a19e-add5c02837e3 req-750458ec-7d49-4199-a0d5-abbbf7dbceb9 4ae2918b748e4819b2a5de1533ab71db c2aa240b67a1458f923718d0471bba19 - - default default] 10.0.0.148 "GET /v2.0/security-groups?id=1932ade8-a79a-410d-ad54-af7789f5fa1e&fields=id&fields=name HTTP/1.1" status: 200 len: 286 time: 0.0507596
2026-07-27 23:00:38.712 9 INFO neutron.wsgi [req-9e1118cf-bde8-4864-8df1-a0a750c14c9a req-1e8e6512-f2e6-458d-b4f7-0f437bd87a14 00c025bca820499b949ce68d5dc0aa58 74af6c00578f48d68f240b3bdcb73bd9 - - default default] 199.204.45.138 "DELETE /v2.0/ports/ad0c4b45-952a-4399-90e5-c3b33b912c6f HTTP/1.1" status: 204 len: 173 time: 0.6343727
2026-07-27 23:00:38.763 9 INFO neutron.notifiers.nova [-] Nova event matching ['req-e72b83db-a605-49a5-8a07-670ac77ea1b6'] response: {'server_uuid': '3c6b7e91-6798-4df4-98ba-6ea17ca0c42e', 'name': 'network-vif-deleted', 'tag': 'ad0c4b45-952a-4399-90e5-c3b33b912c6f', 'status': 'completed', 'code': 200}
2026-07-27 23:00:38.906 9 INFO neutron.wsgi [req-8fd781aa-f10d-4d8b-8811-3e16c744f8c3 req-9dec9720-2b97-4002-94db-54edac336406 2aa3462560e94feaad98ceb1859b6526 6e8d63950c454d7785ce09026d97fdeb - - default default] 199.204.45.138 "GET /v2.0/networks?id=0178d268-86e8-4111-badd-b4910316c7d3 HTTP/1.1" status: 200 len: 874 time: 0.0772676
2026-07-27 23:00:38.965 9 INFO neutron.wsgi [req-bfdcd941-b990-40d4-b9b7-f8ba9a029cfc req-36705cec-d657-4275-a20f-38acff3195cf 00c025bca820499b949ce68d5dc0aa58 74af6c00578f48d68f240b3bdcb73bd9 - - default default] 10.0.0.148 "GET /v2.0/ports?device_id=3c6b7e91-6798-4df4-98ba-6ea17ca0c42e HTTP/1.1" status: 200 len: 210 time: 0.0414753
2026-07-27 23:00:38.992 9 INFO neutron.wsgi [req-8fd781aa-f10d-4d8b-8811-3e16c744f8c3 req-6cb95bdb-e9bd-4961-90eb-46ff4e72985a 2aa3462560e94feaad98ceb1859b6526 6e8d63950c454d7785ce09026d97fdeb - - default default] 199.204.45.138 "GET /v2.0/security-groups?fields=id&fields=name&tenant_id=6e8d63950c454d7785ce09026d97fdeb HTTP/1.1" status: 200 len: 380 time: 0.0646715 /var/lib/openstack/lib/python3.10/site-packages/pycadf/identifier.py:71: UserWarning: Invalid uuid: neutron. To ensure interoperability, identifiers should be a valid uuid. warnings.warn(('Invalid uuid: %s. To ensure interoperability, '
2026-07-27 23:00:39.144 9 INFO neutron.wsgi [req-1f30acdb-62a7-49fb-841b-40827c0f5ed5 req-30b6b1b7-33a0-4ad9-a110-395e581cd729 2aa3462560e94feaad98ceb1859b6526 6e8d63950c454d7785ce09026d97fdeb - - default default] 10.0.0.148 "GET /v2.0/ports?device_id=09e548c9-179d-4bdb-8278-2ebb94e5361e HTTP/1.1" status: 200 len: 210 time: 0.0363700
2026-07-27 23:00:39.150 9 INFO neutron.wsgi [-] 10.0.0.85 "GET / HTTP/1.1" status: 200 len: 246 time: 0.0011957
2026-07-27 23:00:39.152 10 INFO neutron.wsgi [-] 10.0.0.85 "GET / HTTP/1.1" status: 200 len: 246 time: 0.0029607
2026-07-27 23:00:39.162 10 INFO neutron.db.ovn_revision_numbers_db [None req-b4b535a6-2ae9-4940-ae88-7ffb240102eb 1bdb6d1c56fb4df4acac7dd5d0b59f48 0fbfa7a401d04bceaab07ee6f3c200ef - - default default] Successfully bumped revision number for resource 6cd3469a-ec1a-4325-93ba-25e9d04b7491 (type: security_groups) to 1
2026-07-27 23:00:39.179 10 INFO neutron.db.ovn_revision_numbers_db [None req-b4b535a6-2ae9-4940-ae88-7ffb240102eb 1bdb6d1c56fb4df4acac7dd5d0b59f48 0fbfa7a401d04bceaab07ee6f3c200ef - - default default] Successfully bumped revision number for resource 3737bbb2-11a7-4e59-8a3d-aac45530b493 (type: security_group_rules) to 0
2026-07-27 23:00:39.193 10 INFO neutron.db.ovn_revision_numbers_db [None req-b4b535a6-2ae9-4940-ae88-7ffb240102eb 1bdb6d1c56fb4df4acac7dd5d0b59f48 0fbfa7a401d04bceaab07ee6f3c200ef - - default default] Successfully bumped revision number for resource 7893f95e-2d29-48c2-98d4-38f1fa3aa152 (type: security_group_rules) to 0
2026-07-27 23:00:39.211 10 INFO neutron.db.ovn_revision_numbers_db [None req-b4b535a6-2ae9-4940-ae88-7ffb240102eb 1bdb6d1c56fb4df4acac7dd5d0b59f48 0fbfa7a401d04bceaab07ee6f3c200ef - - default default] Successfully bumped revision number for resource a822d4c2-bc79-482e-bb33-b90fe7e72f58 (type: security_group_rules) to 0
2026-07-27 23:00:39.229 10 INFO neutron.db.ovn_revision_numbers_db [None req-b4b535a6-2ae9-4940-ae88-7ffb240102eb 1bdb6d1c56fb4df4acac7dd5d0b59f48 0fbfa7a401d04bceaab07ee6f3c200ef - - default default] Successfully bumped revision number for resource d43afe02-94bb-4043-bdc7-56325db7db10 (type: security_group_rules) to 0
2026-07-27 23:00:39.255 10 INFO neutron.wsgi [None req-b4b535a6-2ae9-4940-ae88-7ffb240102eb 1bdb6d1c56fb4df4acac7dd5d0b59f48 0fbfa7a401d04bceaab07ee6f3c200ef - - default default] 10.0.0.79 "GET /v2.0/security-groups?tenant_id=7414c757f542410da4f2dff6f0142922&name=default HTTP/1.1" status: 200 len: 2996 time: 0.3868837
2026-07-27 23:00:39.346 9 WARNING neutron.scheduler.dhcp_agent_scheduler [req-8fd781aa-f10d-4d8b-8811-3e16c744f8c3 req-f216fb2f-dd18-482b-8b74-ad6e5c1d211f 2aa3462560e94feaad98ceb1859b6526 6e8d63950c454d7785ce09026d97fdeb - - default default] No more DHCP agents
2026-07-27 23:00:39.348 9 WARNING neutron.api.rpc.agentnotifiers.dhcp_rpc_agent_api [req-8fd781aa-f10d-4d8b-8811-3e16c744f8c3 req-f216fb2f-dd18-482b-8b74-ad6e5c1d211f 2aa3462560e94feaad98ceb1859b6526 6e8d63950c454d7785ce09026d97fdeb - - default default] Unable to schedule network 0178d268-86e8-4111-badd-b4910316c7d3: no agents available; will retry on subsequent port and subnet creation events.
2026-07-27 23:00:39.511 9 WARNING neutron.plugins.ml2.drivers.ovn.mech_driver.ovsdb.ovn_client [None req-0748c09a-3db5-40cc-8c37-da8d8509ab02 - - - - - -] No hosting information found for port a99f5106-664f-4dae-b054-1b87b00678cb: RuntimeError: No hosting information found for port a99f5106-664f-4dae-b054-1b87b00678cb
2026-07-27 23:00:39.512 9 INFO neutron.plugins.ml2.drivers.ovn.mech_driver.mech_driver [None req-0748c09a-3db5-40cc-8c37-da8d8509ab02 - - - - - -] OVN reports status up for port: 8c101af9-0ad0-41f5-b799-d07c75cae20c
2026-07-27 23:00:39.526 9 INFO neutron.plugins.ml2.plugin [None req-0748c09a-3db5-40cc-8c37-da8d8509ab02 - - - - - -] Attempt 1 to provision port 8c101af9-0ad0-41f5-b799-d07c75cae20c
2026-07-27 23:00:39.532 10 INFO neutron.wsgi [None req-725f047e-d5a4-4ebc-9168-d42f1320fde4 1bdb6d1c56fb4df4acac7dd5d0b59f48 0fbfa7a401d04bceaab07ee6f3c200ef - - default default] 10.0.0.79 "DELETE /v2.0/security-groups/6cd3469a-ec1a-4325-93ba-25e9d04b7491 HTTP/1.1" status: 204 len: 168 time: 0.2706733
2026-07-27 23:00:39.595 9 INFO neutron.db.ovn_revision_numbers_db [req-8fd781aa-f10d-4d8b-8811-3e16c744f8c3 req-f216fb2f-dd18-482b-8b74-ad6e5c1d211f 2aa3462560e94feaad98ceb1859b6526 6e8d63950c454d7785ce09026d97fdeb - - default default] Successfully bumped revision number for resource 6bf3c405-34e1-4d41-96c6-b3bada364f03 (type: ports) to 1
2026-07-27 23:00:39.623 9 INFO neutron.wsgi [req-8fd781aa-f10d-4d8b-8811-3e16c744f8c3 req-f216fb2f-dd18-482b-8b74-ad6e5c1d211f 2aa3462560e94feaad98ceb1859b6526 6e8d63950c454d7785ce09026d97fdeb - - default default] 199.204.45.138 "POST /v2.0/ports HTTP/1.1" status: 201 len: 1162 time: 0.6269011 /var/lib/openstack/lib/python3.10/site-packages/pycadf/identifier.py:71: UserWarning: Invalid uuid: neutron. To ensure interoperability, identifiers should be a valid uuid. warnings.warn(('Invalid uuid: %s. To ensure interoperability, '
2026-07-27 23:00:39.772 9 INFO neutron.wsgi [req-e9ddabb2-819f-4bc1-9397-e10c97db3e68 req-6b991965-8264-4903-a223-353413d7ddca 4ae2918b748e4819b2a5de1533ab71db c2aa240b67a1458f923718d0471bba19 - - default default] 10.0.0.148 "GET /v2.0/ports?device_id=9dda655e-2fb5-4947-894f-c924edbcf987 HTTP/1.1" status: 200 len: 1170 time: 0.0501161
2026-07-27 23:00:39.847 9 INFO neutron.wsgi [req-e9ddabb2-819f-4bc1-9397-e10c97db3e68 req-ad2ce717-08e7-4cb9-b998-7ce8ce5d7a62 4ae2918b748e4819b2a5de1533ab71db c2aa240b67a1458f923718d0471bba19 - - default default] 10.0.0.148 "GET /v2.0/security-groups?id=1932ade8-a79a-410d-ad54-af7789f5fa1e&fields=id&fields=name HTTP/1.1" status: 200 len: 286 time: 0.0689027
2026-07-27 23:00:39.914 9 INFO neutron.db.ovn_revision_numbers_db [None req-0748c09a-3db5-40cc-8c37-da8d8509ab02 - - - - - -] Successfully bumped revision number for resource 8c101af9-0ad0-41f5-b799-d07c75cae20c (type: ports) to 4
2026-07-27 23:00:39.985 9 INFO neutron.plugins.ml2.drivers.ovn.mech_driver.mech_driver [None req-0748c09a-3db5-40cc-8c37-da8d8509ab02 - - - - - -] OVN reports status down for port: ad0c4b45-952a-4399-90e5-c3b33b912c6f
2026-07-27 23:00:40.157 9 INFO neutron.db.ovn_revision_numbers_db [req-8fd781aa-f10d-4d8b-8811-3e16c744f8c3 req-23a84dc9-cedb-4e67-a331-25b78898b653 d209e96dc3824bc5b996c67d567f9d62 fe4d4b0dbfc74b929c22fb51c35109fc - - 75534254d2f848d6999a7b6b9f59d9ca 75534254d2f848d6999a7b6b9f59d9ca] Successfully bumped revision number for resource 6bf3c405-34e1-4d41-96c6-b3bada364f03 (type: ports) to 2 /var/lib/openstack/lib/python3.10/site-packages/pycadf/identifier.py:71: UserWarning: Invalid uuid: neutron. To ensure interoperability, identifiers should be a valid uuid. warnings.warn(('Invalid uuid: %s. To ensure interoperability, '
2026-07-27 23:00:40.258 10 INFO neutron.wsgi [None req-a7dff181-5f20-426f-a3e1-54cc98d0b4f0 00c025bca820499b949ce68d5dc0aa58 74af6c00578f48d68f240b3bdcb73bd9 - - default default] 10.0.0.79 "DELETE /v2.0/security-groups/38e3a5a9-48cc-44ba-89f4-9c5745b0bcd5 HTTP/1.1" status: 204 len: 168 time: 0.1721866
2026-07-27 23:00:40.266 9 INFO neutron.wsgi [req-59ae5ce2-4f13-4acc-a29b-57207ef69ae2 req-f6624d6d-ddd1-4a84-b86c-fee6ca03d8c9 2aa3462560e94feaad98ceb1859b6526 6e8d63950c454d7785ce09026d97fdeb - - default default] 10.0.0.148 "GET /v2.0/ports?device_id=09e548c9-179d-4bdb-8278-2ebb94e5361e HTTP/1.1" status: 200 len: 1172 time: 0.0435717
2026-07-27 23:00:40.282 10 INFO neutron.api.v2.resource [None req-378c35a4-a8d3-4763-b3d9-42927f5eeb9a 00c025bca820499b949ce68d5dc0aa58 74af6c00578f48d68f240b3bdcb73bd9 - - default default] show failed (client error): The resource could not be found.
2026-07-27 23:00:40.284 10 INFO neutron.wsgi [None req-378c35a4-a8d3-4763-b3d9-42927f5eeb9a 00c025bca820499b949ce68d5dc0aa58 74af6c00578f48d68f240b3bdcb73bd9 - - default default] 10.0.0.79 "GET /v2.0/security-groups/38e3a5a9-48cc-44ba-89f4-9c5745b0bcd5 HTTP/1.1" status: 404 len: 347 time: 0.0211127
2026-07-27 23:00:40.333 9 INFO neutron.wsgi [req-59ae5ce2-4f13-4acc-a29b-57207ef69ae2 req-b9b90500-ed5c-49e6-b9b0-74bdf26e8cd8 2aa3462560e94feaad98ceb1859b6526 6e8d63950c454d7785ce09026d97fdeb - - default default] 10.0.0.148 "GET /v2.0/security-groups?id=210cbca0-191b-4a68-9c6a-fd0acf2374d0&fields=id&fields=name HTTP/1.1" status: 200 len: 313 time: 0.0627325
2026-07-27 23:00:40.436 9 INFO neutron.db.ovn_revision_numbers_db [req-8fd781aa-f10d-4d8b-8811-3e16c744f8c3 req-23a84dc9-cedb-4e67-a331-25b78898b653 d209e96dc3824bc5b996c67d567f9d62 fe4d4b0dbfc74b929c22fb51c35109fc - - 75534254d2f848d6999a7b6b9f59d9ca 75534254d2f848d6999a7b6b9f59d9ca] Successfully bumped revision number for resource 6bf3c405-34e1-4d41-96c6-b3bada364f03 (type: ports) to 2
2026-07-27 23:00:40.456 9 INFO neutron.wsgi [req-8fd781aa-f10d-4d8b-8811-3e16c744f8c3 req-23a84dc9-cedb-4e67-a331-25b78898b653 d209e96dc3824bc5b996c67d567f9d62 fe4d4b0dbfc74b929c22fb51c35109fc - - 75534254d2f848d6999a7b6b9f59d9ca 75534254d2f848d6999a7b6b9f59d9ca] 199.204.45.138 "PUT /v2.0/ports/6bf3c405-34e1-4d41-96c6-b3bada364f03 HTTP/1.1" status: 200 len: 1380 time: 0.8203642 /var/lib/openstack/lib/python3.10/site-packages/pycadf/identifier.py:71: UserWarning: Invalid uuid: neutron. To ensure interoperability, identifiers should be a valid uuid. warnings.warn(('Invalid uuid: %s. To ensure interoperability, '
2026-07-27 23:00:40.549 9 INFO neutron.wsgi [req-8fd781aa-f10d-4d8b-8811-3e16c744f8c3 req-04ddc0d7-7de5-416f-ac87-2b93d396b2b0 d209e96dc3824bc5b996c67d567f9d62 fe4d4b0dbfc74b929c22fb51c35109fc - - 75534254d2f848d6999a7b6b9f59d9ca 75534254d2f848d6999a7b6b9f59d9ca] 199.204.45.138 "GET /v2.0/ports?tenant_id=6e8d63950c454d7785ce09026d97fdeb&device_id=09e548c9-179d-4bdb-8278-2ebb94e5361e HTTP/1.1" status: 200 len: 1411 time: 0.0392029
2026-07-27 23:00:40.578 9 INFO neutron.wsgi [req-8fd781aa-f10d-4d8b-8811-3e16c744f8c3 req-c980839c-0164-40e3-934f-5f93bdd575a1 d209e96dc3824bc5b996c67d567f9d62 fe4d4b0dbfc74b929c22fb51c35109fc - - 75534254d2f848d6999a7b6b9f59d9ca 75534254d2f848d6999a7b6b9f59d9ca] 199.204.45.138 "GET /v2.0/floatingips?fixed_ip_address=10.100.0.13&port_id=6bf3c405-34e1-4d41-96c6-b3bada364f03 HTTP/1.1" status: 200 len: 217 time: 0.0233321
2026-07-27 23:00:40.631 9 INFO neutron.wsgi [req-8fd781aa-f10d-4d8b-8811-3e16c744f8c3 req-eea1f358-48b1-4d37-a224-e337000457a7 d209e96dc3824bc5b996c67d567f9d62 fe4d4b0dbfc74b929c22fb51c35109fc - - 75534254d2f848d6999a7b6b9f59d9ca 75534254d2f848d6999a7b6b9f59d9ca] 199.204.45.138 "GET /v2.0/subnets?id=02ccab62-eff1-4b96-96a0-688936c90bf4 HTTP/1.1" status: 200 len: 868 time: 0.0431728
2026-07-27 23:00:40.657 9 INFO neutron.wsgi [req-8fd781aa-f10d-4d8b-8811-3e16c744f8c3 req-5c680913-7359-4ac6-9401-aa59edc7e603 d209e96dc3824bc5b996c67d567f9d62 fe4d4b0dbfc74b929c22fb51c35109fc - - 75534254d2f848d6999a7b6b9f59d9ca 75534254d2f848d6999a7b6b9f59d9ca] 199.204.45.138 "GET /v2.0/ports?network_id=0178d268-86e8-4111-badd-b4910316c7d3&device_owner=network%3Adhcp HTTP/1.1" status: 200 len: 210 time: 0.0194159
2026-07-27 23:00:40.689 10 INFO neutron.wsgi [None req-7acfbc83-078c-44e8-9cd8-ff561def3e0c 00c025bca820499b949ce68d5dc0aa58 74af6c00578f48d68f240b3bdcb73bd9 - - default default] 10.0.0.79 "DELETE /v2.0/floatingips/7ccb4009-458a-4151-9c7a-b67e4841f709 HTTP/1.1" status: 204 len: 168 time: 0.3997645
2026-07-27 23:00:40.728 9 INFO neutron.wsgi [req-8fd781aa-f10d-4d8b-8811-3e16c744f8c3 req-002a46dd-6f67-4619-9583-2f334204e474 d209e96dc3824bc5b996c67d567f9d62 fe4d4b0dbfc74b929c22fb51c35109fc - - 75534254d2f848d6999a7b6b9f59d9ca 75534254d2f848d6999a7b6b9f59d9ca] 199.204.45.138 "GET /v2.0/networks/0178d268-86e8-4111-badd-b4910316c7d3?fields=segments HTTP/1.1" status: 200 len: 212 time: 0.0648413
2026-07-27 23:00:40.794 9 INFO neutron.wsgi [req-8fd781aa-f10d-4d8b-8811-3e16c744f8c3 req-f9f64394-cb32-42cd-9671-33be9e5aec7a d209e96dc3824bc5b996c67d567f9d62 fe4d4b0dbfc74b929c22fb51c35109fc - - 75534254d2f848d6999a7b6b9f59d9ca 75534254d2f848d6999a7b6b9f59d9ca] 199.204.45.138 "GET /v2.0/networks/0178d268-86e8-4111-badd-b4910316c7d3?fields=provider%3Aphysical_network&fields=provider%3Anetwork_type HTTP/1.1" status: 200 len: 277 time: 0.0606661
2026-07-27 23:00:40.803 9 INFO neutron.notifiers.nova [-] Nova event matching ['req-6aee4be4-5a6b-438c-a75f-f6d61a379e54'] response: {'server_uuid': '9dda655e-2fb5-4947-894f-c924edbcf987', 'name': 'network-vif-plugged', 'status': 'completed', 'tag': '8c101af9-0ad0-41f5-b799-d07c75cae20c', 'code': 200}
2026-07-27 23:00:40.804 9 INFO neutron.notifiers.nova [-] Nova event matching ['req-6aee4be4-5a6b-438c-a75f-f6d61a379e54'] response: {'server_uuid': '9dda655e-2fb5-4947-894f-c924edbcf987', 'name': 'network-vif-plugged', 'status': 'completed', 'tag': '8c101af9-0ad0-41f5-b799-d07c75cae20c', 'code': 200}
2026-07-27 23:00:40.804 9 INFO neutron.notifiers.nova [-] Nova event matching ['req-6aee4be4-5a6b-438c-a75f-f6d61a379e54'] response: {'name': 'network-changed', 'server_uuid': '09e548c9-179d-4bdb-8278-2ebb94e5361e', 'tag': '6bf3c405-34e1-4d41-96c6-b3bada364f03', 'status': 'completed', 'code': 200}
2026-07-27 23:00:40.929 9 INFO neutron.wsgi [req-42bad400-e691-4628-ab95-740fd6ec9800 req-1048a6db-b3b9-4565-bd69-d1b9c6469ac9 d209e96dc3824bc5b996c67d567f9d62 fe4d4b0dbfc74b929c22fb51c35109fc - - 75534254d2f848d6999a7b6b9f59d9ca 75534254d2f848d6999a7b6b9f59d9ca] 199.204.45.138 "GET /v2.0/ports?tenant_id=6e8d63950c454d7785ce09026d97fdeb&device_id=09e548c9-179d-4bdb-8278-2ebb94e5361e HTTP/1.1" status: 200 len: 1411 time: 0.0651543
2026-07-27 23:00:41.052 9 INFO neutron.wsgi [req-42bad400-e691-4628-ab95-740fd6ec9800 req-5e2aa5fa-111b-4f56-93bd-f4e919153dc2 d209e96dc3824bc5b996c67d567f9d62 fe4d4b0dbfc74b929c22fb51c35109fc - - 75534254d2f848d6999a7b6b9f59d9ca 75534254d2f848d6999a7b6b9f59d9ca] 199.204.45.138 "GET /v2.0/networks?id=0178d268-86e8-4111-badd-b4910316c7d3 HTTP/1.1" status: 200 len: 973 time: 0.1014321
2026-07-27 23:00:41.082 9 INFO neutron.wsgi [req-b14ac7d2-3a08-4c34-92a8-8995a59fbc93 req-107ec8e2-d54a-4940-9642-47c9ef92183b 4ae2918b748e4819b2a5de1533ab71db c2aa240b67a1458f923718d0471bba19 - - default default] 10.0.0.148 "GET /v2.0/ports?device_id=9dda655e-2fb5-4947-894f-c924edbcf987 HTTP/1.1" status: 200 len: 1170 time: 0.1663270
2026-07-27 23:00:41.102 9 INFO neutron.wsgi [req-42bad400-e691-4628-ab95-740fd6ec9800 req-c0ca8e0f-e79c-4a4f-be3f-edefbbeef9d1 d209e96dc3824bc5b996c67d567f9d62 fe4d4b0dbfc74b929c22fb51c35109fc - - 75534254d2f848d6999a7b6b9f59d9ca 75534254d2f848d6999a7b6b9f59d9ca] 199.204.45.138 "GET /v2.0/floatingips?fixed_ip_address=10.100.0.13&port_id=6bf3c405-34e1-4d41-96c6-b3bada364f03 HTTP/1.1" status: 200 len: 217 time: 0.0378110
2026-07-27 23:00:41.112 10 INFO neutron.plugins.ml2.drivers.ovn.mech_driver.mech_driver [None req-ecdc94dd-4d56-43b7-b2f3-ca67427ed8e7 - - - - - -] OVN reports status up for port: 6bf3c405-34e1-4d41-96c6-b3bada364f03
2026-07-27 23:00:41.156 10 INFO neutron.plugins.ml2.plugin [None req-ecdc94dd-4d56-43b7-b2f3-ca67427ed8e7 - - - - - -] Attempt 1 to provision port 6bf3c405-34e1-4d41-96c6-b3bada364f03
2026-07-27 23:00:41.169 9 INFO neutron.wsgi [req-42bad400-e691-4628-ab95-740fd6ec9800 req-262fdf81-c4d0-4ba1-9800-d354c49b104b d209e96dc3824bc5b996c67d567f9d62 fe4d4b0dbfc74b929c22fb51c35109fc - - 75534254d2f848d6999a7b6b9f59d9ca 75534254d2f848d6999a7b6b9f59d9ca] 199.204.45.138 "GET /v2.0/subnets?id=02ccab62-eff1-4b96-96a0-688936c90bf4 HTTP/1.1" status: 200 len: 868 time: 0.0549452
2026-07-27 23:00:41.172 9 INFO neutron.wsgi [req-b14ac7d2-3a08-4c34-92a8-8995a59fbc93 req-a3839fb2-a097-432e-8616-6cdca0bb48d4 4ae2918b748e4819b2a5de1533ab71db c2aa240b67a1458f923718d0471bba19 - - default default] 10.0.0.148 "GET /v2.0/security-groups?id=1932ade8-a79a-410d-ad54-af7789f5fa1e&fields=id&fields=name HTTP/1.1" status: 200 len: 286 time: 0.0789490
2026-07-27 23:00:41.212 9 INFO neutron.wsgi [req-42bad400-e691-4628-ab95-740fd6ec9800 req-0616a13a-60b1-4e54-ae67-41003d182c65 d209e96dc3824bc5b996c67d567f9d62 fe4d4b0dbfc74b929c22fb51c35109fc - - 75534254d2f848d6999a7b6b9f59d9ca 75534254d2f848d6999a7b6b9f59d9ca] 199.204.45.138 "GET /v2.0/ports?network_id=0178d268-86e8-4111-badd-b4910316c7d3&device_owner=network%3Adhcp HTTP/1.1" status: 200 len: 210 time: 0.0305989
2026-07-27 23:00:41.283 9 INFO neutron.wsgi [req-42bad400-e691-4628-ab95-740fd6ec9800 req-57d6c68a-648a-4de2-8920-7fe2d5b4a7d0 d209e96dc3824bc5b996c67d567f9d62 fe4d4b0dbfc74b929c22fb51c35109fc - - 75534254d2f848d6999a7b6b9f59d9ca 75534254d2f848d6999a7b6b9f59d9ca] 199.204.45.138 "GET /v2.0/networks/0178d268-86e8-4111-badd-b4910316c7d3?fields=segments HTTP/1.1" status: 200 len: 212 time: 0.0656621
2026-07-27 23:00:41.341 10 INFO neutron.notifiers.nova [-] Nova event matching ['req-0af4dc5c-855e-488e-a80d-522b3236e6b9'] response: {'server_uuid': '09e548c9-179d-4bdb-8278-2ebb94e5361e', 'name': 'network-vif-plugged', 'status': 'completed', 'tag': '6bf3c405-34e1-4d41-96c6-b3bada364f03', 'code': 200}
2026-07-27 23:00:41.368 9 INFO neutron.wsgi [req-42bad400-e691-4628-ab95-740fd6ec9800 req-c67f0bd8-5740-4c24-b16a-1cbffaaaab1e d209e96dc3824bc5b996c67d567f9d62 fe4d4b0dbfc74b929c22fb51c35109fc - - 75534254d2f848d6999a7b6b9f59d9ca 75534254d2f848d6999a7b6b9f59d9ca] 199.204.45.138 "GET /v2.0/networks/0178d268-86e8-4111-badd-b4910316c7d3?fields=provider%3Aphysical_network&fields=provider%3Anetwork_type HTTP/1.1" status: 200 len: 277 time: 0.0800219
2026-07-27 23:00:41.452 9 INFO neutron.wsgi [req-7fd1ffc4-1e03-4c72-9e7f-c2fd9d574ff4 req-a160c5aa-2902-403a-a182-054eba2e6dbf 2aa3462560e94feaad98ceb1859b6526 6e8d63950c454d7785ce09026d97fdeb - - default default] 10.0.0.148 "GET /v2.0/ports?device_id=09e548c9-179d-4bdb-8278-2ebb94e5361e HTTP/1.1" status: 200 len: 1174 time: 0.0441587
2026-07-27 23:00:41.507 9 INFO neutron.wsgi [req-7fd1ffc4-1e03-4c72-9e7f-c2fd9d574ff4 req-295297b1-b9d4-499c-914f-a2dd00aee24f 2aa3462560e94feaad98ceb1859b6526 6e8d63950c454d7785ce09026d97fdeb - - default default] 10.0.0.148 "GET /v2.0/security-groups?id=210cbca0-191b-4a68-9c6a-fd0acf2374d0&fields=id&fields=name HTTP/1.1" status: 200 len: 313 time: 0.0450869
2026-07-27 23:00:41.649 10 INFO neutron.db.ovn_revision_numbers_db [None req-ecdc94dd-4d56-43b7-b2f3-ca67427ed8e7 - - - - - -] Successfully bumped revision number for resource 6bf3c405-34e1-4d41-96c6-b3bada364f03 (type: ports) to 4
2026-07-27 23:00:42.324 9 INFO neutron.wsgi [req-f36f1b3a-107f-40f5-aad6-390a48135893 req-a33175cc-6a62-4e1e-a4e0-41fc6081a007 4ae2918b748e4819b2a5de1533ab71db c2aa240b67a1458f923718d0471bba19 - - default default] 10.0.0.148 "GET /v2.0/ports?device_id=9dda655e-2fb5-4947-894f-c924edbcf987 HTTP/1.1" status: 200 len: 1170 time: 0.0472662
2026-07-27 23:00:42.378 9 INFO neutron.wsgi [req-f36f1b3a-107f-40f5-aad6-390a48135893 req-c7c3d231-9a12-4b4b-8776-9ac174d6756b 4ae2918b748e4819b2a5de1533ab71db c2aa240b67a1458f923718d0471bba19 - - default default] 10.0.0.148 "GET /v2.0/security-groups?id=1932ade8-a79a-410d-ad54-af7789f5fa1e&fields=id&fields=name HTTP/1.1" status: 200 len: 286 time: 0.0467269
2026-07-27 23:00:42.687 10 INFO neutron.wsgi [None req-adccb6cf-4b4b-417b-b06c-3b96077ab62f 1bdb6d1c56fb4df4acac7dd5d0b59f48 0fbfa7a401d04bceaab07ee6f3c200ef - - default default] 10.0.0.79 "PUT /v2.0/routers/029503dc-5d63-4c33-bbfe-0aa9bc4acda7/remove_router_interface HTTP/1.1" status: 200 len: 503 time: 1.9289212
2026-07-27 23:00:42.736 9 INFO neutron.wsgi [req-b6f01a65-f3ce-451e-869f-d1ae575d17b7 req-73c7ee33-3d3e-4c62-a57c-77809ca07e0d 2aa3462560e94feaad98ceb1859b6526 6e8d63950c454d7785ce09026d97fdeb - - default default] 10.0.0.148 "GET /v2.0/ports?device_id=09e548c9-179d-4bdb-8278-2ebb94e5361e HTTP/1.1" status: 200 len: 1174 time: 0.1366043
2026-07-27 23:00:42.790 9 INFO neutron.plugins.ml2.drivers.ovn.mech_driver.mech_driver [None req-0748c09a-3db5-40cc-8c37-da8d8509ab02 - - - - - -] OVN reports status down for port: 8c101af9-0ad0-41f5-b799-d07c75cae20c
2026-07-27 23:00:43.172 9 INFO neutron.wsgi [req-dee89924-b9e1-43be-b958-3e1e88df5474 req-218f2c32-5564-4109-8589-d53530f2544e 4ae2918b748e4819b2a5de1533ab71db c2aa240b67a1458f923718d0471bba19 - - default default] 10.0.0.148 "GET /v2.0/ports?device_id=9dda655e-2fb5-4947-894f-c924edbcf987 HTTP/1.1" status: 200 len: 1170 time: 0.4173305
2026-07-27 23:00:43.184 9 INFO neutron.wsgi [req-b6f01a65-f3ce-451e-869f-d1ae575d17b7 req-fe21f82f-d299-42a1-8971-559c02251774 2aa3462560e94feaad98ceb1859b6526 6e8d63950c454d7785ce09026d97fdeb - - default default] 10.0.0.148 "GET /v2.0/security-groups?id=210cbca0-191b-4a68-9c6a-fd0acf2374d0&fields=id&fields=name HTTP/1.1" status: 200 len: 313 time: 0.4372120
2026-07-27 23:00:43.203 9 INFO neutron.wsgi [req-cda465c4-8ce5-4a07-a978-0b2393cc76c3 req-ea48a886-2993-4e4e-a4e6-934918271ad9 4ae2918b748e4819b2a5de1533ab71db c2aa240b67a1458f923718d0471bba19 - - default default] 199.204.45.138 "GET /v2.0/ports?device_id=9dda655e-2fb5-4947-894f-c924edbcf987 HTTP/1.1" status: 200 len: 1170 time: 0.0632834
2026-07-27 23:00:43.314 9 INFO neutron.wsgi [req-dee89924-b9e1-43be-b958-3e1e88df5474 req-d9791f1b-0e67-42e6-91d6-ad69d2560688 4ae2918b748e4819b2a5de1533ab71db c2aa240b67a1458f923718d0471bba19 - - default default] 10.0.0.148 "GET /v2.0/security-groups?id=1932ade8-a79a-410d-ad54-af7789f5fa1e&fields=id&fields=name HTTP/1.1" status: 200 len: 286 time: 0.1280463
2026-07-27 23:00:43.370 9 INFO neutron.wsgi [req-5cf0a589-25a6-4db7-82bc-dc1eaa4dec4a req-fb33967a-e948-4c87-a684-d3403672308a 2aa3462560e94feaad98ceb1859b6526 6e8d63950c454d7785ce09026d97fdeb - - default default] 10.0.0.148 "GET /v2.0/ports?device_id=09e548c9-179d-4bdb-8278-2ebb94e5361e HTTP/1.1" status: 200 len: 1174 time: 0.1067181 /var/lib/openstack/lib/python3.10/site-packages/pycadf/identifier.py:71: UserWarning: Invalid uuid: neutron. To ensure interoperability, identifiers should be a valid uuid. warnings.warn(('Invalid uuid: %s. To ensure interoperability, '
2026-07-27 23:00:43.395 10 INFO neutron.notifiers.nova [-] Nova event matching ['req-0a7f52de-edae-4f83-80d2-82dc2c3dc102'] response: {'server_uuid': '09e548c9-179d-4bdb-8278-2ebb94e5361e', 'name': 'network-vif-plugged', 'status': 'completed', 'tag': '6bf3c405-34e1-4d41-96c6-b3bada364f03', 'code': 200}
2026-07-27 23:00:43.498 9 INFO neutron.notifiers.nova [-] Nova event matching ['req-f53f8afe-adea-4ff2-b86a-f4983600a430'] response: {'server_uuid': '9dda655e-2fb5-4947-894f-c924edbcf987', 'name': 'network-vif-unplugged', 'status': 'completed', 'tag': '8c101af9-0ad0-41f5-b799-d07c75cae20c', 'code': 200}
2026-07-27 23:00:43.715 10 INFO neutron.db.l3_db [None req-8d4b716c-450e-4e9d-a265-16e9f4908cab 2aa3462560e94feaad98ceb1859b6526 6e8d63950c454d7785ce09026d97fdeb - - default default] Floating IP a6a2fa65-dff4-4689-ab0f-7ca5086a58d6 associated. External IP: 10.96.250.203, port: 6bf3c405-34e1-4d41-96c6-b3bada364f03.
2026-07-27 23:00:43.799 9 ERROR ovsdbapp.backend.ovs_idl.command [None req-0748c09a-3db5-40cc-8c37-da8d8509ab02 - - - - - -] Error executing command (LspGetUpCommand): ovsdbapp.backend.ovs_idl.idlutils.RowNotFound: Cannot find Logical_Switch_Port with name=8c101af9-0ad0-41f5-b799-d07c75cae20c
2026-07-27 23:00:43.799 9 ERROR ovsdbapp.backend.ovs_idl.command
Traceback (most recent call last):
2026-07-27 23:00:43.799 9 ERROR ovsdbapp.backend.ovs_idl.command
File "/var/lib/openstack/lib/python3.10/site-packages/ovsdbapp/backend/ovs_idl/command.py", line 47, in execute
2026-07-27 23:00:43.799 9 ERROR ovsdbapp.backend.ovs_idl.command self.run_idl(None)
2026-07-27 23:00:43.799 9 ERROR ovsdbapp.backend.ovs_idl.command
File "/var/lib/openstack/lib/python3.10/site-packages/ovsdbapp/schema/ovn_northbound/commands.py", line 650, in run_idl
2026-07-27 23:00:43.799 9 ERROR ovsdbapp.backend.ovs_idl.command lsp = self.api.lookup('Logical_Switch_Port', self.port)
2026-07-27 23:00:43.799 9 ERROR ovsdbapp.backend.ovs_idl.command
File "/var/lib/openstack/lib/python3.10/site-packages/ovsdbapp/backend/ovs_idl/__init__.py", line 183, in lookup
2026-07-27 23:00:43.799 9 ERROR ovsdbapp.backend.ovs_idl.command return self._lookup(table, record)
2026-07-27 23:00:43.799 9 ERROR ovsdbapp.backend.ovs_idl.command
File "/var/lib/openstack/lib/python3.10/site-packages/ovsdbapp/backend/ovs_idl/__init__.py", line 234, in _lookup
2026-07-27 23:00:43.799 9 ERROR ovsdbapp.backend.ovs_idl.command row = idlutils.row_by_value(self, rl.table, rl.column, record)
2026-07-27 23:00:43.799 9 ERROR ovsdbapp.backend.ovs_idl.command
File "/var/lib/openstack/lib/python3.10/site-packages/ovsdbapp/backend/ovs_idl/idlutils.py", line 114, in row_by_value
2026-07-27 23:00:43.799 9 ERROR ovsdbapp.backend.ovs_idl.command raise RowNotFound(table=table, col=column, match=match)
2026-07-27 23:00:43.799 9 ERROR ovsdbapp.backend.ovs_idl.command ovsdbapp.backend.ovs_idl.idlutils.RowNotFound: Cannot find Logical_Switch_Port with name=8c101af9-0ad0-41f5-b799-d07c75cae20c
2026-07-27 23:00:43.799 9 ERROR ovsdbapp.backend.ovs_idl.command 
2026-07-27 23:00:43.801 9 ERROR ovsdbapp.event [None req-0748c09a-3db5-40cc-8c37-da8d8509ab02 - - - - - -] Unexpected exception in notify_loop: ovsdbapp.backend.ovs_idl.idlutils.RowNotFound: Cannot find Logical_Switch_Port with name=8c101af9-0ad0-41f5-b799-d07c75cae20c
2026-07-27 23:00:43.801 9 ERROR ovsdbapp.event
Traceback (most recent call last):
2026-07-27 23:00:43.801 9 ERROR ovsdbapp.event
File "/var/lib/openstack/lib/python3.10/site-packages/ovsdbapp/event.py", line 177, in notify_loop
2026-07-27 23:00:43.801 9 ERROR ovsdbapp.event match.run(event, row, updates)
2026-07-27 23:00:43.801 9 ERROR ovsdbapp.event
File "/var/lib/openstack/lib/python3.10/site-packages/neutron/plugins/ml2/drivers/ovn/mech_driver/ovsdb/ovsdb_monitor.py", line 543, in run
2026-07-27 23:00:43.801 9 ERROR ovsdbapp.event self.driver.set_port_status_down(row.name)
2026-07-27 23:00:43.801 9 ERROR ovsdbapp.event
File "/var/lib/openstack/lib/python3.10/site-packages/neutron/plugins/ml2/drivers/ovn/mech_driver/mech_driver.py", line 1231, in set_port_status_down
2026-07-27 23:00:43.801 9 ERROR ovsdbapp.event self._ovn_client.update_lsp_host_info(
2026-07-27 23:00:43.801 9 ERROR ovsdbapp.event
File "/var/lib/openstack/lib/python3.10/site-packages/neutron/plugins/ml2/drivers/ovn/mech_driver/ovsdb/ovn_client.py", line 297, in update_lsp_host_info
2026-07-27 23:00:43.801 9 ERROR ovsdbapp.event port_up = self._nb_idl.lsp_get_up(db_port.id).execute(
2026-07-27 23:00:43.801 9 ERROR ovsdbapp.event
File "/var/lib/openstack/lib/python3.10/site-packages/ovsdbapp/backend/ovs_idl/command.py", line 47, in execute
2026-07-27 23:00:43.801 9 ERROR ovsdbapp.event self.run_idl(None)
2026-07-27 23:00:43.801 9 ERROR ovsdbapp.event
File "/var/lib/openstack/lib/python3.10/site-packages/ovsdbapp/schema/ovn_northbound/commands.py", line 650, in run_idl
2026-07-27 23:00:43.801 9 ERROR ovsdbapp.event lsp = self.api.lookup('Logical_Switch_Port', self.port)
2026-07-27 23:00:43.801 9 ERROR ovsdbapp.event
File "/var/lib/openstack/lib/python3.10/site-packages/ovsdbapp/backend/ovs_idl/__init__.py", line 183, in lookup
2026-07-27 23:00:43.801 9 ERROR ovsdbapp.event return self._lookup(table, record)
2026-07-27 23:00:43.801 9 ERROR ovsdbapp.event
File "/var/lib/openstack/lib/python3.10/site-packages/ovsdbapp/backend/ovs_idl/__init__.py", line 234, in _lookup
2026-07-27 23:00:43.801 9 ERROR ovsdbapp.event row = idlutils.row_by_value(self, rl.table, rl.column, record)
2026-07-27 23:00:43.801 9 ERROR ovsdbapp.event
File "/var/lib/openstack/lib/python3.10/site-packages/ovsdbapp/backend/ovs_idl/idlutils.py", line 114, in row_by_value
2026-07-27 23:00:43.801 9 ERROR ovsdbapp.event raise RowNotFound(table=table, col=column, match=match)
2026-07-27 23:00:43.801 9 ERROR ovsdbapp.event ovsdbapp.backend.ovs_idl.idlutils.RowNotFound: Cannot find Logical_Switch_Port with name=8c101af9-0ad0-41f5-b799-d07c75cae20c
2026-07-27 23:00:43.801 9 ERROR ovsdbapp.event 
2026-07-27 23:00:43.830 9 INFO neutron.wsgi [req-cda465c4-8ce5-4a07-a978-0b2393cc76c3 req-ddc40c14-8675-4a0f-98d4-bc5e1eddb3cb 4ae2918b748e4819b2a5de1533ab71db c2aa240b67a1458f923718d0471bba19 - - default default] 199.204.45.138 "DELETE /v2.0/ports/8c101af9-0ad0-41f5-b799-d07c75cae20c HTTP/1.1" status: 204 len: 173 time: 0.6087918
2026-07-27 23:00:43.959 10 INFO neutron.db.ovn_revision_numbers_db [None req-8d4b716c-450e-4e9d-a265-16e9f4908cab 2aa3462560e94feaad98ceb1859b6526 6e8d63950c454d7785ce09026d97fdeb - - default default] Successfully bumped revision number for resource a6a2fa65-dff4-4689-ab0f-7ca5086a58d6 (type: floatingips) to 1
2026-07-27 23:00:44.098 10 INFO neutron.db.ovn_revision_numbers_db [None req-8d4b716c-450e-4e9d-a265-16e9f4908cab 2aa3462560e94feaad98ceb1859b6526 6e8d63950c454d7785ce09026d97fdeb - - default default] Successfully bumped revision number for resource a6a2fa65-dff4-4689-ab0f-7ca5086a58d6 (type: floatingips) to 2
2026-07-27 23:00:44.148 9 INFO neutron.wsgi [None req-459f0b76-46fa-47e8-88a5-b43c91044288 1bdb6d1c56fb4df4acac7dd5d0b59f48 0fbfa7a401d04bceaab07ee6f3c200ef - - default default] 10.0.0.79 "DELETE /v2.0/routers/029503dc-5d63-4c33-bbfe-0aa9bc4acda7 HTTP/1.1" status: 204 len: 168 time: 1.4540274
2026-07-27 23:00:44.152 10 INFO neutron.wsgi [None req-8d4b716c-450e-4e9d-a265-16e9f4908cab 2aa3462560e94feaad98ceb1859b6526 6e8d63950c454d7785ce09026d97fdeb - - default default] 10.0.0.79 "PUT /v2.0/floatingips/a6a2fa65-dff4-4689-ab0f-7ca5086a58d6 HTTP/1.1" status: 200 len: 1050 time: 0.7723634 /var/lib/openstack/lib/python3.10/site-packages/pycadf/identifier.py:71: UserWarning: Invalid uuid: neutron. To ensure interoperability, identifiers should be a valid uuid. warnings.warn(('Invalid uuid: %s. To ensure interoperability, '
2026-07-27 23:00:44.271 9 INFO neutron.wsgi [req-694223f8-06b7-4b23-bb06-88c779175482 req-7d51f1eb-4a13-4660-9305-39f38fbdaa7e 2aa3462560e94feaad98ceb1859b6526 6e8d63950c454d7785ce09026d97fdeb - - default default] 10.0.0.148 "GET /v2.0/ports?device_id=09e548c9-179d-4bdb-8278-2ebb94e5361e HTTP/1.1" status: 200 len: 1174 time: 0.0460775
2026-07-27 23:00:44.319 9 INFO neutron.wsgi [req-694223f8-06b7-4b23-bb06-88c779175482 req-e194d0cf-6df2-4f4f-b87f-68e96f77cee3 2aa3462560e94feaad98ceb1859b6526 6e8d63950c454d7785ce09026d97fdeb - - default default] 10.0.0.148 "GET /v2.0/security-groups?id=210cbca0-191b-4a68-9c6a-fd0acf2374d0&fields=id&fields=name HTTP/1.1" status: 200 len: 313 time: 0.0412476
2026-07-27 23:00:44.410 10 INFO neutron.wsgi [None req-bb904b51-7bcd-4eb8-bafc-5851b897f671 1bdb6d1c56fb4df4acac7dd5d0b59f48 0fbfa7a401d04bceaab07ee6f3c200ef - - default default] 10.0.0.79 "DELETE /v2.0/subnets/4f0779c4-9f51-4f5a-bcf1-048fabd4b757 HTTP/1.1" status: 204 len: 168 time: 0.2554474
2026-07-27 23:00:44.667 10 INFO neutron.plugins.ml2.drivers.ovn.mech_driver.mech_driver [None req-ecdc94dd-4d56-43b7-b2f3-ca67427ed8e7 - - - - - -] OVN reports status down for port: 6bf3c405-34e1-4d41-96c6-b3bada364f03
2026-07-27 23:00:44.668 9 INFO neutron.wsgi [req-45d20a7f-45ab-4f92-8964-3c161cc32385 req-973eb7ed-13a4-4b10-aee5-36d111d26027 2aa3462560e94feaad98ceb1859b6526 6e8d63950c454d7785ce09026d97fdeb - - default default] 10.0.0.148 "GET /v2.0/ports?device_id=09e548c9-179d-4bdb-8278-2ebb94e5361e HTTP/1.1" status: 200 len: 1174 time: 0.0652306
