2026-07-27 23:03:01.879 9 INFO neutron.wsgi [req-e4834898-4bef-4214-9e5d-6e105cd67e6b req-229f1bf9-9dcc-49cf-964f-1b427ac3c04b d209e96dc3824bc5b996c67d567f9d62 fe4d4b0dbfc74b929c22fb51c35109fc - - 75534254d2f848d6999a7b6b9f59d9ca 75534254d2f848d6999a7b6b9f59d9ca] 199.204.45.138 "GET /v2.0/ports?tenant_id=dcd6b8abb7d44019bb41222781cb2732&device_id=b7292cef-ad0c-44bc-b1dd-8c0a52db6625 HTTP/1.1" status: 200 len: 1446 time: 0.0418658
2026-07-27 23:03:01.969 9 INFO neutron.wsgi [req-9de61b5d-26c0-436c-8384-7dc9d13d765a req-0457839d-851f-4f4e-8e3c-132bc3d95bb8 8b161901575349a08d51cf128a116bd8 dcd6b8abb7d44019bb41222781cb2732 - - default default] 10.0.0.148 "GET /v2.0/ports?device_id=b7292cef-ad0c-44bc-b1dd-8c0a52db6625 HTTP/1.1" status: 200 len: 1208 time: 0.0681529
2026-07-27 23:03:02.019 9 INFO neutron.wsgi [req-fa969101-6ce6-482f-8697-3de76434744d req-9faaa85b-f538-4938-a7f2-c2dbc8630ad0 d209e96dc3824bc5b996c67d567f9d62 fe4d4b0dbfc74b929c22fb51c35109fc - - 75534254d2f848d6999a7b6b9f59d9ca 75534254d2f848d6999a7b6b9f59d9ca] 199.204.45.138 "GET /v2.0/ports?device_id=b7292cef-ad0c-44bc-b1dd-8c0a52db6625 HTTP/1.1" status: 200 len: 1446 time: 0.0802824
2026-07-27 23:03:02.032 9 INFO neutron.wsgi [req-e4834898-4bef-4214-9e5d-6e105cd67e6b req-d7b7366c-0de6-4a64-b32c-17fa0ac15e0a d209e96dc3824bc5b996c67d567f9d62 fe4d4b0dbfc74b929c22fb51c35109fc - - 75534254d2f848d6999a7b6b9f59d9ca 75534254d2f848d6999a7b6b9f59d9ca] 199.204.45.138 "GET /v2.0/networks?id=5298f7cd-1db6-4a65-82ff-33349226d832 HTTP/1.1" status: 200 len: 971 time: 0.1474493
2026-07-27 23:03:02.085 9 INFO neutron.wsgi [req-e4834898-4bef-4214-9e5d-6e105cd67e6b req-140bef43-4020-45e5-b45a-8236e0d14f00 d209e96dc3824bc5b996c67d567f9d62 fe4d4b0dbfc74b929c22fb51c35109fc - - 75534254d2f848d6999a7b6b9f59d9ca 75534254d2f848d6999a7b6b9f59d9ca] 199.204.45.138 "GET /v2.0/floatingips?fixed_ip_address=10.100.0.3&port_id=fb3845c9-77d9-43d4-9cd9-4f52f0e02668 HTTP/1.1" status: 200 len: 217 time: 0.0424118
2026-07-27 23:03:02.119 9 INFO neutron.wsgi [req-9de61b5d-26c0-436c-8384-7dc9d13d765a req-34810990-1f79-46b2-b312-46a6053845c8 8b161901575349a08d51cf128a116bd8 dcd6b8abb7d44019bb41222781cb2732 - - default default] 10.0.0.148 "GET /v2.0/security-groups?id=fc4a74f8-2f33-4360-a602-3da2cf43e1da&id=4497ec46-309a-43c9-a755-e214659aa835&fields=id&fields=name HTTP/1.1" status: 200 len: 404 time: 0.1400032
2026-07-27 23:03:02.123 9 INFO neutron.db.ovn_revision_numbers_db [None req-40bce781-4982-4986-91ab-5efb0209638c 388d3e8cfad84cb997c8c0390fe5e2c5 b4a23246d34643f699dd244968cfd18b - - default default] Successfully bumped revision number for resource f65304d6-e3ca-491b-82da-434365785f7e (type: networks) to 1
2026-07-27 23:03:02.145 9 INFO neutron.wsgi [req-fa969101-6ce6-482f-8697-3de76434744d req-1c3ce0ef-1577-4f77-97b9-558f8cd39e5a d209e96dc3824bc5b996c67d567f9d62 fe4d4b0dbfc74b929c22fb51c35109fc - - 75534254d2f848d6999a7b6b9f59d9ca 75534254d2f848d6999a7b6b9f59d9ca] 199.204.45.138 "GET /v2.0/security-groups?id=4497ec46-309a-43c9-a755-e214659aa835&id=fc4a74f8-2f33-4360-a602-3da2cf43e1da&fields=id&fields=name HTTP/1.1" status: 200 len: 404 time: 0.1189508
2026-07-27 23:03:02.156 9 INFO neutron.wsgi [req-e4834898-4bef-4214-9e5d-6e105cd67e6b req-4bcf5624-f283-4c56-bb3d-82fe8411b83c d209e96dc3824bc5b996c67d567f9d62 fe4d4b0dbfc74b929c22fb51c35109fc - - 75534254d2f848d6999a7b6b9f59d9ca 75534254d2f848d6999a7b6b9f59d9ca] 199.204.45.138 "GET /v2.0/subnets?id=c34642d6-c268-447a-9ed3-934716571cfb HTTP/1.1" status: 200 len: 866 time: 0.0628102
2026-07-27 23:03:02.222 9 INFO neutron.wsgi [req-e4834898-4bef-4214-9e5d-6e105cd67e6b req-0ccba2f9-28dd-4a27-85e1-bd5302950e28 d209e96dc3824bc5b996c67d567f9d62 fe4d4b0dbfc74b929c22fb51c35109fc - - 75534254d2f848d6999a7b6b9f59d9ca 75534254d2f848d6999a7b6b9f59d9ca] 199.204.45.138 "GET /v2.0/ports?network_id=5298f7cd-1db6-4a65-82ff-33349226d832&device_owner=network%3Adhcp HTTP/1.1" status: 200 len: 210 time: 0.0424857
2026-07-27 23:03:02.247 9 INFO neutron.plugins.ml2.drivers.ovn.mech_driver.mech_driver [None req-0748c09a-3db5-40cc-8c37-da8d8509ab02 - - - - - -] OVN reports status up for port: fb3845c9-77d9-43d4-9cd9-4f52f0e02668
2026-07-27 23:03:02.275 9 INFO neutron.plugins.ml2.plugin [None req-0748c09a-3db5-40cc-8c37-da8d8509ab02 - - - - - -] Attempt 1 to provision port fb3845c9-77d9-43d4-9cd9-4f52f0e02668
2026-07-27 23:03:02.341 9 INFO neutron.wsgi [req-e4834898-4bef-4214-9e5d-6e105cd67e6b req-f57a4eb2-938b-4045-b93b-108c12a1d38c d209e96dc3824bc5b996c67d567f9d62 fe4d4b0dbfc74b929c22fb51c35109fc - - 75534254d2f848d6999a7b6b9f59d9ca 75534254d2f848d6999a7b6b9f59d9ca] 199.204.45.138 "GET /v2.0/networks/5298f7cd-1db6-4a65-82ff-33349226d832?fields=segments HTTP/1.1" status: 200 len: 212 time: 0.1107326
2026-07-27 23:03:02.403 9 WARNING neutron.scheduler.dhcp_agent_scheduler [None req-40bce781-4982-4986-91ab-5efb0209638c 388d3e8cfad84cb997c8c0390fe5e2c5 b4a23246d34643f699dd244968cfd18b - - default default] No more DHCP agents
2026-07-27 23:03:02.409 9 WARNING neutron.api.rpc.agentnotifiers.dhcp_rpc_agent_api [None req-40bce781-4982-4986-91ab-5efb0209638c 388d3e8cfad84cb997c8c0390fe5e2c5 b4a23246d34643f699dd244968cfd18b - - default default] Unable to schedule network f65304d6-e3ca-491b-82da-434365785f7e: no agents available; will retry on subsequent port and subnet creation events.
2026-07-27 23:03:02.459 9 INFO neutron.wsgi [req-e4834898-4bef-4214-9e5d-6e105cd67e6b req-3e1e4daa-1df1-40aa-8699-20307fa3a317 d209e96dc3824bc5b996c67d567f9d62 fe4d4b0dbfc74b929c22fb51c35109fc - - 75534254d2f848d6999a7b6b9f59d9ca 75534254d2f848d6999a7b6b9f59d9ca] 199.204.45.138 "GET /v2.0/networks/5298f7cd-1db6-4a65-82ff-33349226d832?fields=provider%3Aphysical_network&fields=provider%3Anetwork_type HTTP/1.1" status: 200 len: 277 time: 0.1037545
2026-07-27 23:03:02.543 9 INFO neutron.db.ovn_revision_numbers_db [None req-40bce781-4982-4986-91ab-5efb0209638c 388d3e8cfad84cb997c8c0390fe5e2c5 b4a23246d34643f699dd244968cfd18b - - default default] Successfully bumped revision number for resource 2660d5f8-84da-49d6-b74e-b107b3ceada4 (type: ports) to 1
2026-07-27 23:03:02.560 10 INFO neutron.db.ovn_revision_numbers_db [None req-3e0b4fae-13f1-4c6a-a34f-904e835acece 1bdb6d1c56fb4df4acac7dd5d0b59f48 0fbfa7a401d04bceaab07ee6f3c200ef - - default default] Successfully bumped revision number for resource 09bbf136-a49a-4605-886c-607b64685782 (type: security_groups) to 1
2026-07-27 23:03:02.573 9 INFO neutron.wsgi [None req-40bce781-4982-4986-91ab-5efb0209638c 388d3e8cfad84cb997c8c0390fe5e2c5 b4a23246d34643f699dd244968cfd18b - - default default] 10.0.0.79 "POST /v2.0/networks HTTP/1.1" status: 201 len: 828 time: 1.4010975
2026-07-27 23:03:02.590 10 INFO neutron.db.ovn_revision_numbers_db [None req-3e0b4fae-13f1-4c6a-a34f-904e835acece 1bdb6d1c56fb4df4acac7dd5d0b59f48 0fbfa7a401d04bceaab07ee6f3c200ef - - default default] Successfully bumped revision number for resource 0771151a-6314-4f20-8054-416a2ffa2274 (type: security_group_rules) to 0
2026-07-27 23:03:02.612 10 INFO neutron.db.ovn_revision_numbers_db [None req-3e0b4fae-13f1-4c6a-a34f-904e835acece 1bdb6d1c56fb4df4acac7dd5d0b59f48 0fbfa7a401d04bceaab07ee6f3c200ef - - default default] Successfully bumped revision number for resource 18ef6caf-02ec-430b-91f4-9e38d8b7a391 (type: security_group_rules) to 0
2026-07-27 23:03:02.645 10 INFO neutron.db.ovn_revision_numbers_db [None req-3e0b4fae-13f1-4c6a-a34f-904e835acece 1bdb6d1c56fb4df4acac7dd5d0b59f48 0fbfa7a401d04bceaab07ee6f3c200ef - - default default] Successfully bumped revision number for resource 4357ad26-ad7b-40f3-9f47-1add1b5ae08f (type: security_group_rules) to 0
2026-07-27 23:03:02.662 10 INFO neutron.db.ovn_revision_numbers_db [None req-3e0b4fae-13f1-4c6a-a34f-904e835acece 1bdb6d1c56fb4df4acac7dd5d0b59f48 0fbfa7a401d04bceaab07ee6f3c200ef - - default default] Successfully bumped revision number for resource c6cb97c0-c097-4ff1-823c-ed40bc338686 (type: security_group_rules) to 0
2026-07-27 23:03:02.693 10 INFO neutron.db.segments_db [None req-4ba663c8-706e-4139-9bd2-8543d591bc2a 388d3e8cfad84cb997c8c0390fe5e2c5 b4a23246d34643f699dd244968cfd18b - - default default] Added segment aa5dda66-e42d-4d65-823e-3c1896cb6ae9 of type geneve for network 70f868ff-6893-4278-b8fe-6b1fe7aaa4f5
2026-07-27 23:03:02.695 9 INFO neutron.db.ovn_revision_numbers_db [None req-0748c09a-3db5-40cc-8c37-da8d8509ab02 - - - - - -] Successfully bumped revision number for resource fb3845c9-77d9-43d4-9cd9-4f52f0e02668 (type: ports) to 4
2026-07-27 23:03:02.700 10 INFO neutron.wsgi [None req-3e0b4fae-13f1-4c6a-a34f-904e835acece 1bdb6d1c56fb4df4acac7dd5d0b59f48 0fbfa7a401d04bceaab07ee6f3c200ef - - default default] 10.0.0.79 "GET /v2.0/security-groups?tenant_id=9d9ca177b8ac40d880cefb8a645a287e&name=default HTTP/1.1" status: 200 len: 2996 time: 0.5628932
2026-07-27 23:03:02.866 10 INFO neutron.db.ovn_revision_numbers_db [None req-4ba663c8-706e-4139-9bd2-8543d591bc2a 388d3e8cfad84cb997c8c0390fe5e2c5 b4a23246d34643f699dd244968cfd18b - - default default] Successfully bumped revision number for resource 70f868ff-6893-4278-b8fe-6b1fe7aaa4f5 (type: networks) to 1
2026-07-27 23:03:02.938 9 INFO neutron.wsgi [None req-cb6a3693-7998-4681-9249-67117b84ea1f 1bdb6d1c56fb4df4acac7dd5d0b59f48 0fbfa7a401d04bceaab07ee6f3c200ef - - default default] 10.0.0.79 "DELETE /v2.0/security-groups/09bbf136-a49a-4605-886c-607b64685782 HTTP/1.1" status: 204 len: 168 time: 0.2314262 /var/lib/openstack/lib/python3.10/site-packages/pycadf/identifier.py:71: UserWarning: Invalid uuid: neutron. To ensure interoperability, identifiers should be a valid uuid. warnings.warn(('Invalid uuid: %s. To ensure interoperability, '
2026-07-27 23:03:03.079 10 WARNING neutron.scheduler.dhcp_agent_scheduler [None req-4ba663c8-706e-4139-9bd2-8543d591bc2a 388d3e8cfad84cb997c8c0390fe5e2c5 b4a23246d34643f699dd244968cfd18b - - default default] No more DHCP agents
2026-07-27 23:03:03.082 10 WARNING neutron.api.rpc.agentnotifiers.dhcp_rpc_agent_api [None req-4ba663c8-706e-4139-9bd2-8543d591bc2a 388d3e8cfad84cb997c8c0390fe5e2c5 b4a23246d34643f699dd244968cfd18b - - default default] Unable to schedule network 70f868ff-6893-4278-b8fe-6b1fe7aaa4f5: no agents available; will retry on subsequent port and subnet creation events.
2026-07-27 23:03:03.164 9 INFO neutron.db.ovn_revision_numbers_db [None req-263b66ad-0c09-410d-9a3f-a577dcf6c137 1bdb6d1c56fb4df4acac7dd5d0b59f48 0fbfa7a401d04bceaab07ee6f3c200ef - - default default] Successfully bumped revision number for resource 2c39522b-7bcf-45b0-a926-b8aaeb8b0ae6 (type: security_groups) to 1
2026-07-27 23:03:03.192 9 INFO neutron.db.ovn_revision_numbers_db [None req-263b66ad-0c09-410d-9a3f-a577dcf6c137 1bdb6d1c56fb4df4acac7dd5d0b59f48 0fbfa7a401d04bceaab07ee6f3c200ef - - default default] Successfully bumped revision number for resource 722d9464-43db-4f1a-a88f-98853e724693 (type: security_group_rules) to 0
2026-07-27 23:03:03.216 10 INFO neutron.db.ovn_revision_numbers_db [None req-4ba663c8-706e-4139-9bd2-8543d591bc2a 388d3e8cfad84cb997c8c0390fe5e2c5 b4a23246d34643f699dd244968cfd18b - - default default] Successfully bumped revision number for resource cf29c3b0-777d-4374-a98a-2e8e0e17773a (type: ports) to 1
2026-07-27 23:03:03.231 9 INFO neutron.db.ovn_revision_numbers_db [None req-263b66ad-0c09-410d-9a3f-a577dcf6c137 1bdb6d1c56fb4df4acac7dd5d0b59f48 0fbfa7a401d04bceaab07ee6f3c200ef - - default default] Successfully bumped revision number for resource 84d69033-462d-45de-ba36-3fec061bb285 (type: security_group_rules) to 0
2026-07-27 23:03:03.245 10 INFO neutron.wsgi [None req-4ba663c8-706e-4139-9bd2-8543d591bc2a 388d3e8cfad84cb997c8c0390fe5e2c5 b4a23246d34643f699dd244968cfd18b - - default default] 10.0.0.79 "POST /v2.0/networks HTTP/1.1" status: 201 len: 828 time: 0.6630516
2026-07-27 23:03:03.254 9 INFO neutron.db.ovn_revision_numbers_db [None req-263b66ad-0c09-410d-9a3f-a577dcf6c137 1bdb6d1c56fb4df4acac7dd5d0b59f48 0fbfa7a401d04bceaab07ee6f3c200ef - - default default] Successfully bumped revision number for resource f23376c0-06a7-44d0-b7c4-a6c379e71677 (type: security_group_rules) to 0
2026-07-27 23:03:03.281 9 INFO neutron.db.ovn_revision_numbers_db [None req-263b66ad-0c09-410d-9a3f-a577dcf6c137 1bdb6d1c56fb4df4acac7dd5d0b59f48 0fbfa7a401d04bceaab07ee6f3c200ef - - default default] Successfully bumped revision number for resource f602cfa6-e28f-42de-8bcc-ed878b55d0f2 (type: security_group_rules) to 0
2026-07-27 23:03:03.309 9 INFO neutron.wsgi [req-d6d862b8-952f-4790-8446-7abdfdeb2d33 req-2a782080-3f4c-4ebe-b5bc-d5fecac76148 8b161901575349a08d51cf128a116bd8 dcd6b8abb7d44019bb41222781cb2732 - - default default] 10.0.0.148 "GET /v2.0/ports?device_id=b7292cef-ad0c-44bc-b1dd-8c0a52db6625 HTTP/1.1" status: 200 len: 1210 time: 0.1068506
2026-07-27 23:03:03.321 9 INFO neutron.wsgi [None req-263b66ad-0c09-410d-9a3f-a577dcf6c137 1bdb6d1c56fb4df4acac7dd5d0b59f48 0fbfa7a401d04bceaab07ee6f3c200ef - - default default] 10.0.0.79 "GET /v2.0/security-groups?tenant_id=e33b6c7b33304c5ab52bfde84839fbe8&name=default HTTP/1.1" status: 200 len: 2996 time: 0.2666936
2026-07-27 23:03:03.377 9 INFO neutron.wsgi [req-d6d862b8-952f-4790-8446-7abdfdeb2d33 req-29470386-c5f9-4bb8-8303-1abdf34b29f2 8b161901575349a08d51cf128a116bd8 dcd6b8abb7d44019bb41222781cb2732 - - default default] 10.0.0.148 "GET /v2.0/security-groups?id=fc4a74f8-2f33-4360-a602-3da2cf43e1da&id=4497ec46-309a-43c9-a755-e214659aa835&fields=id&fields=name HTTP/1.1" status: 200 len: 404 time: 0.0599041
2026-07-27 23:03:03.509 9 INFO neutron.notifiers.nova [-] Nova event matching ['req-11182b03-a84b-4e5a-9611-650f7df2ec6d'] response: {'server_uuid': 'b7292cef-ad0c-44bc-b1dd-8c0a52db6625', 'name': 'network-vif-plugged', 'status': 'completed', 'tag': 'fb3845c9-77d9-43d4-9cd9-4f52f0e02668', 'code': 200}
2026-07-27 23:03:03.509 9 INFO neutron.notifiers.nova [-] Nova event matching ['req-11182b03-a84b-4e5a-9611-650f7df2ec6d'] response: {'server_uuid': 'b7292cef-ad0c-44bc-b1dd-8c0a52db6625', 'name': 'network-vif-plugged', 'status': 'completed', 'tag': 'fb3845c9-77d9-43d4-9cd9-4f52f0e02668', 'code': 200}
2026-07-27 23:03:03.621 10 WARNING neutron.scheduler.dhcp_agent_scheduler [None req-2dfaa627-89eb-4a84-865d-29d48ac0af3c 388d3e8cfad84cb997c8c0390fe5e2c5 b4a23246d34643f699dd244968cfd18b - - default default] No more DHCP agents
2026-07-27 23:03:03.631 10 WARNING neutron.api.rpc.agentnotifiers.dhcp_rpc_agent_api [None req-2dfaa627-89eb-4a84-865d-29d48ac0af3c 388d3e8cfad84cb997c8c0390fe5e2c5 b4a23246d34643f699dd244968cfd18b - - default default] Unable to schedule network f65304d6-e3ca-491b-82da-434365785f7e: no agents available; will retry on subsequent port and subnet creation events.
2026-07-27 23:03:03.761 10 INFO neutron.wsgi [None req-fb70d5c2-4429-4247-92b0-e4aa5946834d 1bdb6d1c56fb4df4acac7dd5d0b59f48 0fbfa7a401d04bceaab07ee6f3c200ef - - default default] 10.0.0.79 "DELETE /v2.0/security-groups/2c39522b-7bcf-45b0-a926-b8aaeb8b0ae6 HTTP/1.1" status: 204 len: 168 time: 0.4330201
2026-07-27 23:03:04.444 10 INFO neutron.db.ovn_revision_numbers_db [None req-2dfaa627-89eb-4a84-865d-29d48ac0af3c 388d3e8cfad84cb997c8c0390fe5e2c5 b4a23246d34643f699dd244968cfd18b - - default default] Successfully bumped revision number for resource 2660d5f8-84da-49d6-b74e-b107b3ceada4 (type: ports) to 2
2026-07-27 23:03:04.484 10 INFO neutron.db.ovn_revision_numbers_db [None req-2dfaa627-89eb-4a84-865d-29d48ac0af3c 388d3e8cfad84cb997c8c0390fe5e2c5 b4a23246d34643f699dd244968cfd18b - - default default] Successfully bumped revision number for resource 1658b118-b13d-4e3f-99c9-dc7c2aa8e7bd (type: subnets) to 0
2026-07-27 23:03:04.502 10 INFO neutron.wsgi [None req-2dfaa627-89eb-4a84-865d-29d48ac0af3c 388d3e8cfad84cb997c8c0390fe5e2c5 b4a23246d34643f699dd244968cfd18b - - default default] 10.0.0.79 "POST /v2.0/subnets HTTP/1.1" status: 201 len: 801 time: 1.2511983
2026-07-27 23:03:04.522 9 INFO neutron.wsgi [req-060007c5-9210-4413-a68d-8115d54b53f8 req-d196e9d7-7f49-478a-9844-bc977cd0c8b1 8b161901575349a08d51cf128a116bd8 dcd6b8abb7d44019bb41222781cb2732 - - default default] 10.0.0.148 "GET /v2.0/ports?device_id=b7292cef-ad0c-44bc-b1dd-8c0a52db6625 HTTP/1.1" status: 200 len: 1210 time: 0.0509253
2026-07-27 23:03:04.574 9 INFO neutron.wsgi [req-060007c5-9210-4413-a68d-8115d54b53f8 req-50904bdc-98e9-4004-84b0-9115df1d24e1 8b161901575349a08d51cf128a116bd8 dcd6b8abb7d44019bb41222781cb2732 - - default default] 10.0.0.148 "GET /v2.0/security-groups?id=fc4a74f8-2f33-4360-a602-3da2cf43e1da&id=4497ec46-309a-43c9-a755-e214659aa835&fields=id&fields=name HTTP/1.1" status: 200 len: 404 time: 0.0460353
2026-07-27 23:03:04.704 9 INFO neutron.wsgi [req-9cb6c6b1-ace2-40db-a068-cdb55958a87d req-d6a0c86d-8e52-4b59-83ef-5cd0aba78d43 8b161901575349a08d51cf128a116bd8 dcd6b8abb7d44019bb41222781cb2732 - - default default] 10.0.0.148 "GET /v2.0/ports?device_id=b7292cef-ad0c-44bc-b1dd-8c0a52db6625 HTTP/1.1" status: 200 len: 1210 time: 0.0452707
2026-07-27 23:03:04.799 10 WARNING neutron.scheduler.dhcp_agent_scheduler [None req-db73f3de-df3f-4055-bc8a-9be1dd19e6f0 388d3e8cfad84cb997c8c0390fe5e2c5 b4a23246d34643f699dd244968cfd18b - - default default] No more DHCP agents
2026-07-27 23:03:04.803 10 WARNING neutron.api.rpc.agentnotifiers.dhcp_rpc_agent_api [None req-db73f3de-df3f-4055-bc8a-9be1dd19e6f0 388d3e8cfad84cb997c8c0390fe5e2c5 b4a23246d34643f699dd244968cfd18b - - default default] Unable to schedule network 70f868ff-6893-4278-b8fe-6b1fe7aaa4f5: no agents available; will retry on subsequent port and subnet creation events.
2026-07-27 23:03:04.973 9 INFO neutron.db.l3_db [None req-c2104efa-bad0-48b9-881c-765bb821d281 8b161901575349a08d51cf128a116bd8 dcd6b8abb7d44019bb41222781cb2732 - - default default] Floating IP 531eae19-8ad4-4227-b0bf-a71caf76d22b associated. External IP: 10.96.250.210, port: fb3845c9-77d9-43d4-9cd9-4f52f0e02668.
2026-07-27 23:03:05.204 9 INFO neutron.db.ovn_revision_numbers_db [None req-c2104efa-bad0-48b9-881c-765bb821d281 8b161901575349a08d51cf128a116bd8 dcd6b8abb7d44019bb41222781cb2732 - - default default] Successfully bumped revision number for resource 531eae19-8ad4-4227-b0bf-a71caf76d22b (type: floatingips) to 1
2026-07-27 23:03:05.331 9 INFO neutron.db.ovn_revision_numbers_db [None req-c2104efa-bad0-48b9-881c-765bb821d281 8b161901575349a08d51cf128a116bd8 dcd6b8abb7d44019bb41222781cb2732 - - default default] Successfully bumped revision number for resource 531eae19-8ad4-4227-b0bf-a71caf76d22b (type: floatingips) to 2
2026-07-27 23:03:05.365 9 INFO neutron.wsgi [None req-c2104efa-bad0-48b9-881c-765bb821d281 8b161901575349a08d51cf128a116bd8 dcd6b8abb7d44019bb41222781cb2732 - - default default] 10.0.0.79 "PUT /v2.0/floatingips/531eae19-8ad4-4227-b0bf-a71caf76d22b HTTP/1.1" status: 200 len: 1049 time: 0.6510260
2026-07-27 23:03:05.395 10 INFO neutron.db.ovn_revision_numbers_db [None req-db73f3de-df3f-4055-bc8a-9be1dd19e6f0 388d3e8cfad84cb997c8c0390fe5e2c5 b4a23246d34643f699dd244968cfd18b - - default default] Successfully bumped revision number for resource cf29c3b0-777d-4374-a98a-2e8e0e17773a (type: ports) to 2
2026-07-27 23:03:05.450 10 INFO neutron.db.ovn_revision_numbers_db [None req-db73f3de-df3f-4055-bc8a-9be1dd19e6f0 388d3e8cfad84cb997c8c0390fe5e2c5 b4a23246d34643f699dd244968cfd18b - - default default] Successfully bumped revision number for resource 0829ab10-7b2b-496d-b273-4662e997eafe (type: subnets) to 0
2026-07-27 23:03:05.473 10 INFO neutron.wsgi [None req-db73f3de-df3f-4055-bc8a-9be1dd19e6f0 388d3e8cfad84cb997c8c0390fe5e2c5 b4a23246d34643f699dd244968cfd18b - - default default] 10.0.0.79 "POST /v2.0/subnets HTTP/1.1" status: 201 len: 801 time: 0.9659743 /var/lib/openstack/lib/python3.10/site-packages/pycadf/identifier.py:71: UserWarning: Invalid uuid: neutron. To ensure interoperability, identifiers should be a valid uuid. warnings.warn(('Invalid uuid: %s. To ensure interoperability, '
2026-07-27 23:03:05.550 9 INFO neutron.notifiers.nova [-] Nova event matching ['req-b6c8ce54-02ce-4f36-94bb-79002316cecc'] response: {'name': 'network-changed', 'server_uuid': 'b7292cef-ad0c-44bc-b1dd-8c0a52db6625', 'tag': 'fb3845c9-77d9-43d4-9cd9-4f52f0e02668', 'status': 'completed', 'code': 200}
2026-07-27 23:03:05.626 9 INFO neutron.wsgi [req-bd9d217c-b9c9-4038-9e15-7e9e4dd68369 req-36b5cbfb-0646-4554-a963-c3cf7d376c1b d209e96dc3824bc5b996c67d567f9d62 fe4d4b0dbfc74b929c22fb51c35109fc - - 75534254d2f848d6999a7b6b9f59d9ca 75534254d2f848d6999a7b6b9f59d9ca] 199.204.45.138 "GET /v2.0/ports?tenant_id=dcd6b8abb7d44019bb41222781cb2732&device_id=b7292cef-ad0c-44bc-b1dd-8c0a52db6625 HTTP/1.1" status: 200 len: 1448 time: 0.0541751
2026-07-27 23:03:05.692 9 INFO neutron.db.ovn_revision_numbers_db [None req-e0e63891-1b17-4244-9907-92294d565346 388d3e8cfad84cb997c8c0390fe5e2c5 b4a23246d34643f699dd244968cfd18b - - default default] Successfully bumped revision number for resource 20da2f8a-950e-425c-bc89-b56ca401de4f (type: routers) to 1
2026-07-27 23:03:05.708 9 INFO neutron.wsgi [None req-e0e63891-1b17-4244-9907-92294d565346 388d3e8cfad84cb997c8c0390fe5e2c5 b4a23246d34643f699dd244968cfd18b - - default default] 10.0.0.79 "POST /v2.0/routers HTTP/1.1" status: 201 len: 686 time: 0.2198498
2026-07-27 23:03:05.720 9 INFO neutron.wsgi [req-bd9d217c-b9c9-4038-9e15-7e9e4dd68369 req-1dd16c8c-0ca3-47d6-8928-8a42f541b2d1 d209e96dc3824bc5b996c67d567f9d62 fe4d4b0dbfc74b929c22fb51c35109fc - - 75534254d2f848d6999a7b6b9f59d9ca 75534254d2f848d6999a7b6b9f59d9ca] 199.204.45.138 "GET /v2.0/networks?id=5298f7cd-1db6-4a65-82ff-33349226d832 HTTP/1.1" status: 200 len: 971 time: 0.0872409
2026-07-27 23:03:05.825 9 INFO neutron.wsgi [req-bd9d217c-b9c9-4038-9e15-7e9e4dd68369 req-275fd3da-b936-4abf-af3a-bad3fa659838 d209e96dc3824bc5b996c67d567f9d62 fe4d4b0dbfc74b929c22fb51c35109fc - - 75534254d2f848d6999a7b6b9f59d9ca 75534254d2f848d6999a7b6b9f59d9ca] 199.204.45.138 "GET /v2.0/floatingips?fixed_ip_address=10.100.0.3&port_id=fb3845c9-77d9-43d4-9cd9-4f52f0e02668 HTTP/1.1" status: 200 len: 1059 time: 0.0890648
2026-07-27 23:03:06.215 9 INFO neutron.wsgi [req-bd9d217c-b9c9-4038-9e15-7e9e4dd68369 req-6ee26192-0dc7-4e27-952b-14811e2e34bd d209e96dc3824bc5b996c67d567f9d62 fe4d4b0dbfc74b929c22fb51c35109fc - - 75534254d2f848d6999a7b6b9f59d9ca 75534254d2f848d6999a7b6b9f59d9ca] 199.204.45.138 "GET /v2.0/subnets?id=c34642d6-c268-447a-9ed3-934716571cfb HTTP/1.1" status: 200 len: 866 time: 0.3775198
2026-07-27 23:03:06.263 9 INFO neutron.wsgi [req-bd9d217c-b9c9-4038-9e15-7e9e4dd68369 req-bac1e0e8-96d9-447d-beba-efb0762afeaa d209e96dc3824bc5b996c67d567f9d62 fe4d4b0dbfc74b929c22fb51c35109fc - - 75534254d2f848d6999a7b6b9f59d9ca 75534254d2f848d6999a7b6b9f59d9ca] 199.204.45.138 "GET /v2.0/ports?network_id=5298f7cd-1db6-4a65-82ff-33349226d832&device_owner=network%3Adhcp HTTP/1.1" status: 200 len: 210 time: 0.0416675
2026-07-27 23:03:06.378 9 INFO neutron.wsgi [req-bd9d217c-b9c9-4038-9e15-7e9e4dd68369 req-5c3e53b6-32c9-4e6b-881c-f1c3f12559f5 d209e96dc3824bc5b996c67d567f9d62 fe4d4b0dbfc74b929c22fb51c35109fc - - 75534254d2f848d6999a7b6b9f59d9ca 75534254d2f848d6999a7b6b9f59d9ca] 199.204.45.138 "GET /v2.0/networks/5298f7cd-1db6-4a65-82ff-33349226d832?fields=segments HTTP/1.1" status: 200 len: 212 time: 0.1026740
2026-07-27 23:03:06.481 9 INFO neutron.wsgi [req-bd9d217c-b9c9-4038-9e15-7e9e4dd68369 req-eb6d842a-355c-4609-8387-1e3429fc0a48 d209e96dc3824bc5b996c67d567f9d62 fe4d4b0dbfc74b929c22fb51c35109fc - - 75534254d2f848d6999a7b6b9f59d9ca 75534254d2f848d6999a7b6b9f59d9ca] 199.204.45.138 "GET /v2.0/networks/5298f7cd-1db6-4a65-82ff-33349226d832?fields=provider%3Aphysical_network&fields=provider%3Anetwork_type HTTP/1.1" status: 200 len: 277 time: 0.0900798
2026-07-27 23:03:06.568 9 WARNING neutron.scheduler.dhcp_agent_scheduler [None req-9fe6b3df-de2d-4469-804a-d6690a5d4d31 388d3e8cfad84cb997c8c0390fe5e2c5 b4a23246d34643f699dd244968cfd18b - - default default] No more DHCP agents
2026-07-27 23:03:06.571 9 WARNING neutron.api.rpc.agentnotifiers.dhcp_rpc_agent_api [None req-9fe6b3df-de2d-4469-804a-d6690a5d4d31 388d3e8cfad84cb997c8c0390fe5e2c5 b4a23246d34643f699dd244968cfd18b - - default default] Unable to schedule network f65304d6-e3ca-491b-82da-434365785f7e: no agents available; will retry on subsequent port and subnet creation events.
2026-07-27 23:03:06.697 10 INFO neutron.db.ovn_revision_numbers_db [None req-2c8a4bfb-aa02-4d4b-b8b5-5f81e08dfa22 117aa1a8a95640399ac9dea6f65eae01 397d53cdcd0c43e79c7b961f7e087e7e - - default default] Successfully bumped revision number for resource 372357a9-5faa-4d18-9843-6bb078ac3e7d (type: security_groups) to 1
2026-07-27 23:03:06.713 10 INFO neutron.db.ovn_revision_numbers_db [None req-2c8a4bfb-aa02-4d4b-b8b5-5f81e08dfa22 117aa1a8a95640399ac9dea6f65eae01 397d53cdcd0c43e79c7b961f7e087e7e - - default default] Successfully bumped revision number for resource 290d5765-75dc-4c5b-88a1-a1c2ea0a0c9a (type: security_group_rules) to 0
2026-07-27 23:03:06.728 10 INFO neutron.db.ovn_revision_numbers_db [None req-2c8a4bfb-aa02-4d4b-b8b5-5f81e08dfa22 117aa1a8a95640399ac9dea6f65eae01 397d53cdcd0c43e79c7b961f7e087e7e - - default default] Successfully bumped revision number for resource 458365e9-59e2-455b-bfe9-f1e9c6459d0d (type: security_group_rules) to 0
2026-07-27 23:03:06.748 10 INFO neutron.db.ovn_revision_numbers_db [None req-2c8a4bfb-aa02-4d4b-b8b5-5f81e08dfa22 117aa1a8a95640399ac9dea6f65eae01 397d53cdcd0c43e79c7b961f7e087e7e - - default default] Successfully bumped revision number for resource 8cc1c1a5-41b5-48b5-9638-ebe9defc6657 (type: security_group_rules) to 0
2026-07-27 23:03:06.756 9 INFO neutron.db.ovn_revision_numbers_db [None req-9fe6b3df-de2d-4469-804a-d6690a5d4d31 388d3e8cfad84cb997c8c0390fe5e2c5 b4a23246d34643f699dd244968cfd18b - - default default] Successfully bumped revision number for resource 2c59fdf8-668c-444d-afeb-4d7d5fb6ffe4 (type: ports) to 1
2026-07-27 23:03:06.765 10 INFO neutron.db.ovn_revision_numbers_db [None req-2c8a4bfb-aa02-4d4b-b8b5-5f81e08dfa22 117aa1a8a95640399ac9dea6f65eae01 397d53cdcd0c43e79c7b961f7e087e7e - - default default] Successfully bumped revision number for resource bdf24e41-d57e-4220-a883-520451605aa0 (type: security_group_rules) to 0
2026-07-27 23:03:06.827 10 INFO neutron.db.segments_db [None req-2c8a4bfb-aa02-4d4b-b8b5-5f81e08dfa22 117aa1a8a95640399ac9dea6f65eae01 397d53cdcd0c43e79c7b961f7e087e7e - - default default] Added segment 0b23bc45-9335-43bb-a6e8-fe6aaf6b6d53 of type geneve for network fea0f3d8-2396-4b09-a878-2c7c1de714a8
2026-07-27 23:03:06.990 10 INFO neutron.db.ovn_revision_numbers_db [None req-2c8a4bfb-aa02-4d4b-b8b5-5f81e08dfa22 117aa1a8a95640399ac9dea6f65eae01 397d53cdcd0c43e79c7b961f7e087e7e - - default default] Successfully bumped revision number for resource fea0f3d8-2396-4b09-a878-2c7c1de714a8 (type: networks) to 1
2026-07-27 23:03:07.196 10 INFO neutron.plugins.ml2.drivers.ovn.mech_driver.mech_driver [None req-ecdc94dd-4d56-43b7-b2f3-ca67427ed8e7 - - - - - -] OVN reports status up for port: 2c59fdf8-668c-444d-afeb-4d7d5fb6ffe4
2026-07-27 23:03:07.207 10 INFO neutron.plugins.ml2.plugin [None req-ecdc94dd-4d56-43b7-b2f3-ca67427ed8e7 - - - - - -] Attempt 1 to provision port 2c59fdf8-668c-444d-afeb-4d7d5fb6ffe4
2026-07-27 23:03:07.219 9 INFO neutron.db.ovn_revision_numbers_db [None req-9fe6b3df-de2d-4469-804a-d6690a5d4d31 388d3e8cfad84cb997c8c0390fe5e2c5 b4a23246d34643f699dd244968cfd18b - - default default] Successfully bumped revision number for resource 2c59fdf8-668c-444d-afeb-4d7d5fb6ffe4 (type: router_ports) to 1
2026-07-27 23:03:07.240 10 WARNING neutron.scheduler.dhcp_agent_scheduler [None req-2c8a4bfb-aa02-4d4b-b8b5-5f81e08dfa22 117aa1a8a95640399ac9dea6f65eae01 397d53cdcd0c43e79c7b961f7e087e7e - - default default] No more DHCP agents
2026-07-27 23:03:07.243 10 WARNING neutron.api.rpc.agentnotifiers.dhcp_rpc_agent_api [None req-2c8a4bfb-aa02-4d4b-b8b5-5f81e08dfa22 117aa1a8a95640399ac9dea6f65eae01 397d53cdcd0c43e79c7b961f7e087e7e - - default default] Unable to schedule network fea0f3d8-2396-4b09-a878-2c7c1de714a8: no agents available; will retry on subsequent port and subnet creation events.
2026-07-27 23:03:07.364 10 INFO neutron.db.ovn_revision_numbers_db [None req-2c8a4bfb-aa02-4d4b-b8b5-5f81e08dfa22 117aa1a8a95640399ac9dea6f65eae01 397d53cdcd0c43e79c7b961f7e087e7e - - default default] Successfully bumped revision number for resource e169a2d9-4854-4dd5-969c-8f4291ba5b77 (type: ports) to 1
2026-07-27 23:03:07.410 9 INFO neutron.db.ovn_revision_numbers_db [None req-9fe6b3df-de2d-4469-804a-d6690a5d4d31 388d3e8cfad84cb997c8c0390fe5e2c5 b4a23246d34643f699dd244968cfd18b - - default default] Successfully bumped revision number for resource 2c59fdf8-668c-444d-afeb-4d7d5fb6ffe4 (type: ports) to 1
2026-07-27 23:03:07.416 10 INFO neutron.wsgi [None req-2c8a4bfb-aa02-4d4b-b8b5-5f81e08dfa22 117aa1a8a95640399ac9dea6f65eae01 397d53cdcd0c43e79c7b961f7e087e7e - - default default] 10.0.0.79 "POST /v2.0/networks HTTP/1.1" status: 201 len: 830 time: 1.1528800
2026-07-27 23:03:07.509 9 WARNING neutron.scheduler.dhcp_agent_scheduler [None req-9fe6b3df-de2d-4469-804a-d6690a5d4d31 388d3e8cfad84cb997c8c0390fe5e2c5 b4a23246d34643f699dd244968cfd18b - - default default] No more DHCP agents
2026-07-27 23:03:07.510 9 WARNING neutron.api.rpc.agentnotifiers.dhcp_rpc_agent_api [None req-9fe6b3df-de2d-4469-804a-d6690a5d4d31 388d3e8cfad84cb997c8c0390fe5e2c5 b4a23246d34643f699dd244968cfd18b - - default default] Unable to schedule network f65304d6-e3ca-491b-82da-434365785f7e: no agents available; will retry on subsequent port and subnet creation events.
2026-07-27 23:03:07.650 10 INFO neutron.db.ovn_revision_numbers_db [None req-ecdc94dd-4d56-43b7-b2f3-ca67427ed8e7 - - - - - -] Successfully bumped revision number for resource 2c59fdf8-668c-444d-afeb-4d7d5fb6ffe4 (type: ports) to 2
2026-07-27 23:03:07.746 10 INFO neutron.db.ovn_revision_numbers_db [None req-a6cea6a5-9541-4974-bd20-82b1ba2697c8 278f66d1b4944e2d8297768ed657a806 c284f38115e04cfd85e20dd93df6ec9d - - default default] Successfully bumped revision number for resource f807714c-8891-481b-8348-332b5e3de3f0 (type: security_groups) to 1
2026-07-27 23:03:07.768 10 INFO neutron.db.ovn_revision_numbers_db [None req-a6cea6a5-9541-4974-bd20-82b1ba2697c8 278f66d1b4944e2d8297768ed657a806 c284f38115e04cfd85e20dd93df6ec9d - - default default] Successfully bumped revision number for resource 0b3f5f16-b25d-48e6-a342-b47636d870a2 (type: security_group_rules) to 0
2026-07-27 23:03:07.773 9 WARNING neutron.scheduler.dhcp_agent_scheduler [None req-2beba534-3131-4bb3-8203-ccff944feec9 117aa1a8a95640399ac9dea6f65eae01 397d53cdcd0c43e79c7b961f7e087e7e - - default default] No more DHCP agents
2026-07-27 23:03:07.776 9 WARNING neutron.api.rpc.agentnotifiers.dhcp_rpc_agent_api [None req-2beba534-3131-4bb3-8203-ccff944feec9 117aa1a8a95640399ac9dea6f65eae01 397d53cdcd0c43e79c7b961f7e087e7e - - default default] Unable to schedule network fea0f3d8-2396-4b09-a878-2c7c1de714a8: no agents available; will retry on subsequent port and subnet creation events.
2026-07-27 23:03:07.785 9 INFO neutron.db.ovn_revision_numbers_db [None req-9fe6b3df-de2d-4469-804a-d6690a5d4d31 388d3e8cfad84cb997c8c0390fe5e2c5 b4a23246d34643f699dd244968cfd18b - - default default] Successfully bumped revision number for resource 2c59fdf8-668c-444d-afeb-4d7d5fb6ffe4 (type: router_ports) to 2
2026-07-27 23:03:07.788 9 INFO neutron.wsgi [None req-9fe6b3df-de2d-4469-804a-d6690a5d4d31 388d3e8cfad84cb997c8c0390fe5e2c5 b4a23246d34643f699dd244968cfd18b - - default default] 10.0.0.79 "PUT /v2.0/routers/20da2f8a-950e-425c-bc89-b56ca401de4f/add_router_interface HTTP/1.1" status: 200 len: 503 time: 2.0731993
2026-07-27 23:03:07.793 10 INFO neutron.db.ovn_revision_numbers_db [None req-a6cea6a5-9541-4974-bd20-82b1ba2697c8 278f66d1b4944e2d8297768ed657a806 c284f38115e04cfd85e20dd93df6ec9d - - default default] Successfully bumped revision number for resource 3e2b306f-2351-45ea-a275-1435cbba9fd1 (type: security_group_rules) to 0 /var/lib/openstack/lib/python3.10/site-packages/pycadf/identifier.py:71: UserWarning: Invalid uuid: neutron. To ensure interoperability, identifiers should be a valid uuid. warnings.warn(('Invalid uuid: %s. To ensure interoperability, '
2026-07-27 23:03:07.815 10 INFO neutron.db.ovn_revision_numbers_db [None req-a6cea6a5-9541-4974-bd20-82b1ba2697c8 278f66d1b4944e2d8297768ed657a806 c284f38115e04cfd85e20dd93df6ec9d - - default default] Successfully bumped revision number for resource 7ff61caa-fca2-4331-9f69-c5dc2083f0fb (type: security_group_rules) to 0
2026-07-27 23:03:07.833 10 INFO neutron.db.ovn_revision_numbers_db [None req-a6cea6a5-9541-4974-bd20-82b1ba2697c8 278f66d1b4944e2d8297768ed657a806 c284f38115e04cfd85e20dd93df6ec9d - - default default] Successfully bumped revision number for resource d4d6e33b-4818-4499-ade6-e132597c5946 (type: security_group_rules) to 0
2026-07-27 23:03:07.892 9 INFO neutron.db.ovn_revision_numbers_db [None req-2beba534-3131-4bb3-8203-ccff944feec9 117aa1a8a95640399ac9dea6f65eae01 397d53cdcd0c43e79c7b961f7e087e7e - - default default] Successfully bumped revision number for resource c4d5944c-6511-4b51-a44e-b165c1d561fa (type: ports) to 1
2026-07-27 23:03:07.901 10 INFO neutron.db.segments_db [None req-a6cea6a5-9541-4974-bd20-82b1ba2697c8 278f66d1b4944e2d8297768ed657a806 c284f38115e04cfd85e20dd93df6ec9d - - default default] Added segment 565e4b71-2cf3-48c1-8ec0-3a16cc0882d7 of type geneve for network d66ca2bc-2801-4869-b08e-253ce234e48a
2026-07-27 23:03:07.907 9 INFO neutron.wsgi [None req-7a3477ad-c7fa-448a-9989-2ad43b4590b1 388d3e8cfad84cb997c8c0390fe5e2c5 b4a23246d34643f699dd244968cfd18b - - default default] 10.0.0.79 "GET /v2.0/ports/2c59fdf8-668c-444d-afeb-4d7d5fb6ffe4 HTTP/1.1" status: 200 len: 1137 time: 0.1128466
2026-07-27 23:03:07.918 9 INFO neutron.wsgi [None req-2beba534-3131-4bb3-8203-ccff944feec9 117aa1a8a95640399ac9dea6f65eae01 397d53cdcd0c43e79c7b961f7e087e7e - - default default] 10.0.0.79 "POST /v2.0/ports HTTP/1.1" status: 201 len: 942 time: 0.4958732
2026-07-27 23:03:08.103 10 INFO neutron.db.ovn_revision_numbers_db [None req-a6cea6a5-9541-4974-bd20-82b1ba2697c8 278f66d1b4944e2d8297768ed657a806 c284f38115e04cfd85e20dd93df6ec9d - - default default] Successfully bumped revision number for resource d66ca2bc-2801-4869-b08e-253ce234e48a (type: networks) to 1
2026-07-27 23:03:08.285 10 INFO neutron.wsgi [None req-292f4b42-91fd-4977-a44a-22acae46c1e1 117aa1a8a95640399ac9dea6f65eae01 397d53cdcd0c43e79c7b961f7e087e7e - - default default] 10.0.0.79 "POST /v2.0/trunks HTTP/1.1" status: 201 len: 608 time: 0.3620608
2026-07-27 23:03:08.381 10 WARNING neutron.scheduler.dhcp_agent_scheduler [None req-a6cea6a5-9541-4974-bd20-82b1ba2697c8 278f66d1b4944e2d8297768ed657a806 c284f38115e04cfd85e20dd93df6ec9d - - default default] No more DHCP agents
2026-07-27 23:03:08.384 10 WARNING neutron.api.rpc.agentnotifiers.dhcp_rpc_agent_api [None req-a6cea6a5-9541-4974-bd20-82b1ba2697c8 278f66d1b4944e2d8297768ed657a806 c284f38115e04cfd85e20dd93df6ec9d - - default default] Unable to schedule network d66ca2bc-2801-4869-b08e-253ce234e48a: no agents available; will retry on subsequent port and subnet creation events.
2026-07-27 23:03:08.438 10 INFO neutron.db.segments_db [None req-1bf3faf5-b40e-419d-ac7a-d846f7f6a95f 117aa1a8a95640399ac9dea6f65eae01 397d53cdcd0c43e79c7b961f7e087e7e - - default default] Added segment 10398895-4dc7-4de1-92a4-eda55993c46c of type geneve for network 6428a42a-5641-42ce-8a12-172c21dd4adb
2026-07-27 23:03:08.438 9 WARNING neutron.scheduler.dhcp_agent_scheduler [None req-46a6cc54-c7f0-440b-ae81-052629f1b7df 388d3e8cfad84cb997c8c0390fe5e2c5 b4a23246d34643f699dd244968cfd18b - - default default] No more DHCP agents
2026-07-27 23:03:08.441 9 WARNING neutron.api.rpc.agentnotifiers.dhcp_rpc_agent_api [None req-46a6cc54-c7f0-440b-ae81-052629f1b7df 388d3e8cfad84cb997c8c0390fe5e2c5 b4a23246d34643f699dd244968cfd18b - - default default] Unable to schedule network 70f868ff-6893-4278-b8fe-6b1fe7aaa4f5: no agents available; will retry on subsequent port and subnet creation events.
2026-07-27 23:03:08.505 10 INFO neutron.db.ovn_revision_numbers_db [None req-a6cea6a5-9541-4974-bd20-82b1ba2697c8 278f66d1b4944e2d8297768ed657a806 c284f38115e04cfd85e20dd93df6ec9d - - default default] Successfully bumped revision number for resource 896974ca-82ee-45cc-9d51-b67ce560b600 (type: ports) to 1
2026-07-27 23:03:08.540 10 INFO neutron.wsgi [None req-a6cea6a5-9541-4974-bd20-82b1ba2697c8 278f66d1b4944e2d8297768ed657a806 c284f38115e04cfd85e20dd93df6ec9d - - default default] 10.0.0.79 "POST /v2.0/networks HTTP/1.1" status: 201 len: 831 time: 1.2464230
2026-07-27 23:03:08.655 10 INFO neutron.db.ovn_revision_numbers_db [None req-1bf3faf5-b40e-419d-ac7a-d846f7f6a95f 117aa1a8a95640399ac9dea6f65eae01 397d53cdcd0c43e79c7b961f7e087e7e - - default default] Successfully bumped revision number for resource 6428a42a-5641-42ce-8a12-172c21dd4adb (type: networks) to 1
2026-07-27 23:03:08.663 9 INFO neutron.db.ovn_revision_numbers_db [None req-46a6cc54-c7f0-440b-ae81-052629f1b7df 388d3e8cfad84cb997c8c0390fe5e2c5 b4a23246d34643f699dd244968cfd18b - - default default] Successfully bumped revision number for resource 56c0c480-7705-4c21-a9de-9a724edf111d (type: ports) to 1
2026-07-27 23:03:08.907 10 WARNING neutron.scheduler.dhcp_agent_scheduler [None req-1bf3faf5-b40e-419d-ac7a-d846f7f6a95f 117aa1a8a95640399ac9dea6f65eae01 397d53cdcd0c43e79c7b961f7e087e7e - - default default] No more DHCP agents
2026-07-27 23:03:08.909 10 WARNING neutron.api.rpc.agentnotifiers.dhcp_rpc_agent_api [None req-1bf3faf5-b40e-419d-ac7a-d846f7f6a95f 117aa1a8a95640399ac9dea6f65eae01 397d53cdcd0c43e79c7b961f7e087e7e - - default default] Unable to schedule network 6428a42a-5641-42ce-8a12-172c21dd4adb: no agents available; will retry on subsequent port and subnet creation events.
2026-07-27 23:03:09.056 9 WARNING neutron.scheduler.dhcp_agent_scheduler [None req-4be7b84d-dd87-4526-919c-51466df94571 278f66d1b4944e2d8297768ed657a806 c284f38115e04cfd85e20dd93df6ec9d - - default default] No more DHCP agents
2026-07-27 23:03:09.065 10 INFO neutron.db.ovn_revision_numbers_db [None req-1bf3faf5-b40e-419d-ac7a-d846f7f6a95f 117aa1a8a95640399ac9dea6f65eae01 397d53cdcd0c43e79c7b961f7e087e7e - - default default] Successfully bumped revision number for resource 05eed1fa-6367-4841-91e4-ab629c5a917b (type: ports) to 1
2026-07-27 23:03:09.071 9 WARNING neutron.api.rpc.agentnotifiers.dhcp_rpc_agent_api [None req-4be7b84d-dd87-4526-919c-51466df94571 278f66d1b4944e2d8297768ed657a806 c284f38115e04cfd85e20dd93df6ec9d - - default default] Unable to schedule network d66ca2bc-2801-4869-b08e-253ce234e48a: no agents available; will retry on subsequent port and subnet creation events.
2026-07-27 23:03:09.123 10 INFO neutron.wsgi [None req-1bf3faf5-b40e-419d-ac7a-d846f7f6a95f 117aa1a8a95640399ac9dea6f65eae01 397d53cdcd0c43e79c7b961f7e087e7e - - default default] 10.0.0.79 "POST /v2.0/networks HTTP/1.1" status: 201 len: 831 time: 0.8305092
2026-07-27 23:03:09.153 9 INFO neutron.wsgi [-] 10.0.0.85 "GET / HTTP/1.1" status: 200 len: 246 time: 0.0016737
2026-07-27 23:03:09.155 9 INFO neutron.wsgi [-] 10.0.0.85 "GET / HTTP/1.1" status: 200 len: 246 time: 0.0010374
2026-07-27 23:03:09.249 9 INFO neutron.db.ovn_revision_numbers_db [None req-4be7b84d-dd87-4526-919c-51466df94571 278f66d1b4944e2d8297768ed657a806 c284f38115e04cfd85e20dd93df6ec9d - - default default] Successfully bumped revision number for resource de6b1a42-108d-479a-a85a-55304d295518 (type: ports) to 1
2026-07-27 23:03:09.287 9 INFO neutron.wsgi [None req-4be7b84d-dd87-4526-919c-51466df94571 278f66d1b4944e2d8297768ed657a806 c284f38115e04cfd85e20dd93df6ec9d - - default default] 10.0.0.79 "POST /v2.0/ports HTTP/1.1" status: 201 len: 942 time: 0.7404959
2026-07-27 23:03:09.391 10 INFO neutron.wsgi [None req-19c8a09c-b3d0-48f7-b2f3-0567cc4d9eac 278f66d1b4944e2d8297768ed657a806 c284f38115e04cfd85e20dd93df6ec9d - - default default] 10.0.0.79 "PUT /v2.0/ports/de6b1a42-108d-479a-a85a-55304d295518/tags HTTP/1.1" status: 200 len: 218 time: 0.0965190 /var/lib/openstack/lib/python3.10/site-packages/pycadf/identifier.py:71: UserWarning: Invalid uuid: neutron. To ensure interoperability, identifiers should be a valid uuid. warnings.warn(('Invalid uuid: %s. To ensure interoperability, '
2026-07-27 23:03:09.538 10 WARNING neutron.scheduler.dhcp_agent_scheduler [None req-52852034-8435-4261-93ba-acb38759a454 117aa1a8a95640399ac9dea6f65eae01 397d53cdcd0c43e79c7b961f7e087e7e - - default default] No more DHCP agents
2026-07-27 23:03:09.541 10 WARNING neutron.api.rpc.agentnotifiers.dhcp_rpc_agent_api [None req-52852034-8435-4261-93ba-acb38759a454 117aa1a8a95640399ac9dea6f65eae01 397d53cdcd0c43e79c7b961f7e087e7e - - default default] Unable to schedule network 6428a42a-5641-42ce-8a12-172c21dd4adb: no agents available; will retry on subsequent port and subnet creation events.
2026-07-27 23:03:09.651 10 INFO neutron.db.ovn_revision_numbers_db [None req-52852034-8435-4261-93ba-acb38759a454 117aa1a8a95640399ac9dea6f65eae01 397d53cdcd0c43e79c7b961f7e087e7e - - default default] Successfully bumped revision number for resource 98853788-41f7-4e2b-903a-791706e5c25a (type: ports) to 1
2026-07-27 23:03:09.674 10 INFO neutron.wsgi [None req-52852034-8435-4261-93ba-acb38759a454 117aa1a8a95640399ac9dea6f65eae01 397d53cdcd0c43e79c7b961f7e087e7e - - default default] 10.0.0.79 "POST /v2.0/ports HTTP/1.1" status: 201 len: 942 time: 0.5435452 /var/lib/openstack/lib/python3.10/site-packages/pycadf/identifier.py:71: UserWarning: Invalid uuid: neutron. To ensure interoperability, identifiers should be a valid uuid. warnings.warn(('Invalid uuid: %s. To ensure interoperability, '
2026-07-27 23:03:09.841 9 INFO neutron.wsgi [None req-bc0afa11-fd88-46df-ab2c-616c02b72068 278f66d1b4944e2d8297768ed657a806 c284f38115e04cfd85e20dd93df6ec9d - - default default] 10.0.0.79 "GET /v2.0/ports/de6b1a42-108d-479a-a85a-55304d295518/tags HTTP/1.1" status: 200 len: 218 time: 0.4436109
2026-07-27 23:03:09.895 10 INFO neutron.wsgi [None req-dec938ba-c271-4c78-949c-1c7827d66e1a 117aa1a8a95640399ac9dea6f65eae01 397d53cdcd0c43e79c7b961f7e087e7e - - default default] 10.0.0.79 "POST /v2.0/trunks HTTP/1.1" status: 201 len: 608 time: 0.2144763
2026-07-27 23:03:09.913 9 INFO neutron.db.ovn_revision_numbers_db [None req-46a6cc54-c7f0-440b-ae81-052629f1b7df 388d3e8cfad84cb997c8c0390fe5e2c5 b4a23246d34643f699dd244968cfd18b - - default default] Successfully bumped revision number for resource 56c0c480-7705-4c21-a9de-9a724edf111d (type: router_ports) to 1
2026-07-27 23:03:09.930 9 INFO neutron.wsgi [None req-b2bd9e45-a61d-4bbf-8288-86b1eb0f1d4c 278f66d1b4944e2d8297768ed657a806 c284f38115e04cfd85e20dd93df6ec9d - - default default] 10.0.0.79 "PUT /v2.0/ports/de6b1a42-108d-479a-a85a-55304d295518/tags/green HTTP/1.1" status: 201 len: 201 time: 0.0833507
2026-07-27 23:03:09.983 9 INFO neutron.wsgi [None req-a06a0b4d-867a-43d7-9af5-1e96d7f4a8f4 278f66d1b4944e2d8297768ed657a806 c284f38115e04cfd85e20dd93df6ec9d - - default default] 10.0.0.79 "GET /v2.0/ports/de6b1a42-108d-479a-a85a-55304d295518/tags HTTP/1.1" status: 200 len: 227 time: 0.0453022
2026-07-27 23:03:09.994 10 INFO neutron.db.segments_db [None req-821e76b0-7040-424c-a70c-11edf4fd0bd2 117aa1a8a95640399ac9dea6f65eae01 397d53cdcd0c43e79c7b961f7e087e7e - - default default] Added segment 3094a623-1d23-4f79-b85c-1f5845c81ce7 of type geneve for network 5d9630f6-721e-4968-ae10-1610d751e842
2026-07-27 23:03:10.027 9 INFO neutron.wsgi [None req-fac135c1-9419-4ac3-86c3-ccf3c354b202 278f66d1b4944e2d8297768ed657a806 c284f38115e04cfd85e20dd93df6ec9d - - default default] 10.0.0.79 "PUT /v2.0/ports/de6b1a42-108d-479a-a85a-55304d295518/tags/red HTTP/1.1" status: 201 len: 201 time: 0.0392256
2026-07-27 23:03:10.087 10 INFO neutron.wsgi [None req-edde2164-744f-4cae-b199-4873d22ad72a 278f66d1b4944e2d8297768ed657a806 c284f38115e04cfd85e20dd93df6ec9d - - default default] 10.0.0.79 "GET /v2.0/ports/de6b1a42-108d-479a-a85a-55304d295518/tags HTTP/1.1" status: 200 len: 227 time: 0.0518997
2026-07-27 23:03:10.131 9 INFO neutron.db.ovn_revision_numbers_db [None req-46a6cc54-c7f0-440b-ae81-052629f1b7df 388d3e8cfad84cb997c8c0390fe5e2c5 b4a23246d34643f699dd244968cfd18b - - default default] Successfully bumped revision number for resource 56c0c480-7705-4c21-a9de-9a724edf111d (type: ports) to 1
2026-07-27 23:03:10.196 10 INFO neutron.wsgi [None req-6b5acfdf-8331-4669-9c82-c491ec69b199 278f66d1b4944e2d8297768ed657a806 c284f38115e04cfd85e20dd93df6ec9d - - default default] 10.0.0.79 "PUT /v2.0/ports/de6b1a42-108d-479a-a85a-55304d295518/tags/black.or.white HTTP/1.1" status: 201 len: 201 time: 0.1031013
2026-07-27 23:03:10.210 10 INFO neutron.db.ovn_revision_numbers_db [None req-821e76b0-7040-424c-a70c-11edf4fd0bd2 117aa1a8a95640399ac9dea6f65eae01 397d53cdcd0c43e79c7b961f7e087e7e - - default default] Successfully bumped revision number for resource 5d9630f6-721e-4968-ae10-1610d751e842 (type: networks) to 1
2026-07-27 23:03:10.225 9 WARNING neutron.scheduler.dhcp_agent_scheduler [None req-46a6cc54-c7f0-440b-ae81-052629f1b7df 388d3e8cfad84cb997c8c0390fe5e2c5 b4a23246d34643f699dd244968cfd18b - - default default] No more DHCP agents
2026-07-27 23:03:10.227 9 WARNING neutron.api.rpc.agentnotifiers.dhcp_rpc_agent_api [None req-46a6cc54-c7f0-440b-ae81-052629f1b7df 388d3e8cfad84cb997c8c0390fe5e2c5 b4a23246d34643f699dd244968cfd18b - - default default] Unable to schedule network 70f868ff-6893-4278-b8fe-6b1fe7aaa4f5: no agents available; will retry on subsequent port and subnet creation events.
2026-07-27 23:03:10.253 9 INFO neutron.wsgi [None req-4465d352-45aa-48e8-88d1-a99eaa645ed2 278f66d1b4944e2d8297768ed657a806 c284f38115e04cfd85e20dd93df6ec9d - - default default] 10.0.0.79 "GET /v2.0/ports/de6b1a42-108d-479a-a85a-55304d295518/tags HTTP/1.1" status: 200 len: 245 time: 0.0513227
2026-07-27 23:03:10.342 10 INFO neutron.wsgi [None req-c41701cc-1426-42f6-a05f-e4e3d6d0ac51 278f66d1b4944e2d8297768ed657a806 c284f38115e04cfd85e20dd93df6ec9d - - default default] 10.0.0.79 "PUT /v2.0/ports/de6b1a42-108d-479a-a85a-55304d295518/tags HTTP/1.1" status: 200 len: 230 time: 0.0826814
2026-07-27 23:03:10.410 10 INFO neutron.wsgi [None req-ea445cac-f31e-4907-be74-82c43b2739ca 278f66d1b4944e2d8297768ed657a806 c284f38115e04cfd85e20dd93df6ec9d - - default default] 10.0.0.79 "GET /v2.0/ports/de6b1a42-108d-479a-a85a-55304d295518/tags HTTP/1.1" status: 200 len: 230 time: 0.0617027
2026-07-27 23:03:10.434 9 INFO neutron.db.ovn_revision_numbers_db [None req-46a6cc54-c7f0-440b-ae81-052629f1b7df 388d3e8cfad84cb997c8c0390fe5e2c5 b4a23246d34643f699dd244968cfd18b - - default default] Successfully bumped revision number for resource 56c0c480-7705-4c21-a9de-9a724edf111d (type: router_ports) to 1
2026-07-27 23:03:10.437 9 INFO neutron.wsgi [None req-46a6cc54-c7f0-440b-ae81-052629f1b7df 388d3e8cfad84cb997c8c0390fe5e2c5 b4a23246d34643f699dd244968cfd18b - - default default] 10.0.0.79 "PUT /v2.0/routers/20da2f8a-950e-425c-bc89-b56ca401de4f/add_router_interface HTTP/1.1" status: 200 len: 503 time: 2.5219386
2026-07-27 23:03:10.478 10 INFO neutron.wsgi [None req-bdf21a68-55d7-4ace-8747-0d4990c34fc2 278f66d1b4944e2d8297768ed657a806 c284f38115e04cfd85e20dd93df6ec9d - - default default] 10.0.0.79 "GET /v2.0/ports/de6b1a42-108d-479a-a85a-55304d295518/tags/red HTTP/1.1" status: 204 len: 168 time: 0.0614023
2026-07-27 23:03:10.481 10 WARNING neutron.scheduler.dhcp_agent_scheduler [None req-821e76b0-7040-424c-a70c-11edf4fd0bd2 117aa1a8a95640399ac9dea6f65eae01 397d53cdcd0c43e79c7b961f7e087e7e - - default default] No more DHCP agents
2026-07-27 23:03:10.484 10 WARNING neutron.api.rpc.agentnotifiers.dhcp_rpc_agent_api [None req-821e76b0-7040-424c-a70c-11edf4fd0bd2 117aa1a8a95640399ac9dea6f65eae01 397d53cdcd0c43e79c7b961f7e087e7e - - default default] Unable to schedule network 5d9630f6-721e-4968-ae10-1610d751e842: no agents available; will retry on subsequent port and subnet creation events.
2026-07-27 23:03:10.537 10 INFO neutron.api.v2.resource [None req-fea6dac2-1ffc-497c-92bb-181b60bd82a1 278f66d1b4944e2d8297768ed657a806 c284f38115e04cfd85e20dd93df6ec9d - - default default] show failed (client error): The resource could not be found.
2026-07-27 23:03:10.539 10 INFO neutron.wsgi [None req-fea6dac2-1ffc-497c-92bb-181b60bd82a1 278f66d1b4944e2d8297768ed657a806 c284f38115e04cfd85e20dd93df6ec9d - - default default] 10.0.0.79 "GET /v2.0/ports/de6b1a42-108d-479a-a85a-55304d295518/tags/green HTTP/1.1" status: 404 len: 299 time: 0.0503917
2026-07-27 23:03:10.540 9 INFO neutron.wsgi [None req-fcb00f6f-ba50-4bad-b196-678df6ea8c73 388d3e8cfad84cb997c8c0390fe5e2c5 b4a23246d34643f699dd244968cfd18b - - default default] 10.0.0.79 "GET /v2.0/ports/56c0c480-7705-4c21-a9de-9a724edf111d HTTP/1.1" status: 200 len: 1135 time: 0.0914054
2026-07-27 23:03:10.587 10 INFO neutron.db.ovn_revision_numbers_db [None req-821e76b0-7040-424c-a70c-11edf4fd0bd2 117aa1a8a95640399ac9dea6f65eae01 397d53cdcd0c43e79c7b961f7e087e7e - - default default] Successfully bumped revision number for resource dea17572-b782-49c7-8a7e-32a898e70c93 (type: ports) to 1
2026-07-27 23:03:10.595 9 INFO neutron.wsgi [None req-86f31bf6-c3d4-4b39-8198-f243f9ca8a9e 388d3e8cfad84cb997c8c0390fe5e2c5 b4a23246d34643f699dd244968cfd18b - - default default] 10.0.0.79 "GET /v2.0/ports/56c0c480-7705-4c21-a9de-9a724edf111d HTTP/1.1" status: 200 len: 1135 time: 0.0492868
2026-07-27 23:03:10.608 9 INFO neutron.wsgi [None req-7de58e1d-83e5-4f24-8919-ddfd604e0461 278f66d1b4944e2d8297768ed657a806 c284f38115e04cfd85e20dd93df6ec9d - - default default] 10.0.0.79 "DELETE /v2.0/ports/de6b1a42-108d-479a-a85a-55304d295518/tags/red HTTP/1.1" status: 204 len: 168 time: 0.0636828
2026-07-27 23:03:10.610 10 INFO neutron.wsgi [None req-821e76b0-7040-424c-a70c-11edf4fd0bd2 117aa1a8a95640399ac9dea6f65eae01 397d53cdcd0c43e79c7b961f7e087e7e - - default default] 10.0.0.79 "POST /v2.0/networks HTTP/1.1" status: 201 len: 831 time: 0.7088153
