2026-07-27 23:03:10.646 10 INFO neutron.wsgi [None req-0d46230e-9a8b-4584-884c-7240d26615b9 278f66d1b4944e2d8297768ed657a806 c284f38115e04cfd85e20dd93df6ec9d - - default default] 10.0.0.79 "GET /v2.0/ports/de6b1a42-108d-479a-a85a-55304d295518/tags HTTP/1.1" status: 200 len: 223 time: 0.0323033
2026-07-27 23:03:10.688 10 INFO neutron.api.v2.resource [None req-26b1cf1c-10e8-4512-85bd-3a07c75f2240 278f66d1b4944e2d8297768ed657a806 c284f38115e04cfd85e20dd93df6ec9d - - default default] delete failed (client error): The resource could not be found.
2026-07-27 23:03:10.690 10 INFO neutron.wsgi [None req-26b1cf1c-10e8-4512-85bd-3a07c75f2240 278f66d1b4944e2d8297768ed657a806 c284f38115e04cfd85e20dd93df6ec9d - - default default] 10.0.0.79 "DELETE /v2.0/ports/de6b1a42-108d-479a-a85a-55304d295518/tags/green HTTP/1.1" status: 404 len: 299 time: 0.0375874
2026-07-27 23:03:10.743 10 INFO neutron.wsgi [None req-b83b41cd-d642-49a4-b2cb-de38a8e06757 278f66d1b4944e2d8297768ed657a806 c284f38115e04cfd85e20dd93df6ec9d - - default default] 10.0.0.79 "DELETE /v2.0/ports/de6b1a42-108d-479a-a85a-55304d295518/tags HTTP/1.1" status: 204 len: 168 time: 0.0467842
2026-07-27 23:03:10.783 10 INFO neutron.wsgi [None req-6b03c7fe-5b88-4198-be46-6dc53838ea6e 278f66d1b4944e2d8297768ed657a806 c284f38115e04cfd85e20dd93df6ec9d - - default default] 10.0.0.79 "GET /v2.0/ports/de6b1a42-108d-479a-a85a-55304d295518/tags HTTP/1.1" status: 200 len: 205 time: 0.0346076
2026-07-27 23:03:10.921 9 WARNING neutron.scheduler.dhcp_agent_scheduler [None req-3fe96998-6f8f-41eb-a9de-6211889a56a3 117aa1a8a95640399ac9dea6f65eae01 397d53cdcd0c43e79c7b961f7e087e7e - - default default] No more DHCP agents
2026-07-27 23:03:10.927 9 WARNING neutron.api.rpc.agentnotifiers.dhcp_rpc_agent_api [None req-3fe96998-6f8f-41eb-a9de-6211889a56a3 117aa1a8a95640399ac9dea6f65eae01 397d53cdcd0c43e79c7b961f7e087e7e - - default default] Unable to schedule network 5d9630f6-721e-4968-ae10-1610d751e842: no agents available; will retry on subsequent port and subnet creation events.
2026-07-27 23:03:11.057 9 INFO neutron.db.ovn_revision_numbers_db [None req-3fe96998-6f8f-41eb-a9de-6211889a56a3 117aa1a8a95640399ac9dea6f65eae01 397d53cdcd0c43e79c7b961f7e087e7e - - default default] Successfully bumped revision number for resource e4fcb87c-6a90-4971-b3cb-0f9d2e230ffc (type: ports) to 1
2026-07-27 23:03:11.085 9 INFO neutron.wsgi [None req-3fe96998-6f8f-41eb-a9de-6211889a56a3 117aa1a8a95640399ac9dea6f65eae01 397d53cdcd0c43e79c7b961f7e087e7e - - default default] 10.0.0.79 "POST /v2.0/ports HTTP/1.1" status: 201 len: 942 time: 0.4688036
2026-07-27 23:03:11.134 9 INFO neutron.wsgi [None req-8fb0c92d-de89-4c4a-bbae-4af7bb33b92a 278f66d1b4944e2d8297768ed657a806 c284f38115e04cfd85e20dd93df6ec9d - - default default] 10.0.0.79 "DELETE /v2.0/ports/de6b1a42-108d-479a-a85a-55304d295518 HTTP/1.1" status: 204 len: 168 time: 0.3307221 /var/lib/openstack/lib/python3.10/site-packages/pycadf/identifier.py:71: UserWarning: Invalid uuid: neutron. To ensure interoperability, identifiers should be a valid uuid. warnings.warn(('Invalid uuid: %s. To ensure interoperability, '
2026-07-27 23:03:11.663 9 INFO neutron.wsgi [None req-d605bc5a-69d3-43cf-be29-875fe3adc75e 388d3e8cfad84cb997c8c0390fe5e2c5 b4a23246d34643f699dd244968cfd18b - - default default] 10.0.0.79 "GET /v2.0/ports/56c0c480-7705-4c21-a9de-9a724edf111d HTTP/1.1" status: 200 len: 1135 time: 0.0596757
2026-07-27 23:03:11.789 10 INFO neutron.wsgi [None req-3a5278c0-dd9e-4850-b32c-e16b6e4ee049 117aa1a8a95640399ac9dea6f65eae01 397d53cdcd0c43e79c7b961f7e087e7e - - default default] 10.0.0.79 "POST /v2.0/trunks HTTP/1.1" status: 201 len: 608 time: 0.6868544
2026-07-27 23:03:11.899 9 INFO neutron.db.segments_db [None req-bdf15abc-4a2d-4555-9ca2-9edfdc762758 117aa1a8a95640399ac9dea6f65eae01 397d53cdcd0c43e79c7b961f7e087e7e - - default default] Added segment 500981fb-c66c-4797-bb11-72f7bcc59182 of type geneve for network 3760c838-8f2f-47cc-9f93-0e0a69acccce
2026-07-27 23:03:12.023 10 INFO neutron.services.segments.plugin [-] Segment 565e4b71-2cf3-48c1-8ec0-3a16cc0882d7 resource provider aggregate not found
2026-07-27 23:03:12.030 10 INFO neutron.services.segments.plugin [-] Segment 565e4b71-2cf3-48c1-8ec0-3a16cc0882d7 resource provider aggregate not found
2026-07-27 23:03:12.046 10 INFO neutron.services.segments.plugin [-] Segment 565e4b71-2cf3-48c1-8ec0-3a16cc0882d7 resource provider not found; error: Placement Client Error (4xx): {"errors": [{"status": 404, "title": "Not Found", "detail": "The resource could not be found.\n\n No resource provider with uuid 565e4b71-2cf3-48c1-8ec0-3a16cc0882d7 found for delete ", "request_id": "req-fee36c4e-f215-4778-8ea7-25c3bf77350b"}]}
2026-07-27 23:03:12.048 10 INFO neutron.services.segments.plugin [-] Segment 565e4b71-2cf3-48c1-8ec0-3a16cc0882d7 resource provider not found; error: Placement Client Error (4xx): {"errors": [{"status": 404, "title": "Not Found", "detail": "The resource could not be found.\n\n No resource provider with uuid 565e4b71-2cf3-48c1-8ec0-3a16cc0882d7 found for delete ", "request_id": "req-b592a6df-6a65-4fe1-9437-73ec3d14f9b2"}]}
2026-07-27 23:03:12.060 9 INFO neutron.db.ovn_revision_numbers_db [None req-bdf15abc-4a2d-4555-9ca2-9edfdc762758 117aa1a8a95640399ac9dea6f65eae01 397d53cdcd0c43e79c7b961f7e087e7e - - default default] Successfully bumped revision number for resource 3760c838-8f2f-47cc-9f93-0e0a69acccce (type: networks) to 1
2026-07-27 23:03:12.076 10 INFO neutron.wsgi [None req-08a4c783-ffe1-41b9-b28d-0c7828b62148 278f66d1b4944e2d8297768ed657a806 c284f38115e04cfd85e20dd93df6ec9d - - default default] 10.0.0.79 "DELETE /v2.0/networks/d66ca2bc-2801-4869-b08e-253ce234e48a HTTP/1.1" status: 204 len: 168 time: 0.9359326
2026-07-27 23:03:12.279 9 WARNING neutron.scheduler.dhcp_agent_scheduler [None req-bdf15abc-4a2d-4555-9ca2-9edfdc762758 117aa1a8a95640399ac9dea6f65eae01 397d53cdcd0c43e79c7b961f7e087e7e - - default default] No more DHCP agents
2026-07-27 23:03:12.281 9 WARNING neutron.api.rpc.agentnotifiers.dhcp_rpc_agent_api [None req-bdf15abc-4a2d-4555-9ca2-9edfdc762758 117aa1a8a95640399ac9dea6f65eae01 397d53cdcd0c43e79c7b961f7e087e7e - - default default] Unable to schedule network 3760c838-8f2f-47cc-9f93-0e0a69acccce: no agents available; will retry on subsequent port and subnet creation events.
2026-07-27 23:03:12.380 9 INFO neutron.db.ovn_revision_numbers_db [None req-bdf15abc-4a2d-4555-9ca2-9edfdc762758 117aa1a8a95640399ac9dea6f65eae01 397d53cdcd0c43e79c7b961f7e087e7e - - default default] Successfully bumped revision number for resource 94403c41-89a4-430e-b6d1-cf87bfad1011 (type: ports) to 1
2026-07-27 23:03:12.407 9 INFO neutron.wsgi [None req-bdf15abc-4a2d-4555-9ca2-9edfdc762758 117aa1a8a95640399ac9dea6f65eae01 397d53cdcd0c43e79c7b961f7e087e7e - - default default] 10.0.0.79 "POST /v2.0/networks HTTP/1.1" status: 201 len: 831 time: 0.6129525
2026-07-27 23:03:12.740 9 WARNING neutron.scheduler.dhcp_agent_scheduler [None req-d3f76285-5be9-4798-9211-1e1ee63e074d 117aa1a8a95640399ac9dea6f65eae01 397d53cdcd0c43e79c7b961f7e087e7e - - default default] No more DHCP agents
2026-07-27 23:03:12.744 9 WARNING neutron.api.rpc.agentnotifiers.dhcp_rpc_agent_api [None req-d3f76285-5be9-4798-9211-1e1ee63e074d 117aa1a8a95640399ac9dea6f65eae01 397d53cdcd0c43e79c7b961f7e087e7e - - default default] Unable to schedule network 3760c838-8f2f-47cc-9f93-0e0a69acccce: no agents available; will retry on subsequent port and subnet creation events.
2026-07-27 23:03:12.784 10 INFO neutron.wsgi [None req-9cb6f1cb-f2c6-46d4-a4ad-9c6d4ece7209 388d3e8cfad84cb997c8c0390fe5e2c5 b4a23246d34643f699dd244968cfd18b - - default default] 10.0.0.79 "GET /v2.0/ports/56c0c480-7705-4c21-a9de-9a724edf111d HTTP/1.1" status: 200 len: 1135 time: 0.1126328
2026-07-27 23:03:12.852 9 INFO neutron.db.ovn_revision_numbers_db [None req-d3f76285-5be9-4798-9211-1e1ee63e074d 117aa1a8a95640399ac9dea6f65eae01 397d53cdcd0c43e79c7b961f7e087e7e - - default default] Successfully bumped revision number for resource 7c1c9e56-9bc5-47cd-90d4-535e852cff7c (type: ports) to 1
2026-07-27 23:03:12.877 9 INFO neutron.wsgi [None req-d3f76285-5be9-4798-9211-1e1ee63e074d 117aa1a8a95640399ac9dea6f65eae01 397d53cdcd0c43e79c7b961f7e087e7e - - default default] 10.0.0.79 "POST /v2.0/ports HTTP/1.1" status: 201 len: 942 time: 0.4605250 /var/lib/openstack/lib/python3.10/site-packages/pycadf/identifier.py:71: UserWarning: Invalid uuid: neutron. To ensure interoperability, identifiers should be a valid uuid. warnings.warn(('Invalid uuid: %s. To ensure interoperability, '
2026-07-27 23:03:13.034 10 INFO neutron.wsgi [None req-964231ea-fcca-40c3-8ad5-505bf0a166b7 1bdb6d1c56fb4df4acac7dd5d0b59f48 0fbfa7a401d04bceaab07ee6f3c200ef - - default default] 10.0.0.79 "GET /v2.0/security-groups?tenant_id=c284f38115e04cfd85e20dd93df6ec9d&name=default HTTP/1.1" status: 200 len: 2996 time: 0.1494331
2026-07-27 23:03:13.156 9 INFO neutron.wsgi [None req-b7cf39b0-38db-44ae-a0c6-a074410196c8 117aa1a8a95640399ac9dea6f65eae01 397d53cdcd0c43e79c7b961f7e087e7e - - default default] 10.0.0.79 "POST /v2.0/trunks HTTP/1.1" status: 201 len: 608 time: 0.2723265
2026-07-27 23:03:13.247 9 INFO neutron.db.segments_db [None req-839f8abd-c10a-4fa4-bfc5-029e54a6c7c4 117aa1a8a95640399ac9dea6f65eae01 397d53cdcd0c43e79c7b961f7e087e7e - - default default] Added segment e1bd43b2-f564-4d7c-af83-0950bc197b56 of type geneve for network 00b36fc7-6065-472c-a889-f331a4e2a817
2026-07-27 23:03:13.259 10 INFO neutron.wsgi [None req-6cd82dcc-3a13-466f-9050-6868208a1ab6 1bdb6d1c56fb4df4acac7dd5d0b59f48 0fbfa7a401d04bceaab07ee6f3c200ef - - default default] 10.0.0.79 "DELETE /v2.0/security-groups/f807714c-8891-481b-8348-332b5e3de3f0 HTTP/1.1" status: 204 len: 168 time: 0.2199752
2026-07-27 23:03:13.483 10 WARNING neutron.plugins.ml2.drivers.ovn.mech_driver.ovsdb.ovn_client [None req-ecdc94dd-4d56-43b7-b2f3-ca67427ed8e7 - - - - - -] No hosting information found for port 2c59fdf8-668c-444d-afeb-4d7d5fb6ffe4: RuntimeError: No hosting information found for port 2c59fdf8-668c-444d-afeb-4d7d5fb6ffe4
2026-07-27 23:03:13.484 10 INFO neutron.plugins.ml2.drivers.ovn.mech_driver.mech_driver [None req-ecdc94dd-4d56-43b7-b2f3-ca67427ed8e7 - - - - - -] OVN reports status up for port: 56c0c480-7705-4c21-a9de-9a724edf111d
2026-07-27 23:03:13.486 9 INFO neutron.db.ovn_revision_numbers_db [None req-839f8abd-c10a-4fa4-bfc5-029e54a6c7c4 117aa1a8a95640399ac9dea6f65eae01 397d53cdcd0c43e79c7b961f7e087e7e - - default default] Successfully bumped revision number for resource 00b36fc7-6065-472c-a889-f331a4e2a817 (type: networks) to 1
2026-07-27 23:03:13.502 10 INFO neutron.plugins.ml2.plugin [None req-ecdc94dd-4d56-43b7-b2f3-ca67427ed8e7 - - - - - -] Attempt 1 to provision port 56c0c480-7705-4c21-a9de-9a724edf111d
2026-07-27 23:03:13.543 10 INFO neutron.db.ovn_revision_numbers_db [None req-f86c013c-657a-48ff-aed2-750f8c549cb9 1bdb6d1c56fb4df4acac7dd5d0b59f48 0fbfa7a401d04bceaab07ee6f3c200ef - - default default] Successfully bumped revision number for resource bc3b5afd-75b9-4316-9f27-ea6ac6a5b77e (type: security_groups) to 1
2026-07-27 23:03:13.559 10 INFO neutron.db.ovn_revision_numbers_db [None req-f86c013c-657a-48ff-aed2-750f8c549cb9 1bdb6d1c56fb4df4acac7dd5d0b59f48 0fbfa7a401d04bceaab07ee6f3c200ef - - default default] Successfully bumped revision number for resource 06d383b7-41ef-4e9e-8701-3f7f9a7f96fd (type: security_group_rules) to 0
2026-07-27 23:03:13.580 10 INFO neutron.db.ovn_revision_numbers_db [None req-f86c013c-657a-48ff-aed2-750f8c549cb9 1bdb6d1c56fb4df4acac7dd5d0b59f48 0fbfa7a401d04bceaab07ee6f3c200ef - - default default] Successfully bumped revision number for resource 3da64042-efc8-4b09-83d9-b9053c10cb29 (type: security_group_rules) to 0
2026-07-27 23:03:13.599 10 INFO neutron.db.ovn_revision_numbers_db [None req-f86c013c-657a-48ff-aed2-750f8c549cb9 1bdb6d1c56fb4df4acac7dd5d0b59f48 0fbfa7a401d04bceaab07ee6f3c200ef - - default default] Successfully bumped revision number for resource 45d0a48e-9eb8-4bf1-a036-63d2e6d62c9c (type: security_group_rules) to 0
2026-07-27 23:03:13.614 10 INFO neutron.db.ovn_revision_numbers_db [None req-f86c013c-657a-48ff-aed2-750f8c549cb9 1bdb6d1c56fb4df4acac7dd5d0b59f48 0fbfa7a401d04bceaab07ee6f3c200ef - - default default] Successfully bumped revision number for resource d15e82a1-8478-4a03-9c81-b7900000c7cb (type: security_group_rules) to 0
2026-07-27 23:03:13.651 10 INFO neutron.wsgi [None req-f86c013c-657a-48ff-aed2-750f8c549cb9 1bdb6d1c56fb4df4acac7dd5d0b59f48 0fbfa7a401d04bceaab07ee6f3c200ef - - default default] 10.0.0.79 "GET /v2.0/security-groups?tenant_id=dc52f8980c1f4f89b24aacb4ed37aa2a&name=default HTTP/1.1" status: 200 len: 2996 time: 0.2836838
2026-07-27 23:03:13.697 9 WARNING neutron.scheduler.dhcp_agent_scheduler [None req-839f8abd-c10a-4fa4-bfc5-029e54a6c7c4 117aa1a8a95640399ac9dea6f65eae01 397d53cdcd0c43e79c7b961f7e087e7e - - default default] No more DHCP agents
2026-07-27 23:03:13.701 9 WARNING neutron.api.rpc.agentnotifiers.dhcp_rpc_agent_api [None req-839f8abd-c10a-4fa4-bfc5-029e54a6c7c4 117aa1a8a95640399ac9dea6f65eae01 397d53cdcd0c43e79c7b961f7e087e7e - - default default] Unable to schedule network 00b36fc7-6065-472c-a889-f331a4e2a817: no agents available; will retry on subsequent port and subnet creation events.
2026-07-27 23:03:13.792 9 INFO neutron.db.ovn_revision_numbers_db [None req-839f8abd-c10a-4fa4-bfc5-029e54a6c7c4 117aa1a8a95640399ac9dea6f65eae01 397d53cdcd0c43e79c7b961f7e087e7e - - default default] Successfully bumped revision number for resource 6bfb1640-d00b-41f4-8832-30741241c271 (type: ports) to 1
2026-07-27 23:03:13.819 9 INFO neutron.wsgi [None req-839f8abd-c10a-4fa4-bfc5-029e54a6c7c4 117aa1a8a95640399ac9dea6f65eae01 397d53cdcd0c43e79c7b961f7e087e7e - - default default] 10.0.0.79 "POST /v2.0/networks HTTP/1.1" status: 201 len: 830 time: 0.6579554
2026-07-27 23:03:13.843 10 INFO neutron.wsgi [None req-fc43aa3b-7faa-4c7f-a6cf-cfcb0f350c16 388d3e8cfad84cb997c8c0390fe5e2c5 b4a23246d34643f699dd244968cfd18b - - default default] 10.0.0.79 "GET /v2.0/ports/56c0c480-7705-4c21-a9de-9a724edf111d HTTP/1.1" status: 200 len: 1137 time: 0.0511858
2026-07-27 23:03:13.854 10 INFO neutron.db.ovn_revision_numbers_db [None req-ecdc94dd-4d56-43b7-b2f3-ca67427ed8e7 - - - - - -] Successfully bumped revision number for resource 56c0c480-7705-4c21-a9de-9a724edf111d (type: ports) to 2
2026-07-27 23:03:14.001 10 INFO neutron.wsgi [None req-a61f5073-ad57-4cd0-88d4-c90d9c3dc94b 1bdb6d1c56fb4df4acac7dd5d0b59f48 0fbfa7a401d04bceaab07ee6f3c200ef - - default default] 10.0.0.79 "DELETE /v2.0/security-groups/bc3b5afd-75b9-4316-9f27-ea6ac6a5b77e HTTP/1.1" status: 204 len: 168 time: 0.3441856
2026-07-27 23:03:14.070 10 INFO neutron.db.ovn_revision_numbers_db [None req-ecdc94dd-4d56-43b7-b2f3-ca67427ed8e7 - - - - - -] Successfully bumped revision number for resource 56c0c480-7705-4c21-a9de-9a724edf111d (type: router_ports) to 2
2026-07-27 23:03:14.111 9 WARNING neutron.scheduler.dhcp_agent_scheduler [None req-f6d29368-2389-4b04-8636-b798d7257a67 117aa1a8a95640399ac9dea6f65eae01 397d53cdcd0c43e79c7b961f7e087e7e - - default default] No more DHCP agents
2026-07-27 23:03:14.113 9 WARNING neutron.api.rpc.agentnotifiers.dhcp_rpc_agent_api [None req-f6d29368-2389-4b04-8636-b798d7257a67 117aa1a8a95640399ac9dea6f65eae01 397d53cdcd0c43e79c7b961f7e087e7e - - default default] Unable to schedule network 00b36fc7-6065-472c-a889-f331a4e2a817: no agents available; will retry on subsequent port and subnet creation events.
2026-07-27 23:03:14.197 9 INFO neutron.db.ovn_revision_numbers_db [None req-f6d29368-2389-4b04-8636-b798d7257a67 117aa1a8a95640399ac9dea6f65eae01 397d53cdcd0c43e79c7b961f7e087e7e - - default default] Successfully bumped revision number for resource f83edba2-ad4d-4c78-85d2-624c1f63747b (type: ports) to 1
2026-07-27 23:03:14.221 9 INFO neutron.wsgi [None req-f6d29368-2389-4b04-8636-b798d7257a67 117aa1a8a95640399ac9dea6f65eae01 397d53cdcd0c43e79c7b961f7e087e7e - - default default] 10.0.0.79 "POST /v2.0/ports HTTP/1.1" status: 201 len: 942 time: 0.3853352
2026-07-27 23:03:14.542 10 INFO neutron.wsgi [None req-1b8f3f71-87fd-42ec-990a-5f28044dc196 117aa1a8a95640399ac9dea6f65eae01 397d53cdcd0c43e79c7b961f7e087e7e - - default default] 10.0.0.79 "POST /v2.0/trunks HTTP/1.1" status: 201 len: 608 time: 0.3156631 /var/lib/openstack/lib/python3.10/site-packages/pycadf/identifier.py:71: UserWarning: Invalid uuid: neutron. To ensure interoperability, identifiers should be a valid uuid. warnings.warn(('Invalid uuid: %s. To ensure interoperability, '
2026-07-27 23:03:14.579 9 INFO neutron.wsgi [None req-aecc190c-a0ee-4fc2-aa53-d33a575c07d8 117aa1a8a95640399ac9dea6f65eae01 397d53cdcd0c43e79c7b961f7e087e7e - - default default] 10.0.0.79 "PUT /v2.0/trunks/c53b739a-c303-4476-b7bb-41aa9380b1eb/tags HTTP/1.1" status: 200 len: 210 time: 0.0309365
2026-07-27 23:03:14.609 9 INFO neutron.wsgi [None req-7772a375-8f52-43cd-b43a-c58450155dab 117aa1a8a95640399ac9dea6f65eae01 397d53cdcd0c43e79c7b961f7e087e7e - - default default] 10.0.0.79 "PUT /v2.0/trunks/72bdef0f-6fd1-4d8d-94aa-88ebf2454d91/tags HTTP/1.1" status: 200 len: 218 time: 0.0257571
2026-07-27 23:03:14.642 9 INFO neutron.wsgi [None req-3e2d0a63-ef55-42b1-85eb-ffc4da03aaae 117aa1a8a95640399ac9dea6f65eae01 397d53cdcd0c43e79c7b961f7e087e7e - - default default] 10.0.0.79 "PUT /v2.0/trunks/988af100-fe3c-45de-a25e-e02ffe56479a/tags HTTP/1.1" status: 200 len: 227 time: 0.0270109
2026-07-27 23:03:14.691 9 INFO neutron.wsgi [None req-d9c794f0-47f7-4045-8167-269dd748ca13 117aa1a8a95640399ac9dea6f65eae01 397d53cdcd0c43e79c7b961f7e087e7e - - default default] 10.0.0.79 "PUT /v2.0/trunks/9778af16-96bf-4c92-b441-d72d3cd69a28/tags HTTP/1.1" status: 200 len: 212 time: 0.0415475
2026-07-27 23:03:14.725 9 INFO neutron.wsgi [None req-fa383c8c-5fcc-4e96-9f18-477471e96020 117aa1a8a95640399ac9dea6f65eae01 397d53cdcd0c43e79c7b961f7e087e7e - - default default] 10.0.0.79 "GET /v2.0/trunks?tags=red HTTP/1.1" status: 200 len: 1447 time: 0.0248578
2026-07-27 23:03:14.743 10 INFO neutron.wsgi [None req-f94858aa-114e-4e90-af32-266e474c5447 388d3e8cfad84cb997c8c0390fe5e2c5 b4a23246d34643f699dd244968cfd18b - - default default] 10.0.0.79 "PUT /v2.0/routers/20da2f8a-950e-425c-bc89-b56ca401de4f/remove_router_interface HTTP/1.1" status: 200 len: 503 time: 0.8867214 /var/lib/openstack/lib/python3.10/site-packages/pycadf/identifier.py:71: UserWarning: Invalid uuid: neutron. To ensure interoperability, identifiers should be a valid uuid. warnings.warn(('Invalid uuid: %s. To ensure interoperability, '
2026-07-27 23:03:14.758 9 INFO neutron.wsgi [None req-f1832034-91e9-434b-bbd4-3059a77ea176 117aa1a8a95640399ac9dea6f65eae01 397d53cdcd0c43e79c7b961f7e087e7e - - default default] 10.0.0.79 "GET /v2.0/trunks?tags=red%2Cblue HTTP/1.1" status: 200 len: 1041 time: 0.0270388
2026-07-27 23:03:14.806 10 INFO neutron.wsgi [None req-55d70f8f-8b55-43f9-9b45-ec8ddf19c38e 117aa1a8a95640399ac9dea6f65eae01 397d53cdcd0c43e79c7b961f7e087e7e - - default default] 10.0.0.79 "GET /v2.0/trunks?tags-any=blue HTTP/1.1" status: 200 len: 1041 time: 0.0417397
2026-07-27 23:03:14.840 9 INFO neutron.wsgi [None req-38b783ab-38d6-45a6-a31f-fe7a62bd951f 117aa1a8a95640399ac9dea6f65eae01 397d53cdcd0c43e79c7b961f7e087e7e - - default default] 10.0.0.79 "GET /v2.0/trunks?tags-any=red%2Cblue HTTP/1.1" status: 200 len: 1447 time: 0.0242224
2026-07-27 23:03:14.868 9 INFO neutron.wsgi [None req-5858b6c9-7584-438e-946b-927bafe376ab 117aa1a8a95640399ac9dea6f65eae01 397d53cdcd0c43e79c7b961f7e087e7e - - default default] 10.0.0.79 "GET /v2.0/trunks?not-tags=red HTTP/1.1" status: 200 len: 1013 time: 0.0212080
2026-07-27 23:03:14.871 10 INFO neutron.wsgi [None req-b42272ad-161b-4ba7-b443-c0867ca4f6b8 388d3e8cfad84cb997c8c0390fe5e2c5 b4a23246d34643f699dd244968cfd18b - - default default] 10.0.0.79 "GET /v2.0/ports/2c59fdf8-668c-444d-afeb-4d7d5fb6ffe4 HTTP/1.1" status: 200 len: 1137 time: 0.1226695
2026-07-27 23:03:14.901 10 INFO neutron.wsgi [None req-5abe79e1-d7f3-42c5-8ba4-b43ee7487bf1 117aa1a8a95640399ac9dea6f65eae01 397d53cdcd0c43e79c7b961f7e087e7e - - default default] 10.0.0.79 "GET /v2.0/trunks?not-tags=red%2Cblue HTTP/1.1" status: 200 len: 1419 time: 0.0274897
2026-07-27 23:03:14.941 10 INFO neutron.wsgi [None req-a4100666-83ed-408b-af8c-938ffb77fc3f 117aa1a8a95640399ac9dea6f65eae01 397d53cdcd0c43e79c7b961f7e087e7e - - default default] 10.0.0.79 "GET /v2.0/trunks?not-tags-any=blue HTTP/1.1" status: 200 len: 1419 time: 0.0333321
2026-07-27 23:03:14.971 10 INFO neutron.wsgi [None req-7d7cbe1b-82a7-4e80-8914-b53e6589725d 117aa1a8a95640399ac9dea6f65eae01 397d53cdcd0c43e79c7b961f7e087e7e - - default default] 10.0.0.79 "GET /v2.0/trunks?not-tags-any=red%2Cblue HTTP/1.1" status: 200 len: 1013 time: 0.0245352
2026-07-27 23:03:15.002 10 INFO neutron.wsgi [None req-1b796319-5ca2-4d30-8e80-8bd02f038d19 117aa1a8a95640399ac9dea6f65eae01 397d53cdcd0c43e79c7b961f7e087e7e - - default default] 10.0.0.79 "GET /v2.0/trunks/c53b739a-c303-4476-b7bb-41aa9380b1eb HTTP/1.1" status: 200 len: 608 time: 0.0231426
2026-07-27 23:03:15.130 10 INFO neutron.wsgi [None req-13b22672-2611-4e69-940f-03a4afebc68c 117aa1a8a95640399ac9dea6f65eae01 397d53cdcd0c43e79c7b961f7e087e7e - - default default] 10.0.0.79 "GET /v2.0/ports/c4d5944c-6511-4b51-a44e-b165c1d561fa HTTP/1.1" status: 200 len: 1020 time: 0.1215374
2026-07-27 23:03:15.225 10 INFO neutron.wsgi [None req-a95fd96f-824b-4682-9241-7adcc307d121 117aa1a8a95640399ac9dea6f65eae01 397d53cdcd0c43e79c7b961f7e087e7e - - default default] 10.0.0.79 "DELETE /v2.0/trunks/c53b739a-c303-4476-b7bb-41aa9380b1eb HTTP/1.1" status: 204 len: 168 time: 0.0880008
2026-07-27 23:03:15.252 10 INFO neutron.wsgi [None req-3e87bd3c-19ce-469e-b7da-26a13ae6d25f 117aa1a8a95640399ac9dea6f65eae01 397d53cdcd0c43e79c7b961f7e087e7e - - default default] 10.0.0.79 "GET /v2.0/trunks/72bdef0f-6fd1-4d8d-94aa-88ebf2454d91 HTTP/1.1" status: 200 len: 616 time: 0.0219696
2026-07-27 23:03:15.378 10 INFO neutron.wsgi [None req-c1996059-6a80-46ac-bc89-ba8f1074f909 117aa1a8a95640399ac9dea6f65eae01 397d53cdcd0c43e79c7b961f7e087e7e - - default default] 10.0.0.79 "GET /v2.0/ports/98853788-41f7-4e2b-903a-791706e5c25a HTTP/1.1" status: 200 len: 1020 time: 0.1199772
2026-07-27 23:03:15.535 10 INFO neutron.wsgi [None req-bbedf004-f2c1-4032-9ff2-b122bcac42c3 117aa1a8a95640399ac9dea6f65eae01 397d53cdcd0c43e79c7b961f7e087e7e - - default default] 10.0.0.79 "DELETE /v2.0/trunks/72bdef0f-6fd1-4d8d-94aa-88ebf2454d91 HTTP/1.1" status: 204 len: 168 time: 0.1482065
2026-07-27 23:03:15.565 10 INFO neutron.wsgi [None req-809e30b8-1a5d-48a5-8f20-2244453ff62f 117aa1a8a95640399ac9dea6f65eae01 397d53cdcd0c43e79c7b961f7e087e7e - - default default] 10.0.0.79 "GET /v2.0/trunks/988af100-fe3c-45de-a25e-e02ffe56479a HTTP/1.1" status: 200 len: 625 time: 0.0250793
2026-07-27 23:03:15.664 10 INFO neutron.wsgi [None req-e78ad898-78ad-489e-9240-a0e997ebca05 117aa1a8a95640399ac9dea6f65eae01 397d53cdcd0c43e79c7b961f7e087e7e - - default default] 10.0.0.79 "GET /v2.0/ports/e4fcb87c-6a90-4971-b3cb-0f9d2e230ffc HTTP/1.1" status: 200 len: 1020 time: 0.0912519
2026-07-27 23:03:15.672 9 INFO neutron.wsgi [None req-b9ee7f03-3d58-4670-b66c-e298c2441749 388d3e8cfad84cb997c8c0390fe5e2c5 b4a23246d34643f699dd244968cfd18b - - default default] 10.0.0.79 "PUT /v2.0/routers/20da2f8a-950e-425c-bc89-b56ca401de4f/remove_router_interface HTTP/1.1" status: 200 len: 503 time: 0.7960260 /var/lib/openstack/lib/python3.10/site-packages/pycadf/identifier.py:71: UserWarning: Invalid uuid: neutron. To ensure interoperability, identifiers should be a valid uuid. warnings.warn(('Invalid uuid: %s. To ensure interoperability, '
2026-07-27 23:03:15.714 9 INFO neutron.wsgi [None req-e2958981-7ace-4acc-a00c-ec997ea1c702 388d3e8cfad84cb997c8c0390fe5e2c5 b4a23246d34643f699dd244968cfd18b - - default default] 10.0.0.79 "GET /v2.0/ports?device_id=20da2f8a-950e-425c-bc89-b56ca401de4f HTTP/1.1" status: 200 len: 205 time: 0.0307937
2026-07-27 23:03:15.763 10 INFO neutron.wsgi [None req-27dd89a4-363a-41fe-b247-d42be56ac26f 117aa1a8a95640399ac9dea6f65eae01 397d53cdcd0c43e79c7b961f7e087e7e - - default default] 10.0.0.79 "DELETE /v2.0/trunks/988af100-fe3c-45de-a25e-e02ffe56479a HTTP/1.1" status: 204 len: 168 time: 0.0924454
2026-07-27 23:03:15.789 10 INFO neutron.wsgi [None req-778b75c9-933b-4cbb-9af9-0a5d5d3b89fc 117aa1a8a95640399ac9dea6f65eae01 397d53cdcd0c43e79c7b961f7e087e7e - - default default] 10.0.0.79 "GET /v2.0/trunks/9778af16-96bf-4c92-b441-d72d3cd69a28 HTTP/1.1" status: 200 len: 610 time: 0.0204179
2026-07-27 23:03:15.885 10 INFO neutron.wsgi [None req-3ba29923-cc52-42a4-aa6f-d6698d5b8e5c 117aa1a8a95640399ac9dea6f65eae01 397d53cdcd0c43e79c7b961f7e087e7e - - default default] 10.0.0.79 "GET /v2.0/ports/7c1c9e56-9bc5-47cd-90d4-535e852cff7c HTTP/1.1" status: 200 len: 1020 time: 0.0911491
2026-07-27 23:03:15.973 10 INFO neutron.wsgi [None req-123f8817-847e-4b9a-9af9-a72a643ec9ad 117aa1a8a95640399ac9dea6f65eae01 397d53cdcd0c43e79c7b961f7e087e7e - - default default] 10.0.0.79 "DELETE /v2.0/trunks/9778af16-96bf-4c92-b441-d72d3cd69a28 HTTP/1.1" status: 204 len: 168 time: 0.0814884
2026-07-27 23:03:15.999 10 INFO neutron.wsgi [None req-6d9b119d-609d-4b6b-b497-789eadc31264 117aa1a8a95640399ac9dea6f65eae01 397d53cdcd0c43e79c7b961f7e087e7e - - default default] 10.0.0.79 "GET /v2.0/trunks/ac83fe8e-3a8e-4d70-b86d-6eadfe530e18 HTTP/1.1" status: 200 len: 603 time: 0.0200717
2026-07-27 23:03:16.076 10 INFO neutron.wsgi [None req-6e6af35b-161a-4d96-aedb-69b9db2f0ebb 117aa1a8a95640399ac9dea6f65eae01 397d53cdcd0c43e79c7b961f7e087e7e - - default default] 10.0.0.79 "GET /v2.0/ports/f83edba2-ad4d-4c78-85d2-624c1f63747b HTTP/1.1" status: 200 len: 1020 time: 0.0732520
2026-07-27 23:03:16.200 10 INFO neutron.wsgi [None req-893c6d67-edbe-4df1-a884-837212b87f08 117aa1a8a95640399ac9dea6f65eae01 397d53cdcd0c43e79c7b961f7e087e7e - - default default] 10.0.0.79 "DELETE /v2.0/trunks/ac83fe8e-3a8e-4d70-b86d-6eadfe530e18 HTTP/1.1" status: 204 len: 168 time: 0.1176765
2026-07-27 23:03:16.292 9 INFO neutron.wsgi [None req-297838de-7c73-47d4-b4c0-31ab6ba8a6b5 388d3e8cfad84cb997c8c0390fe5e2c5 b4a23246d34643f699dd244968cfd18b - - default default] 10.0.0.79 "DELETE /v2.0/routers/20da2f8a-950e-425c-bc89-b56ca401de4f HTTP/1.1" status: 204 len: 168 time: 0.5697031
2026-07-27 23:03:16.536 10 INFO neutron.wsgi [None req-37c6929c-a8a4-43af-a27b-7880d735f3be 117aa1a8a95640399ac9dea6f65eae01 397d53cdcd0c43e79c7b961f7e087e7e - - default default] 10.0.0.79 "DELETE /v2.0/ports/c4d5944c-6511-4b51-a44e-b165c1d561fa HTTP/1.1" status: 204 len: 168 time: 0.3314495
2026-07-27 23:03:16.558 9 INFO neutron.wsgi [None req-8f68df30-e3ce-435c-b9dd-c77d05edbf6f 388d3e8cfad84cb997c8c0390fe5e2c5 b4a23246d34643f699dd244968cfd18b - - default default] 10.0.0.79 "DELETE /v2.0/subnets/0829ab10-7b2b-496d-b273-4662e997eafe HTTP/1.1" status: 204 len: 168 time: 0.2611976
2026-07-27 23:03:16.848 10 INFO neutron.wsgi [None req-5f4898a8-3a63-4dc0-ba47-59330acd0625 388d3e8cfad84cb997c8c0390fe5e2c5 b4a23246d34643f699dd244968cfd18b - - default default] 10.0.0.79 "DELETE /v2.0/subnets/1658b118-b13d-4e3f-99c9-dc7c2aa8e7bd HTTP/1.1" status: 204 len: 168 time: 0.2841415
2026-07-27 23:03:16.877 10 INFO neutron.wsgi [None req-341873c0-5bc4-4877-96fd-82ed8c83bce2 117aa1a8a95640399ac9dea6f65eae01 397d53cdcd0c43e79c7b961f7e087e7e - - default default] 10.0.0.79 "DELETE /v2.0/ports/98853788-41f7-4e2b-903a-791706e5c25a HTTP/1.1" status: 204 len: 168 time: 0.3350735
2026-07-27 23:03:17.515 10 INFO neutron.wsgi [None req-86ce7f5d-504e-42f8-ba27-4f9618c68daa 117aa1a8a95640399ac9dea6f65eae01 397d53cdcd0c43e79c7b961f7e087e7e - - default default] 10.0.0.79 "DELETE /v2.0/ports/e4fcb87c-6a90-4971-b3cb-0f9d2e230ffc HTTP/1.1" status: 204 len: 168 time: 0.6331129
2026-07-27 23:03:17.646 10 INFO neutron.services.segments.plugin [-] Segment aa5dda66-e42d-4d65-823e-3c1896cb6ae9 resource provider aggregate not found
2026-07-27 23:03:17.663 10 INFO neutron.services.segments.plugin [-] Segment aa5dda66-e42d-4d65-823e-3c1896cb6ae9 resource provider aggregate not found
2026-07-27 23:03:17.670 10 INFO neutron.services.segments.plugin [-] Segment aa5dda66-e42d-4d65-823e-3c1896cb6ae9 resource provider not found; error: Placement Client Error (4xx): {"errors": [{"status": 404, "title": "Not Found", "detail": "The resource could not be found.\n\n No resource provider with uuid aa5dda66-e42d-4d65-823e-3c1896cb6ae9 found for delete ", "request_id": "req-ba32f6e2-b30a-4fe4-9d08-ee770543b124"}]}
2026-07-27 23:03:17.680 10 INFO neutron.services.segments.plugin [-] Segment aa5dda66-e42d-4d65-823e-3c1896cb6ae9 resource provider not found; error: Placement Client Error (4xx): {"errors": [{"status": 404, "title": "Not Found", "detail": "The resource could not be found.\n\n No resource provider with uuid aa5dda66-e42d-4d65-823e-3c1896cb6ae9 found for delete ", "request_id": "req-8261b01e-05a8-4f6e-8cd9-9dde4783fba6"}]}
2026-07-27 23:03:17.706 10 INFO neutron.wsgi [None req-12434db5-e2f7-4c64-9695-68d9816b2c01 388d3e8cfad84cb997c8c0390fe5e2c5 b4a23246d34643f699dd244968cfd18b - - default default] 10.0.0.79 "DELETE /v2.0/networks/70f868ff-6893-4278-b8fe-6b1fe7aaa4f5 HTTP/1.1" status: 204 len: 168 time: 0.8520374
2026-07-27 23:03:17.782 9 INFO neutron.wsgi [None req-eb76e964-81bd-4e2e-875e-b738776e0c70 117aa1a8a95640399ac9dea6f65eae01 397d53cdcd0c43e79c7b961f7e087e7e - - default default] 10.0.0.79 "DELETE /v2.0/ports/7c1c9e56-9bc5-47cd-90d4-535e852cff7c HTTP/1.1" status: 204 len: 168 time: 0.2611830
2026-07-27 23:03:18.105 9 INFO neutron.wsgi [None req-674704ae-6ddb-4770-b48d-a0568184da4d 117aa1a8a95640399ac9dea6f65eae01 397d53cdcd0c43e79c7b961f7e087e7e - - default default] 10.0.0.79 "DELETE /v2.0/ports/f83edba2-ad4d-4c78-85d2-624c1f63747b HTTP/1.1" status: 204 len: 168 time: 0.3178530
2026-07-27 23:03:18.176 9 INFO neutron.services.segments.plugin [-] Segment 373c3e70-4cbc-46d7-97b5-a832b6d01662 resource provider aggregate not found
2026-07-27 23:03:18.183 9 INFO neutron.services.segments.plugin [-] Segment 373c3e70-4cbc-46d7-97b5-a832b6d01662 resource provider aggregate not found
2026-07-27 23:03:18.206 9 INFO neutron.services.segments.plugin [-] Segment 373c3e70-4cbc-46d7-97b5-a832b6d01662 resource provider not found; error: Placement Client Error (4xx): {"errors": [{"status": 404, "title": "Not Found", "detail": "The resource could not be found.\n\n No resource provider with uuid 373c3e70-4cbc-46d7-97b5-a832b6d01662 found for delete ", "request_id": "req-5fb5e9a8-8946-491e-89bb-980f65c9f18f"}]}
2026-07-27 23:03:18.207 9 INFO neutron.services.segments.plugin [-] Segment 373c3e70-4cbc-46d7-97b5-a832b6d01662 resource provider not found; error: Placement Client Error (4xx): {"errors": [{"status": 404, "title": "Not Found", "detail": "The resource could not be found.\n\n No resource provider with uuid 373c3e70-4cbc-46d7-97b5-a832b6d01662 found for delete ", "request_id": "req-8c7bc7c3-e76f-4bec-bfad-765719d2f72e"}]}
2026-07-27 23:03:18.231 9 INFO neutron.wsgi [None req-3500952b-1fe2-42fd-9f93-bdfe8de80fc6 388d3e8cfad84cb997c8c0390fe5e2c5 b4a23246d34643f699dd244968cfd18b - - default default] 10.0.0.79 "DELETE /v2.0/networks/f65304d6-e3ca-491b-82da-434365785f7e HTTP/1.1" status: 204 len: 168 time: 0.5188341
2026-07-27 23:03:18.357 10 INFO neutron.db.segments_db [None req-e5b6d41d-a2e0-48b0-9a38-046fe3a35df6 388d3e8cfad84cb997c8c0390fe5e2c5 b4a23246d34643f699dd244968cfd18b - - default default] Added segment 2b6fb9b4-6138-44ed-bcc6-934ef5f47f5f of type geneve for network 06347813-f64b-485d-b3f6-62ad8f7289d0
2026-07-27 23:03:18.595 10 INFO neutron.db.ovn_revision_numbers_db [None req-e5b6d41d-a2e0-48b0-9a38-046fe3a35df6 388d3e8cfad84cb997c8c0390fe5e2c5 b4a23246d34643f699dd244968cfd18b - - default default] Successfully bumped revision number for resource 06347813-f64b-485d-b3f6-62ad8f7289d0 (type: networks) to 1
2026-07-27 23:03:18.647 10 WARNING neutron.plugins.ml2.drivers.ovn.mech_driver.ovsdb.ovn_client [None req-ecdc94dd-4d56-43b7-b2f3-ca67427ed8e7 - - - - - -] No port found with ID 56c0c480-7705-4c21-a9de-9a724edf111d: RuntimeError: No port found with ID 56c0c480-7705-4c21-a9de-9a724edf111d
2026-07-27 23:03:18.692 10 INFO neutron.wsgi [None req-3c4924b5-d337-4335-b4e4-65917b39a973 117aa1a8a95640399ac9dea6f65eae01 397d53cdcd0c43e79c7b961f7e087e7e - - default default] 10.0.0.79 "DELETE /v2.0/networks/fea0f3d8-2396-4b09-a878-2c7c1de714a8 HTTP/1.1" status: 204 len: 168 time: 0.5788891
2026-07-27 23:03:18.843 10 WARNING neutron.scheduler.dhcp_agent_scheduler [None req-e5b6d41d-a2e0-48b0-9a38-046fe3a35df6 388d3e8cfad84cb997c8c0390fe5e2c5 b4a23246d34643f699dd244968cfd18b - - default default] No more DHCP agents
2026-07-27 23:03:18.848 10 WARNING neutron.api.rpc.agentnotifiers.dhcp_rpc_agent_api [None req-e5b6d41d-a2e0-48b0-9a38-046fe3a35df6 388d3e8cfad84cb997c8c0390fe5e2c5 b4a23246d34643f699dd244968cfd18b - - default default] Unable to schedule network 06347813-f64b-485d-b3f6-62ad8f7289d0: no agents available; will retry on subsequent port and subnet creation events.
2026-07-27 23:03:18.941 10 INFO neutron.db.ovn_revision_numbers_db [None req-e5b6d41d-a2e0-48b0-9a38-046fe3a35df6 388d3e8cfad84cb997c8c0390fe5e2c5 b4a23246d34643f699dd244968cfd18b - - default default] Successfully bumped revision number for resource dc10da36-0e1b-49ba-aadf-b5136b346302 (type: ports) to 1
2026-07-27 23:03:18.968 10 INFO neutron.wsgi [None req-e5b6d41d-a2e0-48b0-9a38-046fe3a35df6 388d3e8cfad84cb997c8c0390fe5e2c5 b4a23246d34643f699dd244968cfd18b - - default default] 10.0.0.79 "POST /v2.0/networks HTTP/1.1" status: 201 len: 828 time: 0.7272449
2026-07-27 23:03:19.122 9 INFO neutron.wsgi [None req-4988f1b4-0d85-44fe-a9d8-921c1e2932ef 117aa1a8a95640399ac9dea6f65eae01 397d53cdcd0c43e79c7b961f7e087e7e - - default default] 10.0.0.79 "DELETE /v2.0/networks/6428a42a-5641-42ce-8a12-172c21dd4adb HTTP/1.1" status: 204 len: 168 time: 0.4236641
2026-07-27 23:03:19.322 10 WARNING neutron.scheduler.dhcp_agent_scheduler [None req-ed3e8c2e-83f0-4238-8a22-9edde58c61ff 388d3e8cfad84cb997c8c0390fe5e2c5 b4a23246d34643f699dd244968cfd18b - - default default] No more DHCP agents
2026-07-27 23:03:19.328 10 WARNING neutron.api.rpc.agentnotifiers.dhcp_rpc_agent_api [None req-ed3e8c2e-83f0-4238-8a22-9edde58c61ff 388d3e8cfad84cb997c8c0390fe5e2c5 b4a23246d34643f699dd244968cfd18b - - default default] Unable to schedule network 06347813-f64b-485d-b3f6-62ad8f7289d0: no agents available; will retry on subsequent port and subnet creation events.
2026-07-27 23:03:19.695 10 INFO neutron.services.segments.plugin [-] Segment 0b23bc45-9335-43bb-a6e8-fe6aaf6b6d53 resource provider aggregate not found
2026-07-27 23:03:19.722 10 INFO neutron.services.segments.plugin [-] Segment 0b23bc45-9335-43bb-a6e8-fe6aaf6b6d53 resource provider aggregate not found
2026-07-27 23:03:19.736 10 INFO neutron.services.segments.plugin [-] Segment 0b23bc45-9335-43bb-a6e8-fe6aaf6b6d53 resource provider not found; error: Placement Client Error (4xx): {"errors": [{"status": 404, "title": "Not Found", "detail": "The resource could not be found.\n\n No resource provider with uuid 0b23bc45-9335-43bb-a6e8-fe6aaf6b6d53 found for delete ", "request_id": "req-1851a787-0576-44a8-bfc4-64064fe22984"}]}
2026-07-27 23:03:19.749 10 INFO neutron.services.segments.plugin [-] Segment 0b23bc45-9335-43bb-a6e8-fe6aaf6b6d53 resource provider not found; error: Placement Client Error (4xx): {"errors": [{"status": 404, "title": "Not Found", "detail": "The resource could not be found.\n\n No resource provider with uuid 0b23bc45-9335-43bb-a6e8-fe6aaf6b6d53 found for delete ", "request_id": "req-97cad593-9051-40a4-8e80-c83b27b69e3e"}]}
2026-07-27 23:03:19.760 10 INFO neutron.services.segments.plugin [-] Segment 3094a623-1d23-4f79-b85c-1f5845c81ce7 resource provider aggregate not found
2026-07-27 23:03:19.785 10 INFO neutron.services.segments.plugin [-] Segment 3094a623-1d23-4f79-b85c-1f5845c81ce7 resource provider not found; error: Placement Client Error (4xx): {"errors": [{"status": 404, "title": "Not Found", "detail": "The resource could not be found.\n\n No resource provider with uuid 3094a623-1d23-4f79-b85c-1f5845c81ce7 found for delete ", "request_id": "req-15209bef-d3b9-4614-879b-8dc5ce3a18c6"}]}
2026-07-27 23:03:19.786 10 INFO neutron.services.segments.plugin [-] Segment 3094a623-1d23-4f79-b85c-1f5845c81ce7 resource provider aggregate not found
2026-07-27 23:03:19.808 10 INFO neutron.services.segments.plugin [-] Segment 3094a623-1d23-4f79-b85c-1f5845c81ce7 resource provider not found; error: Placement Client Error (4xx): {"errors": [{"status": 404, "title": "Not Found", "detail": "The resource could not be found.\n\n No resource provider with uuid 3094a623-1d23-4f79-b85c-1f5845c81ce7 found for delete ", "request_id": "req-fadf9f2c-fa4c-47f4-8b25-d7e4e3653987"}]}
2026-07-27 23:03:19.840 10 INFO neutron.wsgi [None req-345b6fe3-1ed1-4bf1-9dc3-3152a8d2180c 117aa1a8a95640399ac9dea6f65eae01 397d53cdcd0c43e79c7b961f7e087e7e - - default default] 10.0.0.79 "DELETE /v2.0/networks/5d9630f6-721e-4968-ae10-1610d751e842 HTTP/1.1" status: 204 len: 168 time: 0.7120578
2026-07-27 23:03:20.140 10 INFO neutron.db.ovn_revision_numbers_db [None req-ed3e8c2e-83f0-4238-8a22-9edde58c61ff 388d3e8cfad84cb997c8c0390fe5e2c5 b4a23246d34643f699dd244968cfd18b - - default default] Successfully bumped revision number for resource dc10da36-0e1b-49ba-aadf-b5136b346302 (type: ports) to 2
2026-07-27 23:03:20.192 10 INFO neutron.db.ovn_revision_numbers_db [None req-ed3e8c2e-83f0-4238-8a22-9edde58c61ff 388d3e8cfad84cb997c8c0390fe5e2c5 b4a23246d34643f699dd244968cfd18b - - default default] Successfully bumped revision number for resource 6574930b-4335-4bf9-bd93-701f9ac0e06b (type: subnets) to 0
2026-07-27 23:03:20.217 10 INFO neutron.wsgi [None req-ed3e8c2e-83f0-4238-8a22-9edde58c61ff 388d3e8cfad84cb997c8c0390fe5e2c5 b4a23246d34643f699dd244968cfd18b - - default default] 10.0.0.79 "POST /v2.0/subnets HTTP/1.1" status: 201 len: 801 time: 1.2445312
2026-07-27 23:03:20.246 9 INFO neutron.services.segments.plugin [-] Segment 10398895-4dc7-4de1-92a4-eda55993c46c resource provider aggregate not found
2026-07-27 23:03:20.252 9 INFO neutron.services.segments.plugin [-] Segment 10398895-4dc7-4de1-92a4-eda55993c46c resource provider aggregate not found
2026-07-27 23:03:20.262 9 INFO neutron.services.segments.plugin [-] Segment 10398895-4dc7-4de1-92a4-eda55993c46c resource provider not found; error: Placement Client Error (4xx): {"errors": [{"status": 404, "title": "Not Found", "detail": "The resource could not be found.\n\n No resource provider with uuid 10398895-4dc7-4de1-92a4-eda55993c46c found for delete ", "request_id": "req-a8a587c2-9fbe-4d1c-8817-fa4deeea98d0"}]}
2026-07-27 23:03:20.278 9 INFO neutron.services.segments.plugin [-] Segment 10398895-4dc7-4de1-92a4-eda55993c46c resource provider not found; error: Placement Client Error (4xx): {"errors": [{"status": 404, "title": "Not Found", "detail": "The resource could not be found.\n\n No resource provider with uuid 10398895-4dc7-4de1-92a4-eda55993c46c found for delete ", "request_id": "req-bca65b89-2943-4a32-902b-26a4de43ca71"}]}
2026-07-27 23:03:20.401 9 INFO neutron.wsgi [None req-6a255922-a233-4a00-af90-79173f563ce5 117aa1a8a95640399ac9dea6f65eae01 397d53cdcd0c43e79c7b961f7e087e7e - - default default] 10.0.0.79 "DELETE /v2.0/networks/3760c838-8f2f-47cc-9f93-0e0a69acccce HTTP/1.1" status: 204 len: 168 time: 0.5532029
2026-07-27 23:03:20.434 10 INFO neutron.db.ovn_revision_numbers_db [None req-fc1c0deb-4aba-4421-a029-8d26c2f8375d 388d3e8cfad84cb997c8c0390fe5e2c5 b4a23246d34643f699dd244968cfd18b - - default default] Successfully bumped revision number for resource 0812c7df-1067-4c26-b141-e591ffd3ae84 (type: routers) to 1
2026-07-27 23:03:20.463 10 INFO neutron.wsgi [None req-fc1c0deb-4aba-4421-a029-8d26c2f8375d 388d3e8cfad84cb997c8c0390fe5e2c5 b4a23246d34643f699dd244968cfd18b - - default default] 10.0.0.79 "POST /v2.0/routers HTTP/1.1" status: 201 len: 687 time: 0.2399168
2026-07-27 23:03:20.838 10 WARNING neutron.scheduler.dhcp_agent_scheduler [None req-28bd4624-4096-47a1-82f2-03ec4d20f30c 388d3e8cfad84cb997c8c0390fe5e2c5 b4a23246d34643f699dd244968cfd18b - - default default] No more DHCP agents
2026-07-27 23:03:20.845 10 WARNING neutron.api.rpc.agentnotifiers.dhcp_rpc_agent_api [None req-28bd4624-4096-47a1-82f2-03ec4d20f30c 388d3e8cfad84cb997c8c0390fe5e2c5 b4a23246d34643f699dd244968cfd18b - - default default] Unable to schedule network 06347813-f64b-485d-b3f6-62ad8f7289d0: no agents available; will retry on subsequent port and subnet creation events.
2026-07-27 23:03:20.898 9 INFO neutron.wsgi [None req-e89d830d-d747-484f-83a8-8394b68ac720 117aa1a8a95640399ac9dea6f65eae01 397d53cdcd0c43e79c7b961f7e087e7e - - default default] 10.0.0.79 "DELETE /v2.0/networks/00b36fc7-6065-472c-a889-f331a4e2a817 HTTP/1.1" status: 204 len: 168 time: 0.4872017
2026-07-27 23:03:21.039 9 INFO neutron.wsgi [req-00ec93d8-296e-414e-88d2-3359c581e552 req-15721475-d1d0-4ffb-88d4-9881f7d2a5af 8b161901575349a08d51cf128a116bd8 dcd6b8abb7d44019bb41222781cb2732 - - default default] 10.0.0.148 "GET /v2.0/ports?device_id=b7292cef-ad0c-44bc-b1dd-8c0a52db6625 HTTP/1.1" status: 200 len: 1210 time: 0.1064122
2026-07-27 23:03:21.050 10 INFO neutron.db.ovn_revision_numbers_db [None req-28bd4624-4096-47a1-82f2-03ec4d20f30c 388d3e8cfad84cb997c8c0390fe5e2c5 b4a23246d34643f699dd244968cfd18b - - default default] Successfully bumped revision number for resource 3107bade-134c-4d93-a60c-24a0ad5e002d (type: ports) to 1
2026-07-27 23:03:21.074 10 INFO neutron.wsgi [None req-28bd4624-4096-47a1-82f2-03ec4d20f30c 388d3e8cfad84cb997c8c0390fe5e2c5 b4a23246d34643f699dd244968cfd18b - - default default] 10.0.0.79 "POST /v2.0/ports HTTP/1.1" status: 201 len: 1151 time: 0.6054153
2026-07-27 23:03:21.143 9 INFO neutron.wsgi [req-00ec93d8-296e-414e-88d2-3359c581e552 req-991a0071-5151-4d4d-a0e0-39c9b74b5da9 8b161901575349a08d51cf128a116bd8 dcd6b8abb7d44019bb41222781cb2732 - - default default] 10.0.0.148 "GET /v2.0/security-groups?id=fc4a74f8-2f33-4360-a602-3da2cf43e1da&id=4497ec46-309a-43c9-a755-e214659aa835&fields=id&fields=name HTTP/1.1" status: 200 len: 404 time: 0.0996425 /var/lib/openstack/lib/python3.10/site-packages/pycadf/identifier.py:71: UserWarning: Invalid uuid: neutron. To ensure interoperability, identifiers should be a valid uuid. warnings.warn(('Invalid uuid: %s. To ensure interoperability, '
2026-07-27 23:03:21.427 10 INFO neutron.wsgi [None req-5a4b9315-44a6-4eca-83f6-6307c1bea78c 4a3c0bcc3f1c4516bdf9cda365312388 893c75691e3b4ba8a843d4cf89033cdd - - default default] 10.0.0.79 "GET /v2.0/ports?device_id=b7292cef-ad0c-44bc-b1dd-8c0a52db6625 HTTP/1.1" status: 200 len: 1443 time: 0.2543526
2026-07-27 23:03:21.526 10 INFO neutron.wsgi [None req-c58d6ee9-bdb0-4cf4-8578-c5c663dcaa44 8b161901575349a08d51cf128a116bd8 dcd6b8abb7d44019bb41222781cb2732 - - default default] 10.0.0.79 "GET /v2.0/floatingips?floating_network_id=720c3711-5f15-41fc-8eb4-2bf24df5fc44&port_id=fb3845c9-77d9-43d4-9cd9-4f52f0e02668 HTTP/1.1" status: 200 len: 1054 time: 0.0899580
2026-07-27 23:03:21.627 9 INFO neutron.plugins.ml2.drivers.ovn.mech_driver.mech_driver [None req-0748c09a-3db5-40cc-8c37-da8d8509ab02 - - - - - -] OVN reports status up for port: 3107bade-134c-4d93-a60c-24a0ad5e002d
2026-07-27 23:03:21.644 9 INFO neutron.plugins.ml2.plugin [None req-0748c09a-3db5-40cc-8c37-da8d8509ab02 - - - - - -] Attempt 1 to provision port 3107bade-134c-4d93-a60c-24a0ad5e002d
2026-07-27 23:03:21.667 9 INFO neutron.db.ovn_revision_numbers_db [None req-c5308d13-e442-43b6-89cf-46d5ffe637d0 388d3e8cfad84cb997c8c0390fe5e2c5 b4a23246d34643f699dd244968cfd18b - - default default] Successfully bumped revision number for resource 3107bade-134c-4d93-a60c-24a0ad5e002d (type: router_ports) to 2
2026-07-27 23:03:21.802 10 INFO neutron.wsgi [req-9915ee09-29bb-498b-88a7-bd30453495ee req-42f04372-4ea5-4461-9965-dda2b6708225 d209e96dc3824bc5b996c67d567f9d62 fe4d4b0dbfc74b929c22fb51c35109fc - - 75534254d2f848d6999a7b6b9f59d9ca 75534254d2f848d6999a7b6b9f59d9ca] 10.0.0.134 "GET /v2.0/ports?device_id=b7292cef-ad0c-44bc-b1dd-8c0a52db6625 HTTP/1.1" status: 200 len: 1448 time: 0.0383790
2026-07-27 23:03:21.867 10 INFO neutron.wsgi [req-9915ee09-29bb-498b-88a7-bd30453495ee req-d96e42eb-a47c-4b5b-b873-eb3c0593ec8c d209e96dc3824bc5b996c67d567f9d62 fe4d4b0dbfc74b929c22fb51c35109fc - - 75534254d2f848d6999a7b6b9f59d9ca 75534254d2f848d6999a7b6b9f59d9ca] 10.0.0.134 "GET /v2.0/security-groups?id=fc4a74f8-2f33-4360-a602-3da2cf43e1da&id=4497ec46-309a-43c9-a755-e214659aa835&fields=id&fields=name HTTP/1.1" status: 200 len: 404 time: 0.0563483
2026-07-27 23:03:21.938 9 INFO neutron.db.ovn_revision_numbers_db [None req-c5308d13-e442-43b6-89cf-46d5ffe637d0 388d3e8cfad84cb997c8c0390fe5e2c5 b4a23246d34643f699dd244968cfd18b - - default default] Successfully bumped revision number for resource 3107bade-134c-4d93-a60c-24a0ad5e002d (type: ports) to 2
2026-07-27 23:03:22.032 9 INFO neutron.db.ovn_revision_numbers_db [None req-0748c09a-3db5-40cc-8c37-da8d8509ab02 - - - - - -] Successfully bumped revision number for resource 3107bade-134c-4d93-a60c-24a0ad5e002d (type: ports) to 3
2026-07-27 23:03:22.242 9 INFO neutron.db.ovn_revision_numbers_db [None req-0748c09a-3db5-40cc-8c37-da8d8509ab02 - - - - - -] Successfully bumped revision number for resource 3107bade-134c-4d93-a60c-24a0ad5e002d (type: router_ports) to 3
2026-07-27 23:03:22.297 9 INFO neutron.services.segments.plugin [-] Segment 500981fb-c66c-4797-bb11-72f7bcc59182 resource provider aggregate not found
2026-07-27 23:03:22.330 9 INFO neutron.services.segments.plugin [-] Segment 500981fb-c66c-4797-bb11-72f7bcc59182 resource provider aggregate not found
2026-07-27 23:03:22.337 9 INFO neutron.services.segments.plugin [-] Segment 500981fb-c66c-4797-bb11-72f7bcc59182 resource provider not found; error: Placement Client Error (4xx): {"errors": [{"status": 404, "title": "Not Found", "detail": "The resource could not be found.\n\n No resource provider with uuid 500981fb-c66c-4797-bb11-72f7bcc59182 found for delete ", "request_id": "req-4870bfbd-3270-4c2c-ba4f-8b67a6519818"}]}
2026-07-27 23:03:22.360 9 INFO neutron.services.segments.plugin [-] Segment 500981fb-c66c-4797-bb11-72f7bcc59182 resource provider not found; error: Placement Client Error (4xx): {"errors": [{"status": 404, "title": "Not Found", "detail": "The resource could not be found.\n\n No resource provider with uuid 500981fb-c66c-4797-bb11-72f7bcc59182 found for delete ", "request_id": "req-cd16d0f5-1e3e-4b35-aa1b-838871ad0937"}]}
2026-07-27 23:03:22.365 10 INFO neutron.db.ovn_revision_numbers_db [None req-b5aaa3d0-b789-416e-a917-60096830dd5f 1bdb6d1c56fb4df4acac7dd5d0b59f48 0fbfa7a401d04bceaab07ee6f3c200ef - - default default] Successfully bumped revision number for resource 7c0f1cd8-4c6c-4d82-9e83-c2b5ebd30aff (type: security_groups) to 1
2026-07-27 23:03:22.365 9 INFO neutron.services.segments.plugin [-] Segment e1bd43b2-f564-4d7c-af83-0950bc197b56 resource provider aggregate not found
2026-07-27 23:03:22.382 9 INFO neutron.services.segments.plugin [-] Segment e1bd43b2-f564-4d7c-af83-0950bc197b56 resource provider aggregate not found
2026-07-27 23:03:22.385 10 INFO neutron.db.ovn_revision_numbers_db [None req-b5aaa3d0-b789-416e-a917-60096830dd5f 1bdb6d1c56fb4df4acac7dd5d0b59f48 0fbfa7a401d04bceaab07ee6f3c200ef - - default default] Successfully bumped revision number for resource 3b312615-0b75-4c47-b1e8-10dd90faa910 (type: security_group_rules) to 0
2026-07-27 23:03:22.397 9 INFO neutron.services.segments.plugin [-] Segment e1bd43b2-f564-4d7c-af83-0950bc197b56 resource provider not found; error: Placement Client Error (4xx): {"errors": [{"status": 404, "title": "Not Found", "detail": "The resource could not be found.\n\n No resource provider with uuid e1bd43b2-f564-4d7c-af83-0950bc197b56 found for delete ", "request_id": "req-bc4bee9d-ac5b-45a0-8e39-d4486c9f6c1c"}]}
2026-07-27 23:03:22.407 10 INFO neutron.db.ovn_revision_numbers_db [None req-b5aaa3d0-b789-416e-a917-60096830dd5f 1bdb6d1c56fb4df4acac7dd5d0b59f48 0fbfa7a401d04bceaab07ee6f3c200ef - - default default] Successfully bumped revision number for resource 6a0c57a1-2c2c-4a9d-ba43-9cae78e2d158 (type: security_group_rules) to 0
2026-07-27 23:03:22.410 9 INFO neutron.services.segments.plugin [-] Segment e1bd43b2-f564-4d7c-af83-0950bc197b56 resource provider not found; error: Placement Client Error (4xx): {"errors": [{"status": 404, "title": "Not Found", "detail": "The resource could not be found.\n\n No resource provider with uuid e1bd43b2-f564-4d7c-af83-0950bc197b56 found for delete ", "request_id": "req-c4cba01b-e248-48a7-b605-77340f2f1d65"}]}
2026-07-27 23:03:22.424 10 INFO neutron.db.ovn_revision_numbers_db [None req-b5aaa3d0-b789-416e-a917-60096830dd5f 1bdb6d1c56fb4df4acac7dd5d0b59f48 0fbfa7a401d04bceaab07ee6f3c200ef - - default default] Successfully bumped revision number for resource c4b7d301-7d88-477c-8be1-1ceea4911cb6 (type: security_group_rules) to 0
2026-07-27 23:03:22.437 10 INFO neutron.db.ovn_revision_numbers_db [None req-b5aaa3d0-b789-416e-a917-60096830dd5f 1bdb6d1c56fb4df4acac7dd5d0b59f48 0fbfa7a401d04bceaab07ee6f3c200ef - - default default] Successfully bumped revision number for resource e5a77b42-41d1-4823-aaa4-d9a527eec271 (type: security_group_rules) to 0
2026-07-27 23:03:22.479 10 INFO neutron.wsgi [None req-b5aaa3d0-b789-416e-a917-60096830dd5f 1bdb6d1c56fb4df4acac7dd5d0b59f48 0fbfa7a401d04bceaab07ee6f3c200ef - - default default] 10.0.0.79 "GET /v2.0/security-groups?tenant_id=67e94816bc624e8396d68dc1ef73eef0&name=default HTTP/1.1" status: 200 len: 2996 time: 0.5548928
2026-07-27 23:03:22.728 10 INFO neutron.wsgi [None req-de0a9bc4-f53d-479a-bc97-70b0e1eae8cf 1bdb6d1c56fb4df4acac7dd5d0b59f48 0fbfa7a401d04bceaab07ee6f3c200ef - - default default] 10.0.0.79 "DELETE /v2.0/security-groups/7c0f1cd8-4c6c-4d82-9e83-c2b5ebd30aff HTTP/1.1" status: 204 len: 168 time: 0.2400870
