2026-04-28 23:35:32.198 10 INFO neutron.wsgi [None req-d2e779ab-fe5a-455a-8ba2-ddca43b00241 e30658025ac34f19a45a3822f16477b9 c62d86f5c031456a95790099d7522673 - - - -] 10.0.0.75 "DELETE /v2.0/ports/3390cd8b-8503-4601-982a-0b1ca6dfaaba HTTP/1.1" status: 204 len: 168 time: 0.2268715
2026-04-28 23:35:32.469 10 INFO neutron.wsgi [None req-9e33fc20-7a39-4f3b-8daf-f8f509bcbf0f e30658025ac34f19a45a3822f16477b9 c62d86f5c031456a95790099d7522673 - - - -] 10.0.0.75 "DELETE /v2.0/ports/07f9185d-025f-477d-ade0-a68cc6e69547 HTTP/1.1" status: 204 len: 168 time: 0.2660489
2026-04-28 23:35:32.895 9 INFO neutron.wsgi [None req-48f87df4-862c-4568-9939-8059a978075d 49647566f8344212900b0d9c75594dfa fbaf295fef794a3186a0edb979076ccd - - default default] 199.204.45.49 "GET /v2.0/extensions/security-group HTTP/1.1" status: 200 len: 369 time: 0.0621262
2026-04-28 23:35:32.912 9 INFO neutron.wsgi [None req-b0fa8acc-7a45-4cd0-8754-dd8841ee846a 49647566f8344212900b0d9c75594dfa fbaf295fef794a3186a0edb979076ccd - - default default] 199.204.45.49 "GET /v2.0/extensions/dns-integration HTTP/1.1" status: 200 len: 371 time: 0.0106730
2026-04-28 23:35:32.929 9 INFO neutron.wsgi [None req-e19d9bbf-53e5-4a3b-b514-4696c45e2409 49647566f8344212900b0d9c75594dfa fbaf295fef794a3186a0edb979076ccd - - default default] 199.204.45.49 "GET /v2.0/extensions/qos HTTP/1.1" status: 200 len: 365 time: 0.0080802
2026-04-28 23:35:32.942 9 INFO neutron.wsgi [None req-07e1cb77-f4e5-4ba9-9f1b-5f02bacc2172 49647566f8344212900b0d9c75594dfa fbaf295fef794a3186a0edb979076ccd - - default default] 199.204.45.49 "GET /v2.0/extensions/allowed-address-pairs HTTP/1.1" status: 200 len: 383 time: 0.0053239
2026-04-28 23:35:32.977 9 INFO neutron.wsgi [None req-7d822a24-fcad-4424-b659-af7f936522fb 49647566f8344212900b0d9c75594dfa fbaf295fef794a3186a0edb979076ccd - - default default] 199.204.45.49 "GET /v2.0/ports/6758e1d0-7784-492a-a596-88b3be787037 HTTP/1.1" status: 200 len: 1332 time: 0.0290430
2026-04-28 23:35:32.980 10 INFO neutron.wsgi [None req-0d33f95e-25dd-4755-89fb-45169de016b3 e30658025ac34f19a45a3822f16477b9 c62d86f5c031456a95790099d7522673 - - - -] 10.0.0.75 "DELETE /v2.0/ports/d3038d90-d8c6-4a64-a267-c37302f6c8a2 HTTP/1.1" status: 204 len: 168 time: 0.5052457
2026-04-28 23:35:33.079 9 INFO neutron.wsgi [None req-409a1116-7a80-4519-a66e-98e24608f2f9 49647566f8344212900b0d9c75594dfa fbaf295fef794a3186a0edb979076ccd - - default default] 199.204.45.49 "GET /v2.0/extensions/security-group HTTP/1.1" status: 200 len: 369 time: 0.0050147
2026-04-28 23:35:33.086 9 INFO neutron.wsgi [None req-ca2af519-eac5-49f5-9186-8521ba95a1a8 49647566f8344212900b0d9c75594dfa fbaf295fef794a3186a0edb979076ccd - - default default] 199.204.45.49 "GET /v2.0/extensions/dns-integration HTTP/1.1" status: 200 len: 371 time: 0.0031307
2026-04-28 23:35:33.095 9 INFO neutron.wsgi [None req-7b65df3e-91e8-4385-80e8-53c94b5fff50 49647566f8344212900b0d9c75594dfa fbaf295fef794a3186a0edb979076ccd - - default default] 199.204.45.49 "GET /v2.0/extensions/qos HTTP/1.1" status: 200 len: 365 time: 0.0046713
2026-04-28 23:35:33.103 9 INFO neutron.wsgi [None req-46024790-6b51-4f7f-b034-d6a8adb081f2 49647566f8344212900b0d9c75594dfa fbaf295fef794a3186a0edb979076ccd - - default default] 199.204.45.49 "GET /v2.0/extensions/allowed-address-pairs HTTP/1.1" status: 200 len: 383 time: 0.0033150
2026-04-28 23:35:33.144 9 INFO neutron.wsgi [None req-b5171477-56b8-43d9-89ee-f5a5099e6090 49647566f8344212900b0d9c75594dfa fbaf295fef794a3186a0edb979076ccd - - default default] 199.204.45.49 "GET /v2.0/security-groups?name=lb-3192d360-f54f-461a-ab5e-debd8da1d77d HTTP/1.1" status: 200 len: 221 time: 0.0358262
2026-04-28 23:35:33.253 9 INFO neutron.db.ovn_revision_numbers_db [None req-d567a665-c142-415a-b8cf-067c9619e07c 49647566f8344212900b0d9c75594dfa fbaf295fef794a3186a0edb979076ccd - - - -] Successfully bumped revision number for resource dd8c6be1-069a-4e8c-b33e-bdc1051db077 (type: security_groups) to 1
2026-04-28 23:35:33.284 9 INFO neutron.wsgi [None req-d567a665-c142-415a-b8cf-067c9619e07c 49647566f8344212900b0d9c75594dfa fbaf295fef794a3186a0edb979076ccd - - - -] 199.204.45.49 "POST /v2.0/security-groups HTTP/1.1" status: 201 len: 1779 time: 0.1259296
2026-04-28 23:35:33.323 9 INFO neutron.wsgi [None req-715a20ed-9962-4f40-a62d-60e901d1fe23 49647566f8344212900b0d9c75594dfa fbaf295fef794a3186a0edb979076ccd - - default default] 199.204.45.49 "GET /v2.0/security-group-rules?security_group_id=dd8c6be1-069a-4e8c-b33e-bdc1051db077 HTTP/1.1" status: 200 len: 1318 time: 0.0313649
2026-04-28 23:35:33.388 9 INFO neutron.services.segments.plugin [-] Segment e52b4111-c34c-4343-af15-66fdf825c8bf resource provider aggregate not found
2026-04-28 23:35:33.392 9 INFO neutron.services.segments.plugin [-] Segment e52b4111-c34c-4343-af15-66fdf825c8bf resource provider aggregate not found
2026-04-28 23:35:33.418 9 INFO neutron.services.segments.plugin [-] Segment e52b4111-c34c-4343-af15-66fdf825c8bf resource provider not found; error: Placement Client Error (4xx): {"errors": [{"status": 404, "title": "Not Found", "detail": "The resource could not be found.\n\n No resource provider with uuid e52b4111-c34c-4343-af15-66fdf825c8bf found for delete ", "request_id": "req-2039935b-275d-41a1-a2ad-59a79d357f56"}]}
2026-04-28 23:35:33.420 9 INFO neutron.services.segments.plugin [-] Segment e52b4111-c34c-4343-af15-66fdf825c8bf resource provider not found; error: Placement Client Error (4xx): {"errors": [{"status": 404, "title": "Not Found", "detail": "The resource could not be found.\n\n No resource provider with uuid e52b4111-c34c-4343-af15-66fdf825c8bf found for delete ", "request_id": "req-91a1cd94-1fd2-4a2e-8fdf-98bd32a723ed"}]}
2026-04-28 23:35:33.439 9 INFO neutron.wsgi [None req-6387c52e-5344-4438-acba-51d081dd9fcb e30658025ac34f19a45a3822f16477b9 c62d86f5c031456a95790099d7522673 - - - -] 10.0.0.75 "DELETE /v2.0/networks/5a7a7167-2697-467c-b9cc-ccb896628d2c HTTP/1.1" status: 204 len: 168 time: 0.4533269
2026-04-28 23:35:33.743 9 INFO neutron.db.ovn_revision_numbers_db [None req-5723d5d5-8d51-401d-94bb-3d12f0ddadcb 49647566f8344212900b0d9c75594dfa fbaf295fef794a3186a0edb979076ccd - - - -] Successfully bumped revision number for resource 6758e1d0-7784-492a-a596-88b3be787037 (type: ports) to 2
2026-04-28 23:35:33.759 9 INFO neutron.wsgi [None req-5723d5d5-8d51-401d-94bb-3d12f0ddadcb 49647566f8344212900b0d9c75594dfa fbaf295fef794a3186a0edb979076ccd - - - -] 199.204.45.49 "PUT /v2.0/ports/6758e1d0-7784-492a-a596-88b3be787037 HTTP/1.1" status: 200 len: 1332 time: 0.4297116 /var/lib/openstack/lib/python3.10/site-packages/pycadf/identifier.py:71: UserWarning: Invalid uuid: neutron. To ensure interoperability, identifiers should be a valid uuid. warnings.warn(('Invalid uuid: %s. To ensure interoperability, '
2026-04-28 23:35:33.779 9 INFO neutron.wsgi [None req-2f98b6ba-c36c-4a67-a314-d483fff9dfb1 49647566f8344212900b0d9c75594dfa fbaf295fef794a3186a0edb979076ccd - - default default] 199.204.45.49 "GET /v2.0/extensions/security-group HTTP/1.1" status: 200 len: 369 time: 0.0058801
2026-04-28 23:35:33.800 9 INFO neutron.wsgi [None req-14592245-e56a-48fe-b7ba-9e136772f0f0 49647566f8344212900b0d9c75594dfa fbaf295fef794a3186a0edb979076ccd - - default default] 199.204.45.49 "GET /v2.0/extensions/dns-integration HTTP/1.1" status: 200 len: 371 time: 0.0055737
2026-04-28 23:35:33.809 9 INFO neutron.wsgi [None req-c40760ae-7695-4be1-bfd6-186702611707 49647566f8344212900b0d9c75594dfa fbaf295fef794a3186a0edb979076ccd - - default default] 199.204.45.49 "GET /v2.0/extensions/qos HTTP/1.1" status: 200 len: 365 time: 0.0031447
2026-04-28 23:35:33.820 9 INFO neutron.wsgi [None req-9dc3c612-8880-4c45-933e-a5c4a51ce379 49647566f8344212900b0d9c75594dfa fbaf295fef794a3186a0edb979076ccd - - default default] 199.204.45.49 "GET /v2.0/extensions/allowed-address-pairs HTTP/1.1" status: 200 len: 383 time: 0.0047691
2026-04-28 23:35:33.860 9 INFO neutron.wsgi [None req-9cc098a7-33cf-499f-89ac-feab19b6473d 49647566f8344212900b0d9c75594dfa fbaf295fef794a3186a0edb979076ccd - - default default] 199.204.45.49 "GET /v2.0/subnets/4527e868-3138-4a47-b0aa-f6a056c9bd02 HTTP/1.1" status: 200 len: 851 time: 0.0354052
2026-04-28 23:35:34.103 9 INFO neutron.wsgi [None req-8a9e47fb-9451-47e1-ae2e-9627c9b7a65d e30658025ac34f19a45a3822f16477b9 c62d86f5c031456a95790099d7522673 - - - -] 10.0.0.75 "DELETE /v2.0/networks/7a7fdf23-04ef-47c6-8f10-42fc7b463fe4 HTTP/1.1" status: 204 len: 168 time: 0.6543908
2026-04-28 23:35:34.487 10 INFO neutron.services.segments.plugin [-] Segment 71c16cbc-2f38-47bb-bd34-c157caabfb7e resource provider aggregate not found
2026-04-28 23:35:34.491 10 INFO neutron.services.segments.plugin [-] Segment 71c16cbc-2f38-47bb-bd34-c157caabfb7e resource provider aggregate not found
2026-04-28 23:35:34.512 10 INFO neutron.services.segments.plugin [-] Segment 71c16cbc-2f38-47bb-bd34-c157caabfb7e resource provider not found; error: Placement Client Error (4xx): {"errors": [{"status": 404, "title": "Not Found", "detail": "The resource could not be found.\n\n No resource provider with uuid 71c16cbc-2f38-47bb-bd34-c157caabfb7e found for delete ", "request_id": "req-a8289453-fa2b-4c35-9e6b-1bf05063491a"}]}
2026-04-28 23:35:34.513 10 INFO neutron.services.segments.plugin [-] Segment 71c16cbc-2f38-47bb-bd34-c157caabfb7e resource provider not found; error: Placement Client Error (4xx): {"errors": [{"status": 404, "title": "Not Found", "detail": "The resource could not be found.\n\n No resource provider with uuid 71c16cbc-2f38-47bb-bd34-c157caabfb7e found for delete ", "request_id": "req-4ec6295e-f2b8-4a01-bc5d-6f167954ac80"}]}
2026-04-28 23:35:34.541 10 INFO neutron.wsgi [None req-72cc0bd0-19db-46d9-afb5-628aa620304a e30658025ac34f19a45a3822f16477b9 c62d86f5c031456a95790099d7522673 - - - -] 10.0.0.75 "DELETE /v2.0/networks/fed4edde-9ae1-4268-8094-e98ec52ddc41 HTTP/1.1" status: 204 len: 168 time: 0.4321256
2026-04-28 23:35:34.947 9 INFO neutron.wsgi [None req-8117568c-d0c5-40d2-930b-e9e0718e982e e30658025ac34f19a45a3822f16477b9 c62d86f5c031456a95790099d7522673 - - - -] 10.0.0.75 "DELETE /v2.0/networks/3be1dd69-5c60-4411-a61e-1ab7c29fa92b HTTP/1.1" status: 204 len: 168 time: 0.4007120
2026-04-28 23:35:35.335 10 INFO neutron.wsgi [None req-634d89e1-0097-45c3-b3d0-77e68b3030ab e30658025ac34f19a45a3822f16477b9 c62d86f5c031456a95790099d7522673 - - - -] 10.0.0.75 "DELETE /v2.0/networks/5734c0f3-c6cc-477e-93f1-229dd08b73dc HTTP/1.1" status: 204 len: 168 time: 0.3833506
2026-04-28 23:35:35.438 9 INFO neutron.services.segments.plugin [-] Segment bc4aabfa-a9cc-435a-aa75-6e53925fe5d4 resource provider aggregate not found
2026-04-28 23:35:35.444 9 INFO neutron.services.segments.plugin [-] Segment bc4aabfa-a9cc-435a-aa75-6e53925fe5d4 resource provider aggregate not found
2026-04-28 23:35:35.450 9 INFO neutron.services.segments.plugin [-] Segment bc4aabfa-a9cc-435a-aa75-6e53925fe5d4 resource provider not found; error: Placement Client Error (4xx): {"errors": [{"status": 404, "title": "Not Found", "detail": "The resource could not be found.\n\n No resource provider with uuid bc4aabfa-a9cc-435a-aa75-6e53925fe5d4 found for delete ", "request_id": "req-562944f6-6778-4e54-9a87-66a40361d04e"}]}
2026-04-28 23:35:35.459 9 INFO neutron.services.segments.plugin [-] Segment bc4aabfa-a9cc-435a-aa75-6e53925fe5d4 resource provider not found; error: Placement Client Error (4xx): {"errors": [{"status": 404, "title": "Not Found", "detail": "The resource could not be found.\n\n No resource provider with uuid bc4aabfa-a9cc-435a-aa75-6e53925fe5d4 found for delete ", "request_id": "req-f8438fc3-1e35-4b8a-bb07-b2327f007968"}]}
2026-04-28 23:35:35.466 9 INFO neutron.services.segments.plugin [-] Segment 3db43623-e4d0-4e07-a19c-3aa4166421f4 resource provider aggregate not found
2026-04-28 23:35:35.484 9 INFO neutron.services.segments.plugin [-] Segment 3db43623-e4d0-4e07-a19c-3aa4166421f4 resource provider aggregate not found
2026-04-28 23:35:35.489 9 INFO neutron.services.segments.plugin [-] Segment 3db43623-e4d0-4e07-a19c-3aa4166421f4 resource provider not found; error: Placement Client Error (4xx): {"errors": [{"status": 404, "title": "Not Found", "detail": "The resource could not be found.\n\n No resource provider with uuid 3db43623-e4d0-4e07-a19c-3aa4166421f4 found for delete ", "request_id": "req-af0312c0-90b4-4799-a784-921d37d4ed66"}]}
2026-04-28 23:35:35.498 9 INFO neutron.services.segments.plugin [-] Segment 3db43623-e4d0-4e07-a19c-3aa4166421f4 resource provider not found; error: Placement Client Error (4xx): {"errors": [{"status": 404, "title": "Not Found", "detail": "The resource could not be found.\n\n No resource provider with uuid 3db43623-e4d0-4e07-a19c-3aa4166421f4 found for delete ", "request_id": "req-96cbb69d-eb9b-4594-96df-3312b65a50f6"}]}
2026-04-28 23:35:35.685 9 INFO neutron.wsgi [-] 10.0.0.28 "GET / HTTP/1.1" status: 200 len: 246 time: 0.0034521
2026-04-28 23:35:35.686 10 INFO neutron.wsgi [-] 10.0.0.28 "GET / HTTP/1.1" status: 200 len: 246 time: 0.0037174
2026-04-28 23:35:36.382 9 INFO neutron.db.ovn_revision_numbers_db [None req-77ab6297-409d-4ad7-8967-2977752e8226 49647566f8344212900b0d9c75594dfa fbaf295fef794a3186a0edb979076ccd - - default default] Successfully bumped revision number for resource 6b20f83b-b7ca-46ba-9bca-7070bc7cc602 (type: security_groups) to 1
2026-04-28 23:35:36.413 9 INFO neutron.wsgi [None req-77ab6297-409d-4ad7-8967-2977752e8226 49647566f8344212900b0d9c75594dfa fbaf295fef794a3186a0edb979076ccd - - default default] 10.0.0.75 "GET /v2.0/security-groups?tenant_id=d018ca372c204a6baaea5e7fad9f6bc0&name=default HTTP/1.1" status: 200 len: 3000 time: 0.2689977
2026-04-28 23:35:36.541 10 INFO neutron.services.segments.plugin [-] Segment 0baf3503-6817-4030-8fd0-4fd118d58929 resource provider aggregate not found
2026-04-28 23:35:36.549 10 INFO neutron.services.segments.plugin [-] Segment 0baf3503-6817-4030-8fd0-4fd118d58929 resource provider aggregate not found
2026-04-28 23:35:36.559 10 INFO neutron.services.segments.plugin [-] Segment 0baf3503-6817-4030-8fd0-4fd118d58929 resource provider not found; error: Placement Client Error (4xx): {"errors": [{"status": 404, "title": "Not Found", "detail": "The resource could not be found.\n\n No resource provider with uuid 0baf3503-6817-4030-8fd0-4fd118d58929 found for delete ", "request_id": "req-54efe91f-e1ef-49d4-9fc1-6563931d2da4"}]}
2026-04-28 23:35:36.563 10 INFO neutron.services.segments.plugin [-] Segment 0baf3503-6817-4030-8fd0-4fd118d58929 resource provider not found; error: Placement Client Error (4xx): {"errors": [{"status": 404, "title": "Not Found", "detail": "The resource could not be found.\n\n No resource provider with uuid 0baf3503-6817-4030-8fd0-4fd118d58929 found for delete ", "request_id": "req-648fcb76-e8b0-4aab-9a9f-3438ef33f70b"}]}
2026-04-28 23:35:36.623 9 INFO neutron.wsgi [None req-b528b53e-f756-4356-8891-0c55fa2df574 49647566f8344212900b0d9c75594dfa fbaf295fef794a3186a0edb979076ccd - - - -] 10.0.0.75 "DELETE /v2.0/security-groups/6b20f83b-b7ca-46ba-9bca-7070bc7cc602 HTTP/1.1" status: 204 len: 168 time: 0.2029092
2026-04-28 23:35:36.830 10 INFO neutron.db.ovn_revision_numbers_db [None req-a150d476-a017-4e36-b87f-5dd253be4d0e 49647566f8344212900b0d9c75594dfa fbaf295fef794a3186a0edb979076ccd - - default default] Successfully bumped revision number for resource e1e66d14-f97d-410e-b7cc-7f96d63c4c20 (type: security_groups) to 1
2026-04-28 23:35:36.854 10 INFO neutron.wsgi [None req-a150d476-a017-4e36-b87f-5dd253be4d0e 49647566f8344212900b0d9c75594dfa fbaf295fef794a3186a0edb979076ccd - - default default] 10.0.0.75 "GET /v2.0/security-groups?tenant_id=a49c6a17d25546d4b576d420c490c7bb&name=default HTTP/1.1" status: 200 len: 3000 time: 0.1172996
2026-04-28 23:35:37.033 10 INFO neutron.wsgi [None req-226b8d98-1092-4432-898c-9ee3fff69570 49647566f8344212900b0d9c75594dfa fbaf295fef794a3186a0edb979076ccd - - - -] 10.0.0.75 "DELETE /v2.0/security-groups/e1e66d14-f97d-410e-b7cc-7f96d63c4c20 HTTP/1.1" status: 204 len: 168 time: 0.1740401
2026-04-28 23:35:37.195 10 INFO neutron.wsgi [None req-5dcc6a07-001f-401d-b5ea-14ffe1a2c16f 49647566f8344212900b0d9c75594dfa fbaf295fef794a3186a0edb979076ccd - - default default] 10.0.0.75 "GET /v2.0/security-groups?tenant_id=c62d86f5c031456a95790099d7522673&name=default HTTP/1.1" status: 200 len: 3000 time: 0.0293534
2026-04-28 23:35:37.360 10 INFO neutron.wsgi [None req-260012e2-db65-409e-b283-33106d0d603b 49647566f8344212900b0d9c75594dfa fbaf295fef794a3186a0edb979076ccd - - - -] 10.0.0.75 "DELETE /v2.0/security-groups/0d9b61ee-37c7-43b0-b823-45e029709f43 HTTP/1.1" status: 204 len: 168 time: 0.1616294
2026-04-28 23:35:40.965 10 INFO neutron.wsgi [req-8f6be8c4-4ad3-4ac7-8359-4b6b4ef04fa5 req-bb17e740-d943-4647-9fe3-b7894f32b184 49647566f8344212900b0d9c75594dfa fbaf295fef794a3186a0edb979076ccd - - default default] 10.0.0.44 "GET /v2.0/security-groups?id=fb6cefcc-ed7e-4855-8562-46043c96532c&fields=id HTTP/1.1" status: 200 len: 267 time: 0.0299919
2026-04-28 23:35:41.027 10 INFO neutron.wsgi [req-8f6be8c4-4ad3-4ac7-8359-4b6b4ef04fa5 req-02bfc244-bea1-40d4-ac29-ef845eb328ad 49647566f8344212900b0d9c75594dfa fbaf295fef794a3186a0edb979076ccd - - default default] 10.0.0.44 "GET /v2.0/networks?id=1195a90d-962d-41d2-b3bd-6ee9cdcb96b2 HTTP/1.1" status: 200 len: 937 time: 0.0542736
2026-04-28 23:35:41.045 10 INFO neutron.wsgi [req-8f6be8c4-4ad3-4ac7-8359-4b6b4ef04fa5 req-73722717-dfa6-49a0-b5d0-c758a89d3f29 49647566f8344212900b0d9c75594dfa fbaf295fef794a3186a0edb979076ccd - - default default] 10.0.0.44 "GET /v2.0/quotas/fbaf295fef794a3186a0edb979076ccd HTTP/1.1" status: 200 len: 385 time: 0.0113506
2026-04-28 23:35:41.099 10 INFO neutron.wsgi [req-8f6be8c4-4ad3-4ac7-8359-4b6b4ef04fa5 req-aa3faf4e-2013-4238-af53-045bcddda748 49647566f8344212900b0d9c75594dfa fbaf295fef794a3186a0edb979076ccd - - default default] 10.0.0.44 "GET /v2.0/ports?tenant_id=fbaf295fef794a3186a0edb979076ccd&fields=id HTTP/1.1" status: 200 len: 348 time: 0.0482090
2026-04-28 23:35:41.171 10 INFO neutron.wsgi [req-8f6be8c4-4ad3-4ac7-8359-4b6b4ef04fa5 req-30b37e04-31a7-404f-9154-a07f61b30cda d15560b820ed4631bbf11309f1172a91 9b9e194969dc400b9b6ea9ac672ef246 - - 6c1c1657cc8b4fcbb584322d9dbe07ff 6c1c1657cc8b4fcbb584322d9dbe07ff] 10.0.0.44 "GET /v2.0/networks/1195a90d-962d-41d2-b3bd-6ee9cdcb96b2?fields=segments HTTP/1.1" status: 200 len: 212 time: 0.0604787
2026-04-28 23:35:41.238 10 INFO neutron.wsgi [req-8f6be8c4-4ad3-4ac7-8359-4b6b4ef04fa5 req-9566dad1-5c5c-4b53-8a9a-4e76ae0da6ac d15560b820ed4631bbf11309f1172a91 9b9e194969dc400b9b6ea9ac672ef246 - - 6c1c1657cc8b4fcbb584322d9dbe07ff 6c1c1657cc8b4fcbb584322d9dbe07ff] 10.0.0.44 "GET /v2.0/networks/1195a90d-962d-41d2-b3bd-6ee9cdcb96b2?fields=provider%3Aphysical_network&fields=provider%3Anetwork_type HTTP/1.1" status: 200 len: 277 time: 0.0584958
2026-04-28 23:35:41.332 9 INFO neutron.wsgi [None req-7962de4c-4aa4-40c0-80ab-46abf1c7fae1 4bb806c9bc8846778e31f76ac3421564 a93a107ad1d640e9b14d67be2aa9c64b - - - -] 10.0.0.75 "POST /v2.0/subnetpools HTTP/1.1" status: 201 len: 715 time: 0.1368999
2026-04-28 23:35:41.385 9 INFO neutron.wsgi [None req-47ea19db-d257-40ef-8e22-1900e2d43dd5 4bb806c9bc8846778e31f76ac3421564 a93a107ad1d640e9b14d67be2aa9c64b - - - -] 10.0.0.75 "POST /v2.0/subnetpools HTTP/1.1" status: 201 len: 715 time: 0.0478697
2026-04-28 23:35:41.442 9 INFO neutron.wsgi [None req-701918fe-f40d-4c53-8eb7-6296baeeff8a 4bb806c9bc8846778e31f76ac3421564 a93a107ad1d640e9b14d67be2aa9c64b - - - -] 10.0.0.75 "POST /v2.0/subnetpools HTTP/1.1" status: 201 len: 715 time: 0.0518301
2026-04-28 23:35:41.500 9 INFO neutron.wsgi [None req-b9a544d1-f8be-424d-812c-08fefcfa2ea3 4bb806c9bc8846778e31f76ac3421564 a93a107ad1d640e9b14d67be2aa9c64b - - - -] 10.0.0.75 "POST /v2.0/subnetpools HTTP/1.1" status: 201 len: 715 time: 0.0522480
2026-04-28 23:35:41.560 9 INFO neutron.wsgi [None req-5f75d549-a916-44ae-a9f0-d8e6ffcc7b0b 4bb806c9bc8846778e31f76ac3421564 a93a107ad1d640e9b14d67be2aa9c64b - - - -] 10.0.0.75 "POST /v2.0/subnetpools HTTP/1.1" status: 201 len: 715 time: 0.0521171
2026-04-28 23:35:41.563 10 INFO neutron.wsgi [req-9a78f1ad-4090-4f44-9408-2363c5a5046f req-c2e6902c-fefb-4221-95bb-1a75de2d6e1c 49647566f8344212900b0d9c75594dfa fbaf295fef794a3186a0edb979076ccd - - default default] 10.0.0.44 "GET /v2.0/ports?device_id=37df84b7-5b4a-4c1b-ada9-5f3acf6e12d0 HTTP/1.1" status: 200 len: 210 time: 0.0182266
2026-04-28 23:35:41.598 10 INFO neutron.wsgi [None req-136c4477-5bd9-4cc0-b0f6-35449d98be8c 4bb806c9bc8846778e31f76ac3421564 a93a107ad1d640e9b14d67be2aa9c64b - - - -] 10.0.0.75 "PUT /v2.0/subnetpools/63495a9a-8097-4cb5-8fb4-a193920d890b/tags HTTP/1.1" status: 200 len: 210 time: 0.0327625
2026-04-28 23:35:41.626 10 INFO neutron.wsgi [req-94d2e930-e3f1-4634-b296-be8a91f4d14f req-0d813018-76ea-4611-bb10-af58d64a3bce 49647566f8344212900b0d9c75594dfa fbaf295fef794a3186a0edb979076ccd - - default default] 10.0.0.44 "GET /v2.0/ports?device_id=37df84b7-5b4a-4c1b-ada9-5f3acf6e12d0 HTTP/1.1" status: 200 len: 210 time: 0.0242095
2026-04-28 23:35:41.652 9 INFO neutron.wsgi [None req-5f6dee7d-24a0-40b4-9cc1-4447a34158c9 4bb806c9bc8846778e31f76ac3421564 a93a107ad1d640e9b14d67be2aa9c64b - - - -] 10.0.0.75 "PUT /v2.0/subnetpools/b4efd5e3-bc6d-4879-9e1c-dd9892051756/tags HTTP/1.1" status: 200 len: 218 time: 0.0464034
2026-04-28 23:35:41.701 9 INFO neutron.wsgi [None req-ec0a5ff9-ea34-4704-85ae-0ef05654a403 4bb806c9bc8846778e31f76ac3421564 a93a107ad1d640e9b14d67be2aa9c64b - - - -] 10.0.0.75 "PUT /v2.0/subnetpools/0f8ece77-db1c-4f72-ab21-ac344b899f7e/tags HTTP/1.1" status: 200 len: 227 time: 0.0446258
2026-04-28 23:35:41.738 10 INFO neutron.wsgi [None req-ab792373-f927-49a0-b816-a868856cc49f 4bb806c9bc8846778e31f76ac3421564 a93a107ad1d640e9b14d67be2aa9c64b - - - -] 10.0.0.75 "PUT /v2.0/subnetpools/9e3d281a-64a2-4fa5-95cb-493d82145fa2/tags HTTP/1.1" status: 200 len: 212 time: 0.0309052
2026-04-28 23:35:41.777 9 INFO neutron.wsgi [None req-07ac9257-7875-446f-b0a5-b5751974540c 4bb806c9bc8846778e31f76ac3421564 a93a107ad1d640e9b14d67be2aa9c64b - - default default] 10.0.0.75 "GET /v2.0/subnetpools?tags=red HTTP/1.1" status: 200 len: 1758 time: 0.0338376
2026-04-28 23:35:41.828 9 INFO neutron.wsgi [None req-19945790-ed73-4c4f-9a54-94c003e484a8 4bb806c9bc8846778e31f76ac3421564 a93a107ad1d640e9b14d67be2aa9c64b - - default default] 10.0.0.75 "GET /v2.0/subnetpools?tags=red%2Cblue HTTP/1.1" status: 200 len: 1251 time: 0.0459886
2026-04-28 23:35:41.865 9 INFO neutron.wsgi [None req-20ded209-f789-4b01-8b02-d25d176217cc 4bb806c9bc8846778e31f76ac3421564 a93a107ad1d640e9b14d67be2aa9c64b - - default default] 10.0.0.75 "GET /v2.0/subnetpools?tags-any=blue HTTP/1.1" status: 200 len: 1251 time: 0.0308142
2026-04-28 23:35:41.891 9 INFO neutron.wsgi [None req-0e09e190-813f-4a03-ac6a-46d7d878c432 4bb806c9bc8846778e31f76ac3421564 a93a107ad1d640e9b14d67be2aa9c64b - - default default] 10.0.0.75 "GET /v2.0/subnetpools?tags-any=red%2Cblue HTTP/1.1" status: 200 len: 1758 time: 0.0198476
2026-04-28 23:35:41.928 9 INFO neutron.wsgi [None req-34d56ec4-1347-4630-ac78-a94abf2f3c52 4bb806c9bc8846778e31f76ac3421564 a93a107ad1d640e9b14d67be2aa9c64b - - default default] 10.0.0.75 "GET /v2.0/subnetpools?not-tags=red HTTP/1.1" status: 200 len: 1223 time: 0.0312057
2026-04-28 23:35:41.964 9 INFO neutron.wsgi [None req-40b8198d-9623-4a8d-9b13-2d2937ddfd85 4bb806c9bc8846778e31f76ac3421564 a93a107ad1d640e9b14d67be2aa9c64b - - default default] 10.0.0.75 "GET /v2.0/subnetpools?not-tags=red%2Cblue HTTP/1.1" status: 200 len: 1730 time: 0.0312319
2026-04-28 23:35:42.000 9 INFO neutron.wsgi [None req-4a0c5a60-f52f-4cc1-a209-a9048d63348b 4bb806c9bc8846778e31f76ac3421564 a93a107ad1d640e9b14d67be2aa9c64b - - default default] 10.0.0.75 "GET /v2.0/subnetpools?not-tags-any=blue HTTP/1.1" status: 200 len: 1730 time: 0.0297799
2026-04-28 23:35:42.022 9 INFO neutron.wsgi [None req-ffcf576c-4e25-483c-a12a-0d71e76f6682 4bb806c9bc8846778e31f76ac3421564 a93a107ad1d640e9b14d67be2aa9c64b - - default default] 10.0.0.75 "GET /v2.0/subnetpools?not-tags-any=red%2Cblue HTTP/1.1" status: 200 len: 1223 time: 0.0169337
2026-04-28 23:35:42.082 9 INFO neutron.wsgi [None req-aee1316f-a754-4659-9304-a184a23353b7 4bb806c9bc8846778e31f76ac3421564 a93a107ad1d640e9b14d67be2aa9c64b - - - -] 10.0.0.75 "DELETE /v2.0/subnetpools/63495a9a-8097-4cb5-8fb4-a193920d890b HTTP/1.1" status: 204 len: 168 time: 0.0543165
2026-04-28 23:35:42.134 9 INFO neutron.wsgi [None req-cd2782d6-1418-4718-a89f-03617c5f2456 4bb806c9bc8846778e31f76ac3421564 a93a107ad1d640e9b14d67be2aa9c64b - - - -] 10.0.0.75 "DELETE /v2.0/subnetpools/b4efd5e3-bc6d-4879-9e1c-dd9892051756 HTTP/1.1" status: 204 len: 168 time: 0.0470889
2026-04-28 23:35:42.186 9 INFO neutron.wsgi [None req-86c6f373-964e-46dd-be87-81bb7ceb8493 4bb806c9bc8846778e31f76ac3421564 a93a107ad1d640e9b14d67be2aa9c64b - - - -] 10.0.0.75 "DELETE /v2.0/subnetpools/0f8ece77-db1c-4f72-ab21-ac344b899f7e HTTP/1.1" status: 204 len: 168 time: 0.0480494
2026-04-28 23:35:42.246 9 INFO neutron.wsgi [None req-debdf631-d094-4eb9-a91d-1f1ea49a093a 4bb806c9bc8846778e31f76ac3421564 a93a107ad1d640e9b14d67be2aa9c64b - - - -] 10.0.0.75 "DELETE /v2.0/subnetpools/9e3d281a-64a2-4fa5-95cb-493d82145fa2 HTTP/1.1" status: 204 len: 168 time: 0.0559983
2026-04-28 23:35:42.315 9 INFO neutron.wsgi [None req-f17f346a-9f01-458f-8913-65c6d3b4e140 4bb806c9bc8846778e31f76ac3421564 a93a107ad1d640e9b14d67be2aa9c64b - - - -] 10.0.0.75 "DELETE /v2.0/subnetpools/4276e1b5-9abf-40fa-8e33-d430026c0b22 HTTP/1.1" status: 204 len: 168 time: 0.0633931
2026-04-28 23:35:42.330 9 INFO neutron.wsgi [req-8f6be8c4-4ad3-4ac7-8359-4b6b4ef04fa5 req-37f1a160-7fe9-4b82-aa78-7c9be88857fc 49647566f8344212900b0d9c75594dfa fbaf295fef794a3186a0edb979076ccd - - default default] 199.204.45.49 "GET /v2.0/networks?id=1195a90d-962d-41d2-b3bd-6ee9cdcb96b2 HTTP/1.1" status: 200 len: 937 time: 0.0600197
2026-04-28 23:35:42.388 9 INFO neutron.wsgi [req-8f6be8c4-4ad3-4ac7-8359-4b6b4ef04fa5 req-58696a77-577d-465d-97ae-d2fea08bcfa4 49647566f8344212900b0d9c75594dfa fbaf295fef794a3186a0edb979076ccd - - default default] 199.204.45.49 "GET /v2.0/security-groups?fields=id&fields=name&tenant_id=fbaf295fef794a3186a0edb979076ccd HTTP/1.1" status: 200 len: 542 time: 0.0507779
2026-04-28 23:35:42.651 9 WARNING neutron.scheduler.dhcp_agent_scheduler [None req-9018ac25-d435-4ee1-a301-3b605173fd35 49647566f8344212900b0d9c75594dfa fbaf295fef794a3186a0edb979076ccd - - - -] No more DHCP agents
2026-04-28 23:35:42.654 9 WARNING neutron.api.rpc.agentnotifiers.dhcp_rpc_agent_api [None req-9018ac25-d435-4ee1-a301-3b605173fd35 49647566f8344212900b0d9c75594dfa fbaf295fef794a3186a0edb979076ccd - - - -] Unable to schedule network 1195a90d-962d-41d2-b3bd-6ee9cdcb96b2: no agents available; will retry on subsequent port and subnet creation events.
2026-04-28 23:35:42.825 9 INFO neutron.db.ovn_revision_numbers_db [None req-9018ac25-d435-4ee1-a301-3b605173fd35 49647566f8344212900b0d9c75594dfa fbaf295fef794a3186a0edb979076ccd - - - -] Successfully bumped revision number for resource ec36397f-257e-4c72-916e-62fe83f2b633 (type: ports) to 1
2026-04-28 23:35:42.845 9 INFO neutron.wsgi [None req-9018ac25-d435-4ee1-a301-3b605173fd35 49647566f8344212900b0d9c75594dfa fbaf295fef794a3186a0edb979076ccd - - - -] 199.204.45.49 "POST /v2.0/ports HTTP/1.1" status: 201 len: 1287 time: 0.4485023 /var/lib/openstack/lib/python3.10/site-packages/pycadf/identifier.py:71: UserWarning: Invalid uuid: neutron. To ensure interoperability, identifiers should be a valid uuid. warnings.warn(('Invalid uuid: %s. To ensure interoperability, ' /var/lib/openstack/lib/python3.10/site-packages/pycadf/identifier.py:71: UserWarning: Invalid uuid: neutron. To ensure interoperability, identifiers should be a valid uuid. warnings.warn(('Invalid uuid: %s. To ensure interoperability, '
2026-04-28 23:35:43.318 9 INFO neutron.db.ovn_revision_numbers_db [None req-86a60efd-3548-431e-bcf0-93f9e82d1a75 d15560b820ed4631bbf11309f1172a91 9b9e194969dc400b9b6ea9ac672ef246 - - - -] Successfully bumped revision number for resource ec36397f-257e-4c72-916e-62fe83f2b633 (type: ports) to 2
2026-04-28 23:35:43.400 9 INFO neutron.db.ovn_revision_numbers_db [None req-f5e544f0-4f93-49a9-84e9-24f8684b80a2 49647566f8344212900b0d9c75594dfa fbaf295fef794a3186a0edb979076ccd - - default default] Successfully bumped revision number for resource e40991dd-210e-44dd-893f-aaeb97024734 (type: security_groups) to 1
2026-04-28 23:35:43.437 9 INFO neutron.wsgi [None req-f5e544f0-4f93-49a9-84e9-24f8684b80a2 49647566f8344212900b0d9c75594dfa fbaf295fef794a3186a0edb979076ccd - - default default] 10.0.0.75 "GET /v2.0/security-groups?tenant_id=a93a107ad1d640e9b14d67be2aa9c64b&name=default HTTP/1.1" status: 200 len: 3000 time: 0.2450504
2026-04-28 23:35:43.511 9 INFO neutron.db.ovn_revision_numbers_db [None req-86a60efd-3548-431e-bcf0-93f9e82d1a75 d15560b820ed4631bbf11309f1172a91 9b9e194969dc400b9b6ea9ac672ef246 - - - -] Successfully bumped revision number for resource ec36397f-257e-4c72-916e-62fe83f2b633 (type: ports) to 2
2026-04-28 23:35:43.526 9 INFO neutron.wsgi [None req-86a60efd-3548-431e-bcf0-93f9e82d1a75 d15560b820ed4631bbf11309f1172a91 9b9e194969dc400b9b6ea9ac672ef246 - - - -] 199.204.45.49 "PUT /v2.0/ports/ec36397f-257e-4c72-916e-62fe83f2b633 HTTP/1.1" status: 200 len: 1336 time: 0.6693082
2026-04-28 23:35:43.568 9 INFO neutron.notifiers.nova [-] Nova event matching ['req-2d0a7523-54ec-40a7-995d-686aab4b4cf0'] response: {'name': 'network-changed', 'server_uuid': '37df84b7-5b4a-4c1b-ada9-5f3acf6e12d0', 'tag': 'ec36397f-257e-4c72-916e-62fe83f2b633', 'status': 'completed', 'code': 200} /var/lib/openstack/lib/python3.10/site-packages/pycadf/identifier.py:71: UserWarning: Invalid uuid: neutron. To ensure interoperability, identifiers should be a valid uuid. warnings.warn(('Invalid uuid: %s. To ensure interoperability, '
2026-04-28 23:35:43.596 9 INFO neutron.wsgi [req-8f6be8c4-4ad3-4ac7-8359-4b6b4ef04fa5 req-6a057c8a-81de-4d16-8ac8-2e346a25411d d15560b820ed4631bbf11309f1172a91 9b9e194969dc400b9b6ea9ac672ef246 - - 6c1c1657cc8b4fcbb584322d9dbe07ff 6c1c1657cc8b4fcbb584322d9dbe07ff] 199.204.45.49 "GET /v2.0/ports?tenant_id=fbaf295fef794a3186a0edb979076ccd&device_id=37df84b7-5b4a-4c1b-ada9-5f3acf6e12d0 HTTP/1.1" status: 200 len: 1367 time: 0.0318160
2026-04-28 23:35:43.637 10 INFO neutron.wsgi [None req-92b6d37c-b3fd-46a2-9035-048da4113c2e 49647566f8344212900b0d9c75594dfa fbaf295fef794a3186a0edb979076ccd - - - -] 10.0.0.75 "DELETE /v2.0/security-groups/e40991dd-210e-44dd-893f-aaeb97024734 HTTP/1.1" status: 204 len: 168 time: 0.1922362
2026-04-28 23:35:43.638 9 INFO neutron.wsgi [req-8f6be8c4-4ad3-4ac7-8359-4b6b4ef04fa5 req-cd7427e9-80e5-4167-9501-eaf0d896aef6 d15560b820ed4631bbf11309f1172a91 9b9e194969dc400b9b6ea9ac672ef246 - - 6c1c1657cc8b4fcbb584322d9dbe07ff 6c1c1657cc8b4fcbb584322d9dbe07ff] 199.204.45.49 "GET /v2.0/floatingips?fixed_ip_address=172.24.3.154&port_id=ec36397f-257e-4c72-916e-62fe83f2b633 HTTP/1.1" status: 200 len: 217 time: 0.0333977
2026-04-28 23:35:43.674 9 INFO neutron.wsgi [req-8f6be8c4-4ad3-4ac7-8359-4b6b4ef04fa5 req-912c4992-477a-4d1e-9eeb-88696c9a7a2f d15560b820ed4631bbf11309f1172a91 9b9e194969dc400b9b6ea9ac672ef246 - - 6c1c1657cc8b4fcbb584322d9dbe07ff 6c1c1657cc8b4fcbb584322d9dbe07ff] 199.204.45.49 "GET /v2.0/subnets?id=bbefbb40-b15b-4086-b66f-0c00312e13ab HTTP/1.1" status: 200 len: 829 time: 0.0284324
2026-04-28 23:35:43.708 9 INFO neutron.wsgi [req-8f6be8c4-4ad3-4ac7-8359-4b6b4ef04fa5 req-a1d2361d-12e0-432f-8619-cb0fc1132550 d15560b820ed4631bbf11309f1172a91 9b9e194969dc400b9b6ea9ac672ef246 - - 6c1c1657cc8b4fcbb584322d9dbe07ff 6c1c1657cc8b4fcbb584322d9dbe07ff] 199.204.45.49 "GET /v2.0/ports?network_id=1195a90d-962d-41d2-b3bd-6ee9cdcb96b2&device_owner=network%3Adhcp HTTP/1.1" status: 200 len: 210 time: 0.0258646
2026-04-28 23:35:43.784 9 INFO neutron.wsgi [req-8f6be8c4-4ad3-4ac7-8359-4b6b4ef04fa5 req-479e2c13-da2a-4fe3-9630-21dfeeb19efe d15560b820ed4631bbf11309f1172a91 9b9e194969dc400b9b6ea9ac672ef246 - - 6c1c1657cc8b4fcbb584322d9dbe07ff 6c1c1657cc8b4fcbb584322d9dbe07ff] 199.204.45.49 "GET /v2.0/networks/1195a90d-962d-41d2-b3bd-6ee9cdcb96b2?fields=segments HTTP/1.1" status: 200 len: 212 time: 0.0685406
2026-04-28 23:35:43.800 10 INFO neutron.wsgi [req-3d8ac437-c005-4b0c-be4e-0a99074e8a40 req-7f5611bd-7151-4754-ae38-d89748845a5d 49647566f8344212900b0d9c75594dfa fbaf295fef794a3186a0edb979076ccd - - default default] 10.0.0.44 "GET /v2.0/ports?device_id=37df84b7-5b4a-4c1b-ada9-5f3acf6e12d0 HTTP/1.1" status: 200 len: 1367 time: 0.0319660
2026-04-28 23:35:43.838 10 INFO neutron.wsgi [req-3d8ac437-c005-4b0c-be4e-0a99074e8a40 req-54298baa-f056-434e-baa9-3da4a3cb3cd6 49647566f8344212900b0d9c75594dfa fbaf295fef794a3186a0edb979076ccd - - default default] 10.0.0.44 "GET /v2.0/security-groups?id=fb6cefcc-ed7e-4855-8562-46043c96532c&fields=id&fields=name HTTP/1.1" status: 200 len: 294 time: 0.0293379
2026-04-28 23:35:43.839 10 INFO neutron.db.ovn_revision_numbers_db [None req-ca46d305-280b-45a0-b794-cdefe4e789db 49647566f8344212900b0d9c75594dfa fbaf295fef794a3186a0edb979076ccd - - default default] Successfully bumped revision number for resource 81f8b7cf-35ab-45be-a451-fd5a9faf4bb9 (type: security_groups) to 1
2026-04-28 23:35:43.843 9 INFO neutron.wsgi [req-8f6be8c4-4ad3-4ac7-8359-4b6b4ef04fa5 req-7d6c6f2f-948d-410d-a675-597a344875d7 d15560b820ed4631bbf11309f1172a91 9b9e194969dc400b9b6ea9ac672ef246 - - 6c1c1657cc8b4fcbb584322d9dbe07ff 6c1c1657cc8b4fcbb584322d9dbe07ff] 199.204.45.49 "GET /v2.0/networks/1195a90d-962d-41d2-b3bd-6ee9cdcb96b2?fields=provider%3Aphysical_network&fields=provider%3Anetwork_type HTTP/1.1" status: 200 len: 277 time: 0.0551548
2026-04-28 23:35:43.856 10 INFO neutron.wsgi [None req-ca46d305-280b-45a0-b794-cdefe4e789db 49647566f8344212900b0d9c75594dfa fbaf295fef794a3186a0edb979076ccd - - default default] 10.0.0.75 "GET /v2.0/security-groups?tenant_id=69759381eeaf430199ed5ca2a4db0531&name=default HTTP/1.1" status: 200 len: 3000 time: 0.1230607
2026-04-28 23:35:43.913 9 INFO neutron.wsgi [req-73e94d30-db8e-4f0b-8689-aa951f51b4b1 req-82bdd47d-a1ab-46e0-aed6-cdfe709e8bd5 d15560b820ed4631bbf11309f1172a91 9b9e194969dc400b9b6ea9ac672ef246 - - 6c1c1657cc8b4fcbb584322d9dbe07ff 6c1c1657cc8b4fcbb584322d9dbe07ff] 199.204.45.49 "GET /v2.0/ports?tenant_id=fbaf295fef794a3186a0edb979076ccd&device_id=37df84b7-5b4a-4c1b-ada9-5f3acf6e12d0 HTTP/1.1" status: 200 len: 1367 time: 0.0341814
2026-04-28 23:35:43.942 10 INFO neutron.wsgi [req-26024423-9364-4ff2-879e-33834f4cfbb0 req-cd9fe17e-8602-4b32-a6fc-ba85ec9da19b 49647566f8344212900b0d9c75594dfa fbaf295fef794a3186a0edb979076ccd - - default default] 10.0.0.44 "GET /v2.0/ports?device_id=37df84b7-5b4a-4c1b-ada9-5f3acf6e12d0 HTTP/1.1" status: 200 len: 1367 time: 0.0308669
2026-04-28 23:35:43.984 9 INFO neutron.wsgi [req-73e94d30-db8e-4f0b-8689-aa951f51b4b1 req-a839dec1-a2bb-47bb-9bb4-41af743c14a9 d15560b820ed4631bbf11309f1172a91 9b9e194969dc400b9b6ea9ac672ef246 - - 6c1c1657cc8b4fcbb584322d9dbe07ff 6c1c1657cc8b4fcbb584322d9dbe07ff] 199.204.45.49 "GET /v2.0/networks?id=1195a90d-962d-41d2-b3bd-6ee9cdcb96b2 HTTP/1.1" status: 200 len: 937 time: 0.0606325
2026-04-28 23:35:44.016 9 INFO neutron.wsgi [req-73e94d30-db8e-4f0b-8689-aa951f51b4b1 req-45d89627-4416-417e-ada3-180a3abbafeb d15560b820ed4631bbf11309f1172a91 9b9e194969dc400b9b6ea9ac672ef246 - - 6c1c1657cc8b4fcbb584322d9dbe07ff 6c1c1657cc8b4fcbb584322d9dbe07ff] 199.204.45.49 "GET /v2.0/floatingips?fixed_ip_address=172.24.3.154&port_id=ec36397f-257e-4c72-916e-62fe83f2b633 HTTP/1.1" status: 200 len: 217 time: 0.0236886
2026-04-28 23:35:44.056 9 INFO neutron.wsgi [req-73e94d30-db8e-4f0b-8689-aa951f51b4b1 req-983bc634-5d65-458c-b4ad-7c1b9e9f567a d15560b820ed4631bbf11309f1172a91 9b9e194969dc400b9b6ea9ac672ef246 - - 6c1c1657cc8b4fcbb584322d9dbe07ff 6c1c1657cc8b4fcbb584322d9dbe07ff] 199.204.45.49 "GET /v2.0/subnets?id=bbefbb40-b15b-4086-b66f-0c00312e13ab HTTP/1.1" status: 200 len: 829 time: 0.0350699
2026-04-28 23:35:44.059 10 INFO neutron.wsgi [req-26710cb1-2415-4f19-8644-4f3f66854f40 req-157cb1cc-9430-40f9-8a37-6aef30fe05ee d15560b820ed4631bbf11309f1172a91 9b9e194969dc400b9b6ea9ac672ef246 - - 6c1c1657cc8b4fcbb584322d9dbe07ff 6c1c1657cc8b4fcbb584322d9dbe07ff] 199.204.45.49 "GET /v2.0/ports?device_id=37df84b7-5b4a-4c1b-ada9-5f3acf6e12d0 HTTP/1.1" status: 200 len: 1367 time: 0.0373237
2026-04-28 23:35:44.067 10 INFO neutron.wsgi [None req-deeeeb90-22d4-48c9-a0df-2ba80029e7c2 49647566f8344212900b0d9c75594dfa fbaf295fef794a3186a0edb979076ccd - - - -] 10.0.0.75 "DELETE /v2.0/security-groups/81f8b7cf-35ab-45be-a451-fd5a9faf4bb9 HTTP/1.1" status: 204 len: 168 time: 0.2071223
2026-04-28 23:35:44.086 9 INFO neutron.wsgi [req-73e94d30-db8e-4f0b-8689-aa951f51b4b1 req-6cdbfcfd-0ef8-45e5-bfc7-d1418f282824 d15560b820ed4631bbf11309f1172a91 9b9e194969dc400b9b6ea9ac672ef246 - - 6c1c1657cc8b4fcbb584322d9dbe07ff 6c1c1657cc8b4fcbb584322d9dbe07ff] 199.204.45.49 "GET /v2.0/ports?network_id=1195a90d-962d-41d2-b3bd-6ee9cdcb96b2&device_owner=network%3Adhcp HTTP/1.1" status: 200 len: 210 time: 0.0211694
2026-04-28 23:35:44.101 10 INFO neutron.wsgi [req-26710cb1-2415-4f19-8644-4f3f66854f40 req-28fd8bd8-2b03-49ff-b086-1c02619d049c d15560b820ed4631bbf11309f1172a91 9b9e194969dc400b9b6ea9ac672ef246 - - 6c1c1657cc8b4fcbb584322d9dbe07ff 6c1c1657cc8b4fcbb584322d9dbe07ff] 199.204.45.49 "GET /v2.0/security-groups?id=fb6cefcc-ed7e-4855-8562-46043c96532c&fields=id&fields=name HTTP/1.1" status: 200 len: 294 time: 0.0330739
2026-04-28 23:35:44.145 9 INFO neutron.wsgi [req-73e94d30-db8e-4f0b-8689-aa951f51b4b1 req-8fc05525-98dc-4625-a65e-af51aea5d4b7 d15560b820ed4631bbf11309f1172a91 9b9e194969dc400b9b6ea9ac672ef246 - - 6c1c1657cc8b4fcbb584322d9dbe07ff 6c1c1657cc8b4fcbb584322d9dbe07ff] 199.204.45.49 "GET /v2.0/networks/1195a90d-962d-41d2-b3bd-6ee9cdcb96b2?fields=segments HTTP/1.1" status: 200 len: 212 time: 0.0518293
2026-04-28 23:35:44.191 10 INFO neutron.plugins.ml2.drivers.ovn.mech_driver.mech_driver [None req-6f2d7d0e-ecae-49ee-9bfa-78277e8a5813 - - - - - -] OVN reports status up for port: ec36397f-257e-4c72-916e-62fe83f2b633
2026-04-28 23:35:44.203 10 INFO neutron.plugins.ml2.plugin [None req-6f2d7d0e-ecae-49ee-9bfa-78277e8a5813 - - - - - -] Attempt 1 to provision port ec36397f-257e-4c72-916e-62fe83f2b633
2026-04-28 23:35:44.212 9 INFO neutron.wsgi [req-73e94d30-db8e-4f0b-8689-aa951f51b4b1 req-5a41f1a8-8cf8-4eb5-a0c5-210bea056508 d15560b820ed4631bbf11309f1172a91 9b9e194969dc400b9b6ea9ac672ef246 - - 6c1c1657cc8b4fcbb584322d9dbe07ff 6c1c1657cc8b4fcbb584322d9dbe07ff] 199.204.45.49 "GET /v2.0/networks/1195a90d-962d-41d2-b3bd-6ee9cdcb96b2?fields=provider%3Aphysical_network&fields=provider%3Anetwork_type HTTP/1.1" status: 200 len: 277 time: 0.0539188
2026-04-28 23:35:44.315 10 INFO neutron.notifiers.nova [-] Nova event matching ['req-814c48fe-3f16-47ba-9e5a-b20836370c4b'] response: {'server_uuid': '37df84b7-5b4a-4c1b-ada9-5f3acf6e12d0', 'name': 'network-vif-plugged', 'status': 'completed', 'tag': 'ec36397f-257e-4c72-916e-62fe83f2b633', 'code': 200}
2026-04-28 23:35:44.351 10 INFO neutron.db.ovn_revision_numbers_db [None req-8bbc6ca9-1b7b-4940-a57e-cd4a5e3bf01f 49647566f8344212900b0d9c75594dfa fbaf295fef794a3186a0edb979076ccd - - default default] Successfully bumped revision number for resource 40876185-366a-4473-b399-130b997bdc42 (type: security_groups) to 1
2026-04-28 23:35:44.371 10 INFO neutron.wsgi [None req-8bbc6ca9-1b7b-4940-a57e-cd4a5e3bf01f 49647566f8344212900b0d9c75594dfa fbaf295fef794a3186a0edb979076ccd - - default default] 10.0.0.75 "GET /v2.0/security-groups?tenant_id=fc89f4a5199343b6b1a74ca0a6aa83e9&name=default HTTP/1.1" status: 200 len: 3000 time: 0.1404691
2026-04-28 23:35:44.456 10 INFO neutron.db.ovn_revision_numbers_db [None req-6f2d7d0e-ecae-49ee-9bfa-78277e8a5813 - - - - - -] Successfully bumped revision number for resource ec36397f-257e-4c72-916e-62fe83f2b633 (type: ports) to 4
2026-04-28 23:35:44.562 9 INFO neutron.wsgi [None req-11a184cc-cd17-4c08-9486-f9ef06d13b1b 49647566f8344212900b0d9c75594dfa fbaf295fef794a3186a0edb979076ccd - - - -] 10.0.0.75 "DELETE /v2.0/security-groups/40876185-366a-4473-b399-130b997bdc42 HTTP/1.1" status: 204 len: 168 time: 0.1855288 /var/lib/openstack/lib/python3.10/site-packages/pycadf/identifier.py:71: UserWarning: Invalid uuid: neutron. To ensure interoperability, identifiers should be a valid uuid. warnings.warn(('Invalid uuid: %s. To ensure interoperability, '
2026-04-28 23:35:46.169 10 INFO neutron.wsgi [req-dc0e126d-1c4b-4e7c-b51e-9a6cb5ecd55d req-a8895e69-3119-4a49-a414-984e42452ad2 49647566f8344212900b0d9c75594dfa fbaf295fef794a3186a0edb979076ccd - - default default] 10.0.0.44 "GET /v2.0/ports?device_id=37df84b7-5b4a-4c1b-ada9-5f3acf6e12d0 HTTP/1.1" status: 200 len: 1369 time: 0.0406008
2026-04-28 23:35:46.227 10 INFO neutron.wsgi [req-dc0e126d-1c4b-4e7c-b51e-9a6cb5ecd55d req-ee416bbc-8638-415f-9e99-1edc427095ba 49647566f8344212900b0d9c75594dfa fbaf295fef794a3186a0edb979076ccd - - default default] 10.0.0.44 "GET /v2.0/security-groups?id=fb6cefcc-ed7e-4855-8562-46043c96532c&fields=id&fields=name HTTP/1.1" status: 200 len: 294 time: 0.0523620
2026-04-28 23:35:46.317 10 INFO neutron.wsgi [req-85f9b4fa-cae6-4b12-86e6-b0b03e5c5b59 req-6b2823b6-05fe-47e3-86b8-6bc94c5a9246 49647566f8344212900b0d9c75594dfa fbaf295fef794a3186a0edb979076ccd - - default default] 10.0.0.44 "GET /v2.0/ports?device_id=37df84b7-5b4a-4c1b-ada9-5f3acf6e12d0 HTTP/1.1" status: 200 len: 1369 time: 0.0317016
2026-04-28 23:35:46.365 10 INFO neutron.notifiers.nova [-] Nova event matching ['req-405d2f92-a7b1-44ea-9aa4-b45b05c3ada3'] response: {'server_uuid': '37df84b7-5b4a-4c1b-ada9-5f3acf6e12d0', 'name': 'network-vif-plugged', 'status': 'completed', 'tag': 'ec36397f-257e-4c72-916e-62fe83f2b633', 'code': 200}
2026-04-28 23:35:47.995 9 INFO neutron.db.ovn_revision_numbers_db [None req-9b55e0a4-5227-43ea-a709-6ceb8c2a4767 063cf24659454a6aba7361f223c4ea97 e62732c84716485fa0265ac33f6fd87d - - - -] Successfully bumped revision number for resource 9450a1d1-af5b-452d-a225-f7c96b037aa2 (type: security_groups) to 1
2026-04-28 23:35:48.050 9 INFO neutron.db.segments_db [None req-9b55e0a4-5227-43ea-a709-6ceb8c2a4767 063cf24659454a6aba7361f223c4ea97 e62732c84716485fa0265ac33f6fd87d - - - -] Added segment 8057cb9d-aa8e-480e-83f8-c682db8991c3 of type geneve for network e2f93aa6-9105-412f-93f7-898a377ab829
2026-04-28 23:35:48.153 9 INFO neutron.db.ovn_revision_numbers_db [None req-9b55e0a4-5227-43ea-a709-6ceb8c2a4767 063cf24659454a6aba7361f223c4ea97 e62732c84716485fa0265ac33f6fd87d - - - -] Successfully bumped revision number for resource e2f93aa6-9105-412f-93f7-898a377ab829 (type: networks) to 1
2026-04-28 23:35:48.361 9 WARNING neutron.scheduler.dhcp_agent_scheduler [None req-9b55e0a4-5227-43ea-a709-6ceb8c2a4767 063cf24659454a6aba7361f223c4ea97 e62732c84716485fa0265ac33f6fd87d - - - -] No more DHCP agents
2026-04-28 23:35:48.363 9 WARNING neutron.api.rpc.agentnotifiers.dhcp_rpc_agent_api [None req-9b55e0a4-5227-43ea-a709-6ceb8c2a4767 063cf24659454a6aba7361f223c4ea97 e62732c84716485fa0265ac33f6fd87d - - - -] Unable to schedule network e2f93aa6-9105-412f-93f7-898a377ab829: no agents available; will retry on subsequent port and subnet creation events.
2026-04-28 23:35:48.438 9 INFO neutron.db.ovn_revision_numbers_db [None req-9b55e0a4-5227-43ea-a709-6ceb8c2a4767 063cf24659454a6aba7361f223c4ea97 e62732c84716485fa0265ac33f6fd87d - - - -] Successfully bumped revision number for resource 92b808b4-0f03-485d-9442-0674364ea912 (type: ports) to 1
2026-04-28 23:35:48.461 9 INFO neutron.wsgi [None req-9b55e0a4-5227-43ea-a709-6ceb8c2a4767 063cf24659454a6aba7361f223c4ea97 e62732c84716485fa0265ac33f6fd87d - - - -] 10.0.0.75 "POST /v2.0/networks HTTP/1.1" status: 201 len: 831 time: 0.7679794
2026-04-28 23:35:48.709 9 WARNING neutron.scheduler.dhcp_agent_scheduler [None req-14610f2e-3f94-41dc-b6c1-1fb1975de9b2 063cf24659454a6aba7361f223c4ea97 e62732c84716485fa0265ac33f6fd87d - - - -] No more DHCP agents
2026-04-28 23:35:48.711 9 WARNING neutron.api.rpc.agentnotifiers.dhcp_rpc_agent_api [None req-14610f2e-3f94-41dc-b6c1-1fb1975de9b2 063cf24659454a6aba7361f223c4ea97 e62732c84716485fa0265ac33f6fd87d - - - -] Unable to schedule network e2f93aa6-9105-412f-93f7-898a377ab829: no agents available; will retry on subsequent port and subnet creation events.
2026-04-28 23:35:48.772 9 INFO neutron.db.ovn_revision_numbers_db [None req-14610f2e-3f94-41dc-b6c1-1fb1975de9b2 063cf24659454a6aba7361f223c4ea97 e62732c84716485fa0265ac33f6fd87d - - - -] Successfully bumped revision number for resource 9edff4e9-240d-4faf-b9a6-2ae3a19b8e84 (type: ports) to 1
2026-04-28 23:35:48.790 9 INFO neutron.wsgi [None req-14610f2e-3f94-41dc-b6c1-1fb1975de9b2 063cf24659454a6aba7361f223c4ea97 e62732c84716485fa0265ac33f6fd87d - - - -] 10.0.0.75 "POST /v2.0/ports HTTP/1.1" status: 201 len: 942 time: 0.3227768 /var/lib/openstack/lib/python3.10/site-packages/pycadf/identifier.py:71: UserWarning: Invalid uuid: neutron. To ensure interoperability, identifiers should be a valid uuid. warnings.warn(('Invalid uuid: %s. To ensure interoperability, '
2026-04-28 23:35:48.864 9 INFO neutron.wsgi [None req-a9c71785-6f36-4967-a6ef-a7a734e5f5c1 063cf24659454a6aba7361f223c4ea97 e62732c84716485fa0265ac33f6fd87d - - - -] 10.0.0.75 "PUT /v2.0/ports/9edff4e9-240d-4faf-b9a6-2ae3a19b8e84/tags HTTP/1.1" status: 200 len: 218 time: 0.0669034
2026-04-28 23:35:48.900 9 INFO neutron.wsgi [None req-e0360215-0bf9-4343-b702-fc3e348ce4fb 063cf24659454a6aba7361f223c4ea97 e62732c84716485fa0265ac33f6fd87d - - default default] 10.0.0.75 "GET /v2.0/ports/9edff4e9-240d-4faf-b9a6-2ae3a19b8e84/tags HTTP/1.1" status: 200 len: 218 time: 0.0311682
2026-04-28 23:35:48.939 9 INFO neutron.wsgi [None req-6fb99883-f343-4e3d-9040-02556c54cbee 063cf24659454a6aba7361f223c4ea97 e62732c84716485fa0265ac33f6fd87d - - - -] 10.0.0.75 "PUT /v2.0/ports/9edff4e9-240d-4faf-b9a6-2ae3a19b8e84/tags/green HTTP/1.1" status: 201 len: 201 time: 0.0340610
2026-04-28 23:35:48.970 9 INFO neutron.wsgi [None req-b05c160e-8507-455a-b0b2-484f2df25b25 063cf24659454a6aba7361f223c4ea97 e62732c84716485fa0265ac33f6fd87d - - default default] 10.0.0.75 "GET /v2.0/ports/9edff4e9-240d-4faf-b9a6-2ae3a19b8e84/tags HTTP/1.1" status: 200 len: 227 time: 0.0269244
2026-04-28 23:35:49.008 9 INFO neutron.wsgi [None req-b681d261-ae18-46c0-981c-2543feee9488 063cf24659454a6aba7361f223c4ea97 e62732c84716485fa0265ac33f6fd87d - - - -] 10.0.0.75 "PUT /v2.0/ports/9edff4e9-240d-4faf-b9a6-2ae3a19b8e84/tags/red HTTP/1.1" status: 201 len: 201 time: 0.0345695
2026-04-28 23:35:49.038 9 INFO neutron.wsgi [None req-ae80b8e3-11c7-4d62-92fc-c417ec3c93c0 063cf24659454a6aba7361f223c4ea97 e62732c84716485fa0265ac33f6fd87d - - default default] 10.0.0.75 "GET /v2.0/ports/9edff4e9-240d-4faf-b9a6-2ae3a19b8e84/tags HTTP/1.1" status: 200 len: 227 time: 0.0258555
2026-04-28 23:35:49.079 9 INFO neutron.wsgi [None req-c9e384bd-d16b-47ca-b8ef-0c5ce7edb7c0 063cf24659454a6aba7361f223c4ea97 e62732c84716485fa0265ac33f6fd87d - - - -] 10.0.0.75 "PUT /v2.0/ports/9edff4e9-240d-4faf-b9a6-2ae3a19b8e84/tags/black.or.white HTTP/1.1" status: 201 len: 201 time: 0.0357845
2026-04-28 23:35:49.111 9 INFO neutron.wsgi [None req-f14d5cd6-151a-4f4e-afe1-b4aab03e9985 063cf24659454a6aba7361f223c4ea97 e62732c84716485fa0265ac33f6fd87d - - default default] 10.0.0.75 "GET /v2.0/ports/9edff4e9-240d-4faf-b9a6-2ae3a19b8e84/tags HTTP/1.1" status: 200 len: 245 time: 0.0267560
2026-04-28 23:35:49.267 10 INFO neutron.wsgi [None req-18b7b3cd-7e42-42cd-8702-9dcf3812a375 49647566f8344212900b0d9c75594dfa fbaf295fef794a3186a0edb979076ccd - - default default] 10.0.0.205 "GET /v2.0/routers HTTP/1.1" status: 200 len: 849 time: 0.1311185
2026-04-28 23:35:49.281 10 INFO neutron.wsgi [None req-9c76b872-352f-494e-a65d-048c135dd6f6 49647566f8344212900b0d9c75594dfa fbaf295fef794a3186a0edb979076ccd - - default default] 10.0.0.205 "GET /v2.0/agents?binary=ovn-controller HTTP/1.1" status: 200 len: 591 time: 0.0124736
2026-04-28 23:35:49.295 10 INFO neutron.wsgi [None req-319ec29c-84fe-4c14-9b3d-e15fc0afed26 49647566f8344212900b0d9c75594dfa fbaf295fef794a3186a0edb979076ccd - - default default] 10.0.0.205 "GET /v2.0/network-ip-availabilities HTTP/1.1" status: 200 len: 3630 time: 0.0100408
2026-04-28 23:35:49.346 10 INFO neutron.wsgi [None req-0d76b73d-fbe4-47ba-9d14-ab1f07f7c617 49647566f8344212900b0d9c75594dfa fbaf295fef794a3186a0edb979076ccd - - default default] 10.0.0.205 "GET /v2.0/floatingips HTTP/1.1" status: 200 len: 1878 time: 0.0499587
2026-04-28 23:35:49.357 10 INFO neutron.wsgi [None req-e7686a83-a98b-4331-95fb-738f1377e74e 49647566f8344212900b0d9c75594dfa fbaf295fef794a3186a0edb979076ccd - - default default] 10.0.0.205 "GET /v2.0/agents HTTP/1.1" status: 200 len: 997 time: 0.0092337
2026-04-28 23:35:49.380 9 INFO neutron.wsgi [None req-3869d02c-3294-4fbc-9237-34bf3253a778 063cf24659454a6aba7361f223c4ea97 e62732c84716485fa0265ac33f6fd87d - - - -] 10.0.0.75 "PUT /v2.0/ports/9edff4e9-240d-4faf-b9a6-2ae3a19b8e84/tags HTTP/1.1" status: 200 len: 230 time: 0.2646191
2026-04-28 23:35:49.434 9 INFO neutron.wsgi [None req-d409cbb0-b049-4751-ad22-f768c689e0a2 063cf24659454a6aba7361f223c4ea97 e62732c84716485fa0265ac33f6fd87d - - default default] 10.0.0.75 "GET /v2.0/ports/9edff4e9-240d-4faf-b9a6-2ae3a19b8e84/tags HTTP/1.1" status: 200 len: 230 time: 0.0480514
2026-04-28 23:35:49.449 10 INFO neutron.wsgi [None req-5db2d2b5-843e-4ec9-9ee4-56d99e7b5a4c 49647566f8344212900b0d9c75594dfa fbaf295fef794a3186a0edb979076ccd - - default default] 10.0.0.205 "GET /v2.0/security-groups HTTP/1.1" status: 200 len: 31872 time: 0.0905511
2026-04-28 23:35:49.468 9 INFO neutron.wsgi [None req-7df39590-efed-438b-a3ec-135d7df12f91 063cf24659454a6aba7361f223c4ea97 e62732c84716485fa0265ac33f6fd87d - - default default] 10.0.0.75 "GET /v2.0/ports/9edff4e9-240d-4faf-b9a6-2ae3a19b8e84/tags/red HTTP/1.1" status: 204 len: 168 time: 0.0251064
