2026-04-28 23:37:16.491 10 INFO neutron.wsgi [req-f3381a3b-9d3c-4afc-9602-cfbe321d5f90 req-b9759a95-385c-494d-8ac0-5f396d2bb1aa d15560b820ed4631bbf11309f1172a91 9b9e194969dc400b9b6ea9ac672ef246 - - 6c1c1657cc8b4fcbb584322d9dbe07ff 6c1c1657cc8b4fcbb584322d9dbe07ff] 199.204.45.49 "GET /v2.0/networks/349dd9e6-b76f-41e7-8e35-3436f695b7bd?fields=provider%3Aphysical_network&fields=provider%3Anetwork_type HTTP/1.1" status: 200 len: 277 time: 0.0568147
2026-04-28 23:37:16.670 9 INFO neutron.plugins.ml2.drivers.ovn.mech_driver.mech_driver [None req-2a68c9da-2f29-495c-b3e5-4be7c2cc46c4 - - - - - -] OVN reports status down for port: f143bdfb-39a2-4ae0-98d6-35f47090a22d
2026-04-28 23:37:16.738 10 INFO neutron.wsgi [req-77e22353-25de-40b5-9376-4bb278759a13 req-bed458d6-fb14-40c0-ad76-8ccc435ad811 d15560b820ed4631bbf11309f1172a91 9b9e194969dc400b9b6ea9ac672ef246 - - 6c1c1657cc8b4fcbb584322d9dbe07ff 6c1c1657cc8b4fcbb584322d9dbe07ff] 199.204.45.49 "GET /v2.0/ports/f143bdfb-39a2-4ae0-98d6-35f47090a22d HTTP/1.1" status: 200 len: 1182 time: 0.0350113
2026-04-28 23:37:16.922 9 INFO neutron.db.ovn_revision_numbers_db [None req-2a68c9da-2f29-495c-b3e5-4be7c2cc46c4 - - - - - -] Successfully bumped revision number for resource f143bdfb-39a2-4ae0-98d6-35f47090a22d (type: ports) to 7
2026-04-28 23:37:16.981 10 INFO neutron.wsgi [None req-8590f20d-9688-44fa-b1e1-e83e2ce00f81 49647566f8344212900b0d9c75594dfa fbaf295fef794a3186a0edb979076ccd - - - -] 199.204.45.49 "DELETE /v2.0/ports/f143bdfb-39a2-4ae0-98d6-35f47090a22d HTTP/1.1" status: 204 len: 173 time: 0.2383516
2026-04-28 23:37:17.044 10 INFO neutron.notifiers.nova [-] Nova event matching ['req-91938f3e-c1f3-46f0-b6c1-d51008bb51f8'] response: {'server_uuid': '37df84b7-5b4a-4c1b-ada9-5f3acf6e12d0', 'name': 'network-vif-deleted', 'tag': 'f143bdfb-39a2-4ae0-98d6-35f47090a22d', 'status': 'completed', 'code': 200}
2026-04-28 23:37:17.064 10 INFO neutron.wsgi [req-77e22353-25de-40b5-9376-4bb278759a13 req-cb1290dd-05ee-48bb-8045-cffb07c409bf d15560b820ed4631bbf11309f1172a91 9b9e194969dc400b9b6ea9ac672ef246 - - 6c1c1657cc8b4fcbb584322d9dbe07ff 6c1c1657cc8b4fcbb584322d9dbe07ff] 199.204.45.49 "GET /v2.0/ports?tenant_id=fbaf295fef794a3186a0edb979076ccd&device_id=37df84b7-5b4a-4c1b-ada9-5f3acf6e12d0 HTTP/1.1" status: 200 len: 2628 time: 0.0298095
2026-04-28 23:37:17.438 10 INFO neutron.wsgi [req-77e22353-25de-40b5-9376-4bb278759a13 req-295cf4f5-9c2f-49ed-8ff3-7b7a11e9cb88 d15560b820ed4631bbf11309f1172a91 9b9e194969dc400b9b6ea9ac672ef246 - - 6c1c1657cc8b4fcbb584322d9dbe07ff 6c1c1657cc8b4fcbb584322d9dbe07ff] 199.204.45.49 "GET /v2.0/networks?id=1195a90d-962d-41d2-b3bd-6ee9cdcb96b2&id=a12ae29d-d50f-42a7-8b81-ae3706510eca&id=349dd9e6-b76f-41e7-8e35-3436f695b7bd HTTP/1.1" status: 200 len: 2519 time: 0.3654766
2026-04-28 23:37:17.463 10 INFO neutron.wsgi [req-77e22353-25de-40b5-9376-4bb278759a13 req-d0542c05-f149-4ea1-8381-98928f71888c d15560b820ed4631bbf11309f1172a91 9b9e194969dc400b9b6ea9ac672ef246 - - 6c1c1657cc8b4fcbb584322d9dbe07ff 6c1c1657cc8b4fcbb584322d9dbe07ff] 199.204.45.49 "GET /v2.0/floatingips?fixed_ip_address=172.24.3.154&port_id=ec36397f-257e-4c72-916e-62fe83f2b633 HTTP/1.1" status: 200 len: 217 time: 0.0204127
2026-04-28 23:37:17.499 10 INFO neutron.wsgi [req-77e22353-25de-40b5-9376-4bb278759a13 req-51d4a729-007f-4682-b2a1-d90bebd78249 d15560b820ed4631bbf11309f1172a91 9b9e194969dc400b9b6ea9ac672ef246 - - 6c1c1657cc8b4fcbb584322d9dbe07ff 6c1c1657cc8b4fcbb584322d9dbe07ff] 199.204.45.49 "GET /v2.0/subnets?id=bbefbb40-b15b-4086-b66f-0c00312e13ab HTTP/1.1" status: 200 len: 829 time: 0.0318959
2026-04-28 23:37:17.520 9 INFO neutron.wsgi [None req-8db6304c-7c32-4a0f-8d86-d28482a39a79 49647566f8344212900b0d9c75594dfa fbaf295fef794a3186a0edb979076ccd - - default default] 199.204.45.49 "GET /v2.0/ports?device_id=37df84b7-5b4a-4c1b-ada9-5f3acf6e12d0 HTTP/1.1" status: 200 len: 2628 time: 0.0358422
2026-04-28 23:37:17.528 10 INFO neutron.wsgi [req-77e22353-25de-40b5-9376-4bb278759a13 req-96edf5be-e21b-4be9-81c7-15ffd76ce363 d15560b820ed4631bbf11309f1172a91 9b9e194969dc400b9b6ea9ac672ef246 - - 6c1c1657cc8b4fcbb584322d9dbe07ff 6c1c1657cc8b4fcbb584322d9dbe07ff] 199.204.45.49 "GET /v2.0/ports?network_id=1195a90d-962d-41d2-b3bd-6ee9cdcb96b2&device_owner=network%3Adhcp HTTP/1.1" status: 200 len: 210 time: 0.0226424
2026-04-28 23:37:17.542 9 INFO neutron.pecan_wsgi.hooks.translation [None req-a90be269-6b52-42d5-ad90-e73b3eefe2b1 49647566f8344212900b0d9c75594dfa fbaf295fef794a3186a0edb979076ccd - - - -] DELETE failed (client error): The resource could not be found.
2026-04-28 23:37:17.544 9 INFO neutron.wsgi [None req-a90be269-6b52-42d5-ad90-e73b3eefe2b1 49647566f8344212900b0d9c75594dfa fbaf295fef794a3186a0edb979076ccd - - - -] 199.204.45.49 "DELETE /v2.0/ports/f143bdfb-39a2-4ae0-98d6-35f47090a22d HTTP/1.1" status: 404 len: 338 time: 0.0182738
2026-04-28 23:37:17.581 10 INFO neutron.wsgi [req-77e22353-25de-40b5-9376-4bb278759a13 req-8abafcc6-25fb-4449-b0f1-5020b140ddc8 d15560b820ed4631bbf11309f1172a91 9b9e194969dc400b9b6ea9ac672ef246 - - 6c1c1657cc8b4fcbb584322d9dbe07ff 6c1c1657cc8b4fcbb584322d9dbe07ff] 199.204.45.49 "GET /v2.0/networks/1195a90d-962d-41d2-b3bd-6ee9cdcb96b2?fields=segments HTTP/1.1" status: 200 len: 212 time: 0.0470188
2026-04-28 23:37:17.622 9 INFO neutron.wsgi [None req-eb99e871-7f35-47f3-b4dd-564add9f9863 49647566f8344212900b0d9c75594dfa fbaf295fef794a3186a0edb979076ccd - - default default] 199.204.45.49 "GET /v2.0/extensions/security-group HTTP/1.1" status: 200 len: 369 time: 0.0079887
2026-04-28 23:37:17.634 9 INFO neutron.wsgi [None req-94db0d7f-bd0d-44bb-b57b-69d3e495a76f 49647566f8344212900b0d9c75594dfa fbaf295fef794a3186a0edb979076ccd - - default default] 199.204.45.49 "GET /v2.0/extensions/dns-integration HTTP/1.1" status: 200 len: 371 time: 0.0046265
2026-04-28 23:37:17.641 10 INFO neutron.wsgi [req-77e22353-25de-40b5-9376-4bb278759a13 req-f06c23fb-2a98-49c3-8f6f-8a80f87cfb42 d15560b820ed4631bbf11309f1172a91 9b9e194969dc400b9b6ea9ac672ef246 - - 6c1c1657cc8b4fcbb584322d9dbe07ff 6c1c1657cc8b4fcbb584322d9dbe07ff] 199.204.45.49 "GET /v2.0/networks/1195a90d-962d-41d2-b3bd-6ee9cdcb96b2?fields=provider%3Aphysical_network&fields=provider%3Anetwork_type HTTP/1.1" status: 200 len: 277 time: 0.0539560
2026-04-28 23:37:17.642 9 INFO neutron.wsgi [None req-ed0cd763-f9ea-467c-8139-9fa6bde49a20 49647566f8344212900b0d9c75594dfa fbaf295fef794a3186a0edb979076ccd - - default default] 199.204.45.49 "GET /v2.0/extensions/qos HTTP/1.1" status: 200 len: 365 time: 0.0042324
2026-04-28 23:37:17.654 9 INFO neutron.wsgi [None req-34af518d-e5d1-43e6-b010-81a3cbc24d4d 49647566f8344212900b0d9c75594dfa fbaf295fef794a3186a0edb979076ccd - - default default] 199.204.45.49 "GET /v2.0/extensions/allowed-address-pairs HTTP/1.1" status: 200 len: 383 time: 0.0082650
2026-04-28 23:37:17.672 10 INFO neutron.wsgi [req-77e22353-25de-40b5-9376-4bb278759a13 req-04146610-f554-4441-9c5d-533e2339ecae d15560b820ed4631bbf11309f1172a91 9b9e194969dc400b9b6ea9ac672ef246 - - 6c1c1657cc8b4fcbb584322d9dbe07ff 6c1c1657cc8b4fcbb584322d9dbe07ff] 199.204.45.49 "GET /v2.0/floatingips?fixed_ip_address=10.1.1.28&port_id=dbd00781-7512-4c96-95ba-ccd96e7f7af0 HTTP/1.1" status: 200 len: 217 time: 0.0254173
2026-04-28 23:37:17.707 9 INFO neutron.wsgi [None req-27e95da9-08ac-4e7f-a95b-bd2d5d196aa3 49647566f8344212900b0d9c75594dfa fbaf295fef794a3186a0edb979076ccd - - default default] 199.204.45.49 "GET /v2.0/subnets/4527e868-3138-4a47-b0aa-f6a056c9bd02 HTTP/1.1" status: 200 len: 851 time: 0.0448968
2026-04-28 23:37:17.710 10 INFO neutron.wsgi [req-77e22353-25de-40b5-9376-4bb278759a13 req-02996a1b-ef62-446b-bccf-57cc21519ad3 d15560b820ed4631bbf11309f1172a91 9b9e194969dc400b9b6ea9ac672ef246 - - 6c1c1657cc8b4fcbb584322d9dbe07ff 6c1c1657cc8b4fcbb584322d9dbe07ff] 199.204.45.49 "GET /v2.0/subnets?id=4527e868-3138-4a47-b0aa-f6a056c9bd02 HTTP/1.1" status: 200 len: 854 time: 0.0312166
2026-04-28 23:37:17.737 10 INFO neutron.wsgi [req-77e22353-25de-40b5-9376-4bb278759a13 req-fa692d8c-8bde-4d2c-bcf4-a7783b1210fe d15560b820ed4631bbf11309f1172a91 9b9e194969dc400b9b6ea9ac672ef246 - - 6c1c1657cc8b4fcbb584322d9dbe07ff 6c1c1657cc8b4fcbb584322d9dbe07ff] 199.204.45.49 "GET /v2.0/ports?network_id=a12ae29d-d50f-42a7-8b81-ae3706510eca&device_owner=network%3Adhcp HTTP/1.1" status: 200 len: 210 time: 0.0196667
2026-04-28 23:37:17.740 9 INFO neutron.wsgi [None req-7ed2835a-22b1-4109-8465-e2b9145559d0 49647566f8344212900b0d9c75594dfa fbaf295fef794a3186a0edb979076ccd - - default default] 199.204.45.49 "GET /v2.0/ports/6758e1d0-7784-492a-a596-88b3be787037 HTTP/1.1" status: 200 len: 1340 time: 0.0271702
2026-04-28 23:37:17.774 9 INFO neutron.wsgi [None req-6ff75cb4-3aeb-4ce2-9454-da760bab74b9 49647566f8344212900b0d9c75594dfa fbaf295fef794a3186a0edb979076ccd - - default default] 199.204.45.49 "GET /v2.0/ports/dbd00781-7512-4c96-95ba-ccd96e7f7af0 HTTP/1.1" status: 200 len: 1467 time: 0.0276470
2026-04-28 23:37:17.788 10 INFO neutron.wsgi [req-77e22353-25de-40b5-9376-4bb278759a13 req-6081de0f-8acc-43dc-8c74-6d703af1522f d15560b820ed4631bbf11309f1172a91 9b9e194969dc400b9b6ea9ac672ef246 - - 6c1c1657cc8b4fcbb584322d9dbe07ff 6c1c1657cc8b4fcbb584322d9dbe07ff] 199.204.45.49 "GET /v2.0/networks/a12ae29d-d50f-42a7-8b81-ae3706510eca?fields=segments HTTP/1.1" status: 200 len: 212 time: 0.0454774
2026-04-28 23:37:17.809 9 INFO neutron.wsgi [None req-3ca59550-bae8-4437-a274-194b213a79e0 49647566f8344212900b0d9c75594dfa fbaf295fef794a3186a0edb979076ccd - - default default] 199.204.45.49 "GET /v2.0/subnets/4527e868-3138-4a47-b0aa-f6a056c9bd02 HTTP/1.1" status: 200 len: 851 time: 0.0290780
2026-04-28 23:37:17.847 10 INFO neutron.wsgi [req-77e22353-25de-40b5-9376-4bb278759a13 req-7e5308b0-1d2b-4771-ae82-da5205e843dc d15560b820ed4631bbf11309f1172a91 9b9e194969dc400b9b6ea9ac672ef246 - - 6c1c1657cc8b4fcbb584322d9dbe07ff 6c1c1657cc8b4fcbb584322d9dbe07ff] 199.204.45.49 "GET /v2.0/networks/a12ae29d-d50f-42a7-8b81-ae3706510eca?fields=provider%3Aphysical_network&fields=provider%3Anetwork_type HTTP/1.1" status: 200 len: 277 time: 0.0520809
2026-04-28 23:37:17.885 9 INFO neutron.wsgi [None req-f482a76e-e831-4752-be3e-0c93634cee5b 49647566f8344212900b0d9c75594dfa fbaf295fef794a3186a0edb979076ccd - - default default] 199.204.45.49 "GET /v2.0/networks/a12ae29d-d50f-42a7-8b81-ae3706510eca HTTP/1.1" status: 200 len: 1002 time: 0.0698259
2026-04-28 23:37:17.921 9 INFO neutron.wsgi [None req-f8c146eb-7a3d-4d15-ac6b-3de6387b1d4d 49647566f8344212900b0d9c75594dfa fbaf295fef794a3186a0edb979076ccd - - default default] 199.204.45.49 "GET /v2.0/ports/6758e1d0-7784-492a-a596-88b3be787037 HTTP/1.1" status: 200 len: 1340 time: 0.0288379
2026-04-28 23:37:17.962 9 INFO neutron.wsgi [None req-b91a9b6c-b928-4920-962a-7eb3b6a50ee0 49647566f8344212900b0d9c75594dfa fbaf295fef794a3186a0edb979076ccd - - default default] 199.204.45.49 "GET /v2.0/subnets/4527e868-3138-4a47-b0aa-f6a056c9bd02 HTTP/1.1" status: 200 len: 851 time: 0.0355911
2026-04-28 23:37:18.290 9 INFO neutron.notifiers.nova [-] Nova event matching ['req-22a0f8ad-84c8-4946-affe-87954f3092e4'] response: {'server_uuid': '37df84b7-5b4a-4c1b-ada9-5f3acf6e12d0', 'name': 'network-vif-unplugged', 'status': 'completed', 'tag': 'f143bdfb-39a2-4ae0-98d6-35f47090a22d', 'code': 200}
2026-04-28 23:37:18.291 9 INFO neutron.notifiers.nova [-] Nova event matching ['req-22a0f8ad-84c8-4946-affe-87954f3092e4'] response: {'server_uuid': '37df84b7-5b4a-4c1b-ada9-5f3acf6e12d0', 'name': 'network-vif-plugged', 'status': 'completed', 'tag': 'f143bdfb-39a2-4ae0-98d6-35f47090a22d', 'code': 200}
2026-04-28 23:37:20.682 9 INFO neutron.wsgi [-] 10.0.0.28 "GET / HTTP/1.1" status: 200 len: 246 time: 0.0020232
2026-04-28 23:37:20.683 10 INFO neutron.wsgi [-] 10.0.0.28 "GET / HTTP/1.1" status: 200 len: 246 time: 0.0024314
2026-04-28 23:37:26.888 9 INFO neutron.wsgi [None req-8fc5c4b6-c15e-4c05-93b5-0ccfc472d73b 49647566f8344212900b0d9c75594dfa fbaf295fef794a3186a0edb979076ccd - - default default] 199.204.45.49 "GET /v2.0/extensions/security-group HTTP/1.1" status: 200 len: 369 time: 0.0064728
2026-04-28 23:37:26.897 9 INFO neutron.wsgi [None req-cf7cd659-bc5a-42f5-a817-1478949babca 49647566f8344212900b0d9c75594dfa fbaf295fef794a3186a0edb979076ccd - - default default] 199.204.45.49 "GET /v2.0/extensions/dns-integration HTTP/1.1" status: 200 len: 371 time: 0.0041738
2026-04-28 23:37:26.906 9 INFO neutron.wsgi [None req-39151d2e-78ca-4fb1-8cea-28f13445058e 49647566f8344212900b0d9c75594dfa fbaf295fef794a3186a0edb979076ccd - - default default] 199.204.45.49 "GET /v2.0/extensions/qos HTTP/1.1" status: 200 len: 365 time: 0.0050008
2026-04-28 23:37:26.915 9 INFO neutron.wsgi [None req-cbad2cb8-9e54-4e8c-92cd-e7ac3560b52d 49647566f8344212900b0d9c75594dfa fbaf295fef794a3186a0edb979076ccd - - default default] 199.204.45.49 "GET /v2.0/extensions/allowed-address-pairs HTTP/1.1" status: 200 len: 383 time: 0.0040619
2026-04-28 23:37:26.946 9 INFO neutron.wsgi [None req-29107284-b09d-4b97-80e4-3dbab84f04f0 49647566f8344212900b0d9c75594dfa fbaf295fef794a3186a0edb979076ccd - - default default] 199.204.45.49 "GET /v2.0/security-groups?name=lb-3192d360-f54f-461a-ab5e-debd8da1d77d HTTP/1.1" status: 200 len: 2941 time: 0.0263259
2026-04-28 23:37:26.970 9 INFO neutron.wsgi [None req-2bb91997-f2b5-4498-9fc6-52a197a1aa5f 49647566f8344212900b0d9c75594dfa fbaf295fef794a3186a0edb979076ccd - - default default] 199.204.45.49 "GET /v2.0/security-group-rules?security_group_id=dd8c6be1-069a-4e8c-b33e-bdc1051db077 HTTP/1.1" status: 200 len: 2406 time: 0.0188940
2026-04-28 23:37:27.063 9 INFO neutron.wsgi [None req-2ba48b56-d06e-48d4-b620-cfd3184f36c8 49647566f8344212900b0d9c75594dfa fbaf295fef794a3186a0edb979076ccd - - - -] 199.204.45.49 "DELETE /v2.0/security-group-rules/43850e7f-7ecf-42d8-865f-a5385043d718 HTTP/1.1" status: 204 len: 173 time: 0.0897822
2026-04-28 23:37:27.166 9 INFO neutron.wsgi [None req-58be0ea5-beab-4e5a-a9a2-4b6bd889e020 49647566f8344212900b0d9c75594dfa fbaf295fef794a3186a0edb979076ccd - - - -] 199.204.45.49 "DELETE /v2.0/security-group-rules/e07834f9-91bd-4047-b88c-c85d4b928c6a HTTP/1.1" status: 204 len: 173 time: 0.0950100
2026-04-28 23:37:31.636 9 INFO neutron.db.l3_db [None req-d00b31ca-d026-44c8-a6d7-be142db53456 93053d954fea4324b2a651412cde4968 240d3bfd22c74e148b93a8a2e9dc0315 - - - -] Floating IP 15e74a31-eaa0-4280-abbf-fc86b3412589 disassociated (deleted). External IP: 10.96.250.216, port: 6758e1d0-7784-492a-a596-88b3be787037.
2026-04-28 23:37:31.743 9 INFO neutron.wsgi [None req-d00b31ca-d026-44c8-a6d7-be142db53456 93053d954fea4324b2a651412cde4968 240d3bfd22c74e148b93a8a2e9dc0315 - - - -] 10.0.0.75 "DELETE /v2.0/floatingips/15e74a31-eaa0-4280-abbf-fc86b3412589 HTTP/1.1" status: 204 len: 168 time: 0.4705148
2026-04-28 23:37:31.774 10 INFO neutron.api.v2.resource [None req-35688353-5363-494c-8bbe-2890dc91af2c 93053d954fea4324b2a651412cde4968 240d3bfd22c74e148b93a8a2e9dc0315 - - default default] show failed (client error): The resource could not be found.
2026-04-28 23:37:31.775 10 INFO neutron.wsgi [None req-35688353-5363-494c-8bbe-2890dc91af2c 93053d954fea4324b2a651412cde4968 240d3bfd22c74e148b93a8a2e9dc0315 - - default default] 10.0.0.75 "GET /v2.0/floatingips/15e74a31-eaa0-4280-abbf-fc86b3412589 HTTP/1.1" status: 404 len: 345 time: 0.0268421
2026-04-28 23:37:31.993 10 INFO neutron.wsgi [None req-aa0a6e50-4240-48cf-8cb3-c0a4df489863 49647566f8344212900b0d9c75594dfa fbaf295fef794a3186a0edb979076ccd - - default default] 199.204.45.49 "GET /v2.0/extensions/security-group HTTP/1.1" status: 200 len: 369 time: 0.0053570
2026-04-28 23:37:32.004 10 INFO neutron.wsgi [None req-473e277f-b6e9-418e-93ca-c2e81d37bb81 49647566f8344212900b0d9c75594dfa fbaf295fef794a3186a0edb979076ccd - - default default] 199.204.45.49 "GET /v2.0/extensions/dns-integration HTTP/1.1" status: 200 len: 371 time: 0.0051937
2026-04-28 23:37:32.015 10 INFO neutron.wsgi [None req-24881802-5258-4547-ae2a-1bc31b7fda78 49647566f8344212900b0d9c75594dfa fbaf295fef794a3186a0edb979076ccd - - default default] 199.204.45.49 "GET /v2.0/extensions/qos HTTP/1.1" status: 200 len: 365 time: 0.0046031
2026-04-28 23:37:32.024 10 INFO neutron.wsgi [None req-7bb5e29e-ec36-4c46-9a57-8e5005cfb28c 49647566f8344212900b0d9c75594dfa fbaf295fef794a3186a0edb979076ccd - - default default] 199.204.45.49 "GET /v2.0/extensions/allowed-address-pairs HTTP/1.1" status: 200 len: 383 time: 0.0047901
2026-04-28 23:37:32.065 10 INFO neutron.wsgi [None req-2766574f-86b6-41ef-9621-23d067b075a1 49647566f8344212900b0d9c75594dfa fbaf295fef794a3186a0edb979076ccd - - default default] 199.204.45.49 "GET /v2.0/subnets/4527e868-3138-4a47-b0aa-f6a056c9bd02 HTTP/1.1" status: 200 len: 851 time: 0.0352814
2026-04-28 23:37:32.097 10 INFO neutron.wsgi [None req-ef50bdf5-abc8-4a9d-8991-63f9f0f6ac97 49647566f8344212900b0d9c75594dfa fbaf295fef794a3186a0edb979076ccd - - default default] 199.204.45.49 "GET /v2.0/ports?device_id=37df84b7-5b4a-4c1b-ada9-5f3acf6e12d0 HTTP/1.1" status: 200 len: 2628 time: 0.0285845
2026-04-28 23:37:32.136 10 INFO neutron.wsgi [None req-026891de-0935-4101-b83c-9544108dd9ae 49647566f8344212900b0d9c75594dfa fbaf295fef794a3186a0edb979076ccd - - default default] 199.204.45.49 "GET /v2.0/ports?device_id=37df84b7-5b4a-4c1b-ada9-5f3acf6e12d0 HTTP/1.1" status: 200 len: 2628 time: 0.0330110
2026-04-28 23:37:32.226 10 INFO neutron.wsgi [None req-a5c19f9b-b41c-42ca-9c8d-9798426757e8 49647566f8344212900b0d9c75594dfa fbaf295fef794a3186a0edb979076ccd - - default default] 199.204.45.49 "GET /v2.0/ports?device_id=37df84b7-5b4a-4c1b-ada9-5f3acf6e12d0 HTTP/1.1" status: 200 len: 2628 time: 0.0342185
2026-04-28 23:37:32.461 10 INFO neutron.plugins.ml2.drivers.ovn.mech_driver.mech_driver [None req-6f2d7d0e-ecae-49ee-9bfa-78277e8a5813 - - - - - -] OVN reports status down for port: 6758e1d0-7784-492a-a596-88b3be787037
2026-04-28 23:37:32.533 10 INFO neutron.wsgi [req-cfbcc55c-f6d2-45fb-9a33-1d9a1aa0848b req-df48d9ee-3771-49f8-8630-5a1e49e64089 d15560b820ed4631bbf11309f1172a91 9b9e194969dc400b9b6ea9ac672ef246 - - 6c1c1657cc8b4fcbb584322d9dbe07ff 6c1c1657cc8b4fcbb584322d9dbe07ff] 199.204.45.49 "GET /v2.0/ports/dbd00781-7512-4c96-95ba-ccd96e7f7af0 HTTP/1.1" status: 200 len: 1467 time: 0.0397146
2026-04-28 23:37:32.539 10 INFO neutron.plugins.ml2.drivers.ovn.mech_driver.mech_driver [None req-6f2d7d0e-ecae-49ee-9bfa-78277e8a5813 - - - - - -] OVN reports status down for port: dbd00781-7512-4c96-95ba-ccd96e7f7af0
2026-04-28 23:37:32.582 10 INFO neutron.wsgi [req-cfbcc55c-f6d2-45fb-9a33-1d9a1aa0848b req-c41fafb2-ddf3-44c8-bf73-99ce05040677 49647566f8344212900b0d9c75594dfa fbaf295fef794a3186a0edb979076ccd - - default default] 199.204.45.49 "GET /v2.0/ports/dbd00781-7512-4c96-95ba-ccd96e7f7af0?fields=binding%3Aprofile&fields=network_id HTTP/1.1" status: 200 len: 281 time: 0.0432498
2026-04-28 23:37:32.651 10 INFO neutron.wsgi [req-cfbcc55c-f6d2-45fb-9a33-1d9a1aa0848b req-cce7e274-2cfb-4c34-ad57-54a81442ab6c 49647566f8344212900b0d9c75594dfa fbaf295fef794a3186a0edb979076ccd - - default default] 199.204.45.49 "GET /v2.0/networks/a12ae29d-d50f-42a7-8b81-ae3706510eca?fields=dns_domain HTTP/1.1" status: 200 len: 227 time: 0.0626466
2026-04-28 23:37:32.698 10 INFO neutron.notifiers.nova [-] Nova event matching ['req-40ab3f18-b9e1-4abb-8168-b1126a85c768'] response: {'server_uuid': '37df84b7-5b4a-4c1b-ada9-5f3acf6e12d0', 'name': 'network-vif-unplugged', 'status': 'completed', 'tag': 'dbd00781-7512-4c96-95ba-ccd96e7f7af0', 'code': 200}
2026-04-28 23:37:32.864 10 INFO neutron.db.ovn_revision_numbers_db [None req-6f2d7d0e-ecae-49ee-9bfa-78277e8a5813 - - - - - -] Successfully bumped revision number for resource dbd00781-7512-4c96-95ba-ccd96e7f7af0 (type: ports) to 7
2026-04-28 23:37:33.023 10 INFO neutron.db.ovn_revision_numbers_db [None req-2c9f9f0a-ddb5-4f8e-b1a5-cf2ec14f3941 d15560b820ed4631bbf11309f1172a91 9b9e194969dc400b9b6ea9ac672ef246 - - - -] Successfully bumped revision number for resource dbd00781-7512-4c96-95ba-ccd96e7f7af0 (type: ports) to 8
2026-04-28 23:37:33.034 10 INFO neutron.wsgi [None req-2c9f9f0a-ddb5-4f8e-b1a5-cf2ec14f3941 d15560b820ed4631bbf11309f1172a91 9b9e194969dc400b9b6ea9ac672ef246 - - - -] 199.204.45.49 "PUT /v2.0/ports/dbd00781-7512-4c96-95ba-ccd96e7f7af0 HTTP/1.1" status: 200 len: 1347 time: 0.3737211 /var/lib/openstack/lib/python3.10/site-packages/pycadf/identifier.py:71: UserWarning: Invalid uuid: neutron. To ensure interoperability, identifiers should be a valid uuid. warnings.warn(('Invalid uuid: %s. To ensure interoperability, '
2026-04-28 23:37:33.128 10 INFO neutron.wsgi [req-cfbcc55c-f6d2-45fb-9a33-1d9a1aa0848b req-e7113755-d8a6-403d-b61c-6559f34d8677 d15560b820ed4631bbf11309f1172a91 9b9e194969dc400b9b6ea9ac672ef246 - - 6c1c1657cc8b4fcbb584322d9dbe07ff 6c1c1657cc8b4fcbb584322d9dbe07ff] 199.204.45.49 "GET /v2.0/ports?tenant_id=fbaf295fef794a3186a0edb979076ccd&device_id=37df84b7-5b4a-4c1b-ada9-5f3acf6e12d0 HTTP/1.1" status: 200 len: 1369 time: 0.0335083
2026-04-28 23:37:33.195 10 INFO neutron.wsgi [req-cfbcc55c-f6d2-45fb-9a33-1d9a1aa0848b req-06a2498f-e46b-43fb-92a9-1b998f761539 d15560b820ed4631bbf11309f1172a91 9b9e194969dc400b9b6ea9ac672ef246 - - 6c1c1657cc8b4fcbb584322d9dbe07ff 6c1c1657cc8b4fcbb584322d9dbe07ff] 199.204.45.49 "GET /v2.0/networks?id=1195a90d-962d-41d2-b3bd-6ee9cdcb96b2&id=a12ae29d-d50f-42a7-8b81-ae3706510eca HTTP/1.1" status: 200 len: 1730 time: 0.0604854
2026-04-28 23:37:33.245 10 INFO neutron.wsgi [req-cfbcc55c-f6d2-45fb-9a33-1d9a1aa0848b req-d85fa9cf-be99-4bfb-9cfd-d31661f011c3 d15560b820ed4631bbf11309f1172a91 9b9e194969dc400b9b6ea9ac672ef246 - - 6c1c1657cc8b4fcbb584322d9dbe07ff 6c1c1657cc8b4fcbb584322d9dbe07ff] 199.204.45.49 "GET /v2.0/floatingips?fixed_ip_address=172.24.3.154&port_id=ec36397f-257e-4c72-916e-62fe83f2b633 HTTP/1.1" status: 200 len: 217 time: 0.0413761
2026-04-28 23:37:33.282 10 INFO neutron.wsgi [None req-363626c3-85f3-4b1d-9a90-533d15c86fd9 49647566f8344212900b0d9c75594dfa fbaf295fef794a3186a0edb979076ccd - - default default] 199.204.45.49 "GET /v2.0/ports?device_id=37df84b7-5b4a-4c1b-ada9-5f3acf6e12d0 HTTP/1.1" status: 200 len: 1369 time: 0.0449498
2026-04-28 23:37:33.290 10 INFO neutron.wsgi [req-cfbcc55c-f6d2-45fb-9a33-1d9a1aa0848b req-3658905c-2314-4d94-90c2-ad8f227cadea d15560b820ed4631bbf11309f1172a91 9b9e194969dc400b9b6ea9ac672ef246 - - 6c1c1657cc8b4fcbb584322d9dbe07ff 6c1c1657cc8b4fcbb584322d9dbe07ff] 199.204.45.49 "GET /v2.0/subnets?id=bbefbb40-b15b-4086-b66f-0c00312e13ab HTTP/1.1" status: 200 len: 829 time: 0.0322800
2026-04-28 23:37:33.322 10 INFO neutron.wsgi [req-cfbcc55c-f6d2-45fb-9a33-1d9a1aa0848b req-fb2bd8dc-a748-4652-909d-0456852be99e d15560b820ed4631bbf11309f1172a91 9b9e194969dc400b9b6ea9ac672ef246 - - 6c1c1657cc8b4fcbb584322d9dbe07ff 6c1c1657cc8b4fcbb584322d9dbe07ff] 199.204.45.49 "GET /v2.0/ports?network_id=1195a90d-962d-41d2-b3bd-6ee9cdcb96b2&device_owner=network%3Adhcp HTTP/1.1" status: 200 len: 210 time: 0.0241172
2026-04-28 23:37:33.398 10 INFO neutron.wsgi [req-cfbcc55c-f6d2-45fb-9a33-1d9a1aa0848b req-183dc261-cf55-45a5-9344-cb124a57c89f d15560b820ed4631bbf11309f1172a91 9b9e194969dc400b9b6ea9ac672ef246 - - 6c1c1657cc8b4fcbb584322d9dbe07ff 6c1c1657cc8b4fcbb584322d9dbe07ff] 199.204.45.49 "GET /v2.0/networks/1195a90d-962d-41d2-b3bd-6ee9cdcb96b2?fields=segments HTTP/1.1" status: 200 len: 212 time: 0.0625370
2026-04-28 23:37:33.475 10 INFO neutron.wsgi [req-cfbcc55c-f6d2-45fb-9a33-1d9a1aa0848b req-ba8f2e5b-27f8-4c9f-978c-29c55d3e9572 d15560b820ed4631bbf11309f1172a91 9b9e194969dc400b9b6ea9ac672ef246 - - 6c1c1657cc8b4fcbb584322d9dbe07ff 6c1c1657cc8b4fcbb584322d9dbe07ff] 199.204.45.49 "GET /v2.0/networks/1195a90d-962d-41d2-b3bd-6ee9cdcb96b2?fields=provider%3Aphysical_network&fields=provider%3Anetwork_type HTTP/1.1" status: 200 len: 277 time: 0.0704496
2026-04-28 23:37:33.686 10 INFO neutron.db.ovn_revision_numbers_db [None req-561c7b13-9b37-4738-a5c0-4edb2f69e157 49647566f8344212900b0d9c75594dfa fbaf295fef794a3186a0edb979076ccd - - - -] Successfully bumped revision number for resource dbd00781-7512-4c96-95ba-ccd96e7f7af0 (type: ports) to 9
2026-04-28 23:37:33.701 10 INFO neutron.wsgi [None req-561c7b13-9b37-4738-a5c0-4edb2f69e157 49647566f8344212900b0d9c75594dfa fbaf295fef794a3186a0edb979076ccd - - - -] 199.204.45.49 "PUT /v2.0/ports/dbd00781-7512-4c96-95ba-ccd96e7f7af0 HTTP/1.1" status: 200 len: 1286 time: 0.4103427 /var/lib/openstack/lib/python3.10/site-packages/pycadf/identifier.py:71: UserWarning: Invalid uuid: neutron. To ensure interoperability, identifiers should be a valid uuid. warnings.warn(('Invalid uuid: %s. To ensure interoperability, '
2026-04-28 23:37:33.743 10 INFO neutron.wsgi [None req-bf11bcd5-7c6a-4dca-ba81-2100e86bcac2 49647566f8344212900b0d9c75594dfa fbaf295fef794a3186a0edb979076ccd - - default default] 199.204.45.49 "GET /v2.0/ports/dbd00781-7512-4c96-95ba-ccd96e7f7af0 HTTP/1.1" status: 200 len: 1286 time: 0.0352938
2026-04-28 23:37:34.057 10 INFO neutron.wsgi [None req-7d9a095d-c628-4ba9-85ee-82389e74b139 49647566f8344212900b0d9c75594dfa fbaf295fef794a3186a0edb979076ccd - - - -] 199.204.45.49 "DELETE /v2.0/ports/dbd00781-7512-4c96-95ba-ccd96e7f7af0 HTTP/1.1" status: 204 len: 173 time: 0.3078969
2026-04-28 23:37:34.103 10 INFO neutron.wsgi [None req-ff73b24d-161d-4b8a-a168-b5e100e32a60 49647566f8344212900b0d9c75594dfa fbaf295fef794a3186a0edb979076ccd - - default default] 199.204.45.49 "GET /v2.0/extensions/security-group HTTP/1.1" status: 200 len: 369 time: 0.0083647
2026-04-28 23:37:34.109 10 INFO neutron.wsgi [None req-e2716988-4323-45da-bcbb-084b368e3251 49647566f8344212900b0d9c75594dfa fbaf295fef794a3186a0edb979076ccd - - default default] 199.204.45.49 "GET /v2.0/extensions/dns-integration HTTP/1.1" status: 200 len: 371 time: 0.0027931
2026-04-28 23:37:34.120 10 INFO neutron.wsgi [None req-b77b0c80-d15b-4d87-a3f4-b1b41d34d329 49647566f8344212900b0d9c75594dfa fbaf295fef794a3186a0edb979076ccd - - default default] 199.204.45.49 "GET /v2.0/extensions/qos HTTP/1.1" status: 200 len: 365 time: 0.0069923
2026-04-28 23:37:34.133 10 INFO neutron.wsgi [None req-33642cfe-b75d-4b71-a668-0473b92cd3ca 49647566f8344212900b0d9c75594dfa fbaf295fef794a3186a0edb979076ccd - - default default] 199.204.45.49 "GET /v2.0/extensions/allowed-address-pairs HTTP/1.1" status: 200 len: 383 time: 0.0061064
2026-04-28 23:37:34.158 10 INFO neutron.pecan_wsgi.hooks.translation [None req-33c7aef2-3b21-43c8-9725-55a15be5ba39 49647566f8344212900b0d9c75594dfa fbaf295fef794a3186a0edb979076ccd - - - -] DELETE failed (client error): The resource could not be found.
2026-04-28 23:37:34.161 10 INFO neutron.wsgi [None req-33c7aef2-3b21-43c8-9725-55a15be5ba39 49647566f8344212900b0d9c75594dfa fbaf295fef794a3186a0edb979076ccd - - - -] 199.204.45.49 "DELETE /v2.0/ports/dbd00781-7512-4c96-95ba-ccd96e7f7af0 HTTP/1.1" status: 404 len: 338 time: 0.0232046
2026-04-28 23:37:34.205 10 INFO neutron.wsgi [None req-3313e498-c4fb-4d92-9d94-773f18b2d232 49647566f8344212900b0d9c75594dfa fbaf295fef794a3186a0edb979076ccd - - default default] 199.204.45.49 "GET /v2.0/ports/6758e1d0-7784-492a-a596-88b3be787037 HTTP/1.1" status: 200 len: 1333 time: 0.0361881
2026-04-28 23:37:34.211 10 INFO neutron.wsgi [req-16f77766-45f4-472c-9b45-61659b3a505e req-31d9856b-aea4-418d-a73f-850f6a243112 d15560b820ed4631bbf11309f1172a91 9b9e194969dc400b9b6ea9ac672ef246 - - 6c1c1657cc8b4fcbb584322d9dbe07ff 6c1c1657cc8b4fcbb584322d9dbe07ff] 199.204.45.49 "GET /v2.0/ports?device_id=ab7b1ea4-dc31-4b76-8a12-56b72f41c29f&fields=binding%3Ahost_id&fields=binding%3Avif_type HTTP/1.1" status: 200 len: 265 time: 0.0329962
2026-04-28 23:37:34.236 10 INFO neutron.wsgi [None req-2a45792a-03d0-4615-9986-fe0c1ae22d97 49647566f8344212900b0d9c75594dfa fbaf295fef794a3186a0edb979076ccd - - default default] 199.204.45.49 "GET /v2.0/security-groups?name=lb-3192d360-f54f-461a-ab5e-debd8da1d77d HTTP/1.1" status: 200 len: 1777 time: 0.0251982
2026-04-28 23:37:34.276 10 INFO neutron.wsgi [None req-467ae05a-32da-46a1-9778-e1819f03263e 49647566f8344212900b0d9c75594dfa fbaf295fef794a3186a0edb979076ccd - - default default] 199.204.45.49 "GET /v2.0/ports/6758e1d0-7784-492a-a596-88b3be787037 HTTP/1.1" status: 200 len: 1333 time: 0.0325434
2026-04-28 23:37:34.305 10 INFO neutron.wsgi [req-16f77766-45f4-472c-9b45-61659b3a505e req-92e61b32-7784-46f4-9cac-31767b32beae d15560b820ed4631bbf11309f1172a91 9b9e194969dc400b9b6ea9ac672ef246 - - 6c1c1657cc8b4fcbb584322d9dbe07ff 6c1c1657cc8b4fcbb584322d9dbe07ff] 199.204.45.49 "GET /v2.0/ports?tenant_id=240d3bfd22c74e148b93a8a2e9dc0315&device_id=ab7b1ea4-dc31-4b76-8a12-56b72f41c29f HTTP/1.1" status: 200 len: 1586 time: 0.0424047
2026-04-28 23:37:34.386 10 INFO neutron.wsgi [req-16f77766-45f4-472c-9b45-61659b3a505e req-cc04c48d-a23e-4316-a288-cc3c7f340ac2 d15560b820ed4631bbf11309f1172a91 9b9e194969dc400b9b6ea9ac672ef246 - - 6c1c1657cc8b4fcbb584322d9dbe07ff 6c1c1657cc8b4fcbb584322d9dbe07ff] 199.204.45.49 "GET /v2.0/networks?id=349dd9e6-b76f-41e7-8e35-3436f695b7bd HTTP/1.1" status: 200 len: 1002 time: 0.0604215
2026-04-28 23:37:34.483 10 INFO neutron.wsgi [req-16f77766-45f4-472c-9b45-61659b3a505e req-dd5f03e0-5151-46f1-9fb7-5ea2dc617cc8 d15560b820ed4631bbf11309f1172a91 9b9e194969dc400b9b6ea9ac672ef246 - - 6c1c1657cc8b4fcbb584322d9dbe07ff 6c1c1657cc8b4fcbb584322d9dbe07ff] 199.204.45.49 "GET /v2.0/floatingips?fixed_ip_address=10.2.1.202&port_id=ff238bfe-5afc-4930-9a94-e3db2bf28bc4 HTTP/1.1" status: 200 len: 1059 time: 0.0894589
2026-04-28 23:37:34.514 10 INFO neutron.wsgi [req-16f77766-45f4-472c-9b45-61659b3a505e req-bac23d1d-4b08-4ddd-83e9-a29cd4464394 d15560b820ed4631bbf11309f1172a91 9b9e194969dc400b9b6ea9ac672ef246 - - 6c1c1657cc8b4fcbb584322d9dbe07ff 6c1c1657cc8b4fcbb584322d9dbe07ff] 199.204.45.49 "GET /v2.0/floatingips?fixed_ip_address=fd7b%3Af9f7%3Afff%3A4eca%3A%3Aad&port_id=ff238bfe-5afc-4930-9a94-e3db2bf28bc4 HTTP/1.1" status: 200 len: 217 time: 0.0217407
2026-04-28 23:37:34.583 10 INFO neutron.wsgi [req-16f77766-45f4-472c-9b45-61659b3a505e req-6d41310b-d684-4542-9cc0-7ffb8197ed16 d15560b820ed4631bbf11309f1172a91 9b9e194969dc400b9b6ea9ac672ef246 - - 6c1c1657cc8b4fcbb584322d9dbe07ff 6c1c1657cc8b4fcbb584322d9dbe07ff] 199.204.45.49 "GET /v2.0/subnets?id=e9cbc78c-fba8-429e-98c1-b5daf08c51c0&id=c2f940ae-c5a6-46f2-b727-fd5ecf26afa9 HTTP/1.1" status: 200 len: 1562 time: 0.0596879
2026-04-28 23:37:34.613 10 INFO neutron.wsgi [req-16f77766-45f4-472c-9b45-61659b3a505e req-73e9bb95-9756-45cc-9e4b-6c1cfa94f909 d15560b820ed4631bbf11309f1172a91 9b9e194969dc400b9b6ea9ac672ef246 - - 6c1c1657cc8b4fcbb584322d9dbe07ff 6c1c1657cc8b4fcbb584322d9dbe07ff] 199.204.45.49 "GET /v2.0/ports?network_id=349dd9e6-b76f-41e7-8e35-3436f695b7bd&device_owner=network%3Adhcp HTTP/1.1" status: 200 len: 210 time: 0.0251672
2026-04-28 23:37:34.648 10 INFO neutron.wsgi [req-16f77766-45f4-472c-9b45-61659b3a505e req-7e9b8d33-5ff8-40d8-904f-43eb101bf4c3 d15560b820ed4631bbf11309f1172a91 9b9e194969dc400b9b6ea9ac672ef246 - - 6c1c1657cc8b4fcbb584322d9dbe07ff 6c1c1657cc8b4fcbb584322d9dbe07ff] 199.204.45.49 "GET /v2.0/ports?network_id=349dd9e6-b76f-41e7-8e35-3436f695b7bd&device_owner=network%3Adhcp HTTP/1.1" status: 200 len: 210 time: 0.0279608
2026-04-28 23:37:35.035 10 INFO neutron.wsgi [req-16f77766-45f4-472c-9b45-61659b3a505e req-2f411a27-cecc-47a7-8bf7-5d554a38531b d15560b820ed4631bbf11309f1172a91 9b9e194969dc400b9b6ea9ac672ef246 - - 6c1c1657cc8b4fcbb584322d9dbe07ff 6c1c1657cc8b4fcbb584322d9dbe07ff] 199.204.45.49 "GET /v2.0/networks/349dd9e6-b76f-41e7-8e35-3436f695b7bd?fields=segments HTTP/1.1" status: 200 len: 212 time: 0.3773677
2026-04-28 23:37:35.040 10 INFO neutron.notifiers.nova [-] Nova event matching ['req-861c741a-6faf-4365-b073-ed3f33422e5b'] response: {'server_uuid': '37df84b7-5b4a-4c1b-ada9-5f3acf6e12d0', 'name': 'network-vif-plugged', 'status': 'completed', 'tag': 'dbd00781-7512-4c96-95ba-ccd96e7f7af0', 'code': 200}
2026-04-28 23:37:35.050 10 INFO neutron.db.ovn_revision_numbers_db [None req-3755ebfb-525a-4fd9-a771-be55963614a6 49647566f8344212900b0d9c75594dfa fbaf295fef794a3186a0edb979076ccd - - - -] Successfully bumped revision number for resource 6758e1d0-7784-492a-a596-88b3be787037 (type: ports) to 17
2026-04-28 23:37:35.068 10 INFO neutron.wsgi [None req-3755ebfb-525a-4fd9-a771-be55963614a6 49647566f8344212900b0d9c75594dfa fbaf295fef794a3186a0edb979076ccd - - - -] 199.204.45.49 "PUT /v2.0/ports/6758e1d0-7784-492a-a596-88b3be787037 HTTP/1.1" status: 200 len: 1295 time: 0.7849946
2026-04-28 23:37:35.105 10 INFO neutron.wsgi [req-16f77766-45f4-472c-9b45-61659b3a505e req-23820bf4-587f-471f-a6e8-1b2ec559b8c2 d15560b820ed4631bbf11309f1172a91 9b9e194969dc400b9b6ea9ac672ef246 - - 6c1c1657cc8b4fcbb584322d9dbe07ff 6c1c1657cc8b4fcbb584322d9dbe07ff] 199.204.45.49 "GET /v2.0/networks/349dd9e6-b76f-41e7-8e35-3436f695b7bd?fields=provider%3Aphysical_network&fields=provider%3Anetwork_type HTTP/1.1" status: 200 len: 277 time: 0.0620708
2026-04-28 23:37:35.187 10 INFO neutron.wsgi [None req-bde96837-3521-4ef4-b26d-31c33e14513c 49647566f8344212900b0d9c75594dfa fbaf295fef794a3186a0edb979076ccd - - - -] 199.204.45.49 "DELETE /v2.0/security-groups/dd8c6be1-069a-4e8c-b33e-bdc1051db077 HTTP/1.1" status: 204 len: 173 time: 0.1092823
2026-04-28 23:37:35.476 10 INFO neutron.wsgi [None req-06b81045-fae8-4417-a9e9-c3020e416c84 49647566f8344212900b0d9c75594dfa fbaf295fef794a3186a0edb979076ccd - - - -] 199.204.45.49 "DELETE /v2.0/ports/6758e1d0-7784-492a-a596-88b3be787037 HTTP/1.1" status: 204 len: 173 time: 0.2814186
2026-04-28 23:37:35.682 10 INFO neutron.wsgi [-] 10.0.0.28 "GET / HTTP/1.1" status: 200 len: 246 time: 0.0016513
2026-04-28 23:37:35.682 9 INFO neutron.wsgi [-] 10.0.0.28 "GET / HTTP/1.1" status: 200 len: 246 time: 0.0019617
2026-04-28 23:37:35.722 10 INFO neutron.plugins.ml2.drivers.ovn.mech_driver.mech_driver [None req-6f2d7d0e-ecae-49ee-9bfa-78277e8a5813 - - - - - -] OVN reports status down for port: ec36397f-257e-4c72-916e-62fe83f2b633
2026-04-28 23:37:35.939 10 INFO neutron.db.ovn_revision_numbers_db [None req-6f2d7d0e-ecae-49ee-9bfa-78277e8a5813 - - - - - -] Successfully bumped revision number for resource ec36397f-257e-4c72-916e-62fe83f2b633 (type: ports) to 5
2026-04-28 23:37:35.999 10 INFO neutron.wsgi [req-099e20c5-3f15-4448-8758-b1b212065f9f req-76de98fa-9533-4a06-ad0a-27a7c447504c 49647566f8344212900b0d9c75594dfa fbaf295fef794a3186a0edb979076ccd - - default default] 199.204.45.49 "GET /v2.0/ports?device_id=37df84b7-5b4a-4c1b-ada9-5f3acf6e12d0 HTTP/1.1" status: 200 len: 1367 time: 0.0290678 /var/lib/openstack/lib/python3.10/site-packages/pycadf/identifier.py:71: UserWarning: Invalid uuid: neutron. To ensure interoperability, identifiers should be a valid uuid. warnings.warn(('Invalid uuid: %s. To ensure interoperability, '
2026-04-28 23:37:36.216 10 INFO neutron.wsgi [None req-10d2b946-3100-41b9-a407-38ba77817d3b 49647566f8344212900b0d9c75594dfa fbaf295fef794a3186a0edb979076ccd - - - -] 199.204.45.49 "DELETE /v2.0/ports/ec36397f-257e-4c72-916e-62fe83f2b633 HTTP/1.1" status: 204 len: 173 time: 0.2111897 /var/lib/openstack/lib/python3.10/site-packages/pycadf/identifier.py:71: UserWarning: Invalid uuid: neutron. To ensure interoperability, identifiers should be a valid uuid. warnings.warn(('Invalid uuid: %s. To ensure interoperability, '
2026-04-28 23:37:37.081 10 INFO neutron.notifiers.nova [-] Nova event matching ['req-47a239b7-16a2-4eda-b865-bb433942e8db'] response: {'server_uuid': '37df84b7-5b4a-4c1b-ada9-5f3acf6e12d0', 'name': 'network-vif-unplugged', 'status': 'completed', 'tag': 'ec36397f-257e-4c72-916e-62fe83f2b633', 'code': 200}
2026-04-28 23:37:37.081 10 INFO neutron.notifiers.nova [-] Nova event matching ['req-47a239b7-16a2-4eda-b865-bb433942e8db'] response: {'server_uuid': '37df84b7-5b4a-4c1b-ada9-5f3acf6e12d0', 'name': 'network-vif-plugged', 'status': 'completed', 'tag': 'ec36397f-257e-4c72-916e-62fe83f2b633', 'code': 200}
2026-04-28 23:37:37.082 10 INFO neutron.notifiers.nova [-] Nova event matching ['req-47a239b7-16a2-4eda-b865-bb433942e8db'] response: {'server_uuid': '37df84b7-5b4a-4c1b-ada9-5f3acf6e12d0', 'name': 'network-vif-deleted', 'tag': 'ec36397f-257e-4c72-916e-62fe83f2b633', 'status': 'completed', 'code': 200}
2026-04-28 23:37:37.372 9 INFO neutron.db.l3_db [None req-57647716-38ce-4776-9134-2328c1703679 93053d954fea4324b2a651412cde4968 240d3bfd22c74e148b93a8a2e9dc0315 - - - -] Floating IP 8c0dcb1d-8cf5-46a6-9668-5544a7dfe306 disassociated (deleted). External IP: 10.96.250.202, port: 4cd884d6-61c7-4c95-834d-8030ff5fac13.
2026-04-28 23:37:37.448 9 INFO neutron.wsgi [None req-57647716-38ce-4776-9134-2328c1703679 93053d954fea4324b2a651412cde4968 240d3bfd22c74e148b93a8a2e9dc0315 - - - -] 10.0.0.75 "DELETE /v2.0/floatingips/8c0dcb1d-8cf5-46a6-9668-5544a7dfe306 HTTP/1.1" status: 204 len: 168 time: 0.4833353
2026-04-28 23:37:37.486 10 INFO neutron.api.v2.resource [None req-6115df65-5b35-4b03-943c-5c64104520d7 93053d954fea4324b2a651412cde4968 240d3bfd22c74e148b93a8a2e9dc0315 - - default default] show failed (client error): The resource could not be found.
2026-04-28 23:37:37.487 9 INFO neutron.notifiers.nova [-] Nova event matching ['req-61905951-9fbf-4145-b8fb-de41b7c03a03'] response: {'name': 'network-changed', 'server_uuid': 'cee568e7-addf-40a9-b940-e6031988790b', 'tag': '4cd884d6-61c7-4c95-834d-8030ff5fac13', 'status': 'completed', 'code': 200}
2026-04-28 23:37:37.488 10 INFO neutron.wsgi [None req-6115df65-5b35-4b03-943c-5c64104520d7 93053d954fea4324b2a651412cde4968 240d3bfd22c74e148b93a8a2e9dc0315 - - default default] 10.0.0.75 "GET /v2.0/floatingips/8c0dcb1d-8cf5-46a6-9668-5544a7dfe306 HTTP/1.1" status: 404 len: 345 time: 0.0347762
2026-04-28 23:37:37.549 10 INFO neutron.wsgi [req-4cf6ffe4-413c-4a7b-a656-7b90c36fff6f req-ea9f5973-e8ca-4f71-8500-a15042989bb7 d15560b820ed4631bbf11309f1172a91 9b9e194969dc400b9b6ea9ac672ef246 - - 6c1c1657cc8b4fcbb584322d9dbe07ff 6c1c1657cc8b4fcbb584322d9dbe07ff] 199.204.45.49 "GET /v2.0/ports?tenant_id=240d3bfd22c74e148b93a8a2e9dc0315&device_id=cee568e7-addf-40a9-b940-e6031988790b HTTP/1.1" status: 200 len: 1590 time: 0.0453887
2026-04-28 23:37:37.615 10 INFO neutron.wsgi [req-4cf6ffe4-413c-4a7b-a656-7b90c36fff6f req-72718a92-d494-4270-99b9-5af65b85e352 d15560b820ed4631bbf11309f1172a91 9b9e194969dc400b9b6ea9ac672ef246 - - 6c1c1657cc8b4fcbb584322d9dbe07ff 6c1c1657cc8b4fcbb584322d9dbe07ff] 199.204.45.49 "GET /v2.0/networks?id=21113891-d987-4cba-896f-89ec54786eba HTTP/1.1" status: 200 len: 1002 time: 0.0608497
2026-04-28 23:37:37.650 10 INFO neutron.wsgi [req-4cf6ffe4-413c-4a7b-a656-7b90c36fff6f req-241caccc-2122-40a8-9c55-4af6314fc1d3 d15560b820ed4631bbf11309f1172a91 9b9e194969dc400b9b6ea9ac672ef246 - - 6c1c1657cc8b4fcbb584322d9dbe07ff 6c1c1657cc8b4fcbb584322d9dbe07ff] 199.204.45.49 "GET /v2.0/floatingips?fixed_ip_address=10.2.2.24&port_id=4cd884d6-61c7-4c95-834d-8030ff5fac13 HTTP/1.1" status: 200 len: 217 time: 0.0283515
2026-04-28 23:37:37.687 10 INFO neutron.plugins.ml2.drivers.ovn.mech_driver.mech_driver [None req-6f2d7d0e-ecae-49ee-9bfa-78277e8a5813 - - - - - -] OVN reports status down for port: 4cd884d6-61c7-4c95-834d-8030ff5fac13
2026-04-28 23:37:37.719 10 INFO neutron.wsgi [req-4cf6ffe4-413c-4a7b-a656-7b90c36fff6f req-c62e71c6-9178-4c82-b6cb-0bdb4283b516 d15560b820ed4631bbf11309f1172a91 9b9e194969dc400b9b6ea9ac672ef246 - - 6c1c1657cc8b4fcbb584322d9dbe07ff 6c1c1657cc8b4fcbb584322d9dbe07ff] 199.204.45.49 "GET /v2.0/floatingips?fixed_ip_address=fd77%3A1457%3A4cf0%3A26a8%3A%3A165&port_id=4cd884d6-61c7-4c95-834d-8030ff5fac13 HTTP/1.1" status: 200 len: 217 time: 0.0584626
2026-04-28 23:37:37.772 10 INFO neutron.wsgi [req-4cf6ffe4-413c-4a7b-a656-7b90c36fff6f req-b23ea49c-3cc7-4b53-9542-bfc26166205a d15560b820ed4631bbf11309f1172a91 9b9e194969dc400b9b6ea9ac672ef246 - - 6c1c1657cc8b4fcbb584322d9dbe07ff 6c1c1657cc8b4fcbb584322d9dbe07ff] 199.204.45.49 "GET /v2.0/subnets?id=d157b255-4d38-4a54-8c4d-e2507627ebe8&id=e4dc1a8b-28b4-4e5c-b736-4f4370c83f6b HTTP/1.1" status: 200 len: 1564 time: 0.0431883
2026-04-28 23:37:37.795 10 INFO neutron.wsgi [req-87a644de-8ecb-48f4-bb1f-6288e32db4c7 req-65ed12be-36c2-4371-838e-eb27c114e0ae 93053d954fea4324b2a651412cde4968 240d3bfd22c74e148b93a8a2e9dc0315 - - default default] 10.0.0.44 "GET /v2.0/ports?device_id=cee568e7-addf-40a9-b940-e6031988790b HTTP/1.1" status: 200 len: 1400 time: 0.1478465
2026-04-28 23:37:37.820 10 INFO neutron.wsgi [req-4cf6ffe4-413c-4a7b-a656-7b90c36fff6f req-0f05fa05-88ac-498a-a267-aff988431129 d15560b820ed4631bbf11309f1172a91 9b9e194969dc400b9b6ea9ac672ef246 - - 6c1c1657cc8b4fcbb584322d9dbe07ff 6c1c1657cc8b4fcbb584322d9dbe07ff] 199.204.45.49 "GET /v2.0/ports?network_id=21113891-d987-4cba-896f-89ec54786eba&device_owner=network%3Adhcp HTTP/1.1" status: 200 len: 210 time: 0.0368979
2026-04-28 23:37:37.859 10 INFO neutron.wsgi [req-4cf6ffe4-413c-4a7b-a656-7b90c36fff6f req-b91f0944-bbeb-41d6-88f3-52601e2650cc d15560b820ed4631bbf11309f1172a91 9b9e194969dc400b9b6ea9ac672ef246 - - 6c1c1657cc8b4fcbb584322d9dbe07ff 6c1c1657cc8b4fcbb584322d9dbe07ff] 199.204.45.49 "GET /v2.0/ports?network_id=21113891-d987-4cba-896f-89ec54786eba&device_owner=network%3Adhcp HTTP/1.1" status: 200 len: 210 time: 0.0288994
2026-04-28 23:37:37.862 10 INFO neutron.wsgi [req-87a644de-8ecb-48f4-bb1f-6288e32db4c7 req-fd50d8fc-5a40-42ef-8c79-1ea88d192f30 93053d954fea4324b2a651412cde4968 240d3bfd22c74e148b93a8a2e9dc0315 - - default default] 10.0.0.44 "GET /v2.0/security-groups?id=9f55da31-e19d-478c-8a17-fd9bf0e19f63&fields=id&fields=name HTTP/1.1" status: 200 len: 311 time: 0.0579545
2026-04-28 23:37:37.943 10 INFO neutron.wsgi [req-4cf6ffe4-413c-4a7b-a656-7b90c36fff6f req-dbe15b8f-4d37-4176-8575-6149c103d8f2 d15560b820ed4631bbf11309f1172a91 9b9e194969dc400b9b6ea9ac672ef246 - - 6c1c1657cc8b4fcbb584322d9dbe07ff 6c1c1657cc8b4fcbb584322d9dbe07ff] 199.204.45.49 "GET /v2.0/networks/21113891-d987-4cba-896f-89ec54786eba?fields=segments HTTP/1.1" status: 200 len: 212 time: 0.0775189 /var/lib/openstack/lib/python3.10/site-packages/pycadf/identifier.py:71: UserWarning: Invalid uuid: neutron. To ensure interoperability, identifiers should be a valid uuid. warnings.warn(('Invalid uuid: %s. To ensure interoperability, '
2026-04-28 23:37:38.019 10 INFO neutron.wsgi [req-4cf6ffe4-413c-4a7b-a656-7b90c36fff6f req-b877f400-24cd-4530-92f0-b43a074afeab d15560b820ed4631bbf11309f1172a91 9b9e194969dc400b9b6ea9ac672ef246 - - 6c1c1657cc8b4fcbb584322d9dbe07ff 6c1c1657cc8b4fcbb584322d9dbe07ff] 199.204.45.49 "GET /v2.0/networks/21113891-d987-4cba-896f-89ec54786eba?fields=provider%3Aphysical_network&fields=provider%3Anetwork_type HTTP/1.1" status: 200 len: 277 time: 0.0666697
2026-04-28 23:37:38.068 10 INFO neutron.db.ovn_revision_numbers_db [None req-6f2d7d0e-ecae-49ee-9bfa-78277e8a5813 - - - - - -] Successfully bumped revision number for resource 4cd884d6-61c7-4c95-834d-8030ff5fac13 (type: ports) to 5
2026-04-28 23:37:38.078 9 INFO neutron.wsgi [req-f2f3c2f9-2dac-4fd2-a08f-48caa1164488 req-5acb1905-7739-43e7-ae29-49fe6de68f53 93053d954fea4324b2a651412cde4968 240d3bfd22c74e148b93a8a2e9dc0315 - - default default] 199.204.45.49 "GET /v2.0/ports?device_id=cee568e7-addf-40a9-b940-e6031988790b HTTP/1.1" status: 200 len: 1398 time: 0.1173208
2026-04-28 23:37:38.394 9 INFO neutron.wsgi [None req-fc368f3e-221d-4b7e-929f-6f3a6c631be3 93053d954fea4324b2a651412cde4968 240d3bfd22c74e148b93a8a2e9dc0315 - - - -] 199.204.45.49 "DELETE /v2.0/ports/4cd884d6-61c7-4c95-834d-8030ff5fac13 HTTP/1.1" status: 204 len: 173 time: 0.3106320
2026-04-28 23:37:39.127 10 INFO neutron.notifiers.nova [-] Nova event matching ['req-d2b25d90-317c-432d-b367-d7a4cf40c9d6'] response: {'server_uuid': 'cee568e7-addf-40a9-b940-e6031988790b', 'name': 'network-vif-unplugged', 'status': 'completed', 'tag': '4cd884d6-61c7-4c95-834d-8030ff5fac13', 'code': 200}
2026-04-28 23:37:39.128 10 INFO neutron.notifiers.nova [-] Nova event matching ['req-d2b25d90-317c-432d-b367-d7a4cf40c9d6'] response: {'server_uuid': 'cee568e7-addf-40a9-b940-e6031988790b', 'name': 'network-vif-plugged', 'status': 'completed', 'tag': '4cd884d6-61c7-4c95-834d-8030ff5fac13', 'code': 200}
2026-04-28 23:37:39.523 9 INFO neutron.notifiers.nova [-] Nova event matching ['req-588ad115-2aa1-47aa-89cf-c62e354d3d74'] response: {'server_uuid': 'cee568e7-addf-40a9-b940-e6031988790b', 'name': 'network-vif-deleted', 'tag': '4cd884d6-61c7-4c95-834d-8030ff5fac13', 'status': 'completed', 'code': 200}
2026-04-28 23:37:43.268 9 INFO neutron.db.l3_db [None req-300e2c9e-3f37-412f-8631-d3f09258f54c 93053d954fea4324b2a651412cde4968 240d3bfd22c74e148b93a8a2e9dc0315 - - - -] Floating IP c68d5944-b225-476f-a648-93b6a7dc46db disassociated (deleted). External IP: 10.96.250.201, port: ff238bfe-5afc-4930-9a94-e3db2bf28bc4.
2026-04-28 23:37:43.319 9 INFO neutron.wsgi [None req-300e2c9e-3f37-412f-8631-d3f09258f54c 93053d954fea4324b2a651412cde4968 240d3bfd22c74e148b93a8a2e9dc0315 - - - -] 10.0.0.75 "DELETE /v2.0/floatingips/c68d5944-b225-476f-a648-93b6a7dc46db HTTP/1.1" status: 204 len: 168 time: 0.3979485 /var/lib/openstack/lib/python3.10/site-packages/pycadf/identifier.py:71: UserWarning: Invalid uuid: neutron. To ensure interoperability, identifiers should be a valid uuid. warnings.warn(('Invalid uuid: %s. To ensure interoperability, '
2026-04-28 23:37:43.352 9 INFO neutron.notifiers.nova [-] Nova event matching ['req-20dbe747-2aec-4cfb-9c51-8724d6ec55b4'] response: {'name': 'network-changed', 'server_uuid': 'ab7b1ea4-dc31-4b76-8a12-56b72f41c29f', 'tag': 'ff238bfe-5afc-4930-9a94-e3db2bf28bc4', 'status': 'completed', 'code': 200}
2026-04-28 23:37:43.355 10 INFO neutron.api.v2.resource [None req-e4944ff2-bb01-4bb2-9cc1-4e64c6c936ce 93053d954fea4324b2a651412cde4968 240d3bfd22c74e148b93a8a2e9dc0315 - - default default] show failed (client error): The resource could not be found.
2026-04-28 23:37:43.357 10 INFO neutron.wsgi [None req-e4944ff2-bb01-4bb2-9cc1-4e64c6c936ce 93053d954fea4324b2a651412cde4968 240d3bfd22c74e148b93a8a2e9dc0315 - - default default] 10.0.0.75 "GET /v2.0/floatingips/c68d5944-b225-476f-a648-93b6a7dc46db HTTP/1.1" status: 404 len: 345 time: 0.0321283
2026-04-28 23:37:43.404 9 INFO neutron.wsgi [req-ceb9ae4c-939c-433b-8698-afb165ad50c7 req-76378b86-129a-48a6-a52e-1a7ee2c267ad d15560b820ed4631bbf11309f1172a91 9b9e194969dc400b9b6ea9ac672ef246 - - 6c1c1657cc8b4fcbb584322d9dbe07ff 6c1c1657cc8b4fcbb584322d9dbe07ff] 199.204.45.49 "GET /v2.0/ports?tenant_id=240d3bfd22c74e148b93a8a2e9dc0315&device_id=ab7b1ea4-dc31-4b76-8a12-56b72f41c29f HTTP/1.1" status: 200 len: 1586 time: 0.0326855
2026-04-28 23:37:43.462 9 INFO neutron.wsgi [req-ceb9ae4c-939c-433b-8698-afb165ad50c7 req-f819f503-22fe-483c-ba1f-60539a39750c d15560b820ed4631bbf11309f1172a91 9b9e194969dc400b9b6ea9ac672ef246 - - 6c1c1657cc8b4fcbb584322d9dbe07ff 6c1c1657cc8b4fcbb584322d9dbe07ff] 199.204.45.49 "GET /v2.0/networks?id=349dd9e6-b76f-41e7-8e35-3436f695b7bd HTTP/1.1" status: 200 len: 1002 time: 0.0527322
2026-04-28 23:37:43.492 9 INFO neutron.wsgi [req-ceb9ae4c-939c-433b-8698-afb165ad50c7 req-2bc449cd-d732-4081-919f-febe5fefe781 d15560b820ed4631bbf11309f1172a91 9b9e194969dc400b9b6ea9ac672ef246 - - 6c1c1657cc8b4fcbb584322d9dbe07ff 6c1c1657cc8b4fcbb584322d9dbe07ff] 199.204.45.49 "GET /v2.0/floatingips?fixed_ip_address=10.2.1.202&port_id=ff238bfe-5afc-4930-9a94-e3db2bf28bc4 HTTP/1.1" status: 200 len: 217 time: 0.0221591
2026-04-28 23:37:43.526 9 INFO neutron.wsgi [req-ceb9ae4c-939c-433b-8698-afb165ad50c7 req-0e0bdd97-497f-4e58-a5f6-01bc8e59dcf6 d15560b820ed4631bbf11309f1172a91 9b9e194969dc400b9b6ea9ac672ef246 - - 6c1c1657cc8b4fcbb584322d9dbe07ff 6c1c1657cc8b4fcbb584322d9dbe07ff] 199.204.45.49 "GET /v2.0/floatingips?fixed_ip_address=fd7b%3Af9f7%3Afff%3A4eca%3A%3Aad&port_id=ff238bfe-5afc-4930-9a94-e3db2bf28bc4 HTTP/1.1" status: 200 len: 217 time: 0.0261986
2026-04-28 23:37:43.565 9 INFO neutron.plugins.ml2.drivers.ovn.mech_driver.mech_driver [None req-2a68c9da-2f29-495c-b3e5-4be7c2cc46c4 - - - - - -] OVN reports status down for port: ff238bfe-5afc-4930-9a94-e3db2bf28bc4
2026-04-28 23:37:43.586 9 INFO neutron.wsgi [req-ceb9ae4c-939c-433b-8698-afb165ad50c7 req-b4bd5498-a7e7-4147-8a8b-00badd6c648b d15560b820ed4631bbf11309f1172a91 9b9e194969dc400b9b6ea9ac672ef246 - - 6c1c1657cc8b4fcbb584322d9dbe07ff 6c1c1657cc8b4fcbb584322d9dbe07ff] 199.204.45.49 "GET /v2.0/subnets?id=e9cbc78c-fba8-429e-98c1-b5daf08c51c0&id=c2f940ae-c5a6-46f2-b727-fd5ecf26afa9 HTTP/1.1" status: 200 len: 1562 time: 0.0524690
2026-04-28 23:37:43.600 10 INFO neutron.wsgi [req-944dc234-f2e5-4df8-a558-b9402a25504b req-6dd9f496-685e-476b-b78a-a08de018f23f 93053d954fea4324b2a651412cde4968 240d3bfd22c74e148b93a8a2e9dc0315 - - default default] 10.0.0.44 "GET /v2.0/ports?device_id=ab7b1ea4-dc31-4b76-8a12-56b72f41c29f HTTP/1.1" status: 200 len: 1396 time: 0.0957370
2026-04-28 23:37:43.615 9 INFO neutron.wsgi [req-ceb9ae4c-939c-433b-8698-afb165ad50c7 req-8b6d787d-e771-46c5-8d5f-2a666f3d1bf9 d15560b820ed4631bbf11309f1172a91 9b9e194969dc400b9b6ea9ac672ef246 - - 6c1c1657cc8b4fcbb584322d9dbe07ff 6c1c1657cc8b4fcbb584322d9dbe07ff] 199.204.45.49 "GET /v2.0/ports?network_id=349dd9e6-b76f-41e7-8e35-3436f695b7bd&device_owner=network%3Adhcp HTTP/1.1" status: 200 len: 210 time: 0.0243168
2026-04-28 23:37:43.641 10 INFO neutron.wsgi [req-944dc234-f2e5-4df8-a558-b9402a25504b req-7290d5f7-96f6-4005-8137-3a6ee9d119fd 93053d954fea4324b2a651412cde4968 240d3bfd22c74e148b93a8a2e9dc0315 - - default default] 10.0.0.44 "GET /v2.0/security-groups?id=9f55da31-e19d-478c-8a17-fd9bf0e19f63&fields=id&fields=name HTTP/1.1" status: 200 len: 311 time: 0.0354669
2026-04-28 23:37:43.652 9 INFO neutron.wsgi [req-ceb9ae4c-939c-433b-8698-afb165ad50c7 req-d02be0e7-a335-4fc0-8ebd-f3e617f7675d d15560b820ed4631bbf11309f1172a91 9b9e194969dc400b9b6ea9ac672ef246 - - 6c1c1657cc8b4fcbb584322d9dbe07ff 6c1c1657cc8b4fcbb584322d9dbe07ff] 199.204.45.49 "GET /v2.0/ports?network_id=349dd9e6-b76f-41e7-8e35-3436f695b7bd&device_owner=network%3Adhcp HTTP/1.1" status: 200 len: 210 time: 0.0323415
