2026-04-28 23:03:26.826 15 INFO neutron.db.ovn_revision_numbers_db [None req-3f5b222d-13b2-411f-9464-59ade3b8f146 - - - - - -] Successfully bumped revision number for resource d3c9a003-9dae-4b15-9a15-ceb51238e722 (type: networks) to 2
2026-04-28 23:03:26.827 15 INFO neutron.plugins.ml2.drivers.ovn.mech_driver.ovsdb.maintenance [None req-3f5b222d-13b2-411f-9464-59ade3b8f146 - - - - - -] Maintenance task: Synchronization finished (took 0.12 seconds)
2026-04-28 23:03:35.683 9 INFO neutron.wsgi [-] 10.0.0.28 "GET / HTTP/1.1" status: 200 len: 246 time: 0.0025728
2026-04-28 23:03:35.687 9 INFO neutron.wsgi [-] 10.0.0.28 "GET / HTTP/1.1" status: 200 len: 246 time: 0.0025282
2026-04-28 23:03:50.681 9 INFO neutron.wsgi [-] 10.0.0.28 "GET / HTTP/1.1" status: 200 len: 246 time: 0.0016093
2026-04-28 23:03:50.681 10 INFO neutron.wsgi [-] 10.0.0.28 "GET / HTTP/1.1" status: 200 len: 246 time: 0.0016847
2026-04-28 23:04:05.683 9 INFO neutron.wsgi [-] 10.0.0.28 "GET / HTTP/1.1" status: 200 len: 246 time: 0.0025604
2026-04-28 23:04:05.685 10 INFO neutron.wsgi [-] 10.0.0.28 "GET / HTTP/1.1" status: 200 len: 246 time: 0.0040934
2026-04-28 23:04:20.683 10 INFO neutron.wsgi [-] 10.0.0.28 "GET / HTTP/1.1" status: 200 len: 246 time: 0.0024002
2026-04-28 23:04:20.689 9 INFO neutron.wsgi [-] 10.0.0.28 "GET / HTTP/1.1" status: 200 len: 246 time: 0.0033624
2026-04-28 23:04:35.692 9 INFO neutron.wsgi [-] 10.0.0.28 "GET / HTTP/1.1" status: 200 len: 246 time: 0.0024364
2026-04-28 23:04:35.693 9 INFO neutron.wsgi [-] 10.0.0.28 "GET / HTTP/1.1" status: 200 len: 246 time: 0.0008268
2026-04-28 23:04:50.683 10 INFO neutron.wsgi [-] 10.0.0.28 "GET / HTTP/1.1" status: 200 len: 246 time: 0.0022948
2026-04-28 23:04:50.685 9 INFO neutron.wsgi [-] 10.0.0.28 "GET / HTTP/1.1" status: 200 len: 246 time: 0.0042338
2026-04-28 23:05:05.683 9 INFO neutron.wsgi [-] 10.0.0.28 "GET / HTTP/1.1" status: 200 len: 246 time: 0.0025685
2026-04-28 23:05:05.685 9 INFO neutron.wsgi [-] 10.0.0.28 "GET / HTTP/1.1" status: 200 len: 246 time: 0.0012379 /var/lib/openstack/lib/python3.10/site-packages/memcache.py:1303: SyntaxWarning: "is" with a literal. Did you mean "=="? if key is '': /var/lib/openstack/lib/python3.10/site-packages/memcache.py:1304: SyntaxWarning: "is" with a literal. Did you mean "=="? if key_extra_len is 0: /var/lib/openstack/lib/python3.10/site-packages/pycadf/identifier.py:71: UserWarning: Invalid uuid: unknown. To ensure interoperability, identifiers should be a valid uuid. warnings.warn(('Invalid uuid: %s. To ensure interoperability, '
2026-04-28 23:05:14.591 9 WARNING oslo_policy.policy [None req-50e95052-ad32-4025-a243-a4880983e275 49647566f8344212900b0d9c75594dfa fbaf295fef794a3186a0edb979076ccd - - default default] Policies ['delete_port', 'update_port:allowed_address_pairs', 'update_port:allowed_address_pairs:ip_address', 'update_port:allowed_address_pairs:mac_address', 'update_port:fixed_ips', 'update_port:mac_address'] reference a rule that is not defined.
2026-04-28 23:05:14.951 9 INFO neutron.wsgi [None req-50e95052-ad32-4025-a243-a4880983e275 49647566f8344212900b0d9c75594dfa fbaf295fef794a3186a0edb979076ccd - - default default] 199.204.45.49,10.0.0.28 "GET /v2.0/networks HTTP/1.1" status: 200 len: 928 time: 0.8284969
2026-04-28 23:05:15.047 9 INFO neutron.db.segments_db [None req-7c875f9b-487b-43f5-8480-ce7820d535d6 49647566f8344212900b0d9c75594dfa fbaf295fef794a3186a0edb979076ccd - - - -] Added segment 30285588-9a01-4de9-9f69-298736af821f of type geneve for network 1195a90d-962d-41d2-b3bd-6ee9cdcb96b2
2026-04-28 23:05:15.168 9 INFO neutron.plugins.ml2.drivers.ovn.mech_driver.ovsdb.extensions.qos [None req-7c875f9b-487b-43f5-8480-ce7820d535d6 49647566f8344212900b0d9c75594dfa fbaf295fef794a3186a0edb979076ccd - - - -] Starting OVNClientQosExtension
2026-04-28 23:05:15.169 9 INFO neutron.plugins.ml2.drivers.ovn.mech_driver.ovsdb.extensions.placement [None req-7c875f9b-487b-43f5-8480-ce7820d535d6 49647566f8344212900b0d9c75594dfa fbaf295fef794a3186a0edb979076ccd - - - -] Starting OVNClientPlacementExtension
2026-04-28 23:05:15.238 9 INFO neutron.db.ovn_revision_numbers_db [None req-7c875f9b-487b-43f5-8480-ce7820d535d6 49647566f8344212900b0d9c75594dfa fbaf295fef794a3186a0edb979076ccd - - - -] Successfully bumped revision number for resource 1195a90d-962d-41d2-b3bd-6ee9cdcb96b2 (type: networks) to 1
2026-04-28 23:05:15.515 9 WARNING neutron.scheduler.dhcp_agent_scheduler [None req-7c875f9b-487b-43f5-8480-ce7820d535d6 49647566f8344212900b0d9c75594dfa fbaf295fef794a3186a0edb979076ccd - - - -] No more DHCP agents
2026-04-28 23:05:15.518 9 WARNING neutron.api.rpc.agentnotifiers.dhcp_rpc_agent_api [None req-7c875f9b-487b-43f5-8480-ce7820d535d6 49647566f8344212900b0d9c75594dfa fbaf295fef794a3186a0edb979076ccd - - - -] Unable to schedule network 1195a90d-962d-41d2-b3bd-6ee9cdcb96b2: no agents available; will retry on subsequent port and subnet creation events.
2026-04-28 23:05:15.604 9 INFO neutron.db.ovn_revision_numbers_db [None req-7c875f9b-487b-43f5-8480-ce7820d535d6 49647566f8344212900b0d9c75594dfa fbaf295fef794a3186a0edb979076ccd - - - -] Successfully bumped revision number for resource ccf140c5-7285-4bab-ba45-abd9831eb1ca (type: ports) to 1
2026-04-28 23:05:15.628 9 INFO neutron.wsgi [None req-7c875f9b-487b-43f5-8480-ce7820d535d6 49647566f8344212900b0d9c75594dfa fbaf295fef794a3186a0edb979076ccd - - - -] 199.204.45.49,10.0.0.28 "POST /v2.0/networks HTTP/1.1" status: 201 len: 890 time: 0.6733537
2026-04-28 23:05:16.436 9 INFO neutron.wsgi [None req-1089584b-39b5-4741-a483-cb356de01cac 49647566f8344212900b0d9c75594dfa fbaf295fef794a3186a0edb979076ccd - - default default] 199.204.45.49,10.0.0.28 "GET /v2.0/subnets HTTP/1.1" status: 200 len: 819 time: 0.0633464
2026-04-28 23:05:16.486 9 INFO neutron.wsgi [None req-a9e83ddd-1898-4cec-855b-36cc33fd63c3 49647566f8344212900b0d9c75594dfa fbaf295fef794a3186a0edb979076ccd - - default default] 199.204.45.49,10.0.0.28 "GET /v2.0/networks HTTP/1.1" status: 200 len: 1615 time: 0.0440135
2026-04-28 23:05:16.700 9 WARNING neutron.scheduler.dhcp_agent_scheduler [None req-2899cf96-177d-491a-abf4-2db57bb067da 49647566f8344212900b0d9c75594dfa fbaf295fef794a3186a0edb979076ccd - - - -] No more DHCP agents
2026-04-28 23:05:16.704 9 WARNING neutron.api.rpc.agentnotifiers.dhcp_rpc_agent_api [None req-2899cf96-177d-491a-abf4-2db57bb067da 49647566f8344212900b0d9c75594dfa fbaf295fef794a3186a0edb979076ccd - - - -] Unable to schedule network 1195a90d-962d-41d2-b3bd-6ee9cdcb96b2: no agents available; will retry on subsequent port and subnet creation events.
2026-04-28 23:05:17.249 9 INFO neutron.db.ovn_revision_numbers_db [None req-2899cf96-177d-491a-abf4-2db57bb067da 49647566f8344212900b0d9c75594dfa fbaf295fef794a3186a0edb979076ccd - - - -] Successfully bumped revision number for resource ccf140c5-7285-4bab-ba45-abd9831eb1ca (type: ports) to 2
2026-04-28 23:05:17.266 9 INFO neutron.db.ovn_revision_numbers_db [None req-2899cf96-177d-491a-abf4-2db57bb067da 49647566f8344212900b0d9c75594dfa fbaf295fef794a3186a0edb979076ccd - - - -] Successfully bumped revision number for resource bbefbb40-b15b-4086-b66f-0c00312e13ab (type: subnets) to 0
2026-04-28 23:05:17.281 9 INFO neutron.wsgi [None req-2899cf96-177d-491a-abf4-2db57bb067da 49647566f8344212900b0d9c75594dfa fbaf295fef794a3186a0edb979076ccd - - - -] 199.204.45.49,10.0.0.28 "POST /v2.0/subnets HTTP/1.1" status: 201 len: 807 time: 0.7913361
2026-04-28 23:05:18.300 9 INFO neutron.wsgi [None req-c9f33919-a968-464d-9e1e-3dd01b1da0c5 49647566f8344212900b0d9c75594dfa fbaf295fef794a3186a0edb979076ccd - - default default] 199.204.45.49,10.0.0.28 "GET /v2.0/security-groups?tenant_id=fbaf295fef794a3186a0edb979076ccd HTTP/1.1" status: 200 len: 2969 time: 0.0721297
2026-04-28 23:05:18.401 9 INFO neutron.db.ovn_revision_numbers_db [None req-0cb67a2c-a7fc-46f7-bfac-b5c5fc9dc3a1 49647566f8344212900b0d9c75594dfa fbaf295fef794a3186a0edb979076ccd - - - -] Successfully bumped revision number for resource ab32b3b2-febd-4bdc-951e-4f8b883a2198 (type: security_groups) to 1
2026-04-28 23:05:18.420 9 INFO neutron.wsgi [None req-0cb67a2c-a7fc-46f7-bfac-b5c5fc9dc3a1 49647566f8344212900b0d9c75594dfa fbaf295fef794a3186a0edb979076ccd - - - -] 199.204.45.49,10.0.0.28 "POST /v2.0/security-groups HTTP/1.1" status: 201 len: 1733 time: 0.1112027
2026-04-28 23:05:19.502 9 INFO neutron.wsgi [None req-daa827c7-638d-4371-87b4-a09743c14b91 49647566f8344212900b0d9c75594dfa fbaf295fef794a3186a0edb979076ccd - - default default] 199.204.45.49,10.0.0.28 "GET /v2.0/security-groups?tenant_id=fbaf295fef794a3186a0edb979076ccd HTTP/1.1" status: 200 len: 4503 time: 0.0760822
2026-04-28 23:05:19.554 9 INFO neutron.wsgi [None req-54b494ab-cfdb-476c-b9e4-b05f5d96ee11 49647566f8344212900b0d9c75594dfa fbaf295fef794a3186a0edb979076ccd - - default default] 199.204.45.49,10.0.0.28 "GET /v2.0/security-groups HTTP/1.1" status: 200 len: 4503 time: 0.0423687
2026-04-28 23:05:19.676 9 INFO neutron.db.ovn_revision_numbers_db [None req-45d14c19-78bd-43e0-8bdf-fb2e0f0cf969 49647566f8344212900b0d9c75594dfa fbaf295fef794a3186a0edb979076ccd - - - -] Successfully bumped revision number for resource 519d2ee4-02f0-4f43-9dd1-af5a39714675 (type: security_group_rules) to 0
2026-04-28 23:05:19.706 9 INFO neutron.wsgi [None req-45d14c19-78bd-43e0-8bdf-fb2e0f0cf969 49647566f8344212900b0d9c75594dfa fbaf295fef794a3186a0edb979076ccd - - - -] 199.204.45.49,10.0.0.28 "POST /v2.0/security-group-rules HTTP/1.1" status: 201 len: 749 time: 0.1443539
2026-04-28 23:05:20.513 9 INFO neutron.wsgi [None req-44739efc-6d80-4fdc-a5c1-8599f1747710 49647566f8344212900b0d9c75594dfa fbaf295fef794a3186a0edb979076ccd - - default default] 199.204.45.49,10.0.0.28 "GET /v2.0/security-groups?tenant_id=fbaf295fef794a3186a0edb979076ccd HTTP/1.1" status: 200 len: 5085 time: 0.0686264
2026-04-28 23:05:20.561 9 INFO neutron.wsgi [None req-4f52ae1f-825e-4509-9c21-8df111ec40b4 49647566f8344212900b0d9c75594dfa fbaf295fef794a3186a0edb979076ccd - - default default] 199.204.45.49,10.0.0.28 "GET /v2.0/security-groups HTTP/1.1" status: 200 len: 5085 time: 0.0390375
2026-04-28 23:05:20.684 10 INFO neutron.wsgi [-] 10.0.0.28 "GET / HTTP/1.1" status: 200 len: 246 time: 0.0016584
2026-04-28 23:05:20.686 9 INFO neutron.wsgi [-] 10.0.0.28 "GET / HTTP/1.1" status: 200 len: 246 time: 0.0023339
2026-04-28 23:05:20.696 9 INFO neutron.db.ovn_revision_numbers_db [None req-7f6c7859-b864-4f0f-b44a-c4ad6ffc85d9 49647566f8344212900b0d9c75594dfa fbaf295fef794a3186a0edb979076ccd - - - -] Successfully bumped revision number for resource d3536c11-72c9-4bfd-b800-2448a1782c2e (type: security_group_rules) to 0
2026-04-28 23:05:20.718 9 INFO neutron.wsgi [None req-7f6c7859-b864-4f0f-b44a-c4ad6ffc85d9 49647566f8344212900b0d9c75594dfa fbaf295fef794a3186a0edb979076ccd - - - -] 199.204.45.49,10.0.0.28 "POST /v2.0/security-group-rules HTTP/1.1" status: 201 len: 751 time: 0.1501913
2026-04-28 23:05:21.510 9 INFO neutron.wsgi [None req-054144d6-c9bc-4018-9f72-0712ef044020 49647566f8344212900b0d9c75594dfa fbaf295fef794a3186a0edb979076ccd - - default default] 199.204.45.49,10.0.0.28 "GET /v2.0/security-groups?tenant_id=fbaf295fef794a3186a0edb979076ccd HTTP/1.1" status: 200 len: 5669 time: 0.0687027
2026-04-28 23:05:21.548 9 INFO neutron.wsgi [None req-3f82e28d-e5f9-425c-ba2e-be75f03cd397 49647566f8344212900b0d9c75594dfa fbaf295fef794a3186a0edb979076ccd - - default default] 199.204.45.49,10.0.0.28 "GET /v2.0/security-groups HTTP/1.1" status: 200 len: 5669 time: 0.0297434
2026-04-28 23:05:21.638 9 INFO neutron.db.ovn_revision_numbers_db [None req-c8ddcd06-a4e7-4bb7-9e97-518223012f8c 49647566f8344212900b0d9c75594dfa fbaf295fef794a3186a0edb979076ccd - - - -] Successfully bumped revision number for resource 0bb5b413-55e3-426c-9126-f8117d4d40f3 (type: security_group_rules) to 0
2026-04-28 23:05:21.666 9 INFO neutron.wsgi [None req-c8ddcd06-a4e7-4bb7-9e97-518223012f8c 49647566f8344212900b0d9c75594dfa fbaf295fef794a3186a0edb979076ccd - - - -] 199.204.45.49,10.0.0.28 "POST /v2.0/security-group-rules HTTP/1.1" status: 201 len: 751 time: 0.1135025
2026-04-28 23:05:22.450 9 INFO neutron.wsgi [None req-3b57f329-fb49-4fd8-9703-aadc2811f6df 49647566f8344212900b0d9c75594dfa fbaf295fef794a3186a0edb979076ccd - - default default] 199.204.45.49,10.0.0.28 "GET /v2.0/security-groups?tenant_id=fbaf295fef794a3186a0edb979076ccd HTTP/1.1" status: 200 len: 6253 time: 0.0768175
2026-04-28 23:05:22.500 9 INFO neutron.wsgi [None req-0a3162f7-23b4-4da8-b56f-1b079b963b01 49647566f8344212900b0d9c75594dfa fbaf295fef794a3186a0edb979076ccd - - default default] 199.204.45.49,10.0.0.28 "GET /v2.0/security-groups HTTP/1.1" status: 200 len: 6253 time: 0.0406418
2026-04-28 23:05:22.608 9 INFO neutron.db.ovn_revision_numbers_db [None req-f6c022c0-fa81-44ca-adf6-c6bb79618ac7 49647566f8344212900b0d9c75594dfa fbaf295fef794a3186a0edb979076ccd - - - -] Successfully bumped revision number for resource 6f620a16-9316-483c-a0d3-3e32fd9ce2ef (type: security_group_rules) to 0
2026-04-28 23:05:22.635 9 INFO neutron.wsgi [None req-f6c022c0-fa81-44ca-adf6-c6bb79618ac7 49647566f8344212900b0d9c75594dfa fbaf295fef794a3186a0edb979076ccd - - - -] 199.204.45.49,10.0.0.28 "POST /v2.0/security-group-rules HTTP/1.1" status: 201 len: 751 time: 0.1299818
2026-04-28 23:05:23.462 9 INFO neutron.wsgi [None req-c473dc3c-e87b-4a6e-bd64-effbd1e66f50 49647566f8344212900b0d9c75594dfa fbaf295fef794a3186a0edb979076ccd - - default default] 199.204.45.49,10.0.0.28 "GET /v2.0/security-groups?tenant_id=fbaf295fef794a3186a0edb979076ccd HTTP/1.1" status: 200 len: 6837 time: 0.0673587
2026-04-28 23:05:23.503 9 INFO neutron.wsgi [None req-35154466-5483-493a-8d99-83b98184149b 49647566f8344212900b0d9c75594dfa fbaf295fef794a3186a0edb979076ccd - - default default] 199.204.45.49,10.0.0.28 "GET /v2.0/security-groups HTTP/1.1" status: 200 len: 6837 time: 0.0341909
2026-04-28 23:05:23.597 9 INFO neutron.db.ovn_revision_numbers_db [None req-5655fd65-f51e-4187-afc3-091f703185d1 49647566f8344212900b0d9c75594dfa fbaf295fef794a3186a0edb979076ccd - - - -] Successfully bumped revision number for resource c38523eb-b33c-440a-b828-90345577a80b (type: security_group_rules) to 0
2026-04-28 23:05:23.619 9 INFO neutron.wsgi [None req-5655fd65-f51e-4187-afc3-091f703185d1 49647566f8344212900b0d9c75594dfa fbaf295fef794a3186a0edb979076ccd - - - -] 199.204.45.49,10.0.0.28 "POST /v2.0/security-group-rules HTTP/1.1" status: 201 len: 751 time: 0.1102808
2026-04-28 23:05:24.699 9 INFO neutron.wsgi [None req-99d0e883-7695-4e39-adf7-e4005f190318 49647566f8344212900b0d9c75594dfa fbaf295fef794a3186a0edb979076ccd - - default default] 199.204.45.49,10.0.0.28 "GET /v2.0/security-groups HTTP/1.1" status: 200 len: 7421 time: 0.0829227
2026-04-28 23:05:24.752 9 INFO neutron.wsgi [None req-3ad3865e-6d1a-4fe1-97d7-f01dedd466b0 49647566f8344212900b0d9c75594dfa fbaf295fef794a3186a0edb979076ccd - - default default] 199.204.45.49,10.0.0.28 "GET /v2.0/ports HTTP/1.1" status: 200 len: 2301 time: 0.0444863
2026-04-28 23:05:24.861 9 INFO neutron.wsgi [None req-92ad7bdb-7eaa-4ad4-94b7-830c97e43e82 49647566f8344212900b0d9c75594dfa fbaf295fef794a3186a0edb979076ccd - - default default] 199.204.45.49,10.0.0.28 "GET /v2.0/networks HTTP/1.1" status: 200 len: 1653 time: 0.1005697
2026-04-28 23:05:25.133 9 WARNING neutron.scheduler.dhcp_agent_scheduler [None req-06cc7092-891f-4df1-9d4e-37fdad686f41 49647566f8344212900b0d9c75594dfa fbaf295fef794a3186a0edb979076ccd - - - -] No more DHCP agents
2026-04-28 23:05:25.135 9 WARNING neutron.api.rpc.agentnotifiers.dhcp_rpc_agent_api [None req-06cc7092-891f-4df1-9d4e-37fdad686f41 49647566f8344212900b0d9c75594dfa fbaf295fef794a3186a0edb979076ccd - - - -] Unable to schedule network 1195a90d-962d-41d2-b3bd-6ee9cdcb96b2: no agents available; will retry on subsequent port and subnet creation events.
2026-04-28 23:05:25.237 9 INFO neutron.db.ovn_revision_numbers_db [None req-06cc7092-891f-4df1-9d4e-37fdad686f41 49647566f8344212900b0d9c75594dfa fbaf295fef794a3186a0edb979076ccd - - - -] Successfully bumped revision number for resource 8837da89-1c1c-4436-a0d3-06a850e8b21b (type: ports) to 1
2026-04-28 23:05:25.255 9 INFO neutron.wsgi [None req-06cc7092-891f-4df1-9d4e-37fdad686f41 49647566f8344212900b0d9c75594dfa fbaf295fef794a3186a0edb979076ccd - - - -] 199.204.45.49,10.0.0.28 "POST /v2.0/ports HTTP/1.1" status: 201 len: 1281 time: 0.3876655 /var/lib/openstack/lib/python3.10/site-packages/pycadf/identifier.py:71: UserWarning: Invalid uuid: unknown. To ensure interoperability, identifiers should be a valid uuid. warnings.warn(('Invalid uuid: %s. To ensure interoperability, '
2026-04-28 23:05:30.999 9 INFO neutron.pecan_wsgi.hooks.translation [None req-5c46d27c-4c99-4eef-86b9-90127e0721ab 49647566f8344212900b0d9c75594dfa fbaf295fef794a3186a0edb979076ccd - - default default] GET failed (client error): The resource could not be found.
2026-04-28 23:05:31.000 9 INFO neutron.wsgi [None req-5c46d27c-4c99-4eef-86b9-90127e0721ab 49647566f8344212900b0d9c75594dfa fbaf295fef794a3186a0edb979076ccd - - default default] 199.204.45.49,10.0.0.28 "GET /v2.0/ports/octavia-health-manager-port-instance HTTP/1.1" status: 404 len: 314 time: 0.0590243
2026-04-28 23:05:31.043 9 INFO neutron.wsgi [None req-11652718-f93e-49d3-9a35-894bea9b37a5 49647566f8344212900b0d9c75594dfa fbaf295fef794a3186a0edb979076ccd - - default default] 199.204.45.49,10.0.0.28 "GET /v2.0/ports?name=octavia-health-manager-port-instance HTTP/1.1" status: 200 len: 1279 time: 0.0388906
2026-04-28 23:05:31.355 9 INFO neutron.db.ovn_revision_numbers_db [None req-760eac8e-41a0-455a-9e4a-eed51a423e07 49647566f8344212900b0d9c75594dfa fbaf295fef794a3186a0edb979076ccd - - - -] Successfully bumped revision number for resource 8837da89-1c1c-4436-a0d3-06a850e8b21b (type: ports) to 1
2026-04-28 23:05:31.584 9 INFO neutron.db.ovn_revision_numbers_db [None req-760eac8e-41a0-455a-9e4a-eed51a423e07 49647566f8344212900b0d9c75594dfa fbaf295fef794a3186a0edb979076ccd - - - -] Successfully bumped revision number for resource 8837da89-1c1c-4436-a0d3-06a850e8b21b (type: ports) to 2
2026-04-28 23:05:31.601 9 INFO neutron.wsgi [None req-760eac8e-41a0-455a-9e4a-eed51a423e07 49647566f8344212900b0d9c75594dfa fbaf295fef794a3186a0edb979076ccd - - - -] 199.204.45.49,10.0.0.28 "PUT /v2.0/ports/8837da89-1c1c-4436-a0d3-06a850e8b21b HTTP/1.1" status: 200 len: 1318 time: 0.5517049 /var/lib/openstack/lib/python3.10/site-packages/pycadf/identifier.py:71: UserWarning: Invalid uuid: unknown. To ensure interoperability, identifiers should be a valid uuid. warnings.warn(('Invalid uuid: %s. To ensure interoperability, '
2026-04-28 23:05:33.272 9 INFO neutron.wsgi [None req-369f794f-836e-48d3-bb93-6751279f3f2f 49647566f8344212900b0d9c75594dfa fbaf295fef794a3186a0edb979076ccd - - default default] 199.204.45.49,10.0.0.28 "GET /v2.0/ports HTTP/1.1" status: 200 len: 3463 time: 0.0617297
2026-04-28 23:05:34.247 9 INFO neutron.wsgi [None req-931aea43-8bfb-4db2-a54b-0379317de8ca 49647566f8344212900b0d9c75594dfa fbaf295fef794a3186a0edb979076ccd - - default default] 199.204.45.49,10.0.0.28 "GET /v2.0/security-groups?tenant_id=fbaf295fef794a3186a0edb979076ccd HTTP/1.1" status: 200 len: 7421 time: 0.0687685
2026-04-28 23:05:34.355 9 INFO neutron.db.ovn_revision_numbers_db [None req-6b15bf3e-689a-440c-8561-308f04b852b0 49647566f8344212900b0d9c75594dfa fbaf295fef794a3186a0edb979076ccd - - - -] Successfully bumped revision number for resource fb6cefcc-ed7e-4855-8562-46043c96532c (type: security_groups) to 1
2026-04-28 23:05:34.376 9 INFO neutron.wsgi [None req-6b15bf3e-689a-440c-8561-308f04b852b0 49647566f8344212900b0d9c75594dfa fbaf295fef794a3186a0edb979076ccd - - - -] 199.204.45.49,10.0.0.28 "POST /v2.0/security-groups HTTP/1.1" status: 201 len: 1727 time: 0.1190803
2026-04-28 23:05:35.275 9 INFO neutron.wsgi [None req-f4cd977b-ee76-4950-b0a6-600c9f9c6d47 49647566f8344212900b0d9c75594dfa fbaf295fef794a3186a0edb979076ccd - - default default] 199.204.45.49,10.0.0.28 "GET /v2.0/security-groups?tenant_id=fbaf295fef794a3186a0edb979076ccd HTTP/1.1" status: 200 len: 8949 time: 0.0767386
2026-04-28 23:05:35.373 9 INFO neutron.wsgi [None req-10bd451d-327d-471e-9585-798f1eef053a 49647566f8344212900b0d9c75594dfa fbaf295fef794a3186a0edb979076ccd - - default default] 199.204.45.49,10.0.0.28 "GET /v2.0/security-groups HTTP/1.1" status: 200 len: 8949 time: 0.0875716
2026-04-28 23:05:35.478 9 INFO neutron.db.ovn_revision_numbers_db [None req-16e5f0f9-9b84-40e5-ad06-da81f40a57de 49647566f8344212900b0d9c75594dfa fbaf295fef794a3186a0edb979076ccd - - - -] Successfully bumped revision number for resource 2f90b0c7-4688-49b7-9752-a58360c12288 (type: security_group_rules) to 0
2026-04-28 23:05:35.498 9 INFO neutron.wsgi [None req-16e5f0f9-9b84-40e5-ad06-da81f40a57de 49647566f8344212900b0d9c75594dfa fbaf295fef794a3186a0edb979076ccd - - - -] 199.204.45.49,10.0.0.28 "POST /v2.0/security-group-rules HTTP/1.1" status: 201 len: 771 time: 0.1131256
2026-04-28 23:05:35.682 10 INFO neutron.wsgi [-] 10.0.0.28 "GET / HTTP/1.1" status: 200 len: 246 time: 0.0024478
2026-04-28 23:05:35.683 9 INFO neutron.wsgi [-] 10.0.0.28 "GET / HTTP/1.1" status: 200 len: 246 time: 0.0025444
2026-04-28 23:05:36.314 9 INFO neutron.wsgi [None req-b80ba807-2685-432b-ada7-14e0c7784ee7 49647566f8344212900b0d9c75594dfa fbaf295fef794a3186a0edb979076ccd - - default default] 199.204.45.49,10.0.0.28 "GET /v2.0/security-groups?tenant_id=fbaf295fef794a3186a0edb979076ccd HTTP/1.1" status: 200 len: 9553 time: 0.0849049
2026-04-28 23:05:36.370 9 INFO neutron.wsgi [None req-f6c081f1-3ff0-4772-9ae6-1db7fbc4143e 49647566f8344212900b0d9c75594dfa fbaf295fef794a3186a0edb979076ccd - - default default] 199.204.45.49,10.0.0.28 "GET /v2.0/security-groups HTTP/1.1" status: 200 len: 9553 time: 0.0456913
2026-04-28 23:05:36.472 9 INFO neutron.db.ovn_revision_numbers_db [None req-e2c49e0c-6975-4242-ac9d-ba26dce9b090 49647566f8344212900b0d9c75594dfa fbaf295fef794a3186a0edb979076ccd - - - -] Successfully bumped revision number for resource 05629d7a-b985-471d-84d0-a08387fd4b51 (type: security_group_rules) to 0
2026-04-28 23:05:36.495 9 INFO neutron.wsgi [None req-e2c49e0c-6975-4242-ac9d-ba26dce9b090 49647566f8344212900b0d9c75594dfa fbaf295fef794a3186a0edb979076ccd - - - -] 199.204.45.49,10.0.0.28 "POST /v2.0/security-group-rules HTTP/1.1" status: 201 len: 775 time: 0.1165161
2026-04-28 23:05:50.683 10 INFO neutron.wsgi [-] 10.0.0.28 "GET / HTTP/1.1" status: 200 len: 246 time: 0.0027649
2026-04-28 23:05:50.683 9 INFO neutron.wsgi [-] 10.0.0.28 "GET / HTTP/1.1" status: 200 len: 246 time: 0.0028217
2026-04-28 23:06:05.683 9 INFO neutron.wsgi [-] 10.0.0.28 "GET / HTTP/1.1" status: 200 len: 246 time: 0.0025740
2026-04-28 23:06:05.685 10 INFO neutron.wsgi [-] 10.0.0.28 "GET / HTTP/1.1" status: 200 len: 246 time: 0.0033009
2026-04-28 23:06:20.682 10 INFO neutron.wsgi [-] 10.0.0.28 "GET / HTTP/1.1" status: 200 len: 246 time: 0.0017645
2026-04-28 23:06:20.684 10 INFO neutron.wsgi [-] 10.0.0.28 "GET / HTTP/1.1" status: 200 len: 246 time: 0.0012555
2026-04-28 23:06:35.499 10 INFO neutron.wsgi [None req-1de63f1d-60a8-4e1b-8630-8c942c91933e 49647566f8344212900b0d9c75594dfa fbaf295fef794a3186a0edb979076ccd - - default default] 199.204.45.49,10.0.0.28 "GET /v2.0/quotas/fbaf295fef794a3186a0edb979076ccd HTTP/1.1" status: 200 len: 362 time: 0.0153465
2026-04-28 23:06:35.682 9 INFO neutron.wsgi [-] 10.0.0.28 "GET / HTTP/1.1" status: 200 len: 246 time: 0.0016851
2026-04-28 23:06:35.683 10 INFO neutron.wsgi [-] 10.0.0.28 "GET / HTTP/1.1" status: 200 len: 246 time: 0.0025754 /var/lib/openstack/lib/python3.10/site-packages/neutron/extensions/quotasv2.py:140: UserWarning: Neutron quota engine will require "--force" parameter to set a quota limit without checking the resource usage. warnings.warn('Neutron quota engine will require "--force" '
2026-04-28 23:06:35.848 10 INFO neutron.wsgi [None req-70ca538b-c51e-4243-bfb2-dbfc405bacd3 49647566f8344212900b0d9c75594dfa fbaf295fef794a3186a0edb979076ccd - - default default] 199.204.45.49,10.0.0.28 "PUT /v2.0/quotas/fbaf295fef794a3186a0edb979076ccd HTTP/1.1" status: 200 len: 361 time: 0.0279202
2026-04-28 23:06:36.108 10 INFO neutron.wsgi [None req-b47947d9-e6dd-4b1a-be01-01057a87c400 49647566f8344212900b0d9c75594dfa fbaf295fef794a3186a0edb979076ccd - - default default] 199.204.45.49,10.0.0.28 "GET /v2.0/quotas/fbaf295fef794a3186a0edb979076ccd HTTP/1.1" status: 200 len: 361 time: 0.0115983
2026-04-28 23:06:50.681 9 INFO neutron.wsgi [-] 10.0.0.28 "GET / HTTP/1.1" status: 200 len: 246 time: 0.0012412
2026-04-28 23:06:50.681 10 INFO neutron.wsgi [-] 10.0.0.28 "GET / HTTP/1.1" status: 200 len: 246 time: 0.0013723
2026-04-28 23:07:05.684 9 INFO neutron.wsgi [-] 10.0.0.28 "GET / HTTP/1.1" status: 200 len: 246 time: 0.0031555
2026-04-28 23:07:05.686 9 INFO neutron.wsgi [-] 10.0.0.28 "GET / HTTP/1.1" status: 200 len: 246 time: 0.0013888
2026-04-28 23:07:20.682 9 INFO neutron.wsgi [-] 10.0.0.28 "GET / HTTP/1.1" status: 200 len: 246 time: 0.0025010
2026-04-28 23:07:20.683 10 INFO neutron.wsgi [-] 10.0.0.28 "GET / HTTP/1.1" status: 200 len: 246 time: 0.0027556
2026-04-28 23:07:35.684 9 INFO neutron.wsgi [-] 10.0.0.28 "GET / HTTP/1.1" status: 200 len: 246 time: 0.0036299
2026-04-28 23:07:35.687 9 INFO neutron.wsgi [-] 10.0.0.28 "GET / HTTP/1.1" status: 200 len: 246 time: 0.0019970
2026-04-28 23:07:50.683 10 INFO neutron.wsgi [-] 10.0.0.28 "GET / HTTP/1.1" status: 200 len: 246 time: 0.0023723
2026-04-28 23:07:50.683 9 INFO neutron.wsgi [-] 10.0.0.28 "GET / HTTP/1.1" status: 200 len: 246 time: 0.0026326
2026-04-28 23:08:05.687 10 INFO neutron.wsgi [-] 10.0.0.28 "GET / HTTP/1.1" status: 200 len: 246 time: 0.0044029
2026-04-28 23:08:05.691 10 INFO neutron.wsgi [-] 10.0.0.28 "GET / HTTP/1.1" status: 200 len: 246 time: 0.0025864
2026-04-28 23:08:20.688 10 INFO neutron.wsgi [-] 10.0.0.28 "GET / HTTP/1.1" status: 200 len: 246 time: 0.0011969
2026-04-28 23:08:20.691 10 INFO neutron.wsgi [-] 10.0.0.28 "GET / HTTP/1.1" status: 200 len: 246 time: 0.0022905
2026-04-28 23:08:26.832 15 INFO neutron.db.ovn_revision_numbers_db [None req-3f5b222d-13b2-411f-9464-59ade3b8f146 - - - - - -] Successfully bumped revision number for resource 1195a90d-962d-41d2-b3bd-6ee9cdcb96b2 (type: networks) to 2
2026-04-28 23:08:26.875 15 INFO neutron.db.ovn_revision_numbers_db [None req-3f5b222d-13b2-411f-9464-59ade3b8f146 - - - - - -] Successfully bumped revision number for resource ab32b3b2-febd-4bdc-951e-4f8b883a2198 (type: security_groups) to 6
2026-04-28 23:08:26.912 15 INFO neutron.db.ovn_revision_numbers_db [None req-3f5b222d-13b2-411f-9464-59ade3b8f146 - - - - - -] Successfully bumped revision number for resource fb6cefcc-ed7e-4855-8562-46043c96532c (type: security_groups) to 3
2026-04-28 23:08:27.078 15 INFO neutron.db.ovn_revision_numbers_db [None req-3f5b222d-13b2-411f-9464-59ade3b8f146 - - - - - -] Successfully bumped revision number for resource 8837da89-1c1c-4436-a0d3-06a850e8b21b (type: ports) to 3
2026-04-28 23:08:27.079 15 INFO neutron.plugins.ml2.drivers.ovn.mech_driver.ovsdb.maintenance [None req-3f5b222d-13b2-411f-9464-59ade3b8f146 - - - - - -] Maintenance task: Synchronization finished (took 0.33 seconds) /var/lib/openstack/lib/python3.10/site-packages/pycadf/identifier.py:71: UserWarning: Invalid uuid: neutron. To ensure interoperability, identifiers should be a valid uuid. warnings.warn(('Invalid uuid: %s. To ensure interoperability, '
2026-04-28 23:08:35.365 10 INFO neutron.pecan_wsgi.hooks.translation [None req-2b14763d-13f3-4352-8197-c4493dec6129 49647566f8344212900b0d9c75594dfa fbaf295fef794a3186a0edb979076ccd - - default default] GET failed (client error): The resource could not be found.
2026-04-28 23:08:35.367 10 INFO neutron.wsgi [None req-2b14763d-13f3-4352-8197-c4493dec6129 49647566f8344212900b0d9c75594dfa fbaf295fef794a3186a0edb979076ccd - - default default] 199.204.45.49 "GET /v2.0/ports/octavia-health-manager-port-instance HTTP/1.1" status: 404 len: 338 time: 0.1330683
2026-04-28 23:08:35.434 10 INFO neutron.wsgi [None req-7b5c0720-c877-458b-bc22-4fd29a164280 49647566f8344212900b0d9c75594dfa fbaf295fef794a3186a0edb979076ccd - - default default] 199.204.45.49 "GET /v2.0/ports?name=octavia-health-manager-port-instance HTTP/1.1" status: 200 len: 1373 time: 0.0595806
2026-04-28 23:08:35.683 9 INFO neutron.wsgi [-] 10.0.0.28 "GET / HTTP/1.1" status: 200 len: 246 time: 0.0023687
2026-04-28 23:08:35.689 9 INFO neutron.wsgi [-] 10.0.0.28 "GET / HTTP/1.1" status: 200 len: 246 time: 0.0051541
2026-04-28 23:08:37.272 10 INFO neutron.pecan_wsgi.hooks.translation [None req-24b9e5ba-9b24-4953-a317-5586a0be6f9b 49647566f8344212900b0d9c75594dfa fbaf295fef794a3186a0edb979076ccd - - default default] GET failed (client error): The resource could not be found.
2026-04-28 23:08:37.274 10 INFO neutron.wsgi [None req-24b9e5ba-9b24-4953-a317-5586a0be6f9b 49647566f8344212900b0d9c75594dfa fbaf295fef794a3186a0edb979076ccd - - default default] 199.204.45.49 "GET /v2.0/ports/octavia-health-manager-port-instance HTTP/1.1" status: 404 len: 338 time: 0.2085268
2026-04-28 23:08:37.306 10 INFO neutron.wsgi [None req-0f957a35-f041-4582-917a-2ff4921d1d59 49647566f8344212900b0d9c75594dfa fbaf295fef794a3186a0edb979076ccd - - default default] 199.204.45.49 "GET /v2.0/ports?name=octavia-health-manager-port-instance HTTP/1.1" status: 200 len: 1373 time: 0.0268881
2026-04-28 23:08:38.331 9 INFO neutron.plugins.ml2.drivers.ovn.mech_driver.mech_driver [-] OVN reports status up for port: 8837da89-1c1c-4436-a0d3-06a850e8b21b
2026-04-28 23:08:38.356 9 INFO neutron.plugins.ml2.plugin [None req-2a68c9da-2f29-495c-b3e5-4be7c2cc46c4 - - - - - -] Attempt 1 to provision port 8837da89-1c1c-4436-a0d3-06a850e8b21b
2026-04-28 23:08:38.618 9 INFO neutron.db.ovn_revision_numbers_db [None req-2a68c9da-2f29-495c-b3e5-4be7c2cc46c4 - - - - - -] Successfully bumped revision number for resource 8837da89-1c1c-4436-a0d3-06a850e8b21b (type: ports) to 4
2026-04-28 23:08:50.682 10 INFO neutron.wsgi [-] 10.0.0.28 "GET / HTTP/1.1" status: 200 len: 246 time: 0.0020075
2026-04-28 23:08:50.683 9 INFO neutron.wsgi [-] 10.0.0.28 "GET / HTTP/1.1" status: 200 len: 246 time: 0.0026307
2026-04-28 23:09:05.682 10 INFO neutron.wsgi [-] 10.0.0.28 "GET / HTTP/1.1" status: 200 len: 246 time: 0.0015273
2026-04-28 23:09:05.684 9 INFO neutron.wsgi [-] 10.0.0.28 "GET / HTTP/1.1" status: 200 len: 246 time: 0.0027480
2026-04-28 23:09:20.684 9 INFO neutron.wsgi [-] 10.0.0.28 "GET / HTTP/1.1" status: 200 len: 246 time: 0.0023882
2026-04-28 23:09:20.689 9 INFO neutron.wsgi [-] 10.0.0.28 "GET / HTTP/1.1" status: 200 len: 246 time: 0.0036681
2026-04-28 23:09:35.684 9 INFO neutron.wsgi [-] 10.0.0.28 "GET / HTTP/1.1" status: 200 len: 246 time: 0.0026236
2026-04-28 23:09:35.685 10 INFO neutron.wsgi [-] 10.0.0.28 "GET / HTTP/1.1" status: 200 len: 246 time: 0.0041440
2026-04-28 23:09:50.682 10 INFO neutron.wsgi [-] 10.0.0.28 "GET / HTTP/1.1" status: 200 len: 246 time: 0.0024259
2026-04-28 23:09:50.683 9 INFO neutron.wsgi [-] 10.0.0.28 "GET / HTTP/1.1" status: 200 len: 246 time: 0.0032098
2026-04-28 23:10:05.683 10 INFO neutron.wsgi [-] 10.0.0.28 "GET / HTTP/1.1" status: 200 len: 246 time: 0.0026491
2026-04-28 23:10:05.688 9 INFO neutron.wsgi [-] 10.0.0.28 "GET / HTTP/1.1" status: 200 len: 246 time: 0.0027807
2026-04-28 23:10:20.683 10 INFO neutron.wsgi [-] 10.0.0.28 "GET / HTTP/1.1" status: 200 len: 246 time: 0.0029278
2026-04-28 23:10:20.684 9 INFO neutron.wsgi [-] 10.0.0.28 "GET / HTTP/1.1" status: 200 len: 246 time: 0.0034525
2026-04-28 23:10:35.683 10 INFO neutron.wsgi [-] 10.0.0.28 "GET / HTTP/1.1" status: 200 len: 246 time: 0.0024559
2026-04-28 23:10:35.686 10 INFO neutron.wsgi [-] 10.0.0.28 "GET / HTTP/1.1" status: 200 len: 246 time: 0.0020301
2026-04-28 23:10:50.682 9 INFO neutron.wsgi [-] 10.0.0.28 "GET / HTTP/1.1" status: 200 len: 246 time: 0.0018611
2026-04-28 23:10:50.684 10 INFO neutron.wsgi [-] 10.0.0.28 "GET / HTTP/1.1" status: 200 len: 246 time: 0.0035946
2026-04-28 23:11:05.683 9 INFO neutron.wsgi [-] 10.0.0.28 "GET / HTTP/1.1" status: 200 len: 246 time: 0.0025213
2026-04-28 23:11:05.684 10 INFO neutron.wsgi [-] 10.0.0.28 "GET / HTTP/1.1" status: 200 len: 246 time: 0.0033300
2026-04-28 23:11:20.682 10 INFO neutron.wsgi [-] 10.0.0.28 "GET / HTTP/1.1" status: 200 len: 246 time: 0.0016351
2026-04-28 23:11:20.682 9 INFO neutron.wsgi [-] 10.0.0.28 "GET / HTTP/1.1" status: 200 len: 246 time: 0.0016930
2026-04-28 23:11:35.682 10 INFO neutron.wsgi [-] 10.0.0.28 "GET / HTTP/1.1" status: 200 len: 246 time: 0.0024941
2026-04-28 23:11:35.686 10 INFO neutron.wsgi [-] 10.0.0.28 "GET / HTTP/1.1" status: 200 len: 246 time: 0.0024557
2026-04-28 23:11:50.682 9 INFO neutron.wsgi [-] 10.0.0.28 "GET / HTTP/1.1" status: 200 len: 246 time: 0.0024185
2026-04-28 23:11:50.683 10 INFO neutron.wsgi [-] 10.0.0.28 "GET / HTTP/1.1" status: 200 len: 246 time: 0.0030367
2026-04-28 23:12:05.682 10 INFO neutron.wsgi [-] 10.0.0.28 "GET / HTTP/1.1" status: 200 len: 246 time: 0.0023515
2026-04-28 23:12:05.683 9 INFO neutron.wsgi [-] 10.0.0.28 "GET / HTTP/1.1" status: 200 len: 246 time: 0.0029192
2026-04-28 23:12:20.682 9 INFO neutron.wsgi [-] 10.0.0.28 "GET / HTTP/1.1" status: 200 len: 246 time: 0.0022945
2026-04-28 23:12:20.683 10 INFO neutron.wsgi [-] 10.0.0.28 "GET / HTTP/1.1" status: 200 len: 246 time: 0.0030193
2026-04-28 23:12:35.685 10 INFO neutron.wsgi [-] 10.0.0.28 "GET / HTTP/1.1" status: 200 len: 246 time: 0.0046780
2026-04-28 23:12:35.687 10 INFO neutron.wsgi [-] 10.0.0.28 "GET / HTTP/1.1" status: 200 len: 246 time: 0.0013959
2026-04-28 23:12:50.682 10 INFO neutron.wsgi [-] 10.0.0.28 "GET / HTTP/1.1" status: 200 len: 246 time: 0.0015433
2026-04-28 23:12:50.684 9 INFO neutron.wsgi [-] 10.0.0.28 "GET / HTTP/1.1" status: 200 len: 246 time: 0.0032208
2026-04-28 23:13:05.683 9 INFO neutron.wsgi [-] 10.0.0.28 "GET / HTTP/1.1" status: 200 len: 246 time: 0.0023367
2026-04-28 23:13:05.686 9 INFO neutron.wsgi [-] 10.0.0.28 "GET / HTTP/1.1" status: 200 len: 246 time: 0.0020659
2026-04-28 23:13:20.683 9 INFO neutron.wsgi [-] 10.0.0.28 "GET / HTTP/1.1" status: 200 len: 246 time: 0.0023429
2026-04-28 23:13:20.683 10 INFO neutron.wsgi [-] 10.0.0.28 "GET / HTTP/1.1" status: 200 len: 246 time: 0.0030203
2026-04-28 23:13:35.682 10 INFO neutron.wsgi [-] 10.0.0.28 "GET / HTTP/1.1" status: 200 len: 246 time: 0.0024571
2026-04-28 23:13:35.683 9 INFO neutron.wsgi [-] 10.0.0.28 "GET / HTTP/1.1" status: 200 len: 246 time: 0.0033104
2026-04-28 23:13:50.685 9 INFO neutron.wsgi [-] 10.0.0.28 "GET / HTTP/1.1" status: 200 len: 246 time: 0.0016754
2026-04-28 23:13:50.686 10 INFO neutron.wsgi [-] 10.0.0.28 "GET / HTTP/1.1" status: 200 len: 246 time: 0.0024064
2026-04-28 23:14:05.683 10 INFO neutron.wsgi [-] 10.0.0.28 "GET / HTTP/1.1" status: 200 len: 246 time: 0.0032194
2026-04-28 23:14:05.687 10 INFO neutron.wsgi [-] 10.0.0.28 "GET / HTTP/1.1" status: 200 len: 246 time: 0.0022361
2026-04-28 23:14:20.681 9 INFO neutron.wsgi [-] 10.0.0.28 "GET / HTTP/1.1" status: 200 len: 246 time: 0.0015993
2026-04-28 23:14:20.683 10 INFO neutron.wsgi [-] 10.0.0.28 "GET / HTTP/1.1" status: 200 len: 246 time: 0.0026073 /var/lib/openstack/lib/python3.10/site-packages/pycadf/identifier.py:71: UserWarning: Invalid uuid: unknown. To ensure interoperability, identifiers should be a valid uuid. warnings.warn(('Invalid uuid: %s. To ensure interoperability, '
2026-04-28 23:14:21.762 9 INFO neutron.db.ovn_revision_numbers_db [None req-1097385f-e573-4312-9c67-6d48e859beef 49647566f8344212900b0d9c75594dfa fbaf295fef794a3186a0edb979076ccd - - default default] Successfully bumped revision number for resource 223ed5af-bcb6-4018-99c0-f709a35d8dd0 (type: security_groups) to 1
2026-04-28 23:14:21.783 9 INFO neutron.wsgi [None req-1097385f-e573-4312-9c67-6d48e859beef 49647566f8344212900b0d9c75594dfa fbaf295fef794a3186a0edb979076ccd - - default default] 199.204.45.49,10.0.0.28 "GET /v2.0/security-groups?tenant_id=9b9e194969dc400b9b6ea9ac672ef246 HTTP/1.1" status: 200 len: 2973 time: 0.2294450
2026-04-28 23:14:21.886 9 INFO neutron.db.ovn_revision_numbers_db [None req-a11e2483-4d90-47cd-a719-d776f61d79b1 49647566f8344212900b0d9c75594dfa fbaf295fef794a3186a0edb979076ccd - - - -] Successfully bumped revision number for resource 94e0fd0d-c05f-415b-b723-8524395913d9 (type: security_groups) to 1
2026-04-28 23:14:21.904 9 INFO neutron.wsgi [None req-a11e2483-4d90-47cd-a719-d776f61d79b1 49647566f8344212900b0d9c75594dfa fbaf295fef794a3186a0edb979076ccd - - - -] 199.204.45.49,10.0.0.28 "POST /v2.0/security-groups HTTP/1.1" status: 201 len: 1741 time: 0.1122205
2026-04-28 23:14:22.784 9 INFO neutron.wsgi [None req-94090287-ba87-4270-a319-a3766fa6bfcd 49647566f8344212900b0d9c75594dfa fbaf295fef794a3186a0edb979076ccd - - default default] 199.204.45.49,10.0.0.28 "GET /v2.0/security-groups?tenant_id=9b9e194969dc400b9b6ea9ac672ef246 HTTP/1.1" status: 200 len: 4515 time: 0.0727837
2026-04-28 23:14:22.846 9 INFO neutron.wsgi [None req-171570a6-a53a-4426-87dc-9e9aff29c5b2 49647566f8344212900b0d9c75594dfa fbaf295fef794a3186a0edb979076ccd - - default default] 199.204.45.49,10.0.0.28 "GET /v2.0/security-groups HTTP/1.1" status: 200 len: 14480 time: 0.0513973
2026-04-28 23:14:22.957 9 INFO neutron.db.ovn_revision_numbers_db [None req-6d9139c3-f0ac-4511-ba35-3b8006577d0a 49647566f8344212900b0d9c75594dfa fbaf295fef794a3186a0edb979076ccd - - - -] Successfully bumped revision number for resource c5e66a60-0d34-4b4f-8fab-a07f59e58c14 (type: security_group_rules) to 0
2026-04-28 23:14:22.986 9 INFO neutron.wsgi [None req-6d9139c3-f0ac-4511-ba35-3b8006577d0a 49647566f8344212900b0d9c75594dfa fbaf295fef794a3186a0edb979076ccd - - - -] 199.204.45.49,10.0.0.28 "POST /v2.0/security-group-rules HTTP/1.1" status: 201 len: 745 time: 0.1283433
2026-04-28 23:14:23.833 10 INFO neutron.wsgi [None req-06bf8bb8-287b-4a23-aa9c-6a06591672c2 49647566f8344212900b0d9c75594dfa fbaf295fef794a3186a0edb979076ccd - - default default] 199.204.45.49,10.0.0.28 "GET /v2.0/security-groups?tenant_id=9b9e194969dc400b9b6ea9ac672ef246 HTTP/1.1" status: 200 len: 5093 time: 0.0841670
2026-04-28 23:14:23.897 10 INFO neutron.wsgi [None req-7c112ec8-4b73-46cc-b244-d663583b1f90 49647566f8344212900b0d9c75594dfa fbaf295fef794a3186a0edb979076ccd - - default default] 199.204.45.49,10.0.0.28 "GET /v2.0/security-groups HTTP/1.1" status: 200 len: 15058 time: 0.0570133
2026-04-28 23:14:24.027 10 INFO neutron.db.ovn_revision_numbers_db [None req-1ae01de2-4046-4622-b293-831d97801c9a 49647566f8344212900b0d9c75594dfa fbaf295fef794a3186a0edb979076ccd - - - -] Successfully bumped revision number for resource b2337411-e052-4673-a6f8-07ceb7254d32 (type: security_group_rules) to 0
2026-04-28 23:14:24.056 10 INFO neutron.wsgi [None req-1ae01de2-4046-4622-b293-831d97801c9a 49647566f8344212900b0d9c75594dfa fbaf295fef794a3186a0edb979076ccd - - - -] 199.204.45.49,10.0.0.28 "POST /v2.0/security-group-rules HTTP/1.1" status: 201 len: 747 time: 0.1467979
2026-04-28 23:14:24.917 10 INFO neutron.wsgi [None req-3b9e2976-fcc6-4be3-8e01-f800723e3622 49647566f8344212900b0d9c75594dfa fbaf295fef794a3186a0edb979076ccd - - default default] 199.204.45.49,10.0.0.28 "GET /v2.0/security-groups?tenant_id=9b9e194969dc400b9b6ea9ac672ef246 HTTP/1.1" status: 200 len: 5673 time: 0.0694180
2026-04-28 23:14:24.982 10 INFO neutron.wsgi [None req-f5cb6e0e-fcab-485b-a9ac-89c0750d33a6 49647566f8344212900b0d9c75594dfa fbaf295fef794a3186a0edb979076ccd - - default default] 199.204.45.49,10.0.0.28 "GET /v2.0/security-groups HTTP/1.1" status: 200 len: 15638 time: 0.0567861
2026-04-28 23:14:25.096 10 INFO neutron.db.ovn_revision_numbers_db [None req-aab8b5e0-1e46-4f5a-9cf4-82cb77eea073 49647566f8344212900b0d9c75594dfa fbaf295fef794a3186a0edb979076ccd - - - -] Successfully bumped revision number for resource 992361af-e726-4bf5-b79d-fb88439189c4 (type: security_group_rules) to 0
2026-04-28 23:14:25.119 10 INFO neutron.wsgi [None req-aab8b5e0-1e46-4f5a-9cf4-82cb77eea073 49647566f8344212900b0d9c75594dfa fbaf295fef794a3186a0edb979076ccd - - - -] 199.204.45.49,10.0.0.28 "POST /v2.0/security-group-rules HTTP/1.1" status: 201 len: 749 time: 0.1244507
2026-04-28 23:14:25.998 9 INFO neutron.wsgi [None req-d64d8997-56e9-498d-bcd2-8aeba221d522 49647566f8344212900b0d9c75594dfa fbaf295fef794a3186a0edb979076ccd - - default default] 199.204.45.49,10.0.0.28 "GET /v2.0/security-groups?tenant_id=9b9e194969dc400b9b6ea9ac672ef246 HTTP/1.1" status: 200 len: 6255 time: 0.0688639
2026-04-28 23:14:26.063 9 INFO neutron.wsgi [None req-f1984cad-95ff-4ed0-8d35-cb09589170a4 49647566f8344212900b0d9c75594dfa fbaf295fef794a3186a0edb979076ccd - - default default] 199.204.45.49,10.0.0.28 "GET /v2.0/security-groups HTTP/1.1" status: 200 len: 16220 time: 0.0561471
2026-04-28 23:14:26.177 9 INFO neutron.db.ovn_revision_numbers_db [None req-a56b9187-6e1d-4b28-89d3-8ea5a395f42e 49647566f8344212900b0d9c75594dfa fbaf295fef794a3186a0edb979076ccd - - - -] Successfully bumped revision number for resource 5acac7ab-e5af-4b80-9590-cf31d2fda527 (type: security_group_rules) to 0
2026-04-28 23:14:26.197 9 INFO neutron.wsgi [None req-a56b9187-6e1d-4b28-89d3-8ea5a395f42e 49647566f8344212900b0d9c75594dfa fbaf295fef794a3186a0edb979076ccd - - - -] 199.204.45.49,10.0.0.28 "POST /v2.0/security-group-rules HTTP/1.1" status: 201 len: 750 time: 0.1203141
2026-04-28 23:14:35.683 10 INFO neutron.wsgi [-] 10.0.0.28 "GET / HTTP/1.1" status: 200 len: 246 time: 0.0017631
2026-04-28 23:14:35.684 9 INFO neutron.wsgi [-] 10.0.0.28 "GET / HTTP/1.1" status: 200 len: 246 time: 0.0027115
2026-04-28 23:14:50.682 10 INFO neutron.wsgi [-] 10.0.0.28 "GET / HTTP/1.1" status: 200 len: 246 time: 0.0025074
2026-04-28 23:14:50.684 9 INFO neutron.wsgi [-] 10.0.0.28 "GET / HTTP/1.1" status: 200 len: 246 time: 0.0039003
2026-04-28 23:15:05.683 10 INFO neutron.wsgi [-] 10.0.0.28 "GET / HTTP/1.1" status: 200 len: 246 time: 0.0025070
2026-04-28 23:15:05.684 9 INFO neutron.wsgi [-] 10.0.0.28 "GET / HTTP/1.1" status: 200 len: 246 time: 0.0030808
2026-04-28 23:15:20.685 9 INFO neutron.wsgi [-] 10.0.0.28 "GET / HTTP/1.1" status: 200 len: 246 time: 0.0031059
2026-04-28 23:15:20.690 9 INFO neutron.wsgi [-] 10.0.0.28 "GET / HTTP/1.1" status: 200 len: 246 time: 0.0050476
2026-04-28 23:15:35.682 9 INFO neutron.wsgi [-] 10.0.0.28 "GET / HTTP/1.1" status: 200 len: 246 time: 0.0016260
2026-04-28 23:15:35.684 10 INFO neutron.wsgi [-] 10.0.0.28 "GET / HTTP/1.1" status: 200 len: 246 time: 0.0038154
2026-04-28 23:15:50.682 10 INFO neutron.wsgi [-] 10.0.0.28 "GET / HTTP/1.1" status: 200 len: 246 time: 0.0017824
2026-04-28 23:15:50.683 9 INFO neutron.wsgi [-] 10.0.0.28 "GET / HTTP/1.1" status: 200 len: 246 time: 0.0024180
2026-04-28 23:16:05.683 9 INFO neutron.wsgi [-] 10.0.0.28 "GET / HTTP/1.1" status: 200 len: 246 time: 0.0024679
2026-04-28 23:16:05.683 10 INFO neutron.wsgi [-] 10.0.0.28 "GET / HTTP/1.1" status: 200 len: 246 time: 0.0023632
2026-04-28 23:16:20.682 9 INFO neutron.wsgi [-] 10.0.0.28 "GET / HTTP/1.1" status: 200 len: 246 time: 0.0013289
2026-04-28 23:16:20.693 10 INFO neutron.wsgi [-] 10.0.0.28 "GET / HTTP/1.1" status: 200 len: 246 time: 0.0062187 /var/lib/openstack/lib/python3.10/site-packages/pycadf/identifier.py:71: UserWarning: Invalid uuid: neutron. To ensure interoperability, identifiers should be a valid uuid. warnings.warn(('Invalid uuid: %s. To ensure interoperability, '
2026-04-28 23:16:23.365 9 INFO neutron.wsgi [None req-3967590e-5a0d-4449-8d88-53b5bb101fe0 118cb11fec3c4d228f42d2a525b48742 9b9e194969dc400b9b6ea9ac672ef246 - - 6c1c1657cc8b4fcbb584322d9dbe07ff 6c1c1657cc8b4fcbb584322d9dbe07ff] 199.204.45.49 "GET /v2.0/networks?tenant_id=9b9e194969dc400b9b6ea9ac672ef246&shared=False HTTP/1.1" status: 200 len: 213 time: 0.1407802
2026-04-28 23:16:23.449 9 INFO neutron.db.segments_db [None req-1a3b3d85-9dbd-44a6-b924-a4ac62a52e5f 118cb11fec3c4d228f42d2a525b48742 9b9e194969dc400b9b6ea9ac672ef246 - - - -] Added segment f59d5ea3-eeba-4ea8-8ced-f30bafd6df1d of type geneve for network 03f6d8e3-57b8-4938-a735-9b7ef1865c55
2026-04-28 23:16:23.595 9 INFO neutron.db.ovn_revision_numbers_db [None req-1a3b3d85-9dbd-44a6-b924-a4ac62a52e5f 118cb11fec3c4d228f42d2a525b48742 9b9e194969dc400b9b6ea9ac672ef246 - - - -] Successfully bumped revision number for resource 03f6d8e3-57b8-4938-a735-9b7ef1865c55 (type: networks) to 1
2026-04-28 23:16:23.771 9 WARNING neutron.scheduler.dhcp_agent_scheduler [None req-1a3b3d85-9dbd-44a6-b924-a4ac62a52e5f 118cb11fec3c4d228f42d2a525b48742 9b9e194969dc400b9b6ea9ac672ef246 - - - -] No more DHCP agents
2026-04-28 23:16:23.774 9 WARNING neutron.api.rpc.agentnotifiers.dhcp_rpc_agent_api [None req-1a3b3d85-9dbd-44a6-b924-a4ac62a52e5f 118cb11fec3c4d228f42d2a525b48742 9b9e194969dc400b9b6ea9ac672ef246 - - - -] Unable to schedule network 03f6d8e3-57b8-4938-a735-9b7ef1865c55: no agents available; will retry on subsequent port and subnet creation events.
2026-04-28 23:16:23.832 9 INFO neutron.db.ovn_revision_numbers_db [None req-1a3b3d85-9dbd-44a6-b924-a4ac62a52e5f 118cb11fec3c4d228f42d2a525b48742 9b9e194969dc400b9b6ea9ac672ef246 - - - -] Successfully bumped revision number for resource c6b5beac-5a2d-401d-8d8c-b2b71ca56ee2 (type: ports) to 1
2026-04-28 23:16:23.854 9 INFO neutron.wsgi [None req-1a3b3d85-9dbd-44a6-b924-a4ac62a52e5f 118cb11fec3c4d228f42d2a525b48742 9b9e194969dc400b9b6ea9ac672ef246 - - - -] 199.204.45.49 "POST /v2.0/networks HTTP/1.1" status: 201 len: 925 time: 0.4831958
2026-04-28 23:16:23.894 9 INFO neutron.wsgi [None req-5cd7844f-a7f0-4c90-ad65-52a895cd0411 118cb11fec3c4d228f42d2a525b48742 9b9e194969dc400b9b6ea9ac672ef246 - - 6c1c1657cc8b4fcbb584322d9dbe07ff 6c1c1657cc8b4fcbb584322d9dbe07ff] 199.204.45.49 "GET /v2.0/ports?device_id=manila-share&binding%3Ahost_id=instance HTTP/1.1" status: 200 len: 210 time: 0.0322332
2026-04-28 23:16:23.912 9 INFO neutron.wsgi [None req-fba50079-aa16-48bf-a30b-ca9d1f1b4c0b 118cb11fec3c4d228f42d2a525b48742 9b9e194969dc400b9b6ea9ac672ef246 - - 6c1c1657cc8b4fcbb584322d9dbe07ff 6c1c1657cc8b4fcbb584322d9dbe07ff] 199.204.45.49 "GET /v2.0/extensions HTTP/1.1" status: 200 len: 16525 time: 0.0098619
2026-04-28 23:16:24.188 9 WARNING neutron.scheduler.dhcp_agent_scheduler [None req-454522e7-ee73-425a-bf7a-31dfd5499161 118cb11fec3c4d228f42d2a525b48742 9b9e194969dc400b9b6ea9ac672ef246 - - - -] No more DHCP agents
2026-04-28 23:16:24.190 9 WARNING neutron.api.rpc.agentnotifiers.dhcp_rpc_agent_api [None req-454522e7-ee73-425a-bf7a-31dfd5499161 118cb11fec3c4d228f42d2a525b48742 9b9e194969dc400b9b6ea9ac672ef246 - - - -] Unable to schedule network 03f6d8e3-57b8-4938-a735-9b7ef1865c55: no agents available; will retry on subsequent port and subnet creation events.
2026-04-28 23:16:24.253 9 INFO neutron.db.ovn_revision_numbers_db [None req-454522e7-ee73-425a-bf7a-31dfd5499161 118cb11fec3c4d228f42d2a525b48742 9b9e194969dc400b9b6ea9ac672ef246 - - - -] Successfully bumped revision number for resource 03986090-6f8b-401b-baa5-458ef98c7758 (type: ports) to 1
2026-04-28 23:16:24.389 9 INFO neutron.db.ovn_revision_numbers_db [None req-454522e7-ee73-425a-bf7a-31dfd5499161 118cb11fec3c4d228f42d2a525b48742 9b9e194969dc400b9b6ea9ac672ef246 - - - -] Successfully bumped revision number for resource 03986090-6f8b-401b-baa5-458ef98c7758 (type: ports) to 1
2026-04-28 23:16:24.414 9 INFO neutron.wsgi [None req-454522e7-ee73-425a-bf7a-31dfd5499161 118cb11fec3c4d228f42d2a525b48742 9b9e194969dc400b9b6ea9ac672ef246 - - - -] 199.204.45.49 "POST /v2.0/ports HTTP/1.1" status: 201 len: 1096 time: 0.4958916
2026-04-28 23:16:24.463 9 INFO neutron.wsgi [None req-98c176d0-5a75-4ddd-9f29-74d131d4d038 118cb11fec3c4d228f42d2a525b48742 9b9e194969dc400b9b6ea9ac672ef246 - - 6c1c1657cc8b4fcbb584322d9dbe07ff 6c1c1657cc8b4fcbb584322d9dbe07ff] 199.204.45.49 "GET /v2.0/networks/03f6d8e3-57b8-4938-a735-9b7ef1865c55 HTTP/1.1" status: 200 len: 907 time: 0.0414047
2026-04-28 23:16:25.206 10 INFO neutron.plugins.ml2.drivers.ovn.mech_driver.mech_driver [-] OVN reports status up for port: 03986090-6f8b-401b-baa5-458ef98c7758
2026-04-28 23:16:25.218 10 INFO neutron.plugins.ml2.plugin [None req-6f2d7d0e-ecae-49ee-9bfa-78277e8a5813 - - - - - -] Attempt 1 to provision port 03986090-6f8b-401b-baa5-458ef98c7758
2026-04-28 23:16:25.463 10 INFO neutron.db.ovn_revision_numbers_db [None req-6f2d7d0e-ecae-49ee-9bfa-78277e8a5813 - - - - - -] Successfully bumped revision number for resource 03986090-6f8b-401b-baa5-458ef98c7758 (type: ports) to 3
2026-04-28 23:16:26.757 9 INFO neutron.wsgi [None req-601098ed-5701-43b2-9c96-2084ff3e9d4e 118cb11fec3c4d228f42d2a525b48742 9b9e194969dc400b9b6ea9ac672ef246 - - 6c1c1657cc8b4fcbb584322d9dbe07ff 6c1c1657cc8b4fcbb584322d9dbe07ff] 199.204.45.49 "GET /v2.0/ports?device_id=manila-share&binding%3Ahost_id=instance HTTP/1.1" status: 200 len: 1124 time: 0.0563066
2026-04-28 23:16:26.820 9 INFO neutron.wsgi [None req-8220c35d-30d6-4e16-9960-0de41571d2cd 118cb11fec3c4d228f42d2a525b48742 9b9e194969dc400b9b6ea9ac672ef246 - - 6c1c1657cc8b4fcbb584322d9dbe07ff 6c1c1657cc8b4fcbb584322d9dbe07ff] 199.204.45.49 "GET /v2.0/networks/03f6d8e3-57b8-4938-a735-9b7ef1865c55 HTTP/1.1" status: 200 len: 907 time: 0.0551336
2026-04-28 23:16:35.683 10 INFO neutron.wsgi [-] 10.0.0.28 "GET / HTTP/1.1" status: 200 len: 246 time: 0.0026114
2026-04-28 23:16:35.683 9 INFO neutron.wsgi [-] 10.0.0.28 "GET / HTTP/1.1" status: 200 len: 246 time: 0.0032115
2026-04-28 23:16:50.681 9 INFO neutron.wsgi [-] 10.0.0.28 "GET / HTTP/1.1" status: 200 len: 246 time: 0.0016382
2026-04-28 23:16:50.682 10 INFO neutron.wsgi [-] 10.0.0.28 "GET / HTTP/1.1" status: 200 len: 246 time: 0.0024004
2026-04-28 23:16:52.325 10 INFO neutron.wsgi [None req-1ee70c26-47d8-4846-8368-a6cd9d53a9ec 49647566f8344212900b0d9c75594dfa fbaf295fef794a3186a0edb979076ccd - - default default] 199.204.45.49,10.0.0.28 "GET /v2.0/quotas/9b9e194969dc400b9b6ea9ac672ef246 HTTP/1.1" status: 200 len: 362 time: 0.0169494
