2026-04-28 23:37:43.741 9 INFO neutron.wsgi [req-ceb9ae4c-939c-433b-8698-afb165ad50c7 req-01031fc1-812e-4c23-8324-ca163b6dc247 d15560b820ed4631bbf11309f1172a91 9b9e194969dc400b9b6ea9ac672ef246 - - 6c1c1657cc8b4fcbb584322d9dbe07ff 6c1c1657cc8b4fcbb584322d9dbe07ff] 199.204.45.49 "GET /v2.0/networks/349dd9e6-b76f-41e7-8e35-3436f695b7bd?fields=segments HTTP/1.1" status: 200 len: 212 time: 0.0816805
2026-04-28 23:37:43.879 10 INFO neutron.wsgi [req-ad871462-458b-44a9-b50e-6532b9c407ea req-fd9c5372-0e6b-4bee-8392-78724764e53f 93053d954fea4324b2a651412cde4968 240d3bfd22c74e148b93a8a2e9dc0315 - - default default] 199.204.45.49 "GET /v2.0/ports?device_id=ab7b1ea4-dc31-4b76-8a12-56b72f41c29f HTTP/1.1" status: 200 len: 1394 time: 0.0349782
2026-04-28 23:37:44.077 9 INFO neutron.wsgi [req-ceb9ae4c-939c-433b-8698-afb165ad50c7 req-8957ead9-7d7d-47e6-8235-9262dc0605e9 d15560b820ed4631bbf11309f1172a91 9b9e194969dc400b9b6ea9ac672ef246 - - 6c1c1657cc8b4fcbb584322d9dbe07ff 6c1c1657cc8b4fcbb584322d9dbe07ff] 199.204.45.49 "GET /v2.0/networks/349dd9e6-b76f-41e7-8e35-3436f695b7bd?fields=provider%3Aphysical_network&fields=provider%3Anetwork_type HTTP/1.1" status: 200 len: 277 time: 0.3289034
2026-04-28 23:37:44.135 9 INFO neutron.db.ovn_revision_numbers_db [None req-2a68c9da-2f29-495c-b3e5-4be7c2cc46c4 - - - - - -] Successfully bumped revision number for resource ff238bfe-5afc-4930-9a94-e3db2bf28bc4 (type: ports) to 5
2026-04-28 23:37:44.254 10 INFO neutron.wsgi [None req-6ef54148-f2e3-4207-be95-4e176a12a896 93053d954fea4324b2a651412cde4968 240d3bfd22c74e148b93a8a2e9dc0315 - - - -] 199.204.45.49 "DELETE /v2.0/ports/ff238bfe-5afc-4930-9a94-e3db2bf28bc4 HTTP/1.1" status: 204 len: 173 time: 0.3717954
2026-04-28 23:37:44.290 10 INFO neutron.notifiers.nova [-] Nova event matching ['req-f4efaa9f-9f46-4f36-b3ec-a25a72c4c513'] response: {'server_uuid': 'ab7b1ea4-dc31-4b76-8a12-56b72f41c29f', 'name': 'network-vif-deleted', 'tag': 'ff238bfe-5afc-4930-9a94-e3db2bf28bc4', 'status': 'completed', 'code': 200}
2026-04-28 23:37:45.391 9 INFO neutron.notifiers.nova [-] Nova event matching ['req-b932cc37-da7a-4af5-a26e-9ddec72de243'] response: {'server_uuid': 'ab7b1ea4-dc31-4b76-8a12-56b72f41c29f', 'name': 'network-vif-unplugged', 'status': 'completed', 'tag': 'ff238bfe-5afc-4930-9a94-e3db2bf28bc4', 'code': 200}
2026-04-28 23:37:45.391 9 INFO neutron.notifiers.nova [-] Nova event matching ['req-b932cc37-da7a-4af5-a26e-9ddec72de243'] response: {'server_uuid': 'ab7b1ea4-dc31-4b76-8a12-56b72f41c29f', 'name': 'network-vif-plugged', 'status': 'completed', 'tag': 'ff238bfe-5afc-4930-9a94-e3db2bf28bc4', 'code': 200}
2026-04-28 23:37:48.814 10 INFO neutron.wsgi [None req-387293e7-7b11-4d1d-a2ec-20e729fdb0fb 93053d954fea4324b2a651412cde4968 240d3bfd22c74e148b93a8a2e9dc0315 - - - -] 10.0.0.75 "DELETE /v2.0/security-group-rules/a4179238-bb46-4a16-aac4-8eb7cc801193 HTTP/1.1" status: 204 len: 168 time: 0.1159363
2026-04-28 23:37:48.833 10 INFO neutron.api.v2.resource [None req-f8f9d499-20a7-467b-9446-58b2c8a99cfb 93053d954fea4324b2a651412cde4968 240d3bfd22c74e148b93a8a2e9dc0315 - - default default] show failed (client error): The resource could not be found.
2026-04-28 23:37:48.835 10 INFO neutron.wsgi [None req-f8f9d499-20a7-467b-9446-58b2c8a99cfb 93053d954fea4324b2a651412cde4968 240d3bfd22c74e148b93a8a2e9dc0315 - - default default] 10.0.0.75 "GET /v2.0/security-group-rules/a4179238-bb46-4a16-aac4-8eb7cc801193 HTTP/1.1" status: 404 len: 356 time: 0.0150661
2026-04-28 23:37:48.926 10 INFO neutron.wsgi [None req-25dad7af-631e-458a-8c1a-a588afd903cd 93053d954fea4324b2a651412cde4968 240d3bfd22c74e148b93a8a2e9dc0315 - - - -] 10.0.0.75 "DELETE /v2.0/security-group-rules/f6c488ea-bb7e-40b8-ba23-3ac973bd575f HTTP/1.1" status: 204 len: 168 time: 0.0869131
2026-04-28 23:37:48.939 10 INFO neutron.api.v2.resource [None req-8af1ba6b-ca99-4807-973f-927a5d1a291e 93053d954fea4324b2a651412cde4968 240d3bfd22c74e148b93a8a2e9dc0315 - - default default] show failed (client error): The resource could not be found.
2026-04-28 23:37:48.940 10 INFO neutron.wsgi [None req-8af1ba6b-ca99-4807-973f-927a5d1a291e 93053d954fea4324b2a651412cde4968 240d3bfd22c74e148b93a8a2e9dc0315 - - default default] 10.0.0.75 "GET /v2.0/security-group-rules/f6c488ea-bb7e-40b8-ba23-3ac973bd575f HTTP/1.1" status: 404 len: 356 time: 0.0081308
2026-04-28 23:37:49.024 10 INFO neutron.wsgi [None req-6cf32460-8182-4a17-990c-583dadaede2a 93053d954fea4324b2a651412cde4968 240d3bfd22c74e148b93a8a2e9dc0315 - - - -] 10.0.0.75 "DELETE /v2.0/security-group-rules/85c687cd-fd86-4066-a200-b0208d00067c HTTP/1.1" status: 204 len: 168 time: 0.0809546
2026-04-28 23:37:49.049 10 INFO neutron.api.v2.resource [None req-22cc8241-e46e-4f74-bcc2-9d11ea0fbcb8 93053d954fea4324b2a651412cde4968 240d3bfd22c74e148b93a8a2e9dc0315 - - default default] show failed (client error): The resource could not be found.
2026-04-28 23:37:49.051 10 INFO neutron.wsgi [None req-22cc8241-e46e-4f74-bcc2-9d11ea0fbcb8 93053d954fea4324b2a651412cde4968 240d3bfd22c74e148b93a8a2e9dc0315 - - default default] 10.0.0.75 "GET /v2.0/security-group-rules/85c687cd-fd86-4066-a200-b0208d00067c HTTP/1.1" status: 404 len: 356 time: 0.0220418
2026-04-28 23:37:49.138 10 INFO neutron.wsgi [None req-45158dca-ec0c-4632-a51d-f50891b9f89a 49647566f8344212900b0d9c75594dfa fbaf295fef794a3186a0edb979076ccd - - default default] 10.0.0.205 "GET /v2.0/floatingips HTTP/1.1" status: 200 len: 193 time: 0.0755324
2026-04-28 23:37:49.150 10 INFO neutron.wsgi [None req-cb347bf5-a40e-44d0-ab6b-c84a46b54b09 49647566f8344212900b0d9c75594dfa fbaf295fef794a3186a0edb979076ccd - - default default] 10.0.0.205 "GET /v2.0/network-ip-availabilities HTTP/1.1" status: 200 len: 3362 time: 0.0109403
2026-04-28 23:37:49.209 10 INFO neutron.wsgi [None req-5f065916-bed5-4cdd-9709-f661a042a736 93053d954fea4324b2a651412cde4968 240d3bfd22c74e148b93a8a2e9dc0315 - - - -] 10.0.0.75 "DELETE /v2.0/security-group-rules/87c69c0f-94f1-4041-a061-224c5f3941f9 HTTP/1.1" status: 204 len: 168 time: 0.1531556
2026-04-28 23:37:49.216 10 INFO neutron.wsgi [None req-18de61ab-ff35-46de-8720-a36d9745ec36 49647566f8344212900b0d9c75594dfa fbaf295fef794a3186a0edb979076ccd - - default default] 10.0.0.205 "GET /v2.0/networks HTTP/1.1" status: 200 len: 4720 time: 0.0634418 /var/lib/openstack/lib/python3.10/site-packages/pycadf/identifier.py:71: UserWarning: Invalid uuid: neutron. To ensure interoperability, identifiers should be a valid uuid. warnings.warn(('Invalid uuid: %s. To ensure interoperability, '
2026-04-28 23:37:49.229 9 INFO neutron.api.v2.resource [None req-237ec073-4dbc-47ef-8b84-e2701c7a4502 93053d954fea4324b2a651412cde4968 240d3bfd22c74e148b93a8a2e9dc0315 - - default default] show failed (client error): The resource could not be found.
2026-04-28 23:37:49.230 9 INFO neutron.wsgi [None req-237ec073-4dbc-47ef-8b84-e2701c7a4502 93053d954fea4324b2a651412cde4968 240d3bfd22c74e148b93a8a2e9dc0315 - - default default] 10.0.0.75 "GET /v2.0/security-group-rules/87c69c0f-94f1-4041-a061-224c5f3941f9 HTTP/1.1" status: 404 len: 356 time: 0.0140576
2026-04-28 23:37:49.291 10 INFO neutron.wsgi [None req-1e68b8b0-5ad9-42d3-be58-d36bf7f2f793 49647566f8344212900b0d9c75594dfa fbaf295fef794a3186a0edb979076ccd - - default default] 10.0.0.205 "GET /v2.0/security-groups HTTP/1.1" status: 200 len: 25206 time: 0.0727642
2026-04-28 23:37:49.333 9 INFO neutron.wsgi [None req-a17fd106-9a24-4db1-ac4d-7bcc719476ad 93053d954fea4324b2a651412cde4968 240d3bfd22c74e148b93a8a2e9dc0315 - - - -] 10.0.0.75 "DELETE /v2.0/security-group-rules/f6109584-5f47-4aea-85b8-b85b527ee167 HTTP/1.1" status: 204 len: 168 time: 0.0966120
2026-04-28 23:37:49.334 10 INFO neutron.wsgi [None req-ae671fdc-58d9-4d0b-a965-497748e67efb 49647566f8344212900b0d9c75594dfa fbaf295fef794a3186a0edb979076ccd - - default default] 10.0.0.205 "GET /v2.0/subnets HTTP/1.1" status: 200 len: 5495 time: 0.0352619
2026-04-28 23:37:49.351 9 INFO neutron.api.v2.resource [None req-85251ec1-9a8a-4519-823b-d2d9a3167ec4 93053d954fea4324b2a651412cde4968 240d3bfd22c74e148b93a8a2e9dc0315 - - default default] show failed (client error): The resource could not be found.
2026-04-28 23:37:49.351 10 INFO neutron.wsgi [None req-9a59d15a-9107-4f81-ab30-cfa67523fa0b 49647566f8344212900b0d9c75594dfa fbaf295fef794a3186a0edb979076ccd - - default default] 10.0.0.205 "GET /v2.0/subnetpools HTTP/1.1" status: 200 len: 193 time: 0.0141532
2026-04-28 23:37:49.352 9 INFO neutron.wsgi [None req-85251ec1-9a8a-4519-823b-d2d9a3167ec4 93053d954fea4324b2a651412cde4968 240d3bfd22c74e148b93a8a2e9dc0315 - - default default] 10.0.0.75 "GET /v2.0/security-group-rules/f6109584-5f47-4aea-85b8-b85b527ee167 HTTP/1.1" status: 404 len: 356 time: 0.0133631
2026-04-28 23:37:49.386 10 INFO neutron.wsgi [None req-188464eb-c3b5-4e10-871a-1c28fbaad0e2 49647566f8344212900b0d9c75594dfa fbaf295fef794a3186a0edb979076ccd - - default default] 10.0.0.205 "GET /v2.0/ports HTTP/1.1" status: 200 len: 12597 time: 0.0340300
2026-04-28 23:37:49.431 10 INFO neutron.wsgi [None req-5039c857-f3e3-4ce7-890b-3bfeda8d0c47 49647566f8344212900b0d9c75594dfa fbaf295fef794a3186a0edb979076ccd - - default default] 10.0.0.205 "GET /v2.0/subnets HTTP/1.1" status: 200 len: 5495 time: 0.0334773
2026-04-28 23:37:49.456 9 INFO neutron.wsgi [None req-0c64b237-7332-4b7e-a483-5d42af41ecd9 93053d954fea4324b2a651412cde4968 240d3bfd22c74e148b93a8a2e9dc0315 - - - -] 10.0.0.75 "DELETE /v2.0/security-group-rules/db1f4d07-8c6b-4234-8f23-c4af99e7c323 HTTP/1.1" status: 204 len: 168 time: 0.0980713
2026-04-28 23:37:49.483 10 INFO neutron.api.v2.resource [None req-f429e0c2-b0c6-4bed-99e0-986d474ad9a6 93053d954fea4324b2a651412cde4968 240d3bfd22c74e148b93a8a2e9dc0315 - - default default] show failed (client error): The resource could not be found.
2026-04-28 23:37:49.484 10 INFO neutron.wsgi [None req-f429e0c2-b0c6-4bed-99e0-986d474ad9a6 93053d954fea4324b2a651412cde4968 240d3bfd22c74e148b93a8a2e9dc0315 - - default default] 10.0.0.75 "GET /v2.0/security-group-rules/db1f4d07-8c6b-4234-8f23-c4af99e7c323 HTTP/1.1" status: 404 len: 356 time: 0.0225017
2026-04-28 23:37:49.509 10 INFO neutron.wsgi [None req-a45a7e84-9344-4192-ac7e-95fdc1dc241f 49647566f8344212900b0d9c75594dfa fbaf295fef794a3186a0edb979076ccd - - default default] 10.0.0.205 "GET /v2.0/routers HTTP/1.1" status: 200 len: 849 time: 0.0759335
2026-04-28 23:37:49.535 10 INFO neutron.wsgi [None req-831b6e20-c013-4031-9b0c-b9eeff338d33 49647566f8344212900b0d9c75594dfa fbaf295fef794a3186a0edb979076ccd - - default default] 10.0.0.205 "GET /v2.0/agents?binary=ovn-controller HTTP/1.1" status: 200 len: 591 time: 0.0251753
2026-04-28 23:37:49.555 10 INFO neutron.wsgi [None req-a46b49e5-c7a0-4a12-b0b3-ae1d2545b143 49647566f8344212900b0d9c75594dfa fbaf295fef794a3186a0edb979076ccd - - default default] 10.0.0.205 "GET /v2.0/agents HTTP/1.1" status: 200 len: 997 time: 0.0188794
2026-04-28 23:37:49.593 9 INFO neutron.wsgi [None req-d4b119e9-f196-4055-9e53-81cc45ba241e 93053d954fea4324b2a651412cde4968 240d3bfd22c74e148b93a8a2e9dc0315 - - - -] 10.0.0.75 "DELETE /v2.0/security-group-rules/cf544156-01f7-4982-8a21-c8a211fdb00d HTTP/1.1" status: 204 len: 168 time: 0.1035988
2026-04-28 23:37:49.612 9 INFO neutron.api.v2.resource [None req-a45f3b64-00f4-4db6-a4f6-e01b5783adbd 93053d954fea4324b2a651412cde4968 240d3bfd22c74e148b93a8a2e9dc0315 - - default default] show failed (client error): The resource could not be found.
2026-04-28 23:37:49.613 9 INFO neutron.wsgi [None req-a45f3b64-00f4-4db6-a4f6-e01b5783adbd 93053d954fea4324b2a651412cde4968 240d3bfd22c74e148b93a8a2e9dc0315 - - default default] 10.0.0.75 "GET /v2.0/security-group-rules/cf544156-01f7-4982-8a21-c8a211fdb00d HTTP/1.1" status: 404 len: 356 time: 0.0157702
2026-04-28 23:37:49.716 9 INFO neutron.wsgi [None req-f0999262-7b55-481a-b6ed-2903fb4e3840 93053d954fea4324b2a651412cde4968 240d3bfd22c74e148b93a8a2e9dc0315 - - - -] 10.0.0.75 "DELETE /v2.0/security-group-rules/96de2803-8fbc-45b9-9b00-66ba416f3321 HTTP/1.1" status: 204 len: 168 time: 0.0990922
2026-04-28 23:37:49.729 9 INFO neutron.api.v2.resource [None req-c8d67a67-676f-4ef1-b804-41cf5c114232 93053d954fea4324b2a651412cde4968 240d3bfd22c74e148b93a8a2e9dc0315 - - default default] show failed (client error): The resource could not be found.
2026-04-28 23:37:49.730 9 INFO neutron.wsgi [None req-c8d67a67-676f-4ef1-b804-41cf5c114232 93053d954fea4324b2a651412cde4968 240d3bfd22c74e148b93a8a2e9dc0315 - - default default] 10.0.0.75 "GET /v2.0/security-group-rules/96de2803-8fbc-45b9-9b00-66ba416f3321 HTTP/1.1" status: 404 len: 356 time: 0.0093069
2026-04-28 23:37:49.822 9 INFO neutron.wsgi [None req-e749eef9-42de-4a28-87b4-4284b0256221 93053d954fea4324b2a651412cde4968 240d3bfd22c74e148b93a8a2e9dc0315 - - - -] 10.0.0.75 "DELETE /v2.0/security-group-rules/4a014b79-cf93-4db4-aa10-fafcdba63bad HTTP/1.1" status: 204 len: 168 time: 0.0887296
2026-04-28 23:37:49.841 9 INFO neutron.api.v2.resource [None req-5d939845-7700-4718-a002-a1b2cd4aa7f0 93053d954fea4324b2a651412cde4968 240d3bfd22c74e148b93a8a2e9dc0315 - - default default] show failed (client error): The resource could not be found.
2026-04-28 23:37:49.842 9 INFO neutron.wsgi [None req-5d939845-7700-4718-a002-a1b2cd4aa7f0 93053d954fea4324b2a651412cde4968 240d3bfd22c74e148b93a8a2e9dc0315 - - default default] 10.0.0.75 "GET /v2.0/security-group-rules/4a014b79-cf93-4db4-aa10-fafcdba63bad HTTP/1.1" status: 404 len: 356 time: 0.0161779
2026-04-28 23:37:49.944 10 INFO neutron.wsgi [None req-034ca538-4cf8-4b9f-9417-8178d4ec526a 93053d954fea4324b2a651412cde4968 240d3bfd22c74e148b93a8a2e9dc0315 - - - -] 10.0.0.75 "DELETE /v2.0/security-group-rules/cee0c6df-1b43-416a-a731-c2e9bb8b69ce HTTP/1.1" status: 204 len: 168 time: 0.0955975
2026-04-28 23:37:49.959 10 INFO neutron.api.v2.resource [None req-4f1ce784-a56f-4f4b-8f2a-d9d0d8ece579 93053d954fea4324b2a651412cde4968 240d3bfd22c74e148b93a8a2e9dc0315 - - default default] show failed (client error): The resource could not be found.
2026-04-28 23:37:49.960 10 INFO neutron.wsgi [None req-4f1ce784-a56f-4f4b-8f2a-d9d0d8ece579 93053d954fea4324b2a651412cde4968 240d3bfd22c74e148b93a8a2e9dc0315 - - default default] 10.0.0.75 "GET /v2.0/security-group-rules/cee0c6df-1b43-416a-a731-c2e9bb8b69ce HTTP/1.1" status: 404 len: 356 time: 0.0106914
2026-04-28 23:37:50.065 10 INFO neutron.wsgi [None req-28baab1e-a058-4e69-bc8f-8b8de450b407 93053d954fea4324b2a651412cde4968 240d3bfd22c74e148b93a8a2e9dc0315 - - - -] 10.0.0.75 "DELETE /v2.0/security-group-rules/fe6d8a69-e95d-4f35-a98f-46d647d7485c HTTP/1.1" status: 204 len: 168 time: 0.1014602
2026-04-28 23:37:50.081 10 INFO neutron.api.v2.resource [None req-400cbb22-953f-43e5-abfe-07ce73cda4d0 93053d954fea4324b2a651412cde4968 240d3bfd22c74e148b93a8a2e9dc0315 - - default default] show failed (client error): The resource could not be found.
2026-04-28 23:37:50.082 10 INFO neutron.wsgi [None req-400cbb22-953f-43e5-abfe-07ce73cda4d0 93053d954fea4324b2a651412cde4968 240d3bfd22c74e148b93a8a2e9dc0315 - - default default] 10.0.0.75 "GET /v2.0/security-group-rules/fe6d8a69-e95d-4f35-a98f-46d647d7485c HTTP/1.1" status: 404 len: 356 time: 0.0126150
2026-04-28 23:37:50.197 10 INFO neutron.wsgi [None req-643fbb90-2835-4350-a713-ab167fd104b0 93053d954fea4324b2a651412cde4968 240d3bfd22c74e148b93a8a2e9dc0315 - - - -] 10.0.0.75 "DELETE /v2.0/security-groups/9f55da31-e19d-478c-8a17-fd9bf0e19f63 HTTP/1.1" status: 204 len: 168 time: 0.1109025
2026-04-28 23:37:50.211 10 INFO neutron.api.v2.resource [None req-527e8273-7ecf-44e2-99ad-4632032812c6 93053d954fea4324b2a651412cde4968 240d3bfd22c74e148b93a8a2e9dc0315 - - default default] show failed (client error): The resource could not be found.
2026-04-28 23:37:50.212 10 INFO neutron.wsgi [None req-527e8273-7ecf-44e2-99ad-4632032812c6 93053d954fea4324b2a651412cde4968 240d3bfd22c74e148b93a8a2e9dc0315 - - default default] 10.0.0.75 "GET /v2.0/security-groups/9f55da31-e19d-478c-8a17-fd9bf0e19f63 HTTP/1.1" status: 404 len: 347 time: 0.0102468
2026-04-28 23:37:50.682 9 INFO neutron.wsgi [-] 10.0.0.28 "GET / HTTP/1.1" status: 200 len: 246 time: 0.0016785
2026-04-28 23:37:50.683 10 INFO neutron.wsgi [-] 10.0.0.28 "GET / HTTP/1.1" status: 200 len: 246 time: 0.0022902
2026-04-28 23:37:51.131 9 INFO neutron.wsgi [None req-e64a36bb-46a1-4967-88bf-a025d2c68cc2 93053d954fea4324b2a651412cde4968 240d3bfd22c74e148b93a8a2e9dc0315 - - - -] 10.0.0.75 "PUT /v2.0/routers/fc3f2da1-112d-4539-9299-b8bd6300421f/remove_router_interface HTTP/1.1" status: 200 len: 503 time: 0.8706539 /var/lib/openstack/lib/python3.10/site-packages/pycadf/identifier.py:71: UserWarning: Invalid uuid: neutron. To ensure interoperability, identifiers should be a valid uuid. warnings.warn(('Invalid uuid: %s. To ensure interoperability, '
2026-04-28 23:37:51.258 9 INFO neutron.api.v2.resource [None req-f7cfb403-b0ae-4e58-860a-b58f5e77bf4c 93053d954fea4324b2a651412cde4968 240d3bfd22c74e148b93a8a2e9dc0315 - - default default] remove_router_interface failed (client error): The resource could not be found.
2026-04-28 23:37:51.259 9 INFO neutron.wsgi [None req-f7cfb403-b0ae-4e58-860a-b58f5e77bf4c 93053d954fea4324b2a651412cde4968 240d3bfd22c74e148b93a8a2e9dc0315 - - default default] 10.0.0.75 "PUT /v2.0/routers/fc3f2da1-112d-4539-9299-b8bd6300421f/remove_router_interface HTTP/1.1" status: 404 len: 399 time: 0.1229198
2026-04-28 23:37:52.129 9 INFO neutron.wsgi [None req-9c04881a-171a-4770-b087-94d79401f515 93053d954fea4324b2a651412cde4968 240d3bfd22c74e148b93a8a2e9dc0315 - - - -] 10.0.0.75 "PUT /v2.0/routers/fc3f2da1-112d-4539-9299-b8bd6300421f/remove_router_interface HTTP/1.1" status: 200 len: 503 time: 0.8647950 /var/lib/openstack/lib/python3.10/site-packages/pycadf/identifier.py:71: UserWarning: Invalid uuid: neutron. To ensure interoperability, identifiers should be a valid uuid. warnings.warn(('Invalid uuid: %s. To ensure interoperability, '
2026-04-28 23:37:52.280 9 INFO neutron.api.v2.resource [None req-e0ab3dea-da55-4aad-a59d-fb5fffbc4f2d 93053d954fea4324b2a651412cde4968 240d3bfd22c74e148b93a8a2e9dc0315 - - default default] remove_router_interface failed (client error): The resource could not be found.
2026-04-28 23:37:52.282 9 INFO neutron.wsgi [None req-e0ab3dea-da55-4aad-a59d-fb5fffbc4f2d 93053d954fea4324b2a651412cde4968 240d3bfd22c74e148b93a8a2e9dc0315 - - default default] 10.0.0.75 "PUT /v2.0/routers/fc3f2da1-112d-4539-9299-b8bd6300421f/remove_router_interface HTTP/1.1" status: 404 len: 399 time: 0.1478732
2026-04-28 23:37:53.454 9 INFO neutron.wsgi [None req-99db307d-8e10-47a5-b8b2-92af9862ae2c 93053d954fea4324b2a651412cde4968 240d3bfd22c74e148b93a8a2e9dc0315 - - - -] 10.0.0.75 "PUT /v2.0/routers/fc3f2da1-112d-4539-9299-b8bd6300421f/remove_router_interface HTTP/1.1" status: 200 len: 503 time: 1.1665835 /var/lib/openstack/lib/python3.10/site-packages/pycadf/identifier.py:71: UserWarning: Invalid uuid: neutron. To ensure interoperability, identifiers should be a valid uuid. warnings.warn(('Invalid uuid: %s. To ensure interoperability, '
2026-04-28 23:37:53.583 9 INFO neutron.api.v2.resource [None req-b738b6ca-4739-4855-9e83-cd200ac0eb02 93053d954fea4324b2a651412cde4968 240d3bfd22c74e148b93a8a2e9dc0315 - - default default] remove_router_interface failed (client error): The resource could not be found.
2026-04-28 23:37:53.585 9 INFO neutron.wsgi [None req-b738b6ca-4739-4855-9e83-cd200ac0eb02 93053d954fea4324b2a651412cde4968 240d3bfd22c74e148b93a8a2e9dc0315 - - default default] 10.0.0.75 "PUT /v2.0/routers/fc3f2da1-112d-4539-9299-b8bd6300421f/remove_router_interface HTTP/1.1" status: 404 len: 399 time: 0.1256278
2026-04-28 23:37:54.228 9 INFO neutron.wsgi [None req-00572eff-f904-4ec5-80a9-2082c859b792 93053d954fea4324b2a651412cde4968 240d3bfd22c74e148b93a8a2e9dc0315 - - - -] 10.0.0.75 "DELETE /v2.0/routers/fc3f2da1-112d-4539-9299-b8bd6300421f HTTP/1.1" status: 204 len: 168 time: 0.6377780
2026-04-28 23:37:54.258 9 INFO neutron.api.v2.resource [None req-3b485067-6cad-4203-b2e8-3780306c030f 93053d954fea4324b2a651412cde4968 240d3bfd22c74e148b93a8a2e9dc0315 - - default default] show failed (client error): The resource could not be found.
2026-04-28 23:37:54.259 9 INFO neutron.wsgi [None req-3b485067-6cad-4203-b2e8-3780306c030f 93053d954fea4324b2a651412cde4968 240d3bfd22c74e148b93a8a2e9dc0315 - - default default] 10.0.0.75 "GET /v2.0/routers/fc3f2da1-112d-4539-9299-b8bd6300421f HTTP/1.1" status: 404 len: 336 time: 0.0255110
2026-04-28 23:37:54.441 9 INFO neutron.wsgi [None req-c3fe745b-26e1-4a70-a1f6-91bf9e8886b4 93053d954fea4324b2a651412cde4968 240d3bfd22c74e148b93a8a2e9dc0315 - - - -] 10.0.0.75 "DELETE /v2.0/subnets/d157b255-4d38-4a54-8c4d-e2507627ebe8 HTTP/1.1" status: 204 len: 168 time: 0.1772189
2026-04-28 23:37:54.464 9 INFO neutron.pecan_wsgi.hooks.translation [None req-2c4569e4-a55b-4b93-9d70-e82b98568b42 93053d954fea4324b2a651412cde4968 240d3bfd22c74e148b93a8a2e9dc0315 - - default default] GET failed (client error): The resource could not be found.
2026-04-28 23:37:54.466 9 INFO neutron.wsgi [None req-2c4569e4-a55b-4b93-9d70-e82b98568b42 93053d954fea4324b2a651412cde4968 240d3bfd22c74e148b93a8a2e9dc0315 - - default default] 10.0.0.75 "GET /v2.0/subnets/d157b255-4d38-4a54-8c4d-e2507627ebe8 HTTP/1.1" status: 404 len: 337 time: 0.0194819
2026-04-28 23:37:54.693 9 INFO neutron.wsgi [None req-e59cfc9c-9174-4b1c-ad19-ce45c118cceb 93053d954fea4324b2a651412cde4968 240d3bfd22c74e148b93a8a2e9dc0315 - - - -] 10.0.0.75 "DELETE /v2.0/subnets/e4dc1a8b-28b4-4e5c-b736-4f4370c83f6b HTTP/1.1" status: 204 len: 168 time: 0.2232654
2026-04-28 23:37:54.714 9 INFO neutron.pecan_wsgi.hooks.translation [None req-efb5687c-8eb7-453d-ae2e-e1b670b89bc4 93053d954fea4324b2a651412cde4968 240d3bfd22c74e148b93a8a2e9dc0315 - - default default] GET failed (client error): The resource could not be found.
2026-04-28 23:37:54.715 9 INFO neutron.wsgi [None req-efb5687c-8eb7-453d-ae2e-e1b670b89bc4 93053d954fea4324b2a651412cde4968 240d3bfd22c74e148b93a8a2e9dc0315 - - default default] 10.0.0.75 "GET /v2.0/subnets/e4dc1a8b-28b4-4e5c-b736-4f4370c83f6b HTTP/1.1" status: 404 len: 337 time: 0.0174353
2026-04-28 23:37:55.089 9 INFO neutron.wsgi [None req-166b2645-e2f6-4c19-97b0-96f4039a5955 93053d954fea4324b2a651412cde4968 240d3bfd22c74e148b93a8a2e9dc0315 - - - -] 10.0.0.75 "DELETE /v2.0/networks/21113891-d987-4cba-896f-89ec54786eba HTTP/1.1" status: 204 len: 168 time: 0.3695819
2026-04-28 23:37:55.111 10 INFO neutron.pecan_wsgi.hooks.translation [None req-b0a3dbed-caad-47d9-9249-296abfc48067 93053d954fea4324b2a651412cde4968 240d3bfd22c74e148b93a8a2e9dc0315 - - default default] GET failed (client error): The resource could not be found.
2026-04-28 23:37:55.112 10 INFO neutron.wsgi [None req-b0a3dbed-caad-47d9-9249-296abfc48067 93053d954fea4324b2a651412cde4968 240d3bfd22c74e148b93a8a2e9dc0315 - - default default] 10.0.0.75 "GET /v2.0/networks/21113891-d987-4cba-896f-89ec54786eba HTTP/1.1" status: 404 len: 339 time: 0.0186467
2026-04-28 23:37:55.160 9 INFO neutron.services.segments.plugin [-] Segment 5e93bc7d-8277-4a5f-b4c5-a35431e596c9 resource provider aggregate not found
2026-04-28 23:37:55.177 9 INFO neutron.services.segments.plugin [-] Segment 5e93bc7d-8277-4a5f-b4c5-a35431e596c9 resource provider not found; error: Placement Client Error (4xx): {"errors": [{"status": 404, "title": "Not Found", "detail": "The resource could not be found.\n\n No resource provider with uuid 5e93bc7d-8277-4a5f-b4c5-a35431e596c9 found for delete ", "request_id": "req-01d85eb1-69be-4ca1-9ff7-04b55418b84e"}]}
2026-04-28 23:37:55.182 9 INFO neutron.services.segments.plugin [-] Segment 5e93bc7d-8277-4a5f-b4c5-a35431e596c9 resource provider aggregate not found
2026-04-28 23:37:55.199 9 INFO neutron.services.segments.plugin [-] Segment 5e93bc7d-8277-4a5f-b4c5-a35431e596c9 resource provider not found; error: Placement Client Error (4xx): {"errors": [{"status": 404, "title": "Not Found", "detail": "The resource could not be found.\n\n No resource provider with uuid 5e93bc7d-8277-4a5f-b4c5-a35431e596c9 found for delete ", "request_id": "req-b0bc65b7-3a5c-4a8d-9e8c-4073f1b094ad"}]}
2026-04-28 23:37:55.308 10 INFO neutron.wsgi [None req-466cdf74-3dcb-47e2-8fc9-1cd2648e337b 93053d954fea4324b2a651412cde4968 240d3bfd22c74e148b93a8a2e9dc0315 - - - -] 10.0.0.75 "DELETE /v2.0/subnets/e9cbc78c-fba8-429e-98c1-b5daf08c51c0 HTTP/1.1" status: 204 len: 168 time: 0.1919317
2026-04-28 23:37:55.330 10 INFO neutron.pecan_wsgi.hooks.translation [None req-684d640b-f65f-4469-a6c3-d6273bac8d13 93053d954fea4324b2a651412cde4968 240d3bfd22c74e148b93a8a2e9dc0315 - - default default] GET failed (client error): The resource could not be found.
2026-04-28 23:37:55.331 10 INFO neutron.wsgi [None req-684d640b-f65f-4469-a6c3-d6273bac8d13 93053d954fea4324b2a651412cde4968 240d3bfd22c74e148b93a8a2e9dc0315 - - default default] 10.0.0.75 "GET /v2.0/subnets/e9cbc78c-fba8-429e-98c1-b5daf08c51c0 HTTP/1.1" status: 404 len: 337 time: 0.0178502
2026-04-28 23:37:55.716 10 INFO neutron.wsgi [None req-5bad128d-970c-4d9c-9700-ada45dd5957b 93053d954fea4324b2a651412cde4968 240d3bfd22c74e148b93a8a2e9dc0315 - - - -] 10.0.0.75 "DELETE /v2.0/subnets/c2f940ae-c5a6-46f2-b727-fd5ecf26afa9 HTTP/1.1" status: 204 len: 168 time: 0.3807101
2026-04-28 23:37:55.739 10 INFO neutron.pecan_wsgi.hooks.translation [None req-0af49e66-20fd-48c4-aaf8-1b71d1260f58 93053d954fea4324b2a651412cde4968 240d3bfd22c74e148b93a8a2e9dc0315 - - default default] GET failed (client error): The resource could not be found.
2026-04-28 23:37:55.740 10 INFO neutron.wsgi [None req-0af49e66-20fd-48c4-aaf8-1b71d1260f58 93053d954fea4324b2a651412cde4968 240d3bfd22c74e148b93a8a2e9dc0315 - - default default] 10.0.0.75 "GET /v2.0/subnets/c2f940ae-c5a6-46f2-b727-fd5ecf26afa9 HTTP/1.1" status: 404 len: 337 time: 0.0168741
2026-04-28 23:37:56.108 10 INFO neutron.wsgi [None req-eacbcd86-8da2-4846-b2ef-ae031bc9f87e 93053d954fea4324b2a651412cde4968 240d3bfd22c74e148b93a8a2e9dc0315 - - - -] 10.0.0.75 "DELETE /v2.0/networks/349dd9e6-b76f-41e7-8e35-3436f695b7bd HTTP/1.1" status: 204 len: 168 time: 0.3637960
2026-04-28 23:37:56.119 10 INFO neutron.services.segments.plugin [-] Segment 8a07a76b-1503-4b43-93d4-4c4d169cc342 resource provider aggregate not found
2026-04-28 23:37:56.124 10 INFO neutron.services.segments.plugin [-] Segment 8a07a76b-1503-4b43-93d4-4c4d169cc342 resource provider aggregate not found
2026-04-28 23:37:56.127 9 INFO neutron.pecan_wsgi.hooks.translation [None req-fde63a39-9660-4b19-a27d-77e6ca10eae7 93053d954fea4324b2a651412cde4968 240d3bfd22c74e148b93a8a2e9dc0315 - - default default] GET failed (client error): The resource could not be found.
2026-04-28 23:37:56.129 9 INFO neutron.wsgi [None req-fde63a39-9660-4b19-a27d-77e6ca10eae7 93053d954fea4324b2a651412cde4968 240d3bfd22c74e148b93a8a2e9dc0315 - - default default] 10.0.0.75 "GET /v2.0/networks/349dd9e6-b76f-41e7-8e35-3436f695b7bd HTTP/1.1" status: 404 len: 339 time: 0.0152907
2026-04-28 23:37:56.134 10 INFO neutron.services.segments.plugin [-] Segment 8a07a76b-1503-4b43-93d4-4c4d169cc342 resource provider not found; error: Placement Client Error (4xx): {"errors": [{"status": 404, "title": "Not Found", "detail": "The resource could not be found.\n\n No resource provider with uuid 8a07a76b-1503-4b43-93d4-4c4d169cc342 found for delete ", "request_id": "req-95af147b-d84d-4c12-b19a-d9366bd67185"}]}
2026-04-28 23:37:56.142 10 INFO neutron.services.segments.plugin [-] Segment 8a07a76b-1503-4b43-93d4-4c4d169cc342 resource provider not found; error: Placement Client Error (4xx): {"errors": [{"status": 404, "title": "Not Found", "detail": "The resource could not be found.\n\n No resource provider with uuid 8a07a76b-1503-4b43-93d4-4c4d169cc342 found for delete ", "request_id": "req-208f67ff-6934-4294-86ab-978658feec1f"}]}
2026-04-28 23:37:56.306 9 INFO neutron.wsgi [None req-02190024-0956-4773-bd2d-9206b6c6204d 93053d954fea4324b2a651412cde4968 240d3bfd22c74e148b93a8a2e9dc0315 - - - -] 10.0.0.75 "DELETE /v2.0/subnets/0b148339-8b24-4675-b76e-d80c11dd521d HTTP/1.1" status: 204 len: 168 time: 0.1736507
2026-04-28 23:37:56.331 9 INFO neutron.pecan_wsgi.hooks.translation [None req-10ef8e10-6e29-4e4a-a042-974723376379 93053d954fea4324b2a651412cde4968 240d3bfd22c74e148b93a8a2e9dc0315 - - default default] GET failed (client error): The resource could not be found.
2026-04-28 23:37:56.332 9 INFO neutron.wsgi [None req-10ef8e10-6e29-4e4a-a042-974723376379 93053d954fea4324b2a651412cde4968 240d3bfd22c74e148b93a8a2e9dc0315 - - default default] 10.0.0.75 "GET /v2.0/subnets/0b148339-8b24-4675-b76e-d80c11dd521d HTTP/1.1" status: 404 len: 337 time: 0.0196996
2026-04-28 23:37:56.548 9 INFO neutron.wsgi [None req-57a16b0f-8763-4151-9cd3-a441b6f10351 93053d954fea4324b2a651412cde4968 240d3bfd22c74e148b93a8a2e9dc0315 - - - -] 10.0.0.75 "DELETE /v2.0/subnets/4527e868-3138-4a47-b0aa-f6a056c9bd02 HTTP/1.1" status: 204 len: 168 time: 0.2091470
2026-04-28 23:37:56.575 9 INFO neutron.pecan_wsgi.hooks.translation [None req-b728c389-ee5e-4ca8-ac08-b4cd5e60fcc3 93053d954fea4324b2a651412cde4968 240d3bfd22c74e148b93a8a2e9dc0315 - - default default] GET failed (client error): The resource could not be found.
2026-04-28 23:37:56.576 9 INFO neutron.wsgi [None req-b728c389-ee5e-4ca8-ac08-b4cd5e60fcc3 93053d954fea4324b2a651412cde4968 240d3bfd22c74e148b93a8a2e9dc0315 - - default default] 10.0.0.75 "GET /v2.0/subnets/4527e868-3138-4a47-b0aa-f6a056c9bd02 HTTP/1.1" status: 404 len: 337 time: 0.0225122
2026-04-28 23:37:56.967 9 INFO neutron.wsgi [None req-ca08601f-2af3-4d25-a722-de816988bb5c 93053d954fea4324b2a651412cde4968 240d3bfd22c74e148b93a8a2e9dc0315 - - - -] 10.0.0.75 "DELETE /v2.0/networks/a12ae29d-d50f-42a7-8b81-ae3706510eca HTTP/1.1" status: 204 len: 168 time: 0.3844416
2026-04-28 23:37:56.988 10 INFO neutron.pecan_wsgi.hooks.translation [None req-2c9d0848-494a-4a76-9ded-5664d46a2fae 93053d954fea4324b2a651412cde4968 240d3bfd22c74e148b93a8a2e9dc0315 - - default default] GET failed (client error): The resource could not be found.
2026-04-28 23:37:56.990 10 INFO neutron.wsgi [None req-2c9d0848-494a-4a76-9ded-5664d46a2fae 93053d954fea4324b2a651412cde4968 240d3bfd22c74e148b93a8a2e9dc0315 - - default default] 10.0.0.75 "GET /v2.0/networks/a12ae29d-d50f-42a7-8b81-ae3706510eca HTTP/1.1" status: 404 len: 339 time: 0.0168626
2026-04-28 23:37:57.207 9 INFO neutron.services.segments.plugin [-] Segment adae76aa-6e7c-4258-ac0d-92bc02abb769 resource provider aggregate not found
2026-04-28 23:37:57.217 9 INFO neutron.services.segments.plugin [-] Segment adae76aa-6e7c-4258-ac0d-92bc02abb769 resource provider aggregate not found
2026-04-28 23:37:57.226 9 INFO neutron.services.segments.plugin [-] Segment adae76aa-6e7c-4258-ac0d-92bc02abb769 resource provider not found; error: Placement Client Error (4xx): {"errors": [{"status": 404, "title": "Not Found", "detail": "The resource could not be found.\n\n No resource provider with uuid adae76aa-6e7c-4258-ac0d-92bc02abb769 found for delete ", "request_id": "req-e7bed5d8-1644-432e-8fed-9fa04568386b"}]}
2026-04-28 23:37:57.237 9 INFO neutron.services.segments.plugin [-] Segment adae76aa-6e7c-4258-ac0d-92bc02abb769 resource provider not found; error: Placement Client Error (4xx): {"errors": [{"status": 404, "title": "Not Found", "detail": "The resource could not be found.\n\n No resource provider with uuid adae76aa-6e7c-4258-ac0d-92bc02abb769 found for delete ", "request_id": "req-77a5832e-00a0-4817-bf4f-9eaab46b11c4"}]}
2026-04-28 23:37:59.195 10 INFO neutron.db.ovn_revision_numbers_db [None req-16c58ca2-2f18-4d4e-a8df-64546140fa4a 49647566f8344212900b0d9c75594dfa fbaf295fef794a3186a0edb979076ccd - - default default] Successfully bumped revision number for resource 01ca8329-61c4-4c46-a8ef-69c86ce19d11 (type: security_groups) to 1
2026-04-28 23:37:59.218 10 INFO neutron.wsgi [None req-16c58ca2-2f18-4d4e-a8df-64546140fa4a 49647566f8344212900b0d9c75594dfa fbaf295fef794a3186a0edb979076ccd - - default default] 10.0.0.75 "GET /v2.0/security-groups?tenant_id=e2d6562957e94a2f8cb3c724009b3384&name=default HTTP/1.1" status: 200 len: 3000 time: 0.2653990
2026-04-28 23:37:59.384 10 INFO neutron.wsgi [None req-8575e07b-950f-46c5-be0c-599b2ab17f58 49647566f8344212900b0d9c75594dfa fbaf295fef794a3186a0edb979076ccd - - - -] 10.0.0.75 "DELETE /v2.0/security-groups/01ca8329-61c4-4c46-a8ef-69c86ce19d11 HTTP/1.1" status: 204 len: 168 time: 0.1611218
2026-04-28 23:37:59.567 10 INFO neutron.db.ovn_revision_numbers_db [None req-ca859f43-e580-49fb-9147-3451c8022bb8 49647566f8344212900b0d9c75594dfa fbaf295fef794a3186a0edb979076ccd - - default default] Successfully bumped revision number for resource 589676dc-743e-4a57-89b0-0310b9565c76 (type: security_groups) to 1
2026-04-28 23:37:59.592 10 INFO neutron.wsgi [None req-ca859f43-e580-49fb-9147-3451c8022bb8 49647566f8344212900b0d9c75594dfa fbaf295fef794a3186a0edb979076ccd - - default default] 10.0.0.75 "GET /v2.0/security-groups?tenant_id=b7b4e7c0a3bb43a2826b42fd0737de50&name=default HTTP/1.1" status: 200 len: 3000 time: 0.1121469
2026-04-28 23:37:59.757 10 INFO neutron.wsgi [None req-fa5518ff-4fb5-405f-a4f7-98b31af711ab 49647566f8344212900b0d9c75594dfa fbaf295fef794a3186a0edb979076ccd - - - -] 10.0.0.75 "DELETE /v2.0/security-groups/589676dc-743e-4a57-89b0-0310b9565c76 HTTP/1.1" status: 204 len: 168 time: 0.1607854
2026-04-28 23:38:00.026 9 INFO neutron.db.ovn_revision_numbers_db [None req-598c2aff-ba2a-4ba0-935f-83f801ae78f2 49647566f8344212900b0d9c75594dfa fbaf295fef794a3186a0edb979076ccd - - default default] Successfully bumped revision number for resource 90961abb-91c6-4350-a356-b73a61cefc33 (type: security_groups) to 1
2026-04-28 23:38:00.044 9 INFO neutron.wsgi [None req-598c2aff-ba2a-4ba0-935f-83f801ae78f2 49647566f8344212900b0d9c75594dfa fbaf295fef794a3186a0edb979076ccd - - default default] 10.0.0.75 "GET /v2.0/security-groups?tenant_id=248dd2987f4a4201adcf8fa342342b26&name=default HTTP/1.1" status: 200 len: 3000 time: 0.1079848
2026-04-28 23:38:00.217 9 INFO neutron.wsgi [None req-53202b6f-1f16-4708-98c8-581d483ea64d 49647566f8344212900b0d9c75594dfa fbaf295fef794a3186a0edb979076ccd - - - -] 10.0.0.75 "DELETE /v2.0/security-groups/90961abb-91c6-4350-a356-b73a61cefc33 HTTP/1.1" status: 204 len: 168 time: 0.1686478
2026-04-28 23:38:00.440 9 INFO neutron.db.ovn_revision_numbers_db [None req-a34bdeaf-aa20-4ead-8d6e-da8027211940 49647566f8344212900b0d9c75594dfa fbaf295fef794a3186a0edb979076ccd - - default default] Successfully bumped revision number for resource 93e0a45e-26f1-4b8f-a85d-7f81546e9abe (type: security_groups) to 1
2026-04-28 23:38:00.460 9 INFO neutron.wsgi [None req-a34bdeaf-aa20-4ead-8d6e-da8027211940 49647566f8344212900b0d9c75594dfa fbaf295fef794a3186a0edb979076ccd - - default default] 10.0.0.75 "GET /v2.0/security-groups?tenant_id=c2e8d51c77ea45a3aa80fb59badc6a82&name=default HTTP/1.1" status: 200 len: 3000 time: 0.1034350
2026-04-28 23:38:00.621 9 INFO neutron.wsgi [None req-05a16cf9-3bdb-4557-aaa6-59fc3ac54499 49647566f8344212900b0d9c75594dfa fbaf295fef794a3186a0edb979076ccd - - - -] 10.0.0.75 "DELETE /v2.0/security-groups/93e0a45e-26f1-4b8f-a85d-7f81546e9abe HTTP/1.1" status: 204 len: 168 time: 0.1562567
2026-04-28 23:38:00.863 10 INFO neutron.db.ovn_revision_numbers_db [None req-a888d406-83d1-4b1f-b493-fd166b36a4b6 49647566f8344212900b0d9c75594dfa fbaf295fef794a3186a0edb979076ccd - - default default] Successfully bumped revision number for resource 354c5130-5094-47f6-abaa-b72c05fa3344 (type: security_groups) to 1
2026-04-28 23:38:00.883 10 INFO neutron.wsgi [None req-a888d406-83d1-4b1f-b493-fd166b36a4b6 49647566f8344212900b0d9c75594dfa fbaf295fef794a3186a0edb979076ccd - - default default] 10.0.0.75 "GET /v2.0/security-groups?tenant_id=dd2c5a40d7ff435191479edfb10e4ec3&name=default HTTP/1.1" status: 200 len: 3000 time: 0.1063540
2026-04-28 23:38:01.047 10 INFO neutron.wsgi [None req-da10fa9d-a32b-4b90-938f-417d600b84f9 49647566f8344212900b0d9c75594dfa fbaf295fef794a3186a0edb979076ccd - - - -] 10.0.0.75 "DELETE /v2.0/security-groups/354c5130-5094-47f6-abaa-b72c05fa3344 HTTP/1.1" status: 204 len: 168 time: 0.1577425
2026-04-28 23:38:01.221 10 INFO neutron.wsgi [None req-cd0e927e-4bbc-4792-b897-4d8c2e3447f0 49647566f8344212900b0d9c75594dfa fbaf295fef794a3186a0edb979076ccd - - default default] 10.0.0.75 "GET /v2.0/security-groups?tenant_id=240d3bfd22c74e148b93a8a2e9dc0315&name=default HTTP/1.1" status: 200 len: 3000 time: 0.0331080
2026-04-28 23:38:01.391 10 INFO neutron.wsgi [None req-556ef4ec-cd56-487c-8598-d7d035a2c5ca 49647566f8344212900b0d9c75594dfa fbaf295fef794a3186a0edb979076ccd - - - -] 10.0.0.75 "DELETE /v2.0/security-groups/d4875e73-0ab6-4693-91bf-675967f247c1 HTTP/1.1" status: 204 len: 168 time: 0.1661322
2026-04-28 23:38:01.635 9 INFO neutron.db.ovn_revision_numbers_db [None req-ecb68369-92f1-4e73-89ed-35cf6d1b371a 49647566f8344212900b0d9c75594dfa fbaf295fef794a3186a0edb979076ccd - - default default] Successfully bumped revision number for resource d895897e-e892-4c86-8cb5-ed5d3c20db0e (type: security_groups) to 1
2026-04-28 23:38:01.655 9 INFO neutron.wsgi [None req-ecb68369-92f1-4e73-89ed-35cf6d1b371a 49647566f8344212900b0d9c75594dfa fbaf295fef794a3186a0edb979076ccd - - default default] 10.0.0.75 "GET /v2.0/security-groups?tenant_id=eb13c23a84ce44fd9284d4d56b70830c&name=default HTTP/1.1" status: 200 len: 3000 time: 0.1161635
2026-04-28 23:38:01.856 9 INFO neutron.wsgi [None req-800eef82-f712-41ea-972b-088d8c35b09f 49647566f8344212900b0d9c75594dfa fbaf295fef794a3186a0edb979076ccd - - - -] 10.0.0.75 "DELETE /v2.0/security-groups/d895897e-e892-4c86-8cb5-ed5d3c20db0e HTTP/1.1" status: 204 len: 168 time: 0.1950247
2026-04-28 23:38:04.715 9 INFO neutron.wsgi [None req-9e510fbf-2c6c-4310-8fe8-bfc0a563a7be 49647566f8344212900b0d9c75594dfa fbaf295fef794a3186a0edb979076ccd - - default default] 10.0.0.75 "GET /v2.0/networks HTTP/1.1" status: 200 len: 2369 time: 0.2741306
2026-04-28 23:38:05.683 9 INFO neutron.wsgi [-] 10.0.0.28 "GET / HTTP/1.1" status: 200 len: 246 time: 0.0025809
2026-04-28 23:38:05.683 10 INFO neutron.wsgi [-] 10.0.0.28 "GET / HTTP/1.1" status: 200 len: 246 time: 0.0026901
2026-04-28 23:38:05.771 10 INFO neutron.wsgi [None req-fb8cf481-08bb-42df-8cb8-25a66ca59b9c 49647566f8344212900b0d9c75594dfa fbaf295fef794a3186a0edb979076ccd - - default default] 10.0.0.75 "GET /v2.0/floatingips HTTP/1.1" status: 200 len: 212 time: 0.0217144
2026-04-28 23:38:05.794 10 INFO neutron.wsgi [None req-8cc54508-66e6-4fd6-9c3b-c2f232c043dd 49647566f8344212900b0d9c75594dfa fbaf295fef794a3186a0edb979076ccd - - default default] 10.0.0.75 "GET /v2.0/routers HTTP/1.1" status: 200 len: 208 time: 0.0186338
2026-04-28 23:38:05.824 10 INFO neutron.wsgi [None req-935b5bd2-7f33-44ee-8499-b6401c2f2975 49647566f8344212900b0d9c75594dfa fbaf295fef794a3186a0edb979076ccd - - default default] 10.0.0.75 "GET /v2.0/ports HTTP/1.1" status: 200 len: 5274 time: 0.0258069
2026-04-28 23:38:05.878 9 INFO neutron.wsgi [None req-f9c0f861-8b08-4f71-9219-8b51f6ca809c 49647566f8344212900b0d9c75594dfa fbaf295fef794a3186a0edb979076ccd - - default default] 10.0.0.75 "GET /v2.0/subnets HTTP/1.1" status: 200 len: 1456 time: 0.0493948
2026-04-28 23:38:05.939 9 INFO neutron.wsgi [None req-bc6838bf-5215-4b56-bde4-e24a588a2f6a 49647566f8344212900b0d9c75594dfa fbaf295fef794a3186a0edb979076ccd - - default default] 10.0.0.75 "GET /v2.0/networks HTTP/1.1" status: 200 len: 2369 time: 0.0567958
2026-04-28 23:38:06.001 9 INFO neutron.wsgi [None req-cdb74fa5-cecf-4471-ad85-0864a4494a17 49647566f8344212900b0d9c75594dfa fbaf295fef794a3186a0edb979076ccd - - default default] 10.0.0.75 "GET /v2.0/security-groups HTTP/1.1" status: 200 len: 16822 time: 0.0585415
2026-04-28 23:38:06.018 9 INFO neutron.wsgi [None req-89af0ae3-9255-4651-96c7-4cf0ba55ad26 49647566f8344212900b0d9c75594dfa fbaf295fef794a3186a0edb979076ccd - - default default] 10.0.0.75 "GET /v2.0/subnetpools HTTP/1.1" status: 200 len: 212 time: 0.0121648
2026-04-28 23:38:20.685 9 INFO neutron.wsgi [-] 10.0.0.28 "GET / HTTP/1.1" status: 200 len: 246 time: 0.0016885
2026-04-28 23:38:20.685 10 INFO neutron.wsgi [-] 10.0.0.28 "GET / HTTP/1.1" status: 200 len: 246 time: 0.0016131
2026-04-28 23:38:27.047 15 INFO neutron.plugins.ml2.drivers.ovn.mech_driver.ovsdb.maintenance [None req-3f5b222d-13b2-411f-9464-59ade3b8f146 - - - - - -] Maintenance task: Synchronization finished (took 0.19 seconds)
2026-04-28 23:38:35.682 9 INFO neutron.wsgi [-] 10.0.0.28 "GET / HTTP/1.1" status: 200 len: 246 time: 0.0016992
2026-04-28 23:38:35.682 10 INFO neutron.wsgi [-] 10.0.0.28 "GET / HTTP/1.1" status: 200 len: 246 time: 0.0016751
2026-04-28 23:38:49.208 10 INFO neutron.wsgi [None req-dd10df38-656d-49f9-beeb-c9a9eace4607 49647566f8344212900b0d9c75594dfa fbaf295fef794a3186a0edb979076ccd - - default default] 10.0.0.205 "GET /v2.0/routers HTTP/1.1" status: 200 len: 189 time: 0.1300788
2026-04-28 23:38:49.265 10 INFO neutron.wsgi [None req-ee31f259-0d7c-4338-b715-209f50c951e5 49647566f8344212900b0d9c75594dfa fbaf295fef794a3186a0edb979076ccd - - default default] 10.0.0.205 "GET /v2.0/agents?binary=ovn-controller HTTP/1.1" status: 200 len: 591 time: 0.0556860
2026-04-28 23:38:49.281 10 INFO neutron.wsgi [None req-e5bcd229-3eaa-480a-9883-2666e8fa604a 49647566f8344212900b0d9c75594dfa fbaf295fef794a3186a0edb979076ccd - - default default] 10.0.0.205 "GET /v2.0/agents HTTP/1.1" status: 200 len: 997 time: 0.0154700
2026-04-28 23:38:49.319 10 INFO neutron.wsgi [None req-390010bd-cd2f-48f6-b31d-53285518d4f7 49647566f8344212900b0d9c75594dfa fbaf295fef794a3186a0edb979076ccd - - default default] 10.0.0.205 "GET /v2.0/subnets HTTP/1.1" status: 200 len: 1437 time: 0.0358484
2026-04-28 23:38:49.334 10 INFO neutron.wsgi [None req-4c7ea5bd-44f7-4f22-9698-ad57dbc20a15 49647566f8344212900b0d9c75594dfa fbaf295fef794a3186a0edb979076ccd - - default default] 10.0.0.205 "GET /v2.0/subnetpools HTTP/1.1" status: 200 len: 193 time: 0.0150409
2026-04-28 23:38:49.417 10 INFO neutron.wsgi [None req-513b4590-b813-4ba3-9a9a-5818a8e23bcd 49647566f8344212900b0d9c75594dfa fbaf295fef794a3186a0edb979076ccd - - default default] 10.0.0.205 "GET /v2.0/security-groups HTTP/1.1" status: 200 len: 16803 time: 0.0815258
2026-04-28 23:38:49.466 10 INFO neutron.wsgi [None req-33eff8e6-c206-495b-871a-0bbf54d37d6c 49647566f8344212900b0d9c75594dfa fbaf295fef794a3186a0edb979076ccd - - default default] 10.0.0.205 "GET /v2.0/ports HTTP/1.1" status: 200 len: 5255 time: 0.0428424
2026-04-28 23:38:49.488 10 INFO neutron.wsgi [None req-e794d4d5-af20-4174-86d3-a9b9ae37cc81 49647566f8344212900b0d9c75594dfa fbaf295fef794a3186a0edb979076ccd - - default default] 10.0.0.205 "GET /v2.0/network-ip-availabilities HTTP/1.1" status: 200 len: 1280 time: 0.0172818
2026-04-28 23:38:49.513 10 INFO neutron.wsgi [None req-40f2d5b1-0cc4-44a9-81f9-d479c01e019d 49647566f8344212900b0d9c75594dfa fbaf295fef794a3186a0edb979076ccd - - default default] 10.0.0.205 "GET /v2.0/floatingips HTTP/1.1" status: 200 len: 193 time: 0.0240412
2026-04-28 23:38:49.563 10 INFO neutron.wsgi [None req-917b4696-6ef0-4873-8c46-7a6951584e2f 49647566f8344212900b0d9c75594dfa fbaf295fef794a3186a0edb979076ccd - - default default] 10.0.0.205 "GET /v2.0/networks HTTP/1.1" status: 200 len: 2350 time: 0.0494635
2026-04-28 23:38:49.598 10 INFO neutron.wsgi [None req-47876d05-d630-4842-8d79-37dca18b3e89 49647566f8344212900b0d9c75594dfa fbaf295fef794a3186a0edb979076ccd - - default default] 10.0.0.205 "GET /v2.0/subnets HTTP/1.1" status: 200 len: 1437 time: 0.0336370
2026-04-28 23:38:50.682 10 INFO neutron.wsgi [-] 10.0.0.28 "GET / HTTP/1.1" status: 200 len: 246 time: 0.0017872
2026-04-28 23:38:50.684 10 INFO neutron.wsgi [-] 10.0.0.28 "GET / HTTP/1.1" status: 200 len: 246 time: 0.0012379
2026-04-28 23:39:05.681 9 INFO neutron.wsgi [-] 10.0.0.28 "GET / HTTP/1.1" status: 200 len: 246 time: 0.0017681
2026-04-28 23:39:05.683 9 INFO neutron.wsgi [-] 10.0.0.28 "GET / HTTP/1.1" status: 200 len: 246 time: 0.0011990
2026-04-28 23:39:20.681 10 INFO neutron.wsgi [-] 10.0.0.28 "GET / HTTP/1.1" status: 200 len: 246 time: 0.0015695
2026-04-28 23:39:20.681 9 INFO neutron.wsgi [-] 10.0.0.28 "GET / HTTP/1.1" status: 200 len: 246 time: 0.0015783
2026-04-28 23:39:35.683 9 INFO neutron.wsgi [-] 10.0.0.28 "GET / HTTP/1.1" status: 200 len: 246 time: 0.0027266
2026-04-28 23:39:35.684 10 INFO neutron.wsgi [-] 10.0.0.28 "GET / HTTP/1.1" status: 200 len: 246 time: 0.0041509
2026-04-28 23:39:49.154 10 INFO neutron.wsgi [None req-5fa09426-d23a-4b57-ae7a-f3c975116966 49647566f8344212900b0d9c75594dfa fbaf295fef794a3186a0edb979076ccd - - default default] 10.0.0.205 "GET /v2.0/subnets HTTP/1.1" status: 200 len: 1437 time: 0.1217105
2026-04-28 23:39:49.171 10 INFO neutron.wsgi [None req-43ad7050-3cbf-4292-95d3-28fd7b6ab342 49647566f8344212900b0d9c75594dfa fbaf295fef794a3186a0edb979076ccd - - default default] 10.0.0.205 "GET /v2.0/subnetpools HTTP/1.1" status: 200 len: 193 time: 0.0129356
2026-04-28 23:39:49.183 10 INFO neutron.wsgi [None req-8909f3e9-6ba3-4b16-bcae-d616d88c81e4 49647566f8344212900b0d9c75594dfa fbaf295fef794a3186a0edb979076ccd - - default default] 10.0.0.205 "GET /v2.0/network-ip-availabilities HTTP/1.1" status: 200 len: 1280 time: 0.0109665
2026-04-28 23:39:49.207 10 INFO neutron.wsgi [None req-493687aa-cb14-4c75-ac96-19ee9c333beb 49647566f8344212900b0d9c75594dfa fbaf295fef794a3186a0edb979076ccd - - default default] 10.0.0.205 "GET /v2.0/floatingips HTTP/1.1" status: 200 len: 193 time: 0.0230491
2026-04-28 23:39:49.244 10 INFO neutron.wsgi [None req-554f7208-beb7-47f8-9788-666d858d0854 49647566f8344212900b0d9c75594dfa fbaf295fef794a3186a0edb979076ccd - - default default] 10.0.0.205 "GET /v2.0/subnets HTTP/1.1" status: 200 len: 1437 time: 0.0364900
2026-04-28 23:39:49.277 10 INFO neutron.wsgi [None req-61e44426-beae-40fb-bf73-42c0a55ca64b 49647566f8344212900b0d9c75594dfa fbaf295fef794a3186a0edb979076ccd - - default default] 10.0.0.205 "GET /v2.0/ports HTTP/1.1" status: 200 len: 5255 time: 0.0309827
2026-04-28 23:39:49.313 10 INFO neutron.wsgi [None req-ae5ab2dd-1e3d-426b-b2d5-e761ceebfd09 49647566f8344212900b0d9c75594dfa fbaf295fef794a3186a0edb979076ccd - - default default] 10.0.0.205 "GET /v2.0/routers HTTP/1.1" status: 200 len: 189 time: 0.0315709
2026-04-28 23:39:49.344 10 INFO neutron.wsgi [None req-ff5e806a-2e08-4265-ac75-893461f054dd 49647566f8344212900b0d9c75594dfa fbaf295fef794a3186a0edb979076ccd - - default default] 10.0.0.205 "GET /v2.0/agents?binary=ovn-controller HTTP/1.1" status: 200 len: 591 time: 0.0305541
2026-04-28 23:39:49.354 10 INFO neutron.wsgi [None req-5bcdab8e-8e65-49d8-8f0c-5210d153ff05 49647566f8344212900b0d9c75594dfa fbaf295fef794a3186a0edb979076ccd - - default default] 10.0.0.205 "GET /v2.0/agents HTTP/1.1" status: 200 len: 997 time: 0.0091670
2026-04-28 23:39:49.419 10 INFO neutron.wsgi [None req-9efa3f19-e0b4-45e7-a367-89f82481db76 49647566f8344212900b0d9c75594dfa fbaf295fef794a3186a0edb979076ccd - - default default] 10.0.0.205 "GET /v2.0/networks HTTP/1.1" status: 200 len: 2350 time: 0.0594506
2026-04-28 23:39:49.489 10 INFO neutron.wsgi [None req-0119ca38-6de9-4aac-b9d5-7d59136f72c3 49647566f8344212900b0d9c75594dfa fbaf295fef794a3186a0edb979076ccd - - default default] 10.0.0.205 "GET /v2.0/security-groups HTTP/1.1" status: 200 len: 16803 time: 0.0665352
2026-04-28 23:39:50.682 10 INFO neutron.wsgi [-] 10.0.0.28 "GET / HTTP/1.1" status: 200 len: 246 time: 0.0024118
2026-04-28 23:39:50.684 10 INFO neutron.wsgi [-] 10.0.0.28 "GET / HTTP/1.1" status: 200 len: 246 time: 0.0012386
2026-04-28 23:40:05.683 10 INFO neutron.wsgi [-] 10.0.0.28 "GET / HTTP/1.1" status: 200 len: 246 time: 0.0027454
2026-04-28 23:40:05.685 9 INFO neutron.wsgi [-] 10.0.0.28 "GET / HTTP/1.1" status: 200 len: 246 time: 0.0040307
2026-04-28 23:40:20.682 10 INFO neutron.wsgi [-] 10.0.0.28 "GET / HTTP/1.1" status: 200 len: 246 time: 0.0022624
2026-04-28 23:40:20.683 9 INFO neutron.wsgi [-] 10.0.0.28 "GET / HTTP/1.1" status: 200 len: 246 time: 0.0034451
2026-04-28 23:40:35.683 9 INFO neutron.wsgi [-] 10.0.0.28 "GET / HTTP/1.1" status: 200 len: 246 time: 0.0024951
2026-04-28 23:40:35.683 10 INFO neutron.wsgi [-] 10.0.0.28 "GET / HTTP/1.1" status: 200 len: 246 time: 0.0024025
2026-04-28 23:40:49.185 10 INFO neutron.wsgi [None req-c29c6a95-3f9f-4bd6-b343-ef60920dc44c 49647566f8344212900b0d9c75594dfa fbaf295fef794a3186a0edb979076ccd - - default default] 10.0.0.205 "GET /v2.0/security-groups HTTP/1.1" status: 200 len: 16803 time: 0.1329288
2026-04-28 23:40:49.212 10 INFO neutron.wsgi [None req-8b7902d5-0562-4372-bb02-be8b5f74c815 49647566f8344212900b0d9c75594dfa fbaf295fef794a3186a0edb979076ccd - - default default] 10.0.0.205 "GET /v2.0/routers HTTP/1.1" status: 200 len: 189 time: 0.0235574
2026-04-28 23:40:49.257 10 INFO neutron.wsgi [None req-dcac8f0c-7954-4d43-8614-d7e17fc1cdf8 49647566f8344212900b0d9c75594dfa fbaf295fef794a3186a0edb979076ccd - - default default] 10.0.0.205 "GET /v2.0/agents?binary=ovn-controller HTTP/1.1" status: 200 len: 591 time: 0.0419879
2026-04-28 23:40:49.269 10 INFO neutron.wsgi [None req-302416c4-7c56-4d9b-a911-e64bb1ae8e3b 49647566f8344212900b0d9c75594dfa fbaf295fef794a3186a0edb979076ccd - - default default] 10.0.0.205 "GET /v2.0/agents HTTP/1.1" status: 200 len: 997 time: 0.0104876
2026-04-28 23:40:49.279 10 INFO neutron.wsgi [None req-b2cddb33-6d13-4a56-98a3-0a447db36e69 49647566f8344212900b0d9c75594dfa fbaf295fef794a3186a0edb979076ccd - - default default] 10.0.0.205 "GET /v2.0/network-ip-availabilities HTTP/1.1" status: 200 len: 1280 time: 0.0100267
2026-04-28 23:40:49.306 10 INFO neutron.wsgi [None req-eddc0093-84f0-4679-8b19-114e447ea86b 49647566f8344212900b0d9c75594dfa fbaf295fef794a3186a0edb979076ccd - - default default] 10.0.0.205 "GET /v2.0/floatingips HTTP/1.1" status: 200 len: 193 time: 0.0249627
2026-04-28 23:40:49.366 10 INFO neutron.wsgi [None req-6f77baa1-3865-4707-bf5f-6e53f40399cc 49647566f8344212900b0d9c75594dfa fbaf295fef794a3186a0edb979076ccd - - default default] 10.0.0.205 "GET /v2.0/networks HTTP/1.1" status: 200 len: 2350 time: 0.0594614
