2026-04-28 23:32:55.855 9 INFO neutron.wsgi [None req-be0ca26f-aa70-471e-a0dd-a530b514ecae 1d8265fddafd4c948807b641b64fb931 a87a0a40d41c4029b9e83d6c32bfa9f9 - - - -] 10.0.0.75 "POST /v2.0/security-group-rules HTTP/1.1" status: 201 len: 774 time: 0.1803958
2026-04-28 23:32:55.907 10 INFO neutron.db.securitygroups_db [None req-d732a1ef-7090-412d-9fb6-b87f27ed6306 1d8265fddafd4c948807b641b64fb931 a87a0a40d41c4029b9e83d6c32bfa9f9 - - - -] Project a87a0a40d41c4029b9e83d6c32bfa9f9 added a security group rule with legacy IPv6 ICMP protocol name icmp, ipv6-icmp should be used instead. It was automatically converted.
2026-04-28 23:32:56.031 10 WARNING neutron.scheduler.dhcp_agent_scheduler [None req-e787723a-dc1c-47f8-8a5c-cc29c5b03d6e 2d790e9f2ee44dc6818968fd5016d1aa cb87081825d6430285c60bada9c47298 - - - -] No more DHCP agents
2026-04-28 23:32:56.033 10 WARNING neutron.api.rpc.agentnotifiers.dhcp_rpc_agent_api [None req-e787723a-dc1c-47f8-8a5c-cc29c5b03d6e 2d790e9f2ee44dc6818968fd5016d1aa cb87081825d6430285c60bada9c47298 - - - -] Unable to schedule network 5e370eb9-ae7c-46ed-985b-3cde72cc1b74: no agents available; will retry on subsequent port and subnet creation events.
2026-04-28 23:32:56.071 10 INFO neutron.db.ovn_revision_numbers_db [None req-d732a1ef-7090-412d-9fb6-b87f27ed6306 1d8265fddafd4c948807b641b64fb931 a87a0a40d41c4029b9e83d6c32bfa9f9 - - - -] Successfully bumped revision number for resource 1126424b-b8de-4f95-bec0-40dab90eeb22 (type: security_group_rules) to 0
2026-04-28 23:32:56.098 10 INFO neutron.wsgi [None req-d732a1ef-7090-412d-9fb6-b87f27ed6306 1d8265fddafd4c948807b641b64fb931 a87a0a40d41c4029b9e83d6c32bfa9f9 - - - -] 10.0.0.75 "POST /v2.0/security-group-rules HTTP/1.1" status: 201 len: 773 time: 0.2354364
2026-04-28 23:32:56.099 10 INFO neutron.db.ovn_revision_numbers_db [None req-e787723a-dc1c-47f8-8a5c-cc29c5b03d6e 2d790e9f2ee44dc6818968fd5016d1aa cb87081825d6430285c60bada9c47298 - - - -] Successfully bumped revision number for resource 56be5a31-72dc-48a6-8375-1dfab97d29dd (type: ports) to 1
2026-04-28 23:32:56.119 10 INFO neutron.wsgi [None req-e787723a-dc1c-47f8-8a5c-cc29c5b03d6e 2d790e9f2ee44dc6818968fd5016d1aa cb87081825d6430285c60bada9c47298 - - - -] 10.0.0.75 "POST /v2.0/networks HTTP/1.1" status: 201 len: 833 time: 0.8258624
2026-04-28 23:32:56.199 10 INFO neutron.db.segments_db [None req-94cac8cb-2788-4311-abee-036989e7105c 2d790e9f2ee44dc6818968fd5016d1aa cb87081825d6430285c60bada9c47298 - - - -] Added segment dc9c096e-304d-4bca-8205-40ad81ef3a2d of type geneve for network 43da5b1b-f1b2-43d5-adfa-a16ea965aeca
2026-04-28 23:32:56.240 9 INFO neutron.wsgi [None req-51d74d06-1330-43a8-8180-9707495e584b 49647566f8344212900b0d9c75594dfa fbaf295fef794a3186a0edb979076ccd - - - -] 10.0.0.75 "PUT /v2.0/routers/fb667f74-f8f5-403c-ac29-f5df3d099d5f/remove_router_interface HTTP/1.1" status: 200 len: 503 time: 1.0019469 /var/lib/openstack/lib/python3.10/site-packages/pycadf/identifier.py:71: UserWarning: Invalid uuid: neutron. To ensure interoperability, identifiers should be a valid uuid. warnings.warn(('Invalid uuid: %s. To ensure interoperability, '
2026-04-28 23:32:56.323 10 INFO neutron.db.ovn_revision_numbers_db [None req-94cac8cb-2788-4311-abee-036989e7105c 2d790e9f2ee44dc6818968fd5016d1aa cb87081825d6430285c60bada9c47298 - - - -] Successfully bumped revision number for resource 43da5b1b-f1b2-43d5-adfa-a16ea965aeca (type: networks) to 1
2026-04-28 23:32:56.507 10 WARNING neutron.scheduler.dhcp_agent_scheduler [None req-94cac8cb-2788-4311-abee-036989e7105c 2d790e9f2ee44dc6818968fd5016d1aa cb87081825d6430285c60bada9c47298 - - - -] No more DHCP agents
2026-04-28 23:32:56.510 10 WARNING neutron.api.rpc.agentnotifiers.dhcp_rpc_agent_api [None req-94cac8cb-2788-4311-abee-036989e7105c 2d790e9f2ee44dc6818968fd5016d1aa cb87081825d6430285c60bada9c47298 - - - -] Unable to schedule network 43da5b1b-f1b2-43d5-adfa-a16ea965aeca: no agents available; will retry on subsequent port and subnet creation events.
2026-04-28 23:32:56.579 10 INFO neutron.db.ovn_revision_numbers_db [None req-94cac8cb-2788-4311-abee-036989e7105c 2d790e9f2ee44dc6818968fd5016d1aa cb87081825d6430285c60bada9c47298 - - - -] Successfully bumped revision number for resource e089ca0f-a27d-4f62-a5c5-4c146e128f70 (type: ports) to 1
2026-04-28 23:32:56.599 10 INFO neutron.wsgi [None req-94cac8cb-2788-4311-abee-036989e7105c 2d790e9f2ee44dc6818968fd5016d1aa cb87081825d6430285c60bada9c47298 - - - -] 10.0.0.75 "POST /v2.0/networks HTTP/1.1" status: 201 len: 833 time: 0.4746099
2026-04-28 23:32:56.787 9 INFO neutron.wsgi [None req-b226fe0e-c5d1-4409-8a92-3186f0a705cd 1d8265fddafd4c948807b641b64fb931 a87a0a40d41c4029b9e83d6c32bfa9f9 - - default default] 10.0.0.75 "GET /v2.0/networks HTTP/1.1" status: 200 len: 1493 time: 0.3278480
2026-04-28 23:32:56.901 9 INFO neutron.wsgi [None req-b7b7924b-ae6a-4a72-a360-2637f797286f 49647566f8344212900b0d9c75594dfa fbaf295fef794a3186a0edb979076ccd - - - -] 10.0.0.75 "DELETE /v2.0/routers/fb667f74-f8f5-403c-ac29-f5df3d099d5f HTTP/1.1" status: 204 len: 168 time: 0.6537848
2026-04-28 23:32:56.918 10 WARNING neutron.scheduler.dhcp_agent_scheduler [None req-90efa10e-4aca-41ea-acfa-53665847f536 2d790e9f2ee44dc6818968fd5016d1aa cb87081825d6430285c60bada9c47298 - - - -] No more DHCP agents
2026-04-28 23:32:56.924 10 WARNING neutron.api.rpc.agentnotifiers.dhcp_rpc_agent_api [None req-90efa10e-4aca-41ea-acfa-53665847f536 2d790e9f2ee44dc6818968fd5016d1aa cb87081825d6430285c60bada9c47298 - - - -] Unable to schedule network 5e370eb9-ae7c-46ed-985b-3cde72cc1b74: no agents available; will retry on subsequent port and subnet creation events.
2026-04-28 23:32:56.929 10 INFO neutron.wsgi [req-bcafc622-a482-4c21-9d1c-461289dc59ee req-b64d5ebd-1544-491b-9216-a6792f1830a3 1d8265fddafd4c948807b641b64fb931 a87a0a40d41c4029b9e83d6c32bfa9f9 - - default default] 10.0.0.44 "GET /v2.0/security-groups?name=tempest-secgroup-smoke-411904708&fields=id&tenant_id=a87a0a40d41c4029b9e83d6c32bfa9f9 HTTP/1.1" status: 200 len: 267 time: 0.0743928
2026-04-28 23:32:56.957 10 INFO neutron.db.ovn_revision_numbers_db [None req-90efa10e-4aca-41ea-acfa-53665847f536 2d790e9f2ee44dc6818968fd5016d1aa cb87081825d6430285c60bada9c47298 - - - -] Successfully bumped revision number for resource 35997d2e-ecb7-485a-9f06-cda3b759c3f9 (type: subnets) to 0
2026-04-28 23:32:56.989 10 INFO neutron.wsgi [None req-90efa10e-4aca-41ea-acfa-53665847f536 2d790e9f2ee44dc6818968fd5016d1aa cb87081825d6430285c60bada9c47298 - - - -] 10.0.0.75 "POST /v2.0/subnets HTTP/1.1" status: 201 len: 821 time: 0.3837523
2026-04-28 23:32:57.289 10 INFO neutron.wsgi [None req-bb496b35-f0ea-4fed-b850-19805c0e7a84 f7b51fb2058c4a73afb62671e5fa44e4 53d2f0015c7d4f11aa7be52360768e30 - - - -] 10.0.0.75 "POST /v2.0/subnetpools HTTP/1.1" status: 201 len: 747 time: 0.4376345
2026-04-28 23:32:57.300 10 INFO neutron.wsgi [req-bcafc622-a482-4c21-9d1c-461289dc59ee req-118c586b-64f8-47b6-af98-87a04f9f520e 1d8265fddafd4c948807b641b64fb931 a87a0a40d41c4029b9e83d6c32bfa9f9 - - default default] 10.0.0.44 "GET /v2.0/networks?id=4d5c7c18-2d24-41c8-8a94-960a54f6c588 HTTP/1.1" status: 200 len: 860 time: 0.3590984
2026-04-28 23:32:57.318 10 INFO neutron.wsgi [req-bcafc622-a482-4c21-9d1c-461289dc59ee req-50f20f7e-872d-484e-991d-1c4783476b54 1d8265fddafd4c948807b641b64fb931 a87a0a40d41c4029b9e83d6c32bfa9f9 - - default default] 10.0.0.44 "GET /v2.0/quotas/a87a0a40d41c4029b9e83d6c32bfa9f9 HTTP/1.1" status: 200 len: 386 time: 0.0109482
2026-04-28 23:32:57.338 9 INFO neutron.wsgi [None req-25c46207-d2a1-45bd-95a4-86e01548c88c f7b51fb2058c4a73afb62671e5fa44e4 53d2f0015c7d4f11aa7be52360768e30 - - default default] 10.0.0.75 "GET /v2.0/subnetpools/55a644c1-d820-4196-a968-cce3708c65d8 HTTP/1.1" status: 200 len: 742 time: 0.0407572
2026-04-28 23:32:57.368 9 INFO neutron.wsgi [None req-1cf0089c-4ef2-4dd2-8046-eabed6d6f48c 49647566f8344212900b0d9c75594dfa fbaf295fef794a3186a0edb979076ccd - - - -] 10.0.0.75 "DELETE /v2.0/subnets/95bd0892-0779-4fe3-a869-197095493b1d HTTP/1.1" status: 204 len: 168 time: 0.4593518
2026-04-28 23:32:57.461 10 INFO neutron.wsgi [None req-3f9245ff-51d7-4af6-9cf4-73cc7bae5d2c f7b51fb2058c4a73afb62671e5fa44e4 53d2f0015c7d4f11aa7be52360768e30 - - - -] 10.0.0.75 "PUT /v2.0/subnetpools/55a644c1-d820-4196-a968-cce3708c65d8 HTTP/1.1" status: 200 len: 695 time: 0.1152768
2026-04-28 23:32:57.466 10 INFO neutron.wsgi [req-bcafc622-a482-4c21-9d1c-461289dc59ee req-9431bfb3-0252-4a7c-981e-13d8d5d5186f 1d8265fddafd4c948807b641b64fb931 a87a0a40d41c4029b9e83d6c32bfa9f9 - - default default] 10.0.0.44 "GET /v2.0/ports?tenant_id=a87a0a40d41c4029b9e83d6c32bfa9f9&fields=id HTTP/1.1" status: 200 len: 302 time: 0.1406167
2026-04-28 23:32:57.514 9 WARNING neutron.scheduler.dhcp_agent_scheduler [None req-e2c91d12-8a72-4d26-9843-808f713146c1 2d790e9f2ee44dc6818968fd5016d1aa cb87081825d6430285c60bada9c47298 - - - -] No more DHCP agents
2026-04-28 23:32:57.518 9 WARNING neutron.api.rpc.agentnotifiers.dhcp_rpc_agent_api [None req-e2c91d12-8a72-4d26-9843-808f713146c1 2d790e9f2ee44dc6818968fd5016d1aa cb87081825d6430285c60bada9c47298 - - - -] Unable to schedule network 43da5b1b-f1b2-43d5-adfa-a16ea965aeca: no agents available; will retry on subsequent port and subnet creation events.
2026-04-28 23:32:57.533 9 INFO neutron.wsgi [None req-4cb23d94-0c03-47f1-95a3-72c076046243 f7b51fb2058c4a73afb62671e5fa44e4 53d2f0015c7d4f11aa7be52360768e30 - - - -] 10.0.0.75 "DELETE /v2.0/subnetpools/55a644c1-d820-4196-a968-cce3708c65d8 HTTP/1.1" status: 204 len: 168 time: 0.0661659
2026-04-28 23:32:57.535 9 INFO neutron.db.ovn_revision_numbers_db [None req-e2c91d12-8a72-4d26-9843-808f713146c1 2d790e9f2ee44dc6818968fd5016d1aa cb87081825d6430285c60bada9c47298 - - - -] Successfully bumped revision number for resource ce37d53c-10b6-4ef2-8daa-7a44f33f2308 (type: subnets) to 0
2026-04-28 23:32:57.547 10 INFO neutron.wsgi [req-bcafc622-a482-4c21-9d1c-461289dc59ee req-d2607306-4f96-4db5-ac60-ce478a07c90d d15560b820ed4631bbf11309f1172a91 9b9e194969dc400b9b6ea9ac672ef246 - - 6c1c1657cc8b4fcbb584322d9dbe07ff 6c1c1657cc8b4fcbb584322d9dbe07ff] 10.0.0.44 "GET /v2.0/networks/4d5c7c18-2d24-41c8-8a94-960a54f6c588?fields=segments HTTP/1.1" status: 200 len: 212 time: 0.0686421
2026-04-28 23:32:57.555 10 INFO neutron.api.v2.resource [None req-f67601ba-749f-4424-8703-d6425065032f f7b51fb2058c4a73afb62671e5fa44e4 53d2f0015c7d4f11aa7be52360768e30 - - default default] show failed (client error): The resource could not be found.
2026-04-28 23:32:57.555 9 INFO neutron.wsgi [None req-e2c91d12-8a72-4d26-9843-808f713146c1 2d790e9f2ee44dc6818968fd5016d1aa cb87081825d6430285c60bada9c47298 - - - -] 10.0.0.75 "POST /v2.0/subnets HTTP/1.1" status: 201 len: 830 time: 0.5616117
2026-04-28 23:32:57.556 10 INFO neutron.wsgi [None req-f67601ba-749f-4424-8703-d6425065032f f7b51fb2058c4a73afb62671e5fa44e4 53d2f0015c7d4f11aa7be52360768e30 - - default default] 10.0.0.75 "GET /v2.0/subnetpools/55a644c1-d820-4196-a968-cce3708c65d8 HTTP/1.1" status: 404 len: 346 time: 0.0165935
2026-04-28 23:32:57.605 10 INFO neutron.api.v2.resource [None req-876d3715-a195-4431-af70-35e223e407cd f7b51fb2058c4a73afb62671e5fa44e4 53d2f0015c7d4f11aa7be52360768e30 - - - -] delete failed (client error): The resource could not be found.
2026-04-28 23:32:57.606 10 INFO neutron.wsgi [None req-876d3715-a195-4431-af70-35e223e407cd f7b51fb2058c4a73afb62671e5fa44e4 53d2f0015c7d4f11aa7be52360768e30 - - - -] 10.0.0.75 "DELETE /v2.0/subnetpools/55a644c1-d820-4196-a968-cce3708c65d8 HTTP/1.1" status: 404 len: 346 time: 0.0334387
2026-04-28 23:32:57.639 10 INFO neutron.wsgi [req-bcafc622-a482-4c21-9d1c-461289dc59ee req-b53e5a9b-2f84-4045-afef-fdfbd3785029 d15560b820ed4631bbf11309f1172a91 9b9e194969dc400b9b6ea9ac672ef246 - - 6c1c1657cc8b4fcbb584322d9dbe07ff 6c1c1657cc8b4fcbb584322d9dbe07ff] 10.0.0.44 "GET /v2.0/networks/4d5c7c18-2d24-41c8-8a94-960a54f6c588?fields=provider%3Aphysical_network&fields=provider%3Anetwork_type HTTP/1.1" status: 200 len: 277 time: 0.0858867
2026-04-28 23:32:57.768 9 INFO neutron.db.ovn_revision_numbers_db [None req-966f692a-83b4-41e1-85cb-4aa2c37b90eb 2d790e9f2ee44dc6818968fd5016d1aa cb87081825d6430285c60bada9c47298 - - - -] Successfully bumped revision number for resource e50ac102-94d9-4ae8-8bef-9979b2f07dbd (type: routers) to 1
2026-04-28 23:32:57.780 10 INFO neutron.services.segments.plugin [-] Segment 7d4176c1-4503-44d0-939b-b886238129c8 resource provider aggregate not found
2026-04-28 23:32:57.785 9 INFO neutron.wsgi [None req-966f692a-83b4-41e1-85cb-4aa2c37b90eb 2d790e9f2ee44dc6818968fd5016d1aa cb87081825d6430285c60bada9c47298 - - - -] 10.0.0.75 "POST /v2.0/routers HTTP/1.1" status: 201 len: 690 time: 0.2240765
2026-04-28 23:32:57.786 10 INFO neutron.services.segments.plugin [-] Segment 7d4176c1-4503-44d0-939b-b886238129c8 resource provider aggregate not found
2026-04-28 23:32:57.807 10 INFO neutron.services.segments.plugin [-] Segment 7d4176c1-4503-44d0-939b-b886238129c8 resource provider not found; error: Placement Client Error (4xx): {"errors": [{"status": 404, "title": "Not Found", "detail": "The resource could not be found.\n\n No resource provider with uuid 7d4176c1-4503-44d0-939b-b886238129c8 found for delete ", "request_id": "req-31547496-1bac-4be2-893c-3df3ddb1c385"}]}
2026-04-28 23:32:57.807 10 INFO neutron.services.segments.plugin [-] Segment 7d4176c1-4503-44d0-939b-b886238129c8 resource provider not found; error: Placement Client Error (4xx): {"errors": [{"status": 404, "title": "Not Found", "detail": "The resource could not be found.\n\n No resource provider with uuid 7d4176c1-4503-44d0-939b-b886238129c8 found for delete ", "request_id": "req-3c14d859-f5ed-4298-8eb0-c015e81655b0"}]}
2026-04-28 23:32:57.809 10 INFO neutron.wsgi [req-3ec7157b-1cec-4fab-bf0f-ce4f22b63bea req-dae25e40-145b-4220-86ea-30712d8fc4ba 1d8265fddafd4c948807b641b64fb931 a87a0a40d41c4029b9e83d6c32bfa9f9 - - default default] 10.0.0.44 "GET /v2.0/ports?device_id=1f89cd70-8737-4812-ab3b-45a607eb8bce HTTP/1.1" status: 200 len: 210 time: 0.0460753
2026-04-28 23:32:57.830 10 INFO neutron.wsgi [None req-6d0aeaf6-bff2-4392-b9ee-97ffe103251c 49647566f8344212900b0d9c75594dfa fbaf295fef794a3186a0edb979076ccd - - - -] 10.0.0.75 "DELETE /v2.0/networks/a106ef70-62dd-46fe-a138-99404d849f22 HTTP/1.1" status: 204 len: 168 time: 0.4538951
2026-04-28 23:32:58.004 10 INFO neutron.wsgi [None req-4ef026aa-de73-4741-b564-7965556a6721 49647566f8344212900b0d9c75594dfa fbaf295fef794a3186a0edb979076ccd - - default default] 10.0.0.75 "GET /v2.0/security-groups?tenant_id=644498924b664aa78422f38c9a2004fe&name=default HTTP/1.1" status: 200 len: 2996 time: 0.0289769
2026-04-28 23:32:58.204 10 INFO neutron.wsgi [None req-729a258a-7cfa-4f1d-826a-10a31c6019cf 49647566f8344212900b0d9c75594dfa fbaf295fef794a3186a0edb979076ccd - - - -] 10.0.0.75 "DELETE /v2.0/security-groups/2242822c-29dc-4c66-bc96-f2062c53f0be HTTP/1.1" status: 204 len: 168 time: 0.1948373
2026-04-28 23:32:58.209 9 WARNING neutron.scheduler.dhcp_agent_scheduler [None req-87732928-214d-4108-8da4-0426ff407bfd 2d790e9f2ee44dc6818968fd5016d1aa cb87081825d6430285c60bada9c47298 - - default default] No more DHCP agents
2026-04-28 23:32:58.211 9 WARNING neutron.api.rpc.agentnotifiers.dhcp_rpc_agent_api [None req-87732928-214d-4108-8da4-0426ff407bfd 2d790e9f2ee44dc6818968fd5016d1aa cb87081825d6430285c60bada9c47298 - - default default] Unable to schedule network 5e370eb9-ae7c-46ed-985b-3cde72cc1b74: no agents available; will retry on subsequent port and subnet creation events.
2026-04-28 23:32:58.307 9 INFO neutron.db.ovn_revision_numbers_db [None req-87732928-214d-4108-8da4-0426ff407bfd 2d790e9f2ee44dc6818968fd5016d1aa cb87081825d6430285c60bada9c47298 - - default default] Successfully bumped revision number for resource 985e4e5b-08cd-4f2e-9b49-f1d27f30c755 (type: ports) to 1
2026-04-28 23:32:58.382 10 INFO neutron.db.ovn_revision_numbers_db [None req-a7c69c57-b9bd-440c-997d-8fc0a87edb32 49647566f8344212900b0d9c75594dfa fbaf295fef794a3186a0edb979076ccd - - default default] Successfully bumped revision number for resource 7d385dcd-380c-4c7b-a360-fe89f1802d56 (type: security_groups) to 1
2026-04-28 23:32:58.407 10 INFO neutron.wsgi [None req-a7c69c57-b9bd-440c-997d-8fc0a87edb32 49647566f8344212900b0d9c75594dfa fbaf295fef794a3186a0edb979076ccd - - default default] 10.0.0.75 "GET /v2.0/security-groups?tenant_id=53d2f0015c7d4f11aa7be52360768e30&name=default HTTP/1.1" status: 200 len: 2996 time: 0.2527966
2026-04-28 23:32:58.516 9 INFO neutron.wsgi [req-bcafc622-a482-4c21-9d1c-461289dc59ee req-f355fcf0-3681-484f-8191-6c6a6135cf9d 1d8265fddafd4c948807b641b64fb931 a87a0a40d41c4029b9e83d6c32bfa9f9 - - default default] 199.204.45.49 "GET /v2.0/networks?id=4d5c7c18-2d24-41c8-8a94-960a54f6c588 HTTP/1.1" status: 200 len: 860 time: 0.0915613
2026-04-28 23:32:58.594 9 INFO neutron.wsgi [req-bcafc622-a482-4c21-9d1c-461289dc59ee req-ea39b940-dedb-43a8-be31-e88d5a5abfb3 1d8265fddafd4c948807b641b64fb931 a87a0a40d41c4029b9e83d6c32bfa9f9 - - default default] 199.204.45.49 "GET /v2.0/security-groups?fields=id&fields=name&tenant_id=a87a0a40d41c4029b9e83d6c32bfa9f9 HTTP/1.1" status: 200 len: 379 time: 0.0625050
2026-04-28 23:32:58.601 10 INFO neutron.wsgi [None req-86fc6df4-ed4c-4129-8222-bb9dbc07e3d2 49647566f8344212900b0d9c75594dfa fbaf295fef794a3186a0edb979076ccd - - - -] 10.0.0.75 "DELETE /v2.0/security-groups/7d385dcd-380c-4c7b-a360-fe89f1802d56 HTTP/1.1" status: 204 len: 168 time: 0.1882701
2026-04-28 23:32:58.756 9 INFO neutron.db.ovn_revision_numbers_db [None req-87732928-214d-4108-8da4-0426ff407bfd 2d790e9f2ee44dc6818968fd5016d1aa cb87081825d6430285c60bada9c47298 - - default default] Successfully bumped revision number for resource 985e4e5b-08cd-4f2e-9b49-f1d27f30c755 (type: router_ports) to 2
2026-04-28 23:32:58.888 9 INFO neutron.db.ovn_revision_numbers_db [None req-87732928-214d-4108-8da4-0426ff407bfd 2d790e9f2ee44dc6818968fd5016d1aa cb87081825d6430285c60bada9c47298 - - default default] Successfully bumped revision number for resource 985e4e5b-08cd-4f2e-9b49-f1d27f30c755 (type: ports) to 2
2026-04-28 23:32:58.894 10 INFO neutron.wsgi [req-c2ed5f11-f5f9-400d-b68b-976e074103f2 req-ce93474c-9077-4647-8e8a-0b7bf60e4546 1d8265fddafd4c948807b641b64fb931 a87a0a40d41c4029b9e83d6c32bfa9f9 - - default default] 10.0.0.44 "GET /v2.0/ports?device_id=1f89cd70-8737-4812-ab3b-45a607eb8bce HTTP/1.1" status: 200 len: 210 time: 0.0218449
2026-04-28 23:32:58.981 9 WARNING neutron.scheduler.dhcp_agent_scheduler [None req-87732928-214d-4108-8da4-0426ff407bfd 2d790e9f2ee44dc6818968fd5016d1aa cb87081825d6430285c60bada9c47298 - - default default] No more DHCP agents
2026-04-28 23:32:58.985 9 WARNING neutron.api.rpc.agentnotifiers.dhcp_rpc_agent_api [None req-87732928-214d-4108-8da4-0426ff407bfd 2d790e9f2ee44dc6818968fd5016d1aa cb87081825d6430285c60bada9c47298 - - default default] Unable to schedule network 5e370eb9-ae7c-46ed-985b-3cde72cc1b74: no agents available; will retry on subsequent port and subnet creation events.
2026-04-28 23:32:59.013 9 WARNING neutron.scheduler.dhcp_agent_scheduler [None req-04c16d07-2ec8-425d-b77f-b23e1788a986 1d8265fddafd4c948807b641b64fb931 a87a0a40d41c4029b9e83d6c32bfa9f9 - - - -] No more DHCP agents
2026-04-28 23:32:59.017 9 WARNING neutron.api.rpc.agentnotifiers.dhcp_rpc_agent_api [None req-04c16d07-2ec8-425d-b77f-b23e1788a986 1d8265fddafd4c948807b641b64fb931 a87a0a40d41c4029b9e83d6c32bfa9f9 - - - -] Unable to schedule network 4d5c7c18-2d24-41c8-8a94-960a54f6c588: no agents available; will retry on subsequent port and subnet creation events.
2026-04-28 23:32:59.204 9 INFO neutron.db.ovn_revision_numbers_db [None req-04c16d07-2ec8-425d-b77f-b23e1788a986 1d8265fddafd4c948807b641b64fb931 a87a0a40d41c4029b9e83d6c32bfa9f9 - - - -] Successfully bumped revision number for resource 2b0690c4-520c-41ec-b03d-49f55297034b (type: ports) to 1
2026-04-28 23:32:59.211 9 INFO neutron.db.ovn_revision_numbers_db [None req-87732928-214d-4108-8da4-0426ff407bfd 2d790e9f2ee44dc6818968fd5016d1aa cb87081825d6430285c60bada9c47298 - - - -] Successfully bumped revision number for resource 985e4e5b-08cd-4f2e-9b49-f1d27f30c755 (type: router_ports) to 2
2026-04-28 23:32:59.213 9 INFO neutron.wsgi [None req-87732928-214d-4108-8da4-0426ff407bfd 2d790e9f2ee44dc6818968fd5016d1aa cb87081825d6430285c60bada9c47298 - - - -] 10.0.0.75 "PUT /v2.0/routers/e50ac102-94d9-4ae8-8bef-9979b2f07dbd/add_router_interface HTTP/1.1" status: 200 len: 503 time: 1.4230433 /var/lib/openstack/lib/python3.10/site-packages/pycadf/identifier.py:71: UserWarning: Invalid uuid: neutron. To ensure interoperability, identifiers should be a valid uuid. warnings.warn(('Invalid uuid: %s. To ensure interoperability, '
2026-04-28 23:32:59.244 9 INFO neutron.wsgi [None req-04c16d07-2ec8-425d-b77f-b23e1788a986 1d8265fddafd4c948807b641b64fb931 a87a0a40d41c4029b9e83d6c32bfa9f9 - - - -] 199.204.45.49 "POST /v2.0/ports HTTP/1.1" status: 201 len: 1158 time: 0.6411200
2026-04-28 23:32:59.330 9 INFO neutron.wsgi [None req-b06d40a2-e4e4-4b25-9819-b51190524ebc 2d790e9f2ee44dc6818968fd5016d1aa cb87081825d6430285c60bada9c47298 - - default default] 10.0.0.75 "GET /v2.0/ports/985e4e5b-08cd-4f2e-9b49-f1d27f30c755 HTTP/1.1" status: 200 len: 1139 time: 0.1118731
2026-04-28 23:32:59.641 9 WARNING neutron.plugins.ml2.drivers.ovn.mech_driver.ovsdb.ovn_client [None req-2a68c9da-2f29-495c-b3e5-4be7c2cc46c4 - - - - - -] No hosting information found for port aaf001ad-65e0-4cd2-b1cc-d941e2b9f306: RuntimeError: No hosting information found for port aaf001ad-65e0-4cd2-b1cc-d941e2b9f306
2026-04-28 23:32:59.641 9 INFO neutron.plugins.ml2.drivers.ovn.mech_driver.mech_driver [None req-2a68c9da-2f29-495c-b3e5-4be7c2cc46c4 - - - - - -] OVN reports status up for port: 985e4e5b-08cd-4f2e-9b49-f1d27f30c755
2026-04-28 23:32:59.682 9 INFO neutron.plugins.ml2.plugin [None req-2a68c9da-2f29-495c-b3e5-4be7c2cc46c4 - - - - - -] Attempt 1 to provision port 985e4e5b-08cd-4f2e-9b49-f1d27f30c755
2026-04-28 23:32:59.993 10 INFO neutron.wsgi [req-6dc679a7-c5e5-428d-9c45-7e85facfb657 req-5157f945-7760-465d-88bf-d311fa10c005 1d8265fddafd4c948807b641b64fb931 a87a0a40d41c4029b9e83d6c32bfa9f9 - - default default] 10.0.0.44 "GET /v2.0/ports?device_id=1f89cd70-8737-4812-ab3b-45a607eb8bce HTTP/1.1" status: 200 len: 1168 time: 0.0373034
2026-04-28 23:33:00.029 10 INFO neutron.wsgi [req-6dc679a7-c5e5-428d-9c45-7e85facfb657 req-a4fb4368-b6e8-4a50-86f6-e427143eb6c3 1d8265fddafd4c948807b641b64fb931 a87a0a40d41c4029b9e83d6c32bfa9f9 - - default default] 10.0.0.44 "GET /v2.0/security-groups?id=623b7fca-5cb5-49ff-8baf-189722d39f44&fields=id&fields=name HTTP/1.1" status: 200 len: 312 time: 0.0299990
2026-04-28 23:33:00.146 9 INFO neutron.db.ovn_revision_numbers_db [None req-2a68c9da-2f29-495c-b3e5-4be7c2cc46c4 - - - - - -] Successfully bumped revision number for resource 985e4e5b-08cd-4f2e-9b49-f1d27f30c755 (type: ports) to 3
2026-04-28 23:33:00.156 9 INFO neutron.db.ovn_revision_numbers_db [None req-ab65fd3a-3717-4832-ada8-84ac4419be03 d15560b820ed4631bbf11309f1172a91 9b9e194969dc400b9b6ea9ac672ef246 - - - -] Successfully bumped revision number for resource 2b0690c4-520c-41ec-b03d-49f55297034b (type: ports) to 2
2026-04-28 23:33:00.243 9 WARNING neutron.scheduler.dhcp_agent_scheduler [None req-33ed0e7b-0c06-422f-8078-4b5d7493eaf0 2d790e9f2ee44dc6818968fd5016d1aa cb87081825d6430285c60bada9c47298 - - default default] No more DHCP agents
2026-04-28 23:33:00.258 9 WARNING neutron.api.rpc.agentnotifiers.dhcp_rpc_agent_api [None req-33ed0e7b-0c06-422f-8078-4b5d7493eaf0 2d790e9f2ee44dc6818968fd5016d1aa cb87081825d6430285c60bada9c47298 - - default default] Unable to schedule network 43da5b1b-f1b2-43d5-adfa-a16ea965aeca: no agents available; will retry on subsequent port and subnet creation events.
2026-04-28 23:33:00.331 9 INFO neutron.db.ovn_revision_numbers_db [None req-2a68c9da-2f29-495c-b3e5-4be7c2cc46c4 - - - - - -] Successfully bumped revision number for resource 985e4e5b-08cd-4f2e-9b49-f1d27f30c755 (type: router_ports) to 3
2026-04-28 23:33:00.402 9 INFO neutron.db.ovn_revision_numbers_db [None req-33ed0e7b-0c06-422f-8078-4b5d7493eaf0 2d790e9f2ee44dc6818968fd5016d1aa cb87081825d6430285c60bada9c47298 - - default default] Successfully bumped revision number for resource 16e15321-ad17-49ca-aebd-06e453011a04 (type: ports) to 1
2026-04-28 23:33:00.468 9 INFO neutron.db.ovn_revision_numbers_db [None req-ab65fd3a-3717-4832-ada8-84ac4419be03 d15560b820ed4631bbf11309f1172a91 9b9e194969dc400b9b6ea9ac672ef246 - - - -] Successfully bumped revision number for resource 2b0690c4-520c-41ec-b03d-49f55297034b (type: ports) to 2
2026-04-28 23:33:00.495 9 INFO neutron.wsgi [None req-ab65fd3a-3717-4832-ada8-84ac4419be03 d15560b820ed4631bbf11309f1172a91 9b9e194969dc400b9b6ea9ac672ef246 - - - -] 199.204.45.49 "PUT /v2.0/ports/2b0690c4-520c-41ec-b03d-49f55297034b HTTP/1.1" status: 200 len: 1328 time: 1.2443740
2026-04-28 23:33:00.525 9 INFO neutron.notifiers.nova [-] Nova event matching ['req-6407402e-e858-4946-8d44-b5362489bdd6'] response: {'name': 'network-changed', 'server_uuid': '1f89cd70-8737-4812-ab3b-45a607eb8bce', 'tag': '2b0690c4-520c-41ec-b03d-49f55297034b', 'status': 'completed', 'code': 200} /var/lib/openstack/lib/python3.10/site-packages/pycadf/identifier.py:71: UserWarning: Invalid uuid: neutron. To ensure interoperability, identifiers should be a valid uuid. warnings.warn(('Invalid uuid: %s. To ensure interoperability, '
2026-04-28 23:33:00.576 9 INFO neutron.wsgi [req-bcafc622-a482-4c21-9d1c-461289dc59ee req-15ad7f0c-a07b-4163-9d25-ea16c157e65f d15560b820ed4631bbf11309f1172a91 9b9e194969dc400b9b6ea9ac672ef246 - - 6c1c1657cc8b4fcbb584322d9dbe07ff 6c1c1657cc8b4fcbb584322d9dbe07ff] 199.204.45.49 "GET /v2.0/ports?tenant_id=a87a0a40d41c4029b9e83d6c32bfa9f9&device_id=1f89cd70-8737-4812-ab3b-45a607eb8bce HTTP/1.1" status: 200 len: 1359 time: 0.0391660
2026-04-28 23:33:00.612 9 INFO neutron.wsgi [req-bcafc622-a482-4c21-9d1c-461289dc59ee req-570c6bf8-a2d9-4225-b1db-af067308a14d d15560b820ed4631bbf11309f1172a91 9b9e194969dc400b9b6ea9ac672ef246 - - 6c1c1657cc8b4fcbb584322d9dbe07ff 6c1c1657cc8b4fcbb584322d9dbe07ff] 199.204.45.49 "GET /v2.0/floatingips?fixed_ip_address=10.100.0.8&port_id=2b0690c4-520c-41ec-b03d-49f55297034b HTTP/1.1" status: 200 len: 217 time: 0.0253310
2026-04-28 23:33:00.660 9 INFO neutron.wsgi [req-bcafc622-a482-4c21-9d1c-461289dc59ee req-2838fa15-fa7a-49e4-90d8-89d1c5330364 d15560b820ed4631bbf11309f1172a91 9b9e194969dc400b9b6ea9ac672ef246 - - 6c1c1657cc8b4fcbb584322d9dbe07ff 6c1c1657cc8b4fcbb584322d9dbe07ff] 199.204.45.49 "GET /v2.0/subnets?id=05fc18e4-0b04-4b54-a634-1b5840c452b5 HTTP/1.1" status: 200 len: 852 time: 0.0393620
2026-04-28 23:33:00.715 9 INFO neutron.wsgi [req-bcafc622-a482-4c21-9d1c-461289dc59ee req-13b7ec7f-9ab5-49d1-aa55-5f408ec0ec50 d15560b820ed4631bbf11309f1172a91 9b9e194969dc400b9b6ea9ac672ef246 - - 6c1c1657cc8b4fcbb584322d9dbe07ff 6c1c1657cc8b4fcbb584322d9dbe07ff] 199.204.45.49 "GET /v2.0/ports?network_id=4d5c7c18-2d24-41c8-8a94-960a54f6c588&device_owner=network%3Adhcp HTTP/1.1" status: 200 len: 210 time: 0.0318055
2026-04-28 23:33:00.788 9 INFO neutron.wsgi [req-bcafc622-a482-4c21-9d1c-461289dc59ee req-7df7a84f-6ee8-44ef-a3e7-26c8b2b4a26a d15560b820ed4631bbf11309f1172a91 9b9e194969dc400b9b6ea9ac672ef246 - - 6c1c1657cc8b4fcbb584322d9dbe07ff 6c1c1657cc8b4fcbb584322d9dbe07ff] 199.204.45.49 "GET /v2.0/networks/4d5c7c18-2d24-41c8-8a94-960a54f6c588?fields=segments HTTP/1.1" status: 200 len: 212 time: 0.0670609
2026-04-28 23:33:00.869 9 INFO neutron.wsgi [req-bcafc622-a482-4c21-9d1c-461289dc59ee req-c79e789c-37ac-4d93-bb11-ca4028cd3d30 d15560b820ed4631bbf11309f1172a91 9b9e194969dc400b9b6ea9ac672ef246 - - 6c1c1657cc8b4fcbb584322d9dbe07ff 6c1c1657cc8b4fcbb584322d9dbe07ff] 199.204.45.49 "GET /v2.0/networks/4d5c7c18-2d24-41c8-8a94-960a54f6c588?fields=provider%3Aphysical_network&fields=provider%3Anetwork_type HTTP/1.1" status: 200 len: 277 time: 0.0755415
2026-04-28 23:33:00.942 9 INFO neutron.wsgi [req-b64f2787-8b94-4532-89e2-33544b1a375d req-51e18067-a51d-4a89-8ffa-892cc89cc3a3 d15560b820ed4631bbf11309f1172a91 9b9e194969dc400b9b6ea9ac672ef246 - - 6c1c1657cc8b4fcbb584322d9dbe07ff 6c1c1657cc8b4fcbb584322d9dbe07ff] 199.204.45.49 "GET /v2.0/ports?tenant_id=a87a0a40d41c4029b9e83d6c32bfa9f9&device_id=1f89cd70-8737-4812-ab3b-45a607eb8bce HTTP/1.1" status: 200 len: 1359 time: 0.0301151
2026-04-28 23:33:00.953 9 INFO neutron.db.ovn_revision_numbers_db [None req-33ed0e7b-0c06-422f-8078-4b5d7493eaf0 2d790e9f2ee44dc6818968fd5016d1aa cb87081825d6430285c60bada9c47298 - - default default] Successfully bumped revision number for resource 16e15321-ad17-49ca-aebd-06e453011a04 (type: router_ports) to 2
2026-04-28 23:33:01.045 9 INFO neutron.wsgi [req-b64f2787-8b94-4532-89e2-33544b1a375d req-32d5dd42-1e49-4482-8ddf-995a3a4ec0bf d15560b820ed4631bbf11309f1172a91 9b9e194969dc400b9b6ea9ac672ef246 - - 6c1c1657cc8b4fcbb584322d9dbe07ff 6c1c1657cc8b4fcbb584322d9dbe07ff] 199.204.45.49 "GET /v2.0/networks?id=4d5c7c18-2d24-41c8-8a94-960a54f6c588 HTTP/1.1" status: 200 len: 958 time: 0.0906086
2026-04-28 23:33:01.094 10 INFO neutron.plugins.ml2.drivers.ovn.mech_driver.mech_driver [None req-6f2d7d0e-ecae-49ee-9bfa-78277e8a5813 - - - - - -] OVN reports status up for port: 2b0690c4-520c-41ec-b03d-49f55297034b
2026-04-28 23:33:01.104 10 INFO neutron.plugins.ml2.plugin [None req-6f2d7d0e-ecae-49ee-9bfa-78277e8a5813 - - - - - -] Attempt 1 to provision port 2b0690c4-520c-41ec-b03d-49f55297034b
2026-04-28 23:33:01.174 10 INFO neutron.wsgi [req-f2b8b4df-b19a-4d57-8ded-91a20d4fcb36 req-3e6e139b-e29f-49cc-8a73-536ab6071210 1d8265fddafd4c948807b641b64fb931 a87a0a40d41c4029b9e83d6c32bfa9f9 - - default default] 10.0.0.44 "GET /v2.0/ports?device_id=1f89cd70-8737-4812-ab3b-45a607eb8bce HTTP/1.1" status: 200 len: 1168 time: 0.0563033
2026-04-28 23:33:01.250 10 INFO neutron.wsgi [req-f2b8b4df-b19a-4d57-8ded-91a20d4fcb36 req-891957eb-cd09-4dde-bd77-f5f3e6f20ecc 1d8265fddafd4c948807b641b64fb931 a87a0a40d41c4029b9e83d6c32bfa9f9 - - default default] 10.0.0.44 "GET /v2.0/security-groups?id=623b7fca-5cb5-49ff-8baf-189722d39f44&fields=id&fields=name HTTP/1.1" status: 200 len: 312 time: 0.0705502
2026-04-28 23:33:01.299 10 INFO neutron.notifiers.nova [-] Nova event matching ['req-f7c6dfe1-f135-4833-a8c7-c6a3386ad904'] response: {'server_uuid': '1f89cd70-8737-4812-ab3b-45a607eb8bce', 'name': 'network-vif-plugged', 'status': 'completed', 'tag': '2b0690c4-520c-41ec-b03d-49f55297034b', 'code': 200}
2026-04-28 23:33:01.339 9 INFO neutron.wsgi [req-b64f2787-8b94-4532-89e2-33544b1a375d req-4d378a73-1091-43e1-8d77-e2a4d4e8de29 d15560b820ed4631bbf11309f1172a91 9b9e194969dc400b9b6ea9ac672ef246 - - 6c1c1657cc8b4fcbb584322d9dbe07ff 6c1c1657cc8b4fcbb584322d9dbe07ff] 199.204.45.49 "GET /v2.0/floatingips?fixed_ip_address=10.100.0.8&port_id=2b0690c4-520c-41ec-b03d-49f55297034b HTTP/1.1" status: 200 len: 217 time: 0.2874563
2026-04-28 23:33:01.342 9 INFO neutron.db.ovn_revision_numbers_db [None req-33ed0e7b-0c06-422f-8078-4b5d7493eaf0 2d790e9f2ee44dc6818968fd5016d1aa cb87081825d6430285c60bada9c47298 - - default default] Successfully bumped revision number for resource 16e15321-ad17-49ca-aebd-06e453011a04 (type: ports) to 2
2026-04-28 23:33:01.380 9 INFO neutron.wsgi [req-b64f2787-8b94-4532-89e2-33544b1a375d req-9d69892d-9050-4f04-9168-e52005d7fd83 d15560b820ed4631bbf11309f1172a91 9b9e194969dc400b9b6ea9ac672ef246 - - 6c1c1657cc8b4fcbb584322d9dbe07ff 6c1c1657cc8b4fcbb584322d9dbe07ff] 199.204.45.49 "GET /v2.0/subnets?id=05fc18e4-0b04-4b54-a634-1b5840c452b5 HTTP/1.1" status: 200 len: 852 time: 0.0358961
2026-04-28 23:33:01.393 10 INFO neutron.db.ovn_revision_numbers_db [None req-b587fc41-5fe9-45d7-9698-f705a9beb01f 49647566f8344212900b0d9c75594dfa fbaf295fef794a3186a0edb979076ccd - - default default] Successfully bumped revision number for resource 3218e549-c594-44c0-8a42-d6f19ccd1c78 (type: security_groups) to 1
2026-04-28 23:33:01.418 10 INFO neutron.wsgi [None req-b587fc41-5fe9-45d7-9698-f705a9beb01f 49647566f8344212900b0d9c75594dfa fbaf295fef794a3186a0edb979076ccd - - default default] 10.0.0.75 "GET /v2.0/security-groups?tenant_id=b14f0eecb02a45d186cb3128180b26c4&name=default HTTP/1.1" status: 200 len: 2996 time: 0.3557198
2026-04-28 23:33:01.420 9 INFO neutron.wsgi [req-b64f2787-8b94-4532-89e2-33544b1a375d req-4d90c707-0c9d-4524-90fc-858dd024e30b d15560b820ed4631bbf11309f1172a91 9b9e194969dc400b9b6ea9ac672ef246 - - 6c1c1657cc8b4fcbb584322d9dbe07ff 6c1c1657cc8b4fcbb584322d9dbe07ff] 199.204.45.49 "GET /v2.0/ports?network_id=4d5c7c18-2d24-41c8-8a94-960a54f6c588&device_owner=network%3Adhcp HTTP/1.1" status: 200 len: 210 time: 0.0321901
2026-04-28 23:33:01.470 10 INFO neutron.db.ovn_revision_numbers_db [None req-6f2d7d0e-ecae-49ee-9bfa-78277e8a5813 - - - - - -] Successfully bumped revision number for resource 2b0690c4-520c-41ec-b03d-49f55297034b (type: ports) to 4
2026-04-28 23:33:01.484 9 WARNING neutron.scheduler.dhcp_agent_scheduler [None req-33ed0e7b-0c06-422f-8078-4b5d7493eaf0 2d790e9f2ee44dc6818968fd5016d1aa cb87081825d6430285c60bada9c47298 - - default default] No more DHCP agents
2026-04-28 23:33:01.486 9 WARNING neutron.api.rpc.agentnotifiers.dhcp_rpc_agent_api [None req-33ed0e7b-0c06-422f-8078-4b5d7493eaf0 2d790e9f2ee44dc6818968fd5016d1aa cb87081825d6430285c60bada9c47298 - - default default] Unable to schedule network 43da5b1b-f1b2-43d5-adfa-a16ea965aeca: no agents available; will retry on subsequent port and subnet creation events.
2026-04-28 23:33:01.524 9 INFO neutron.wsgi [req-b64f2787-8b94-4532-89e2-33544b1a375d req-6557878c-e13e-463d-9256-6ab1c00aac10 d15560b820ed4631bbf11309f1172a91 9b9e194969dc400b9b6ea9ac672ef246 - - 6c1c1657cc8b4fcbb584322d9dbe07ff 6c1c1657cc8b4fcbb584322d9dbe07ff] 199.204.45.49 "GET /v2.0/networks/4d5c7c18-2d24-41c8-8a94-960a54f6c588?fields=segments HTTP/1.1" status: 200 len: 212 time: 0.0973229
2026-04-28 23:33:01.638 9 INFO neutron.wsgi [req-b64f2787-8b94-4532-89e2-33544b1a375d req-b58071b8-df2c-4c72-8fcd-19856dc882f2 d15560b820ed4631bbf11309f1172a91 9b9e194969dc400b9b6ea9ac672ef246 - - 6c1c1657cc8b4fcbb584322d9dbe07ff 6c1c1657cc8b4fcbb584322d9dbe07ff] 199.204.45.49 "GET /v2.0/networks/4d5c7c18-2d24-41c8-8a94-960a54f6c588?fields=provider%3Aphysical_network&fields=provider%3Anetwork_type HTTP/1.1" status: 200 len: 277 time: 0.0897086
2026-04-28 23:33:01.734 9 INFO neutron.db.ovn_revision_numbers_db [None req-33ed0e7b-0c06-422f-8078-4b5d7493eaf0 2d790e9f2ee44dc6818968fd5016d1aa cb87081825d6430285c60bada9c47298 - - - -] Successfully bumped revision number for resource 16e15321-ad17-49ca-aebd-06e453011a04 (type: router_ports) to 2
2026-04-28 23:33:01.736 9 INFO neutron.wsgi [None req-33ed0e7b-0c06-422f-8078-4b5d7493eaf0 2d790e9f2ee44dc6818968fd5016d1aa cb87081825d6430285c60bada9c47298 - - - -] 10.0.0.75 "PUT /v2.0/routers/e50ac102-94d9-4ae8-8bef-9979b2f07dbd/add_router_interface HTTP/1.1" status: 200 len: 503 time: 2.4005215 /var/lib/openstack/lib/python3.10/site-packages/pycadf/identifier.py:71: UserWarning: Invalid uuid: neutron. To ensure interoperability, identifiers should be a valid uuid. warnings.warn(('Invalid uuid: %s. To ensure interoperability, '
2026-04-28 23:33:01.747 9 INFO neutron.wsgi [None req-73c87b10-11b9-4dcb-807f-f70edcaf9872 49647566f8344212900b0d9c75594dfa fbaf295fef794a3186a0edb979076ccd - - - -] 10.0.0.75 "DELETE /v2.0/security-groups/3218e549-c594-44c0-8a42-d6f19ccd1c78 HTTP/1.1" status: 204 len: 168 time: 0.3212373
2026-04-28 23:33:01.819 10 INFO neutron.wsgi [None req-60a9c220-70a5-4c38-9b41-2d0976529b1e 2d790e9f2ee44dc6818968fd5016d1aa cb87081825d6430285c60bada9c47298 - - default default] 10.0.0.75 "GET /v2.0/ports/16e15321-ad17-49ca-aebd-06e453011a04 HTTP/1.1" status: 200 len: 1147 time: 0.0780549
2026-04-28 23:33:01.858 10 INFO neutron.wsgi [None req-32549aa1-df4d-49fa-9821-102e80765681 2d790e9f2ee44dc6818968fd5016d1aa cb87081825d6430285c60bada9c47298 - - default default] 10.0.0.75 "GET /v2.0/ports/16e15321-ad17-49ca-aebd-06e453011a04 HTTP/1.1" status: 200 len: 1147 time: 0.0327153
2026-04-28 23:33:02.357 10 INFO neutron.wsgi [req-59ba89e8-6cc4-4f6f-b5b5-ebc87ba96331 req-1f3073f4-d23d-4b28-b6c2-925805002ba4 1d8265fddafd4c948807b641b64fb931 a87a0a40d41c4029b9e83d6c32bfa9f9 - - default default] 10.0.0.44 "GET /v2.0/ports?device_id=1f89cd70-8737-4812-ab3b-45a607eb8bce HTTP/1.1" status: 200 len: 1170 time: 0.0372970
2026-04-28 23:33:02.413 10 INFO neutron.wsgi [req-59ba89e8-6cc4-4f6f-b5b5-ebc87ba96331 req-6b3de218-bd69-4ffd-80c9-7be20608a56b 1d8265fddafd4c948807b641b64fb931 a87a0a40d41c4029b9e83d6c32bfa9f9 - - default default] 10.0.0.44 "GET /v2.0/security-groups?id=623b7fca-5cb5-49ff-8baf-189722d39f44&fields=id&fields=name HTTP/1.1" status: 200 len: 312 time: 0.0450108
2026-04-28 23:33:02.492 9 INFO neutron.db.ovn_revision_numbers_db [None req-46ac5321-d6bc-43c6-a727-28a0a2f74f94 49647566f8344212900b0d9c75594dfa fbaf295fef794a3186a0edb979076ccd - - default default] Successfully bumped revision number for resource 46af2fa0-2ad5-4e97-bae7-67cd265dca30 (type: security_groups) to 1
2026-04-28 23:33:02.514 9 INFO neutron.wsgi [None req-46ac5321-d6bc-43c6-a727-28a0a2f74f94 49647566f8344212900b0d9c75594dfa fbaf295fef794a3186a0edb979076ccd - - default default] 10.0.0.75 "GET /v2.0/security-groups?tenant_id=62bddec9bbda45d19369fb20aa51ce86&name=default HTTP/1.1" status: 200 len: 2996 time: 0.2048826
2026-04-28 23:33:02.623 10 INFO neutron.wsgi [req-e5e32397-b25e-4e0f-8248-5c34ff63c55c req-56444574-0a68-4499-a28b-76d407e38e96 1d8265fddafd4c948807b641b64fb931 a87a0a40d41c4029b9e83d6c32bfa9f9 - - default default] 10.0.0.44 "GET /v2.0/ports?device_id=1f89cd70-8737-4812-ab3b-45a607eb8bce HTTP/1.1" status: 200 len: 1170 time: 0.1066501
2026-04-28 23:33:02.666 10 INFO neutron.wsgi [req-e5e32397-b25e-4e0f-8248-5c34ff63c55c req-39064489-7687-4874-8816-feb7a4f6c733 1d8265fddafd4c948807b641b64fb931 a87a0a40d41c4029b9e83d6c32bfa9f9 - - default default] 10.0.0.44 "GET /v2.0/security-groups?id=623b7fca-5cb5-49ff-8baf-189722d39f44&fields=id&fields=name HTTP/1.1" status: 200 len: 312 time: 0.0343814
2026-04-28 23:33:02.706 9 INFO neutron.wsgi [None req-a020e8ca-2af2-4ca1-8b9f-9caea2d07b98 49647566f8344212900b0d9c75594dfa fbaf295fef794a3186a0edb979076ccd - - - -] 10.0.0.75 "DELETE /v2.0/security-groups/46af2fa0-2ad5-4e97-bae7-67cd265dca30 HTTP/1.1" status: 204 len: 168 time: 0.1867981
2026-04-28 23:33:02.729 10 INFO neutron.wsgi [None req-f55d44ea-2443-4866-81f5-4404bb5ae304 49da86006fa9440782e22df0d10c56e1 aa562cb1ef1845de8140046633c6c9cf - - default default] 10.0.0.75 "GET /v2.0/ports?device_id=1f89cd70-8737-4812-ab3b-45a607eb8bce HTTP/1.1" status: 200 len: 1356 time: 0.0398424
2026-04-28 23:33:02.986 9 INFO neutron.wsgi [None req-80ccec58-f694-4812-9939-d524a9ee4067 2d790e9f2ee44dc6818968fd5016d1aa cb87081825d6430285c60bada9c47298 - - default default] 10.0.0.75 "GET /v2.0/ports/16e15321-ad17-49ca-aebd-06e453011a04 HTTP/1.1" status: 200 len: 1147 time: 0.1173439
2026-04-28 23:33:03.018 10 WARNING neutron.scheduler.dhcp_agent_scheduler [None req-d7e3d1ac-6dbb-4d43-a209-29702140b03e 1d8265fddafd4c948807b641b64fb931 a87a0a40d41c4029b9e83d6c32bfa9f9 - - - -] No more DHCP agents
2026-04-28 23:33:03.020 10 WARNING neutron.api.rpc.agentnotifiers.dhcp_rpc_agent_api [None req-d7e3d1ac-6dbb-4d43-a209-29702140b03e 1d8265fddafd4c948807b641b64fb931 a87a0a40d41c4029b9e83d6c32bfa9f9 - - - -] Unable to schedule network d3c9a003-9dae-4b15-9a15-ceb51238e722: no agents available; will retry on subsequent port and subnet creation events.
2026-04-28 23:33:03.454 10 INFO neutron.notifiers.nova [-] Nova event matching ['req-237f2f02-05c1-4440-bad7-fc5f5fa7c8d8'] response: {'server_uuid': '1f89cd70-8737-4812-ab3b-45a607eb8bce', 'name': 'network-vif-plugged', 'status': 'completed', 'tag': '2b0690c4-520c-41ec-b03d-49f55297034b', 'code': 200}
2026-04-28 23:33:03.724 10 INFO neutron.db.l3_db [None req-d7e3d1ac-6dbb-4d43-a209-29702140b03e 1d8265fddafd4c948807b641b64fb931 a87a0a40d41c4029b9e83d6c32bfa9f9 - - - -] Floating IP 642d4b39-f409-449b-9305-18f3638ae001 associated. External IP: 10.96.250.202, port: 2b0690c4-520c-41ec-b03d-49f55297034b.
2026-04-28 23:33:03.920 10 INFO neutron.db.ovn_revision_numbers_db [None req-d7e3d1ac-6dbb-4d43-a209-29702140b03e 1d8265fddafd4c948807b641b64fb931 a87a0a40d41c4029b9e83d6c32bfa9f9 - - - -] Successfully bumped revision number for resource 642d4b39-f409-449b-9305-18f3638ae001 (type: floatingips) to 0
2026-04-28 23:33:03.999 10 INFO neutron.db.ovn_revision_numbers_db [None req-d7e3d1ac-6dbb-4d43-a209-29702140b03e 1d8265fddafd4c948807b641b64fb931 a87a0a40d41c4029b9e83d6c32bfa9f9 - - - -] Successfully bumped revision number for resource 642d4b39-f409-449b-9305-18f3638ae001 (type: floatingips) to 1
2026-04-28 23:33:04.024 9 INFO neutron.wsgi [None req-4577b866-3861-4d89-907c-253ecef3e629 2d790e9f2ee44dc6818968fd5016d1aa cb87081825d6430285c60bada9c47298 - - default default] 10.0.0.75 "GET /v2.0/ports/16e15321-ad17-49ca-aebd-06e453011a04 HTTP/1.1" status: 200 len: 1147 time: 0.0317638
2026-04-28 23:33:04.043 10 INFO neutron.wsgi [None req-d7e3d1ac-6dbb-4d43-a209-29702140b03e 1d8265fddafd4c948807b641b64fb931 a87a0a40d41c4029b9e83d6c32bfa9f9 - - - -] 10.0.0.75 "POST /v2.0/floatingips HTTP/1.1" status: 201 len: 1054 time: 1.3090856 /var/lib/openstack/lib/python3.10/site-packages/pycadf/identifier.py:71: UserWarning: Invalid uuid: neutron. To ensure interoperability, identifiers should be a valid uuid. warnings.warn(('Invalid uuid: %s. To ensure interoperability, '
2026-04-28 23:33:04.087 10 INFO neutron.wsgi [None req-59cb248b-56ed-4d56-8eb4-17f62e2bbeec 1d8265fddafd4c948807b641b64fb931 a87a0a40d41c4029b9e83d6c32bfa9f9 - - default default] 10.0.0.75 "GET /v2.0/floatingips/642d4b39-f409-449b-9305-18f3638ae001 HTTP/1.1" status: 200 len: 1051 time: 0.0369670
2026-04-28 23:33:05.058 10 INFO neutron.wsgi [None req-99d808e0-ed93-49b8-b2a0-192704482a2e 2d790e9f2ee44dc6818968fd5016d1aa cb87081825d6430285c60bada9c47298 - - default default] 10.0.0.75 "GET /v2.0/ports/16e15321-ad17-49ca-aebd-06e453011a04 HTTP/1.1" status: 200 len: 1147 time: 0.0292869
2026-04-28 23:33:05.115 9 WARNING neutron.plugins.ml2.drivers.ovn.mech_driver.ovsdb.ovn_client [None req-2a68c9da-2f29-495c-b3e5-4be7c2cc46c4 - - - - - -] No hosting information found for port 985e4e5b-08cd-4f2e-9b49-f1d27f30c755: RuntimeError: No hosting information found for port 985e4e5b-08cd-4f2e-9b49-f1d27f30c755
2026-04-28 23:33:05.116 9 INFO neutron.plugins.ml2.drivers.ovn.mech_driver.mech_driver [None req-2a68c9da-2f29-495c-b3e5-4be7c2cc46c4 - - - - - -] OVN reports status up for port: 16e15321-ad17-49ca-aebd-06e453011a04
2026-04-28 23:33:05.124 9 INFO neutron.plugins.ml2.plugin [None req-2a68c9da-2f29-495c-b3e5-4be7c2cc46c4 - - - - - -] Attempt 1 to provision port 16e15321-ad17-49ca-aebd-06e453011a04
2026-04-28 23:33:05.424 9 INFO neutron.db.ovn_revision_numbers_db [None req-2a68c9da-2f29-495c-b3e5-4be7c2cc46c4 - - - - - -] Successfully bumped revision number for resource 16e15321-ad17-49ca-aebd-06e453011a04 (type: ports) to 3
2026-04-28 23:33:05.496 10 INFO neutron.notifiers.nova [-] Nova event matching ['req-77276cfc-c0d0-401a-b217-c6f98f0a35a0'] response: {'name': 'network-changed', 'server_uuid': '1f89cd70-8737-4812-ab3b-45a607eb8bce', 'tag': '2b0690c4-520c-41ec-b03d-49f55297034b', 'status': 'completed', 'code': 200}
2026-04-28 23:33:05.554 9 INFO neutron.wsgi [req-6cc0abfc-84a1-40b0-a75d-8e22369ef370 req-3466e0a4-ca06-44f3-9e18-abb317ea0bf2 d15560b820ed4631bbf11309f1172a91 9b9e194969dc400b9b6ea9ac672ef246 - - 6c1c1657cc8b4fcbb584322d9dbe07ff 6c1c1657cc8b4fcbb584322d9dbe07ff] 199.204.45.49 "GET /v2.0/ports?tenant_id=a87a0a40d41c4029b9e83d6c32bfa9f9&device_id=1f89cd70-8737-4812-ab3b-45a607eb8bce HTTP/1.1" status: 200 len: 1361 time: 0.0362799
2026-04-28 23:33:05.576 9 INFO neutron.db.ovn_revision_numbers_db [None req-2a68c9da-2f29-495c-b3e5-4be7c2cc46c4 - - - - - -] Successfully bumped revision number for resource 16e15321-ad17-49ca-aebd-06e453011a04 (type: router_ports) to 3
2026-04-28 23:33:05.622 9 INFO neutron.wsgi [req-6cc0abfc-84a1-40b0-a75d-8e22369ef370 req-967a4ae5-a297-41ae-b6c6-85ec31417607 d15560b820ed4631bbf11309f1172a91 9b9e194969dc400b9b6ea9ac672ef246 - - 6c1c1657cc8b4fcbb584322d9dbe07ff 6c1c1657cc8b4fcbb584322d9dbe07ff] 199.204.45.49 "GET /v2.0/networks?id=4d5c7c18-2d24-41c8-8a94-960a54f6c588 HTTP/1.1" status: 200 len: 958 time: 0.0610151
2026-04-28 23:33:05.665 9 INFO neutron.wsgi [req-6cc0abfc-84a1-40b0-a75d-8e22369ef370 req-648d1c9d-dbd3-482d-a1dd-1534b442ee0d d15560b820ed4631bbf11309f1172a91 9b9e194969dc400b9b6ea9ac672ef246 - - 6c1c1657cc8b4fcbb584322d9dbe07ff 6c1c1657cc8b4fcbb584322d9dbe07ff] 199.204.45.49 "GET /v2.0/floatingips?fixed_ip_address=10.100.0.8&port_id=2b0690c4-520c-41ec-b03d-49f55297034b HTTP/1.1" status: 200 len: 1059 time: 0.0347991
2026-04-28 23:33:05.689 10 INFO neutron.wsgi [-] 10.0.0.28 "GET / HTTP/1.1" status: 200 len: 246 time: 0.0082655
2026-04-28 23:33:05.691 10 INFO neutron.wsgi [-] 10.0.0.28 "GET / HTTP/1.1" status: 200 len: 246 time: 0.0013731
2026-04-28 23:33:05.699 9 INFO neutron.wsgi [req-6cc0abfc-84a1-40b0-a75d-8e22369ef370 req-a589fe91-ac81-43c2-bfe1-4b787a31886f d15560b820ed4631bbf11309f1172a91 9b9e194969dc400b9b6ea9ac672ef246 - - 6c1c1657cc8b4fcbb584322d9dbe07ff 6c1c1657cc8b4fcbb584322d9dbe07ff] 199.204.45.49 "GET /v2.0/subnets?id=05fc18e4-0b04-4b54-a634-1b5840c452b5 HTTP/1.1" status: 200 len: 852 time: 0.0270066
2026-04-28 23:33:05.727 9 INFO neutron.wsgi [req-6cc0abfc-84a1-40b0-a75d-8e22369ef370 req-827db1dd-ee95-4936-8670-2417c9483992 d15560b820ed4631bbf11309f1172a91 9b9e194969dc400b9b6ea9ac672ef246 - - 6c1c1657cc8b4fcbb584322d9dbe07ff 6c1c1657cc8b4fcbb584322d9dbe07ff] 199.204.45.49 "GET /v2.0/ports?network_id=4d5c7c18-2d24-41c8-8a94-960a54f6c588&device_owner=network%3Adhcp HTTP/1.1" status: 200 len: 210 time: 0.0230446
2026-04-28 23:33:05.785 9 INFO neutron.wsgi [req-6cc0abfc-84a1-40b0-a75d-8e22369ef370 req-3434849d-9117-4845-992f-58400d856051 d15560b820ed4631bbf11309f1172a91 9b9e194969dc400b9b6ea9ac672ef246 - - 6c1c1657cc8b4fcbb584322d9dbe07ff 6c1c1657cc8b4fcbb584322d9dbe07ff] 199.204.45.49 "GET /v2.0/networks/4d5c7c18-2d24-41c8-8a94-960a54f6c588?fields=segments HTTP/1.1" status: 200 len: 212 time: 0.0509098
2026-04-28 23:33:05.854 9 INFO neutron.wsgi [req-6cc0abfc-84a1-40b0-a75d-8e22369ef370 req-9fba9ecd-9933-4022-b187-85a18a4dbca0 d15560b820ed4631bbf11309f1172a91 9b9e194969dc400b9b6ea9ac672ef246 - - 6c1c1657cc8b4fcbb584322d9dbe07ff 6c1c1657cc8b4fcbb584322d9dbe07ff] 199.204.45.49 "GET /v2.0/networks/4d5c7c18-2d24-41c8-8a94-960a54f6c588?fields=provider%3Aphysical_network&fields=provider%3Anetwork_type HTTP/1.1" status: 200 len: 277 time: 0.0606952
2026-04-28 23:33:06.110 10 INFO neutron.wsgi [None req-5c50aba8-70fa-4ea5-98a3-583f68310094 2d790e9f2ee44dc6818968fd5016d1aa cb87081825d6430285c60bada9c47298 - - default default] 10.0.0.75 "GET /v2.0/ports/16e15321-ad17-49ca-aebd-06e453011a04 HTTP/1.1" status: 200 len: 1149 time: 0.0467744
2026-04-28 23:33:06.882 10 INFO neutron.wsgi [None req-b80cc459-e9b5-4185-8823-3569b42e21ee 2d790e9f2ee44dc6818968fd5016d1aa cb87081825d6430285c60bada9c47298 - - - -] 10.0.0.75 "PUT /v2.0/routers/e50ac102-94d9-4ae8-8bef-9979b2f07dbd/remove_router_interface HTTP/1.1" status: 200 len: 503 time: 0.7676208
2026-04-28 23:33:06.967 9 INFO neutron.wsgi [None req-6dab7940-5b42-4bfe-bcf7-9c588833fa3a 2d790e9f2ee44dc6818968fd5016d1aa cb87081825d6430285c60bada9c47298 - - default default] 10.0.0.75 "GET /v2.0/ports/985e4e5b-08cd-4f2e-9b49-f1d27f30c755 HTTP/1.1" status: 200 len: 1141 time: 0.0814221 /var/lib/openstack/lib/python3.10/site-packages/pycadf/identifier.py:71: UserWarning: Invalid uuid: neutron. To ensure interoperability, identifiers should be a valid uuid. warnings.warn(('Invalid uuid: %s. To ensure interoperability, '
2026-04-28 23:33:07.352 10 INFO neutron.db.ovn_revision_numbers_db [None req-4e1b209c-3de5-4314-bd13-ad1550c73cbd 10ac8cacc4bb45ef8b04903ecaeb9acb 914df8a402bc44a5a763fe881abe1283 - - - -] Successfully bumped revision number for resource c9b45ea7-5681-43f0-bfb2-d96aa4f03d66 (type: security_groups) to 1
2026-04-28 23:33:07.416 10 INFO neutron.db.segments_db [None req-4e1b209c-3de5-4314-bd13-ad1550c73cbd 10ac8cacc4bb45ef8b04903ecaeb9acb 914df8a402bc44a5a763fe881abe1283 - - - -] Added segment 0d6e0bdb-51c2-4e75-8ff5-1442908b53a4 of type geneve for network 6a9e45e5-f80e-48ca-a0b8-21e88c4d32c1
2026-04-28 23:33:07.587 10 INFO neutron.db.ovn_revision_numbers_db [None req-4e1b209c-3de5-4314-bd13-ad1550c73cbd 10ac8cacc4bb45ef8b04903ecaeb9acb 914df8a402bc44a5a763fe881abe1283 - - - -] Successfully bumped revision number for resource 6a9e45e5-f80e-48ca-a0b8-21e88c4d32c1 (type: networks) to 1
2026-04-28 23:33:07.727 10 INFO neutron.wsgi [None req-b74a2fd7-7d95-427b-bf69-4ce34de7eadb 2d790e9f2ee44dc6818968fd5016d1aa cb87081825d6430285c60bada9c47298 - - - -] 10.0.0.75 "PUT /v2.0/routers/e50ac102-94d9-4ae8-8bef-9979b2f07dbd/remove_router_interface HTTP/1.1" status: 200 len: 503 time: 0.7548153
2026-04-28 23:33:07.762 9 INFO neutron.wsgi [None req-1956c11c-3a68-4ee2-a96c-7f949d6869ff 2d790e9f2ee44dc6818968fd5016d1aa cb87081825d6430285c60bada9c47298 - - default default] 10.0.0.75 "GET /v2.0/ports?device_id=e50ac102-94d9-4ae8-8bef-9979b2f07dbd HTTP/1.1" status: 200 len: 205 time: 0.0293698
2026-04-28 23:33:07.828 10 WARNING neutron.scheduler.dhcp_agent_scheduler [None req-4e1b209c-3de5-4314-bd13-ad1550c73cbd 10ac8cacc4bb45ef8b04903ecaeb9acb 914df8a402bc44a5a763fe881abe1283 - - - -] No more DHCP agents
2026-04-28 23:33:07.831 10 WARNING neutron.api.rpc.agentnotifiers.dhcp_rpc_agent_api [None req-4e1b209c-3de5-4314-bd13-ad1550c73cbd 10ac8cacc4bb45ef8b04903ecaeb9acb 914df8a402bc44a5a763fe881abe1283 - - - -] Unable to schedule network 6a9e45e5-f80e-48ca-a0b8-21e88c4d32c1: no agents available; will retry on subsequent port and subnet creation events.
