2026-04-28 23:33:36.202 9 INFO neutron.wsgi [None req-cff42381-88e7-4a86-bf74-08232dc67447 49647566f8344212900b0d9c75594dfa fbaf295fef794a3186a0edb979076ccd - - default default] 10.0.0.75 "GET /v2.0/security-groups?tenant_id=f2ea16b0a782448297403272541ccf03&name=default HTTP/1.1" status: 200 len: 2996 time: 0.2362578
2026-04-28 23:33:36.226 10 INFO neutron.wsgi [None req-22028721-847e-4997-bddd-ab99f4d7f017 94af899a12504809b89ec4dc89d730d8 593affe6801d4191be095f639b5cfcba - - default default] 10.0.0.75 "GET /v2.0/ports?device_id=39fba944-e02e-4e55-ad01-f9c5c7c68a6b HTTP/1.1" status: 200 len: 205 time: 0.0328977
2026-04-28 23:33:36.231 10 WARNING neutron.scheduler.dhcp_agent_scheduler [None req-fce27072-d2ed-456e-b899-ad7bbbc9e715 674a66ca812e4831adcd666fa19790ee ccd5da0b16fc418f92870811cee16403 - - - -] No more DHCP agents
2026-04-28 23:33:36.233 10 WARNING neutron.api.rpc.agentnotifiers.dhcp_rpc_agent_api [None req-fce27072-d2ed-456e-b899-ad7bbbc9e715 674a66ca812e4831adcd666fa19790ee ccd5da0b16fc418f92870811cee16403 - - - -] Unable to schedule network 5f9e57f0-b51f-430b-acc7-cc918b7b47c5: no agents available; will retry on subsequent port and subnet creation events.
2026-04-28 23:33:36.295 10 INFO neutron.db.ovn_revision_numbers_db [None req-fce27072-d2ed-456e-b899-ad7bbbc9e715 674a66ca812e4831adcd666fa19790ee ccd5da0b16fc418f92870811cee16403 - - - -] Successfully bumped revision number for resource 54391f7a-622a-462b-bb85-e5346d986eb3 (type: ports) to 1
2026-04-28 23:33:36.316 10 INFO neutron.wsgi [None req-fce27072-d2ed-456e-b899-ad7bbbc9e715 674a66ca812e4831adcd666fa19790ee ccd5da0b16fc418f92870811cee16403 - - - -] 10.0.0.75 "POST /v2.0/networks HTTP/1.1" status: 201 len: 828 time: 0.7173822
2026-04-28 23:33:36.399 10 INFO neutron.db.segments_db [None req-ee08401c-e222-458c-9bb7-96fd69ac16f9 674a66ca812e4831adcd666fa19790ee ccd5da0b16fc418f92870811cee16403 - - - -] Added segment 2eaf2f18-fd7d-4438-aa9d-1d02a1c8d41a of type geneve for network 76e8c45c-a3c0-4578-9876-4015693943d8
2026-04-28 23:33:36.465 9 INFO neutron.wsgi [None req-39224516-c614-40e1-907c-805d29ed276c 94af899a12504809b89ec4dc89d730d8 593affe6801d4191be095f639b5cfcba - - - -] 10.0.0.75 "DELETE /v2.0/routers/39fba944-e02e-4e55-ad01-f9c5c7c68a6b HTTP/1.1" status: 204 len: 168 time: 0.2333801
2026-04-28 23:33:36.520 10 INFO neutron.db.ovn_revision_numbers_db [None req-ee08401c-e222-458c-9bb7-96fd69ac16f9 674a66ca812e4831adcd666fa19790ee ccd5da0b16fc418f92870811cee16403 - - - -] Successfully bumped revision number for resource 76e8c45c-a3c0-4578-9876-4015693943d8 (type: networks) to 1
2026-04-28 23:33:36.520 9 INFO neutron.wsgi [None req-783a2ca2-145f-4d57-b09b-b005285450b2 94af899a12504809b89ec4dc89d730d8 593affe6801d4191be095f639b5cfcba - - default default] 10.0.0.75 "GET /v2.0/routers/acddb3fe-ddc3-448b-b0f5-56e18df9626d HTTP/1.1" status: 200 len: 655 time: 0.0518818
2026-04-28 23:33:36.535 9 INFO neutron.wsgi [None req-44560e86-6554-43fb-80e0-04fbb131dacb 49647566f8344212900b0d9c75594dfa fbaf295fef794a3186a0edb979076ccd - - - -] 10.0.0.75 "DELETE /v2.0/security-groups/bd35aba4-54af-446f-8f2e-2309c0043a24 HTTP/1.1" status: 204 len: 168 time: 0.3270097
2026-04-28 23:33:36.704 10 WARNING neutron.scheduler.dhcp_agent_scheduler [None req-ee08401c-e222-458c-9bb7-96fd69ac16f9 674a66ca812e4831adcd666fa19790ee ccd5da0b16fc418f92870811cee16403 - - - -] No more DHCP agents
2026-04-28 23:33:36.707 10 WARNING neutron.api.rpc.agentnotifiers.dhcp_rpc_agent_api [None req-ee08401c-e222-458c-9bb7-96fd69ac16f9 674a66ca812e4831adcd666fa19790ee ccd5da0b16fc418f92870811cee16403 - - - -] Unable to schedule network 76e8c45c-a3c0-4578-9876-4015693943d8: no agents available; will retry on subsequent port and subnet creation events.
2026-04-28 23:33:36.770 10 INFO neutron.db.ovn_revision_numbers_db [None req-ee08401c-e222-458c-9bb7-96fd69ac16f9 674a66ca812e4831adcd666fa19790ee ccd5da0b16fc418f92870811cee16403 - - - -] Successfully bumped revision number for resource 7f27bc5a-1a55-4e7e-bbfb-b191755bc677 (type: ports) to 1
2026-04-28 23:33:36.798 10 INFO neutron.wsgi [None req-ee08401c-e222-458c-9bb7-96fd69ac16f9 674a66ca812e4831adcd666fa19790ee ccd5da0b16fc418f92870811cee16403 - - - -] 10.0.0.75 "POST /v2.0/networks HTTP/1.1" status: 201 len: 828 time: 0.4773653
2026-04-28 23:33:37.053 10 WARNING neutron.scheduler.dhcp_agent_scheduler [None req-2e6068a0-d6d9-437c-9c62-9bfb3a5ed40a 674a66ca812e4831adcd666fa19790ee ccd5da0b16fc418f92870811cee16403 - - - -] No more DHCP agents
2026-04-28 23:33:37.055 10 WARNING neutron.api.rpc.agentnotifiers.dhcp_rpc_agent_api [None req-2e6068a0-d6d9-437c-9c62-9bfb3a5ed40a 674a66ca812e4831adcd666fa19790ee ccd5da0b16fc418f92870811cee16403 - - - -] Unable to schedule network 5f9e57f0-b51f-430b-acc7-cc918b7b47c5: no agents available; will retry on subsequent port and subnet creation events.
2026-04-28 23:33:37.229 9 INFO neutron.db.ovn_revision_numbers_db [None req-509cf49f-f78a-4ec8-964f-b8da46373c6a 94af899a12504809b89ec4dc89d730d8 593affe6801d4191be095f639b5cfcba - - - -] Successfully bumped revision number for resource acddb3fe-ddc3-448b-b0f5-56e18df9626d (type: routers) to 3
2026-04-28 23:33:37.231 9 INFO neutron.wsgi [None req-509cf49f-f78a-4ec8-964f-b8da46373c6a 94af899a12504809b89ec4dc89d730d8 593affe6801d4191be095f639b5cfcba - - - -] 10.0.0.75 "PUT /v2.0/routers/acddb3fe-ddc3-448b-b0f5-56e18df9626d HTTP/1.1" status: 200 len: 655 time: 0.7042594
2026-04-28 23:33:37.257 9 INFO neutron.wsgi [None req-12b9a08f-4268-4da8-a1e3-89017843e8f5 94af899a12504809b89ec4dc89d730d8 593affe6801d4191be095f639b5cfcba - - default default] 10.0.0.75 "GET /v2.0/ports?device_id=acddb3fe-ddc3-448b-b0f5-56e18df9626d HTTP/1.1" status: 200 len: 205 time: 0.0213830
2026-04-28 23:33:37.502 9 INFO neutron.wsgi [None req-879695b6-4894-4346-93fb-37e4ede85dd1 94af899a12504809b89ec4dc89d730d8 593affe6801d4191be095f639b5cfcba - - - -] 10.0.0.75 "DELETE /v2.0/routers/acddb3fe-ddc3-448b-b0f5-56e18df9626d HTTP/1.1" status: 204 len: 168 time: 0.2386682
2026-04-28 23:33:37.520 10 INFO neutron.db.ovn_revision_numbers_db [None req-2e6068a0-d6d9-437c-9c62-9bfb3a5ed40a 674a66ca812e4831adcd666fa19790ee ccd5da0b16fc418f92870811cee16403 - - - -] Successfully bumped revision number for resource 54391f7a-622a-462b-bb85-e5346d986eb3 (type: ports) to 2
2026-04-28 23:33:37.533 10 INFO neutron.db.ovn_revision_numbers_db [None req-2e6068a0-d6d9-437c-9c62-9bfb3a5ed40a 674a66ca812e4831adcd666fa19790ee ccd5da0b16fc418f92870811cee16403 - - - -] Successfully bumped revision number for resource 28fd4cb4-45f6-428e-bd93-2efbd4f828b9 (type: subnets) to 0
2026-04-28 23:33:37.549 10 INFO neutron.wsgi [None req-2e6068a0-d6d9-437c-9c62-9bfb3a5ed40a 674a66ca812e4831adcd666fa19790ee ccd5da0b16fc418f92870811cee16403 - - - -] 10.0.0.75 "POST /v2.0/subnets HTTP/1.1" status: 201 len: 801 time: 0.7419374
2026-04-28 23:33:37.701 10 INFO neutron.wsgi [req-40ebffba-aab8-4b89-9048-dbba3950c8dc req-be0b7be2-dfe1-4755-acbc-ae2512882fbe d15560b820ed4631bbf11309f1172a91 9b9e194969dc400b9b6ea9ac672ef246 - - 6c1c1657cc8b4fcbb584322d9dbe07ff 6c1c1657cc8b4fcbb584322d9dbe07ff] 10.0.0.58 "GET /v2.0/ports?device_id=bcffc91d-adf5-44d0-b725-70c639bd73c5 HTTP/1.1" status: 200 len: 1361 time: 0.0440361
2026-04-28 23:33:37.752 10 INFO neutron.wsgi [req-40ebffba-aab8-4b89-9048-dbba3950c8dc req-20c0665f-c706-4d77-a8cd-cf694fd0f664 d15560b820ed4631bbf11309f1172a91 9b9e194969dc400b9b6ea9ac672ef246 - - 6c1c1657cc8b4fcbb584322d9dbe07ff 6c1c1657cc8b4fcbb584322d9dbe07ff] 10.0.0.58 "GET /v2.0/security-groups?id=cd3701ed-a278-41e7-b1a9-38fdbcfcc656&fields=id&fields=name HTTP/1.1" status: 200 len: 313 time: 0.0346665
2026-04-28 23:33:37.847 10 WARNING neutron.scheduler.dhcp_agent_scheduler [None req-267f3fd6-0a0e-4e2b-8aac-51e7cf04ac24 674a66ca812e4831adcd666fa19790ee ccd5da0b16fc418f92870811cee16403 - - - -] No more DHCP agents
2026-04-28 23:33:37.849 10 WARNING neutron.api.rpc.agentnotifiers.dhcp_rpc_agent_api [None req-267f3fd6-0a0e-4e2b-8aac-51e7cf04ac24 674a66ca812e4831adcd666fa19790ee ccd5da0b16fc418f92870811cee16403 - - - -] Unable to schedule network 76e8c45c-a3c0-4578-9876-4015693943d8: no agents available; will retry on subsequent port and subnet creation events.
2026-04-28 23:33:38.324 10 INFO neutron.db.ovn_revision_numbers_db [None req-267f3fd6-0a0e-4e2b-8aac-51e7cf04ac24 674a66ca812e4831adcd666fa19790ee ccd5da0b16fc418f92870811cee16403 - - - -] Successfully bumped revision number for resource 7f27bc5a-1a55-4e7e-bbfb-b191755bc677 (type: ports) to 2
2026-04-28 23:33:38.342 10 INFO neutron.db.ovn_revision_numbers_db [None req-267f3fd6-0a0e-4e2b-8aac-51e7cf04ac24 674a66ca812e4831adcd666fa19790ee ccd5da0b16fc418f92870811cee16403 - - - -] Successfully bumped revision number for resource 890e7af0-a24d-410d-a4f6-a5c3af4723ea (type: subnets) to 0
2026-04-28 23:33:38.359 10 INFO neutron.wsgi [None req-267f3fd6-0a0e-4e2b-8aac-51e7cf04ac24 674a66ca812e4831adcd666fa19790ee ccd5da0b16fc418f92870811cee16403 - - - -] 10.0.0.75 "POST /v2.0/subnets HTTP/1.1" status: 201 len: 801 time: 0.8067980
2026-04-28 23:33:38.564 10 INFO neutron.db.ovn_revision_numbers_db [None req-ef31fe96-341a-4bf1-9b29-62b422c5feb1 674a66ca812e4831adcd666fa19790ee ccd5da0b16fc418f92870811cee16403 - - - -] Successfully bumped revision number for resource 539b0b30-24a7-4a75-ae1c-9ec9ed2f5792 (type: routers) to 1
2026-04-28 23:33:38.582 10 INFO neutron.wsgi [None req-ef31fe96-341a-4bf1-9b29-62b422c5feb1 674a66ca812e4831adcd666fa19790ee ccd5da0b16fc418f92870811cee16403 - - - -] 10.0.0.75 "POST /v2.0/routers HTTP/1.1" status: 201 len: 687 time: 0.2101493
2026-04-28 23:33:38.700 10 INFO neutron.db.ovn_revision_numbers_db [None req-f1203ce9-986a-4b98-9721-b2a415818df6 49647566f8344212900b0d9c75594dfa fbaf295fef794a3186a0edb979076ccd - - default default] Successfully bumped revision number for resource 84e12619-00b7-410d-b170-117a96b8feb8 (type: security_groups) to 1
2026-04-28 23:33:38.723 10 INFO neutron.wsgi [None req-f1203ce9-986a-4b98-9721-b2a415818df6 49647566f8344212900b0d9c75594dfa fbaf295fef794a3186a0edb979076ccd - - default default] 10.0.0.75 "GET /v2.0/security-groups?tenant_id=593affe6801d4191be095f639b5cfcba&name=default HTTP/1.1" status: 200 len: 2996 time: 0.4072032
2026-04-28 23:33:39.001 10 INFO neutron.wsgi [None req-f6127b99-a7ec-46f1-9cd2-e4b962f10d80 49647566f8344212900b0d9c75594dfa fbaf295fef794a3186a0edb979076ccd - - - -] 10.0.0.75 "DELETE /v2.0/security-groups/84e12619-00b7-410d-b170-117a96b8feb8 HTTP/1.1" status: 204 len: 168 time: 0.2733576
2026-04-28 23:33:39.027 10 WARNING neutron.scheduler.dhcp_agent_scheduler [None req-fd0005fb-4187-4a54-b13a-b1ce5b12abdb 674a66ca812e4831adcd666fa19790ee ccd5da0b16fc418f92870811cee16403 - - default default] No more DHCP agents
2026-04-28 23:33:39.029 10 WARNING neutron.api.rpc.agentnotifiers.dhcp_rpc_agent_api [None req-fd0005fb-4187-4a54-b13a-b1ce5b12abdb 674a66ca812e4831adcd666fa19790ee ccd5da0b16fc418f92870811cee16403 - - default default] Unable to schedule network 5f9e57f0-b51f-430b-acc7-cc918b7b47c5: no agents available; will retry on subsequent port and subnet creation events.
2026-04-28 23:33:39.151 10 INFO neutron.db.ovn_revision_numbers_db [None req-fd0005fb-4187-4a54-b13a-b1ce5b12abdb 674a66ca812e4831adcd666fa19790ee ccd5da0b16fc418f92870811cee16403 - - default default] Successfully bumped revision number for resource d28c4e90-8173-497c-b0de-33e09e4c96e3 (type: ports) to 1
2026-04-28 23:33:39.227 9 INFO neutron.db.ovn_revision_numbers_db [None req-b2a687ea-e765-4def-9d22-0ab94bf578b9 49647566f8344212900b0d9c75594dfa fbaf295fef794a3186a0edb979076ccd - - default default] Successfully bumped revision number for resource f8a36b8e-ff8b-4564-bd2e-b87045f01277 (type: security_groups) to 1
2026-04-28 23:33:39.261 9 INFO neutron.wsgi [None req-b2a687ea-e765-4def-9d22-0ab94bf578b9 49647566f8344212900b0d9c75594dfa fbaf295fef794a3186a0edb979076ccd - - default default] 10.0.0.75 "GET /v2.0/security-groups?tenant_id=870b36d6bd9740b58e0a5241d1f8d315&name=default HTTP/1.1" status: 200 len: 2996 time: 0.1589260
2026-04-28 23:33:39.429 9 INFO neutron.wsgi [None req-80066729-5d98-4b2d-af1b-38de2b7e378a 49647566f8344212900b0d9c75594dfa fbaf295fef794a3186a0edb979076ccd - - - -] 10.0.0.75 "DELETE /v2.0/security-groups/f8a36b8e-ff8b-4564-bd2e-b87045f01277 HTTP/1.1" status: 204 len: 168 time: 0.1614788
2026-04-28 23:33:39.690 9 INFO neutron.db.ovn_revision_numbers_db [None req-f59e56ae-6c71-42e7-b902-ab35bc887f86 49647566f8344212900b0d9c75594dfa fbaf295fef794a3186a0edb979076ccd - - default default] Successfully bumped revision number for resource e68d92aa-4be7-4a6c-aee7-a0ae645ac2f7 (type: security_groups) to 1
2026-04-28 23:33:39.713 9 INFO neutron.wsgi [None req-f59e56ae-6c71-42e7-b902-ab35bc887f86 49647566f8344212900b0d9c75594dfa fbaf295fef794a3186a0edb979076ccd - - default default] 10.0.0.75 "GET /v2.0/security-groups?tenant_id=3e43baf7e4174c89bdafbfb6e0cac3da&name=default HTTP/1.1" status: 200 len: 2996 time: 0.1152759
2026-04-28 23:33:39.734 9 INFO neutron.wsgi [None req-be1d43ed-703c-4bbf-8871-792689c2fd05 d983dab1f9e14a3eb05a9e1dea5a7e39 cfbde2c2f90e4103a188d4a962cffe60 - - default default] 10.0.0.71 "GET /v2.0/extensions HTTP/1.1" status: 200 len: 16525 time: 0.2115953
2026-04-28 23:33:39.795 10 INFO neutron.plugins.ml2.drivers.ovn.mech_driver.mech_driver [None req-6f2d7d0e-ecae-49ee-9bfa-78277e8a5813 - - - - - -] OVN reports status up for port: d28c4e90-8173-497c-b0de-33e09e4c96e3
2026-04-28 23:33:39.802 10 INFO neutron.plugins.ml2.plugin [None req-6f2d7d0e-ecae-49ee-9bfa-78277e8a5813 - - - - - -] Attempt 1 to provision port d28c4e90-8173-497c-b0de-33e09e4c96e3
2026-04-28 23:33:39.804 10 INFO neutron.db.ovn_revision_numbers_db [None req-fd0005fb-4187-4a54-b13a-b1ce5b12abdb 674a66ca812e4831adcd666fa19790ee ccd5da0b16fc418f92870811cee16403 - - default default] Successfully bumped revision number for resource d28c4e90-8173-497c-b0de-33e09e4c96e3 (type: router_ports) to 2
2026-04-28 23:33:39.875 9 INFO neutron.wsgi [None req-f0704553-49b5-439e-8b65-78dafb554ab3 d983dab1f9e14a3eb05a9e1dea5a7e39 cfbde2c2f90e4103a188d4a962cffe60 - - default default] 10.0.0.71 "GET /v2.0/quotas/cfbde2c2f90e4103a188d4a962cffe60/details HTTP/1.1" status: 200 len: 756 time: 0.1215520
2026-04-28 23:33:39.936 9 INFO neutron.wsgi [None req-dea544f9-fb02-494f-b74e-d5ea5a7bd00e 49647566f8344212900b0d9c75594dfa fbaf295fef794a3186a0edb979076ccd - - - -] 10.0.0.75 "DELETE /v2.0/security-groups/e68d92aa-4be7-4a6c-aee7-a0ae645ac2f7 HTTP/1.1" status: 204 len: 168 time: 0.2192640
2026-04-28 23:33:39.980 10 INFO neutron.db.ovn_revision_numbers_db [None req-fd0005fb-4187-4a54-b13a-b1ce5b12abdb 674a66ca812e4831adcd666fa19790ee ccd5da0b16fc418f92870811cee16403 - - default default] Successfully bumped revision number for resource d28c4e90-8173-497c-b0de-33e09e4c96e3 (type: ports) to 2
2026-04-28 23:33:40.064 10 WARNING neutron.scheduler.dhcp_agent_scheduler [None req-fd0005fb-4187-4a54-b13a-b1ce5b12abdb 674a66ca812e4831adcd666fa19790ee ccd5da0b16fc418f92870811cee16403 - - default default] No more DHCP agents
2026-04-28 23:33:40.067 10 WARNING neutron.api.rpc.agentnotifiers.dhcp_rpc_agent_api [None req-fd0005fb-4187-4a54-b13a-b1ce5b12abdb 674a66ca812e4831adcd666fa19790ee ccd5da0b16fc418f92870811cee16403 - - default default] Unable to schedule network 5f9e57f0-b51f-430b-acc7-cc918b7b47c5: no agents available; will retry on subsequent port and subnet creation events.
2026-04-28 23:33:40.109 10 INFO neutron.db.ovn_revision_numbers_db [None req-6f2d7d0e-ecae-49ee-9bfa-78277e8a5813 - - - - - -] Successfully bumped revision number for resource d28c4e90-8173-497c-b0de-33e09e4c96e3 (type: ports) to 3
2026-04-28 23:33:40.243 10 INFO neutron.db.ovn_revision_numbers_db [None req-6f2d7d0e-ecae-49ee-9bfa-78277e8a5813 - - - - - -] Successfully bumped revision number for resource d28c4e90-8173-497c-b0de-33e09e4c96e3 (type: router_ports) to 3
2026-04-28 23:33:40.256 10 INFO neutron.db.ovn_revision_numbers_db [None req-fd0005fb-4187-4a54-b13a-b1ce5b12abdb 674a66ca812e4831adcd666fa19790ee ccd5da0b16fc418f92870811cee16403 - - - -] Successfully bumped revision number for resource d28c4e90-8173-497c-b0de-33e09e4c96e3 (type: router_ports) to 3
2026-04-28 23:33:40.259 10 INFO neutron.wsgi [None req-fd0005fb-4187-4a54-b13a-b1ce5b12abdb 674a66ca812e4831adcd666fa19790ee ccd5da0b16fc418f92870811cee16403 - - - -] 10.0.0.75 "PUT /v2.0/routers/539b0b30-24a7-4a75-ae1c-9ec9ed2f5792/add_router_interface HTTP/1.1" status: 200 len: 503 time: 1.6717751
2026-04-28 23:33:40.298 10 INFO neutron.wsgi [None req-3feb914e-6cde-4371-bd3c-68c43389cec3 674a66ca812e4831adcd666fa19790ee ccd5da0b16fc418f92870811cee16403 - - default default] 10.0.0.75 "GET /v2.0/ports/d28c4e90-8173-497c-b0de-33e09e4c96e3 HTTP/1.1" status: 200 len: 1137 time: 0.0338919
2026-04-28 23:33:40.735 10 WARNING neutron.scheduler.dhcp_agent_scheduler [None req-b3091dc4-9ead-4643-8a40-4fbd142f44af 674a66ca812e4831adcd666fa19790ee ccd5da0b16fc418f92870811cee16403 - - default default] No more DHCP agents
2026-04-28 23:33:40.740 10 WARNING neutron.api.rpc.agentnotifiers.dhcp_rpc_agent_api [None req-b3091dc4-9ead-4643-8a40-4fbd142f44af 674a66ca812e4831adcd666fa19790ee ccd5da0b16fc418f92870811cee16403 - - default default] Unable to schedule network 76e8c45c-a3c0-4578-9876-4015693943d8: no agents available; will retry on subsequent port and subnet creation events.
2026-04-28 23:33:40.884 10 INFO neutron.db.ovn_revision_numbers_db [None req-b3091dc4-9ead-4643-8a40-4fbd142f44af 674a66ca812e4831adcd666fa19790ee ccd5da0b16fc418f92870811cee16403 - - default default] Successfully bumped revision number for resource 5df04ea3-2242-4d68-97ae-b6d2fd6e4390 (type: ports) to 1
2026-04-28 23:33:41.067 9 INFO neutron.plugins.ml2.drivers.ovn.mech_driver.mech_driver [None req-2a68c9da-2f29-495c-b3e5-4be7c2cc46c4 - - - - - -] OVN reports status down for port: ad51fadf-0a4c-49e8-b62b-96311d18d3f4
2026-04-28 23:33:41.108 10 INFO neutron.wsgi [req-ca175ac4-6b3f-4a1a-a6f1-86c609b18288 req-6d84be69-6be8-499b-a3bb-227e60a12a78 1d8265fddafd4c948807b641b64fb931 a87a0a40d41c4029b9e83d6c32bfa9f9 - - default default] 10.0.0.44 "GET /v2.0/ports?device_id=bcffc91d-adf5-44d0-b725-70c639bd73c5 HTTP/1.1" status: 200 len: 1170 time: 0.1105721
2026-04-28 23:33:41.167 10 INFO neutron.wsgi [req-ca175ac4-6b3f-4a1a-a6f1-86c609b18288 req-250802c1-62f5-436c-a96b-1c388b00d2a5 1d8265fddafd4c948807b641b64fb931 a87a0a40d41c4029b9e83d6c32bfa9f9 - - default default] 10.0.0.44 "GET /v2.0/security-groups?id=cd3701ed-a278-41e7-b1a9-38fdbcfcc656&fields=id&fields=name HTTP/1.1" status: 200 len: 313 time: 0.0517023
2026-04-28 23:33:41.216 9 INFO neutron.notifiers.nova [-] Nova event matching ['req-33ca1b1c-2a3e-418f-9eb7-32a1f74e5bc4'] response: {'server_uuid': 'bcffc91d-adf5-44d0-b725-70c639bd73c5', 'name': 'network-vif-unplugged', 'status': 'completed', 'tag': 'ad51fadf-0a4c-49e8-b62b-96311d18d3f4', 'code': 200}
2026-04-28 23:33:41.362 9 INFO neutron.db.ovn_revision_numbers_db [None req-2a68c9da-2f29-495c-b3e5-4be7c2cc46c4 - - - - - -] Successfully bumped revision number for resource ad51fadf-0a4c-49e8-b62b-96311d18d3f4 (type: ports) to 5
2026-04-28 23:33:41.427 9 INFO neutron.wsgi [req-ab886e24-4325-4a47-b462-02404770cc33 req-73e4b11d-667e-4b9d-8158-15bae4bfad7c 1d8265fddafd4c948807b641b64fb931 a87a0a40d41c4029b9e83d6c32bfa9f9 - - default default] 199.204.45.49 "GET /v2.0/ports?device_id=bcffc91d-adf5-44d0-b725-70c639bd73c5 HTTP/1.1" status: 200 len: 1168 time: 0.1056352 /var/lib/openstack/lib/python3.10/site-packages/pycadf/identifier.py:71: UserWarning: Invalid uuid: neutron. To ensure interoperability, identifiers should be a valid uuid. warnings.warn(('Invalid uuid: %s. To ensure interoperability, '
2026-04-28 23:33:41.441 10 INFO neutron.db.ovn_revision_numbers_db [None req-b3091dc4-9ead-4643-8a40-4fbd142f44af 674a66ca812e4831adcd666fa19790ee ccd5da0b16fc418f92870811cee16403 - - default default] Successfully bumped revision number for resource 5df04ea3-2242-4d68-97ae-b6d2fd6e4390 (type: router_ports) to 2
2026-04-28 23:33:41.566 10 INFO neutron.db.ovn_revision_numbers_db [None req-b3091dc4-9ead-4643-8a40-4fbd142f44af 674a66ca812e4831adcd666fa19790ee ccd5da0b16fc418f92870811cee16403 - - default default] Successfully bumped revision number for resource 5df04ea3-2242-4d68-97ae-b6d2fd6e4390 (type: ports) to 2
2026-04-28 23:33:41.634 10 WARNING neutron.scheduler.dhcp_agent_scheduler [None req-b3091dc4-9ead-4643-8a40-4fbd142f44af 674a66ca812e4831adcd666fa19790ee ccd5da0b16fc418f92870811cee16403 - - default default] No more DHCP agents
2026-04-28 23:33:41.635 10 WARNING neutron.api.rpc.agentnotifiers.dhcp_rpc_agent_api [None req-b3091dc4-9ead-4643-8a40-4fbd142f44af 674a66ca812e4831adcd666fa19790ee ccd5da0b16fc418f92870811cee16403 - - default default] Unable to schedule network 76e8c45c-a3c0-4578-9876-4015693943d8: no agents available; will retry on subsequent port and subnet creation events.
2026-04-28 23:33:41.824 9 INFO neutron.db.l3_db [None req-908d5390-5486-422c-9314-dcb18bc4e623 1d8265fddafd4c948807b641b64fb931 a87a0a40d41c4029b9e83d6c32bfa9f9 - - - -] Floating IP 642d4b39-f409-449b-9305-18f3638ae001 disassociated. External IP: 10.96.250.202, port: ad51fadf-0a4c-49e8-b62b-96311d18d3f4.
2026-04-28 23:33:41.831 10 INFO neutron.db.ovn_revision_numbers_db [None req-b3091dc4-9ead-4643-8a40-4fbd142f44af 674a66ca812e4831adcd666fa19790ee ccd5da0b16fc418f92870811cee16403 - - - -] Successfully bumped revision number for resource 5df04ea3-2242-4d68-97ae-b6d2fd6e4390 (type: router_ports) to 2
2026-04-28 23:33:41.833 10 INFO neutron.wsgi [None req-b3091dc4-9ead-4643-8a40-4fbd142f44af 674a66ca812e4831adcd666fa19790ee ccd5da0b16fc418f92870811cee16403 - - - -] 10.0.0.75 "PUT /v2.0/routers/539b0b30-24a7-4a75-ae1c-9ec9ed2f5792/add_router_interface HTTP/1.1" status: 200 len: 503 time: 1.5298707
2026-04-28 23:33:41.863 10 INFO neutron.wsgi [None req-58dd0b5e-4c6f-490b-9648-1eb74fc74176 674a66ca812e4831adcd666fa19790ee ccd5da0b16fc418f92870811cee16403 - - default default] 10.0.0.75 "GET /v2.0/ports/5df04ea3-2242-4d68-97ae-b6d2fd6e4390 HTTP/1.1" status: 200 len: 1135 time: 0.0256889
2026-04-28 23:33:41.905 10 INFO neutron.wsgi [None req-142c359f-6692-497c-bf19-76f49ed42d9f 674a66ca812e4831adcd666fa19790ee ccd5da0b16fc418f92870811cee16403 - - default default] 10.0.0.75 "GET /v2.0/ports/5df04ea3-2242-4d68-97ae-b6d2fd6e4390 HTTP/1.1" status: 200 len: 1135 time: 0.0361974
2026-04-28 23:33:42.041 9 INFO neutron.wsgi [None req-908d5390-5486-422c-9314-dcb18bc4e623 1d8265fddafd4c948807b641b64fb931 a87a0a40d41c4029b9e83d6c32bfa9f9 - - - -] 199.204.45.49 "DELETE /v2.0/ports/ad51fadf-0a4c-49e8-b62b-96311d18d3f4 HTTP/1.1" status: 204 len: 173 time: 0.6070592
2026-04-28 23:33:42.279 10 INFO neutron.wsgi [req-e33bad20-3bb3-49f1-9a3c-749864250e31 req-8e3fb21d-d46c-4e46-967e-0c6bc1a67537 1d8265fddafd4c948807b641b64fb931 a87a0a40d41c4029b9e83d6c32bfa9f9 - - default default] 10.0.0.44 "GET /v2.0/ports?device_id=bcffc91d-adf5-44d0-b725-70c639bd73c5 HTTP/1.1" status: 200 len: 210 time: 0.0335732
2026-04-28 23:33:42.491 10 INFO neutron.wsgi [None req-90d43099-86d8-4ed6-a34b-6af375eb3605 d983dab1f9e14a3eb05a9e1dea5a7e39 cfbde2c2f90e4103a188d4a962cffe60 - - default default] 10.0.0.71 "GET /v2.0/extensions HTTP/1.1" status: 200 len: 16525 time: 0.0061522 /var/lib/openstack/lib/python3.10/site-packages/pycadf/identifier.py:71: UserWarning: Invalid uuid: neutron. To ensure interoperability, identifiers should be a valid uuid. warnings.warn(('Invalid uuid: %s. To ensure interoperability, '
2026-04-28 23:33:42.601 9 INFO neutron.wsgi [None req-d584ba69-f435-45e1-b97f-af218bb3f3d4 d983dab1f9e14a3eb05a9e1dea5a7e39 cfbde2c2f90e4103a188d4a962cffe60 - - default default] 10.0.0.71 "GET /v2.0/quotas/cfbde2c2f90e4103a188d4a962cffe60/details HTTP/1.1" status: 200 len: 756 time: 0.0950699
2026-04-28 23:33:43.025 10 INFO neutron.wsgi [None req-63ce35f2-fee4-4e34-80bb-40ed5e33eff2 674a66ca812e4831adcd666fa19790ee ccd5da0b16fc418f92870811cee16403 - - default default] 10.0.0.75 "GET /v2.0/ports/5df04ea3-2242-4d68-97ae-b6d2fd6e4390 HTTP/1.1" status: 200 len: 1135 time: 0.1129861
2026-04-28 23:33:43.257 9 INFO neutron.notifiers.nova [-] Nova event matching ['req-a44a2500-f410-4392-9ed6-f91fb20021e5'] response: {'server_uuid': 'bcffc91d-adf5-44d0-b725-70c639bd73c5', 'name': 'network-vif-plugged', 'status': 'completed', 'tag': 'ad51fadf-0a4c-49e8-b62b-96311d18d3f4', 'code': 200}
2026-04-28 23:33:43.258 9 INFO neutron.notifiers.nova [-] Nova event matching ['req-a44a2500-f410-4392-9ed6-f91fb20021e5'] response: {'server_uuid': 'bcffc91d-adf5-44d0-b725-70c639bd73c5', 'name': 'network-vif-deleted', 'tag': 'ad51fadf-0a4c-49e8-b62b-96311d18d3f4', 'status': 'completed', 'code': 200}
2026-04-28 23:33:43.465 10 INFO neutron.wsgi [None req-fcdaf89d-d2a8-4cbe-8abf-ef709aaccfd0 1d8265fddafd4c948807b641b64fb931 a87a0a40d41c4029b9e83d6c32bfa9f9 - - - -] 10.0.0.75 "DELETE /v2.0/security-groups/cd3701ed-a278-41e7-b1a9-38fdbcfcc656 HTTP/1.1" status: 204 len: 168 time: 0.1304250
2026-04-28 23:33:43.848 10 INFO neutron.wsgi [None req-97dc5ed3-fe1b-45b1-a7f6-ee67bfd457cb 1d8265fddafd4c948807b641b64fb931 a87a0a40d41c4029b9e83d6c32bfa9f9 - - - -] 10.0.0.75 "DELETE /v2.0/floatingips/642d4b39-f409-449b-9305-18f3638ae001 HTTP/1.1" status: 204 len: 168 time: 0.3561389
2026-04-28 23:33:44.097 10 INFO neutron.wsgi [req-5569711a-59e0-442d-9305-2d82256f882f req-ae3145d9-e6ff-4ab2-bb5b-3cbc1ade86c3 1d8265fddafd4c948807b641b64fb931 a87a0a40d41c4029b9e83d6c32bfa9f9 - - default default] 10.0.0.44 "GET /v2.0/ports?device_id=1f89cd70-8737-4812-ab3b-45a607eb8bce HTTP/1.1" status: 200 len: 1170 time: 0.0681989
2026-04-28 23:33:44.142 10 INFO neutron.wsgi [req-5569711a-59e0-442d-9305-2d82256f882f req-d9ab0b0c-68ef-4792-ac9d-1f975595318b 1d8265fddafd4c948807b641b64fb931 a87a0a40d41c4029b9e83d6c32bfa9f9 - - default default] 10.0.0.44 "GET /v2.0/security-groups?id=623b7fca-5cb5-49ff-8baf-189722d39f44&fields=id&fields=name HTTP/1.1" status: 200 len: 312 time: 0.0383527
2026-04-28 23:33:44.150 9 INFO neutron.wsgi [None req-57d752fd-1e7a-4c05-a65a-dd5f93619f78 674a66ca812e4831adcd666fa19790ee ccd5da0b16fc418f92870811cee16403 - - default default] 10.0.0.75 "GET /v2.0/ports/5df04ea3-2242-4d68-97ae-b6d2fd6e4390 HTTP/1.1" status: 200 len: 1135 time: 0.1180339
2026-04-28 23:33:44.378 9 INFO neutron.wsgi [req-eec5824c-8121-4672-902d-bea2d292b433 req-d99b0607-10c3-4120-b635-d2eb5dd4b853 1d8265fddafd4c948807b641b64fb931 a87a0a40d41c4029b9e83d6c32bfa9f9 - - default default] 199.204.45.49 "GET /v2.0/ports?device_id=1f89cd70-8737-4812-ab3b-45a607eb8bce HTTP/1.1" status: 200 len: 1170 time: 0.0496380
2026-04-28 23:33:44.478 10 INFO neutron.db.ovn_revision_numbers_db [None req-8de07fb4-8ba4-4bb9-964e-499418d1d9a5 761587387fdd4b2dbfdfe5fa2f8dc3a4 c999747c8f1742fcb45b591fb6638856 - - - -] Successfully bumped revision number for resource 35cd7b25-2b58-423d-985a-e9e875ce4990 (type: security_groups) to 1
2026-04-28 23:33:44.535 10 INFO neutron.db.segments_db [None req-8de07fb4-8ba4-4bb9-964e-499418d1d9a5 761587387fdd4b2dbfdfe5fa2f8dc3a4 c999747c8f1742fcb45b591fb6638856 - - - -] Added segment 449ebe13-42f3-4283-bab8-d5f5d5b0de03 of type geneve for network b41a55f1-7eb1-44cf-a330-42eb0792616b
2026-04-28 23:33:44.654 10 INFO neutron.db.ovn_revision_numbers_db [None req-8de07fb4-8ba4-4bb9-964e-499418d1d9a5 761587387fdd4b2dbfdfe5fa2f8dc3a4 c999747c8f1742fcb45b591fb6638856 - - - -] Successfully bumped revision number for resource b41a55f1-7eb1-44cf-a330-42eb0792616b (type: networks) to 1
2026-04-28 23:33:44.661 9 INFO neutron.wsgi [None req-3c39645d-ba3a-4231-ae3b-ed7cf29f77b2 1d8265fddafd4c948807b641b64fb931 a87a0a40d41c4029b9e83d6c32bfa9f9 - - - -] 199.204.45.49 "DELETE /v2.0/ports/2b0690c4-520c-41ec-b03d-49f55297034b HTTP/1.1" status: 204 len: 173 time: 0.2758243
2026-04-28 23:33:44.864 10 WARNING neutron.scheduler.dhcp_agent_scheduler [None req-8de07fb4-8ba4-4bb9-964e-499418d1d9a5 761587387fdd4b2dbfdfe5fa2f8dc3a4 c999747c8f1742fcb45b591fb6638856 - - - -] No more DHCP agents
2026-04-28 23:33:44.865 10 WARNING neutron.api.rpc.agentnotifiers.dhcp_rpc_agent_api [None req-8de07fb4-8ba4-4bb9-964e-499418d1d9a5 761587387fdd4b2dbfdfe5fa2f8dc3a4 c999747c8f1742fcb45b591fb6638856 - - - -] Unable to schedule network b41a55f1-7eb1-44cf-a330-42eb0792616b: no agents available; will retry on subsequent port and subnet creation events.
2026-04-28 23:33:44.950 10 INFO neutron.db.ovn_revision_numbers_db [None req-8de07fb4-8ba4-4bb9-964e-499418d1d9a5 761587387fdd4b2dbfdfe5fa2f8dc3a4 c999747c8f1742fcb45b591fb6638856 - - - -] Successfully bumped revision number for resource c5ea4f1e-a0de-4173-a18c-eb8748cf43c7 (type: ports) to 1
2026-04-28 23:33:44.979 10 INFO neutron.wsgi [None req-8de07fb4-8ba4-4bb9-964e-499418d1d9a5 761587387fdd4b2dbfdfe5fa2f8dc3a4 c999747c8f1742fcb45b591fb6638856 - - - -] 10.0.0.75 "POST /v2.0/networks HTTP/1.1" status: 201 len: 830 time: 0.8358564
2026-04-28 23:33:45.204 9 INFO neutron.wsgi [None req-60cd62b3-a1fa-4a0e-9783-51d41513724f 674a66ca812e4831adcd666fa19790ee ccd5da0b16fc418f92870811cee16403 - - default default] 10.0.0.75 "GET /v2.0/ports/5df04ea3-2242-4d68-97ae-b6d2fd6e4390 HTTP/1.1" status: 200 len: 1135 time: 0.0478628
2026-04-28 23:33:45.294 9 INFO neutron.notifiers.nova [-] Nova event matching ['req-c8087867-1217-4e71-bc99-7bc7a73f3224'] response: {'server_uuid': '1f89cd70-8737-4812-ab3b-45a607eb8bce', 'name': 'network-vif-deleted', 'tag': '2b0690c4-520c-41ec-b03d-49f55297034b', 'status': 'completed', 'code': 200}
2026-04-28 23:33:45.339 9 INFO neutron.wsgi [None req-856da83b-af49-4399-aa04-971f3c2cabe7 1d8265fddafd4c948807b641b64fb931 a87a0a40d41c4029b9e83d6c32bfa9f9 - - - -] 10.0.0.75 "DELETE /v2.0/security-groups/623b7fca-5cb5-49ff-8baf-189722d39f44 HTTP/1.1" status: 204 len: 168 time: 0.1339202
2026-04-28 23:33:45.559 10 INFO neutron.db.ovn_revision_numbers_db [None req-d43485bb-99c7-4cf4-aa9a-d1399ff98a71 49647566f8344212900b0d9c75594dfa fbaf295fef794a3186a0edb979076ccd - - default default] Successfully bumped revision number for resource a114d052-19e4-4032-8733-e499f8d81983 (type: security_groups) to 1
2026-04-28 23:33:45.567 10 WARNING neutron.scheduler.dhcp_agent_scheduler [None req-2d56b502-a9db-4d16-9d4b-6b61fb729b71 761587387fdd4b2dbfdfe5fa2f8dc3a4 c999747c8f1742fcb45b591fb6638856 - - - -] No more DHCP agents
2026-04-28 23:33:45.573 10 WARNING neutron.api.rpc.agentnotifiers.dhcp_rpc_agent_api [None req-2d56b502-a9db-4d16-9d4b-6b61fb729b71 761587387fdd4b2dbfdfe5fa2f8dc3a4 c999747c8f1742fcb45b591fb6638856 - - - -] Unable to schedule network b41a55f1-7eb1-44cf-a330-42eb0792616b: no agents available; will retry on subsequent port and subnet creation events.
2026-04-28 23:33:45.586 10 INFO neutron.wsgi [None req-d43485bb-99c7-4cf4-aa9a-d1399ff98a71 49647566f8344212900b0d9c75594dfa fbaf295fef794a3186a0edb979076ccd - - default default] 10.0.0.75 "GET /v2.0/security-groups?tenant_id=cfbde2c2f90e4103a188d4a962cffe60&name=default HTTP/1.1" status: 200 len: 2996 time: 0.5894017
2026-04-28 23:33:45.639 10 WARNING neutron.plugins.ml2.drivers.ovn.mech_driver.ovsdb.ovn_client [None req-6f2d7d0e-ecae-49ee-9bfa-78277e8a5813 - - - - - -] No hosting information found for port d28c4e90-8173-497c-b0de-33e09e4c96e3: RuntimeError: No hosting information found for port d28c4e90-8173-497c-b0de-33e09e4c96e3
2026-04-28 23:33:45.640 10 INFO neutron.plugins.ml2.drivers.ovn.mech_driver.mech_driver [None req-6f2d7d0e-ecae-49ee-9bfa-78277e8a5813 - - - - - -] OVN reports status up for port: 5df04ea3-2242-4d68-97ae-b6d2fd6e4390
2026-04-28 23:33:45.654 10 INFO neutron.plugins.ml2.plugin [None req-6f2d7d0e-ecae-49ee-9bfa-78277e8a5813 - - - - - -] Attempt 1 to provision port 5df04ea3-2242-4d68-97ae-b6d2fd6e4390
2026-04-28 23:33:45.665 10 INFO neutron.db.ovn_revision_numbers_db [None req-2d56b502-a9db-4d16-9d4b-6b61fb729b71 761587387fdd4b2dbfdfe5fa2f8dc3a4 c999747c8f1742fcb45b591fb6638856 - - - -] Successfully bumped revision number for resource a06d9a39-0938-4a89-8df9-d2cf2884a6ec (type: ports) to 1
2026-04-28 23:33:45.693 10 INFO neutron.wsgi [None req-2d56b502-a9db-4d16-9d4b-6b61fb729b71 761587387fdd4b2dbfdfe5fa2f8dc3a4 c999747c8f1742fcb45b591fb6638856 - - - -] 10.0.0.75 "POST /v2.0/ports HTTP/1.1" status: 201 len: 942 time: 0.7084396 /var/lib/openstack/lib/python3.10/site-packages/pycadf/identifier.py:71: UserWarning: Invalid uuid: neutron. To ensure interoperability, identifiers should be a valid uuid. warnings.warn(('Invalid uuid: %s. To ensure interoperability, '
2026-04-28 23:33:45.941 10 INFO neutron.wsgi [None req-7f418e32-8942-4d40-bc81-69c08f8b471f 761587387fdd4b2dbfdfe5fa2f8dc3a4 c999747c8f1742fcb45b591fb6638856 - - - -] 10.0.0.75 "POST /v2.0/trunks HTTP/1.1" status: 201 len: 608 time: 0.2423663
2026-04-28 23:33:45.958 10 INFO neutron.db.ovn_revision_numbers_db [None req-6f2d7d0e-ecae-49ee-9bfa-78277e8a5813 - - - - - -] Successfully bumped revision number for resource 5df04ea3-2242-4d68-97ae-b6d2fd6e4390 (type: ports) to 3
2026-04-28 23:33:46.053 10 INFO neutron.db.segments_db [None req-c8495d3c-fa52-45e5-a4a2-336e633e4463 761587387fdd4b2dbfdfe5fa2f8dc3a4 c999747c8f1742fcb45b591fb6638856 - - - -] Added segment d2c9de47-9573-4d34-bdd2-6b21c98e8a6c of type geneve for network 6a24cc7d-2875-4e49-b7e5-687bfd16360e
2026-04-28 23:33:46.091 10 INFO neutron.db.ovn_revision_numbers_db [None req-6f2d7d0e-ecae-49ee-9bfa-78277e8a5813 - - - - - -] Successfully bumped revision number for resource 5df04ea3-2242-4d68-97ae-b6d2fd6e4390 (type: router_ports) to 3
2026-04-28 23:33:46.093 9 INFO neutron.wsgi [None req-8c0b0b9a-4f41-4259-a4d8-37c52e4477b1 49647566f8344212900b0d9c75594dfa fbaf295fef794a3186a0edb979076ccd - - - -] 10.0.0.75 "DELETE /v2.0/security-groups/a114d052-19e4-4032-8733-e499f8d81983 HTTP/1.1" status: 204 len: 168 time: 0.4972832
2026-04-28 23:33:46.230 10 INFO neutron.db.ovn_revision_numbers_db [None req-c8495d3c-fa52-45e5-a4a2-336e633e4463 761587387fdd4b2dbfdfe5fa2f8dc3a4 c999747c8f1742fcb45b591fb6638856 - - - -] Successfully bumped revision number for resource 6a24cc7d-2875-4e49-b7e5-687bfd16360e (type: networks) to 1
2026-04-28 23:33:46.247 10 INFO neutron.wsgi [None req-738c51b7-a42d-41f8-a29b-7405f4057faa 674a66ca812e4831adcd666fa19790ee ccd5da0b16fc418f92870811cee16403 - - default default] 10.0.0.75 "GET /v2.0/ports/5df04ea3-2242-4d68-97ae-b6d2fd6e4390 HTTP/1.1" status: 200 len: 1137 time: 0.0350223
2026-04-28 23:33:46.404 10 WARNING neutron.scheduler.dhcp_agent_scheduler [None req-c8495d3c-fa52-45e5-a4a2-336e633e4463 761587387fdd4b2dbfdfe5fa2f8dc3a4 c999747c8f1742fcb45b591fb6638856 - - - -] No more DHCP agents
2026-04-28 23:33:46.406 10 WARNING neutron.api.rpc.agentnotifiers.dhcp_rpc_agent_api [None req-c8495d3c-fa52-45e5-a4a2-336e633e4463 761587387fdd4b2dbfdfe5fa2f8dc3a4 c999747c8f1742fcb45b591fb6638856 - - - -] Unable to schedule network 6a24cc7d-2875-4e49-b7e5-687bfd16360e: no agents available; will retry on subsequent port and subnet creation events.
2026-04-28 23:33:46.462 10 INFO neutron.db.ovn_revision_numbers_db [None req-c8495d3c-fa52-45e5-a4a2-336e633e4463 761587387fdd4b2dbfdfe5fa2f8dc3a4 c999747c8f1742fcb45b591fb6638856 - - - -] Successfully bumped revision number for resource 42493ce2-ffc3-4fa5-82f7-044f9b5ac732 (type: ports) to 1
2026-04-28 23:33:46.483 10 INFO neutron.wsgi [None req-c8495d3c-fa52-45e5-a4a2-336e633e4463 761587387fdd4b2dbfdfe5fa2f8dc3a4 c999747c8f1742fcb45b591fb6638856 - - - -] 10.0.0.75 "POST /v2.0/networks HTTP/1.1" status: 201 len: 831 time: 0.5353172
2026-04-28 23:33:46.529 9 INFO neutron.wsgi [None req-cb576fb5-3e0e-48d3-a442-84e16bb6264d 1d8265fddafd4c948807b641b64fb931 a87a0a40d41c4029b9e83d6c32bfa9f9 - - - -] 10.0.0.75 "PUT /v2.0/routers/8d144d65-a021-4703-b1ac-95f96f6a2a58/remove_router_interface HTTP/1.1" status: 200 len: 503 time: 1.1486943 /var/lib/openstack/lib/python3.10/site-packages/pycadf/identifier.py:71: UserWarning: Invalid uuid: neutron. To ensure interoperability, identifiers should be a valid uuid. warnings.warn(('Invalid uuid: %s. To ensure interoperability, '
2026-04-28 23:33:46.710 10 WARNING neutron.scheduler.dhcp_agent_scheduler [None req-36526597-949c-408f-bedb-805247e32d26 761587387fdd4b2dbfdfe5fa2f8dc3a4 c999747c8f1742fcb45b591fb6638856 - - - -] No more DHCP agents
2026-04-28 23:33:46.712 10 WARNING neutron.api.rpc.agentnotifiers.dhcp_rpc_agent_api [None req-36526597-949c-408f-bedb-805247e32d26 761587387fdd4b2dbfdfe5fa2f8dc3a4 c999747c8f1742fcb45b591fb6638856 - - - -] Unable to schedule network 6a24cc7d-2875-4e49-b7e5-687bfd16360e: no agents available; will retry on subsequent port and subnet creation events.
2026-04-28 23:33:46.787 10 INFO neutron.db.ovn_revision_numbers_db [None req-36526597-949c-408f-bedb-805247e32d26 761587387fdd4b2dbfdfe5fa2f8dc3a4 c999747c8f1742fcb45b591fb6638856 - - - -] Successfully bumped revision number for resource dbf9110c-3921-4847-b9fe-4626b25bc895 (type: ports) to 1
2026-04-28 23:33:46.809 10 INFO neutron.wsgi [None req-36526597-949c-408f-bedb-805247e32d26 761587387fdd4b2dbfdfe5fa2f8dc3a4 c999747c8f1742fcb45b591fb6638856 - - - -] 10.0.0.75 "POST /v2.0/ports HTTP/1.1" status: 201 len: 942 time: 0.3221111
2026-04-28 23:33:46.817 9 INFO neutron.wsgi [None req-aab115b4-cea2-461a-9e30-6e78a3b223c5 1d8265fddafd4c948807b641b64fb931 a87a0a40d41c4029b9e83d6c32bfa9f9 - - - -] 10.0.0.75 "DELETE /v2.0/subnets/05fc18e4-0b04-4b54-a634-1b5840c452b5 HTTP/1.1" status: 204 len: 168 time: 0.2822847 /var/lib/openstack/lib/python3.10/site-packages/pycadf/identifier.py:71: UserWarning: Invalid uuid: neutron. To ensure interoperability, identifiers should be a valid uuid. warnings.warn(('Invalid uuid: %s. To ensure interoperability, '
2026-04-28 23:33:47.003 10 INFO neutron.wsgi [None req-4fec582c-4f67-44b8-b7e3-472f0484a6cb 761587387fdd4b2dbfdfe5fa2f8dc3a4 c999747c8f1742fcb45b591fb6638856 - - - -] 10.0.0.75 "POST /v2.0/trunks HTTP/1.1" status: 201 len: 608 time: 0.1872084
2026-04-28 23:33:47.120 10 INFO neutron.db.segments_db [None req-cd1029d2-a6d7-45e5-87e3-3f4f974f3447 761587387fdd4b2dbfdfe5fa2f8dc3a4 c999747c8f1742fcb45b591fb6638856 - - - -] Added segment 2e11ffb6-e7b8-4a13-a44d-5c99ebd43298 of type geneve for network 568decb5-c155-4cde-ad58-db4b65a1ada8
2026-04-28 23:33:47.140 9 INFO neutron.wsgi [None req-022ebc54-a440-4762-9e6b-f8b3a99133d2 674a66ca812e4831adcd666fa19790ee ccd5da0b16fc418f92870811cee16403 - - - -] 10.0.0.75 "PUT /v2.0/routers/539b0b30-24a7-4a75-ae1c-9ec9ed2f5792/remove_router_interface HTTP/1.1" status: 200 len: 503 time: 0.8885210
2026-04-28 23:33:47.282 10 INFO neutron.wsgi [None req-f668d589-c100-41e9-965d-65defbded5f5 674a66ca812e4831adcd666fa19790ee ccd5da0b16fc418f92870811cee16403 - - default default] 10.0.0.75 "GET /v2.0/ports/d28c4e90-8173-497c-b0de-33e09e4c96e3 HTTP/1.1" status: 200 len: 1137 time: 0.1351748
2026-04-28 23:33:47.282 10 INFO neutron.db.ovn_revision_numbers_db [None req-cd1029d2-a6d7-45e5-87e3-3f4f974f3447 761587387fdd4b2dbfdfe5fa2f8dc3a4 c999747c8f1742fcb45b591fb6638856 - - - -] Successfully bumped revision number for resource 568decb5-c155-4cde-ad58-db4b65a1ada8 (type: networks) to 1
2026-04-28 23:33:47.501 9 INFO neutron.wsgi [None req-3f815fc8-02fd-4dd3-a131-9eab0a0a8a11 1d8265fddafd4c948807b641b64fb931 a87a0a40d41c4029b9e83d6c32bfa9f9 - - - -] 10.0.0.75 "DELETE /v2.0/routers/8d144d65-a021-4703-b1ac-95f96f6a2a58 HTTP/1.1" status: 204 len: 168 time: 0.6801162 /var/lib/openstack/lib/python3.10/site-packages/pycadf/identifier.py:71: UserWarning: Invalid uuid: neutron. To ensure interoperability, identifiers should be a valid uuid. warnings.warn(('Invalid uuid: %s. To ensure interoperability, '
2026-04-28 23:33:47.602 10 WARNING neutron.scheduler.dhcp_agent_scheduler [None req-cd1029d2-a6d7-45e5-87e3-3f4f974f3447 761587387fdd4b2dbfdfe5fa2f8dc3a4 c999747c8f1742fcb45b591fb6638856 - - - -] No more DHCP agents
2026-04-28 23:33:47.603 10 WARNING neutron.api.rpc.agentnotifiers.dhcp_rpc_agent_api [None req-cd1029d2-a6d7-45e5-87e3-3f4f974f3447 761587387fdd4b2dbfdfe5fa2f8dc3a4 c999747c8f1742fcb45b591fb6638856 - - - -] Unable to schedule network 568decb5-c155-4cde-ad58-db4b65a1ada8: no agents available; will retry on subsequent port and subnet creation events.
2026-04-28 23:33:47.689 10 INFO neutron.db.ovn_revision_numbers_db [None req-cd1029d2-a6d7-45e5-87e3-3f4f974f3447 761587387fdd4b2dbfdfe5fa2f8dc3a4 c999747c8f1742fcb45b591fb6638856 - - - -] Successfully bumped revision number for resource 6107b7d9-5692-481f-9d6a-1887d4763b63 (type: ports) to 1
2026-04-28 23:33:47.730 10 INFO neutron.wsgi [None req-cd1029d2-a6d7-45e5-87e3-3f4f974f3447 761587387fdd4b2dbfdfe5fa2f8dc3a4 c999747c8f1742fcb45b591fb6638856 - - - -] 10.0.0.75 "POST /v2.0/networks HTTP/1.1" status: 201 len: 831 time: 0.7187343
2026-04-28 23:33:48.040 10 WARNING neutron.scheduler.dhcp_agent_scheduler [None req-b6e6a997-34c7-4056-9a82-0027d4c89a33 761587387fdd4b2dbfdfe5fa2f8dc3a4 c999747c8f1742fcb45b591fb6638856 - - - -] No more DHCP agents
2026-04-28 23:33:48.044 10 WARNING neutron.api.rpc.agentnotifiers.dhcp_rpc_agent_api [None req-b6e6a997-34c7-4056-9a82-0027d4c89a33 761587387fdd4b2dbfdfe5fa2f8dc3a4 c999747c8f1742fcb45b591fb6638856 - - - -] Unable to schedule network 568decb5-c155-4cde-ad58-db4b65a1ada8: no agents available; will retry on subsequent port and subnet creation events.
2026-04-28 23:33:48.140 10 INFO neutron.db.ovn_revision_numbers_db [None req-b6e6a997-34c7-4056-9a82-0027d4c89a33 761587387fdd4b2dbfdfe5fa2f8dc3a4 c999747c8f1742fcb45b591fb6638856 - - - -] Successfully bumped revision number for resource 2d59af2d-3409-4116-9f50-f69ae2a5f076 (type: ports) to 1
2026-04-28 23:33:48.142 9 INFO neutron.services.segments.plugin [-] Segment 4a638c9f-5b26-4e97-8107-41aa7185a792 resource provider aggregate not found
2026-04-28 23:33:48.146 9 INFO neutron.services.segments.plugin [-] Segment 4a638c9f-5b26-4e97-8107-41aa7185a792 resource provider aggregate not found
2026-04-28 23:33:48.164 9 INFO neutron.services.segments.plugin [-] Segment 4a638c9f-5b26-4e97-8107-41aa7185a792 resource provider not found; error: Placement Client Error (4xx): {"errors": [{"status": 404, "title": "Not Found", "detail": "The resource could not be found.\n\n No resource provider with uuid 4a638c9f-5b26-4e97-8107-41aa7185a792 found for delete ", "request_id": "req-9321b5b4-07b4-4483-97be-99ecdc010d83"}]}
2026-04-28 23:33:48.165 9 INFO neutron.services.segments.plugin [-] Segment 4a638c9f-5b26-4e97-8107-41aa7185a792 resource provider not found; error: Placement Client Error (4xx): {"errors": [{"status": 404, "title": "Not Found", "detail": "The resource could not be found.\n\n No resource provider with uuid 4a638c9f-5b26-4e97-8107-41aa7185a792 found for delete ", "request_id": "req-de5bf8e8-642f-42df-91e0-152aa3ac2c6c"}]}
2026-04-28 23:33:48.170 10 INFO neutron.wsgi [None req-b6e6a997-34c7-4056-9a82-0027d4c89a33 761587387fdd4b2dbfdfe5fa2f8dc3a4 c999747c8f1742fcb45b591fb6638856 - - - -] 10.0.0.75 "POST /v2.0/ports HTTP/1.1" status: 201 len: 942 time: 0.4257174 /var/lib/openstack/lib/python3.10/site-packages/pycadf/identifier.py:71: UserWarning: Invalid uuid: neutron. To ensure interoperability, identifiers should be a valid uuid. warnings.warn(('Invalid uuid: %s. To ensure interoperability, '
2026-04-28 23:33:48.178 9 INFO neutron.wsgi [None req-23e71efe-14ff-4374-9774-67600f335082 1d8265fddafd4c948807b641b64fb931 a87a0a40d41c4029b9e83d6c32bfa9f9 - - - -] 10.0.0.75 "DELETE /v2.0/networks/4d5c7c18-2d24-41c8-8a94-960a54f6c588 HTTP/1.1" status: 204 len: 168 time: 0.6721504
2026-04-28 23:33:48.527 10 INFO neutron.wsgi [None req-9fa22e01-0c59-4d3d-8423-a7326c8f002d 674a66ca812e4831adcd666fa19790ee ccd5da0b16fc418f92870811cee16403 - - - -] 10.0.0.75 "PUT /v2.0/routers/539b0b30-24a7-4a75-ae1c-9ec9ed2f5792/remove_router_interface HTTP/1.1" status: 200 len: 503 time: 1.2399392
2026-04-28 23:33:48.558 9 INFO neutron.wsgi [None req-e6b46043-b044-49b4-b593-89db90cae75d 674a66ca812e4831adcd666fa19790ee ccd5da0b16fc418f92870811cee16403 - - default default] 10.0.0.75 "GET /v2.0/ports?device_id=539b0b30-24a7-4a75-ae1c-9ec9ed2f5792 HTTP/1.1" status: 200 len: 205 time: 0.0257857
2026-04-28 23:33:48.740 10 INFO neutron.wsgi [None req-de310224-0913-43fc-9f70-eeb715abce64 761587387fdd4b2dbfdfe5fa2f8dc3a4 c999747c8f1742fcb45b591fb6638856 - - - -] 10.0.0.75 "POST /v2.0/trunks HTTP/1.1" status: 201 len: 608 time: 0.5664566
2026-04-28 23:33:48.821 9 INFO neutron.wsgi [None req-491a5a45-ecc5-48e1-aaa9-a0ddefd5f4a7 674a66ca812e4831adcd666fa19790ee ccd5da0b16fc418f92870811cee16403 - - - -] 10.0.0.75 "DELETE /v2.0/routers/539b0b30-24a7-4a75-ae1c-9ec9ed2f5792 HTTP/1.1" status: 204 len: 168 time: 0.2586675
2026-04-28 23:33:48.862 9 INFO neutron.db.segments_db [None req-0d5969ef-297f-49a4-bc65-b2ddf6f1dfd7 761587387fdd4b2dbfdfe5fa2f8dc3a4 c999747c8f1742fcb45b591fb6638856 - - - -] Added segment 299d6113-3d12-47de-b492-179517ddb39f of type geneve for network d4c73afb-b9aa-41e1-842d-13ce83567ae5 /var/lib/openstack/lib/python3.10/site-packages/pycadf/identifier.py:71: UserWarning: Invalid uuid: neutron. To ensure interoperability, identifiers should be a valid uuid. warnings.warn(('Invalid uuid: %s. To ensure interoperability, '
2026-04-28 23:33:49.014 9 INFO neutron.db.ovn_revision_numbers_db [None req-0d5969ef-297f-49a4-bc65-b2ddf6f1dfd7 761587387fdd4b2dbfdfe5fa2f8dc3a4 c999747c8f1742fcb45b591fb6638856 - - - -] Successfully bumped revision number for resource d4c73afb-b9aa-41e1-842d-13ce83567ae5 (type: networks) to 1
2026-04-28 23:33:49.026 10 INFO neutron.wsgi [None req-57e2dd72-931b-4404-8c00-965a142f8610 49647566f8344212900b0d9c75594dfa fbaf295fef794a3186a0edb979076ccd - - default default] 10.0.0.75 "GET /v2.0/security-groups?tenant_id=a87a0a40d41c4029b9e83d6c32bfa9f9&name=default HTTP/1.1" status: 200 len: 2996 time: 0.1877565
2026-04-28 23:33:49.108 9 INFO neutron.wsgi [None req-615bca59-e616-498f-b63e-bebd7e2cefea 674a66ca812e4831adcd666fa19790ee ccd5da0b16fc418f92870811cee16403 - - - -] 10.0.0.75 "DELETE /v2.0/subnets/890e7af0-a24d-410d-a4f6-a5c3af4723ea HTTP/1.1" status: 204 len: 168 time: 0.2822552
2026-04-28 23:33:49.192 10 INFO neutron.wsgi [None req-6c825254-3c32-4162-912c-0880a51aaecf 49647566f8344212900b0d9c75594dfa fbaf295fef794a3186a0edb979076ccd - - default default] 10.0.0.205 "GET /v2.0/ports HTTP/1.1" status: 200 len: 12625 time: 0.0921838
2026-04-28 23:33:49.202 9 WARNING neutron.scheduler.dhcp_agent_scheduler [None req-0d5969ef-297f-49a4-bc65-b2ddf6f1dfd7 761587387fdd4b2dbfdfe5fa2f8dc3a4 c999747c8f1742fcb45b591fb6638856 - - - -] No more DHCP agents
2026-04-28 23:33:49.204 9 WARNING neutron.api.rpc.agentnotifiers.dhcp_rpc_agent_api [None req-0d5969ef-297f-49a4-bc65-b2ddf6f1dfd7 761587387fdd4b2dbfdfe5fa2f8dc3a4 c999747c8f1742fcb45b591fb6638856 - - - -] Unable to schedule network d4c73afb-b9aa-41e1-842d-13ce83567ae5: no agents available; will retry on subsequent port and subnet creation events.
2026-04-28 23:33:49.240 10 INFO neutron.wsgi [None req-8498e84a-1d76-4a69-9aa7-5ca77beec045 49647566f8344212900b0d9c75594dfa fbaf295fef794a3186a0edb979076ccd - - default default] 10.0.0.205 "GET /v2.0/agents HTTP/1.1" status: 200 len: 997 time: 0.0344000
2026-04-28 23:33:49.269 10 INFO neutron.wsgi [None req-b012cdaf-122e-4609-a05b-430cfafa8191 49647566f8344212900b0d9c75594dfa fbaf295fef794a3186a0edb979076ccd - - default default] 10.0.0.205 "GET /v2.0/routers HTTP/1.1" status: 200 len: 189 time: 0.0263884
2026-04-28 23:33:49.287 9 INFO neutron.db.ovn_revision_numbers_db [None req-0d5969ef-297f-49a4-bc65-b2ddf6f1dfd7 761587387fdd4b2dbfdfe5fa2f8dc3a4 c999747c8f1742fcb45b591fb6638856 - - - -] Successfully bumped revision number for resource 8163d02a-78ff-459f-8ddb-60b4a33d3674 (type: ports) to 1
2026-04-28 23:33:49.298 10 INFO neutron.wsgi [None req-38675bf3-57a2-46c7-a561-a603f2d84b74 49647566f8344212900b0d9c75594dfa fbaf295fef794a3186a0edb979076ccd - - default default] 10.0.0.205 "GET /v2.0/agents?binary=ovn-controller HTTP/1.1" status: 200 len: 591 time: 0.0244176
2026-04-28 23:33:49.314 10 INFO neutron.wsgi [None req-c68f4661-9417-4b4c-9f0e-a6ebc1a4548f 49647566f8344212900b0d9c75594dfa fbaf295fef794a3186a0edb979076ccd - - default default] 10.0.0.205 "GET /v2.0/network-ip-availabilities HTTP/1.1" status: 200 len: 3027 time: 0.0139840
2026-04-28 23:33:49.314 9 INFO neutron.wsgi [None req-0d5969ef-297f-49a4-bc65-b2ddf6f1dfd7 761587387fdd4b2dbfdfe5fa2f8dc3a4 c999747c8f1742fcb45b591fb6638856 - - - -] 10.0.0.75 "POST /v2.0/networks HTTP/1.1" status: 201 len: 830 time: 0.5678761
2026-04-28 23:33:49.329 10 INFO neutron.wsgi [None req-ebdf3d95-4c88-4af4-9090-60506d645455 49647566f8344212900b0d9c75594dfa fbaf295fef794a3186a0edb979076ccd - - - -] 10.0.0.75 "DELETE /v2.0/security-groups/ffad11f2-ba1b-4456-955d-3727a062f1a7 HTTP/1.1" status: 204 len: 168 time: 0.2987850
2026-04-28 23:33:49.391 10 INFO neutron.wsgi [None req-96f92c59-44ce-4b9a-9671-ce3ad522e43c 49647566f8344212900b0d9c75594dfa fbaf295fef794a3186a0edb979076ccd - - default default] 10.0.0.205 "GET /v2.0/subnets HTTP/1.1" status: 200 len: 2047 time: 0.0726645
2026-04-28 23:33:49.403 10 INFO neutron.wsgi [None req-d81cb674-8a56-4ff1-bc76-30d95ca3414f 49647566f8344212900b0d9c75594dfa fbaf295fef794a3186a0edb979076ccd - - default default] 10.0.0.205 "GET /v2.0/subnetpools HTTP/1.1" status: 200 len: 193 time: 0.0108516
2026-04-28 23:33:49.474 10 INFO neutron.wsgi [None req-48b8e6c4-dcd0-4f68-a04b-bf1522710768 674a66ca812e4831adcd666fa19790ee ccd5da0b16fc418f92870811cee16403 - - - -] 10.0.0.75 "DELETE /v2.0/subnets/28fd4cb4-45f6-428e-bd93-2efbd4f828b9 HTTP/1.1" status: 204 len: 168 time: 0.3593326
2026-04-28 23:33:49.481 10 INFO neutron.wsgi [None req-d168838d-0dce-4904-8fcb-eebae13a13f6 49647566f8344212900b0d9c75594dfa fbaf295fef794a3186a0edb979076ccd - - default default] 10.0.0.205 "GET /v2.0/networks HTTP/1.1" status: 200 len: 6622 time: 0.0761964
