2026-04-28 23:33:25.652 10 INFO neutron.wsgi [None req-895ca5ea-95ed-4486-96d8-961619dc7998 49647566f8344212900b0d9c75594dfa fbaf295fef794a3186a0edb979076ccd - - - -] 10.0.0.75 "DELETE /v2.0/security-groups/6deec58d-94a0-4a94-85e7-b6664b72cb7b HTTP/1.1" status: 204 len: 168 time: 0.3176305
2026-04-28 23:33:25.676 10 INFO neutron.wsgi [None req-d33c854f-14c1-4439-aa33-0140731f4046 4657de69e0934343a6afdb6c0e42e755 4b569b3163704a35a501375fc0694b17 - - - -] 10.0.0.75 "POST /v2.0/security-groups HTTP/1.1" status: 201 len: 1760 time: 0.3580494
2026-04-28 23:33:25.726 10 INFO neutron.wsgi [None req-a9b65d74-aa92-4f05-8352-ed512752ab24 4657de69e0934343a6afdb6c0e42e755 4b569b3163704a35a501375fc0694b17 - - default default] 10.0.0.75 "GET /v2.0/security-groups HTTP/1.1" status: 200 len: 4538 time: 0.0443630
2026-04-28 23:33:25.810 10 INFO neutron.db.ovn_revision_numbers_db [None req-33e9d75b-b288-43ce-8e41-5ae939e336a6 4657de69e0934343a6afdb6c0e42e755 4b569b3163704a35a501375fc0694b17 - - - -] Successfully bumped revision number for resource b520d50b-10ab-4ef7-a3a7-6b1902a115f2 (type: security_groups) to 2
2026-04-28 23:33:25.814 10 INFO neutron.wsgi [None req-33e9d75b-b288-43ce-8e41-5ae939e336a6 4657de69e0934343a6afdb6c0e42e755 4b569b3163704a35a501375fc0694b17 - - - -] 10.0.0.75 "PUT /v2.0/security-groups/b520d50b-10ab-4ef7-a3a7-6b1902a115f2 HTTP/1.1" status: 200 len: 1794 time: 0.0813894
2026-04-28 23:33:25.826 9 INFO neutron.db.ovn_revision_numbers_db [None req-2a68c9da-2f29-495c-b3e5-4be7c2cc46c4 - - - - - -] Successfully bumped revision number for resource ad51fadf-0a4c-49e8-b62b-96311d18d3f4 (type: ports) to 4
2026-04-28 23:33:25.867 9 INFO neutron.wsgi [None req-692656b1-b43d-48a1-9937-063ddb14d971 4657de69e0934343a6afdb6c0e42e755 4b569b3163704a35a501375fc0694b17 - - default default] 10.0.0.75 "GET /v2.0/security-groups/b520d50b-10ab-4ef7-a3a7-6b1902a115f2 HTTP/1.1" status: 200 len: 1794 time: 0.0486100
2026-04-28 23:33:25.904 9 INFO neutron.wsgi [None req-f9b9172f-90be-4963-afcf-a5d5a2f4f6ab 49647566f8344212900b0d9c75594dfa fbaf295fef794a3186a0edb979076ccd - - - -] 10.0.0.75 "DELETE /v2.0/security-groups/6bbe241c-e791-429b-9f3a-ed63a57d6f3b HTTP/1.1" status: 204 len: 168 time: 0.3031821
2026-04-28 23:33:26.005 10 INFO neutron.wsgi [None req-6aaa100e-a798-49de-9bac-84dce07152e6 4657de69e0934343a6afdb6c0e42e755 4b569b3163704a35a501375fc0694b17 - - - -] 10.0.0.75 "DELETE /v2.0/security-groups/b520d50b-10ab-4ef7-a3a7-6b1902a115f2 HTTP/1.1" status: 204 len: 168 time: 0.1218059
2026-04-28 23:33:26.036 10 INFO neutron.wsgi [None req-13b1bf61-8fa3-4545-a055-a38b49606c31 4657de69e0934343a6afdb6c0e42e755 4b569b3163704a35a501375fc0694b17 - - default default] 10.0.0.75 "GET /v2.0/security-groups HTTP/1.1" status: 200 len: 2996 time: 0.0269101
2026-04-28 23:33:26.051 10 INFO neutron.api.v2.resource [None req-317eb3e8-8184-4bd2-a837-569cb83376fa 4657de69e0934343a6afdb6c0e42e755 4b569b3163704a35a501375fc0694b17 - - - -] delete failed (client error): The resource could not be found.
2026-04-28 23:33:26.052 10 INFO neutron.wsgi [None req-317eb3e8-8184-4bd2-a837-569cb83376fa 4657de69e0934343a6afdb6c0e42e755 4b569b3163704a35a501375fc0694b17 - - - -] 10.0.0.75 "DELETE /v2.0/security-groups/b520d50b-10ab-4ef7-a3a7-6b1902a115f2 HTTP/1.1" status: 404 len: 347 time: 0.0114820 /var/lib/openstack/lib/python3.10/site-packages/pycadf/identifier.py:71: UserWarning: Invalid uuid: neutron. To ensure interoperability, identifiers should be a valid uuid. warnings.warn(('Invalid uuid: %s. To ensure interoperability, '
2026-04-28 23:33:26.200 9 INFO neutron.db.ovn_revision_numbers_db [None req-f3243dc4-69e7-489c-a3c4-84dd2cb7d574 4657de69e0934343a6afdb6c0e42e755 4b569b3163704a35a501375fc0694b17 - - - -] Successfully bumped revision number for resource 50626f8e-0f02-47de-addf-2653a629c011 (type: security_groups) to 1
2026-04-28 23:33:26.230 9 INFO neutron.wsgi [req-2c85c130-469b-434d-81c5-ec93fbec177d req-d5872518-6c77-4225-9f5b-7b3c77e5766b d15560b820ed4631bbf11309f1172a91 9b9e194969dc400b9b6ea9ac672ef246 - - 6c1c1657cc8b4fcbb584322d9dbe07ff 6c1c1657cc8b4fcbb584322d9dbe07ff] 199.204.45.49 "GET /v2.0/ports?device_id=1f89cd70-8737-4812-ab3b-45a607eb8bce&fields=binding%3Ahost_id&fields=binding%3Avif_type HTTP/1.1" status: 200 len: 265 time: 0.0607257
2026-04-28 23:33:26.235 9 INFO neutron.wsgi [None req-f3243dc4-69e7-489c-a3c4-84dd2cb7d574 4657de69e0934343a6afdb6c0e42e755 4b569b3163704a35a501375fc0694b17 - - - -] 10.0.0.75 "POST /v2.0/security-groups HTTP/1.1" status: 201 len: 1761 time: 0.1747503
2026-04-28 23:33:26.301 9 INFO neutron.wsgi [req-2c85c130-469b-434d-81c5-ec93fbec177d req-ed162957-70b3-4e89-8fff-96ba80b517b4 d15560b820ed4631bbf11309f1172a91 9b9e194969dc400b9b6ea9ac672ef246 - - 6c1c1657cc8b4fcbb584322d9dbe07ff 6c1c1657cc8b4fcbb584322d9dbe07ff] 199.204.45.49 "GET /v2.0/ports?tenant_id=a87a0a40d41c4029b9e83d6c32bfa9f9&device_id=1f89cd70-8737-4812-ab3b-45a607eb8bce HTTP/1.1" status: 200 len: 1361 time: 0.0324891
2026-04-28 23:33:26.389 9 INFO neutron.db.ovn_revision_numbers_db [None req-ba7470e9-8c0e-4619-97a4-d8996d91774d 4657de69e0934343a6afdb6c0e42e755 4b569b3163704a35a501375fc0694b17 - - - -] Successfully bumped revision number for resource 7d1fd093-3f7e-4545-bd4d-0ac1b2a90f39 (type: security_group_rules) to 0
2026-04-28 23:33:26.396 9 INFO neutron.wsgi [req-2c85c130-469b-434d-81c5-ec93fbec177d req-7d5fa251-ed1a-4827-a840-5ec1edc20cef d15560b820ed4631bbf11309f1172a91 9b9e194969dc400b9b6ea9ac672ef246 - - 6c1c1657cc8b4fcbb584322d9dbe07ff 6c1c1657cc8b4fcbb584322d9dbe07ff] 199.204.45.49 "GET /v2.0/networks?id=4d5c7c18-2d24-41c8-8a94-960a54f6c588 HTTP/1.1" status: 200 len: 958 time: 0.0741055
2026-04-28 23:33:26.428 9 INFO neutron.wsgi [req-2c85c130-469b-434d-81c5-ec93fbec177d req-b84b49c2-8918-4fa4-bfe5-97164f62553f d15560b820ed4631bbf11309f1172a91 9b9e194969dc400b9b6ea9ac672ef246 - - 6c1c1657cc8b4fcbb584322d9dbe07ff 6c1c1657cc8b4fcbb584322d9dbe07ff] 199.204.45.49 "GET /v2.0/floatingips?fixed_ip_address=10.100.0.8&port_id=2b0690c4-520c-41ec-b03d-49f55297034b HTTP/1.1" status: 200 len: 217 time: 0.0248520
2026-04-28 23:33:26.437 9 INFO neutron.wsgi [None req-ba7470e9-8c0e-4619-97a4-d8996d91774d 4657de69e0934343a6afdb6c0e42e755 4b569b3163704a35a501375fc0694b17 - - - -] 10.0.0.75 "POST /v2.0/security-group-rules HTTP/1.1" status: 201 len: 768 time: 0.1934555
2026-04-28 23:33:26.455 10 INFO neutron.wsgi [None req-55fe8638-6099-474f-9e4f-0da1de65100a 4657de69e0934343a6afdb6c0e42e755 4b569b3163704a35a501375fc0694b17 - - default default] 10.0.0.75 "GET /v2.0/security-group-rules/7d1fd093-3f7e-4545-bd4d-0ac1b2a90f39 HTTP/1.1" status: 200 len: 763 time: 0.0122755
2026-04-28 23:33:26.476 9 INFO neutron.wsgi [req-2c85c130-469b-434d-81c5-ec93fbec177d req-afed3fb1-d3c5-4970-8f16-04d55693a05b d15560b820ed4631bbf11309f1172a91 9b9e194969dc400b9b6ea9ac672ef246 - - 6c1c1657cc8b4fcbb584322d9dbe07ff 6c1c1657cc8b4fcbb584322d9dbe07ff] 199.204.45.49 "GET /v2.0/subnets?id=05fc18e4-0b04-4b54-a634-1b5840c452b5 HTTP/1.1" status: 200 len: 852 time: 0.0383167
2026-04-28 23:33:26.505 9 INFO neutron.wsgi [req-2c85c130-469b-434d-81c5-ec93fbec177d req-8224731b-9143-4a8a-b694-3dfa01d69c99 d15560b820ed4631bbf11309f1172a91 9b9e194969dc400b9b6ea9ac672ef246 - - 6c1c1657cc8b4fcbb584322d9dbe07ff 6c1c1657cc8b4fcbb584322d9dbe07ff] 199.204.45.49 "GET /v2.0/ports?network_id=4d5c7c18-2d24-41c8-8a94-960a54f6c588&device_owner=network%3Adhcp HTTP/1.1" status: 200 len: 210 time: 0.0235841
2026-04-28 23:33:26.511 9 INFO neutron.wsgi [None req-1041a4af-1923-47cc-b8cc-32777895502b 4657de69e0934343a6afdb6c0e42e755 4b569b3163704a35a501375fc0694b17 - - default default] 10.0.0.75 "GET /v2.0/security-group-rules HTTP/1.1" status: 200 len: 4113 time: 0.0516119
2026-04-28 23:33:26.565 9 INFO neutron.wsgi [req-2c85c130-469b-434d-81c5-ec93fbec177d req-d4bbb542-5cba-45c3-9d94-db0138367eaf d15560b820ed4631bbf11309f1172a91 9b9e194969dc400b9b6ea9ac672ef246 - - 6c1c1657cc8b4fcbb584322d9dbe07ff 6c1c1657cc8b4fcbb584322d9dbe07ff] 199.204.45.49 "GET /v2.0/networks/4d5c7c18-2d24-41c8-8a94-960a54f6c588?fields=segments HTTP/1.1" status: 200 len: 212 time: 0.0529971
2026-04-28 23:33:26.620 10 INFO neutron.wsgi [None req-ce6017a4-1d2e-4c81-a085-cfe2b175324b 4657de69e0934343a6afdb6c0e42e755 4b569b3163704a35a501375fc0694b17 - - - -] 10.0.0.75 "DELETE /v2.0/security-group-rules/7d1fd093-3f7e-4545-bd4d-0ac1b2a90f39 HTTP/1.1" status: 204 len: 168 time: 0.1024568
2026-04-28 23:33:26.631 9 INFO neutron.wsgi [req-2c85c130-469b-434d-81c5-ec93fbec177d req-3b750f8d-af8a-4bf4-8a2d-b181750b0804 d15560b820ed4631bbf11309f1172a91 9b9e194969dc400b9b6ea9ac672ef246 - - 6c1c1657cc8b4fcbb584322d9dbe07ff 6c1c1657cc8b4fcbb584322d9dbe07ff] 199.204.45.49 "GET /v2.0/networks/4d5c7c18-2d24-41c8-8a94-960a54f6c588?fields=provider%3Aphysical_network&fields=provider%3Anetwork_type HTTP/1.1" status: 200 len: 277 time: 0.0592022
2026-04-28 23:33:26.653 10 INFO neutron.wsgi [None req-a3467a4d-d66b-4d7c-902c-33e35111c0bd 4657de69e0934343a6afdb6c0e42e755 4b569b3163704a35a501375fc0694b17 - - default default] 10.0.0.75 "GET /v2.0/security-group-rules HTTP/1.1" status: 200 len: 3567 time: 0.0299325
2026-04-28 23:33:26.724 10 INFO neutron.wsgi [req-ccb5e9ee-53f2-4809-bd3e-a0d14b7b72ed req-7ef54077-9548-4c8c-92e9-527f47ce4fd0 1d8265fddafd4c948807b641b64fb931 a87a0a40d41c4029b9e83d6c32bfa9f9 - - default default] 10.0.0.44 "GET /v2.0/ports?device_id=bcffc91d-adf5-44d0-b725-70c639bd73c5 HTTP/1.1" status: 200 len: 1170 time: 0.0353599
2026-04-28 23:33:26.788 10 INFO neutron.wsgi [req-ccb5e9ee-53f2-4809-bd3e-a0d14b7b72ed req-859ac8bd-eb8d-4109-b614-578360afb6f8 1d8265fddafd4c948807b641b64fb931 a87a0a40d41c4029b9e83d6c32bfa9f9 - - default default] 10.0.0.44 "GET /v2.0/security-groups?id=cd3701ed-a278-41e7-b1a9-38fdbcfcc656&fields=id&fields=name HTTP/1.1" status: 200 len: 313 time: 0.0552564
2026-04-28 23:33:26.800 10 INFO neutron.db.ovn_revision_numbers_db [None req-82e46642-a05c-4b3d-8a8e-4102f5f1ab9d 4657de69e0934343a6afdb6c0e42e755 4b569b3163704a35a501375fc0694b17 - - - -] Successfully bumped revision number for resource b3223e4c-a55c-47e8-9d64-8d5cab320cc8 (type: security_group_rules) to 0
2026-04-28 23:33:26.832 10 INFO neutron.wsgi [None req-82e46642-a05c-4b3d-8a8e-4102f5f1ab9d 4657de69e0934343a6afdb6c0e42e755 4b569b3163704a35a501375fc0694b17 - - - -] 10.0.0.75 "POST /v2.0/security-group-rules HTTP/1.1" status: 201 len: 768 time: 0.1746275
2026-04-28 23:33:26.855 10 INFO neutron.wsgi [None req-7128a733-8e47-4222-8a67-3bbb0990f71e 4657de69e0934343a6afdb6c0e42e755 4b569b3163704a35a501375fc0694b17 - - default default] 10.0.0.75 "GET /v2.0/security-group-rules/b3223e4c-a55c-47e8-9d64-8d5cab320cc8 HTTP/1.1" status: 200 len: 763 time: 0.0166416
2026-04-28 23:33:26.906 10 INFO neutron.wsgi [None req-f6ae37e8-1af8-4a66-8ae4-61ed4365a2d4 4657de69e0934343a6afdb6c0e42e755 4b569b3163704a35a501375fc0694b17 - - default default] 10.0.0.75 "GET /v2.0/security-group-rules HTTP/1.1" status: 200 len: 4113 time: 0.0461862
2026-04-28 23:33:26.912 10 INFO neutron.wsgi [req-e0bbc7f0-75fe-4b98-98ef-3f185031d461 req-9de7e707-1f78-43d5-acdf-525ec290dd63 1d8265fddafd4c948807b641b64fb931 a87a0a40d41c4029b9e83d6c32bfa9f9 - - default default] 10.0.0.44 "GET /v2.0/ports?device_id=bcffc91d-adf5-44d0-b725-70c639bd73c5 HTTP/1.1" status: 200 len: 1170 time: 0.0466378
2026-04-28 23:33:26.962 10 INFO neutron.wsgi [req-e0bbc7f0-75fe-4b98-98ef-3f185031d461 req-567149b3-d2d9-4b7f-ab9a-48c190512206 1d8265fddafd4c948807b641b64fb931 a87a0a40d41c4029b9e83d6c32bfa9f9 - - default default] 10.0.0.44 "GET /v2.0/security-groups?id=cd3701ed-a278-41e7-b1a9-38fdbcfcc656&fields=id&fields=name HTTP/1.1" status: 200 len: 313 time: 0.0381780
2026-04-28 23:33:27.020 10 INFO neutron.wsgi [None req-12456ce3-5f8e-4f69-b18f-0b568fc7ebc8 49da86006fa9440782e22df0d10c56e1 aa562cb1ef1845de8140046633c6c9cf - - default default] 10.0.0.75 "GET /v2.0/ports?device_id=bcffc91d-adf5-44d0-b725-70c639bd73c5 HTTP/1.1" status: 200 len: 1356 time: 0.0378492
2026-04-28 23:33:27.034 15 INFO neutron.plugins.ml2.drivers.ovn.mech_driver.ovsdb.maintenance [None req-3f5b222d-13b2-411f-9464-59ade3b8f146 - - - - - -] Maintenance task: Synchronization finished (took 0.20 seconds)
2026-04-28 23:33:27.048 10 INFO neutron.wsgi [None req-a60686e0-0b62-400f-874f-365dca407ece 4657de69e0934343a6afdb6c0e42e755 4b569b3163704a35a501375fc0694b17 - - - -] 10.0.0.75 "DELETE /v2.0/security-group-rules/b3223e4c-a55c-47e8-9d64-8d5cab320cc8 HTTP/1.1" status: 204 len: 168 time: 0.1350713
2026-04-28 23:33:27.080 10 INFO neutron.wsgi [None req-6dcddb44-7805-4814-a77c-76926fff5cbf 4657de69e0934343a6afdb6c0e42e755 4b569b3163704a35a501375fc0694b17 - - default default] 10.0.0.75 "GET /v2.0/security-group-rules HTTP/1.1" status: 200 len: 3567 time: 0.0270550
2026-04-28 23:33:27.105 10 INFO neutron.db.securitygroups_db [None req-70557b57-db22-4e77-907e-8f904efd7b17 4657de69e0934343a6afdb6c0e42e755 4b569b3163704a35a501375fc0694b17 - - - -] Project 4b569b3163704a35a501375fc0694b17 added a security group rule with legacy IPv6 ICMP protocol name icmp, ipv6-icmp should be used instead. It was automatically converted.
2026-04-28 23:33:27.198 10 INFO neutron.db.ovn_revision_numbers_db [None req-70557b57-db22-4e77-907e-8f904efd7b17 4657de69e0934343a6afdb6c0e42e755 4b569b3163704a35a501375fc0694b17 - - - -] Successfully bumped revision number for resource 7af15bde-9e5f-48bb-983b-e7f812c10210 (type: security_group_rules) to 0
2026-04-28 23:33:27.228 10 INFO neutron.wsgi [None req-70557b57-db22-4e77-907e-8f904efd7b17 4657de69e0934343a6afdb6c0e42e755 4b569b3163704a35a501375fc0694b17 - - - -] 10.0.0.75 "POST /v2.0/security-group-rules HTTP/1.1" status: 201 len: 774 time: 0.1439884
2026-04-28 23:33:27.247 10 INFO neutron.wsgi [None req-3b88b9c8-aac6-4142-996e-3eda4eb9ff94 4657de69e0934343a6afdb6c0e42e755 4b569b3163704a35a501375fc0694b17 - - default default] 10.0.0.75 "GET /v2.0/security-group-rules/7af15bde-9e5f-48bb-983b-e7f812c10210 HTTP/1.1" status: 200 len: 769 time: 0.0154278
2026-04-28 23:33:27.288 10 INFO neutron.wsgi [None req-945ba5f7-6802-4fc5-aa3b-c138493ba2d0 4657de69e0934343a6afdb6c0e42e755 4b569b3163704a35a501375fc0694b17 - - default default] 10.0.0.75 "GET /v2.0/security-group-rules HTTP/1.1" status: 200 len: 4119 time: 0.0369418
2026-04-28 23:33:27.415 9 INFO neutron.db.l3_db [None req-571acb84-dced-46c1-af8b-dd6393809cf4 1d8265fddafd4c948807b641b64fb931 a87a0a40d41c4029b9e83d6c32bfa9f9 - - - -] Floating IP 642d4b39-f409-449b-9305-18f3638ae001 associated. External IP: 10.96.250.202, port: ad51fadf-0a4c-49e8-b62b-96311d18d3f4.
2026-04-28 23:33:27.441 10 INFO neutron.wsgi [None req-8eef412f-074f-499d-a558-6bfb08447b32 4657de69e0934343a6afdb6c0e42e755 4b569b3163704a35a501375fc0694b17 - - - -] 10.0.0.75 "DELETE /v2.0/security-group-rules/7af15bde-9e5f-48bb-983b-e7f812c10210 HTTP/1.1" status: 204 len: 168 time: 0.1391046
2026-04-28 23:33:27.484 10 INFO neutron.wsgi [None req-e0ef1fd2-2bd1-4948-9609-5e59b4c6b9ae 4657de69e0934343a6afdb6c0e42e755 4b569b3163704a35a501375fc0694b17 - - default default] 10.0.0.75 "GET /v2.0/security-group-rules HTTP/1.1" status: 200 len: 3567 time: 0.0373721
2026-04-28 23:33:27.648 10 INFO neutron.wsgi [None req-855c586b-66b7-4491-a853-ef98596ad3e2 4657de69e0934343a6afdb6c0e42e755 4b569b3163704a35a501375fc0694b17 - - - -] 10.0.0.75 "DELETE /v2.0/security-groups/50626f8e-0f02-47de-addf-2653a629c011 HTTP/1.1" status: 204 len: 168 time: 0.1590178
2026-04-28 23:33:27.669 9 INFO neutron.db.ovn_revision_numbers_db [None req-571acb84-dced-46c1-af8b-dd6393809cf4 1d8265fddafd4c948807b641b64fb931 a87a0a40d41c4029b9e83d6c32bfa9f9 - - - -] Successfully bumped revision number for resource 642d4b39-f409-449b-9305-18f3638ae001 (type: floatingips) to 4
2026-04-28 23:33:27.693 9 INFO neutron.notifiers.nova [-] Nova event matching ['req-153836a0-5063-423b-906b-ddd98e82256b'] response: {'server_uuid': 'bcffc91d-adf5-44d0-b725-70c639bd73c5', 'name': 'network-vif-plugged', 'status': 'completed', 'tag': 'ad51fadf-0a4c-49e8-b62b-96311d18d3f4', 'code': 200}
2026-04-28 23:33:27.693 10 INFO neutron.wsgi [None req-af37f10b-ccf0-4493-bd51-871fd4780bad 4657de69e0934343a6afdb6c0e42e755 4b569b3163704a35a501375fc0694b17 - - default default] 10.0.0.75 "GET /v2.0/security-groups HTTP/1.1" status: 200 len: 2996 time: 0.0402896 /var/lib/openstack/lib/python3.10/site-packages/pycadf/identifier.py:71: UserWarning: Invalid uuid: neutron. To ensure interoperability, identifiers should be a valid uuid. warnings.warn(('Invalid uuid: %s. To ensure interoperability, '
2026-04-28 23:33:27.747 10 INFO neutron.db.ovn_revision_numbers_db [None req-850be0ef-5a8e-4d14-99f9-6ee33cec359b 5fa8f80852c04caf8fb68735706d6587 9c9f650b31b340d5985df1b8adf4f7b2 - - - -] Successfully bumped revision number for resource b2ab799f-9a64-410e-b6ce-2b52f2a1892c (type: security_groups) to 1
2026-04-28 23:33:27.807 10 INFO neutron.db.segments_db [None req-850be0ef-5a8e-4d14-99f9-6ee33cec359b 5fa8f80852c04caf8fb68735706d6587 9c9f650b31b340d5985df1b8adf4f7b2 - - - -] Added segment 3905bfbf-6ba9-4229-b96d-906c809ed2b8 of type geneve for network 053e8dba-f049-414a-8b59-b46fd564c49d
2026-04-28 23:33:27.944 10 INFO neutron.db.ovn_revision_numbers_db [None req-850be0ef-5a8e-4d14-99f9-6ee33cec359b 5fa8f80852c04caf8fb68735706d6587 9c9f650b31b340d5985df1b8adf4f7b2 - - - -] Successfully bumped revision number for resource 053e8dba-f049-414a-8b59-b46fd564c49d (type: networks) to 1
2026-04-28 23:33:28.044 9 INFO neutron.wsgi [None req-008578fb-7b02-4328-a4ea-980f0dc9f4df 4657de69e0934343a6afdb6c0e42e755 4b569b3163704a35a501375fc0694b17 - - default default] 10.0.0.75 "GET /v2.0/security-groups HTTP/1.1" status: 200 len: 2996 time: 0.3436687
2026-04-28 23:33:28.067 9 INFO neutron.db.ovn_revision_numbers_db [None req-571acb84-dced-46c1-af8b-dd6393809cf4 1d8265fddafd4c948807b641b64fb931 a87a0a40d41c4029b9e83d6c32bfa9f9 - - - -] Successfully bumped revision number for resource 642d4b39-f409-449b-9305-18f3638ae001 (type: floatingips) to 5
2026-04-28 23:33:28.090 9 INFO neutron.wsgi [None req-571acb84-dced-46c1-af8b-dd6393809cf4 1d8265fddafd4c948807b641b64fb931 a87a0a40d41c4029b9e83d6c32bfa9f9 - - - -] 10.0.0.75 "PUT /v2.0/floatingips/642d4b39-f409-449b-9305-18f3638ae001 HTTP/1.1" status: 200 len: 1049 time: 1.0626824
2026-04-28 23:33:28.131 9 INFO neutron.wsgi [None req-367b64e3-17a6-492d-beaf-bde77d04a7d4 1d8265fddafd4c948807b641b64fb931 a87a0a40d41c4029b9e83d6c32bfa9f9 - - default default] 10.0.0.75 "GET /v2.0/floatingips/642d4b39-f409-449b-9305-18f3638ae001 HTTP/1.1" status: 200 len: 1051 time: 0.0357065
2026-04-28 23:33:28.371 10 WARNING neutron.scheduler.dhcp_agent_scheduler [None req-850be0ef-5a8e-4d14-99f9-6ee33cec359b 5fa8f80852c04caf8fb68735706d6587 9c9f650b31b340d5985df1b8adf4f7b2 - - - -] No more DHCP agents
2026-04-28 23:33:28.374 10 WARNING neutron.api.rpc.agentnotifiers.dhcp_rpc_agent_api [None req-850be0ef-5a8e-4d14-99f9-6ee33cec359b 5fa8f80852c04caf8fb68735706d6587 9c9f650b31b340d5985df1b8adf4f7b2 - - - -] Unable to schedule network 053e8dba-f049-414a-8b59-b46fd564c49d: no agents available; will retry on subsequent port and subnet creation events.
2026-04-28 23:33:28.441 10 INFO neutron.db.ovn_revision_numbers_db [None req-850be0ef-5a8e-4d14-99f9-6ee33cec359b 5fa8f80852c04caf8fb68735706d6587 9c9f650b31b340d5985df1b8adf4f7b2 - - - -] Successfully bumped revision number for resource b1d84918-2a25-465e-b6d6-0dc2677a3bc8 (type: ports) to 1
2026-04-28 23:33:28.461 10 INFO neutron.wsgi [None req-850be0ef-5a8e-4d14-99f9-6ee33cec359b 5fa8f80852c04caf8fb68735706d6587 9c9f650b31b340d5985df1b8adf4f7b2 - - - -] 10.0.0.75 "POST /v2.0/networks HTTP/1.1" status: 201 len: 843 time: 1.0471745
2026-04-28 23:33:28.672 9 INFO neutron.wsgi [None req-1dabd909-0784-4a2d-a0c3-6bc3452df6bb 49647566f8344212900b0d9c75594dfa fbaf295fef794a3186a0edb979076ccd - - default default] 10.0.0.75 "GET /v2.0/security-groups?tenant_id=4b569b3163704a35a501375fc0694b17&name=default HTTP/1.1" status: 200 len: 2996 time: 0.1711254
2026-04-28 23:33:28.765 10 WARNING neutron.scheduler.dhcp_agent_scheduler [None req-8310d270-9c03-485a-b213-969a82cb8c5a 5fa8f80852c04caf8fb68735706d6587 9c9f650b31b340d5985df1b8adf4f7b2 - - - -] No more DHCP agents
2026-04-28 23:33:28.767 10 WARNING neutron.api.rpc.agentnotifiers.dhcp_rpc_agent_api [None req-8310d270-9c03-485a-b213-969a82cb8c5a 5fa8f80852c04caf8fb68735706d6587 9c9f650b31b340d5985df1b8adf4f7b2 - - - -] Unable to schedule network 053e8dba-f049-414a-8b59-b46fd564c49d: no agents available; will retry on subsequent port and subnet creation events.
2026-04-28 23:33:28.958 10 INFO neutron.wsgi [None req-2b7c28f1-5d69-4ef5-99ee-f7b896112fe5 49647566f8344212900b0d9c75594dfa fbaf295fef794a3186a0edb979076ccd - - - -] 10.0.0.75 "DELETE /v2.0/security-groups/43203a93-ddbd-436f-8e04-28f168c07e8e HTTP/1.1" status: 204 len: 168 time: 0.2810478
2026-04-28 23:33:29.251 10 INFO neutron.db.ovn_revision_numbers_db [None req-8310d270-9c03-485a-b213-969a82cb8c5a 5fa8f80852c04caf8fb68735706d6587 9c9f650b31b340d5985df1b8adf4f7b2 - - - -] Successfully bumped revision number for resource b1d84918-2a25-465e-b6d6-0dc2677a3bc8 (type: ports) to 2
2026-04-28 23:33:29.268 10 INFO neutron.db.ovn_revision_numbers_db [None req-8310d270-9c03-485a-b213-969a82cb8c5a 5fa8f80852c04caf8fb68735706d6587 9c9f650b31b340d5985df1b8adf4f7b2 - - - -] Successfully bumped revision number for resource aa88115a-cf28-44a5-be36-a1a8f8bc9e3b (type: subnets) to 0
2026-04-28 23:33:29.291 10 INFO neutron.wsgi [None req-8310d270-9c03-485a-b213-969a82cb8c5a 5fa8f80852c04caf8fb68735706d6587 9c9f650b31b340d5985df1b8adf4f7b2 - - - -] 10.0.0.75 "POST /v2.0/subnets HTTP/1.1" status: 201 len: 816 time: 0.7967787
2026-04-28 23:33:29.380 10 INFO neutron.db.segments_db [None req-e1b07fb3-cfd7-4b54-8148-fbe1b071607e 5fa8f80852c04caf8fb68735706d6587 9c9f650b31b340d5985df1b8adf4f7b2 - - - -] Added segment 659e504a-6af9-45f1-92a7-991cfe2a6560 of type geneve for network 3d6a238d-9d18-4c80-8f90-ce1e586f4552
2026-04-28 23:33:29.557 10 INFO neutron.db.ovn_revision_numbers_db [None req-e1b07fb3-cfd7-4b54-8148-fbe1b071607e 5fa8f80852c04caf8fb68735706d6587 9c9f650b31b340d5985df1b8adf4f7b2 - - - -] Successfully bumped revision number for resource 3d6a238d-9d18-4c80-8f90-ce1e586f4552 (type: networks) to 1
2026-04-28 23:33:29.731 9 INFO neutron.notifiers.nova [-] Nova event matching ['req-b2bfa24a-91de-4d54-89a5-fa812a439111'] response: {'name': 'network-changed', 'server_uuid': 'bcffc91d-adf5-44d0-b725-70c639bd73c5', 'tag': 'ad51fadf-0a4c-49e8-b62b-96311d18d3f4', 'status': 'completed', 'code': 200}
2026-04-28 23:33:29.742 10 WARNING neutron.scheduler.dhcp_agent_scheduler [None req-e1b07fb3-cfd7-4b54-8148-fbe1b071607e 5fa8f80852c04caf8fb68735706d6587 9c9f650b31b340d5985df1b8adf4f7b2 - - - -] No more DHCP agents
2026-04-28 23:33:29.744 10 WARNING neutron.api.rpc.agentnotifiers.dhcp_rpc_agent_api [None req-e1b07fb3-cfd7-4b54-8148-fbe1b071607e 5fa8f80852c04caf8fb68735706d6587 9c9f650b31b340d5985df1b8adf4f7b2 - - - -] Unable to schedule network 3d6a238d-9d18-4c80-8f90-ce1e586f4552: no agents available; will retry on subsequent port and subnet creation events.
2026-04-28 23:33:29.783 9 INFO neutron.wsgi [req-470acbe8-caa8-40ab-af13-158c6f980839 req-d809b67f-2b81-41c0-af0e-8d75f89aed29 d15560b820ed4631bbf11309f1172a91 9b9e194969dc400b9b6ea9ac672ef246 - - 6c1c1657cc8b4fcbb584322d9dbe07ff 6c1c1657cc8b4fcbb584322d9dbe07ff] 199.204.45.49 "GET /v2.0/ports?tenant_id=a87a0a40d41c4029b9e83d6c32bfa9f9&device_id=bcffc91d-adf5-44d0-b725-70c639bd73c5 HTTP/1.1" status: 200 len: 1361 time: 0.0354216
2026-04-28 23:33:29.810 10 INFO neutron.db.ovn_revision_numbers_db [None req-e1b07fb3-cfd7-4b54-8148-fbe1b071607e 5fa8f80852c04caf8fb68735706d6587 9c9f650b31b340d5985df1b8adf4f7b2 - - - -] Successfully bumped revision number for resource 64d704d6-4bc4-4a1e-8678-c26e1bbae31e (type: ports) to 1
2026-04-28 23:33:29.833 10 INFO neutron.wsgi [None req-e1b07fb3-cfd7-4b54-8148-fbe1b071607e 5fa8f80852c04caf8fb68735706d6587 9c9f650b31b340d5985df1b8adf4f7b2 - - - -] 10.0.0.75 "POST /v2.0/networks HTTP/1.1" status: 201 len: 843 time: 0.5353329
2026-04-28 23:33:29.847 9 INFO neutron.wsgi [req-470acbe8-caa8-40ab-af13-158c6f980839 req-7e7469e0-66e1-4839-a5ec-e60620ecc3c7 d15560b820ed4631bbf11309f1172a91 9b9e194969dc400b9b6ea9ac672ef246 - - 6c1c1657cc8b4fcbb584322d9dbe07ff 6c1c1657cc8b4fcbb584322d9dbe07ff] 199.204.45.49 "GET /v2.0/networks?id=4d5c7c18-2d24-41c8-8a94-960a54f6c588 HTTP/1.1" status: 200 len: 958 time: 0.0604839
2026-04-28 23:33:29.893 9 INFO neutron.wsgi [req-470acbe8-caa8-40ab-af13-158c6f980839 req-ec217877-291c-4627-8373-d957bacb4130 d15560b820ed4631bbf11309f1172a91 9b9e194969dc400b9b6ea9ac672ef246 - - 6c1c1657cc8b4fcbb584322d9dbe07ff 6c1c1657cc8b4fcbb584322d9dbe07ff] 199.204.45.49 "GET /v2.0/floatingips?fixed_ip_address=10.100.0.4&port_id=ad51fadf-0a4c-49e8-b62b-96311d18d3f4 HTTP/1.1" status: 200 len: 1059 time: 0.0376222
2026-04-28 23:33:29.929 9 INFO neutron.wsgi [req-470acbe8-caa8-40ab-af13-158c6f980839 req-9c7190d6-0c2f-4e21-a2dd-1881a8e44588 d15560b820ed4631bbf11309f1172a91 9b9e194969dc400b9b6ea9ac672ef246 - - 6c1c1657cc8b4fcbb584322d9dbe07ff 6c1c1657cc8b4fcbb584322d9dbe07ff] 199.204.45.49 "GET /v2.0/subnets?id=05fc18e4-0b04-4b54-a634-1b5840c452b5 HTTP/1.1" status: 200 len: 852 time: 0.0305934
2026-04-28 23:33:29.960 9 INFO neutron.wsgi [req-470acbe8-caa8-40ab-af13-158c6f980839 req-94ab733c-6d4e-4e7c-a702-6ae0e2170fd4 d15560b820ed4631bbf11309f1172a91 9b9e194969dc400b9b6ea9ac672ef246 - - 6c1c1657cc8b4fcbb584322d9dbe07ff 6c1c1657cc8b4fcbb584322d9dbe07ff] 199.204.45.49 "GET /v2.0/ports?network_id=4d5c7c18-2d24-41c8-8a94-960a54f6c588&device_owner=network%3Adhcp HTTP/1.1" status: 200 len: 210 time: 0.0254376
2026-04-28 23:33:30.029 10 INFO neutron.db.ovn_revision_numbers_db [None req-a475936d-331f-4d48-b6ca-4c9eddf1b62e 5fa8f80852c04caf8fb68735706d6587 9c9f650b31b340d5985df1b8adf4f7b2 - - - -] Successfully bumped revision number for resource 3d6a238d-9d18-4c80-8f90-ce1e586f4552 (type: networks) to 2
2026-04-28 23:33:30.035 10 INFO neutron.wsgi [None req-a475936d-331f-4d48-b6ca-4c9eddf1b62e 5fa8f80852c04caf8fb68735706d6587 9c9f650b31b340d5985df1b8adf4f7b2 - - - -] 10.0.0.75 "PUT /v2.0/networks/3d6a238d-9d18-4c80-8f90-ce1e586f4552 HTTP/1.1" status: 200 len: 792 time: 0.1966362
2026-04-28 23:33:30.036 9 INFO neutron.wsgi [req-470acbe8-caa8-40ab-af13-158c6f980839 req-4380c17a-f8e0-47d4-91a3-47941a5aa336 d15560b820ed4631bbf11309f1172a91 9b9e194969dc400b9b6ea9ac672ef246 - - 6c1c1657cc8b4fcbb584322d9dbe07ff 6c1c1657cc8b4fcbb584322d9dbe07ff] 199.204.45.49 "GET /v2.0/networks/4d5c7c18-2d24-41c8-8a94-960a54f6c588?fields=segments HTTP/1.1" status: 200 len: 212 time: 0.0698938
2026-04-28 23:33:30.104 9 INFO neutron.wsgi [req-470acbe8-caa8-40ab-af13-158c6f980839 req-0b5c828c-f8d1-4b2b-bb36-e0610c7591cb d15560b820ed4631bbf11309f1172a91 9b9e194969dc400b9b6ea9ac672ef246 - - 6c1c1657cc8b4fcbb584322d9dbe07ff 6c1c1657cc8b4fcbb584322d9dbe07ff] 199.204.45.49 "GET /v2.0/networks/4d5c7c18-2d24-41c8-8a94-960a54f6c588?fields=provider%3Aphysical_network&fields=provider%3Anetwork_type HTTP/1.1" status: 200 len: 277 time: 0.0594611
2026-04-28 23:33:30.306 10 WARNING neutron.scheduler.dhcp_agent_scheduler [None req-3e448270-aada-4d28-99e1-61ad69884e08 5fa8f80852c04caf8fb68735706d6587 9c9f650b31b340d5985df1b8adf4f7b2 - - - -] No more DHCP agents
2026-04-28 23:33:30.308 10 WARNING neutron.api.rpc.agentnotifiers.dhcp_rpc_agent_api [None req-3e448270-aada-4d28-99e1-61ad69884e08 5fa8f80852c04caf8fb68735706d6587 9c9f650b31b340d5985df1b8adf4f7b2 - - - -] Unable to schedule network 3d6a238d-9d18-4c80-8f90-ce1e586f4552: no agents available; will retry on subsequent port and subnet creation events.
2026-04-28 23:33:30.479 9 INFO neutron.db.ovn_revision_numbers_db [None req-94ba8616-cd13-4d6f-9d20-1078cf184d07 94af899a12504809b89ec4dc89d730d8 593affe6801d4191be095f639b5cfcba - - - -] Successfully bumped revision number for resource 586d55dd-45ed-42f4-9bbc-2a906a37e803 (type: routers) to 1
2026-04-28 23:33:30.492 9 INFO neutron.wsgi [None req-94ba8616-cd13-4d6f-9d20-1078cf184d07 94af899a12504809b89ec4dc89d730d8 593affe6801d4191be095f639b5cfcba - - - -] 10.0.0.75 "POST /v2.0/routers HTTP/1.1" status: 201 len: 654 time: 0.3220687
2026-04-28 23:33:30.665 9 INFO neutron.db.ovn_revision_numbers_db [None req-e02f7be8-09b2-4e19-94f0-e051b8c45149 94af899a12504809b89ec4dc89d730d8 593affe6801d4191be095f639b5cfcba - - - -] Successfully bumped revision number for resource 2442425d-67ef-4ed9-9e4f-cf24c4a49de8 (type: routers) to 1
2026-04-28 23:33:30.688 9 INFO neutron.wsgi [None req-e02f7be8-09b2-4e19-94f0-e051b8c45149 94af899a12504809b89ec4dc89d730d8 593affe6801d4191be095f639b5cfcba - - - -] 10.0.0.75 "POST /v2.0/routers HTTP/1.1" status: 201 len: 654 time: 0.1902816
2026-04-28 23:33:30.759 10 INFO neutron.db.ovn_revision_numbers_db [None req-3e448270-aada-4d28-99e1-61ad69884e08 5fa8f80852c04caf8fb68735706d6587 9c9f650b31b340d5985df1b8adf4f7b2 - - - -] Successfully bumped revision number for resource 64d704d6-4bc4-4a1e-8678-c26e1bbae31e (type: ports) to 2
2026-04-28 23:33:30.775 10 INFO neutron.db.ovn_revision_numbers_db [None req-3e448270-aada-4d28-99e1-61ad69884e08 5fa8f80852c04caf8fb68735706d6587 9c9f650b31b340d5985df1b8adf4f7b2 - - - -] Successfully bumped revision number for resource 29dfe870-2671-4bda-ad62-3901db31e3ca (type: subnets) to 0
2026-04-28 23:33:30.790 10 INFO neutron.wsgi [None req-3e448270-aada-4d28-99e1-61ad69884e08 5fa8f80852c04caf8fb68735706d6587 9c9f650b31b340d5985df1b8adf4f7b2 - - - -] 10.0.0.75 "POST /v2.0/subnets HTTP/1.1" status: 201 len: 801 time: 0.7433012
2026-04-28 23:33:30.865 9 INFO neutron.db.ovn_revision_numbers_db [None req-119be99e-9a35-4745-8e12-56df4b4f37b4 94af899a12504809b89ec4dc89d730d8 593affe6801d4191be095f639b5cfcba - - - -] Successfully bumped revision number for resource 5cbfa1ea-42f6-433d-9297-fe2ac031732a (type: routers) to 1
2026-04-28 23:33:30.879 9 INFO neutron.wsgi [None req-119be99e-9a35-4745-8e12-56df4b4f37b4 94af899a12504809b89ec4dc89d730d8 593affe6801d4191be095f639b5cfcba - - - -] 10.0.0.75 "POST /v2.0/routers HTTP/1.1" status: 201 len: 654 time: 0.1868794
2026-04-28 23:33:31.068 9 INFO neutron.db.ovn_revision_numbers_db [None req-84da4c39-64db-4046-824e-882a1c892029 94af899a12504809b89ec4dc89d730d8 593affe6801d4191be095f639b5cfcba - - - -] Successfully bumped revision number for resource 39fba944-e02e-4e55-ad01-f9c5c7c68a6b (type: routers) to 1
2026-04-28 23:33:31.081 9 INFO neutron.wsgi [None req-84da4c39-64db-4046-824e-882a1c892029 94af899a12504809b89ec4dc89d730d8 593affe6801d4191be095f639b5cfcba - - - -] 10.0.0.75 "POST /v2.0/routers HTTP/1.1" status: 201 len: 654 time: 0.1966980
2026-04-28 23:33:31.090 10 INFO neutron.db.ovn_revision_numbers_db [None req-9027b603-d9dd-4913-a120-54f5925e94da 5fa8f80852c04caf8fb68735706d6587 9c9f650b31b340d5985df1b8adf4f7b2 - - - -] Successfully bumped revision number for resource 29dfe870-2671-4bda-ad62-3901db31e3ca (type: subnets) to 1
2026-04-28 23:33:31.094 10 INFO neutron.wsgi [None req-9027b603-d9dd-4913-a120-54f5925e94da 5fa8f80852c04caf8fb68735706d6587 9c9f650b31b340d5985df1b8adf4f7b2 - - - -] 10.0.0.75 "PUT /v2.0/subnets/29dfe870-2671-4bda-ad62-3901db31e3ca HTTP/1.1" status: 200 len: 806 time: 0.2982392
2026-04-28 23:33:31.255 9 INFO neutron.db.ovn_revision_numbers_db [None req-980d934c-474c-4b87-9257-250a0de6c720 94af899a12504809b89ec4dc89d730d8 593affe6801d4191be095f639b5cfcba - - - -] Successfully bumped revision number for resource acddb3fe-ddc3-448b-b0f5-56e18df9626d (type: routers) to 1
2026-04-28 23:33:31.267 9 INFO neutron.wsgi [None req-980d934c-474c-4b87-9257-250a0de6c720 94af899a12504809b89ec4dc89d730d8 593affe6801d4191be095f639b5cfcba - - - -] 10.0.0.75 "POST /v2.0/routers HTTP/1.1" status: 201 len: 654 time: 0.1822882
2026-04-28 23:33:31.349 9 INFO neutron.wsgi [None req-f1f66839-07ba-4f09-9934-9ac1f5f07196 94af899a12504809b89ec4dc89d730d8 593affe6801d4191be095f639b5cfcba - - - -] 10.0.0.75 "PUT /v2.0/routers/586d55dd-45ed-42f4-9bbc-2a906a37e803/tags HTTP/1.1" status: 200 len: 210 time: 0.0772011
2026-04-28 23:33:31.413 9 INFO neutron.wsgi [None req-cafcdf9d-f107-4a90-98f4-01bf28f89bb9 94af899a12504809b89ec4dc89d730d8 593affe6801d4191be095f639b5cfcba - - - -] 10.0.0.75 "PUT /v2.0/routers/2442425d-67ef-4ed9-9e4f-cf24c4a49de8/tags HTTP/1.1" status: 200 len: 218 time: 0.0593829
2026-04-28 23:33:31.471 9 INFO neutron.wsgi [None req-754bd123-0798-4610-9375-8d763b9637d8 94af899a12504809b89ec4dc89d730d8 593affe6801d4191be095f639b5cfcba - - - -] 10.0.0.75 "PUT /v2.0/routers/5cbfa1ea-42f6-433d-9297-fe2ac031732a/tags HTTP/1.1" status: 200 len: 227 time: 0.0536106
2026-04-28 23:33:31.543 10 INFO neutron.wsgi [None req-6b305972-9810-46af-9b20-5454287fd522 94af899a12504809b89ec4dc89d730d8 593affe6801d4191be095f639b5cfcba - - - -] 10.0.0.75 "PUT /v2.0/routers/39fba944-e02e-4e55-ad01-f9c5c7c68a6b/tags HTTP/1.1" status: 200 len: 212 time: 0.0651650
2026-04-28 23:33:31.618 9 INFO neutron.wsgi [None req-8b1eb6b2-fbf0-4dc7-9c65-df1ceb69fa15 94af899a12504809b89ec4dc89d730d8 593affe6801d4191be095f639b5cfcba - - default default] 10.0.0.75 "GET /v2.0/routers?tags=red HTTP/1.1" status: 200 len: 1601 time: 0.0690312
2026-04-28 23:33:31.622 10 INFO neutron.services.segments.plugin [-] Segment 659e504a-6af9-45f1-92a7-991cfe2a6560 resource provider aggregate not found
2026-04-28 23:33:31.627 10 INFO neutron.services.segments.plugin [-] Segment 659e504a-6af9-45f1-92a7-991cfe2a6560 resource provider aggregate not found
2026-04-28 23:33:31.653 10 INFO neutron.services.segments.plugin [-] Segment 659e504a-6af9-45f1-92a7-991cfe2a6560 resource provider not found; error: Placement Client Error (4xx): {"errors": [{"status": 404, "title": "Not Found", "detail": "The resource could not be found.\n\n No resource provider with uuid 659e504a-6af9-45f1-92a7-991cfe2a6560 found for delete ", "request_id": "req-5b01ee85-3f7e-4883-812c-b1cc8023e950"}]}
2026-04-28 23:33:31.663 10 INFO neutron.services.segments.plugin [-] Segment 659e504a-6af9-45f1-92a7-991cfe2a6560 resource provider not found; error: Placement Client Error (4xx): {"errors": [{"status": 404, "title": "Not Found", "detail": "The resource could not be found.\n\n No resource provider with uuid 659e504a-6af9-45f1-92a7-991cfe2a6560 found for delete ", "request_id": "req-eba01675-8c9b-444e-87f6-7f78034fb899"}]}
2026-04-28 23:33:31.685 10 INFO neutron.wsgi [None req-f901c19c-247b-4d8c-97f7-2f529a1cc6dd 5fa8f80852c04caf8fb68735706d6587 9c9f650b31b340d5985df1b8adf4f7b2 - - - -] 10.0.0.75 "DELETE /v2.0/networks/3d6a238d-9d18-4c80-8f90-ce1e586f4552 HTTP/1.1" status: 204 len: 168 time: 0.5865283
2026-04-28 23:33:31.713 10 INFO neutron.pecan_wsgi.hooks.translation [None req-19f359eb-56ad-45e3-83b9-c0fcca3552fb 5fa8f80852c04caf8fb68735706d6587 9c9f650b31b340d5985df1b8adf4f7b2 - - - -] DELETE failed (client error): The resource could not be found.
2026-04-28 23:33:31.715 10 INFO neutron.wsgi [None req-19f359eb-56ad-45e3-83b9-c0fcca3552fb 5fa8f80852c04caf8fb68735706d6587 9c9f650b31b340d5985df1b8adf4f7b2 - - - -] 10.0.0.75 "DELETE /v2.0/networks/3d6a238d-9d18-4c80-8f90-ce1e586f4552 HTTP/1.1" status: 404 len: 339 time: 0.0238502
2026-04-28 23:33:31.829 10 INFO neutron.wsgi [None req-28c10a8f-81e2-4fd0-a74a-e838ad86a317 5fa8f80852c04caf8fb68735706d6587 9c9f650b31b340d5985df1b8adf4f7b2 - - default default] 10.0.0.75 "GET /v2.0/networks?router%3Aexternal=True HTTP/1.1" status: 200 len: 845 time: 0.1072712
2026-04-28 23:33:31.878 10 INFO neutron.wsgi [None req-2d05297d-7f7a-46a8-a56b-ad1628c21486 5fa8f80852c04caf8fb68735706d6587 9c9f650b31b340d5985df1b8adf4f7b2 - - default default] 10.0.0.75 "GET /v2.0/subnets?network_id=d3c9a003-9dae-4b15-9a15-ceb51238e722 HTTP/1.1" status: 200 len: 820 time: 0.0436485
2026-04-28 23:33:31.888 10 INFO neutron.wsgi [None req-7bd1283f-82c3-40a4-ac8a-a0ad75145b19 5fa8f80852c04caf8fb68735706d6587 9c9f650b31b340d5985df1b8adf4f7b2 - - default default] 10.0.0.75 "GET /v2.0/extensions HTTP/1.1" status: 200 len: 16520 time: 0.0056803
2026-04-28 23:33:31.899 9 INFO neutron.wsgi [None req-e21b70fb-b0f9-43ea-aea9-2657e40f4206 94af899a12504809b89ec4dc89d730d8 593affe6801d4191be095f639b5cfcba - - default default] 10.0.0.75 "GET /v2.0/routers?tags=red%2Cblue HTTP/1.1" status: 200 len: 1144 time: 0.2762418
2026-04-28 23:33:31.972 10 INFO neutron.wsgi [None req-6e8af11e-a2c6-4382-894c-a77f9d1e4194 5fa8f80852c04caf8fb68735706d6587 9c9f650b31b340d5985df1b8adf4f7b2 - - default default] 10.0.0.75 "GET /v2.0/networks HTTP/1.1" status: 200 len: 1504 time: 0.0782926
2026-04-28 23:33:31.972 9 INFO neutron.wsgi [None req-34c6f558-2e0f-4b47-bf5f-1d8c39a6a2a7 94af899a12504809b89ec4dc89d730d8 593affe6801d4191be095f639b5cfcba - - default default] 10.0.0.75 "GET /v2.0/routers?tags-any=blue HTTP/1.1" status: 200 len: 1144 time: 0.0691175
2026-04-28 23:33:32.032 9 INFO neutron.wsgi [None req-3e78865f-483b-464b-b545-1aa8629dce1b 94af899a12504809b89ec4dc89d730d8 593affe6801d4191be095f639b5cfcba - - default default] 10.0.0.75 "GET /v2.0/routers?tags-any=red%2Cblue HTTP/1.1" status: 200 len: 1601 time: 0.0553563
2026-04-28 23:33:32.043 10 INFO neutron.wsgi [None req-aabe1fac-7b83-4d1e-80fc-1024e5daf101 5fa8f80852c04caf8fb68735706d6587 9c9f650b31b340d5985df1b8adf4f7b2 - - default default] 10.0.0.75 "GET /v2.0/subnets HTTP/1.1" status: 200 len: 1428 time: 0.0642130
2026-04-28 23:33:32.110 9 INFO neutron.wsgi [None req-1e424256-8de1-40db-b753-1f9b7ec4786d 94af899a12504809b89ec4dc89d730d8 593affe6801d4191be095f639b5cfcba - - default default] 10.0.0.75 "GET /v2.0/routers?not-tags=red HTTP/1.1" status: 200 len: 1116 time: 0.0727375
2026-04-28 23:33:32.114 10 INFO neutron.wsgi [None req-73eb6e89-506f-4c71-8b7b-fc691ea31806 5fa8f80852c04caf8fb68735706d6587 9c9f650b31b340d5985df1b8adf4f7b2 - - default default] 10.0.0.75 "GET /v2.0/networks/053e8dba-f049-414a-8b59-b46fd564c49d HTTP/1.1" status: 200 len: 863 time: 0.0636964
2026-04-28 23:33:32.155 10 INFO neutron.wsgi [None req-a3fb6e66-7ad7-4b62-b312-ca29f8e58efc 5fa8f80852c04caf8fb68735706d6587 9c9f650b31b340d5985df1b8adf4f7b2 - - default default] 10.0.0.75 "GET /v2.0/subnets/aa88115a-cf28-44a5-be36-a1a8f8bc9e3b HTTP/1.1" status: 200 len: 811 time: 0.0359719
2026-04-28 23:33:32.176 10 INFO neutron.pecan_wsgi.hooks.translation [None req-dae7476d-5aa6-4b29-98fc-76d6fa712bad 5fa8f80852c04caf8fb68735706d6587 9c9f650b31b340d5985df1b8adf4f7b2 - - - -] DELETE failed (client error): The resource could not be found.
2026-04-28 23:33:32.180 10 INFO neutron.wsgi [None req-dae7476d-5aa6-4b29-98fc-76d6fa712bad 5fa8f80852c04caf8fb68735706d6587 9c9f650b31b340d5985df1b8adf4f7b2 - - - -] 10.0.0.75 "DELETE /v2.0/subnets/29dfe870-2671-4bda-ad62-3901db31e3ca HTTP/1.1" status: 404 len: 337 time: 0.0199699
2026-04-28 23:33:32.186 9 INFO neutron.wsgi [None req-86b3eb45-f8a6-41a6-b241-3fc2fe2f9968 94af899a12504809b89ec4dc89d730d8 593affe6801d4191be095f639b5cfcba - - default default] 10.0.0.75 "GET /v2.0/routers?not-tags=red%2Cblue HTTP/1.1" status: 200 len: 1573 time: 0.0716441
2026-04-28 23:33:32.202 10 INFO neutron.pecan_wsgi.hooks.translation [None req-e5cc34a5-92fb-4bdf-8917-a7fc898bdbf7 5fa8f80852c04caf8fb68735706d6587 9c9f650b31b340d5985df1b8adf4f7b2 - - - -] DELETE failed (client error): The resource could not be found.
2026-04-28 23:33:32.205 10 INFO neutron.wsgi [None req-e5cc34a5-92fb-4bdf-8917-a7fc898bdbf7 5fa8f80852c04caf8fb68735706d6587 9c9f650b31b340d5985df1b8adf4f7b2 - - - -] 10.0.0.75 "DELETE /v2.0/networks/3d6a238d-9d18-4c80-8f90-ce1e586f4552 HTTP/1.1" status: 404 len: 339 time: 0.0206056
2026-04-28 23:33:32.262 9 INFO neutron.wsgi [None req-34716978-600b-4203-88f8-3a56d7016d3d 94af899a12504809b89ec4dc89d730d8 593affe6801d4191be095f639b5cfcba - - default default] 10.0.0.75 "GET /v2.0/routers?not-tags-any=blue HTTP/1.1" status: 200 len: 1573 time: 0.0726044
2026-04-28 23:33:32.322 9 INFO neutron.wsgi [None req-40e31dbf-123c-4fc6-b000-872e6cb88638 94af899a12504809b89ec4dc89d730d8 593affe6801d4191be095f639b5cfcba - - default default] 10.0.0.75 "GET /v2.0/routers?not-tags-any=red%2Cblue HTTP/1.1" status: 200 len: 1116 time: 0.0554886
2026-04-28 23:33:32.372 9 INFO neutron.wsgi [None req-cb4fc1c8-62e9-475c-acc4-00f323ee102e 94af899a12504809b89ec4dc89d730d8 593affe6801d4191be095f639b5cfcba - - default default] 10.0.0.75 "GET /v2.0/routers/586d55dd-45ed-42f4-9bbc-2a906a37e803 HTTP/1.1" status: 200 len: 660 time: 0.0441194
2026-04-28 23:33:32.429 10 INFO neutron.wsgi [None req-dd52f0d2-8d40-4746-a5eb-687911b59b4e 5fa8f80852c04caf8fb68735706d6587 9c9f650b31b340d5985df1b8adf4f7b2 - - - -] 10.0.0.75 "DELETE /v2.0/subnets/aa88115a-cf28-44a5-be36-a1a8f8bc9e3b HTTP/1.1" status: 204 len: 168 time: 0.2207255
2026-04-28 23:33:32.840 10 INFO neutron.wsgi [None req-c81da1cf-0798-41ff-b76d-d17c92bbb563 5fa8f80852c04caf8fb68735706d6587 9c9f650b31b340d5985df1b8adf4f7b2 - - - -] 10.0.0.75 "DELETE /v2.0/networks/053e8dba-f049-414a-8b59-b46fd564c49d HTTP/1.1" status: 204 len: 168 time: 0.4055841
2026-04-28 23:33:33.067 9 INFO neutron.db.ovn_revision_numbers_db [None req-65bc6fd0-993f-45eb-915d-b4f5e266c00a 94af899a12504809b89ec4dc89d730d8 593affe6801d4191be095f639b5cfcba - - - -] Successfully bumped revision number for resource 586d55dd-45ed-42f4-9bbc-2a906a37e803 (type: routers) to 4
2026-04-28 23:33:33.070 9 INFO neutron.wsgi [None req-65bc6fd0-993f-45eb-915d-b4f5e266c00a 94af899a12504809b89ec4dc89d730d8 593affe6801d4191be095f639b5cfcba - - - -] 10.0.0.75 "PUT /v2.0/routers/586d55dd-45ed-42f4-9bbc-2a906a37e803 HTTP/1.1" status: 200 len: 660 time: 0.6920159
2026-04-28 23:33:33.094 9 INFO neutron.wsgi [None req-0c240923-a66f-49b7-98cb-997e29767a9e 94af899a12504809b89ec4dc89d730d8 593affe6801d4191be095f639b5cfcba - - default default] 10.0.0.75 "GET /v2.0/ports?device_id=586d55dd-45ed-42f4-9bbc-2a906a37e803 HTTP/1.1" status: 200 len: 205 time: 0.0187938
2026-04-28 23:33:33.339 9 INFO neutron.wsgi [None req-e435d179-34cb-46ae-9032-8f87ec63e3a7 94af899a12504809b89ec4dc89d730d8 593affe6801d4191be095f639b5cfcba - - - -] 10.0.0.75 "DELETE /v2.0/routers/586d55dd-45ed-42f4-9bbc-2a906a37e803 HTTP/1.1" status: 204 len: 168 time: 0.2404294
2026-04-28 23:33:33.390 9 INFO neutron.wsgi [None req-7fc182c8-e69e-4856-9483-8b403cc846e8 94af899a12504809b89ec4dc89d730d8 593affe6801d4191be095f639b5cfcba - - default default] 10.0.0.75 "GET /v2.0/routers/2442425d-67ef-4ed9-9e4f-cf24c4a49de8 HTTP/1.1" status: 200 len: 668 time: 0.0482688
2026-04-28 23:33:33.540 10 INFO neutron.wsgi [None req-c0d6568a-1f6a-49f3-81ec-75d364fcd122 49647566f8344212900b0d9c75594dfa fbaf295fef794a3186a0edb979076ccd - - default default] 10.0.0.75 "GET /v2.0/security-groups?tenant_id=9c9f650b31b340d5985df1b8adf4f7b2&name=default HTTP/1.1" status: 200 len: 2996 time: 0.1694696
2026-04-28 23:33:33.674 10 INFO neutron.services.segments.plugin [-] Segment 3905bfbf-6ba9-4229-b96d-906c809ed2b8 resource provider aggregate not found
2026-04-28 23:33:33.682 10 INFO neutron.services.segments.plugin [-] Segment 3905bfbf-6ba9-4229-b96d-906c809ed2b8 resource provider aggregate not found
2026-04-28 23:33:33.699 10 INFO neutron.services.segments.plugin [-] Segment 3905bfbf-6ba9-4229-b96d-906c809ed2b8 resource provider not found; error: Placement Client Error (4xx): {"errors": [{"status": 404, "title": "Not Found", "detail": "The resource could not be found.\n\n No resource provider with uuid 3905bfbf-6ba9-4229-b96d-906c809ed2b8 found for delete ", "request_id": "req-5a075628-4b73-497b-9c63-4429d7bd7f75"}]}
2026-04-28 23:33:33.701 10 INFO neutron.services.segments.plugin [-] Segment 3905bfbf-6ba9-4229-b96d-906c809ed2b8 resource provider not found; error: Placement Client Error (4xx): {"errors": [{"status": 404, "title": "Not Found", "detail": "The resource could not be found.\n\n No resource provider with uuid 3905bfbf-6ba9-4229-b96d-906c809ed2b8 found for delete ", "request_id": "req-d6bfae12-d711-42bd-b665-7c1bba4a82ca"}]}
2026-04-28 23:33:33.740 10 INFO neutron.wsgi [None req-8322a02a-e23a-49de-a1e6-0abc85aad90f 49647566f8344212900b0d9c75594dfa fbaf295fef794a3186a0edb979076ccd - - - -] 10.0.0.75 "DELETE /v2.0/security-groups/b2ab799f-9a64-410e-b6ce-2b52f2a1892c HTTP/1.1" status: 204 len: 168 time: 0.1945982
2026-04-28 23:33:33.946 9 INFO neutron.db.ovn_revision_numbers_db [None req-f5a3d6db-e9a8-464f-938e-c7f16bee000e 94af899a12504809b89ec4dc89d730d8 593affe6801d4191be095f639b5cfcba - - - -] Successfully bumped revision number for resource 2442425d-67ef-4ed9-9e4f-cf24c4a49de8 (type: routers) to 4
2026-04-28 23:33:33.948 9 INFO neutron.wsgi [None req-f5a3d6db-e9a8-464f-938e-c7f16bee000e 94af899a12504809b89ec4dc89d730d8 593affe6801d4191be095f639b5cfcba - - - -] 10.0.0.75 "PUT /v2.0/routers/2442425d-67ef-4ed9-9e4f-cf24c4a49de8 HTTP/1.1" status: 200 len: 668 time: 0.5533352
2026-04-28 23:33:34.005 10 INFO neutron.wsgi [None req-9a823ce5-971e-4b3e-b514-f934157e0644 94af899a12504809b89ec4dc89d730d8 593affe6801d4191be095f639b5cfcba - - default default] 10.0.0.75 "GET /v2.0/ports?device_id=2442425d-67ef-4ed9-9e4f-cf24c4a49de8 HTTP/1.1" status: 200 len: 205 time: 0.0359900
2026-04-28 23:33:34.302 9 INFO neutron.wsgi [None req-14f386aa-e4eb-4df0-91c6-4430f8ac1090 94af899a12504809b89ec4dc89d730d8 593affe6801d4191be095f639b5cfcba - - - -] 10.0.0.75 "DELETE /v2.0/routers/2442425d-67ef-4ed9-9e4f-cf24c4a49de8 HTTP/1.1" status: 204 len: 168 time: 0.2911499
2026-04-28 23:33:34.364 9 INFO neutron.wsgi [None req-d8e6db1f-4726-4e9e-a29e-4ec66338b0fa 94af899a12504809b89ec4dc89d730d8 593affe6801d4191be095f639b5cfcba - - default default] 10.0.0.75 "GET /v2.0/routers/5cbfa1ea-42f6-433d-9297-fe2ac031732a HTTP/1.1" status: 200 len: 677 time: 0.0566406
2026-04-28 23:33:35.070 9 INFO neutron.db.ovn_revision_numbers_db [None req-0fb962e2-a028-4f3a-9123-4c8901adb077 94af899a12504809b89ec4dc89d730d8 593affe6801d4191be095f639b5cfcba - - - -] Successfully bumped revision number for resource 5cbfa1ea-42f6-433d-9297-fe2ac031732a (type: routers) to 4
2026-04-28 23:33:35.073 9 INFO neutron.wsgi [None req-0fb962e2-a028-4f3a-9123-4c8901adb077 94af899a12504809b89ec4dc89d730d8 593affe6801d4191be095f639b5cfcba - - - -] 10.0.0.75 "PUT /v2.0/routers/5cbfa1ea-42f6-433d-9297-fe2ac031732a HTTP/1.1" status: 200 len: 677 time: 0.7042348
2026-04-28 23:33:35.125 10 INFO neutron.wsgi [None req-6d311bf1-b807-4ef0-b4c9-5e64d164c976 94af899a12504809b89ec4dc89d730d8 593affe6801d4191be095f639b5cfcba - - default default] 10.0.0.75 "GET /v2.0/ports?device_id=5cbfa1ea-42f6-433d-9297-fe2ac031732a HTTP/1.1" status: 200 len: 205 time: 0.0386977
2026-04-28 23:33:35.522 10 INFO neutron.db.ovn_revision_numbers_db [None req-5e0f6f66-eaf2-4a3d-8958-1df2cff54ca2 49647566f8344212900b0d9c75594dfa fbaf295fef794a3186a0edb979076ccd - - default default] Successfully bumped revision number for resource a5effaae-ac60-4bf5-8327-f2bd2331c6f4 (type: security_groups) to 1
2026-04-28 23:33:35.554 10 INFO neutron.wsgi [None req-5e0f6f66-eaf2-4a3d-8958-1df2cff54ca2 49647566f8344212900b0d9c75594dfa fbaf295fef794a3186a0edb979076ccd - - default default] 10.0.0.75 "GET /v2.0/security-groups?tenant_id=87f072669bcc4a199cf10fa3f232ef62&name=default HTTP/1.1" status: 200 len: 2996 time: 0.6749039
2026-04-28 23:33:35.652 10 INFO neutron.wsgi [None req-3b9d25af-0756-46a4-a767-f55ac2a5a927 94af899a12504809b89ec4dc89d730d8 593affe6801d4191be095f639b5cfcba - - - -] 10.0.0.75 "DELETE /v2.0/routers/5cbfa1ea-42f6-433d-9297-fe2ac031732a HTTP/1.1" status: 204 len: 168 time: 0.5209146
2026-04-28 23:33:35.683 9 INFO neutron.wsgi [-] 10.0.0.28 "GET / HTTP/1.1" status: 200 len: 246 time: 0.0017827
2026-04-28 23:33:35.685 9 INFO neutron.wsgi [-] 10.0.0.28 "GET / HTTP/1.1" status: 200 len: 246 time: 0.0013115
2026-04-28 23:33:35.707 10 INFO neutron.wsgi [None req-a51702ba-25a3-4a4c-9fe0-a2338f6b0f7e 94af899a12504809b89ec4dc89d730d8 593affe6801d4191be095f639b5cfcba - - default default] 10.0.0.75 "GET /v2.0/routers/39fba944-e02e-4e55-ad01-f9c5c7c68a6b HTTP/1.1" status: 200 len: 662 time: 0.0503035
2026-04-28 23:33:35.823 9 INFO neutron.wsgi [None req-9e7cd4dd-6215-4a0d-a3c7-8dd1007051e3 49647566f8344212900b0d9c75594dfa fbaf295fef794a3186a0edb979076ccd - - - -] 10.0.0.75 "DELETE /v2.0/security-groups/a5effaae-ac60-4bf5-8327-f2bd2331c6f4 HTTP/1.1" status: 204 len: 168 time: 0.2643561
2026-04-28 23:33:35.830 10 INFO neutron.db.ovn_revision_numbers_db [None req-fce27072-d2ed-456e-b899-ad7bbbc9e715 674a66ca812e4831adcd666fa19790ee ccd5da0b16fc418f92870811cee16403 - - - -] Successfully bumped revision number for resource e37d13d6-3490-4cf6-93b5-1c1e780cfd7c (type: security_groups) to 1
2026-04-28 23:33:35.887 10 INFO neutron.db.segments_db [None req-fce27072-d2ed-456e-b899-ad7bbbc9e715 674a66ca812e4831adcd666fa19790ee ccd5da0b16fc418f92870811cee16403 - - - -] Added segment 839c6057-0799-4454-8d0f-b797eb3123af of type geneve for network 5f9e57f0-b51f-430b-acc7-cc918b7b47c5
2026-04-28 23:33:36.016 10 INFO neutron.db.ovn_revision_numbers_db [None req-fce27072-d2ed-456e-b899-ad7bbbc9e715 674a66ca812e4831adcd666fa19790ee ccd5da0b16fc418f92870811cee16403 - - - -] Successfully bumped revision number for resource 5f9e57f0-b51f-430b-acc7-cc918b7b47c5 (type: networks) to 1
2026-04-28 23:33:36.182 9 INFO neutron.db.ovn_revision_numbers_db [None req-cff42381-88e7-4a86-bf74-08232dc67447 49647566f8344212900b0d9c75594dfa fbaf295fef794a3186a0edb979076ccd - - default default] Successfully bumped revision number for resource bd35aba4-54af-446f-8f2e-2309c0043a24 (type: security_groups) to 1
2026-04-28 23:33:36.184 9 INFO neutron.db.ovn_revision_numbers_db [None req-e5d3fd70-0912-4e0d-b040-1ae588fb18c0 94af899a12504809b89ec4dc89d730d8 593affe6801d4191be095f639b5cfcba - - - -] Successfully bumped revision number for resource 39fba944-e02e-4e55-ad01-f9c5c7c68a6b (type: routers) to 4
2026-04-28 23:33:36.187 9 INFO neutron.wsgi [None req-e5d3fd70-0912-4e0d-b040-1ae588fb18c0 94af899a12504809b89ec4dc89d730d8 593affe6801d4191be095f639b5cfcba - - - -] 10.0.0.75 "PUT /v2.0/routers/39fba944-e02e-4e55-ad01-f9c5c7c68a6b HTTP/1.1" status: 200 len: 662 time: 0.4746602
