2026-04-28 23:34:26.617 9 WARNING neutron.scheduler.dhcp_agent_scheduler [None req-fcc92545-af4b-4eb6-971b-024975c1bc56 d441400087bc4d61943ef01b732ca76a 0d79b530f4c74521ae9d666a2435c493 - - - -] No more DHCP agents
2026-04-28 23:34:26.618 9 WARNING neutron.api.rpc.agentnotifiers.dhcp_rpc_agent_api [None req-fcc92545-af4b-4eb6-971b-024975c1bc56 d441400087bc4d61943ef01b732ca76a 0d79b530f4c74521ae9d666a2435c493 - - - -] Unable to schedule network 496c2e85-7ac8-4665-a8d8-769e693c2cbb: no agents available; will retry on subsequent port and subnet creation events.
2026-04-28 23:34:26.681 9 INFO neutron.db.ovn_revision_numbers_db [None req-fcc92545-af4b-4eb6-971b-024975c1bc56 d441400087bc4d61943ef01b732ca76a 0d79b530f4c74521ae9d666a2435c493 - - - -] Successfully bumped revision number for resource 29b2ed74-e710-4185-bc0f-d8b655ea597b (type: ports) to 1
2026-04-28 23:34:26.698 9 INFO neutron.wsgi [None req-fcc92545-af4b-4eb6-971b-024975c1bc56 d441400087bc4d61943ef01b732ca76a 0d79b530f4c74521ae9d666a2435c493 - - - -] 10.0.0.75 "POST /v2.0/networks HTTP/1.1" status: 201 len: 831 time: 0.3987067
2026-04-28 23:34:26.753 9 INFO neutron.wsgi [None req-3accbd88-560e-48a8-ac9c-7597d77029af d441400087bc4d61943ef01b732ca76a 0d79b530f4c74521ae9d666a2435c493 - - - -] 10.0.0.75 "PUT /v2.0/networks/f53520e8-22a3-47d2-a4a3-c807a04c286f/tags HTTP/1.1" status: 200 len: 218 time: 0.0492401
2026-04-28 23:34:26.799 9 INFO neutron.wsgi [None req-99c8dd16-5c99-4103-b228-9fc2a6809fd9 d441400087bc4d61943ef01b732ca76a 0d79b530f4c74521ae9d666a2435c493 - - default default] 10.0.0.75 "GET /v2.0/networks/f53520e8-22a3-47d2-a4a3-c807a04c286f/tags HTTP/1.1" status: 200 len: 218 time: 0.0420697
2026-04-28 23:34:26.846 9 INFO neutron.wsgi [None req-2c560c87-e915-403f-a68d-faced0ca1ad4 d441400087bc4d61943ef01b732ca76a 0d79b530f4c74521ae9d666a2435c493 - - - -] 10.0.0.75 "PUT /v2.0/networks/496c2e85-7ac8-4665-a8d8-769e693c2cbb/tags HTTP/1.1" status: 200 len: 210 time: 0.0437317
2026-04-28 23:34:26.899 9 INFO neutron.wsgi [None req-3206c0a5-e658-4b90-8550-5bb48f14dc4f d441400087bc4d61943ef01b732ca76a 0d79b530f4c74521ae9d666a2435c493 - - default default] 10.0.0.75 "GET /v2.0/networks/496c2e85-7ac8-4665-a8d8-769e693c2cbb/tags HTTP/1.1" status: 200 len: 210 time: 0.0495019
2026-04-28 23:34:26.948 9 INFO neutron.wsgi [None req-4424d3c8-1350-4a91-bc7f-ef96197b107d d441400087bc4d61943ef01b732ca76a 0d79b530f4c74521ae9d666a2435c493 - - - -] 10.0.0.75 "PUT /v2.0/networks/496c2e85-7ac8-4665-a8d8-769e693c2cbb/tags HTTP/1.1" status: 200 len: 205 time: 0.0461259
2026-04-28 23:34:26.994 9 INFO neutron.wsgi [None req-e2787e39-5afb-4ffe-852a-9fc59f894adc d441400087bc4d61943ef01b732ca76a 0d79b530f4c74521ae9d666a2435c493 - - default default] 10.0.0.75 "GET /v2.0/networks/496c2e85-7ac8-4665-a8d8-769e693c2cbb/tags HTTP/1.1" status: 200 len: 205 time: 0.0416453
2026-04-28 23:34:27.039 9 INFO neutron.wsgi [None req-40886f21-4bcd-4c92-b6b6-1b3b23908303 d441400087bc4d61943ef01b732ca76a 0d79b530f4c74521ae9d666a2435c493 - - default default] 10.0.0.75 "GET /v2.0/networks/f53520e8-22a3-47d2-a4a3-c807a04c286f/tags HTTP/1.1" status: 200 len: 218 time: 0.0396464
2026-04-28 23:34:27.401 10 INFO neutron.services.segments.plugin [-] Segment 3f144070-8c62-4dae-8b91-6a58d0148e01 resource provider aggregate not found
2026-04-28 23:34:27.411 10 INFO neutron.services.segments.plugin [-] Segment 3f144070-8c62-4dae-8b91-6a58d0148e01 resource provider aggregate not found
2026-04-28 23:34:27.447 10 INFO neutron.services.segments.plugin [-] Segment 3f144070-8c62-4dae-8b91-6a58d0148e01 resource provider not found; error: Placement Client Error (4xx): {"errors": [{"status": 404, "title": "Not Found", "detail": "The resource could not be found.\n\n No resource provider with uuid 3f144070-8c62-4dae-8b91-6a58d0148e01 found for delete ", "request_id": "req-cddf393e-9210-4109-9002-b23549a24fa7"}]}
2026-04-28 23:34:27.448 10 INFO neutron.services.segments.plugin [-] Segment 3f144070-8c62-4dae-8b91-6a58d0148e01 resource provider not found; error: Placement Client Error (4xx): {"errors": [{"status": 404, "title": "Not Found", "detail": "The resource could not be found.\n\n No resource provider with uuid 3f144070-8c62-4dae-8b91-6a58d0148e01 found for delete ", "request_id": "req-b937049e-78e1-4de2-b07b-2fb839956416"}]}
2026-04-28 23:34:27.488 10 INFO neutron.wsgi [None req-93dd9c34-386f-4d97-aa9e-b40059439e32 d441400087bc4d61943ef01b732ca76a 0d79b530f4c74521ae9d666a2435c493 - - - -] 10.0.0.75 "DELETE /v2.0/networks/f53520e8-22a3-47d2-a4a3-c807a04c286f HTTP/1.1" status: 204 len: 168 time: 0.4301205
2026-04-28 23:34:27.854 9 INFO neutron.services.segments.plugin [-] Segment 67403204-888b-4a27-b0ba-d6b402ff14ca resource provider aggregate not found
2026-04-28 23:34:27.860 9 INFO neutron.services.segments.plugin [-] Segment 67403204-888b-4a27-b0ba-d6b402ff14ca resource provider aggregate not found
2026-04-28 23:34:27.883 9 INFO neutron.services.segments.plugin [-] Segment 67403204-888b-4a27-b0ba-d6b402ff14ca resource provider not found; error: Placement Client Error (4xx): {"errors": [{"status": 404, "title": "Not Found", "detail": "The resource could not be found.\n\n No resource provider with uuid 67403204-888b-4a27-b0ba-d6b402ff14ca found for delete ", "request_id": "req-b7f4f5bf-66fa-4079-9058-30e45b70ec82"}]}
2026-04-28 23:34:27.884 9 INFO neutron.services.segments.plugin [-] Segment 67403204-888b-4a27-b0ba-d6b402ff14ca resource provider not found; error: Placement Client Error (4xx): {"errors": [{"status": 404, "title": "Not Found", "detail": "The resource could not be found.\n\n No resource provider with uuid 67403204-888b-4a27-b0ba-d6b402ff14ca found for delete ", "request_id": "req-190f856a-5203-45ea-9f75-35bb8114004b"}]}
2026-04-28 23:34:27.912 9 INFO neutron.wsgi [None req-37a4e6ed-b09e-4ff9-b27a-5e7b64ca471e d441400087bc4d61943ef01b732ca76a 0d79b530f4c74521ae9d666a2435c493 - - - -] 10.0.0.75 "DELETE /v2.0/networks/496c2e85-7ac8-4665-a8d8-769e693c2cbb HTTP/1.1" status: 204 len: 168 time: 0.4184458
2026-04-28 23:34:28.810 9 INFO neutron.wsgi [None req-09fa2b0d-b47d-4a73-b4c6-5f5eb552845d 49647566f8344212900b0d9c75594dfa fbaf295fef794a3186a0edb979076ccd - - default default] 10.0.0.75 "GET /v2.0/security-groups?tenant_id=0d79b530f4c74521ae9d666a2435c493&name=default HTTP/1.1" status: 200 len: 2996 time: 0.2410176
2026-04-28 23:34:28.982 9 INFO neutron.db.ovn_revision_numbers_db [None req-3479c859-d23d-462f-8f51-10e0e914cb09 49647566f8344212900b0d9c75594dfa fbaf295fef794a3186a0edb979076ccd - - default default] Successfully bumped revision number for resource 1f506531-c66a-4de6-8def-01dbd1a97c7f (type: security_groups) to 1
2026-04-28 23:34:29.001 9 INFO neutron.wsgi [None req-3479c859-d23d-462f-8f51-10e0e914cb09 49647566f8344212900b0d9c75594dfa fbaf295fef794a3186a0edb979076ccd - - default default] 10.0.0.75 "GET /v2.0/security-groups?tenant_id=801df505201e47bc8d40864562389edc&name=default HTTP/1.1" status: 200 len: 2996 time: 0.1725218
2026-04-28 23:34:29.023 9 INFO neutron.wsgi [None req-3fab4e96-aa46-4df4-aece-c0d8a5998be3 49647566f8344212900b0d9c75594dfa fbaf295fef794a3186a0edb979076ccd - - - -] 10.0.0.75 "DELETE /v2.0/security-groups/82daa549-6b78-4839-a89e-b71be6740385 HTTP/1.1" status: 204 len: 168 time: 0.2068031
2026-04-28 23:34:29.173 10 INFO neutron.wsgi [None req-226e4f75-f71d-4669-9ba9-53f77e7d2a11 49647566f8344212900b0d9c75594dfa fbaf295fef794a3186a0edb979076ccd - - - -] 10.0.0.75 "DELETE /v2.0/security-groups/1f506531-c66a-4de6-8def-01dbd1a97c7f HTTP/1.1" status: 204 len: 168 time: 0.1675053
2026-04-28 23:34:29.209 9 INFO neutron.db.ovn_revision_numbers_db [None req-8bb52dfe-b841-4c31-9674-a180cec215cf 49647566f8344212900b0d9c75594dfa fbaf295fef794a3186a0edb979076ccd - - default default] Successfully bumped revision number for resource 9d414b13-beb4-498b-92ce-412b397af11a (type: security_groups) to 1
2026-04-28 23:34:29.244 9 INFO neutron.wsgi [None req-8bb52dfe-b841-4c31-9674-a180cec215cf 49647566f8344212900b0d9c75594dfa fbaf295fef794a3186a0edb979076ccd - - default default] 10.0.0.75 "GET /v2.0/security-groups?tenant_id=4aa74454cfbd4c4b8596e215c84e8cd8&name=default HTTP/1.1" status: 200 len: 2996 time: 0.1309063
2026-04-28 23:34:29.433 9 INFO neutron.wsgi [None req-c1eb4cd1-a62f-4f0e-ae50-c1d66d9b57d2 49647566f8344212900b0d9c75594dfa fbaf295fef794a3186a0edb979076ccd - - - -] 10.0.0.75 "DELETE /v2.0/security-groups/9d414b13-beb4-498b-92ce-412b397af11a HTTP/1.1" status: 204 len: 168 time: 0.1838355
2026-04-28 23:34:29.454 9 INFO neutron.db.ovn_revision_numbers_db [None req-2d4c97f3-2d9e-4b8b-809c-8f119b8625b6 49647566f8344212900b0d9c75594dfa fbaf295fef794a3186a0edb979076ccd - - default default] Successfully bumped revision number for resource d1643bc4-f0ff-482c-913f-e6bcdfaf0d4b (type: security_groups) to 1
2026-04-28 23:34:29.486 9 INFO neutron.wsgi [None req-2d4c97f3-2d9e-4b8b-809c-8f119b8625b6 49647566f8344212900b0d9c75594dfa fbaf295fef794a3186a0edb979076ccd - - default default] 10.0.0.75 "GET /v2.0/security-groups?tenant_id=b16c4d3881df435b9557ffa65cf154f9&name=default HTTP/1.1" status: 200 len: 2996 time: 0.1228836
2026-04-28 23:34:29.652 9 INFO neutron.db.ovn_revision_numbers_db [None req-858427ed-1658-488b-8597-a8affb0d94fa 8ff7f065bf974b64876cb80454a785b1 13b361882c7e46bc9d66b827246ad995 - - - -] Successfully bumped revision number for resource d454bd3a-af31-42ed-aa46-2084f308e81d (type: routers) to 1
2026-04-28 23:34:29.673 9 INFO neutron.wsgi [None req-858427ed-1658-488b-8597-a8affb0d94fa 8ff7f065bf974b64876cb80454a785b1 13b361882c7e46bc9d66b827246ad995 - - - -] 10.0.0.75 "POST /v2.0/routers HTTP/1.1" status: 201 len: 654 time: 0.3403437
2026-04-28 23:34:29.736 10 INFO neutron.wsgi [None req-af6a5719-5472-4859-b555-7708a1c87d04 8ff7f065bf974b64876cb80454a785b1 13b361882c7e46bc9d66b827246ad995 - - - -] 10.0.0.75 "PUT /v2.0/routers/d454bd3a-af31-42ed-aa46-2084f308e81d/tags HTTP/1.1" status: 200 len: 218 time: 0.0573363
2026-04-28 23:34:29.785 9 INFO neutron.wsgi [None req-82bfa51d-2f50-4ecc-8efb-ff17a3663dc1 49647566f8344212900b0d9c75594dfa fbaf295fef794a3186a0edb979076ccd - - - -] 10.0.0.75 "DELETE /v2.0/security-groups/d1643bc4-f0ff-482c-913f-e6bcdfaf0d4b HTTP/1.1" status: 204 len: 168 time: 0.2929242
2026-04-28 23:34:29.793 10 INFO neutron.wsgi [None req-e985f0d3-17e9-43b2-87b0-e3077fedd29c 8ff7f065bf974b64876cb80454a785b1 13b361882c7e46bc9d66b827246ad995 - - default default] 10.0.0.75 "GET /v2.0/routers/d454bd3a-af31-42ed-aa46-2084f308e81d/tags HTTP/1.1" status: 200 len: 218 time: 0.0523765
2026-04-28 23:34:29.856 10 INFO neutron.wsgi [None req-89635bd5-b5a5-4ecd-be2a-fe1b86256582 8ff7f065bf974b64876cb80454a785b1 13b361882c7e46bc9d66b827246ad995 - - - -] 10.0.0.75 "PUT /v2.0/routers/d454bd3a-af31-42ed-aa46-2084f308e81d/tags/green HTTP/1.1" status: 201 len: 201 time: 0.0580077
2026-04-28 23:34:29.910 10 INFO neutron.wsgi [None req-904b333f-029c-42ff-b076-ad705f5aa057 8ff7f065bf974b64876cb80454a785b1 13b361882c7e46bc9d66b827246ad995 - - default default] 10.0.0.75 "GET /v2.0/routers/d454bd3a-af31-42ed-aa46-2084f308e81d/tags HTTP/1.1" status: 200 len: 227 time: 0.0487835
2026-04-28 23:34:29.958 10 INFO neutron.wsgi [None req-ef1dec1b-5b5e-409f-96b6-244676b39ce4 8ff7f065bf974b64876cb80454a785b1 13b361882c7e46bc9d66b827246ad995 - - - -] 10.0.0.75 "PUT /v2.0/routers/d454bd3a-af31-42ed-aa46-2084f308e81d/tags/red HTTP/1.1" status: 201 len: 201 time: 0.0423059
2026-04-28 23:34:30.006 10 INFO neutron.wsgi [None req-4a9b35a2-9b55-4326-85fb-2711665aee72 8ff7f065bf974b64876cb80454a785b1 13b361882c7e46bc9d66b827246ad995 - - default default] 10.0.0.75 "GET /v2.0/routers/d454bd3a-af31-42ed-aa46-2084f308e81d/tags HTTP/1.1" status: 200 len: 227 time: 0.0433564
2026-04-28 23:34:30.065 10 INFO neutron.wsgi [None req-57f8433e-59d1-4fa1-b303-416936883ac9 8ff7f065bf974b64876cb80454a785b1 13b361882c7e46bc9d66b827246ad995 - - - -] 10.0.0.75 "PUT /v2.0/routers/d454bd3a-af31-42ed-aa46-2084f308e81d/tags/black.or.white HTTP/1.1" status: 201 len: 201 time: 0.0548403
2026-04-28 23:34:30.115 10 INFO neutron.wsgi [None req-65a3c535-4c64-4664-9e68-aed1249601d3 8ff7f065bf974b64876cb80454a785b1 13b361882c7e46bc9d66b827246ad995 - - default default] 10.0.0.75 "GET /v2.0/routers/d454bd3a-af31-42ed-aa46-2084f308e81d/tags HTTP/1.1" status: 200 len: 245 time: 0.0456054
2026-04-28 23:34:30.178 10 INFO neutron.wsgi [None req-7ec2fa99-8a76-4309-bd49-de6c55149218 8ff7f065bf974b64876cb80454a785b1 13b361882c7e46bc9d66b827246ad995 - - - -] 10.0.0.75 "PUT /v2.0/routers/d454bd3a-af31-42ed-aa46-2084f308e81d/tags HTTP/1.1" status: 200 len: 230 time: 0.0585754
2026-04-28 23:34:30.223 10 INFO neutron.wsgi [None req-f14e7822-b2cc-4c10-9920-2be47b2d000e 8ff7f065bf974b64876cb80454a785b1 13b361882c7e46bc9d66b827246ad995 - - default default] 10.0.0.75 "GET /v2.0/routers/d454bd3a-af31-42ed-aa46-2084f308e81d/tags HTTP/1.1" status: 200 len: 230 time: 0.0407813
2026-04-28 23:34:30.267 10 INFO neutron.wsgi [None req-ef32c7a2-bd2e-4708-b671-e15778291b35 8ff7f065bf974b64876cb80454a785b1 13b361882c7e46bc9d66b827246ad995 - - default default] 10.0.0.75 "GET /v2.0/routers/d454bd3a-af31-42ed-aa46-2084f308e81d/tags/red HTTP/1.1" status: 204 len: 168 time: 0.0396194
2026-04-28 23:34:30.319 10 INFO neutron.api.v2.resource [None req-323f3ca9-609b-47c4-a023-abc355f5b91e 8ff7f065bf974b64876cb80454a785b1 13b361882c7e46bc9d66b827246ad995 - - default default] show failed (client error): The resource could not be found.
2026-04-28 23:34:30.320 10 INFO neutron.wsgi [None req-323f3ca9-609b-47c4-a023-abc355f5b91e 8ff7f065bf974b64876cb80454a785b1 13b361882c7e46bc9d66b827246ad995 - - default default] 10.0.0.75 "GET /v2.0/routers/d454bd3a-af31-42ed-aa46-2084f308e81d/tags/green HTTP/1.1" status: 404 len: 299 time: 0.0487847
2026-04-28 23:34:30.391 10 INFO neutron.wsgi [None req-124c64b1-9e32-4b22-93a3-7995b5efa4a3 8ff7f065bf974b64876cb80454a785b1 13b361882c7e46bc9d66b827246ad995 - - - -] 10.0.0.75 "DELETE /v2.0/routers/d454bd3a-af31-42ed-aa46-2084f308e81d/tags/red HTTP/1.1" status: 204 len: 168 time: 0.0664718
2026-04-28 23:34:30.443 10 INFO neutron.wsgi [None req-f1b97af4-1220-48ab-bdfd-fd280113aa9b 8ff7f065bf974b64876cb80454a785b1 13b361882c7e46bc9d66b827246ad995 - - default default] 10.0.0.75 "GET /v2.0/routers/d454bd3a-af31-42ed-aa46-2084f308e81d/tags HTTP/1.1" status: 200 len: 223 time: 0.0457864
2026-04-28 23:34:30.464 9 INFO neutron.db.ovn_revision_numbers_db [None req-af75c5da-645f-40ae-ab77-22176da431e3 49647566f8344212900b0d9c75594dfa fbaf295fef794a3186a0edb979076ccd - - default default] Successfully bumped revision number for resource 712282c3-4275-4b2f-a712-c394d202451d (type: security_groups) to 1
2026-04-28 23:34:30.483 9 INFO neutron.wsgi [None req-af75c5da-645f-40ae-ab77-22176da431e3 49647566f8344212900b0d9c75594dfa fbaf295fef794a3186a0edb979076ccd - - default default] 10.0.0.75 "GET /v2.0/security-groups?tenant_id=717161bb772a4387a6f030bc81f620f0&name=default HTTP/1.1" status: 200 len: 2996 time: 0.2513244
2026-04-28 23:34:30.499 10 INFO neutron.api.v2.resource [None req-8a44ac87-e464-413e-803a-071a72238612 8ff7f065bf974b64876cb80454a785b1 13b361882c7e46bc9d66b827246ad995 - - - -] delete failed (client error): The resource could not be found.
2026-04-28 23:34:30.501 10 INFO neutron.wsgi [None req-8a44ac87-e464-413e-803a-071a72238612 8ff7f065bf974b64876cb80454a785b1 13b361882c7e46bc9d66b827246ad995 - - - -] 10.0.0.75 "DELETE /v2.0/routers/d454bd3a-af31-42ed-aa46-2084f308e81d/tags/green HTTP/1.1" status: 404 len: 299 time: 0.0534720
2026-04-28 23:34:30.567 9 INFO neutron.wsgi [None req-315b202a-b4f1-4134-a49a-86d9aab8bb26 8ff7f065bf974b64876cb80454a785b1 13b361882c7e46bc9d66b827246ad995 - - - -] 10.0.0.75 "DELETE /v2.0/routers/d454bd3a-af31-42ed-aa46-2084f308e81d/tags HTTP/1.1" status: 204 len: 168 time: 0.0616806
2026-04-28 23:34:30.614 9 INFO neutron.wsgi [None req-318de8ef-8e32-411d-aed1-78aee1fc7faa 8ff7f065bf974b64876cb80454a785b1 13b361882c7e46bc9d66b827246ad995 - - default default] 10.0.0.75 "GET /v2.0/routers/d454bd3a-af31-42ed-aa46-2084f308e81d/tags HTTP/1.1" status: 200 len: 205 time: 0.0407085
2026-04-28 23:34:30.681 10 INFO neutron.wsgi [None req-a234eca4-43be-4ff5-a39c-8b65cc2ca670 8ff7f065bf974b64876cb80454a785b1 13b361882c7e46bc9d66b827246ad995 - - default default] 10.0.0.75 "GET /v2.0/routers/d454bd3a-af31-42ed-aa46-2084f308e81d HTTP/1.1" status: 200 len: 655 time: 0.0468163
2026-04-28 23:34:30.704 9 INFO neutron.wsgi [None req-b299a35e-4460-4443-a773-529d08ec9113 49647566f8344212900b0d9c75594dfa fbaf295fef794a3186a0edb979076ccd - - - -] 10.0.0.75 "DELETE /v2.0/security-groups/712282c3-4275-4b2f-a712-c394d202451d HTTP/1.1" status: 204 len: 168 time: 0.2156007
2026-04-28 23:34:31.359 10 INFO neutron.db.ovn_revision_numbers_db [None req-3f45a98b-3ade-4781-90a2-02d8452918bc 8ff7f065bf974b64876cb80454a785b1 13b361882c7e46bc9d66b827246ad995 - - - -] Successfully bumped revision number for resource d454bd3a-af31-42ed-aa46-2084f308e81d (type: routers) to 9
2026-04-28 23:34:31.363 10 INFO neutron.wsgi [None req-3f45a98b-3ade-4781-90a2-02d8452918bc 8ff7f065bf974b64876cb80454a785b1 13b361882c7e46bc9d66b827246ad995 - - - -] 10.0.0.75 "PUT /v2.0/routers/d454bd3a-af31-42ed-aa46-2084f308e81d HTTP/1.1" status: 200 len: 655 time: 0.6763914
2026-04-28 23:34:31.389 10 INFO neutron.wsgi [None req-b8f43dae-d1f5-4e30-a743-fe4300afa7ea 8ff7f065bf974b64876cb80454a785b1 13b361882c7e46bc9d66b827246ad995 - - default default] 10.0.0.75 "GET /v2.0/ports?device_id=d454bd3a-af31-42ed-aa46-2084f308e81d HTTP/1.1" status: 200 len: 205 time: 0.0213115
2026-04-28 23:34:31.621 9 INFO neutron.wsgi [None req-7f2d3074-a2fe-469a-ad32-f3dc81467774 8ff7f065bf974b64876cb80454a785b1 13b361882c7e46bc9d66b827246ad995 - - - -] 10.0.0.75 "DELETE /v2.0/routers/d454bd3a-af31-42ed-aa46-2084f308e81d HTTP/1.1" status: 204 len: 168 time: 0.2276433
2026-04-28 23:34:32.479 10 INFO neutron.db.ovn_revision_numbers_db [None req-f6d5e45c-f4d2-441e-816d-7def66d04a43 49647566f8344212900b0d9c75594dfa fbaf295fef794a3186a0edb979076ccd - - default default] Successfully bumped revision number for resource 6855ccc5-e940-46ec-9ca7-09097bd3db71 (type: security_groups) to 1
2026-04-28 23:34:32.502 10 INFO neutron.wsgi [None req-f6d5e45c-f4d2-441e-816d-7def66d04a43 49647566f8344212900b0d9c75594dfa fbaf295fef794a3186a0edb979076ccd - - default default] 10.0.0.75 "GET /v2.0/security-groups?tenant_id=13b361882c7e46bc9d66b827246ad995&name=default HTTP/1.1" status: 200 len: 2997 time: 0.2855422
2026-04-28 23:34:32.539 10 INFO neutron.db.ovn_revision_numbers_db [None req-5d0d00f4-abae-4d33-b3fb-bd082359ba46 49647566f8344212900b0d9c75594dfa fbaf295fef794a3186a0edb979076ccd - - - -] Successfully bumped revision number for resource 12260d14-4c76-4e7c-b39d-9d4c0bc77ad6 (type: security_groups) to 1
2026-04-28 23:34:32.606 10 INFO neutron.db.segments_db [None req-5d0d00f4-abae-4d33-b3fb-bd082359ba46 49647566f8344212900b0d9c75594dfa fbaf295fef794a3186a0edb979076ccd - - - -] Added segment 48836acb-e9e3-4eb5-889a-bb1ee58b55e9 of type geneve for network ec62bd43-9927-4199-aa44-dc8767d3991c
2026-04-28 23:34:32.755 10 INFO neutron.db.ovn_revision_numbers_db [None req-5d0d00f4-abae-4d33-b3fb-bd082359ba46 49647566f8344212900b0d9c75594dfa fbaf295fef794a3186a0edb979076ccd - - - -] Successfully bumped revision number for resource ec62bd43-9927-4199-aa44-dc8767d3991c (type: networks) to 1
2026-04-28 23:34:32.793 10 INFO neutron.wsgi [None req-9335e34b-8c6f-4c82-bbc9-13c62e4732ba 49647566f8344212900b0d9c75594dfa fbaf295fef794a3186a0edb979076ccd - - - -] 10.0.0.75 "DELETE /v2.0/security-groups/6855ccc5-e940-46ec-9ca7-09097bd3db71 HTTP/1.1" status: 204 len: 168 time: 0.2840037
2026-04-28 23:34:32.948 10 WARNING neutron.scheduler.dhcp_agent_scheduler [None req-5d0d00f4-abae-4d33-b3fb-bd082359ba46 49647566f8344212900b0d9c75594dfa fbaf295fef794a3186a0edb979076ccd - - - -] No more DHCP agents
2026-04-28 23:34:32.950 10 WARNING neutron.api.rpc.agentnotifiers.dhcp_rpc_agent_api [None req-5d0d00f4-abae-4d33-b3fb-bd082359ba46 49647566f8344212900b0d9c75594dfa fbaf295fef794a3186a0edb979076ccd - - - -] Unable to schedule network ec62bd43-9927-4199-aa44-dc8767d3991c: no agents available; will retry on subsequent port and subnet creation events.
2026-04-28 23:34:32.989 9 INFO neutron.db.ovn_revision_numbers_db [None req-783a6925-a717-4bd5-8dda-87246e5bfc34 49647566f8344212900b0d9c75594dfa fbaf295fef794a3186a0edb979076ccd - - default default] Successfully bumped revision number for resource 9669287d-e61a-4bf6-a03a-5896710db312 (type: security_groups) to 1
2026-04-28 23:34:33.014 10 INFO neutron.db.ovn_revision_numbers_db [None req-5d0d00f4-abae-4d33-b3fb-bd082359ba46 49647566f8344212900b0d9c75594dfa fbaf295fef794a3186a0edb979076ccd - - - -] Successfully bumped revision number for resource 521956be-fedb-4f6d-ae4e-b310f0967c7d (type: ports) to 1
2026-04-28 23:34:33.021 9 INFO neutron.wsgi [None req-783a6925-a717-4bd5-8dda-87246e5bfc34 49647566f8344212900b0d9c75594dfa fbaf295fef794a3186a0edb979076ccd - - default default] 10.0.0.75 "GET /v2.0/security-groups?tenant_id=4b17d9aab6f04a4daa431a06ab1da197&name=default HTTP/1.1" status: 200 len: 3000 time: 0.1272862
2026-04-28 23:34:33.034 10 INFO neutron.wsgi [None req-5d0d00f4-abae-4d33-b3fb-bd082359ba46 49647566f8344212900b0d9c75594dfa fbaf295fef794a3186a0edb979076ccd - - - -] 10.0.0.75 "POST /v2.0/networks HTTP/1.1" status: 201 len: 942 time: 0.6821873
2026-04-28 23:34:33.178 10 WARNING neutron.scheduler.dhcp_agent_scheduler [None req-1f5e8492-83bb-4080-bd3b-147f2b903758 49647566f8344212900b0d9c75594dfa fbaf295fef794a3186a0edb979076ccd - - - -] No more DHCP agents
2026-04-28 23:34:33.180 10 WARNING neutron.api.rpc.agentnotifiers.dhcp_rpc_agent_api [None req-1f5e8492-83bb-4080-bd3b-147f2b903758 49647566f8344212900b0d9c75594dfa fbaf295fef794a3186a0edb979076ccd - - - -] Unable to schedule network ec62bd43-9927-4199-aa44-dc8767d3991c: no agents available; will retry on subsequent port and subnet creation events.
2026-04-28 23:34:33.200 9 INFO neutron.wsgi [None req-cf6dff38-76eb-4ebc-b85f-dd06e7cd23a4 49647566f8344212900b0d9c75594dfa fbaf295fef794a3186a0edb979076ccd - - - -] 10.0.0.75 "DELETE /v2.0/security-groups/9669287d-e61a-4bf6-a03a-5896710db312 HTTP/1.1" status: 204 len: 168 time: 0.1735735
2026-04-28 23:34:33.605 10 INFO neutron.db.ovn_revision_numbers_db [None req-1f5e8492-83bb-4080-bd3b-147f2b903758 49647566f8344212900b0d9c75594dfa fbaf295fef794a3186a0edb979076ccd - - - -] Successfully bumped revision number for resource 521956be-fedb-4f6d-ae4e-b310f0967c7d (type: ports) to 2
2026-04-28 23:34:33.618 10 INFO neutron.db.ovn_revision_numbers_db [None req-1f5e8492-83bb-4080-bd3b-147f2b903758 49647566f8344212900b0d9c75594dfa fbaf295fef794a3186a0edb979076ccd - - - -] Successfully bumped revision number for resource 25336c5d-4624-4416-aab2-2d8a5e360639 (type: subnets) to 0
2026-04-28 23:34:33.632 10 INFO neutron.wsgi [None req-1f5e8492-83bb-4080-bd3b-147f2b903758 49647566f8344212900b0d9c75594dfa fbaf295fef794a3186a0edb979076ccd - - - -] 10.0.0.75 "POST /v2.0/subnets HTTP/1.1" status: 201 len: 862 time: 0.5933359
2026-04-28 23:34:34.078 10 WARNING neutron.scheduler.dhcp_agent_scheduler [None req-79bbc7ef-67d4-4ab1-a8a2-1683f7bcd60b 49647566f8344212900b0d9c75594dfa fbaf295fef794a3186a0edb979076ccd - - - -] No more DHCP agents
2026-04-28 23:34:34.082 10 WARNING neutron.api.rpc.agentnotifiers.dhcp_rpc_agent_api [None req-79bbc7ef-67d4-4ab1-a8a2-1683f7bcd60b 49647566f8344212900b0d9c75594dfa fbaf295fef794a3186a0edb979076ccd - - - -] Unable to schedule network d3c9a003-9dae-4b15-9a15-ceb51238e722: no agents available; will retry on subsequent port and subnet creation events.
2026-04-28 23:34:34.238 10 INFO neutron.db.ovn_revision_numbers_db [None req-79bbc7ef-67d4-4ab1-a8a2-1683f7bcd60b 49647566f8344212900b0d9c75594dfa fbaf295fef794a3186a0edb979076ccd - - - -] Successfully bumped revision number for resource 53b6254a-4fcb-4787-ba7d-6bdea2488bf4 (type: ports) to 1
2026-04-28 23:34:35.027 9 INFO neutron.plugins.ml2.drivers.ovn.mech_driver.mech_driver [None req-2a68c9da-2f29-495c-b3e5-4be7c2cc46c4 - - - - - -] OVN reports status up for port: 53b6254a-4fcb-4787-ba7d-6bdea2488bf4
2026-04-28 23:34:35.034 10 INFO neutron.db.ovn_revision_numbers_db [None req-79bbc7ef-67d4-4ab1-a8a2-1683f7bcd60b 49647566f8344212900b0d9c75594dfa fbaf295fef794a3186a0edb979076ccd - - - -] Successfully bumped revision number for resource 53b6254a-4fcb-4787-ba7d-6bdea2488bf4 (type: router_ports) to 1
2026-04-28 23:34:35.038 9 INFO neutron.plugins.ml2.drivers.ovn.mech_driver.ovsdb.ovsdb_monitor [None req-5ac0636c-08e9-4095-9cff-b272726e84f3 - - - - - -] Router 28b1c4d4-f3a9-4fc9-9989-031b7dc4d875 is bound to host instance
2026-04-28 23:34:35.056 9 INFO neutron.plugins.ml2.plugin [None req-2a68c9da-2f29-495c-b3e5-4be7c2cc46c4 - - - - - -] Attempt 1 to provision port 53b6254a-4fcb-4787-ba7d-6bdea2488bf4
2026-04-28 23:34:35.110 10 INFO neutron.db.ovn_revision_numbers_db [None req-79bbc7ef-67d4-4ab1-a8a2-1683f7bcd60b 49647566f8344212900b0d9c75594dfa fbaf295fef794a3186a0edb979076ccd - - - -] Successfully bumped revision number for resource 28b1c4d4-f3a9-4fc9-9989-031b7dc4d875 (type: routers) to 3
2026-04-28 23:34:35.125 10 INFO neutron.wsgi [None req-79bbc7ef-67d4-4ab1-a8a2-1683f7bcd60b 49647566f8344212900b0d9c75594dfa fbaf295fef794a3186a0edb979076ccd - - - -] 10.0.0.75 "POST /v2.0/routers HTTP/1.1" status: 201 len: 873 time: 1.4877841
2026-04-28 23:34:35.527 10 WARNING neutron.scheduler.dhcp_agent_scheduler [None req-588bf379-32ef-412a-98fa-fc6290381e50 49647566f8344212900b0d9c75594dfa fbaf295fef794a3186a0edb979076ccd - - default default] No more DHCP agents
2026-04-28 23:34:35.530 10 WARNING neutron.api.rpc.agentnotifiers.dhcp_rpc_agent_api [None req-588bf379-32ef-412a-98fa-fc6290381e50 49647566f8344212900b0d9c75594dfa fbaf295fef794a3186a0edb979076ccd - - default default] Unable to schedule network ec62bd43-9927-4199-aa44-dc8767d3991c: no agents available; will retry on subsequent port and subnet creation events.
2026-04-28 23:34:35.661 10 INFO neutron.db.ovn_revision_numbers_db [None req-588bf379-32ef-412a-98fa-fc6290381e50 49647566f8344212900b0d9c75594dfa fbaf295fef794a3186a0edb979076ccd - - default default] Successfully bumped revision number for resource 4b90b8a8-e4f5-4c78-a3e7-4ff33117ed98 (type: ports) to 1
2026-04-28 23:34:35.681 9 INFO neutron.wsgi [-] 10.0.0.28 "GET / HTTP/1.1" status: 200 len: 246 time: 0.0012381
2026-04-28 23:34:35.683 9 INFO neutron.wsgi [-] 10.0.0.28 "GET / HTTP/1.1" status: 200 len: 246 time: 0.0008924
2026-04-28 23:34:35.824 9 INFO neutron.db.ovn_revision_numbers_db [None req-5ac0636c-08e9-4095-9cff-b272726e84f3 - - - - - -] Successfully bumped revision number for resource 53b6254a-4fcb-4787-ba7d-6bdea2488bf4 (type: ports) to 1
2026-04-28 23:34:36.063 10 INFO neutron.plugins.ml2.drivers.ovn.mech_driver.mech_driver [None req-6f2d7d0e-ecae-49ee-9bfa-78277e8a5813 - - - - - -] OVN reports status up for port: 4b90b8a8-e4f5-4c78-a3e7-4ff33117ed98
2026-04-28 23:34:36.069 10 INFO neutron.plugins.ml2.plugin [None req-6f2d7d0e-ecae-49ee-9bfa-78277e8a5813 - - - - - -] Attempt 1 to provision port 4b90b8a8-e4f5-4c78-a3e7-4ff33117ed98
2026-04-28 23:34:36.072 10 INFO neutron.db.ovn_revision_numbers_db [None req-588bf379-32ef-412a-98fa-fc6290381e50 49647566f8344212900b0d9c75594dfa fbaf295fef794a3186a0edb979076ccd - - default default] Successfully bumped revision number for resource 4b90b8a8-e4f5-4c78-a3e7-4ff33117ed98 (type: router_ports) to 2
2026-04-28 23:34:36.109 9 INFO neutron.db.ovn_revision_numbers_db [None req-5ac0636c-08e9-4095-9cff-b272726e84f3 - - - - - -] Successfully bumped revision number for resource 53b6254a-4fcb-4787-ba7d-6bdea2488bf4 (type: router_ports) to 3
2026-04-28 23:34:36.236 9 INFO neutron.db.ovn_revision_numbers_db [None req-5ac0636c-08e9-4095-9cff-b272726e84f3 - - - - - -] Successfully bumped revision number for resource 53b6254a-4fcb-4787-ba7d-6bdea2488bf4 (type: ports) to 2
2026-04-28 23:34:36.245 10 INFO neutron.db.ovn_revision_numbers_db [None req-588bf379-32ef-412a-98fa-fc6290381e50 49647566f8344212900b0d9c75594dfa fbaf295fef794a3186a0edb979076ccd - - default default] Successfully bumped revision number for resource 4b90b8a8-e4f5-4c78-a3e7-4ff33117ed98 (type: ports) to 2
2026-04-28 23:34:36.332 10 WARNING neutron.scheduler.dhcp_agent_scheduler [None req-588bf379-32ef-412a-98fa-fc6290381e50 49647566f8344212900b0d9c75594dfa fbaf295fef794a3186a0edb979076ccd - - default default] No more DHCP agents
2026-04-28 23:34:36.336 10 WARNING neutron.api.rpc.agentnotifiers.dhcp_rpc_agent_api [None req-588bf379-32ef-412a-98fa-fc6290381e50 49647566f8344212900b0d9c75594dfa fbaf295fef794a3186a0edb979076ccd - - default default] Unable to schedule network ec62bd43-9927-4199-aa44-dc8767d3991c: no agents available; will retry on subsequent port and subnet creation events.
2026-04-28 23:34:36.354 10 INFO neutron.db.ovn_revision_numbers_db [None req-6f2d7d0e-ecae-49ee-9bfa-78277e8a5813 - - - - - -] Successfully bumped revision number for resource 4b90b8a8-e4f5-4c78-a3e7-4ff33117ed98 (type: ports) to 3
2026-04-28 23:34:36.454 9 INFO neutron.db.ovn_revision_numbers_db [None req-5ac0636c-08e9-4095-9cff-b272726e84f3 - - - - - -] Successfully bumped revision number for resource 53b6254a-4fcb-4787-ba7d-6bdea2488bf4 (type: ports) to 4
2026-04-28 23:34:36.497 10 INFO neutron.db.ovn_revision_numbers_db [None req-6f2d7d0e-ecae-49ee-9bfa-78277e8a5813 - - - - - -] Successfully bumped revision number for resource 4b90b8a8-e4f5-4c78-a3e7-4ff33117ed98 (type: router_ports) to 3
2026-04-28 23:34:36.678 9 INFO neutron.db.ovn_revision_numbers_db [None req-5ac0636c-08e9-4095-9cff-b272726e84f3 - - - - - -] Successfully bumped revision number for resource 53b6254a-4fcb-4787-ba7d-6bdea2488bf4 (type: router_ports) to 4
2026-04-28 23:34:36.821 10 INFO neutron.db.ovn_revision_numbers_db [None req-588bf379-32ef-412a-98fa-fc6290381e50 49647566f8344212900b0d9c75594dfa fbaf295fef794a3186a0edb979076ccd - - - -] Successfully bumped revision number for resource 4b90b8a8-e4f5-4c78-a3e7-4ff33117ed98 (type: router_ports) to 3
2026-04-28 23:34:36.824 10 INFO neutron.wsgi [None req-588bf379-32ef-412a-98fa-fc6290381e50 49647566f8344212900b0d9c75594dfa fbaf295fef794a3186a0edb979076ccd - - - -] 10.0.0.75 "PUT /v2.0/routers/28b1c4d4-f3a9-4fc9-9989-031b7dc4d875/add_router_interface HTTP/1.1" status: 200 len: 503 time: 1.6944127
2026-04-28 23:34:37.952 10 INFO neutron.db.ovn_revision_numbers_db [None req-49f15792-f4da-46fe-800d-43681d4b27a3 49647566f8344212900b0d9c75594dfa fbaf295fef794a3186a0edb979076ccd - - - -] Successfully bumped revision number for resource bae3e7fd-5fd5-4675-b6c4-1772843fdadb (type: security_groups) to 1
2026-04-28 23:34:38.009 10 INFO neutron.db.segments_db [None req-49f15792-f4da-46fe-800d-43681d4b27a3 49647566f8344212900b0d9c75594dfa fbaf295fef794a3186a0edb979076ccd - - - -] Added segment c5333fd5-32d5-454a-93dd-7b655348d256 of type geneve for network 6e80129d-2d1d-486e-9be8-3b7f94f7ae59
2026-04-28 23:34:38.138 10 INFO neutron.db.ovn_revision_numbers_db [None req-49f15792-f4da-46fe-800d-43681d4b27a3 49647566f8344212900b0d9c75594dfa fbaf295fef794a3186a0edb979076ccd - - - -] Successfully bumped revision number for resource 6e80129d-2d1d-486e-9be8-3b7f94f7ae59 (type: networks) to 1
2026-04-28 23:34:38.577 10 WARNING neutron.scheduler.dhcp_agent_scheduler [None req-49f15792-f4da-46fe-800d-43681d4b27a3 49647566f8344212900b0d9c75594dfa fbaf295fef794a3186a0edb979076ccd - - - -] No more DHCP agents
2026-04-28 23:34:38.579 10 WARNING neutron.api.rpc.agentnotifiers.dhcp_rpc_agent_api [None req-49f15792-f4da-46fe-800d-43681d4b27a3 49647566f8344212900b0d9c75594dfa fbaf295fef794a3186a0edb979076ccd - - - -] Unable to schedule network 6e80129d-2d1d-486e-9be8-3b7f94f7ae59: no agents available; will retry on subsequent port and subnet creation events.
2026-04-28 23:34:38.639 10 INFO neutron.db.ovn_revision_numbers_db [None req-49f15792-f4da-46fe-800d-43681d4b27a3 49647566f8344212900b0d9c75594dfa fbaf295fef794a3186a0edb979076ccd - - - -] Successfully bumped revision number for resource 8d0f430f-ab60-4d90-a5df-e3d93d227853 (type: ports) to 1
2026-04-28 23:34:38.658 10 INFO neutron.wsgi [None req-49f15792-f4da-46fe-800d-43681d4b27a3 49647566f8344212900b0d9c75594dfa fbaf295fef794a3186a0edb979076ccd - - - -] 10.0.0.75 "POST /v2.0/networks HTTP/1.1" status: 201 len: 943 time: 0.8168418
2026-04-28 23:34:38.824 10 WARNING neutron.scheduler.dhcp_agent_scheduler [None req-f8b701f8-b65f-4612-80df-8f846ce20024 49647566f8344212900b0d9c75594dfa fbaf295fef794a3186a0edb979076ccd - - - -] No more DHCP agents
2026-04-28 23:34:38.826 10 WARNING neutron.api.rpc.agentnotifiers.dhcp_rpc_agent_api [None req-f8b701f8-b65f-4612-80df-8f846ce20024 49647566f8344212900b0d9c75594dfa fbaf295fef794a3186a0edb979076ccd - - - -] Unable to schedule network 6e80129d-2d1d-486e-9be8-3b7f94f7ae59: no agents available; will retry on subsequent port and subnet creation events.
2026-04-28 23:34:39.244 10 INFO neutron.db.ovn_revision_numbers_db [None req-f8b701f8-b65f-4612-80df-8f846ce20024 49647566f8344212900b0d9c75594dfa fbaf295fef794a3186a0edb979076ccd - - - -] Successfully bumped revision number for resource 8d0f430f-ab60-4d90-a5df-e3d93d227853 (type: ports) to 2
2026-04-28 23:34:39.257 10 INFO neutron.db.ovn_revision_numbers_db [None req-f8b701f8-b65f-4612-80df-8f846ce20024 49647566f8344212900b0d9c75594dfa fbaf295fef794a3186a0edb979076ccd - - - -] Successfully bumped revision number for resource dfbdf35b-ca78-428e-9a49-43e8b4980b01 (type: subnets) to 0
2026-04-28 23:34:39.269 10 INFO neutron.wsgi [None req-f8b701f8-b65f-4612-80df-8f846ce20024 49647566f8344212900b0d9c75594dfa fbaf295fef794a3186a0edb979076ccd - - - -] 10.0.0.75 "POST /v2.0/subnets HTTP/1.1" status: 201 len: 863 time: 0.6062329
2026-04-28 23:34:39.736 9 WARNING neutron.scheduler.dhcp_agent_scheduler [None req-742fdafd-ab9c-4871-8cfe-2ef5e7f0fa2f 49647566f8344212900b0d9c75594dfa fbaf295fef794a3186a0edb979076ccd - - - -] No more DHCP agents
2026-04-28 23:34:39.738 9 WARNING neutron.api.rpc.agentnotifiers.dhcp_rpc_agent_api [None req-742fdafd-ab9c-4871-8cfe-2ef5e7f0fa2f 49647566f8344212900b0d9c75594dfa fbaf295fef794a3186a0edb979076ccd - - - -] Unable to schedule network d3c9a003-9dae-4b15-9a15-ceb51238e722: no agents available; will retry on subsequent port and subnet creation events.
2026-04-28 23:34:39.858 9 INFO neutron.db.ovn_revision_numbers_db [None req-742fdafd-ab9c-4871-8cfe-2ef5e7f0fa2f 49647566f8344212900b0d9c75594dfa fbaf295fef794a3186a0edb979076ccd - - - -] Successfully bumped revision number for resource a60dc4e5-2be0-42d7-81fa-52b48c4f26e0 (type: ports) to 1
2026-04-28 23:34:40.374 9 INFO neutron.plugins.ml2.drivers.ovn.mech_driver.ovsdb.ovsdb_monitor [None req-5ac0636c-08e9-4095-9cff-b272726e84f3 - - - - - -] Router fbd9899a-13ed-4226-a4c0-b0ca4635a7b7 is bound to host instance
2026-04-28 23:34:40.637 9 INFO neutron.db.ovn_revision_numbers_db [None req-742fdafd-ab9c-4871-8cfe-2ef5e7f0fa2f 49647566f8344212900b0d9c75594dfa fbaf295fef794a3186a0edb979076ccd - - - -] Successfully bumped revision number for resource a60dc4e5-2be0-42d7-81fa-52b48c4f26e0 (type: router_ports) to 1
2026-04-28 23:34:40.731 9 INFO neutron.db.ovn_revision_numbers_db [None req-742fdafd-ab9c-4871-8cfe-2ef5e7f0fa2f 49647566f8344212900b0d9c75594dfa fbaf295fef794a3186a0edb979076ccd - - - -] Successfully bumped revision number for resource fbd9899a-13ed-4226-a4c0-b0ca4635a7b7 (type: routers) to 3
2026-04-28 23:34:40.750 9 INFO neutron.wsgi [None req-742fdafd-ab9c-4871-8cfe-2ef5e7f0fa2f 49647566f8344212900b0d9c75594dfa fbaf295fef794a3186a0edb979076ccd - - - -] 10.0.0.75 "POST /v2.0/routers HTTP/1.1" status: 201 len: 874 time: 1.4751952
2026-04-28 23:34:41.110 9 INFO neutron.db.ovn_revision_numbers_db [None req-5ac0636c-08e9-4095-9cff-b272726e84f3 - - - - - -] Successfully bumped revision number for resource a60dc4e5-2be0-42d7-81fa-52b48c4f26e0 (type: ports) to 1
2026-04-28 23:34:41.198 10 WARNING neutron.scheduler.dhcp_agent_scheduler [None req-bfbe8655-662d-4068-a606-23c84f3c0074 49647566f8344212900b0d9c75594dfa fbaf295fef794a3186a0edb979076ccd - - default default] No more DHCP agents
2026-04-28 23:34:41.201 10 WARNING neutron.api.rpc.agentnotifiers.dhcp_rpc_agent_api [None req-bfbe8655-662d-4068-a606-23c84f3c0074 49647566f8344212900b0d9c75594dfa fbaf295fef794a3186a0edb979076ccd - - default default] Unable to schedule network 6e80129d-2d1d-486e-9be8-3b7f94f7ae59: no agents available; will retry on subsequent port and subnet creation events.
2026-04-28 23:34:41.203 10 WARNING neutron.plugins.ml2.drivers.ovn.mech_driver.ovsdb.ovn_client [None req-6f2d7d0e-ecae-49ee-9bfa-78277e8a5813 - - - - - -] No hosting information found for port 4b90b8a8-e4f5-4c78-a3e7-4ff33117ed98: RuntimeError: No hosting information found for port 4b90b8a8-e4f5-4c78-a3e7-4ff33117ed98
2026-04-28 23:34:41.204 10 INFO neutron.plugins.ml2.drivers.ovn.mech_driver.mech_driver [None req-6f2d7d0e-ecae-49ee-9bfa-78277e8a5813 - - - - - -] OVN reports status up for port: a60dc4e5-2be0-42d7-81fa-52b48c4f26e0
2026-04-28 23:34:41.226 10 INFO neutron.plugins.ml2.plugin [None req-6f2d7d0e-ecae-49ee-9bfa-78277e8a5813 - - - - - -] Attempt 1 to provision port a60dc4e5-2be0-42d7-81fa-52b48c4f26e0
2026-04-28 23:34:41.315 9 INFO neutron.db.ovn_revision_numbers_db [None req-5ac0636c-08e9-4095-9cff-b272726e84f3 - - - - - -] Successfully bumped revision number for resource a60dc4e5-2be0-42d7-81fa-52b48c4f26e0 (type: router_ports) to 3
2026-04-28 23:34:41.366 10 INFO neutron.db.ovn_revision_numbers_db [None req-bfbe8655-662d-4068-a606-23c84f3c0074 49647566f8344212900b0d9c75594dfa fbaf295fef794a3186a0edb979076ccd - - default default] Successfully bumped revision number for resource 48544451-7e0a-4c83-8361-7f03d4e983b0 (type: ports) to 1
2026-04-28 23:34:41.469 9 INFO neutron.db.ovn_revision_numbers_db [None req-5ac0636c-08e9-4095-9cff-b272726e84f3 - - - - - -] Successfully bumped revision number for resource a60dc4e5-2be0-42d7-81fa-52b48c4f26e0 (type: ports) to 2
2026-04-28 23:34:41.551 10 INFO neutron.db.ovn_revision_numbers_db [None req-6f2d7d0e-ecae-49ee-9bfa-78277e8a5813 - - - - - -] Successfully bumped revision number for resource a60dc4e5-2be0-42d7-81fa-52b48c4f26e0 (type: ports) to 4
2026-04-28 23:34:41.894 10 INFO neutron.db.ovn_revision_numbers_db [None req-6f2d7d0e-ecae-49ee-9bfa-78277e8a5813 - - - - - -] Successfully bumped revision number for resource a60dc4e5-2be0-42d7-81fa-52b48c4f26e0 (type: router_ports) to 4
2026-04-28 23:34:41.962 10 INFO neutron.db.ovn_revision_numbers_db [None req-bfbe8655-662d-4068-a606-23c84f3c0074 49647566f8344212900b0d9c75594dfa fbaf295fef794a3186a0edb979076ccd - - default default] Successfully bumped revision number for resource 48544451-7e0a-4c83-8361-7f03d4e983b0 (type: router_ports) to 2
2026-04-28 23:34:41.984 10 INFO neutron.plugins.ml2.drivers.ovn.mech_driver.mech_driver [None req-6f2d7d0e-ecae-49ee-9bfa-78277e8a5813 - - - - - -] OVN reports status up for port: 48544451-7e0a-4c83-8361-7f03d4e983b0
2026-04-28 23:34:42.000 10 INFO neutron.plugins.ml2.plugin [None req-6f2d7d0e-ecae-49ee-9bfa-78277e8a5813 - - - - - -] Attempt 1 to provision port 48544451-7e0a-4c83-8361-7f03d4e983b0
2026-04-28 23:34:42.090 9 INFO neutron.db.ovn_revision_numbers_db [None req-0563b96c-1d20-450e-a642-cf34d0262665 93053d954fea4324b2a651412cde4968 240d3bfd22c74e148b93a8a2e9dc0315 - - - -] Successfully bumped revision number for resource d4875e73-0ab6-4693-91bf-675967f247c1 (type: security_groups) to 1
2026-04-28 23:34:42.127 10 INFO neutron.db.ovn_revision_numbers_db [None req-bfbe8655-662d-4068-a606-23c84f3c0074 49647566f8344212900b0d9c75594dfa fbaf295fef794a3186a0edb979076ccd - - default default] Successfully bumped revision number for resource 48544451-7e0a-4c83-8361-7f03d4e983b0 (type: ports) to 2
2026-04-28 23:34:42.140 9 INFO neutron.db.segments_db [None req-0563b96c-1d20-450e-a642-cf34d0262665 93053d954fea4324b2a651412cde4968 240d3bfd22c74e148b93a8a2e9dc0315 - - - -] Added segment adae76aa-6e7c-4258-ac0d-92bc02abb769 of type geneve for network a12ae29d-d50f-42a7-8b81-ae3706510eca
2026-04-28 23:34:42.217 10 WARNING neutron.scheduler.dhcp_agent_scheduler [None req-bfbe8655-662d-4068-a606-23c84f3c0074 49647566f8344212900b0d9c75594dfa fbaf295fef794a3186a0edb979076ccd - - default default] No more DHCP agents
2026-04-28 23:34:42.218 10 WARNING neutron.api.rpc.agentnotifiers.dhcp_rpc_agent_api [None req-bfbe8655-662d-4068-a606-23c84f3c0074 49647566f8344212900b0d9c75594dfa fbaf295fef794a3186a0edb979076ccd - - default default] Unable to schedule network 6e80129d-2d1d-486e-9be8-3b7f94f7ae59: no agents available; will retry on subsequent port and subnet creation events.
2026-04-28 23:34:42.273 9 INFO neutron.db.ovn_revision_numbers_db [None req-0563b96c-1d20-450e-a642-cf34d0262665 93053d954fea4324b2a651412cde4968 240d3bfd22c74e148b93a8a2e9dc0315 - - - -] Successfully bumped revision number for resource a12ae29d-d50f-42a7-8b81-ae3706510eca (type: networks) to 1
2026-04-28 23:34:42.306 10 INFO neutron.db.ovn_revision_numbers_db [None req-6f2d7d0e-ecae-49ee-9bfa-78277e8a5813 - - - - - -] Successfully bumped revision number for resource 48544451-7e0a-4c83-8361-7f03d4e983b0 (type: ports) to 3
2026-04-28 23:34:42.491 9 WARNING neutron.scheduler.dhcp_agent_scheduler [None req-0563b96c-1d20-450e-a642-cf34d0262665 93053d954fea4324b2a651412cde4968 240d3bfd22c74e148b93a8a2e9dc0315 - - - -] No more DHCP agents
2026-04-28 23:34:42.492 9 WARNING neutron.api.rpc.agentnotifiers.dhcp_rpc_agent_api [None req-0563b96c-1d20-450e-a642-cf34d0262665 93053d954fea4324b2a651412cde4968 240d3bfd22c74e148b93a8a2e9dc0315 - - - -] Unable to schedule network a12ae29d-d50f-42a7-8b81-ae3706510eca: no agents available; will retry on subsequent port and subnet creation events.
2026-04-28 23:34:42.552 9 INFO neutron.db.ovn_revision_numbers_db [None req-0563b96c-1d20-450e-a642-cf34d0262665 93053d954fea4324b2a651412cde4968 240d3bfd22c74e148b93a8a2e9dc0315 - - - -] Successfully bumped revision number for resource e3716e09-2438-4347-bc3d-9b265c3455c6 (type: ports) to 1
2026-04-28 23:34:42.571 9 INFO neutron.wsgi [None req-0563b96c-1d20-450e-a642-cf34d0262665 93053d954fea4324b2a651412cde4968 240d3bfd22c74e148b93a8a2e9dc0315 - - - -] 10.0.0.75 "POST /v2.0/networks HTTP/1.1" status: 201 len: 839 time: 0.7993357
2026-04-28 23:34:42.818 10 INFO neutron.db.ovn_revision_numbers_db [None req-6f2d7d0e-ecae-49ee-9bfa-78277e8a5813 - - - - - -] Successfully bumped revision number for resource 48544451-7e0a-4c83-8361-7f03d4e983b0 (type: router_ports) to 3
2026-04-28 23:34:42.832 9 WARNING neutron.scheduler.dhcp_agent_scheduler [None req-5e656130-8a57-4a53-8e9c-3765ed062cba 93053d954fea4324b2a651412cde4968 240d3bfd22c74e148b93a8a2e9dc0315 - - - -] No more DHCP agents
2026-04-28 23:34:42.834 9 WARNING neutron.api.rpc.agentnotifiers.dhcp_rpc_agent_api [None req-5e656130-8a57-4a53-8e9c-3765ed062cba 93053d954fea4324b2a651412cde4968 240d3bfd22c74e148b93a8a2e9dc0315 - - - -] Unable to schedule network a12ae29d-d50f-42a7-8b81-ae3706510eca: no agents available; will retry on subsequent port and subnet creation events.
2026-04-28 23:34:43.158 10 INFO neutron.db.ovn_revision_numbers_db [None req-bfbe8655-662d-4068-a606-23c84f3c0074 49647566f8344212900b0d9c75594dfa fbaf295fef794a3186a0edb979076ccd - - - -] Successfully bumped revision number for resource 48544451-7e0a-4c83-8361-7f03d4e983b0 (type: router_ports) to 3
2026-04-28 23:34:43.161 10 INFO neutron.wsgi [None req-bfbe8655-662d-4068-a606-23c84f3c0074 49647566f8344212900b0d9c75594dfa fbaf295fef794a3186a0edb979076ccd - - - -] 10.0.0.75 "PUT /v2.0/routers/fbd9899a-13ed-4226-a4c0-b0ca4635a7b7/add_router_interface HTTP/1.1" status: 200 len: 503 time: 2.4045241
2026-04-28 23:34:43.241 9 INFO neutron.db.ovn_revision_numbers_db [None req-5e656130-8a57-4a53-8e9c-3765ed062cba 93053d954fea4324b2a651412cde4968 240d3bfd22c74e148b93a8a2e9dc0315 - - - -] Successfully bumped revision number for resource e3716e09-2438-4347-bc3d-9b265c3455c6 (type: ports) to 2
2026-04-28 23:34:43.254 9 INFO neutron.db.ovn_revision_numbers_db [None req-5e656130-8a57-4a53-8e9c-3765ed062cba 93053d954fea4324b2a651412cde4968 240d3bfd22c74e148b93a8a2e9dc0315 - - - -] Successfully bumped revision number for resource 4527e868-3138-4a47-b0aa-f6a056c9bd02 (type: subnets) to 0
2026-04-28 23:34:43.268 9 INFO neutron.wsgi [None req-5e656130-8a57-4a53-8e9c-3765ed062cba 93053d954fea4324b2a651412cde4968 240d3bfd22c74e148b93a8a2e9dc0315 - - - -] 10.0.0.75 "POST /v2.0/subnets HTTP/1.1" status: 201 len: 833 time: 0.6922064
2026-04-28 23:34:43.333 9 INFO neutron.wsgi [None req-5c85ff4b-0ee0-4b9e-bf2d-9f24519f6b24 2a03e8a7479046b2aeca081ab0f52735 248dd2987f4a4201adcf8fa342342b26 - - default default] 10.0.0.75 "GET /v2.0/subnetpools?name=shared-default-subnetpool-v6 HTTP/1.1" status: 200 len: 212 time: 0.0591750
2026-04-28 23:34:43.583 9 WARNING neutron.scheduler.dhcp_agent_scheduler [None req-831fb805-9ac0-43c3-bc70-5c89309ef750 93053d954fea4324b2a651412cde4968 240d3bfd22c74e148b93a8a2e9dc0315 - - - -] No more DHCP agents
2026-04-28 23:34:43.585 9 WARNING neutron.api.rpc.agentnotifiers.dhcp_rpc_agent_api [None req-831fb805-9ac0-43c3-bc70-5c89309ef750 93053d954fea4324b2a651412cde4968 240d3bfd22c74e148b93a8a2e9dc0315 - - - -] Unable to schedule network a12ae29d-d50f-42a7-8b81-ae3706510eca: no agents available; will retry on subsequent port and subnet creation events.
2026-04-28 23:34:43.596 9 INFO neutron.db.ovn_revision_numbers_db [None req-831fb805-9ac0-43c3-bc70-5c89309ef750 93053d954fea4324b2a651412cde4968 240d3bfd22c74e148b93a8a2e9dc0315 - - - -] Successfully bumped revision number for resource 0b148339-8b24-4675-b76e-d80c11dd521d (type: subnets) to 0
2026-04-28 23:34:43.609 9 INFO neutron.wsgi [None req-831fb805-9ac0-43c3-bc70-5c89309ef750 93053d954fea4324b2a651412cde4968 240d3bfd22c74e148b93a8a2e9dc0315 - - - -] 10.0.0.75 "POST /v2.0/subnets HTTP/1.1" status: 201 len: 907 time: 0.2711096
2026-04-28 23:34:43.706 10 INFO neutron.db.segments_db [None req-4a29fcec-d187-4641-b8f7-b7e20488e17c 93053d954fea4324b2a651412cde4968 240d3bfd22c74e148b93a8a2e9dc0315 - - - -] Added segment 8a07a76b-1503-4b43-93d4-4c4d169cc342 of type geneve for network 349dd9e6-b76f-41e7-8e35-3436f695b7bd
2026-04-28 23:34:43.809 9 INFO neutron.db.ovn_revision_numbers_db [None req-557ab328-5487-4c67-8fc9-8d2b021d4ba4 4e368c99ea1b4eb1b59720a97ddb12af 40c3746c78c44094a26fe8e93b1230a8 - - - -] Successfully bumped revision number for resource 251dbfbe-2c81-4995-96df-00bbae45b58a (type: security_groups) to 1
2026-04-28 23:34:43.845 9 INFO neutron.wsgi [None req-557ab328-5487-4c67-8fc9-8d2b021d4ba4 4e368c99ea1b4eb1b59720a97ddb12af 40c3746c78c44094a26fe8e93b1230a8 - - - -] 10.0.0.75 "POST /v2.0/security-groups HTTP/1.1" status: 201 len: 1809 time: 0.1281912
2026-04-28 23:34:43.848 10 INFO neutron.db.ovn_revision_numbers_db [None req-4a29fcec-d187-4641-b8f7-b7e20488e17c 93053d954fea4324b2a651412cde4968 240d3bfd22c74e148b93a8a2e9dc0315 - - - -] Successfully bumped revision number for resource 349dd9e6-b76f-41e7-8e35-3436f695b7bd (type: networks) to 1
2026-04-28 23:34:43.963 9 INFO neutron.db.ovn_revision_numbers_db [None req-c6257440-99aa-41ee-a96b-36ba72c94a6f 4e368c99ea1b4eb1b59720a97ddb12af 40c3746c78c44094a26fe8e93b1230a8 - - - -] Successfully bumped revision number for resource 0dcd9433-fc2c-4269-aa55-0e23500adfbf (type: security_group_rules) to 0
2026-04-28 23:34:43.989 9 INFO neutron.wsgi [None req-c6257440-99aa-41ee-a96b-36ba72c94a6f 4e368c99ea1b4eb1b59720a97ddb12af 40c3746c78c44094a26fe8e93b1230a8 - - - -] 10.0.0.75 "POST /v2.0/security-group-rules HTTP/1.1" status: 201 len: 764 time: 0.1392572
2026-04-28 23:34:44.019 10 WARNING neutron.scheduler.dhcp_agent_scheduler [None req-4a29fcec-d187-4641-b8f7-b7e20488e17c 93053d954fea4324b2a651412cde4968 240d3bfd22c74e148b93a8a2e9dc0315 - - - -] No more DHCP agents
2026-04-28 23:34:44.021 10 WARNING neutron.api.rpc.agentnotifiers.dhcp_rpc_agent_api [None req-4a29fcec-d187-4641-b8f7-b7e20488e17c 93053d954fea4324b2a651412cde4968 240d3bfd22c74e148b93a8a2e9dc0315 - - - -] Unable to schedule network 349dd9e6-b76f-41e7-8e35-3436f695b7bd: no agents available; will retry on subsequent port and subnet creation events.
2026-04-28 23:34:44.080 10 INFO neutron.db.ovn_revision_numbers_db [None req-4a29fcec-d187-4641-b8f7-b7e20488e17c 93053d954fea4324b2a651412cde4968 240d3bfd22c74e148b93a8a2e9dc0315 - - - -] Successfully bumped revision number for resource 8b68b392-e19c-4a98-910e-9d25284fb638 (type: ports) to 1
2026-04-28 23:34:44.099 10 INFO neutron.wsgi [None req-4a29fcec-d187-4641-b8f7-b7e20488e17c 93053d954fea4324b2a651412cde4968 240d3bfd22c74e148b93a8a2e9dc0315 - - - -] 10.0.0.75 "POST /v2.0/networks HTTP/1.1" status: 201 len: 836 time: 0.4826474
2026-04-28 23:34:44.101 9 INFO neutron.db.ovn_revision_numbers_db [None req-349b47ed-cec0-43c5-82c7-59cdec6e09be 4e368c99ea1b4eb1b59720a97ddb12af 40c3746c78c44094a26fe8e93b1230a8 - - - -] Successfully bumped revision number for resource 05fe8907-7b3e-4b4d-83e1-8d78db45541d (type: security_group_rules) to 0
2026-04-28 23:34:44.123 9 INFO neutron.wsgi [None req-349b47ed-cec0-43c5-82c7-59cdec6e09be 4e368c99ea1b4eb1b59720a97ddb12af 40c3746c78c44094a26fe8e93b1230a8 - - - -] 10.0.0.75 "POST /v2.0/security-group-rules HTTP/1.1" status: 201 len: 763 time: 0.1294882
2026-04-28 23:34:44.229 9 INFO neutron.db.ovn_revision_numbers_db [None req-eeacdf23-f07d-4488-92dc-9ecc9a57a1ed 4e368c99ea1b4eb1b59720a97ddb12af 40c3746c78c44094a26fe8e93b1230a8 - - - -] Successfully bumped revision number for resource 9887abd2-e029-4c09-812b-14d555a6a26d (type: security_group_rules) to 0
2026-04-28 23:34:44.250 9 INFO neutron.wsgi [None req-eeacdf23-f07d-4488-92dc-9ecc9a57a1ed 4e368c99ea1b4eb1b59720a97ddb12af 40c3746c78c44094a26fe8e93b1230a8 - - - -] 10.0.0.75 "POST /v2.0/security-group-rules HTTP/1.1" status: 201 len: 769 time: 0.1224394
