2026-04-28 23:32:19.228 10 INFO neutron.plugins.ml2.drivers.ovn.mech_driver.mech_driver [None req-6f2d7d0e-ecae-49ee-9bfa-78277e8a5813 - - - - - -] OVN reports status up for port: 1410a2d7-97d8-4427-9ffc-17707f8a7947
2026-04-28 23:32:19.235 10 INFO neutron.plugins.ml2.drivers.ovn.mech_driver.ovsdb.ovsdb_monitor [None req-24f55f72-1084-486c-9627-de45ae1efecf - - - - - -] Router a983f356-18c8-425a-853a-33025e28b326 is bound to host instance
2026-04-28 23:32:19.235 9 INFO neutron.db.ovn_revision_numbers_db [None req-4f3113d4-c038-4da4-8a0b-6aef7dfc3a2a 49647566f8344212900b0d9c75594dfa fbaf295fef794a3186a0edb979076ccd - - - -] Successfully bumped revision number for resource 1410a2d7-97d8-4427-9ffc-17707f8a7947 (type: router_ports) to 1
2026-04-28 23:32:19.247 10 INFO neutron.plugins.ml2.plugin [None req-6f2d7d0e-ecae-49ee-9bfa-78277e8a5813 - - - - - -] Attempt 1 to provision port 1410a2d7-97d8-4427-9ffc-17707f8a7947
2026-04-28 23:32:19.299 9 INFO neutron.db.ovn_revision_numbers_db [None req-4f3113d4-c038-4da4-8a0b-6aef7dfc3a2a 49647566f8344212900b0d9c75594dfa fbaf295fef794a3186a0edb979076ccd - - - -] Successfully bumped revision number for resource a983f356-18c8-425a-853a-33025e28b326 (type: routers) to 3
2026-04-28 23:32:19.315 9 INFO neutron.wsgi [None req-4f3113d4-c038-4da4-8a0b-6aef7dfc3a2a 49647566f8344212900b0d9c75594dfa fbaf295fef794a3186a0edb979076ccd - - - -] 10.0.0.75 "POST /v2.0/routers HTTP/1.1" status: 201 len: 874 time: 1.5160446
2026-04-28 23:32:19.498 10 INFO neutron.wsgi [None req-e819da5b-5be8-4d0e-bfe1-793aa3e4d562 31d1321b2ab54f129ed6b96586ff04b3 b780e72dfea84ec0be218b9efeb7951a - - - -] 10.0.0.75 "DELETE /v2.0/ports/06369d71-b9a4-4c0a-bb35-3d0115dfc73c HTTP/1.1" status: 204 len: 168 time: 0.3548617
2026-04-28 23:32:19.637 9 INFO neutron.wsgi [None req-d6dff190-57c6-4ed3-a4f0-c42d7846bc0b 31d1321b2ab54f129ed6b96586ff04b3 b780e72dfea84ec0be218b9efeb7951a - - default default] 10.0.0.75 "GET /v2.0/ports HTTP/1.1" status: 200 len: 1718 time: 0.1333513
2026-04-28 23:32:19.737 10 INFO neutron.db.segments_db [None req-657050a6-bc33-4e2e-ac17-2bb941a14aeb 31d1321b2ab54f129ed6b96586ff04b3 b780e72dfea84ec0be218b9efeb7951a - - - -] Added segment 844d9111-7c8c-48ec-aa36-8632a3061a17 of type geneve for network 4501289c-753c-4317-8bd7-2a906d71b837
2026-04-28 23:32:19.775 9 WARNING neutron.scheduler.dhcp_agent_scheduler [None req-90f58703-a165-4639-b931-a96c52a32ce0 49647566f8344212900b0d9c75594dfa fbaf295fef794a3186a0edb979076ccd - - default default] No more DHCP agents
2026-04-28 23:32:19.778 9 WARNING neutron.api.rpc.agentnotifiers.dhcp_rpc_agent_api [None req-90f58703-a165-4639-b931-a96c52a32ce0 49647566f8344212900b0d9c75594dfa fbaf295fef794a3186a0edb979076ccd - - default default] Unable to schedule network 025abfe1-1426-461e-afc4-05b3336026bf: no agents available; will retry on subsequent port and subnet creation events.
2026-04-28 23:32:19.809 10 INFO neutron.db.ovn_revision_numbers_db [None req-24f55f72-1084-486c-9627-de45ae1efecf - - - - - -] Successfully bumped revision number for resource 1410a2d7-97d8-4427-9ffc-17707f8a7947 (type: ports) to 1
2026-04-28 23:32:19.870 10 INFO neutron.db.ovn_revision_numbers_db [None req-657050a6-bc33-4e2e-ac17-2bb941a14aeb 31d1321b2ab54f129ed6b96586ff04b3 b780e72dfea84ec0be218b9efeb7951a - - - -] Successfully bumped revision number for resource 4501289c-753c-4317-8bd7-2a906d71b837 (type: networks) to 1
2026-04-28 23:32:19.918 9 INFO neutron.db.ovn_revision_numbers_db [None req-90f58703-a165-4639-b931-a96c52a32ce0 49647566f8344212900b0d9c75594dfa fbaf295fef794a3186a0edb979076ccd - - default default] Successfully bumped revision number for resource d55173ab-dd18-4a7d-9a9c-df1de8010f5f (type: ports) to 1
2026-04-28 23:32:20.102 10 WARNING neutron.scheduler.dhcp_agent_scheduler [None req-657050a6-bc33-4e2e-ac17-2bb941a14aeb 31d1321b2ab54f129ed6b96586ff04b3 b780e72dfea84ec0be218b9efeb7951a - - - -] No more DHCP agents
2026-04-28 23:32:20.105 10 WARNING neutron.api.rpc.agentnotifiers.dhcp_rpc_agent_api [None req-657050a6-bc33-4e2e-ac17-2bb941a14aeb 31d1321b2ab54f129ed6b96586ff04b3 b780e72dfea84ec0be218b9efeb7951a - - - -] Unable to schedule network 4501289c-753c-4317-8bd7-2a906d71b837: no agents available; will retry on subsequent port and subnet creation events.
2026-04-28 23:32:20.178 10 INFO neutron.db.ovn_revision_numbers_db [None req-657050a6-bc33-4e2e-ac17-2bb941a14aeb 31d1321b2ab54f129ed6b96586ff04b3 b780e72dfea84ec0be218b9efeb7951a - - - -] Successfully bumped revision number for resource c10b2e85-7d00-4941-99bb-acec62067fbd (type: ports) to 1
2026-04-28 23:32:20.198 10 INFO neutron.wsgi [None req-657050a6-bc33-4e2e-ac17-2bb941a14aeb 31d1321b2ab54f129ed6b96586ff04b3 b780e72dfea84ec0be218b9efeb7951a - - - -] 10.0.0.75 "POST /v2.0/networks HTTP/1.1" status: 201 len: 853 time: 0.5535514
2026-04-28 23:32:20.199 10 INFO neutron.db.ovn_revision_numbers_db [None req-24f55f72-1084-486c-9627-de45ae1efecf - - - - - -] Successfully bumped revision number for resource 1410a2d7-97d8-4427-9ffc-17707f8a7947 (type: router_ports) to 3
2026-04-28 23:32:20.324 9 INFO neutron.db.segments_db [None req-bdd7eb37-6a3a-4dec-8cc1-13cd89d6c884 31d1321b2ab54f129ed6b96586ff04b3 b780e72dfea84ec0be218b9efeb7951a - - - -] Added segment b8b2d93d-0c35-4c3c-8a3f-8f8ca6140a2f of type geneve for network 8bdfc3a2-ee9b-40c6-8f27-de08d0028e4f
2026-04-28 23:32:20.346 9 INFO neutron.db.ovn_revision_numbers_db [None req-90f58703-a165-4639-b931-a96c52a32ce0 49647566f8344212900b0d9c75594dfa fbaf295fef794a3186a0edb979076ccd - - default default] Successfully bumped revision number for resource d55173ab-dd18-4a7d-9a9c-df1de8010f5f (type: router_ports) to 2
2026-04-28 23:32:20.473 9 INFO neutron.db.ovn_revision_numbers_db [None req-bdd7eb37-6a3a-4dec-8cc1-13cd89d6c884 31d1321b2ab54f129ed6b96586ff04b3 b780e72dfea84ec0be218b9efeb7951a - - - -] Successfully bumped revision number for resource 8bdfc3a2-ee9b-40c6-8f27-de08d0028e4f (type: networks) to 1
2026-04-28 23:32:20.550 10 INFO neutron.db.ovn_revision_numbers_db [None req-24f55f72-1084-486c-9627-de45ae1efecf - - - - - -] Successfully bumped revision number for resource 1410a2d7-97d8-4427-9ffc-17707f8a7947 (type: ports) to 2
2026-04-28 23:32:20.553 9 INFO neutron.db.ovn_revision_numbers_db [None req-90f58703-a165-4639-b931-a96c52a32ce0 49647566f8344212900b0d9c75594dfa fbaf295fef794a3186a0edb979076ccd - - default default] Successfully bumped revision number for resource d55173ab-dd18-4a7d-9a9c-df1de8010f5f (type: ports) to 2
2026-04-28 23:32:20.644 9 WARNING neutron.scheduler.dhcp_agent_scheduler [None req-90f58703-a165-4639-b931-a96c52a32ce0 49647566f8344212900b0d9c75594dfa fbaf295fef794a3186a0edb979076ccd - - default default] No more DHCP agents
2026-04-28 23:32:20.647 9 WARNING neutron.api.rpc.agentnotifiers.dhcp_rpc_agent_api [None req-90f58703-a165-4639-b931-a96c52a32ce0 49647566f8344212900b0d9c75594dfa fbaf295fef794a3186a0edb979076ccd - - default default] Unable to schedule network 025abfe1-1426-461e-afc4-05b3336026bf: no agents available; will retry on subsequent port and subnet creation events.
2026-04-28 23:32:20.684 10 INFO neutron.wsgi [-] 10.0.0.28 "GET / HTTP/1.1" status: 200 len: 246 time: 0.0016673
2026-04-28 23:32:20.685 9 WARNING neutron.scheduler.dhcp_agent_scheduler [None req-bdd7eb37-6a3a-4dec-8cc1-13cd89d6c884 31d1321b2ab54f129ed6b96586ff04b3 b780e72dfea84ec0be218b9efeb7951a - - - -] No more DHCP agents
2026-04-28 23:32:20.685 10 INFO neutron.wsgi [-] 10.0.0.28 "GET / HTTP/1.1" status: 200 len: 246 time: 0.0010309
2026-04-28 23:32:20.689 9 WARNING neutron.api.rpc.agentnotifiers.dhcp_rpc_agent_api [None req-bdd7eb37-6a3a-4dec-8cc1-13cd89d6c884 31d1321b2ab54f129ed6b96586ff04b3 b780e72dfea84ec0be218b9efeb7951a - - - -] Unable to schedule network 8bdfc3a2-ee9b-40c6-8f27-de08d0028e4f: no agents available; will retry on subsequent port and subnet creation events.
2026-04-28 23:32:20.759 10 INFO neutron.db.ovn_revision_numbers_db [None req-24f55f72-1084-486c-9627-de45ae1efecf - - - - - -] Successfully bumped revision number for resource 1410a2d7-97d8-4427-9ffc-17707f8a7947 (type: ports) to 4
2026-04-28 23:32:20.792 9 INFO neutron.db.ovn_revision_numbers_db [None req-bdd7eb37-6a3a-4dec-8cc1-13cd89d6c884 31d1321b2ab54f129ed6b96586ff04b3 b780e72dfea84ec0be218b9efeb7951a - - - -] Successfully bumped revision number for resource c2402ea6-637c-48de-a1f3-532fabaf7153 (type: ports) to 1
2026-04-28 23:32:20.819 9 INFO neutron.wsgi [None req-bdd7eb37-6a3a-4dec-8cc1-13cd89d6c884 31d1321b2ab54f129ed6b96586ff04b3 b780e72dfea84ec0be218b9efeb7951a - - - -] 10.0.0.75 "POST /v2.0/networks HTTP/1.1" status: 201 len: 852 time: 0.6160288
2026-04-28 23:32:21.012 10 INFO neutron.db.ovn_revision_numbers_db [None req-24f55f72-1084-486c-9627-de45ae1efecf - - - - - -] Successfully bumped revision number for resource 1410a2d7-97d8-4427-9ffc-17707f8a7947 (type: router_ports) to 4
2026-04-28 23:32:21.204 9 INFO neutron.db.ovn_revision_numbers_db [None req-90f58703-a165-4639-b931-a96c52a32ce0 49647566f8344212900b0d9c75594dfa fbaf295fef794a3186a0edb979076ccd - - - -] Successfully bumped revision number for resource d55173ab-dd18-4a7d-9a9c-df1de8010f5f (type: router_ports) to 2
2026-04-28 23:32:21.207 9 INFO neutron.wsgi [None req-90f58703-a165-4639-b931-a96c52a32ce0 49647566f8344212900b0d9c75594dfa fbaf295fef794a3186a0edb979076ccd - - - -] 10.0.0.75 "PUT /v2.0/routers/a983f356-18c8-425a-853a-33025e28b326/add_router_interface HTTP/1.1" status: 200 len: 503 time: 1.8873022
2026-04-28 23:32:21.303 10 INFO neutron.db.ovn_revision_numbers_db [None req-83d8d6f2-28ed-406c-bbfe-ae922a8cffeb 49647566f8344212900b0d9c75594dfa fbaf295fef794a3186a0edb979076ccd - - default default] Successfully bumped revision number for resource 4c0e8b66-5845-4c6b-ba41-bfa8eac663ee (type: security_groups) to 1
2026-04-28 23:32:21.337 10 INFO neutron.wsgi [None req-83d8d6f2-28ed-406c-bbfe-ae922a8cffeb 49647566f8344212900b0d9c75594dfa fbaf295fef794a3186a0edb979076ccd - - default default] 10.0.0.75 "GET /v2.0/security-groups?tenant_id=a0330d46017c48158557d5cf36ccd872&name=default HTTP/1.1" status: 200 len: 2996 time: 0.2752903
2026-04-28 23:32:21.513 9 INFO neutron.wsgi [None req-8ff16e41-71bf-4731-80de-8a915eb4fdda 49647566f8344212900b0d9c75594dfa fbaf295fef794a3186a0edb979076ccd - - - -] 10.0.0.75 "DELETE /v2.0/security-groups/4c0e8b66-5845-4c6b-ba41-bfa8eac663ee HTTP/1.1" status: 204 len: 168 time: 0.1691859
2026-04-28 23:32:21.689 9 INFO neutron.db.ovn_revision_numbers_db [None req-1d8abd34-2787-4358-a606-0cfc44cc646a 49647566f8344212900b0d9c75594dfa fbaf295fef794a3186a0edb979076ccd - - default default] Successfully bumped revision number for resource d31243d4-f7a0-4405-a194-2f2fdaabff6f (type: security_groups) to 1
2026-04-28 23:32:21.711 9 INFO neutron.wsgi [None req-1d8abd34-2787-4358-a606-0cfc44cc646a 49647566f8344212900b0d9c75594dfa fbaf295fef794a3186a0edb979076ccd - - default default] 10.0.0.75 "GET /v2.0/security-groups?tenant_id=2595b7e5710948989c6824c4ec3aa418&name=default HTTP/1.1" status: 200 len: 2996 time: 0.1105261
2026-04-28 23:32:21.715 10 WARNING neutron.scheduler.dhcp_agent_scheduler [None req-9ec3991c-944d-405c-aea7-ca40276a8f8e 31d1321b2ab54f129ed6b96586ff04b3 b780e72dfea84ec0be218b9efeb7951a - - - -] No more DHCP agents
2026-04-28 23:32:21.719 10 WARNING neutron.api.rpc.agentnotifiers.dhcp_rpc_agent_api [None req-9ec3991c-944d-405c-aea7-ca40276a8f8e 31d1321b2ab54f129ed6b96586ff04b3 b780e72dfea84ec0be218b9efeb7951a - - - -] Unable to schedule network 4501289c-753c-4317-8bd7-2a906d71b837: no agents available; will retry on subsequent port and subnet creation events.
2026-04-28 23:32:21.731 10 INFO neutron.db.ovn_revision_numbers_db [None req-9ec3991c-944d-405c-aea7-ca40276a8f8e 31d1321b2ab54f129ed6b96586ff04b3 b780e72dfea84ec0be218b9efeb7951a - - - -] Successfully bumped revision number for resource 1bc84ab3-c8b8-4e2b-b3a5-d8a9a8905a64 (type: subnets) to 0
2026-04-28 23:32:21.770 10 WARNING neutron.scheduler.dhcp_agent_scheduler [None req-9ec3991c-944d-405c-aea7-ca40276a8f8e 31d1321b2ab54f129ed6b96586ff04b3 b780e72dfea84ec0be218b9efeb7951a - - - -] No more DHCP agents
2026-04-28 23:32:21.773 10 WARNING neutron.api.rpc.agentnotifiers.dhcp_rpc_agent_api [None req-9ec3991c-944d-405c-aea7-ca40276a8f8e 31d1321b2ab54f129ed6b96586ff04b3 b780e72dfea84ec0be218b9efeb7951a - - - -] Unable to schedule network 8bdfc3a2-ee9b-40c6-8f27-de08d0028e4f: no agents available; will retry on subsequent port and subnet creation events.
2026-04-28 23:32:21.784 10 INFO neutron.db.ovn_revision_numbers_db [None req-9ec3991c-944d-405c-aea7-ca40276a8f8e 31d1321b2ab54f129ed6b96586ff04b3 b780e72dfea84ec0be218b9efeb7951a - - - -] Successfully bumped revision number for resource accf8646-352e-408d-8106-eeecf18abef2 (type: subnets) to 0
2026-04-28 23:32:21.800 10 INFO neutron.wsgi [None req-9ec3991c-944d-405c-aea7-ca40276a8f8e 31d1321b2ab54f129ed6b96586ff04b3 b780e72dfea84ec0be218b9efeb7951a - - - -] 10.0.0.75 "POST /v2.0/subnets HTTP/1.1" status: 201 len: 1475 time: 0.5122659
2026-04-28 23:32:21.839 10 INFO neutron.plugins.ml2.drivers.ovn.mech_driver.mech_driver [None req-6f2d7d0e-ecae-49ee-9bfa-78277e8a5813 - - - - - -] OVN reports status up for port: d55173ab-dd18-4a7d-9a9c-df1de8010f5f
2026-04-28 23:32:21.845 10 INFO neutron.plugins.ml2.plugin [None req-6f2d7d0e-ecae-49ee-9bfa-78277e8a5813 - - - - - -] Attempt 1 to provision port d55173ab-dd18-4a7d-9a9c-df1de8010f5f
2026-04-28 23:32:21.871 9 INFO neutron.wsgi [None req-1de78291-fd64-4c33-b74b-bb673e3f8ba7 31d1321b2ab54f129ed6b96586ff04b3 b780e72dfea84ec0be218b9efeb7951a - - default default] 10.0.0.75 "GET /v2.0/subnets HTTP/1.1" status: 200 len: 2083 time: 0.0654397
2026-04-28 23:32:21.935 9 INFO neutron.wsgi [None req-be9eb123-4b89-402a-b51a-fed2bf053c27 49647566f8344212900b0d9c75594dfa fbaf295fef794a3186a0edb979076ccd - - - -] 10.0.0.75 "DELETE /v2.0/security-groups/d31243d4-f7a0-4405-a194-2f2fdaabff6f HTTP/1.1" status: 204 len: 168 time: 0.2195168
2026-04-28 23:32:22.087 10 INFO neutron.wsgi [None req-b2000dc4-134b-4f9f-9849-267e8cc579ef 31d1321b2ab54f129ed6b96586ff04b3 b780e72dfea84ec0be218b9efeb7951a - - - -] 10.0.0.75 "DELETE /v2.0/subnets/1bc84ab3-c8b8-4e2b-b3a5-d8a9a8905a64 HTTP/1.1" status: 204 len: 168 time: 0.2044256
2026-04-28 23:32:22.117 10 INFO neutron.db.ovn_revision_numbers_db [None req-6f2d7d0e-ecae-49ee-9bfa-78277e8a5813 - - - - - -] Successfully bumped revision number for resource d55173ab-dd18-4a7d-9a9c-df1de8010f5f (type: ports) to 3
2026-04-28 23:32:22.244 10 INFO neutron.wsgi [req-e47389ef-affb-40d3-a48b-8cfd042a38ab req-275e056e-87e4-4ca0-b23e-2ddcdd5c8e9c d15560b820ed4631bbf11309f1172a91 9b9e194969dc400b9b6ea9ac672ef246 - - 6c1c1657cc8b4fcbb584322d9dbe07ff 6c1c1657cc8b4fcbb584322d9dbe07ff] 10.0.0.58 "GET /v2.0/ports?device_id=9f8c199f-acf9-48da-82f8-38702c5e3568 HTTP/1.1" status: 200 len: 1361 time: 0.0384340
2026-04-28 23:32:22.245 10 INFO neutron.db.ovn_revision_numbers_db [None req-6f2d7d0e-ecae-49ee-9bfa-78277e8a5813 - - - - - -] Successfully bumped revision number for resource d55173ab-dd18-4a7d-9a9c-df1de8010f5f (type: router_ports) to 3
2026-04-28 23:32:22.318 9 INFO neutron.wsgi [None req-1e5e0aec-6abc-48bc-8b54-56093e4304e0 31d1321b2ab54f129ed6b96586ff04b3 b780e72dfea84ec0be218b9efeb7951a - - - -] 10.0.0.75 "DELETE /v2.0/subnets/accf8646-352e-408d-8106-eeecf18abef2 HTTP/1.1" status: 204 len: 168 time: 0.2267747
2026-04-28 23:32:22.319 10 INFO neutron.wsgi [req-e47389ef-affb-40d3-a48b-8cfd042a38ab req-9c512ca5-643a-49b5-a1ef-dad03b121772 d15560b820ed4631bbf11309f1172a91 9b9e194969dc400b9b6ea9ac672ef246 - - 6c1c1657cc8b4fcbb584322d9dbe07ff 6c1c1657cc8b4fcbb584322d9dbe07ff] 10.0.0.58 "GET /v2.0/security-groups?id=34da7594-2179-41ec-bb0a-85bf0c5ffcc8&fields=id&fields=name HTTP/1.1" status: 200 len: 313 time: 0.0555458
2026-04-28 23:32:22.368 10 INFO neutron.wsgi [None req-233039a5-7a7e-46d4-97e3-0eabba86dec2 31d1321b2ab54f129ed6b96586ff04b3 b780e72dfea84ec0be218b9efeb7951a - - default default] 10.0.0.75 "GET /v2.0/subnets HTTP/1.1" status: 200 len: 820 time: 0.0428412
2026-04-28 23:32:22.716 10 INFO neutron.services.segments.plugin [-] Segment b8b2d93d-0c35-4c3c-8a3f-8f8ca6140a2f resource provider aggregate not found
2026-04-28 23:32:22.721 10 INFO neutron.services.segments.plugin [-] Segment b8b2d93d-0c35-4c3c-8a3f-8f8ca6140a2f resource provider aggregate not found
2026-04-28 23:32:22.737 10 INFO neutron.services.segments.plugin [-] Segment b8b2d93d-0c35-4c3c-8a3f-8f8ca6140a2f resource provider not found; error: Placement Client Error (4xx): {"errors": [{"status": 404, "title": "Not Found", "detail": "The resource could not be found.\n\n No resource provider with uuid b8b2d93d-0c35-4c3c-8a3f-8f8ca6140a2f found for delete ", "request_id": "req-549cba97-dd3e-4b4a-a36e-4ed8acb46b84"}]}
2026-04-28 23:32:22.745 10 INFO neutron.services.segments.plugin [-] Segment b8b2d93d-0c35-4c3c-8a3f-8f8ca6140a2f resource provider not found; error: Placement Client Error (4xx): {"errors": [{"status": 404, "title": "Not Found", "detail": "The resource could not be found.\n\n No resource provider with uuid b8b2d93d-0c35-4c3c-8a3f-8f8ca6140a2f found for delete ", "request_id": "req-e3df074c-d847-40bb-81d4-be029753f1b8"}]}
2026-04-28 23:32:22.771 10 INFO neutron.wsgi [None req-0b227f21-e151-4d73-993b-5ce44dd4e078 31d1321b2ab54f129ed6b96586ff04b3 b780e72dfea84ec0be218b9efeb7951a - - - -] 10.0.0.75 "DELETE /v2.0/networks/8bdfc3a2-ee9b-40c6-8f27-de08d0028e4f HTTP/1.1" status: 204 len: 168 time: 0.3928843
2026-04-28 23:32:23.349 9 INFO neutron.services.segments.plugin [-] Segment 844d9111-7c8c-48ec-aa36-8632a3061a17 resource provider aggregate not found
2026-04-28 23:32:23.368 9 INFO neutron.services.segments.plugin [-] Segment 844d9111-7c8c-48ec-aa36-8632a3061a17 resource provider aggregate not found
2026-04-28 23:32:23.386 9 INFO neutron.services.segments.plugin [-] Segment 844d9111-7c8c-48ec-aa36-8632a3061a17 resource provider not found; error: Placement Client Error (4xx): {"errors": [{"status": 404, "title": "Not Found", "detail": "The resource could not be found.\n\n No resource provider with uuid 844d9111-7c8c-48ec-aa36-8632a3061a17 found for delete ", "request_id": "req-b5502926-0c2d-4909-a5cc-f146d5e234fc"}]}
2026-04-28 23:32:23.387 9 INFO neutron.services.segments.plugin [-] Segment 844d9111-7c8c-48ec-aa36-8632a3061a17 resource provider not found; error: Placement Client Error (4xx): {"errors": [{"status": 404, "title": "Not Found", "detail": "The resource could not be found.\n\n No resource provider with uuid 844d9111-7c8c-48ec-aa36-8632a3061a17 found for delete ", "request_id": "req-e5a6a496-9ab2-489a-9121-a11d536d0756"}]}
2026-04-28 23:32:23.400 9 INFO neutron.wsgi [None req-f1d1582a-c8d8-4bb1-bb20-20c0d7f4d0f3 31d1321b2ab54f129ed6b96586ff04b3 b780e72dfea84ec0be218b9efeb7951a - - - -] 10.0.0.75 "DELETE /v2.0/networks/4501289c-753c-4317-8bd7-2a906d71b837 HTTP/1.1" status: 204 len: 168 time: 0.6247356
2026-04-28 23:32:23.632 10 INFO neutron.wsgi [req-28e14f87-88ac-4c1d-95e6-4d751ad463ab req-45257b3f-dfce-4f8a-bd2d-8b824bd58237 09c56910e54f4bebafbc114d57c34a4e 40edfe13b4794672aab407035a1c166b - - default default] 10.0.0.44 "GET /v2.0/networks?id=025abfe1-1426-461e-afc4-05b3336026bf HTTP/1.1" status: 200 len: 872 time: 0.0747464
2026-04-28 23:32:23.652 10 INFO neutron.wsgi [req-28e14f87-88ac-4c1d-95e6-4d751ad463ab req-a7cd1d79-17d7-492d-a1d1-00d1e3b44f3d 09c56910e54f4bebafbc114d57c34a4e 40edfe13b4794672aab407035a1c166b - - default default] 10.0.0.44 "GET /v2.0/quotas/40edfe13b4794672aab407035a1c166b HTTP/1.1" status: 200 len: 386 time: 0.0127172
2026-04-28 23:32:23.785 10 INFO neutron.wsgi [req-28e14f87-88ac-4c1d-95e6-4d751ad463ab req-2ef7b125-4ac8-48b8-92a6-8cb4d9fbff36 09c56910e54f4bebafbc114d57c34a4e 40edfe13b4794672aab407035a1c166b - - default default] 10.0.0.44 "GET /v2.0/ports?tenant_id=40edfe13b4794672aab407035a1c166b&fields=id HTTP/1.1" status: 200 len: 302 time: 0.1250000
2026-04-28 23:32:23.870 10 INFO neutron.wsgi [req-28e14f87-88ac-4c1d-95e6-4d751ad463ab req-56452f63-cc7f-4744-a55e-77a4c8cb2377 d15560b820ed4631bbf11309f1172a91 9b9e194969dc400b9b6ea9ac672ef246 - - 6c1c1657cc8b4fcbb584322d9dbe07ff 6c1c1657cc8b4fcbb584322d9dbe07ff] 10.0.0.44 "GET /v2.0/networks/025abfe1-1426-461e-afc4-05b3336026bf?fields=segments HTTP/1.1" status: 200 len: 212 time: 0.0774229
2026-04-28 23:32:23.889 10 INFO neutron.wsgi [None req-d459366d-683d-498d-94dd-6b7262bd92b7 31d1321b2ab54f129ed6b96586ff04b3 b780e72dfea84ec0be218b9efeb7951a - - - -] 10.0.0.75 "DELETE /v2.0/networks/78a71643-e28b-42c9-9183-9785a9d54fe7 HTTP/1.1" status: 204 len: 168 time: 0.4766810
2026-04-28 23:32:23.960 10 INFO neutron.wsgi [req-28e14f87-88ac-4c1d-95e6-4d751ad463ab req-6641e3fc-743d-4a43-a42f-46aa3118c60e d15560b820ed4631bbf11309f1172a91 9b9e194969dc400b9b6ea9ac672ef246 - - 6c1c1657cc8b4fcbb584322d9dbe07ff 6c1c1657cc8b4fcbb584322d9dbe07ff] 10.0.0.44 "GET /v2.0/networks/025abfe1-1426-461e-afc4-05b3336026bf?fields=provider%3Aphysical_network&fields=provider%3Anetwork_type HTTP/1.1" status: 200 len: 277 time: 0.0806730
2026-04-28 23:32:24.083 10 INFO neutron.wsgi [req-28bb728e-4354-41b2-9846-f61e78ec445c req-7c59a415-b5bc-4b9b-ab72-fd1e41a35fd4 09c56910e54f4bebafbc114d57c34a4e 40edfe13b4794672aab407035a1c166b - - default default] 10.0.0.44 "GET /v2.0/ports?device_id=a948b81a-1103-4771-8a9c-0213d0658251 HTTP/1.1" status: 200 len: 210 time: 0.0265574
2026-04-28 23:32:24.224 9 INFO neutron.wsgi [req-55a731b4-80e7-4186-ab26-3d458d722a78 req-9b67fd33-81cd-4bd0-8b58-82ff8a9eb6bc d15560b820ed4631bbf11309f1172a91 9b9e194969dc400b9b6ea9ac672ef246 - - 6c1c1657cc8b4fcbb584322d9dbe07ff 6c1c1657cc8b4fcbb584322d9dbe07ff] 199.204.45.49 "GET /v2.0/ports?device_id=9f8c199f-acf9-48da-82f8-38702c5e3568&fields=binding%3Ahost_id&fields=binding%3Avif_type HTTP/1.1" status: 200 len: 265 time: 0.0545514
2026-04-28 23:32:24.309 9 INFO neutron.wsgi [req-55a731b4-80e7-4186-ab26-3d458d722a78 req-b024fbc5-cb05-4cf4-aac6-2afb43b168ce d15560b820ed4631bbf11309f1172a91 9b9e194969dc400b9b6ea9ac672ef246 - - 6c1c1657cc8b4fcbb584322d9dbe07ff 6c1c1657cc8b4fcbb584322d9dbe07ff] 199.204.45.49 "GET /v2.0/ports?tenant_id=a97cdbceb8e74470a2638190a60a276a&device_id=9f8c199f-acf9-48da-82f8-38702c5e3568 HTTP/1.1" status: 200 len: 1361 time: 0.0382013
2026-04-28 23:32:24.322 9 INFO neutron.wsgi [None req-be3a81fd-99d5-4c1d-ba19-906b3c4f730b 31d1321b2ab54f129ed6b96586ff04b3 b780e72dfea84ec0be218b9efeb7951a - - - -] 10.0.0.75 "DELETE /v2.0/networks/836405bb-67dc-43b8-bae3-46b747d570c1 HTTP/1.1" status: 204 len: 168 time: 0.4274349
2026-04-28 23:32:24.388 9 INFO neutron.wsgi [req-55a731b4-80e7-4186-ab26-3d458d722a78 req-2b2c1a05-d125-43b1-88db-86f3b0f8bce7 d15560b820ed4631bbf11309f1172a91 9b9e194969dc400b9b6ea9ac672ef246 - - 6c1c1657cc8b4fcbb584322d9dbe07ff 6c1c1657cc8b4fcbb584322d9dbe07ff] 199.204.45.49 "GET /v2.0/networks?id=a1df34cb-d97e-4e85-8c98-d4e3182af66c HTTP/1.1" status: 200 len: 974 time: 0.0582907
2026-04-28 23:32:24.429 9 INFO neutron.wsgi [req-55a731b4-80e7-4186-ab26-3d458d722a78 req-dc85aeed-2e42-4745-82e2-1d6f242112d8 d15560b820ed4631bbf11309f1172a91 9b9e194969dc400b9b6ea9ac672ef246 - - 6c1c1657cc8b4fcbb584322d9dbe07ff 6c1c1657cc8b4fcbb584322d9dbe07ff] 199.204.45.49 "GET /v2.0/floatingips?fixed_ip_address=10.100.0.5&port_id=9a817fb8-d9ed-4e95-a8ac-46a66e9d9ef6 HTTP/1.1" status: 200 len: 1059 time: 0.0362561
2026-04-28 23:32:24.463 9 INFO neutron.wsgi [req-55a731b4-80e7-4186-ab26-3d458d722a78 req-cb65d7f2-ed9b-435c-9a75-a4b04b12105a d15560b820ed4631bbf11309f1172a91 9b9e194969dc400b9b6ea9ac672ef246 - - 6c1c1657cc8b4fcbb584322d9dbe07ff 6c1c1657cc8b4fcbb584322d9dbe07ff] 199.204.45.49 "GET /v2.0/subnets?id=48f4914c-1c02-4064-a776-f36114187ee1 HTTP/1.1" status: 200 len: 869 time: 0.0256891
2026-04-28 23:32:24.495 9 INFO neutron.wsgi [req-55a731b4-80e7-4186-ab26-3d458d722a78 req-53e34839-f905-4bed-bad0-c57a989d96a2 d15560b820ed4631bbf11309f1172a91 9b9e194969dc400b9b6ea9ac672ef246 - - 6c1c1657cc8b4fcbb584322d9dbe07ff 6c1c1657cc8b4fcbb584322d9dbe07ff] 199.204.45.49 "GET /v2.0/ports?network_id=a1df34cb-d97e-4e85-8c98-d4e3182af66c&device_owner=network%3Adhcp HTTP/1.1" status: 200 len: 210 time: 0.0225635
2026-04-28 23:32:24.554 9 INFO neutron.wsgi [req-55a731b4-80e7-4186-ab26-3d458d722a78 req-c2f41195-d23f-482c-9e15-85e538d1522b d15560b820ed4631bbf11309f1172a91 9b9e194969dc400b9b6ea9ac672ef246 - - 6c1c1657cc8b4fcbb584322d9dbe07ff 6c1c1657cc8b4fcbb584322d9dbe07ff] 199.204.45.49 "GET /v2.0/networks/a1df34cb-d97e-4e85-8c98-d4e3182af66c?fields=segments HTTP/1.1" status: 200 len: 212 time: 0.0524719
2026-04-28 23:32:24.619 9 INFO neutron.wsgi [req-55a731b4-80e7-4186-ab26-3d458d722a78 req-c1958765-163b-4f4c-801f-048157495c5b d15560b820ed4631bbf11309f1172a91 9b9e194969dc400b9b6ea9ac672ef246 - - 6c1c1657cc8b4fcbb584322d9dbe07ff 6c1c1657cc8b4fcbb584322d9dbe07ff] 199.204.45.49 "GET /v2.0/networks/a1df34cb-d97e-4e85-8c98-d4e3182af66c?fields=provider%3Aphysical_network&fields=provider%3Anetwork_type HTTP/1.1" status: 200 len: 277 time: 0.0578303
2026-04-28 23:32:24.756 10 INFO neutron.services.segments.plugin [-] Segment 9e146122-0dde-47a9-97e4-67850df4e903 resource provider aggregate not found
2026-04-28 23:32:24.763 10 INFO neutron.services.segments.plugin [-] Segment 9e146122-0dde-47a9-97e4-67850df4e903 resource provider aggregate not found
2026-04-28 23:32:24.768 10 INFO neutron.services.segments.plugin [-] Segment 9e146122-0dde-47a9-97e4-67850df4e903 resource provider not found; error: Placement Client Error (4xx): {"errors": [{"status": 404, "title": "Not Found", "detail": "The resource could not be found.\n\n No resource provider with uuid 9e146122-0dde-47a9-97e4-67850df4e903 found for delete ", "request_id": "req-a62b010c-5c05-4375-9dfc-e4483f93b2d1"}]}
2026-04-28 23:32:24.776 10 INFO neutron.services.segments.plugin [-] Segment 9e146122-0dde-47a9-97e4-67850df4e903 resource provider not found; error: Placement Client Error (4xx): {"errors": [{"status": 404, "title": "Not Found", "detail": "The resource could not be found.\n\n No resource provider with uuid 9e146122-0dde-47a9-97e4-67850df4e903 found for delete ", "request_id": "req-a1abfba0-ce8d-412f-b4e9-2cf5559348ba"}]}
2026-04-28 23:32:24.809 9 INFO neutron.wsgi [req-28e14f87-88ac-4c1d-95e6-4d751ad463ab req-ce57b317-0a0a-4de7-b841-a4ad4b5727ff 09c56910e54f4bebafbc114d57c34a4e 40edfe13b4794672aab407035a1c166b - - default default] 199.204.45.49 "GET /v2.0/networks?id=025abfe1-1426-461e-afc4-05b3336026bf HTTP/1.1" status: 200 len: 872 time: 0.0714948
2026-04-28 23:32:24.899 9 INFO neutron.wsgi [None req-87e6e6ad-ade7-4e5e-9b25-f5e02d828cb6 49647566f8344212900b0d9c75594dfa fbaf295fef794a3186a0edb979076ccd - - default default] 10.0.0.75 "GET /v2.0/security-groups?tenant_id=b780e72dfea84ec0be218b9efeb7951a&name=default HTTP/1.1" status: 200 len: 2996 time: 0.1424127
2026-04-28 23:32:25.079 10 INFO neutron.wsgi [None req-58a29129-f927-47c6-b6ba-c51735a75345 49647566f8344212900b0d9c75594dfa fbaf295fef794a3186a0edb979076ccd - - - -] 10.0.0.75 "DELETE /v2.0/security-groups/a045fbef-bc8c-4639-a106-6d73901b2985 HTTP/1.1" status: 204 len: 168 time: 0.1716611
2026-04-28 23:32:25.160 9 WARNING neutron.scheduler.dhcp_agent_scheduler [None req-c995ca4e-ef4f-4969-b712-c8a7908c5d28 09c56910e54f4bebafbc114d57c34a4e 40edfe13b4794672aab407035a1c166b - - - -] No more DHCP agents
2026-04-28 23:32:25.163 9 WARNING neutron.api.rpc.agentnotifiers.dhcp_rpc_agent_api [None req-c995ca4e-ef4f-4969-b712-c8a7908c5d28 09c56910e54f4bebafbc114d57c34a4e 40edfe13b4794672aab407035a1c166b - - - -] Unable to schedule network 025abfe1-1426-461e-afc4-05b3336026bf: no agents available; will retry on subsequent port and subnet creation events.
2026-04-28 23:32:25.175 10 INFO neutron.wsgi [req-5f5d8072-dd02-4024-b0bc-52a23623ceb5 req-6b527b55-dc39-4e0f-bbce-72be1737732b 09c56910e54f4bebafbc114d57c34a4e 40edfe13b4794672aab407035a1c166b - - default default] 10.0.0.44 "GET /v2.0/ports?device_id=a948b81a-1103-4771-8a9c-0213d0658251 HTTP/1.1" status: 200 len: 1156 time: 0.0334578
2026-04-28 23:32:25.219 10 INFO neutron.wsgi [req-5f5d8072-dd02-4024-b0bc-52a23623ceb5 req-ec77123a-c496-4adb-8310-9e0f5ec7c012 09c56910e54f4bebafbc114d57c34a4e 40edfe13b4794672aab407035a1c166b - - default default] 10.0.0.44 "GET /v2.0/security-groups?id=f94686af-f2ad-430f-95cc-49a4e81cc113&fields=id&fields=name HTTP/1.1" status: 200 len: 286 time: 0.0375309
2026-04-28 23:32:25.307 9 INFO neutron.db.ovn_revision_numbers_db [None req-c995ca4e-ef4f-4969-b712-c8a7908c5d28 09c56910e54f4bebafbc114d57c34a4e 40edfe13b4794672aab407035a1c166b - - - -] Successfully bumped revision number for resource 92169b9e-0449-4750-b7e0-155af9f97889 (type: ports) to 1
2026-04-28 23:32:25.329 9 INFO neutron.wsgi [None req-c995ca4e-ef4f-4969-b712-c8a7908c5d28 09c56910e54f4bebafbc114d57c34a4e 40edfe13b4794672aab407035a1c166b - - - -] 199.204.45.49 "POST /v2.0/ports HTTP/1.1" status: 201 len: 1158 time: 0.5050802 /var/lib/openstack/lib/python3.10/site-packages/pycadf/identifier.py:71: UserWarning: Invalid uuid: neutron. To ensure interoperability, identifiers should be a valid uuid. warnings.warn(('Invalid uuid: %s. To ensure interoperability, '
2026-04-28 23:32:25.419 9 INFO neutron.services.segments.plugin [-] Segment 65cf81db-ac32-426b-8108-85c241450f38 resource provider aggregate not found
2026-04-28 23:32:25.424 9 INFO neutron.services.segments.plugin [-] Segment 65cf81db-ac32-426b-8108-85c241450f38 resource provider aggregate not found
2026-04-28 23:32:25.440 9 INFO neutron.services.segments.plugin [-] Segment 65cf81db-ac32-426b-8108-85c241450f38 resource provider not found; error: Placement Client Error (4xx): {"errors": [{"status": 404, "title": "Not Found", "detail": "The resource could not be found.\n\n No resource provider with uuid 65cf81db-ac32-426b-8108-85c241450f38 found for delete ", "request_id": "req-51e9ad4f-ff63-4a22-83a9-d4961d65d77c"}]}
2026-04-28 23:32:25.441 9 INFO neutron.services.segments.plugin [-] Segment 65cf81db-ac32-426b-8108-85c241450f38 resource provider not found; error: Placement Client Error (4xx): {"errors": [{"status": 404, "title": "Not Found", "detail": "The resource could not be found.\n\n No resource provider with uuid 65cf81db-ac32-426b-8108-85c241450f38 found for delete ", "request_id": "req-292a84aa-a564-4512-aa7e-bf2b2f0389bb"}]} /var/lib/openstack/lib/python3.10/site-packages/pycadf/identifier.py:71: UserWarning: Invalid uuid: neutron. To ensure interoperability, identifiers should be a valid uuid. warnings.warn(('Invalid uuid: %s. To ensure interoperability, '
2026-04-28 23:32:25.760 9 INFO neutron.db.ovn_revision_numbers_db [None req-2fd678cc-af13-4c3b-81f2-4ca10b09e779 d15560b820ed4631bbf11309f1172a91 9b9e194969dc400b9b6ea9ac672ef246 - - - -] Successfully bumped revision number for resource 92169b9e-0449-4750-b7e0-155af9f97889 (type: ports) to 2
2026-04-28 23:32:25.814 9 INFO neutron.db.ovn_revision_numbers_db [None req-fd346746-d515-4b0d-a484-ccfb5ca84cf0 49647566f8344212900b0d9c75594dfa fbaf295fef794a3186a0edb979076ccd - - default default] Successfully bumped revision number for resource 9c46a395-c3db-42d5-be6a-2abeca71e869 (type: security_groups) to 1
2026-04-28 23:32:25.841 9 INFO neutron.wsgi [None req-fd346746-d515-4b0d-a484-ccfb5ca84cf0 49647566f8344212900b0d9c75594dfa fbaf295fef794a3186a0edb979076ccd - - default default] 10.0.0.75 "GET /v2.0/security-groups?tenant_id=d4b754ddca7e4821a35d0cb1101299a5&name=default HTTP/1.1" status: 200 len: 2996 time: 0.2497241
2026-04-28 23:32:25.966 9 INFO neutron.db.ovn_revision_numbers_db [None req-2fd678cc-af13-4c3b-81f2-4ca10b09e779 d15560b820ed4631bbf11309f1172a91 9b9e194969dc400b9b6ea9ac672ef246 - - - -] Successfully bumped revision number for resource 92169b9e-0449-4750-b7e0-155af9f97889 (type: ports) to 2
2026-04-28 23:32:25.981 9 INFO neutron.wsgi [None req-2fd678cc-af13-4c3b-81f2-4ca10b09e779 d15560b820ed4631bbf11309f1172a91 9b9e194969dc400b9b6ea9ac672ef246 - - - -] 199.204.45.49 "PUT /v2.0/ports/92169b9e-0449-4750-b7e0-155af9f97889 HTTP/1.1" status: 200 len: 1328 time: 0.6444764 /var/lib/openstack/lib/python3.10/site-packages/pycadf/identifier.py:71: UserWarning: Invalid uuid: neutron. To ensure interoperability, identifiers should be a valid uuid. warnings.warn(('Invalid uuid: %s. To ensure interoperability, '
2026-04-28 23:32:26.019 9 INFO neutron.notifiers.nova [-] Nova event matching ['req-e7977428-acba-49dc-b069-b9797fc86f45'] response: {'name': 'network-changed', 'server_uuid': 'a948b81a-1103-4771-8a9c-0213d0658251', 'tag': '92169b9e-0449-4750-b7e0-155af9f97889', 'status': 'completed', 'code': 200}
2026-04-28 23:32:26.043 9 INFO neutron.wsgi [req-28e14f87-88ac-4c1d-95e6-4d751ad463ab req-4096ef15-6a62-4ccb-87b8-3f9df519220a d15560b820ed4631bbf11309f1172a91 9b9e194969dc400b9b6ea9ac672ef246 - - 6c1c1657cc8b4fcbb584322d9dbe07ff 6c1c1657cc8b4fcbb584322d9dbe07ff] 199.204.45.49 "GET /v2.0/ports?tenant_id=40edfe13b4794672aab407035a1c166b&device_id=a948b81a-1103-4771-8a9c-0213d0658251 HTTP/1.1" status: 200 len: 1359 time: 0.0342286
2026-04-28 23:32:26.069 9 INFO neutron.wsgi [req-28e14f87-88ac-4c1d-95e6-4d751ad463ab req-dcd05923-e0e1-44df-bebd-dac6288051d4 d15560b820ed4631bbf11309f1172a91 9b9e194969dc400b9b6ea9ac672ef246 - - 6c1c1657cc8b4fcbb584322d9dbe07ff 6c1c1657cc8b4fcbb584322d9dbe07ff] 199.204.45.49 "GET /v2.0/floatingips?fixed_ip_address=10.100.0.6&port_id=92169b9e-0449-4750-b7e0-155af9f97889 HTTP/1.1" status: 200 len: 217 time: 0.0206726
2026-04-28 23:32:26.101 9 INFO neutron.wsgi [None req-c277c4ab-81ad-406f-8643-a4776d61f95a 49647566f8344212900b0d9c75594dfa fbaf295fef794a3186a0edb979076ccd - - - -] 10.0.0.75 "DELETE /v2.0/security-groups/9c46a395-c3db-42d5-be6a-2abeca71e869 HTTP/1.1" status: 204 len: 168 time: 0.2532837
2026-04-28 23:32:26.109 9 INFO neutron.wsgi [req-28e14f87-88ac-4c1d-95e6-4d751ad463ab req-a89a2cec-d11c-44c8-8be2-fc676085e755 d15560b820ed4631bbf11309f1172a91 9b9e194969dc400b9b6ea9ac672ef246 - - 6c1c1657cc8b4fcbb584322d9dbe07ff 6c1c1657cc8b4fcbb584322d9dbe07ff] 199.204.45.49 "GET /v2.0/subnets?id=735ab6d7-2c1f-4a76-b945-9c6ab76e5669 HTTP/1.1" status: 200 len: 866 time: 0.0319257
2026-04-28 23:32:26.134 9 INFO neutron.wsgi [req-28e14f87-88ac-4c1d-95e6-4d751ad463ab req-4a9e0f8f-1227-4e6d-9146-a9ff9805fb38 d15560b820ed4631bbf11309f1172a91 9b9e194969dc400b9b6ea9ac672ef246 - - 6c1c1657cc8b4fcbb584322d9dbe07ff 6c1c1657cc8b4fcbb584322d9dbe07ff] 199.204.45.49 "GET /v2.0/ports?network_id=025abfe1-1426-461e-afc4-05b3336026bf&device_owner=network%3Adhcp HTTP/1.1" status: 200 len: 210 time: 0.0196667
2026-04-28 23:32:26.194 9 INFO neutron.wsgi [req-28e14f87-88ac-4c1d-95e6-4d751ad463ab req-f0af5af5-ae52-4f00-bf90-5cbc360b6fc7 d15560b820ed4631bbf11309f1172a91 9b9e194969dc400b9b6ea9ac672ef246 - - 6c1c1657cc8b4fcbb584322d9dbe07ff 6c1c1657cc8b4fcbb584322d9dbe07ff] 199.204.45.49 "GET /v2.0/networks/025abfe1-1426-461e-afc4-05b3336026bf?fields=segments HTTP/1.1" status: 200 len: 212 time: 0.0532169
2026-04-28 23:32:26.255 9 INFO neutron.wsgi [req-28e14f87-88ac-4c1d-95e6-4d751ad463ab req-091796de-2a28-49b7-96f7-bd7d74bb95e2 d15560b820ed4631bbf11309f1172a91 9b9e194969dc400b9b6ea9ac672ef246 - - 6c1c1657cc8b4fcbb584322d9dbe07ff 6c1c1657cc8b4fcbb584322d9dbe07ff] 199.204.45.49 "GET /v2.0/networks/025abfe1-1426-461e-afc4-05b3336026bf?fields=provider%3Aphysical_network&fields=provider%3Anetwork_type HTTP/1.1" status: 200 len: 277 time: 0.0527632
2026-04-28 23:32:26.308 10 INFO neutron.db.ovn_revision_numbers_db [None req-7ffc4f55-766e-4cb6-8d14-151ebb0800db 49647566f8344212900b0d9c75594dfa fbaf295fef794a3186a0edb979076ccd - - default default] Successfully bumped revision number for resource 74b02457-ec9c-4994-a068-87178b0becf5 (type: security_groups) to 1
2026-04-28 23:32:26.332 9 INFO neutron.wsgi [req-4871f803-65d3-41cf-a588-1aac7f3e1c99 req-a23aa57a-99c5-4287-a1a1-fd597a78c4e4 d15560b820ed4631bbf11309f1172a91 9b9e194969dc400b9b6ea9ac672ef246 - - 6c1c1657cc8b4fcbb584322d9dbe07ff 6c1c1657cc8b4fcbb584322d9dbe07ff] 199.204.45.49 "GET /v2.0/ports?tenant_id=40edfe13b4794672aab407035a1c166b&device_id=a948b81a-1103-4771-8a9c-0213d0658251 HTTP/1.1" status: 200 len: 1359 time: 0.0325296
2026-04-28 23:32:26.356 10 INFO neutron.wsgi [None req-7ffc4f55-766e-4cb6-8d14-151ebb0800db 49647566f8344212900b0d9c75594dfa fbaf295fef794a3186a0edb979076ccd - - default default] 10.0.0.75 "GET /v2.0/security-groups?tenant_id=fc4816672c0443b1b559f84dd8da120e&name=default HTTP/1.1" status: 200 len: 2996 time: 0.1442456
2026-04-28 23:32:26.372 10 INFO neutron.wsgi [req-9d85a954-cd37-413d-8a2d-86f1461dfe97 req-4aca8f9b-8282-4cb1-8a74-e67ec91d5e32 09c56910e54f4bebafbc114d57c34a4e 40edfe13b4794672aab407035a1c166b - - default default] 10.0.0.44 "GET /v2.0/ports?device_id=a948b81a-1103-4771-8a9c-0213d0658251 HTTP/1.1" status: 200 len: 1168 time: 0.0620999
2026-04-28 23:32:26.413 9 INFO neutron.wsgi [req-4871f803-65d3-41cf-a588-1aac7f3e1c99 req-1ebe4500-ed1c-404b-a848-612d046824da d15560b820ed4631bbf11309f1172a91 9b9e194969dc400b9b6ea9ac672ef246 - - 6c1c1657cc8b4fcbb584322d9dbe07ff 6c1c1657cc8b4fcbb584322d9dbe07ff] 199.204.45.49 "GET /v2.0/networks?id=025abfe1-1426-461e-afc4-05b3336026bf HTTP/1.1" status: 200 len: 971 time: 0.0714793
2026-04-28 23:32:26.421 10 INFO neutron.wsgi [req-9d85a954-cd37-413d-8a2d-86f1461dfe97 req-1b13640b-fa71-4c53-9b2e-745b79ba9f96 09c56910e54f4bebafbc114d57c34a4e 40edfe13b4794672aab407035a1c166b - - default default] 10.0.0.44 "GET /v2.0/security-groups?id=f94686af-f2ad-430f-95cc-49a4e81cc113&fields=id&fields=name HTTP/1.1" status: 200 len: 286 time: 0.0416100
2026-04-28 23:32:26.555 10 INFO neutron.wsgi [None req-a7b5fd24-65be-47cd-a689-9e35d3e84be7 49647566f8344212900b0d9c75594dfa fbaf295fef794a3186a0edb979076ccd - - - -] 10.0.0.75 "DELETE /v2.0/security-groups/74b02457-ec9c-4994-a068-87178b0becf5 HTTP/1.1" status: 204 len: 168 time: 0.1926959
2026-04-28 23:32:26.615 9 INFO neutron.wsgi [req-4871f803-65d3-41cf-a588-1aac7f3e1c99 req-51b929fc-1186-4e7c-be52-bd9a6a781ff8 d15560b820ed4631bbf11309f1172a91 9b9e194969dc400b9b6ea9ac672ef246 - - 6c1c1657cc8b4fcbb584322d9dbe07ff 6c1c1657cc8b4fcbb584322d9dbe07ff] 199.204.45.49 "GET /v2.0/floatingips?fixed_ip_address=10.100.0.6&port_id=92169b9e-0449-4750-b7e0-155af9f97889 HTTP/1.1" status: 200 len: 217 time: 0.0440710
2026-04-28 23:32:26.646 9 INFO neutron.plugins.ml2.drivers.ovn.mech_driver.mech_driver [None req-2a68c9da-2f29-495c-b3e5-4be7c2cc46c4 - - - - - -] OVN reports status up for port: 92169b9e-0449-4750-b7e0-155af9f97889
2026-04-28 23:32:26.661 9 INFO neutron.plugins.ml2.plugin [None req-2a68c9da-2f29-495c-b3e5-4be7c2cc46c4 - - - - - -] Attempt 1 to provision port 92169b9e-0449-4750-b7e0-155af9f97889
2026-04-28 23:32:26.664 10 INFO neutron.wsgi [req-5190d1ef-962e-4e97-801e-f1144fcecdcc req-e3dc321c-eaf6-433c-ae0c-b1ca39ca9d14 b3b4da4b3c31401d928466eacc682e97 a97cdbceb8e74470a2638190a60a276a - - default default] 10.0.0.44 "GET /v2.0/ports?device_id=9f8c199f-acf9-48da-82f8-38702c5e3568 HTTP/1.1" status: 200 len: 1170 time: 0.1129940
2026-04-28 23:32:26.667 9 INFO neutron.wsgi [req-4871f803-65d3-41cf-a588-1aac7f3e1c99 req-611857fc-39f2-4d8c-8ae1-b8fda728a5ed d15560b820ed4631bbf11309f1172a91 9b9e194969dc400b9b6ea9ac672ef246 - - 6c1c1657cc8b4fcbb584322d9dbe07ff 6c1c1657cc8b4fcbb584322d9dbe07ff] 199.204.45.49 "GET /v2.0/subnets?id=735ab6d7-2c1f-4a76-b945-9c6ab76e5669 HTTP/1.1" status: 200 len: 866 time: 0.0471406
2026-04-28 23:32:26.709 9 INFO neutron.wsgi [req-4871f803-65d3-41cf-a588-1aac7f3e1c99 req-d51a6b19-5301-48f3-a2ce-8706d063cd23 d15560b820ed4631bbf11309f1172a91 9b9e194969dc400b9b6ea9ac672ef246 - - 6c1c1657cc8b4fcbb584322d9dbe07ff 6c1c1657cc8b4fcbb584322d9dbe07ff] 199.204.45.49 "GET /v2.0/ports?network_id=025abfe1-1426-461e-afc4-05b3336026bf&device_owner=network%3Adhcp HTTP/1.1" status: 200 len: 210 time: 0.0277691
2026-04-28 23:32:26.730 10 INFO neutron.wsgi [req-5190d1ef-962e-4e97-801e-f1144fcecdcc req-60408a72-59b1-4f31-a549-002334ac072b b3b4da4b3c31401d928466eacc682e97 a97cdbceb8e74470a2638190a60a276a - - default default] 10.0.0.44 "GET /v2.0/security-groups?id=34da7594-2179-41ec-bb0a-85bf0c5ffcc8&fields=id&fields=name HTTP/1.1" status: 200 len: 313 time: 0.0575790
2026-04-28 23:32:26.791 9 INFO neutron.wsgi [req-4871f803-65d3-41cf-a588-1aac7f3e1c99 req-c8d2a44c-e787-4cb9-b928-d24f80b0e24b d15560b820ed4631bbf11309f1172a91 9b9e194969dc400b9b6ea9ac672ef246 - - 6c1c1657cc8b4fcbb584322d9dbe07ff 6c1c1657cc8b4fcbb584322d9dbe07ff] 199.204.45.49 "GET /v2.0/networks/025abfe1-1426-461e-afc4-05b3336026bf?fields=segments HTTP/1.1" status: 200 len: 212 time: 0.0754170
2026-04-28 23:32:26.868 9 INFO neutron.wsgi [req-4871f803-65d3-41cf-a588-1aac7f3e1c99 req-b86755a5-eb15-41a2-9543-362496290ffa d15560b820ed4631bbf11309f1172a91 9b9e194969dc400b9b6ea9ac672ef246 - - 6c1c1657cc8b4fcbb584322d9dbe07ff 6c1c1657cc8b4fcbb584322d9dbe07ff] 199.204.45.49 "GET /v2.0/networks/025abfe1-1426-461e-afc4-05b3336026bf?fields=provider%3Aphysical_network&fields=provider%3Anetwork_type HTTP/1.1" status: 200 len: 277 time: 0.0703554
2026-04-28 23:32:26.972 10 INFO neutron.wsgi [req-c948fb1f-c4d8-4559-852e-6ba26a6ecbbf req-359ecd4c-f0a8-4ade-b6a5-bf9ce1cf4d6c b3b4da4b3c31401d928466eacc682e97 a97cdbceb8e74470a2638190a60a276a - - default default] 10.0.0.44 "GET /v2.0/ports?device_id=9f8c199f-acf9-48da-82f8-38702c5e3568 HTTP/1.1" status: 200 len: 1170 time: 0.0451376
2026-04-28 23:32:27.000 9 INFO neutron.db.ovn_revision_numbers_db [None req-2a68c9da-2f29-495c-b3e5-4be7c2cc46c4 - - - - - -] Successfully bumped revision number for resource 92169b9e-0449-4750-b7e0-155af9f97889 (type: ports) to 4
2026-04-28 23:32:27.010 10 INFO neutron.wsgi [req-c948fb1f-c4d8-4559-852e-6ba26a6ecbbf req-73a73c15-d240-414b-82b8-5a178682cb86 b3b4da4b3c31401d928466eacc682e97 a97cdbceb8e74470a2638190a60a276a - - default default] 10.0.0.44 "GET /v2.0/security-groups?id=34da7594-2179-41ec-bb0a-85bf0c5ffcc8&fields=id&fields=name HTTP/1.1" status: 200 len: 313 time: 0.0298457
2026-04-28 23:32:27.049 9 INFO neutron.plugins.ml2.drivers.ovn.mech_driver.mech_driver [None req-2a68c9da-2f29-495c-b3e5-4be7c2cc46c4 - - - - - -] OVN reports status down for port: 9a817fb8-d9ed-4e95-a8ac-46a66e9d9ef6
2026-04-28 23:32:27.080 10 WARNING neutron.plugins.ml2.drivers.ovn.mech_driver.ovsdb.ovn_client [None req-6f2d7d0e-ecae-49ee-9bfa-78277e8a5813 - - - - - -] No hosting information found for port d55173ab-dd18-4a7d-9a9c-df1de8010f5f: RuntimeError: No hosting information found for port d55173ab-dd18-4a7d-9a9c-df1de8010f5f
2026-04-28 23:32:27.233 10 INFO neutron.db.ovn_revision_numbers_db [None req-283c9ce3-dfc7-468e-b1f3-768103806ed3 00bf0092a517475cbf8aa81ffa734483 bf0541e1fb154c8a858e60cf99ae99df - - - -] Successfully bumped revision number for resource 80a59ad8-11e0-42aa-96ce-1a2141f485d8 (type: security_groups) to 1 /var/lib/openstack/lib/python3.10/site-packages/pycadf/identifier.py:71: UserWarning: Invalid uuid: neutron. To ensure interoperability, identifiers should be a valid uuid. warnings.warn(('Invalid uuid: %s. To ensure interoperability, '
2026-04-28 23:32:27.284 10 INFO neutron.db.segments_db [None req-283c9ce3-dfc7-468e-b1f3-768103806ed3 00bf0092a517475cbf8aa81ffa734483 bf0541e1fb154c8a858e60cf99ae99df - - - -] Added segment befe3a39-4fb5-4f2f-8122-ebc1bf3df408 of type geneve for network c0dba21b-8955-4ade-8ecf-4eda5843115c
2026-04-28 23:32:27.353 9 INFO neutron.wsgi [req-82a10101-58d7-4caf-9e0e-0ffda0ec478b req-b4d08028-b0a2-4619-90d1-7ee210120522 b3b4da4b3c31401d928466eacc682e97 a97cdbceb8e74470a2638190a60a276a - - default default] 199.204.45.49 "GET /v2.0/ports?device_id=9f8c199f-acf9-48da-82f8-38702c5e3568 HTTP/1.1" status: 200 len: 1168 time: 0.1125205
2026-04-28 23:32:27.407 9 INFO neutron.db.ovn_revision_numbers_db [None req-2a68c9da-2f29-495c-b3e5-4be7c2cc46c4 - - - - - -] Successfully bumped revision number for resource 9a817fb8-d9ed-4e95-a8ac-46a66e9d9ef6 (type: ports) to 7
2026-04-28 23:32:27.432 10 INFO neutron.db.ovn_revision_numbers_db [None req-283c9ce3-dfc7-468e-b1f3-768103806ed3 00bf0092a517475cbf8aa81ffa734483 bf0541e1fb154c8a858e60cf99ae99df - - - -] Successfully bumped revision number for resource c0dba21b-8955-4ade-8ecf-4eda5843115c (type: networks) to 1
2026-04-28 23:32:27.546 10 INFO neutron.wsgi [req-e5633ee8-f46f-4a12-bb93-3967f32bb7e6 req-d0eae8fd-98df-4649-af96-8ddf00469a49 09c56910e54f4bebafbc114d57c34a4e 40edfe13b4794672aab407035a1c166b - - default default] 10.0.0.44 "GET /v2.0/ports?device_id=a948b81a-1103-4771-8a9c-0213d0658251 HTTP/1.1" status: 200 len: 1170 time: 0.0430253
2026-04-28 23:32:27.606 10 INFO neutron.wsgi [req-e5633ee8-f46f-4a12-bb93-3967f32bb7e6 req-62692f08-559c-4374-9d0d-83414a1b2779 09c56910e54f4bebafbc114d57c34a4e 40edfe13b4794672aab407035a1c166b - - default default] 10.0.0.44 "GET /v2.0/security-groups?id=f94686af-f2ad-430f-95cc-49a4e81cc113&fields=id&fields=name HTTP/1.1" status: 200 len: 286 time: 0.0490487
2026-04-28 23:32:27.635 10 WARNING neutron.scheduler.dhcp_agent_scheduler [None req-283c9ce3-dfc7-468e-b1f3-768103806ed3 00bf0092a517475cbf8aa81ffa734483 bf0541e1fb154c8a858e60cf99ae99df - - - -] No more DHCP agents
2026-04-28 23:32:27.636 10 WARNING neutron.api.rpc.agentnotifiers.dhcp_rpc_agent_api [None req-283c9ce3-dfc7-468e-b1f3-768103806ed3 00bf0092a517475cbf8aa81ffa734483 bf0541e1fb154c8a858e60cf99ae99df - - - -] Unable to schedule network c0dba21b-8955-4ade-8ecf-4eda5843115c: no agents available; will retry on subsequent port and subnet creation events.
2026-04-28 23:32:27.666 9 INFO neutron.db.l3_db [None req-750bbc90-3086-4a1b-92a2-43a4b50c33a6 b3b4da4b3c31401d928466eacc682e97 a97cdbceb8e74470a2638190a60a276a - - - -] Floating IP bac9b28b-a035-43ea-bf1c-1cd6c996c80b disassociated. External IP: 10.96.250.205, port: 9a817fb8-d9ed-4e95-a8ac-46a66e9d9ef6.
2026-04-28 23:32:27.734 10 INFO neutron.db.ovn_revision_numbers_db [None req-283c9ce3-dfc7-468e-b1f3-768103806ed3 00bf0092a517475cbf8aa81ffa734483 bf0541e1fb154c8a858e60cf99ae99df - - - -] Successfully bumped revision number for resource 501ab172-cc7a-47c0-84f1-af45fff3285a (type: ports) to 1
2026-04-28 23:32:27.759 10 INFO neutron.wsgi [None req-283c9ce3-dfc7-468e-b1f3-768103806ed3 00bf0092a517475cbf8aa81ffa734483 bf0541e1fb154c8a858e60cf99ae99df - - - -] 10.0.0.75 "POST /v2.0/networks HTTP/1.1" status: 201 len: 848 time: 0.8513162 /var/lib/openstack/lib/python3.10/site-packages/pycadf/identifier.py:71: UserWarning: Invalid uuid: neutron. To ensure interoperability, identifiers should be a valid uuid. warnings.warn(('Invalid uuid: %s. To ensure interoperability, '
2026-04-28 23:32:27.986 10 WARNING neutron.scheduler.dhcp_agent_scheduler [None req-d2aae19b-7810-4917-b476-a74b93b9da98 00bf0092a517475cbf8aa81ffa734483 bf0541e1fb154c8a858e60cf99ae99df - - - -] No more DHCP agents
2026-04-28 23:32:27.989 10 WARNING neutron.api.rpc.agentnotifiers.dhcp_rpc_agent_api [None req-d2aae19b-7810-4917-b476-a74b93b9da98 00bf0092a517475cbf8aa81ffa734483 bf0541e1fb154c8a858e60cf99ae99df - - - -] Unable to schedule network c0dba21b-8955-4ade-8ecf-4eda5843115c: no agents available; will retry on subsequent port and subnet creation events.
2026-04-28 23:32:28.047 10 INFO neutron.db.ovn_revision_numbers_db [None req-d2aae19b-7810-4917-b476-a74b93b9da98 00bf0092a517475cbf8aa81ffa734483 bf0541e1fb154c8a858e60cf99ae99df - - - -] Successfully bumped revision number for resource 11008a88-84fc-422f-be16-c2874f0551ff (type: ports) to 1
2026-04-28 23:32:28.067 9 INFO neutron.notifiers.nova [-] Nova event matching ['req-8df4fb4e-ecc7-44be-bcfe-c2d22f5ab9a4'] response: {'server_uuid': 'a948b81a-1103-4771-8a9c-0213d0658251', 'name': 'network-vif-plugged', 'status': 'completed', 'tag': '92169b9e-0449-4750-b7e0-155af9f97889', 'code': 200}
2026-04-28 23:32:28.068 9 INFO neutron.notifiers.nova [-] Nova event matching ['req-8df4fb4e-ecc7-44be-bcfe-c2d22f5ab9a4'] response: {'server_uuid': 'a948b81a-1103-4771-8a9c-0213d0658251', 'name': 'network-vif-plugged', 'status': 'completed', 'tag': '92169b9e-0449-4750-b7e0-155af9f97889', 'code': 200}
2026-04-28 23:32:28.068 9 INFO neutron.notifiers.nova [-] Nova event matching ['req-8df4fb4e-ecc7-44be-bcfe-c2d22f5ab9a4'] response: {'server_uuid': '9f8c199f-acf9-48da-82f8-38702c5e3568', 'name': 'network-vif-unplugged', 'status': 'completed', 'tag': '9a817fb8-d9ed-4e95-a8ac-46a66e9d9ef6', 'code': 200}
2026-04-28 23:32:28.068 9 INFO neutron.notifiers.nova [-] Nova event matching ['req-8df4fb4e-ecc7-44be-bcfe-c2d22f5ab9a4'] response: {'server_uuid': '9f8c199f-acf9-48da-82f8-38702c5e3568', 'name': 'network-vif-plugged', 'status': 'completed', 'tag': '9a817fb8-d9ed-4e95-a8ac-46a66e9d9ef6', 'code': 200}
2026-04-28 23:32:28.069 10 INFO neutron.wsgi [None req-d2aae19b-7810-4917-b476-a74b93b9da98 00bf0092a517475cbf8aa81ffa734483 bf0541e1fb154c8a858e60cf99ae99df - - - -] 10.0.0.75 "POST /v2.0/ports HTTP/1.1" status: 201 len: 977 time: 0.3044615
2026-04-28 23:32:28.076 9 INFO neutron.wsgi [None req-750bbc90-3086-4a1b-92a2-43a4b50c33a6 b3b4da4b3c31401d928466eacc682e97 a97cdbceb8e74470a2638190a60a276a - - - -] 199.204.45.49 "DELETE /v2.0/ports/9a817fb8-d9ed-4e95-a8ac-46a66e9d9ef6 HTTP/1.1" status: 204 len: 173 time: 0.7087796 /var/lib/openstack/lib/python3.10/site-packages/pycadf/identifier.py:71: UserWarning: Invalid uuid: neutron. To ensure interoperability, identifiers should be a valid uuid. warnings.warn(('Invalid uuid: %s. To ensure interoperability, '
2026-04-28 23:32:28.106 10 INFO neutron.wsgi [req-b6b88080-4473-45c1-bee1-ea84cdb4a0fa req-fbacbd97-749e-4f0a-9acf-b712c4c4a519 b3b4da4b3c31401d928466eacc682e97 a97cdbceb8e74470a2638190a60a276a - - default default] 10.0.0.44 "GET /v2.0/ports?device_id=9f8c199f-acf9-48da-82f8-38702c5e3568 HTTP/1.1" status: 200 len: 210 time: 0.0231881
2026-04-28 23:32:28.171 10 INFO neutron.db.segments_db [None req-cd0335ed-3ac4-4dca-aad9-2a3130ad4cbd 00bf0092a517475cbf8aa81ffa734483 bf0541e1fb154c8a858e60cf99ae99df - - - -] Added segment 5278fbb4-07cc-49bc-8599-5ce59e9bf5cb of type geneve for network 3749bed1-a145-4885-a61b-ee474fb014c3
