2026-07-24 18:41:47.553 7 INFO placement.requestlog [req-14e27ec0-2bd1-4dd7-80d7-145dec9cdc39 req-bc7cd747-0e70-489d-b677-94643dfdac25 ab7a909429a4445997a912eee6665b0e 89719a70b97b434ba33fa2c9827a0ccb - - 0ba95e82e6174f718fc15701b3e563c2 0ba95e82e6174f718fc15701b3e563c2] 199.204.45.74 "GET /resource_providers/b5929492-5ae1-441f-bfe1-966eca7d1337/allocations" status: 200 len: 54 microversion: 1.0 [pid: 7|app: 0|req: 290/582] 199.204.45.74 () {32 vars in 856 bytes} [Fri Jul 24 18:41:47 2026] GET /resource_providers/b5929492-5ae1-441f-bfe1-966eca7d1337/allocations => generated 54 bytes in 142 msecs (HTTP/1.1 200) 6 headers in 223 bytes (1 switches on core 0)
2026-07-24 18:41:47.577 8 INFO placement.requestlog [req-14e27ec0-2bd1-4dd7-80d7-145dec9cdc39 req-db99938b-5a9a-431f-a971-9a7ec727e4ba ab7a909429a4445997a912eee6665b0e 89719a70b97b434ba33fa2c9827a0ccb - - 0ba95e82e6174f718fc15701b3e563c2 0ba95e82e6174f718fc15701b3e563c2] 199.204.45.74 "GET /resource_providers?in_tree=b5929492-5ae1-441f-bfe1-966eca7d1337" status: 200 len: 797 microversion: 1.14 [pid: 8|app: 0|req: 293/583] 199.204.45.74 () {34 vars in 891 bytes} [Fri Jul 24 18:41:47 2026] GET /resource_providers?in_tree=b5929492-5ae1-441f-bfe1-966eca7d1337 => generated 797 bytes in 17 msecs (HTTP/1.1 200) 6 headers in 225 bytes (1 switches on core 0)
2026-07-24 18:41:47.599 7 INFO placement.requestlog [req-14e27ec0-2bd1-4dd7-80d7-145dec9cdc39 req-da2f5405-bd83-4591-8b2b-7cf6cb044152 ab7a909429a4445997a912eee6665b0e 89719a70b97b434ba33fa2c9827a0ccb - - 0ba95e82e6174f718fc15701b3e563c2 0ba95e82e6174f718fc15701b3e563c2] 199.204.45.74 "GET /resource_providers/b5929492-5ae1-441f-bfe1-966eca7d1337/inventories" status: 200 len: 400 microversion: 1.0 [pid: 7|app: 0|req: 291/584] 199.204.45.74 () {32 vars in 856 bytes} [Fri Jul 24 18:41:47 2026] GET /resource_providers/b5929492-5ae1-441f-bfe1-966eca7d1337/inventories => generated 400 bytes in 14 msecs (HTTP/1.1 200) 6 headers in 224 bytes (1 switches on core 0)
2026-07-24 18:41:47.613 8 INFO placement.requestlog [req-14e27ec0-2bd1-4dd7-80d7-145dec9cdc39 req-1d3a152a-de66-47b5-81dc-9c5714b39b02 ab7a909429a4445997a912eee6665b0e 89719a70b97b434ba33fa2c9827a0ccb - - 0ba95e82e6174f718fc15701b3e563c2 0ba95e82e6174f718fc15701b3e563c2] 199.204.45.74 "GET /resource_providers/b5929492-5ae1-441f-bfe1-966eca7d1337/aggregates" status: 200 len: 53 microversion: 1.19 [pid: 8|app: 0|req: 294/585] 199.204.45.74 () {34 vars in 898 bytes} [Fri Jul 24 18:41:47 2026] GET /resource_providers/b5929492-5ae1-441f-bfe1-966eca7d1337/aggregates => generated 53 bytes in 9 msecs (HTTP/1.1 200) 8 headers in 295 bytes (1 switches on core 0)
2026-07-24 18:41:47.633 7 INFO placement.requestlog [req-14e27ec0-2bd1-4dd7-80d7-145dec9cdc39 req-9a532a21-437b-4f39-a316-f7b614f00fd7 ab7a909429a4445997a912eee6665b0e 89719a70b97b434ba33fa2c9827a0ccb - - 0ba95e82e6174f718fc15701b3e563c2 0ba95e82e6174f718fc15701b3e563c2] 199.204.45.74 "GET /resource_providers/b5929492-5ae1-441f-bfe1-966eca7d1337/traits" status: 200 len: 2175 microversion: 1.6 [pid: 7|app: 0|req: 292/586] 199.204.45.74 () {34 vars in 889 bytes} [Fri Jul 24 18:41:47 2026] GET /resource_providers/b5929492-5ae1-441f-bfe1-966eca7d1337/traits => generated 2175 bytes in 16 msecs (HTTP/1.1 200) 6 headers in 225 bytes (1 switches on core 0)
2026-07-24 18:41:47.651 8 INFO placement.requestlog [req-14e27ec0-2bd1-4dd7-80d7-145dec9cdc39 req-79b8d62e-652b-4899-a2a5-879615b68761 ab7a909429a4445997a912eee6665b0e 89719a70b97b434ba33fa2c9827a0ccb - - 0ba95e82e6174f718fc15701b3e563c2 0ba95e82e6174f718fc15701b3e563c2] 199.204.45.74 "GET /resource_providers/b5929492-5ae1-441f-bfe1-966eca7d1337/allocations" status: 200 len: 54 microversion: 1.0 [pid: 8|app: 0|req: 295/587] 199.204.45.74 () {32 vars in 856 bytes} [Fri Jul 24 18:41:47 2026] GET /resource_providers/b5929492-5ae1-441f-bfe1-966eca7d1337/allocations => generated 54 bytes in 13 msecs (HTTP/1.1 200) 6 headers in 223 bytes (1 switches on core 0)
2026-07-24 18:41:49.753 7 INFO placement.requestlog [None req-6ed17b76-b9c3-4cac-a5a2-1fed7a639d41 - - - - - -] 10.0.0.75 "GET /" status: 200 len: 136 microversion: 1.0
2026-07-24 18:41:49.753 8 INFO placement.requestlog [None req-a780c0e9-9018-4d69-b2b8-4ea1527972a0 - - - - - -] 10.0.0.75 "GET /" status: 200 len: 136 microversion: 1.0
2026-07-24 18:41:59.753 7 INFO placement.requestlog [None req-68a704d9-bc21-4e81-8277-d8187550635e - - - - - -] 10.0.0.75 "GET /" status: 200 len: 136 microversion: 1.0
2026-07-24 18:41:59.761 8 INFO placement.requestlog [None req-4ff55083-3398-4bb6-91d8-155609a9319b - - - - - -] 10.0.0.75 "GET /" status: 200 len: 136 microversion: 1.0
2026-07-24 18:42:09.753 8 INFO placement.requestlog [None req-08ae6a89-bdc4-44d1-a721-c6b762fd7553 - - - - - -] 10.0.0.75 "GET /" status: 200 len: 136 microversion: 1.0
2026-07-24 18:42:09.753 7 INFO placement.requestlog [None req-79b9df89-6a9e-4fda-82ba-d5966e18050d - - - - - -] 10.0.0.75 "GET /" status: 200 len: 136 microversion: 1.0
2026-07-24 18:42:19.752 8 INFO placement.requestlog [None req-7d5c3479-8eab-49d2-bee4-150f6ab75ef8 - - - - - -] 10.0.0.75 "GET /" status: 200 len: 136 microversion: 1.0
2026-07-24 18:42:19.753 7 INFO placement.requestlog [None req-71b5e1d6-7dcd-40c8-ab81-9170835944b3 - - - - - -] 10.0.0.75 "GET /" status: 200 len: 136 microversion: 1.0
2026-07-24 18:42:29.753 8 INFO placement.requestlog [None req-e59c910f-44f0-4103-a7ae-06743e35442b - - - - - -] 10.0.0.75 "GET /" status: 200 len: 136 microversion: 1.0
2026-07-24 18:42:29.753 7 INFO placement.requestlog [None req-4bd01c13-0f1a-49b3-86b7-1238ea7f9ca2 - - - - - -] 10.0.0.75 "GET /" status: 200 len: 136 microversion: 1.0
2026-07-24 18:42:39.754 7 INFO placement.requestlog [None req-6bf9d357-a8a3-45a8-b129-5bb83df09d3e - - - - - -] 10.0.0.75 "GET /" status: 200 len: 136 microversion: 1.0
2026-07-24 18:42:39.754 8 INFO placement.requestlog [None req-633f5335-2a50-4369-b073-dcf46d18f851 - - - - - -] 10.0.0.75 "GET /" status: 200 len: 136 microversion: 1.0
2026-07-24 18:42:49.753 7 INFO placement.requestlog [None req-5238ce0c-43cd-4667-848b-377f74571959 - - - - - -] 10.0.0.75 "GET /" status: 200 len: 136 microversion: 1.0
2026-07-24 18:42:49.755 8 INFO placement.requestlog [None req-18b09548-cdff-486a-b209-264946428eca - - - - - -] 10.0.0.75 "GET /" status: 200 len: 136 microversion: 1.0
2026-07-24 18:42:53.141 8 INFO placement.requestlog [req-4ed9e7c2-eee7-4773-aa77-1d8ad261996a req-afa13ae5-0b9b-40d2-8e3f-6a2aaf11d8ca ab7a909429a4445997a912eee6665b0e 89719a70b97b434ba33fa2c9827a0ccb - - 0ba95e82e6174f718fc15701b3e563c2 0ba95e82e6174f718fc15701b3e563c2] 199.204.45.74 "GET /resource_providers/b5929492-5ae1-441f-bfe1-966eca7d1337/allocations" status: 200 len: 54 microversion: 1.0 [pid: 8|app: 0|req: 303/602] 199.204.45.74 () {32 vars in 856 bytes} [Fri Jul 24 18:42:53 2026] GET /resource_providers/b5929492-5ae1-441f-bfe1-966eca7d1337/allocations => generated 54 bytes in 26 msecs (HTTP/1.1 200) 6 headers in 223 bytes (1 switches on core 0)
2026-07-24 18:42:53.165 7 INFO placement.requestlog [req-4ed9e7c2-eee7-4773-aa77-1d8ad261996a req-a64ce8b7-efef-4df3-985f-21a24dbac342 ab7a909429a4445997a912eee6665b0e 89719a70b97b434ba33fa2c9827a0ccb - - 0ba95e82e6174f718fc15701b3e563c2 0ba95e82e6174f718fc15701b3e563c2] 199.204.45.74 "GET /resource_providers/b5929492-5ae1-441f-bfe1-966eca7d1337/allocations" status: 200 len: 54 microversion: 1.0 [pid: 7|app: 0|req: 300/603] 199.204.45.74 () {32 vars in 856 bytes} [Fri Jul 24 18:42:53 2026] GET /resource_providers/b5929492-5ae1-441f-bfe1-966eca7d1337/allocations => generated 54 bytes in 15 msecs (HTTP/1.1 200) 6 headers in 223 bytes (1 switches on core 0)
2026-07-24 18:42:59.754 8 INFO placement.requestlog [None req-46400d21-97ff-48a5-b885-24611f31c8a0 - - - - - -] 10.0.0.75 "GET /" status: 200 len: 136 microversion: 1.0
2026-07-24 18:42:59.756 7 INFO placement.requestlog [None req-b10c821e-4ee4-4b25-9574-8b4386821e0a - - - - - -] 10.0.0.75 "GET /" status: 200 len: 136 microversion: 1.0
2026-07-24 18:43:09.753 8 INFO placement.requestlog [None req-b06166a6-5a41-414b-9dfb-9341ea82815d - - - - - -] 10.0.0.75 "GET /" status: 200 len: 136 microversion: 1.0
2026-07-24 18:43:09.754 7 INFO placement.requestlog [None req-8fd404ce-a7b3-478e-a249-bd818a6ed98e - - - - - -] 10.0.0.75 "GET /" status: 200 len: 136 microversion: 1.0
2026-07-24 18:43:19.753 7 INFO placement.requestlog [None req-4f06f35e-0544-403d-911d-0a3dbfff8496 - - - - - -] 10.0.0.75 "GET /" status: 200 len: 136 microversion: 1.0
2026-07-24 18:43:19.754 8 INFO placement.requestlog [None req-8cf79007-0103-419b-9de6-e01eab9701f0 - - - - - -] 10.0.0.75 "GET /" status: 200 len: 136 microversion: 1.0
2026-07-24 18:43:29.753 8 INFO placement.requestlog [None req-f5a27035-0ab3-4ca2-b57c-884c3451c5e0 - - - - - -] 10.0.0.75 "GET /" status: 200 len: 136 microversion: 1.0
2026-07-24 18:43:29.753 7 INFO placement.requestlog [None req-7b1e4b36-96f6-4bec-914a-d16f9b8667c5 - - - - - -] 10.0.0.75 "GET /" status: 200 len: 136 microversion: 1.0
2026-07-24 18:43:39.753 7 INFO placement.requestlog [None req-7cbb8fe9-8920-456c-b67f-5a89d34ec1f4 - - - - - -] 10.0.0.75 "GET /" status: 200 len: 136 microversion: 1.0
2026-07-24 18:43:39.754 8 INFO placement.requestlog [None req-7bf1cc9e-32f5-4477-b03b-0cca2fe7dec6 - - - - - -] 10.0.0.75 "GET /" status: 200 len: 136 microversion: 1.0
2026-07-24 18:43:48.469 7 INFO placement.requestlog [req-56f0849d-ba66-45b4-b609-a1a8c2c432c5 req-d0756f20-c2f6-4876-b062-5a26d28fad3f ab7a909429a4445997a912eee6665b0e 89719a70b97b434ba33fa2c9827a0ccb - - 0ba95e82e6174f718fc15701b3e563c2 0ba95e82e6174f718fc15701b3e563c2] 199.204.45.74 "GET /resource_providers/b5929492-5ae1-441f-bfe1-966eca7d1337/allocations" status: 200 len: 54 microversion: 1.0 [pid: 7|app: 0|req: 306/614] 199.204.45.74 () {32 vars in 856 bytes} [Fri Jul 24 18:43:48 2026] GET /resource_providers/b5929492-5ae1-441f-bfe1-966eca7d1337/allocations => generated 54 bytes in 16 msecs (HTTP/1.1 200) 6 headers in 223 bytes (1 switches on core 0)
2026-07-24 18:43:48.492 8 INFO placement.requestlog [req-56f0849d-ba66-45b4-b609-a1a8c2c432c5 req-117e3c3e-bdd0-4141-a67e-f74efd4d7da9 ab7a909429a4445997a912eee6665b0e 89719a70b97b434ba33fa2c9827a0ccb - - 0ba95e82e6174f718fc15701b3e563c2 0ba95e82e6174f718fc15701b3e563c2] 199.204.45.74 "GET /resource_providers/b5929492-5ae1-441f-bfe1-966eca7d1337/allocations" status: 200 len: 54 microversion: 1.0 [pid: 8|app: 0|req: 309/615] 199.204.45.74 () {32 vars in 856 bytes} [Fri Jul 24 18:43:48 2026] GET /resource_providers/b5929492-5ae1-441f-bfe1-966eca7d1337/allocations => generated 54 bytes in 17 msecs (HTTP/1.1 200) 6 headers in 223 bytes (1 switches on core 0)
2026-07-24 18:43:49.753 7 INFO placement.requestlog [None req-da0ad22b-43f4-43fa-93c7-6168af1617b4 - - - - - -] 10.0.0.75 "GET /" status: 200 len: 136 microversion: 1.0
2026-07-24 18:43:49.754 8 INFO placement.requestlog [None req-9381483f-6b10-4924-b726-87111c384ce7 - - - - - -] 10.0.0.75 "GET /" status: 200 len: 136 microversion: 1.0
2026-07-24 18:43:59.753 7 INFO placement.requestlog [None req-a0422692-3986-4b41-afca-bbacc0efd5fa - - - - - -] 10.0.0.75 "GET /" status: 200 len: 136 microversion: 1.0
2026-07-24 18:43:59.756 8 INFO placement.requestlog [None req-7a96534e-3f1a-4a6c-b7b9-e0fa7b79d03d - - - - - -] 10.0.0.75 "GET /" status: 200 len: 136 microversion: 1.0
2026-07-24 18:44:09.754 7 INFO placement.requestlog [None req-a24c58c5-00e6-419d-a2c6-b084e836da75 - - - - - -] 10.0.0.75 "GET /" status: 200 len: 136 microversion: 1.0
2026-07-24 18:44:09.754 8 INFO placement.requestlog [None req-520bb256-0a31-4346-8616-15612ff6aba2 - - - - - -] 10.0.0.75 "GET /" status: 200 len: 136 microversion: 1.0
2026-07-24 18:44:19.753 8 INFO placement.requestlog [None req-995973d9-a0bd-4212-87e3-d927366e9bae - - - - - -] 10.0.0.75 "GET /" status: 200 len: 136 microversion: 1.0
2026-07-24 18:44:19.753 7 INFO placement.requestlog [None req-41360fe5-fe8f-4d66-adc3-8ae559f85f24 - - - - - -] 10.0.0.75 "GET /" status: 200 len: 136 microversion: 1.0
2026-07-24 18:44:29.754 7 INFO placement.requestlog [None req-b39f4275-a0f2-4d8b-8cfd-a6c21f18c9b6 - - - - - -] 10.0.0.75 "GET /" status: 200 len: 136 microversion: 1.0
2026-07-24 18:44:29.754 8 INFO placement.requestlog [None req-b1624d5a-b309-4e20-a4e6-0ec444efd58a - - - - - -] 10.0.0.75 "GET /" status: 200 len: 136 microversion: 1.0
2026-07-24 18:44:39.753 7 INFO placement.requestlog [None req-46baca6c-8be3-43e5-a384-d805fab3c629 - - - - - -] 10.0.0.75 "GET /" status: 200 len: 136 microversion: 1.0
2026-07-24 18:44:39.753 8 INFO placement.requestlog [None req-587c5192-1bb0-47ab-a971-97053e45ff16 - - - - - -] 10.0.0.75 "GET /" status: 200 len: 136 microversion: 1.0
2026-07-24 18:44:49.510 8 INFO placement.requestlog [req-2d1a23c9-1255-4c97-9435-d5d3d01af90b req-d3fef13e-2e6c-4020-90bc-f60941bcb373 ab7a909429a4445997a912eee6665b0e 89719a70b97b434ba33fa2c9827a0ccb - - 0ba95e82e6174f718fc15701b3e563c2 0ba95e82e6174f718fc15701b3e563c2] 199.204.45.74 "GET /resource_providers/b5929492-5ae1-441f-bfe1-966eca7d1337/allocations" status: 200 len: 54 microversion: 1.0 [pid: 8|app: 0|req: 316/628] 199.204.45.74 () {32 vars in 856 bytes} [Fri Jul 24 18:44:49 2026] GET /resource_providers/b5929492-5ae1-441f-bfe1-966eca7d1337/allocations => generated 54 bytes in 14 msecs (HTTP/1.1 200) 6 headers in 223 bytes (1 switches on core 0)
2026-07-24 18:44:49.531 7 INFO placement.requestlog [req-2d1a23c9-1255-4c97-9435-d5d3d01af90b req-a967d82e-cd65-4e80-b807-3da7b6800a38 ab7a909429a4445997a912eee6665b0e 89719a70b97b434ba33fa2c9827a0ccb - - 0ba95e82e6174f718fc15701b3e563c2 0ba95e82e6174f718fc15701b3e563c2] 199.204.45.74 "GET /resource_providers/b5929492-5ae1-441f-bfe1-966eca7d1337/allocations" status: 200 len: 54 microversion: 1.0 [pid: 7|app: 0|req: 313/629] 199.204.45.74 () {32 vars in 856 bytes} [Fri Jul 24 18:44:49 2026] GET /resource_providers/b5929492-5ae1-441f-bfe1-966eca7d1337/allocations => generated 54 bytes in 13 msecs (HTTP/1.1 200) 6 headers in 223 bytes (1 switches on core 0)
2026-07-24 18:44:49.753 8 INFO placement.requestlog [None req-c4760114-e496-4d6f-b2e5-67d8a21ba835 - - - - - -] 10.0.0.75 "GET /" status: 200 len: 136 microversion: 1.0
2026-07-24 18:44:49.753 7 INFO placement.requestlog [None req-a2ec73b6-6946-4687-a5aa-f58baef1e0b7 - - - - - -] 10.0.0.75 "GET /" status: 200 len: 136 microversion: 1.0
2026-07-24 18:44:59.753 8 INFO placement.requestlog [None req-9fe5ccd2-5b7e-42c2-8ac3-cc057097df90 - - - - - -] 10.0.0.75 "GET /" status: 200 len: 136 microversion: 1.0
2026-07-24 18:44:59.753 7 INFO placement.requestlog [None req-18410a3d-4bee-4cfa-add9-ace7dabd2449 - - - - - -] 10.0.0.75 "GET /" status: 200 len: 136 microversion: 1.0
2026-07-24 18:45:09.766 7 INFO placement.requestlog [None req-dca565e0-c739-4e1a-adac-f373449734f5 - - - - - -] 10.0.0.75 "GET /" status: 200 len: 136 microversion: 1.0
2026-07-24 18:45:09.766 8 INFO placement.requestlog [None req-e0b4e9aa-4f36-4d46-9baa-623dd2da344a - - - - - -] 10.0.0.75 "GET /" status: 200 len: 136 microversion: 1.0
2026-07-24 18:45:19.753 7 INFO placement.requestlog [None req-8925d50b-8435-4724-8031-edc6343d822a - - - - - -] 10.0.0.75 "GET /" status: 200 len: 136 microversion: 1.0
2026-07-24 18:45:19.754 8 INFO placement.requestlog [None req-bf29763b-d991-4332-9b65-9b387d30754d - - - - - -] 10.0.0.75 "GET /" status: 200 len: 136 microversion: 1.0
2026-07-24 18:45:29.753 8 INFO placement.requestlog [None req-2046e867-9414-4183-a6da-17712fe901ef - - - - - -] 10.0.0.75 "GET /" status: 200 len: 136 microversion: 1.0
2026-07-24 18:45:29.753 7 INFO placement.requestlog [None req-96e82165-4cb7-4092-932b-aff6229d44bb - - - - - -] 10.0.0.75 "GET /" status: 200 len: 136 microversion: 1.0
2026-07-24 18:45:39.753 8 INFO placement.requestlog [None req-1dbc3a54-f8c6-432f-a56f-be60e7248603 - - - - - -] 10.0.0.75 "GET /" status: 200 len: 136 microversion: 1.0
2026-07-24 18:45:39.753 7 INFO placement.requestlog [None req-d9a1a6b3-e54b-4574-bfee-436c4ebb2164 - - - - - -] 10.0.0.75 "GET /" status: 200 len: 136 microversion: 1.0
2026-07-24 18:45:41.313 8 INFO placement.requestlog [req-3caea9f9-b635-4e82-aaaa-7c411a8702c3 req-d112b568-c38c-42f1-bd90-ac7aace1a4ed ab7a909429a4445997a912eee6665b0e 89719a70b97b434ba33fa2c9827a0ccb - - 0ba95e82e6174f718fc15701b3e563c2 0ba95e82e6174f718fc15701b3e563c2] 10.0.0.25 "GET /allocation_candidates?limit=1000&resources=DISK_GB%3A1%2CMEMORY_MB%3A512%2CVCPU%3A1&root_required=%21COMPUTE_STATUS_DISABLED" status: 200 len: 2640 microversion: 1.36 [pid: 8|app: 0|req: 323/642] 10.0.0.25 () {34 vars in 1011 bytes} [Fri Jul 24 18:45:41 2026] GET /allocation_candidates?limit=1000&resources=DISK_GB%3A1%2CMEMORY_MB%3A512%2CVCPU%3A1&root_required=%21COMPUTE_STATUS_DISABLED => generated 2640 bytes in 163 msecs (HTTP/1.1 200) 8 headers in 297 bytes (1 switches on core 0)
2026-07-24 18:45:41.341 7 INFO placement.requestlog [req-3caea9f9-b635-4e82-aaaa-7c411a8702c3 req-82998aa5-4b20-4d6a-abb1-be34b16ddbfa ab7a909429a4445997a912eee6665b0e 89719a70b97b434ba33fa2c9827a0ccb - - 0ba95e82e6174f718fc15701b3e563c2 0ba95e82e6174f718fc15701b3e563c2] 10.0.0.25 "GET /allocations/4c1433a0-9ceb-4b6f-845b-b19b2287e0a0" status: 200 len: 19 microversion: 1.28 [pid: 7|app: 0|req: 320/643] 10.0.0.25 () {34 vars in 860 bytes} [Fri Jul 24 18:45:41 2026] GET /allocations/4c1433a0-9ceb-4b6f-845b-b19b2287e0a0 => generated 19 bytes in 10 msecs (HTTP/1.1 200) 8 headers in 295 bytes (1 switches on core 0)
2026-07-24 18:45:41.424 8 INFO placement.requestlog [req-3caea9f9-b635-4e82-aaaa-7c411a8702c3 req-b50076b5-7c7f-46da-8966-9ffcb4899be9 ab7a909429a4445997a912eee6665b0e 89719a70b97b434ba33fa2c9827a0ccb - - 0ba95e82e6174f718fc15701b3e563c2 0ba95e82e6174f718fc15701b3e563c2] 10.0.0.25 "PUT /allocations/4c1433a0-9ceb-4b6f-845b-b19b2287e0a0" status: 204 len: 0 microversion: 1.36 [pid: 8|app: 0|req: 324/644] 10.0.0.25 () {38 vars in 913 bytes} [Fri Jul 24 18:45:41 2026] PUT /allocations/4c1433a0-9ceb-4b6f-845b-b19b2287e0a0 => generated 0 bytes in 76 msecs (HTTP/1.1 204) 5 headers in 199 bytes (1 switches on core 0)
2026-07-24 18:45:42.979 7 INFO placement.requestlog [req-3caea9f9-b635-4e82-aaaa-7c411a8702c3 req-3231b181-33f6-47f5-a9a0-beae71ad2f39 ab7a909429a4445997a912eee6665b0e 89719a70b97b434ba33fa2c9827a0ccb - - 0ba95e82e6174f718fc15701b3e563c2 0ba95e82e6174f718fc15701b3e563c2] 199.204.45.74 "GET /allocations/4c1433a0-9ceb-4b6f-845b-b19b2287e0a0" status: 200 len: 257 microversion: 1.28 [pid: 7|app: 0|req: 321/645] 199.204.45.74 () {34 vars in 862 bytes} [Fri Jul 24 18:45:42 2026] GET /allocations/4c1433a0-9ceb-4b6f-845b-b19b2287e0a0 => generated 257 bytes in 15 msecs (HTTP/1.1 200) 8 headers in 296 bytes (1 switches on core 0)
2026-07-24 18:45:44.018 8 INFO placement.requestlog [req-3caea9f9-b635-4e82-aaaa-7c411a8702c3 req-9e9a2550-60a9-4adf-9379-16e0d9b95db9 ab7a909429a4445997a912eee6665b0e 89719a70b97b434ba33fa2c9827a0ccb - - 0ba95e82e6174f718fc15701b3e563c2 0ba95e82e6174f718fc15701b3e563c2] 199.204.45.74 "GET /resource_providers/b5929492-5ae1-441f-bfe1-966eca7d1337/allocations" status: 200 len: 152 microversion: 1.0 [pid: 8|app: 0|req: 325/646] 199.204.45.74 () {32 vars in 856 bytes} [Fri Jul 24 18:45:44 2026] GET /resource_providers/b5929492-5ae1-441f-bfe1-966eca7d1337/allocations => generated 152 bytes in 18 msecs (HTTP/1.1 200) 6 headers in 224 bytes (1 switches on core 0)
2026-07-24 18:45:44.037 7 INFO placement.requestlog [req-3caea9f9-b635-4e82-aaaa-7c411a8702c3 req-017ea746-a3b1-4cf0-804c-e33d8bc2ea12 ab7a909429a4445997a912eee6665b0e 89719a70b97b434ba33fa2c9827a0ccb - - 0ba95e82e6174f718fc15701b3e563c2 0ba95e82e6174f718fc15701b3e563c2] 199.204.45.74 "GET /allocations/4c1433a0-9ceb-4b6f-845b-b19b2287e0a0" status: 200 len: 257 microversion: 1.28 [pid: 7|app: 0|req: 322/647] 199.204.45.74 () {34 vars in 862 bytes} [Fri Jul 24 18:45:44 2026] GET /allocations/4c1433a0-9ceb-4b6f-845b-b19b2287e0a0 => generated 257 bytes in 12 msecs (HTTP/1.1 200) 8 headers in 296 bytes (1 switches on core 0)
2026-07-24 18:45:45.042 8 INFO placement.requestlog [req-0d2fd739-a94c-4266-8611-d61b81d02d4f req-2bbcded2-07f5-4d77-bf41-4df84965a415 ab7a909429a4445997a912eee6665b0e 89719a70b97b434ba33fa2c9827a0ccb - - 0ba95e82e6174f718fc15701b3e563c2 0ba95e82e6174f718fc15701b3e563c2] 10.0.0.25 "GET /allocation_candidates?limit=1000&resources=DISK_GB%3A1%2CMEMORY_MB%3A512%2CVCPU%3A1&root_required=%21COMPUTE_STATUS_DISABLED" status: 200 len: 2642 microversion: 1.36 [pid: 8|app: 0|req: 326/648] 10.0.0.25 () {34 vars in 1011 bytes} [Fri Jul 24 18:45:45 2026] GET /allocation_candidates?limit=1000&resources=DISK_GB%3A1%2CMEMORY_MB%3A512%2CVCPU%3A1&root_required=%21COMPUTE_STATUS_DISABLED => generated 2642 bytes in 42 msecs (HTTP/1.1 200) 8 headers in 297 bytes (1 switches on core 0)
2026-07-24 18:45:45.085 7 INFO placement.requestlog [req-0d2fd739-a94c-4266-8611-d61b81d02d4f req-a642b185-adf6-4d93-9870-00414259d53c ab7a909429a4445997a912eee6665b0e 89719a70b97b434ba33fa2c9827a0ccb - - 0ba95e82e6174f718fc15701b3e563c2 0ba95e82e6174f718fc15701b3e563c2] 10.0.0.25 "GET /allocations/50a0f79c-6a11-4e12-b9c5-8483da758473" status: 200 len: 19 microversion: 1.28 [pid: 7|app: 0|req: 323/649] 10.0.0.25 () {34 vars in 860 bytes} [Fri Jul 24 18:45:45 2026] GET /allocations/50a0f79c-6a11-4e12-b9c5-8483da758473 => generated 19 bytes in 6 msecs (HTTP/1.1 200) 8 headers in 295 bytes (1 switches on core 0)
2026-07-24 18:45:45.165 8 INFO placement.requestlog [req-0d2fd739-a94c-4266-8611-d61b81d02d4f req-7364aaae-b3cf-4227-8e1c-f1a1a42576c6 ab7a909429a4445997a912eee6665b0e 89719a70b97b434ba33fa2c9827a0ccb - - 0ba95e82e6174f718fc15701b3e563c2 0ba95e82e6174f718fc15701b3e563c2] 10.0.0.25 "PUT /allocations/50a0f79c-6a11-4e12-b9c5-8483da758473" status: 204 len: 0 microversion: 1.36 [pid: 8|app: 0|req: 327/650] 10.0.0.25 () {38 vars in 913 bytes} [Fri Jul 24 18:45:45 2026] PUT /allocations/50a0f79c-6a11-4e12-b9c5-8483da758473 => generated 0 bytes in 76 msecs (HTTP/1.1 204) 5 headers in 199 bytes (1 switches on core 0)
2026-07-24 18:45:45.351 7 INFO placement.requestlog [None req-6435a65d-b4db-49f7-b189-c1ad42b41768 f8b0fc17324240b28efd18c97206b832 89719a70b97b434ba33fa2c9827a0ccb - - 0ba95e82e6174f718fc15701b3e563c2 0ba95e82e6174f718fc15701b3e563c2] 10.0.0.58 "GET /resource_providers/979f9c32-0339-48d7-bd81-3445090beb74/aggregates" status: 404 len: 235 microversion: 1.1 [pid: 7|app: 0|req: 324/651] 10.0.0.58 () {32 vars in 815 bytes} [Fri Jul 24 18:45:45 2026] GET /resource_providers/979f9c32-0339-48d7-bd81-3445090beb74/aggregates => generated 235 bytes in 143 msecs (HTTP/1.1 404) 5 headers in 202 bytes (1 switches on core 0)
2026-07-24 18:45:45.379 7 INFO placement.requestlog [None req-6755ba24-3f9d-4842-96e0-0483dcd321fd f8b0fc17324240b28efd18c97206b832 89719a70b97b434ba33fa2c9827a0ccb - - 0ba95e82e6174f718fc15701b3e563c2 0ba95e82e6174f718fc15701b3e563c2] 10.0.0.58 "DELETE /resource_providers/979f9c32-0339-48d7-bd81-3445090beb74" status: 404 len: 246 microversion: 1.1 [pid: 7|app: 0|req: 325/652] 10.0.0.58 () {34 vars in 815 bytes} [Fri Jul 24 18:45:45 2026] DELETE /resource_providers/979f9c32-0339-48d7-bd81-3445090beb74 => generated 246 bytes in 11 msecs (HTTP/1.1 404) 6 headers in 231 bytes (1 switches on core 0)
2026-07-24 18:45:45.568 8 INFO placement.requestlog [None req-0e0aa5d1-8959-4cc8-9963-6759efe34980 f8b0fc17324240b28efd18c97206b832 89719a70b97b434ba33fa2c9827a0ccb - - 0ba95e82e6174f718fc15701b3e563c2 0ba95e82e6174f718fc15701b3e563c2] 10.0.0.58 "GET /resource_providers/979f9c32-0339-48d7-bd81-3445090beb74/aggregates" status: 404 len: 235 microversion: 1.1 [pid: 8|app: 0|req: 328/653] 10.0.0.58 () {32 vars in 815 bytes} [Fri Jul 24 18:45:45 2026] GET /resource_providers/979f9c32-0339-48d7-bd81-3445090beb74/aggregates => generated 235 bytes in 347 msecs (HTTP/1.1 404) 5 headers in 202 bytes (1 switches on core 0)
2026-07-24 18:45:45.768 8 INFO placement.requestlog [None req-999e9926-54a9-432f-b827-b06b0706646b f8b0fc17324240b28efd18c97206b832 89719a70b97b434ba33fa2c9827a0ccb - - 0ba95e82e6174f718fc15701b3e563c2 0ba95e82e6174f718fc15701b3e563c2] 10.0.0.58 "GET /resource_providers/e4a08a68-c719-461f-b2f8-70e4f979775f/aggregates" status: 404 len: 235 microversion: 1.1 [pid: 8|app: 0|req: 329/654] 10.0.0.58 () {32 vars in 815 bytes} [Fri Jul 24 18:45:45 2026] GET /resource_providers/e4a08a68-c719-461f-b2f8-70e4f979775f/aggregates => generated 235 bytes in 200 msecs (HTTP/1.1 404) 5 headers in 202 bytes (1 switches on core 0)
2026-07-24 18:45:45.769 7 INFO placement.requestlog [None req-d62f9480-ec8f-482e-bd75-65330f72ebd4 f8b0fc17324240b28efd18c97206b832 89719a70b97b434ba33fa2c9827a0ccb - - 0ba95e82e6174f718fc15701b3e563c2 0ba95e82e6174f718fc15701b3e563c2] 10.0.0.58 "GET /resource_providers/e4a08a68-c719-461f-b2f8-70e4f979775f/aggregates" status: 404 len: 235 microversion: 1.1 [pid: 7|app: 0|req: 326/655] 10.0.0.58 () {32 vars in 815 bytes} [Fri Jul 24 18:45:45 2026] GET /resource_providers/e4a08a68-c719-461f-b2f8-70e4f979775f/aggregates => generated 235 bytes in 218 msecs (HTTP/1.1 404) 5 headers in 202 bytes (1 switches on core 0)
2026-07-24 18:45:45.776 8 INFO placement.requestlog [None req-fc78e6f2-c216-4e47-96c6-f6228ffcb6c1 f8b0fc17324240b28efd18c97206b832 89719a70b97b434ba33fa2c9827a0ccb - - 0ba95e82e6174f718fc15701b3e563c2 0ba95e82e6174f718fc15701b3e563c2] 10.0.0.58 "DELETE /resource_providers/979f9c32-0339-48d7-bd81-3445090beb74" status: 404 len: 246 microversion: 1.1 [pid: 8|app: 0|req: 330/656] 10.0.0.58 () {34 vars in 815 bytes} [Fri Jul 24 18:45:45 2026] DELETE /resource_providers/979f9c32-0339-48d7-bd81-3445090beb74 => generated 246 bytes in 7 msecs (HTTP/1.1 404) 6 headers in 231 bytes (1 switches on core 0)
2026-07-24 18:45:45.787 8 INFO placement.requestlog [None req-51a3d76c-cfb2-49b7-9ea3-100e95f814fe f8b0fc17324240b28efd18c97206b832 89719a70b97b434ba33fa2c9827a0ccb - - 0ba95e82e6174f718fc15701b3e563c2 0ba95e82e6174f718fc15701b3e563c2] 10.0.0.58 "DELETE /resource_providers/e4a08a68-c719-461f-b2f8-70e4f979775f" status: 404 len: 246 microversion: 1.1
2026-07-24 18:45:45.787 7 INFO placement.requestlog [None req-80e7d9e4-b27c-48e4-a348-26403027eab3 f8b0fc17324240b28efd18c97206b832 89719a70b97b434ba33fa2c9827a0ccb - - 0ba95e82e6174f718fc15701b3e563c2 0ba95e82e6174f718fc15701b3e563c2] 10.0.0.58 "DELETE /resource_providers/e4a08a68-c719-461f-b2f8-70e4f979775f" status: 404 len: 246 microversion: 1.1 [pid: 8|app: 0|req: 331/657] 10.0.0.58 () {34 vars in 815 bytes} [Fri Jul 24 18:45:45 2026] DELETE /resource_providers/e4a08a68-c719-461f-b2f8-70e4f979775f => generated 246 bytes in 7 msecs (HTTP/1.1 404) 6 headers in 231 bytes (1 switches on core 0) [pid: 7|app: 0|req: 327/658] 10.0.0.58 () {34 vars in 815 bytes} [Fri Jul 24 18:45:45 2026] DELETE /resource_providers/e4a08a68-c719-461f-b2f8-70e4f979775f => generated 246 bytes in 9 msecs (HTTP/1.1 404) 6 headers in 231 bytes (1 switches on core 0)
2026-07-24 18:45:46.664 8 INFO placement.requestlog [req-0d2fd739-a94c-4266-8611-d61b81d02d4f req-2a0758ca-a987-4bbd-9bc2-7617f40597be ab7a909429a4445997a912eee6665b0e 89719a70b97b434ba33fa2c9827a0ccb - - 0ba95e82e6174f718fc15701b3e563c2 0ba95e82e6174f718fc15701b3e563c2] 199.204.45.74 "GET /allocations/50a0f79c-6a11-4e12-b9c5-8483da758473" status: 200 len: 257 microversion: 1.28 [pid: 8|app: 0|req: 332/659] 199.204.45.74 () {34 vars in 862 bytes} [Fri Jul 24 18:45:46 2026] GET /allocations/50a0f79c-6a11-4e12-b9c5-8483da758473 => generated 257 bytes in 22 msecs (HTTP/1.1 200) 8 headers in 296 bytes (1 switches on core 0)
2026-07-24 18:45:47.708 7 INFO placement.requestlog [req-0d2fd739-a94c-4266-8611-d61b81d02d4f req-542c0837-dafd-4949-b08d-93adf21d6e05 ab7a909429a4445997a912eee6665b0e 89719a70b97b434ba33fa2c9827a0ccb - - 0ba95e82e6174f718fc15701b3e563c2 0ba95e82e6174f718fc15701b3e563c2] 199.204.45.74 "GET /resource_providers/b5929492-5ae1-441f-bfe1-966eca7d1337/allocations" status: 200 len: 252 microversion: 1.0 [pid: 7|app: 0|req: 328/660] 199.204.45.74 () {32 vars in 856 bytes} [Fri Jul 24 18:45:47 2026] GET /resource_providers/b5929492-5ae1-441f-bfe1-966eca7d1337/allocations => generated 252 bytes in 15 msecs (HTTP/1.1 200) 6 headers in 224 bytes (1 switches on core 0)
2026-07-24 18:45:47.730 8 INFO placement.requestlog [req-0d2fd739-a94c-4266-8611-d61b81d02d4f req-1c416c8e-5b4e-4fa4-8ccb-b8283af13c5c ab7a909429a4445997a912eee6665b0e 89719a70b97b434ba33fa2c9827a0ccb - - 0ba95e82e6174f718fc15701b3e563c2 0ba95e82e6174f718fc15701b3e563c2] 199.204.45.74 "GET /allocations/4c1433a0-9ceb-4b6f-845b-b19b2287e0a0" status: 200 len: 257 microversion: 1.28 [pid: 8|app: 0|req: 333/661] 199.204.45.74 () {34 vars in 862 bytes} [Fri Jul 24 18:45:47 2026] GET /allocations/4c1433a0-9ceb-4b6f-845b-b19b2287e0a0 => generated 257 bytes in 15 msecs (HTTP/1.1 200) 8 headers in 296 bytes (1 switches on core 0)
2026-07-24 18:45:47.749 7 INFO placement.requestlog [req-0d2fd739-a94c-4266-8611-d61b81d02d4f req-a16b0b6f-561c-4f5a-80dc-b153eeec9c51 ab7a909429a4445997a912eee6665b0e 89719a70b97b434ba33fa2c9827a0ccb - - 0ba95e82e6174f718fc15701b3e563c2 0ba95e82e6174f718fc15701b3e563c2] 199.204.45.74 "GET /allocations/50a0f79c-6a11-4e12-b9c5-8483da758473" status: 200 len: 257 microversion: 1.28 [pid: 7|app: 0|req: 329/662] 199.204.45.74 () {34 vars in 862 bytes} [Fri Jul 24 18:45:47 2026] GET /allocations/50a0f79c-6a11-4e12-b9c5-8483da758473 => generated 257 bytes in 12 msecs (HTTP/1.1 200) 8 headers in 296 bytes (1 switches on core 0)
2026-07-24 18:45:49.753 8 INFO placement.requestlog [None req-b2508baf-21e5-492f-84aa-30f830e5512b - - - - - -] 10.0.0.75 "GET /" status: 200 len: 136 microversion: 1.0
2026-07-24 18:45:49.754 7 INFO placement.requestlog [None req-2163a72a-fbed-4e1b-bcea-ff46699386b8 - - - - - -] 10.0.0.75 "GET /" status: 200 len: 136 microversion: 1.0
2026-07-24 18:45:50.536 8 INFO placement.requestlog [req-4aee0f2d-8a2a-434b-82b7-462751098c46 req-89c411ec-4d7c-45be-a612-90a45aeb812f ab7a909429a4445997a912eee6665b0e 89719a70b97b434ba33fa2c9827a0ccb - - 0ba95e82e6174f718fc15701b3e563c2 0ba95e82e6174f718fc15701b3e563c2] 199.204.45.74 "GET /resource_providers/b5929492-5ae1-441f-bfe1-966eca7d1337/allocations" status: 200 len: 252 microversion: 1.0 [pid: 8|app: 0|req: 335/665] 199.204.45.74 () {32 vars in 856 bytes} [Fri Jul 24 18:45:50 2026] GET /resource_providers/b5929492-5ae1-441f-bfe1-966eca7d1337/allocations => generated 252 bytes in 17 msecs (HTTP/1.1 200) 6 headers in 224 bytes (1 switches on core 0)
2026-07-24 18:45:50.565 7 INFO placement.requestlog [req-4aee0f2d-8a2a-434b-82b7-462751098c46 req-a0ecfa6c-b09f-4986-b67d-18a2712a84c8 ab7a909429a4445997a912eee6665b0e 89719a70b97b434ba33fa2c9827a0ccb - - 0ba95e82e6174f718fc15701b3e563c2 0ba95e82e6174f718fc15701b3e563c2] 199.204.45.74 "GET /resource_providers/b5929492-5ae1-441f-bfe1-966eca7d1337/allocations" status: 200 len: 252 microversion: 1.0 [pid: 7|app: 0|req: 331/666] 199.204.45.74 () {32 vars in 856 bytes} [Fri Jul 24 18:45:50 2026] GET /resource_providers/b5929492-5ae1-441f-bfe1-966eca7d1337/allocations => generated 252 bytes in 26 msecs (HTTP/1.1 200) 6 headers in 224 bytes (1 switches on core 0)
2026-07-24 18:45:50.587 8 INFO placement.requestlog [req-4aee0f2d-8a2a-434b-82b7-462751098c46 req-cbafc724-357e-4997-9a78-e4a889ee9168 ab7a909429a4445997a912eee6665b0e 89719a70b97b434ba33fa2c9827a0ccb - - 0ba95e82e6174f718fc15701b3e563c2 0ba95e82e6174f718fc15701b3e563c2] 199.204.45.74 "GET /allocations/4c1433a0-9ceb-4b6f-845b-b19b2287e0a0" status: 200 len: 257 microversion: 1.28 [pid: 8|app: 0|req: 336/667] 199.204.45.74 () {34 vars in 862 bytes} [Fri Jul 24 18:45:50 2026] GET /allocations/4c1433a0-9ceb-4b6f-845b-b19b2287e0a0 => generated 257 bytes in 13 msecs (HTTP/1.1 200) 8 headers in 296 bytes (1 switches on core 0)
2026-07-24 18:45:50.604 7 INFO placement.requestlog [req-4aee0f2d-8a2a-434b-82b7-462751098c46 req-9a219e17-c7d2-4542-9ed0-4619a20f886f ab7a909429a4445997a912eee6665b0e 89719a70b97b434ba33fa2c9827a0ccb - - 0ba95e82e6174f718fc15701b3e563c2 0ba95e82e6174f718fc15701b3e563c2] 199.204.45.74 "GET /allocations/50a0f79c-6a11-4e12-b9c5-8483da758473" status: 200 len: 257 microversion: 1.28 [pid: 7|app: 0|req: 332/668] 199.204.45.74 () {34 vars in 862 bytes} [Fri Jul 24 18:45:50 2026] GET /allocations/50a0f79c-6a11-4e12-b9c5-8483da758473 => generated 257 bytes in 13 msecs (HTTP/1.1 200) 8 headers in 296 bytes (1 switches on core 0)
2026-07-24 18:45:57.703 8 INFO placement.requestlog [req-2a6e4417-9b0b-46d9-b129-9fe762e07648 req-afdaa4f0-c1b9-42de-b9c9-93ab4fc7cd68 ab7a909429a4445997a912eee6665b0e 89719a70b97b434ba33fa2c9827a0ccb - - 0ba95e82e6174f718fc15701b3e563c2 0ba95e82e6174f718fc15701b3e563c2] 10.0.0.25 "GET /allocation_candidates?limit=1000&resources=DISK_GB%3A1%2CMEMORY_MB%3A512%2CVCPU%3A1&root_required=%21COMPUTE_STATUS_DISABLED" status: 200 len: 2643 microversion: 1.36 [pid: 8|app: 0|req: 337/669] 10.0.0.25 () {34 vars in 1011 bytes} [Fri Jul 24 18:45:57 2026] GET /allocation_candidates?limit=1000&resources=DISK_GB%3A1%2CMEMORY_MB%3A512%2CVCPU%3A1&root_required=%21COMPUTE_STATUS_DISABLED => generated 2643 bytes in 43 msecs (HTTP/1.1 200) 8 headers in 297 bytes (1 switches on core 0)
2026-07-24 18:45:57.729 7 INFO placement.requestlog [req-2a6e4417-9b0b-46d9-b129-9fe762e07648 req-90db8ac6-0b2d-4017-aeaf-84a594da9ccc ab7a909429a4445997a912eee6665b0e 89719a70b97b434ba33fa2c9827a0ccb - - 0ba95e82e6174f718fc15701b3e563c2 0ba95e82e6174f718fc15701b3e563c2] 10.0.0.25 "GET /allocations/3b1b6e10-9d74-4e9c-b723-f020811ec174" status: 200 len: 19 microversion: 1.28 [pid: 7|app: 0|req: 333/670] 10.0.0.25 () {34 vars in 860 bytes} [Fri Jul 24 18:45:57 2026] GET /allocations/3b1b6e10-9d74-4e9c-b723-f020811ec174 => generated 19 bytes in 11 msecs (HTTP/1.1 200) 8 headers in 295 bytes (1 switches on core 0)
2026-07-24 18:45:57.799 8 INFO placement.requestlog [req-2a6e4417-9b0b-46d9-b129-9fe762e07648 req-05881075-1105-44af-9bfb-0b3c21047b31 ab7a909429a4445997a912eee6665b0e 89719a70b97b434ba33fa2c9827a0ccb - - 0ba95e82e6174f718fc15701b3e563c2 0ba95e82e6174f718fc15701b3e563c2] 10.0.0.25 "PUT /allocations/3b1b6e10-9d74-4e9c-b723-f020811ec174" status: 204 len: 0 microversion: 1.36 [pid: 8|app: 0|req: 338/671] 10.0.0.25 () {38 vars in 913 bytes} [Fri Jul 24 18:45:57 2026] PUT /allocations/3b1b6e10-9d74-4e9c-b723-f020811ec174 => generated 0 bytes in 64 msecs (HTTP/1.1 204) 5 headers in 199 bytes (1 switches on core 0)
2026-07-24 18:45:59.293 7 INFO placement.requestlog [req-2a6e4417-9b0b-46d9-b129-9fe762e07648 req-ae31566f-0891-4deb-bbba-778273f20a09 ab7a909429a4445997a912eee6665b0e 89719a70b97b434ba33fa2c9827a0ccb - - 0ba95e82e6174f718fc15701b3e563c2 0ba95e82e6174f718fc15701b3e563c2] 199.204.45.74 "GET /allocations/3b1b6e10-9d74-4e9c-b723-f020811ec174" status: 200 len: 257 microversion: 1.28 [pid: 7|app: 0|req: 334/672] 199.204.45.74 () {34 vars in 862 bytes} [Fri Jul 24 18:45:59 2026] GET /allocations/3b1b6e10-9d74-4e9c-b723-f020811ec174 => generated 257 bytes in 14 msecs (HTTP/1.1 200) 8 headers in 296 bytes (1 switches on core 0)
2026-07-24 18:45:59.753 7 INFO placement.requestlog [None req-a5b90abf-8ecb-4a4e-be85-398537d7c887 - - - - - -] 10.0.0.75 "GET /" status: 200 len: 136 microversion: 1.0
2026-07-24 18:45:59.753 8 INFO placement.requestlog [None req-7a4d6082-7bca-4723-b126-5b7b7be72364 - - - - - -] 10.0.0.75 "GET /" status: 200 len: 136 microversion: 1.0
2026-07-24 18:46:00.340 8 INFO placement.requestlog [req-2a6e4417-9b0b-46d9-b129-9fe762e07648 req-34798aaa-3daa-4981-b81e-34ef65e27590 ab7a909429a4445997a912eee6665b0e 89719a70b97b434ba33fa2c9827a0ccb - - 0ba95e82e6174f718fc15701b3e563c2 0ba95e82e6174f718fc15701b3e563c2] 199.204.45.74 "GET /resource_providers/b5929492-5ae1-441f-bfe1-966eca7d1337/allocations" status: 200 len: 352 microversion: 1.0 [pid: 8|app: 0|req: 340/675] 199.204.45.74 () {32 vars in 856 bytes} [Fri Jul 24 18:46:00 2026] GET /resource_providers/b5929492-5ae1-441f-bfe1-966eca7d1337/allocations => generated 352 bytes in 23 msecs (HTTP/1.1 200) 6 headers in 224 bytes (1 switches on core 0)
2026-07-24 18:46:00.358 7 INFO placement.requestlog [req-2a6e4417-9b0b-46d9-b129-9fe762e07648 req-ebad5a6f-e70c-49ea-9037-1fd8960bcc6b ab7a909429a4445997a912eee6665b0e 89719a70b97b434ba33fa2c9827a0ccb - - 0ba95e82e6174f718fc15701b3e563c2 0ba95e82e6174f718fc15701b3e563c2] 199.204.45.74 "GET /allocations/4c1433a0-9ceb-4b6f-845b-b19b2287e0a0" status: 200 len: 257 microversion: 1.28 [pid: 7|app: 0|req: 336/676] 199.204.45.74 () {34 vars in 862 bytes} [Fri Jul 24 18:46:00 2026] GET /allocations/4c1433a0-9ceb-4b6f-845b-b19b2287e0a0 => generated 257 bytes in 12 msecs (HTTP/1.1 200) 8 headers in 296 bytes (1 switches on core 0)
2026-07-24 18:46:00.376 8 INFO placement.requestlog [req-2a6e4417-9b0b-46d9-b129-9fe762e07648 req-5e19b0fd-152a-491f-bb82-95c6f2daa0f8 ab7a909429a4445997a912eee6665b0e 89719a70b97b434ba33fa2c9827a0ccb - - 0ba95e82e6174f718fc15701b3e563c2 0ba95e82e6174f718fc15701b3e563c2] 199.204.45.74 "GET /allocations/50a0f79c-6a11-4e12-b9c5-8483da758473" status: 200 len: 257 microversion: 1.28 [pid: 8|app: 0|req: 341/677] 199.204.45.74 () {34 vars in 862 bytes} [Fri Jul 24 18:46:00 2026] GET /allocations/50a0f79c-6a11-4e12-b9c5-8483da758473 => generated 257 bytes in 12 msecs (HTTP/1.1 200) 8 headers in 296 bytes (1 switches on core 0)
2026-07-24 18:46:00.397 7 INFO placement.requestlog [req-2a6e4417-9b0b-46d9-b129-9fe762e07648 req-a8e84240-d016-49e2-9677-490e7b7c0438 ab7a909429a4445997a912eee6665b0e 89719a70b97b434ba33fa2c9827a0ccb - - 0ba95e82e6174f718fc15701b3e563c2 0ba95e82e6174f718fc15701b3e563c2] 199.204.45.74 "GET /allocations/3b1b6e10-9d74-4e9c-b723-f020811ec174" status: 200 len: 257 microversion: 1.28 [pid: 7|app: 0|req: 337/678] 199.204.45.74 () {34 vars in 862 bytes} [Fri Jul 24 18:46:00 2026] GET /allocations/3b1b6e10-9d74-4e9c-b723-f020811ec174 => generated 257 bytes in 13 msecs (HTTP/1.1 200) 8 headers in 296 bytes (1 switches on core 0)
2026-07-24 18:46:02.530 8 INFO placement.requestlog [req-eb7e5656-1663-4ea1-931d-c302616f3eb8 req-8924cc40-1a58-483d-9015-1268cba0e04d ab7a909429a4445997a912eee6665b0e 89719a70b97b434ba33fa2c9827a0ccb - - 0ba95e82e6174f718fc15701b3e563c2 0ba95e82e6174f718fc15701b3e563c2] 10.0.0.25 "GET /allocation_candidates?limit=1000&resources=MEMORY_MB%3A512%2CVCPU%3A1&root_required=%21COMPUTE_STATUS_DISABLED" status: 200 len: 2629 microversion: 1.36 [pid: 8|app: 0|req: 342/679] 10.0.0.25 () {34 vars in 983 bytes} [Fri Jul 24 18:46:02 2026] GET /allocation_candidates?limit=1000&resources=MEMORY_MB%3A512%2CVCPU%3A1&root_required=%21COMPUTE_STATUS_DISABLED => generated 2629 bytes in 37 msecs (HTTP/1.1 200) 8 headers in 297 bytes (1 switches on core 0)
2026-07-24 18:46:02.551 7 INFO placement.requestlog [req-eb7e5656-1663-4ea1-931d-c302616f3eb8 req-583e54a3-886c-4ff4-a65b-5829470e6bb2 ab7a909429a4445997a912eee6665b0e 89719a70b97b434ba33fa2c9827a0ccb - - 0ba95e82e6174f718fc15701b3e563c2 0ba95e82e6174f718fc15701b3e563c2] 10.0.0.25 "GET /allocations/405185e1-b2ba-4c73-a896-dd1767918d96" status: 200 len: 19 microversion: 1.28 [pid: 7|app: 0|req: 338/680] 10.0.0.25 () {34 vars in 860 bytes} [Fri Jul 24 18:46:02 2026] GET /allocations/405185e1-b2ba-4c73-a896-dd1767918d96 => generated 19 bytes in 8 msecs (HTTP/1.1 200) 8 headers in 295 bytes (1 switches on core 0)
2026-07-24 18:46:02.641 8 INFO placement.requestlog [req-eb7e5656-1663-4ea1-931d-c302616f3eb8 req-cfda01e7-6a91-4212-8154-bbdde979f1e2 ab7a909429a4445997a912eee6665b0e 89719a70b97b434ba33fa2c9827a0ccb - - 0ba95e82e6174f718fc15701b3e563c2 0ba95e82e6174f718fc15701b3e563c2] 10.0.0.25 "PUT /allocations/405185e1-b2ba-4c73-a896-dd1767918d96" status: 204 len: 0 microversion: 1.36 [pid: 8|app: 0|req: 343/681] 10.0.0.25 () {38 vars in 913 bytes} [Fri Jul 24 18:46:02 2026] PUT /allocations/405185e1-b2ba-4c73-a896-dd1767918d96 => generated 0 bytes in 85 msecs (HTTP/1.1 204) 5 headers in 199 bytes (1 switches on core 0)
2026-07-24 18:46:04.353 7 INFO placement.requestlog [req-eb7e5656-1663-4ea1-931d-c302616f3eb8 req-9c8f97d0-bac3-443a-ad7e-57d1bc29fa59 ab7a909429a4445997a912eee6665b0e 89719a70b97b434ba33fa2c9827a0ccb - - 0ba95e82e6174f718fc15701b3e563c2 0ba95e82e6174f718fc15701b3e563c2] 199.204.45.74 "GET /allocations/405185e1-b2ba-4c73-a896-dd1767918d96" status: 200 len: 243 microversion: 1.28 [pid: 7|app: 0|req: 339/682] 199.204.45.74 () {34 vars in 862 bytes} [Fri Jul 24 18:46:04 2026] GET /allocations/405185e1-b2ba-4c73-a896-dd1767918d96 => generated 243 bytes in 34 msecs (HTTP/1.1 200) 8 headers in 296 bytes (1 switches on core 0)
2026-07-24 18:46:05.414 8 INFO placement.requestlog [req-eb7e5656-1663-4ea1-931d-c302616f3eb8 req-7655b908-4a79-4ce0-b4c6-230b3180c96e ab7a909429a4445997a912eee6665b0e 89719a70b97b434ba33fa2c9827a0ccb - - 0ba95e82e6174f718fc15701b3e563c2 0ba95e82e6174f718fc15701b3e563c2] 199.204.45.74 "GET /resource_providers/b5929492-5ae1-441f-bfe1-966eca7d1337/allocations" status: 200 len: 438 microversion: 1.0 [pid: 8|app: 0|req: 344/683] 199.204.45.74 () {32 vars in 856 bytes} [Fri Jul 24 18:46:05 2026] GET /resource_providers/b5929492-5ae1-441f-bfe1-966eca7d1337/allocations => generated 438 bytes in 31 msecs (HTTP/1.1 200) 6 headers in 224 bytes (1 switches on core 0)
2026-07-24 18:46:05.434 7 INFO placement.requestlog [req-eb7e5656-1663-4ea1-931d-c302616f3eb8 req-bf3cfd36-fced-4a96-aef6-afba8867fe73 ab7a909429a4445997a912eee6665b0e 89719a70b97b434ba33fa2c9827a0ccb - - 0ba95e82e6174f718fc15701b3e563c2 0ba95e82e6174f718fc15701b3e563c2] 199.204.45.74 "GET /allocations/4c1433a0-9ceb-4b6f-845b-b19b2287e0a0" status: 200 len: 257 microversion: 1.28 [pid: 7|app: 0|req: 340/684] 199.204.45.74 () {34 vars in 862 bytes} [Fri Jul 24 18:46:05 2026] GET /allocations/4c1433a0-9ceb-4b6f-845b-b19b2287e0a0 => generated 257 bytes in 12 msecs (HTTP/1.1 200) 8 headers in 296 bytes (1 switches on core 0)
2026-07-24 18:46:05.458 8 INFO placement.requestlog [req-eb7e5656-1663-4ea1-931d-c302616f3eb8 req-69fe1156-4e25-4baa-8c21-b0e21ef74554 ab7a909429a4445997a912eee6665b0e 89719a70b97b434ba33fa2c9827a0ccb - - 0ba95e82e6174f718fc15701b3e563c2 0ba95e82e6174f718fc15701b3e563c2] 199.204.45.74 "GET /allocations/405185e1-b2ba-4c73-a896-dd1767918d96" status: 200 len: 243 microversion: 1.28 [pid: 8|app: 0|req: 345/685] 199.204.45.74 () {34 vars in 862 bytes} [Fri Jul 24 18:46:05 2026] GET /allocations/405185e1-b2ba-4c73-a896-dd1767918d96 => generated 243 bytes in 19 msecs (HTTP/1.1 200) 8 headers in 296 bytes (1 switches on core 0)
2026-07-24 18:46:05.476 7 INFO placement.requestlog [req-eb7e5656-1663-4ea1-931d-c302616f3eb8 req-9b9f03e3-a2d2-4b40-a422-c7c149772ec4 ab7a909429a4445997a912eee6665b0e 89719a70b97b434ba33fa2c9827a0ccb - - 0ba95e82e6174f718fc15701b3e563c2 0ba95e82e6174f718fc15701b3e563c2] 199.204.45.74 "GET /allocations/50a0f79c-6a11-4e12-b9c5-8483da758473" status: 200 len: 257 microversion: 1.28 [pid: 7|app: 0|req: 341/686] 199.204.45.74 () {34 vars in 862 bytes} [Fri Jul 24 18:46:05 2026] GET /allocations/50a0f79c-6a11-4e12-b9c5-8483da758473 => generated 257 bytes in 11 msecs (HTTP/1.1 200) 8 headers in 296 bytes (1 switches on core 0)
2026-07-24 18:46:05.492 8 INFO placement.requestlog [req-eb7e5656-1663-4ea1-931d-c302616f3eb8 req-cc7f9883-1959-4963-9a3e-5648b1c9b549 ab7a909429a4445997a912eee6665b0e 89719a70b97b434ba33fa2c9827a0ccb - - 0ba95e82e6174f718fc15701b3e563c2 0ba95e82e6174f718fc15701b3e563c2] 199.204.45.74 "GET /allocations/3b1b6e10-9d74-4e9c-b723-f020811ec174" status: 200 len: 257 microversion: 1.28 [pid: 8|app: 0|req: 346/687] 199.204.45.74 () {34 vars in 862 bytes} [Fri Jul 24 18:46:05 2026] GET /allocations/3b1b6e10-9d74-4e9c-b723-f020811ec174 => generated 257 bytes in 12 msecs (HTTP/1.1 200) 8 headers in 296 bytes (1 switches on core 0)
2026-07-24 18:46:09.753 7 INFO placement.requestlog [None req-b67a9087-7dfc-4096-8b0d-f66fa6295599 - - - - - -] 10.0.0.75 "GET /" status: 200 len: 136 microversion: 1.0
2026-07-24 18:46:09.755 8 INFO placement.requestlog [None req-5c003121-c977-4748-8653-3d0b7a5e6617 - - - - - -] 10.0.0.75 "GET /" status: 200 len: 136 microversion: 1.0
2026-07-24 18:46:10.957 7 INFO placement.requestlog [req-d8cf3bff-2bef-4de2-bbcf-0bcbbc4edd32 req-32d21ab6-c473-4963-be28-b9ef9d2c6375 ab7a909429a4445997a912eee6665b0e 89719a70b97b434ba33fa2c9827a0ccb - - 0ba95e82e6174f718fc15701b3e563c2 0ba95e82e6174f718fc15701b3e563c2] 199.204.45.74 "GET /resource_providers/b5929492-5ae1-441f-bfe1-966eca7d1337/allocations" status: 200 len: 438 microversion: 1.0 [pid: 7|app: 0|req: 343/690] 199.204.45.74 () {32 vars in 856 bytes} [Fri Jul 24 18:46:10 2026] GET /resource_providers/b5929492-5ae1-441f-bfe1-966eca7d1337/allocations => generated 438 bytes in 23 msecs (HTTP/1.1 200) 6 headers in 224 bytes (1 switches on core 0)
2026-07-24 18:46:10.983 8 INFO placement.requestlog [req-d8cf3bff-2bef-4de2-bbcf-0bcbbc4edd32 req-35f4552c-05d6-425b-a7f1-09c9fbfe8822 ab7a909429a4445997a912eee6665b0e 89719a70b97b434ba33fa2c9827a0ccb - - 0ba95e82e6174f718fc15701b3e563c2 0ba95e82e6174f718fc15701b3e563c2] 199.204.45.74 "GET /allocations/4c1433a0-9ceb-4b6f-845b-b19b2287e0a0" status: 200 len: 257 microversion: 1.28 [pid: 8|app: 0|req: 348/691] 199.204.45.74 () {34 vars in 862 bytes} [Fri Jul 24 18:46:10 2026] GET /allocations/4c1433a0-9ceb-4b6f-845b-b19b2287e0a0 => generated 257 bytes in 15 msecs (HTTP/1.1 200) 8 headers in 296 bytes (1 switches on core 0)
2026-07-24 18:46:11.002 7 INFO placement.requestlog [req-d8cf3bff-2bef-4de2-bbcf-0bcbbc4edd32 req-54bb0294-24a6-4b34-a7cd-1001a14b3f64 ab7a909429a4445997a912eee6665b0e 89719a70b97b434ba33fa2c9827a0ccb - - 0ba95e82e6174f718fc15701b3e563c2 0ba95e82e6174f718fc15701b3e563c2] 199.204.45.74 "GET /allocations/405185e1-b2ba-4c73-a896-dd1767918d96" status: 200 len: 243 microversion: 1.28 [pid: 7|app: 0|req: 344/692] 199.204.45.74 () {34 vars in 862 bytes} [Fri Jul 24 18:46:10 2026] GET /allocations/405185e1-b2ba-4c73-a896-dd1767918d96 => generated 243 bytes in 13 msecs (HTTP/1.1 200) 8 headers in 296 bytes (1 switches on core 0)
2026-07-24 18:46:11.020 8 INFO placement.requestlog [req-d8cf3bff-2bef-4de2-bbcf-0bcbbc4edd32 req-a4d92514-d51d-4534-ad5c-4d078f75530e ab7a909429a4445997a912eee6665b0e 89719a70b97b434ba33fa2c9827a0ccb - - 0ba95e82e6174f718fc15701b3e563c2 0ba95e82e6174f718fc15701b3e563c2] 199.204.45.74 "GET /allocations/50a0f79c-6a11-4e12-b9c5-8483da758473" status: 200 len: 257 microversion: 1.28 [pid: 8|app: 0|req: 349/693] 199.204.45.74 () {34 vars in 862 bytes} [Fri Jul 24 18:46:11 2026] GET /allocations/50a0f79c-6a11-4e12-b9c5-8483da758473 => generated 257 bytes in 12 msecs (HTTP/1.1 200) 8 headers in 296 bytes (1 switches on core 0)
2026-07-24 18:46:11.039 7 INFO placement.requestlog [req-d8cf3bff-2bef-4de2-bbcf-0bcbbc4edd32 req-997c78ed-d153-4de4-ad9e-a1544c1ad77c ab7a909429a4445997a912eee6665b0e 89719a70b97b434ba33fa2c9827a0ccb - - 0ba95e82e6174f718fc15701b3e563c2 0ba95e82e6174f718fc15701b3e563c2] 199.204.45.74 "GET /allocations/3b1b6e10-9d74-4e9c-b723-f020811ec174" status: 200 len: 257 microversion: 1.28 [pid: 7|app: 0|req: 345/694] 199.204.45.74 () {34 vars in 862 bytes} [Fri Jul 24 18:46:11 2026] GET /allocations/3b1b6e10-9d74-4e9c-b723-f020811ec174 => generated 257 bytes in 13 msecs (HTTP/1.1 200) 8 headers in 296 bytes (1 switches on core 0)
2026-07-24 18:46:12.090 8 INFO placement.requestlog [req-d8cf3bff-2bef-4de2-bbcf-0bcbbc4edd32 req-564b96e2-8b19-485a-aab2-d7bc894fea9d ab7a909429a4445997a912eee6665b0e 89719a70b97b434ba33fa2c9827a0ccb - - 0ba95e82e6174f718fc15701b3e563c2 0ba95e82e6174f718fc15701b3e563c2] 199.204.45.74 "DELETE /allocations/50a0f79c-6a11-4e12-b9c5-8483da758473" status: 204 len: 0 microversion: 1.0 [pid: 8|app: 0|req: 350/695] 199.204.45.74 () {34 vars in 840 bytes} [Fri Jul 24 18:46:12 2026] DELETE /allocations/50a0f79c-6a11-4e12-b9c5-8483da758473 => generated 0 bytes in 19 msecs (HTTP/1.1 204) 5 headers in 198 bytes (1 switches on core 0)
2026-07-24 18:46:15.931 7 INFO placement.requestlog [None req-1a798457-b2dc-407c-b993-abce816e1e32 f8b0fc17324240b28efd18c97206b832 89719a70b97b434ba33fa2c9827a0ccb - - 0ba95e82e6174f718fc15701b3e563c2 0ba95e82e6174f718fc15701b3e563c2] 10.0.0.58 "GET /resource_providers/3084139a-c554-48dc-b1e1-30b601677d63/aggregates" status: 404 len: 235 microversion: 1.1 [pid: 7|app: 0|req: 346/696] 10.0.0.58 () {32 vars in 815 bytes} [Fri Jul 24 18:46:15 2026] GET /resource_providers/3084139a-c554-48dc-b1e1-30b601677d63/aggregates => generated 235 bytes in 10 msecs (HTTP/1.1 404) 5 headers in 202 bytes (1 switches on core 0)
2026-07-24 18:46:15.936 8 INFO placement.requestlog [None req-6833d278-4461-4290-b703-b816aeb1de3a f8b0fc17324240b28efd18c97206b832 89719a70b97b434ba33fa2c9827a0ccb - - 0ba95e82e6174f718fc15701b3e563c2 0ba95e82e6174f718fc15701b3e563c2] 10.0.0.58 "GET /resource_providers/3084139a-c554-48dc-b1e1-30b601677d63/aggregates" status: 404 len: 235 microversion: 1.1 [pid: 8|app: 0|req: 351/697] 10.0.0.58 () {32 vars in 815 bytes} [Fri Jul 24 18:46:15 2026] GET /resource_providers/3084139a-c554-48dc-b1e1-30b601677d63/aggregates => generated 235 bytes in 15 msecs (HTTP/1.1 404) 5 headers in 202 bytes (1 switches on core 0)
2026-07-24 18:46:15.959 7 INFO placement.requestlog [None req-a592f1a1-c12d-43db-8a75-f173fdc9eaec f8b0fc17324240b28efd18c97206b832 89719a70b97b434ba33fa2c9827a0ccb - - 0ba95e82e6174f718fc15701b3e563c2 0ba95e82e6174f718fc15701b3e563c2] 10.0.0.58 "DELETE /resource_providers/3084139a-c554-48dc-b1e1-30b601677d63" status: 404 len: 246 microversion: 1.1 [pid: 7|app: 0|req: 347/698] 10.0.0.58 () {34 vars in 815 bytes} [Fri Jul 24 18:46:15 2026] DELETE /resource_providers/3084139a-c554-48dc-b1e1-30b601677d63 => generated 246 bytes in 16 msecs (HTTP/1.1 404) 6 headers in 231 bytes (1 switches on core 0)
