Apr 02 05:56:38.309111 np0000162739 neutron-periodic-workers[103978]: DEBUG cotyledon.oslo_config_glue [-] ml2.tunnelled_network_rp_name = rp_tunnelled {{(pid=103978) log_opt_values /opt/stack/data/venv/lib/python3.12/site-packages/oslo_config/cfg.py:3006}}
Apr 02 05:56:38.309111 np0000162739 neutron-periodic-workers[103978]: DEBUG cotyledon.oslo_config_glue [-] ml2.type_drivers = ['local', 'flat', 'vlan', 'geneve'] {{(pid=103978) log_opt_values /opt/stack/data/venv/lib/python3.12/site-packages/oslo_config/cfg.py:3006}}
Apr 02 05:56:38.309311 np0000162739 neutron-periodic-workers[103978]: DEBUG cotyledon.oslo_config_glue [-] ml2_type_flat.flat_networks = ['public'] {{(pid=103978) log_opt_values /opt/stack/data/venv/lib/python3.12/site-packages/oslo_config/cfg.py:3006}}
Apr 02 05:56:38.309311 np0000162739 neutron-periodic-workers[103978]: DEBUG cotyledon.oslo_config_glue [-] ml2_type_geneve.max_header_size = 38 {{(pid=103978) log_opt_values /opt/stack/data/venv/lib/python3.12/site-packages/oslo_config/cfg.py:3006}}
Apr 02 05:56:38.309311 np0000162739 neutron-periodic-workers[103978]: DEBUG cotyledon.oslo_config_glue [-] ml2_type_geneve.vni_ranges = ['1:65536'] {{(pid=103978) log_opt_values /opt/stack/data/venv/lib/python3.12/site-packages/oslo_config/cfg.py:3006}}
Apr 02 05:56:38.309311 np0000162739 neutron-periodic-workers[103978]: DEBUG cotyledon.oslo_config_glue [-] ml2_type_vlan.network_vlan_ranges = ['public'] {{(pid=103978) log_opt_values /opt/stack/data/venv/lib/python3.12/site-packages/oslo_config/cfg.py:3006}}
Apr 02 05:56:38.309311 np0000162739 neutron-periodic-workers[103978]: DEBUG cotyledon.oslo_config_glue [-] network_log.burst_limit = 25 {{(pid=103978) log_opt_values /opt/stack/data/venv/lib/python3.12/site-packages/oslo_config/cfg.py:3006}}
Apr 02 05:56:38.309311 np0000162739 neutron-periodic-workers[103978]: DEBUG cotyledon.oslo_config_glue [-] network_log.local_output_log_base = None {{(pid=103978) log_opt_values /opt/stack/data/venv/lib/python3.12/site-packages/oslo_config/cfg.py:3006}}
Apr 02 05:56:38.309311 np0000162739 neutron-periodic-workers[103978]: DEBUG cotyledon.oslo_config_glue [-] network_log.rate_limit = 100 {{(pid=103978) log_opt_values /opt/stack/data/venv/lib/python3.12/site-packages/oslo_config/cfg.py:3006}}
Apr 02 05:56:38.309311 np0000162739 neutron-periodic-workers[103978]: DEBUG cotyledon.oslo_config_glue [-] database.asyncio_connection = **** {{(pid=103978) log_opt_values /opt/stack/data/venv/lib/python3.12/site-packages/oslo_config/cfg.py:3006}}
Apr 02 05:56:38.309311 np0000162739 neutron-periodic-workers[103978]: DEBUG cotyledon.oslo_config_glue [-] database.asyncio_slave_connection = **** {{(pid=103978) log_opt_values /opt/stack/data/venv/lib/python3.12/site-packages/oslo_config/cfg.py:3006}}
Apr 02 05:56:38.309517 np0000162739 neutron-periodic-workers[103978]: DEBUG cotyledon.oslo_config_glue [-] database.backend = sqlalchemy {{(pid=103978) log_opt_values /opt/stack/data/venv/lib/python3.12/site-packages/oslo_config/cfg.py:3006}}
Apr 02 05:56:38.309517 np0000162739 neutron-periodic-workers[103978]: DEBUG cotyledon.oslo_config_glue [-] database.connection = **** {{(pid=103978) log_opt_values /opt/stack/data/venv/lib/python3.12/site-packages/oslo_config/cfg.py:3006}}
Apr 02 05:56:38.309517 np0000162739 neutron-periodic-workers[103978]: DEBUG cotyledon.oslo_config_glue [-] database.connection_debug = 0 {{(pid=103978) log_opt_values /opt/stack/data/venv/lib/python3.12/site-packages/oslo_config/cfg.py:3006}}
Apr 02 05:56:38.309517 np0000162739 neutron-periodic-workers[103978]: DEBUG cotyledon.oslo_config_glue [-] database.connection_parameters = {{(pid=103978) log_opt_values /opt/stack/data/venv/lib/python3.12/site-packages/oslo_config/cfg.py:3006}}
Apr 02 05:56:38.309517 np0000162739 neutron-periodic-workers[103978]: DEBUG cotyledon.oslo_config_glue [-] database.connection_recycle_time = 3600 {{(pid=103978) log_opt_values /opt/stack/data/venv/lib/python3.12/site-packages/oslo_config/cfg.py:3006}}
Apr 02 05:56:38.309517 np0000162739 neutron-periodic-workers[103978]: DEBUG cotyledon.oslo_config_glue [-] database.connection_trace = False {{(pid=103978) log_opt_values /opt/stack/data/venv/lib/python3.12/site-packages/oslo_config/cfg.py:3006}}
Apr 02 05:56:38.309517 np0000162739 neutron-periodic-workers[103978]: DEBUG cotyledon.oslo_config_glue [-] database.db_inc_retry_interval = True {{(pid=103978) log_opt_values /opt/stack/data/venv/lib/python3.12/site-packages/oslo_config/cfg.py:3006}}
Apr 02 05:56:38.309517 np0000162739 neutron-periodic-workers[103978]: DEBUG cotyledon.oslo_config_glue [-] database.db_max_retries = 20 {{(pid=103978) log_opt_values /opt/stack/data/venv/lib/python3.12/site-packages/oslo_config/cfg.py:3006}}
Apr 02 05:56:38.309517 np0000162739 neutron-periodic-workers[103978]: DEBUG cotyledon.oslo_config_glue [-] database.db_max_retry_interval = 10 {{(pid=103978) log_opt_values /opt/stack/data/venv/lib/python3.12/site-packages/oslo_config/cfg.py:3006}}
Apr 02 05:56:38.309720 np0000162739 neutron-periodic-workers[103978]: DEBUG cotyledon.oslo_config_glue [-] database.db_retry_interval = 1 {{(pid=103978) log_opt_values /opt/stack/data/venv/lib/python3.12/site-packages/oslo_config/cfg.py:3006}}
Apr 02 05:56:38.309720 np0000162739 neutron-periodic-workers[103978]: DEBUG cotyledon.oslo_config_glue [-] database.max_overflow = 50 {{(pid=103978) log_opt_values /opt/stack/data/venv/lib/python3.12/site-packages/oslo_config/cfg.py:3006}}
Apr 02 05:56:38.309720 np0000162739 neutron-periodic-workers[103978]: DEBUG cotyledon.oslo_config_glue [-] database.max_pool_size = 5 {{(pid=103978) log_opt_values /opt/stack/data/venv/lib/python3.12/site-packages/oslo_config/cfg.py:3006}}
Apr 02 05:56:38.309720 np0000162739 neutron-periodic-workers[103978]: DEBUG cotyledon.oslo_config_glue [-] database.max_retries = 10 {{(pid=103978) log_opt_values /opt/stack/data/venv/lib/python3.12/site-packages/oslo_config/cfg.py:3006}}
Apr 02 05:56:38.309720 np0000162739 neutron-periodic-workers[103978]: DEBUG cotyledon.oslo_config_glue [-] database.mysql_sql_mode = TRADITIONAL {{(pid=103978) log_opt_values /opt/stack/data/venv/lib/python3.12/site-packages/oslo_config/cfg.py:3006}}
Apr 02 05:56:38.309720 np0000162739 neutron-periodic-workers[103978]: DEBUG cotyledon.oslo_config_glue [-] database.mysql_wsrep_sync_wait = None {{(pid=103978) log_opt_values /opt/stack/data/venv/lib/python3.12/site-packages/oslo_config/cfg.py:3006}}
Apr 02 05:56:38.309720 np0000162739 neutron-periodic-workers[103978]: DEBUG cotyledon.oslo_config_glue [-] database.pool_timeout = None {{(pid=103978) log_opt_values /opt/stack/data/venv/lib/python3.12/site-packages/oslo_config/cfg.py:3006}}
Apr 02 05:56:38.309720 np0000162739 neutron-periodic-workers[103978]: DEBUG cotyledon.oslo_config_glue [-] database.retry_interval = 10 {{(pid=103978) log_opt_values /opt/stack/data/venv/lib/python3.12/site-packages/oslo_config/cfg.py:3006}}
Apr 02 05:56:38.309720 np0000162739 neutron-periodic-workers[103978]: DEBUG cotyledon.oslo_config_glue [-] database.slave_connection = **** {{(pid=103978) log_opt_values /opt/stack/data/venv/lib/python3.12/site-packages/oslo_config/cfg.py:3006}}
Apr 02 05:56:38.309929 np0000162739 neutron-periodic-workers[103978]: DEBUG cotyledon.oslo_config_glue [-] database.sqlite_synchronous = True {{(pid=103978) log_opt_values /opt/stack/data/venv/lib/python3.12/site-packages/oslo_config/cfg.py:3006}}
Apr 02 05:56:38.309929 np0000162739 neutron-periodic-workers[103978]: DEBUG cotyledon.oslo_config_glue [-] database.synchronous_reader = True {{(pid=103978) log_opt_values /opt/stack/data/venv/lib/python3.12/site-packages/oslo_config/cfg.py:3006}}
Apr 02 05:56:38.309929 np0000162739 neutron-periodic-workers[103978]: DEBUG cotyledon.oslo_config_glue [-] database.use_db_reconnect = False {{(pid=103978) log_opt_values /opt/stack/data/venv/lib/python3.12/site-packages/oslo_config/cfg.py:3006}}
Apr 02 05:56:38.309929 np0000162739 neutron-periodic-workers[103978]: DEBUG cotyledon.oslo_config_glue [-] ovn.bfd_min_rx = 1000 {{(pid=103978) log_opt_values /opt/stack/data/venv/lib/python3.12/site-packages/oslo_config/cfg.py:3006}}
Apr 02 05:56:38.309929 np0000162739 neutron-periodic-workers[103978]: DEBUG cotyledon.oslo_config_glue [-] ovn.bfd_min_tx = 100 {{(pid=103978) log_opt_values /opt/stack/data/venv/lib/python3.12/site-packages/oslo_config/cfg.py:3006}}
Apr 02 05:56:38.309929 np0000162739 neutron-periodic-workers[103978]: DEBUG cotyledon.oslo_config_glue [-] ovn.bfd_mult = 3 {{(pid=103978) log_opt_values /opt/stack/data/venv/lib/python3.12/site-packages/oslo_config/cfg.py:3006}}
Apr 02 05:56:38.309929 np0000162739 neutron-periodic-workers[103978]: DEBUG cotyledon.oslo_config_glue [-] ovn.broadcast_arps_to_all_routers = True {{(pid=103978) log_opt_values /opt/stack/data/venv/lib/python3.12/site-packages/oslo_config/cfg.py:3006}}
Apr 02 05:56:38.309929 np0000162739 neutron-periodic-workers[103978]: DEBUG cotyledon.oslo_config_glue [-] ovn.dhcp_default_lease_time = 43200 {{(pid=103978) log_opt_values /opt/stack/data/venv/lib/python3.12/site-packages/oslo_config/cfg.py:3006}}
Apr 02 05:56:38.309929 np0000162739 neutron-periodic-workers[103978]: DEBUG cotyledon.oslo_config_glue [-] ovn.disable_ovn_dhcp_for_baremetal_ports = False {{(pid=103978) log_opt_values /opt/stack/data/venv/lib/python3.12/site-packages/oslo_config/cfg.py:3006}}
Apr 02 05:56:38.310197 np0000162739 neutron-periodic-workers[103978]: DEBUG cotyledon.oslo_config_glue [-] ovn.dns_records_ovn_owned = False {{(pid=103978) log_opt_values /opt/stack/data/venv/lib/python3.12/site-packages/oslo_config/cfg.py:3006}}
Apr 02 05:56:38.310197 np0000162739 neutron-periodic-workers[103978]: DEBUG cotyledon.oslo_config_glue [-] ovn.dns_servers = [] {{(pid=103978) log_opt_values /opt/stack/data/venv/lib/python3.12/site-packages/oslo_config/cfg.py:3006}}
Apr 02 05:56:38.310197 np0000162739 neutron-periodic-workers[103978]: DEBUG cotyledon.oslo_config_glue [-] ovn.enable_distributed_floating_ip = False {{(pid=103978) log_opt_values /opt/stack/data/venv/lib/python3.12/site-packages/oslo_config/cfg.py:3006}}
Apr 02 05:56:38.310197 np0000162739 neutron-periodic-workers[103978]: DEBUG cotyledon.oslo_config_glue [-] ovn.fdb_age_threshold = 300 {{(pid=103978) log_opt_values /opt/stack/data/venv/lib/python3.12/site-packages/oslo_config/cfg.py:3006}}
Apr 02 05:56:38.310197 np0000162739 neutron-periodic-workers[103978]: DEBUG cotyledon.oslo_config_glue [-] ovn.ha_failover_strategy = normal {{(pid=103978) log_opt_values /opt/stack/data/venv/lib/python3.12/site-packages/oslo_config/cfg.py:3006}}
Apr 02 05:56:38.310197 np0000162739 neutron-periodic-workers[103978]: DEBUG cotyledon.oslo_config_glue [-] ovn.live_migration_activation_strategy = rarp {{(pid=103978) log_opt_values /opt/stack/data/venv/lib/python3.12/site-packages/oslo_config/cfg.py:3006}}
Apr 02 05:56:38.310197 np0000162739 neutron-periodic-workers[103978]: DEBUG cotyledon.oslo_config_glue [-] ovn.localnet_learn_fdb = False {{(pid=103978) log_opt_values /opt/stack/data/venv/lib/python3.12/site-packages/oslo_config/cfg.py:3006}}
Apr 02 05:56:38.310197 np0000162739 neutron-periodic-workers[103978]: DEBUG cotyledon.oslo_config_glue [-] ovn.mac_binding_age_threshold = 300 {{(pid=103978) log_opt_values /opt/stack/data/venv/lib/python3.12/site-packages/oslo_config/cfg.py:3006}}
Apr 02 05:56:38.310197 np0000162739 neutron-periodic-workers[103978]: DEBUG cotyledon.oslo_config_glue [-] ovn.neutron_sync_mode = log {{(pid=103978) log_opt_values /opt/stack/data/venv/lib/python3.12/site-packages/oslo_config/cfg.py:3006}}
Apr 02 05:56:38.310411 np0000162739 neutron-periodic-workers[103978]: DEBUG cotyledon.oslo_config_glue [-] ovn.ovn_dhcp4_global_options = {} {{(pid=103978) log_opt_values /opt/stack/data/venv/lib/python3.12/site-packages/oslo_config/cfg.py:3006}}
Apr 02 05:56:38.310411 np0000162739 neutron-periodic-workers[103978]: DEBUG cotyledon.oslo_config_glue [-] ovn.ovn_dhcp6_global_options = {} {{(pid=103978) log_opt_values /opt/stack/data/venv/lib/python3.12/site-packages/oslo_config/cfg.py:3006}}
Apr 02 05:56:38.310411 np0000162739 neutron-periodic-workers[103978]: DEBUG cotyledon.oslo_config_glue [-] ovn.ovn_l3_scheduler = leastloaded {{(pid=103978) log_opt_values /opt/stack/data/venv/lib/python3.12/site-packages/oslo_config/cfg.py:3006}}
Apr 02 05:56:38.310411 np0000162739 neutron-periodic-workers[103978]: DEBUG cotyledon.oslo_config_glue [-] ovn.ovn_metadata_enabled = True {{(pid=103978) log_opt_values /opt/stack/data/venv/lib/python3.12/site-packages/oslo_config/cfg.py:3006}}
Apr 02 05:56:38.310411 np0000162739 neutron-periodic-workers[103978]: DEBUG cotyledon.oslo_config_glue [-] ovn.ovn_nb_ca_cert = /opt/stack/data/CA/int-ca/ca-chain.pem {{(pid=103978) log_opt_values /opt/stack/data/venv/lib/python3.12/site-packages/oslo_config/cfg.py:3006}}
Apr 02 05:56:38.310411 np0000162739 neutron-periodic-workers[103978]: DEBUG cotyledon.oslo_config_glue [-] ovn.ovn_nb_certificate = /opt/stack/data/CA/int-ca/devstack-cert.crt {{(pid=103978) log_opt_values /opt/stack/data/venv/lib/python3.12/site-packages/oslo_config/cfg.py:3006}}
Apr 02 05:56:38.310411 np0000162739 neutron-periodic-workers[103978]: DEBUG cotyledon.oslo_config_glue [-] ovn.ovn_nb_connection = ['ssl:199.19.213.159:6641'] {{(pid=103978) log_opt_values /opt/stack/data/venv/lib/python3.12/site-packages/oslo_config/cfg.py:3006}}
Apr 02 05:56:38.310411 np0000162739 neutron-periodic-workers[103978]: DEBUG cotyledon.oslo_config_glue [-] ovn.ovn_nb_private_key = /opt/stack/data/CA/int-ca/private/devstack-cert.key {{(pid=103978) log_opt_values /opt/stack/data/venv/lib/python3.12/site-packages/oslo_config/cfg.py:3006}}
Apr 02 05:56:38.310603 np0000162739 neutron-periodic-workers[103978]: DEBUG cotyledon.oslo_config_glue [-] ovn.ovn_router_indirect_snat = False {{(pid=103978) log_opt_values /opt/stack/data/venv/lib/python3.12/site-packages/oslo_config/cfg.py:3006}}
Apr 02 05:56:38.310603 np0000162739 neutron-periodic-workers[103978]: DEBUG cotyledon.oslo_config_glue [-] ovn.ovn_sb_ca_cert = /opt/stack/data/CA/int-ca/ca-chain.pem {{(pid=103978) log_opt_values /opt/stack/data/venv/lib/python3.12/site-packages/oslo_config/cfg.py:3006}}
Apr 02 05:56:38.310603 np0000162739 neutron-periodic-workers[103978]: DEBUG cotyledon.oslo_config_glue [-] ovn.ovn_sb_certificate = /opt/stack/data/CA/int-ca/devstack-cert.crt {{(pid=103978) log_opt_values /opt/stack/data/venv/lib/python3.12/site-packages/oslo_config/cfg.py:3006}}
Apr 02 05:56:38.310603 np0000162739 neutron-periodic-workers[103978]: DEBUG cotyledon.oslo_config_glue [-] ovn.ovn_sb_connection = ['ssl:199.19.213.159:6642'] {{(pid=103978) log_opt_values /opt/stack/data/venv/lib/python3.12/site-packages/oslo_config/cfg.py:3006}}
Apr 02 05:56:38.310603 np0000162739 neutron-periodic-workers[103978]: DEBUG cotyledon.oslo_config_glue [-] ovn.ovn_sb_private_key = /opt/stack/data/CA/int-ca/private/devstack-cert.key {{(pid=103978) log_opt_values /opt/stack/data/venv/lib/python3.12/site-packages/oslo_config/cfg.py:3006}}
Apr 02 05:56:38.310603 np0000162739 neutron-periodic-workers[103978]: DEBUG cotyledon.oslo_config_glue [-] ovn.ovs_create_tap = False {{(pid=103978) log_opt_values /opt/stack/data/venv/lib/python3.12/site-packages/oslo_config/cfg.py:3006}}
Apr 02 05:56:38.310603 np0000162739 neutron-periodic-workers[103978]: DEBUG cotyledon.oslo_config_glue [-] ovn.ovsdb_connection_timeout = 180 {{(pid=103978) log_opt_values /opt/stack/data/venv/lib/python3.12/site-packages/oslo_config/cfg.py:3006}}
Apr 02 05:56:38.310603 np0000162739 neutron-periodic-workers[103978]: DEBUG cotyledon.oslo_config_glue [-] ovn.ovsdb_log_level = INFO {{(pid=103978) log_opt_values /opt/stack/data/venv/lib/python3.12/site-packages/oslo_config/cfg.py:3006}}
Apr 02 05:56:38.310796 np0000162739 neutron-periodic-workers[103978]: DEBUG cotyledon.oslo_config_glue [-] ovn.ovsdb_probe_interval = 60000 {{(pid=103978) log_opt_values /opt/stack/data/venv/lib/python3.12/site-packages/oslo_config/cfg.py:3006}}
Apr 02 05:56:38.310796 np0000162739 neutron-periodic-workers[103978]: DEBUG cotyledon.oslo_config_glue [-] ovn.ovsdb_retry_max_interval = 180 {{(pid=103978) log_opt_values /opt/stack/data/venv/lib/python3.12/site-packages/oslo_config/cfg.py:3006}}
Apr 02 05:56:38.310796 np0000162739 neutron-periodic-workers[103978]: DEBUG cotyledon.oslo_config_glue [-] ovn.stateless_nat_enabled = False {{(pid=103978) log_opt_values /opt/stack/data/venv/lib/python3.12/site-packages/oslo_config/cfg.py:3006}}
Apr 02 05:56:38.310796 np0000162739 neutron-periodic-workers[103978]: DEBUG cotyledon.oslo_config_glue [-] ovn.vhost_sock_dir = /var/run/openvswitch {{(pid=103978) log_opt_values /opt/stack/data/venv/lib/python3.12/site-packages/oslo_config/cfg.py:3006}}
Apr 02 05:56:38.310796 np0000162739 neutron-periodic-workers[103978]: DEBUG cotyledon.oslo_config_glue [-] OVS.bridge_mac_table_size = 50000 {{(pid=103978) log_opt_values /opt/stack/data/venv/lib/python3.12/site-packages/oslo_config/cfg.py:3006}}
Apr 02 05:56:38.310796 np0000162739 neutron-periodic-workers[103978]: DEBUG cotyledon.oslo_config_glue [-] OVS.igmp_flood = False {{(pid=103978) log_opt_values /opt/stack/data/venv/lib/python3.12/site-packages/oslo_config/cfg.py:3006}}
Apr 02 05:56:38.310796 np0000162739 neutron-periodic-workers[103978]: DEBUG cotyledon.oslo_config_glue [-] OVS.igmp_flood_reports = True {{(pid=103978) log_opt_values /opt/stack/data/venv/lib/python3.12/site-packages/oslo_config/cfg.py:3006}}
Apr 02 05:56:38.310796 np0000162739 neutron-periodic-workers[103978]: DEBUG cotyledon.oslo_config_glue [-] OVS.igmp_flood_unregistered = False {{(pid=103978) log_opt_values /opt/stack/data/venv/lib/python3.12/site-packages/oslo_config/cfg.py:3006}}
Apr 02 05:56:38.310796 np0000162739 neutron-periodic-workers[103978]: DEBUG cotyledon.oslo_config_glue [-] OVS.igmp_snooping_enable = False {{(pid=103978) log_opt_values /opt/stack/data/venv/lib/python3.12/site-packages/oslo_config/cfg.py:3006}}
Apr 02 05:56:38.311008 np0000162739 neutron-periodic-workers[103978]: DEBUG cotyledon.oslo_config_glue [-] OVS.ovsdb_timeout = 10 {{(pid=103978) log_opt_values /opt/stack/data/venv/lib/python3.12/site-packages/oslo_config/cfg.py:3006}}
Apr 02 05:56:38.311008 np0000162739 neutron-periodic-workers[103978]: DEBUG cotyledon.oslo_config_glue [-] ovn_nb_global.fdb_removal_limit = 0 {{(pid=103978) log_opt_values /opt/stack/data/venv/lib/python3.12/site-packages/oslo_config/cfg.py:3006}}
Apr 02 05:56:38.311008 np0000162739 neutron-periodic-workers[103978]: DEBUG cotyledon.oslo_config_glue [-] ovn_nb_global.ignore_lsp_down = False {{(pid=103978) log_opt_values /opt/stack/data/venv/lib/python3.12/site-packages/oslo_config/cfg.py:3006}}
Apr 02 05:56:38.311008 np0000162739 neutron-periodic-workers[103978]: DEBUG cotyledon.oslo_config_glue [-] ovn_nb_global.mac_binding_removal_limit = 0 {{(pid=103978) log_opt_values /opt/stack/data/venv/lib/python3.12/site-packages/oslo_config/cfg.py:3006}}
Apr 02 05:56:38.311008 np0000162739 neutron-periodic-workers[103978]: DEBUG cotyledon.oslo_config_glue [-] ******************************************************************************** {{(pid=103978) log_opt_values /opt/stack/data/venv/lib/python3.12/site-packages/oslo_config/cfg.py:3013}}
Apr 02 05:56:38.311008 np0000162739 neutron-periodic-workers[103978]: DEBUG cotyledon._service_worker [-] Run service ServiceWrapper(0) [103978] {{(pid=103978) wait_forever /opt/stack/data/venv/lib/python3.12/site-packages/cotyledon/_service_worker.py:218}}
Apr 02 05:56:47.936759 np0000162739 neutron-periodic-workers[103175]: DEBUG dbcounter [-] [103175] Writing DB stats neutron:SELECT=4 {{(pid=103175) stat_writer /opt/stack/data/venv/lib/python3.12/site-packages/dbcounter.py:115}}
Apr 02 05:56:56.319171 np0000162739 neutron-periodic-workers[103978]: DEBUG oslo_db.sqlalchemy.engines [None req-6649f563-7e5b-4a9a-8bef-709caee6a66e None None] Parent process 103175 forked (103978) with an open database connection, which is being discarded and recreated. {{(pid=103978) checkout /opt/stack/data/venv/lib/python3.12/site-packages/oslo_db/sqlalchemy/engines.py:402}}
Apr 02 05:56:56.344973 np0000162739 neutron-periodic-workers[103978]: DEBUG dbcounter [-] [103978] Writer thread running {{(pid=103978) stat_writer /opt/stack/data/venv/lib/python3.12/site-packages/dbcounter.py:102}}
Apr 02 05:56:56.359109 np0000162739 neutron-periodic-workers[103978]: DEBUG oslo.service.backend._threading.loopingcall [None req-6649f563-7e5b-4a9a-8bef-709caee6a66e None None] Fixed interval looping call 'neutron.services.ovn_l3.plugin.L3_NAT_dbonly_mixin._clean_garbage' sleeping for 299.95 seconds {{(pid=103978) _run_loop /opt/stack/data/venv/lib/python3.12/site-packages/oslo_service/backend/_threading/loopingcall.py:125}}
Apr 02 05:57:06.345679 np0000162739 neutron-periodic-workers[103978]: DEBUG dbcounter [-] [103978] Writing DB stats neutron:SELECT=1 {{(pid=103978) stat_writer /opt/stack/data/venv/lib/python3.12/site-packages/dbcounter.py:115}}
Apr 02 05:57:17.300206 np0000162739 neutron-periodic-workers[103964]: DEBUG dbcounter [-] [103964] Writer thread running {{(pid=103964) stat_writer /opt/stack/data/venv/lib/python3.12/site-packages/dbcounter.py:102}}
Apr 02 05:57:17.303818 np0000162739 neutron-periodic-workers[103964]: DEBUG neutron.db.agents_db [None req-27a591eb-b209-403e-9a23-832791d0a935 None None] Agent healthcheck: found 0 active agents {{(pid=103964) agent_health_check /opt/stack/neutron/neutron/db/agents_db.py:317}}
Apr 02 05:57:17.304093 np0000162739 neutron-periodic-workers[103964]: DEBUG oslo.service.backend._threading.loopingcall [None req-27a591eb-b209-403e-9a23-832791d0a935 None None] Fixed interval looping call 'neutron.plugins.ml2.plugin.AgentDbMixin.agent_health_check' sleeping for 36.98 seconds {{(pid=103964) _run_loop /opt/stack/data/venv/lib/python3.12/site-packages/oslo_service/backend/_threading/loopingcall.py:125}}
Apr 02 05:57:27.299768 np0000162739 neutron-periodic-workers[103964]: DEBUG dbcounter [-] [103964] Writing DB stats neutron:SELECT=1 {{(pid=103964) stat_writer /opt/stack/data/venv/lib/python3.12/site-packages/dbcounter.py:115}}
Apr 02 05:57:42.299350 np0000162739 neutron-periodic-workers[103954]: DEBUG dbcounter [-] [103954] Writer thread running {{(pid=103954) stat_writer /opt/stack/data/venv/lib/python3.12/site-packages/dbcounter.py:102}}
Apr 02 05:57:42.306818 np0000162739 neutron-periodic-workers[103954]: DEBUG oslo.service.backend._threading.loopingcall [None req-cc2c7b85-55a5-4a71-96bc-a6c0b092c7f5 None None] Fixed interval looping call 'neutron.plugins.ml2.plugin.DhcpAgentSchedulerDbMixin.remove_networks_from_down_agents' sleeping for 36.98 seconds {{(pid=103954) _run_loop /opt/stack/data/venv/lib/python3.12/site-packages/oslo_service/backend/_threading/loopingcall.py:125}}
Apr 02 05:57:52.306070 np0000162739 neutron-periodic-workers[103954]: DEBUG dbcounter [-] [103954] Writing DB stats neutron:SELECT=3 {{(pid=103954) stat_writer /opt/stack/data/venv/lib/python3.12/site-packages/dbcounter.py:115}}
Apr 02 05:57:54.290012 np0000162739 neutron-periodic-workers[103964]: DEBUG neutron.db.agents_db [None req-27a591eb-b209-403e-9a23-832791d0a935 None None] Agent healthcheck: found 0 active agents {{(pid=103964) agent_health_check /opt/stack/neutron/neutron/db/agents_db.py:317}}
Apr 02 05:57:54.290810 np0000162739 neutron-periodic-workers[103964]: DEBUG oslo.service.backend._threading.loopingcall [None req-27a591eb-b209-403e-9a23-832791d0a935 None None] Fixed interval looping call 'neutron.plugins.ml2.plugin.AgentDbMixin.agent_health_check' sleeping for 36.99 seconds {{(pid=103964) _run_loop /opt/stack/data/venv/lib/python3.12/site-packages/oslo_service/backend/_threading/loopingcall.py:125}}
Apr 02 05:58:04.288005 np0000162739 neutron-periodic-workers[103964]: DEBUG dbcounter [-] [103964] Writing DB stats neutron:SELECT=1 {{(pid=103964) stat_writer /opt/stack/data/venv/lib/python3.12/site-packages/dbcounter.py:115}}
Apr 02 05:58:19.299057 np0000162739 neutron-periodic-workers[103954]: DEBUG oslo.service.backend._threading.loopingcall [None req-cc2c7b85-55a5-4a71-96bc-a6c0b092c7f5 None None] Fixed interval looping call 'neutron.plugins.ml2.plugin.DhcpAgentSchedulerDbMixin.remove_networks_from_down_agents' sleeping for 36.99 seconds {{(pid=103954) _run_loop /opt/stack/data/venv/lib/python3.12/site-packages/oslo_service/backend/_threading/loopingcall.py:125}}
Apr 02 05:58:29.296879 np0000162739 neutron-periodic-workers[103954]: DEBUG dbcounter [-] [103954] Writing DB stats neutron:SELECT=3 {{(pid=103954) stat_writer /opt/stack/data/venv/lib/python3.12/site-packages/dbcounter.py:115}}
Apr 02 05:58:31.288288 np0000162739 neutron-periodic-workers[103964]: DEBUG neutron.db.agents_db [None req-27a591eb-b209-403e-9a23-832791d0a935 None None] Agent healthcheck: found 0 active agents {{(pid=103964) agent_health_check /opt/stack/neutron/neutron/db/agents_db.py:317}}
Apr 02 05:58:31.289154 np0000162739 neutron-periodic-workers[103964]: DEBUG oslo.service.backend._threading.loopingcall [None req-27a591eb-b209-403e-9a23-832791d0a935 None None] Fixed interval looping call 'neutron.plugins.ml2.plugin.AgentDbMixin.agent_health_check' sleeping for 36.99 seconds {{(pid=103964) _run_loop /opt/stack/data/venv/lib/python3.12/site-packages/oslo_service/backend/_threading/loopingcall.py:125}}
Apr 02 05:58:38.308648 np0000162739 neutron-periodic-workers[103968]: DEBUG dbcounter [-] [103968] Writer thread running {{(pid=103968) stat_writer /opt/stack/data/venv/lib/python3.12/site-packages/dbcounter.py:102}}
Apr 02 05:58:38.310152 np0000162739 neutron-periodic-workers[103968]: DEBUG oslo.service.backend._threading.loopingcall [None req-6317db60-3e2c-4e43-b0b2-02963f995681 None None] Fixed interval looping call 'neutron.db.quota.driver_nolock.DbQuotaNoLockDriver._remove_expired_reservations' sleeping for 119.98 seconds {{(pid=103968) _run_loop /opt/stack/data/venv/lib/python3.12/site-packages/oslo_service/backend/_threading/loopingcall.py:125}}
Apr 02 05:58:41.284858 np0000162739 neutron-periodic-workers[103964]: DEBUG dbcounter [-] [103964] Writing DB stats neutron:SELECT=1 {{(pid=103964) stat_writer /opt/stack/data/venv/lib/python3.12/site-packages/dbcounter.py:115}}
Apr 02 05:58:48.310224 np0000162739 neutron-periodic-workers[103968]: DEBUG dbcounter [-] [103968] Writing DB stats neutron:DELETE=1 {{(pid=103968) stat_writer /opt/stack/data/venv/lib/python3.12/site-packages/dbcounter.py:115}}
Apr 02 05:58:56.299095 np0000162739 neutron-periodic-workers[103954]: DEBUG oslo.service.backend._threading.loopingcall [None req-cc2c7b85-55a5-4a71-96bc-a6c0b092c7f5 None None] Fixed interval looping call 'neutron.plugins.ml2.plugin.DhcpAgentSchedulerDbMixin.remove_networks_from_down_agents' sleeping for 36.99 seconds {{(pid=103954) _run_loop /opt/stack/data/venv/lib/python3.12/site-packages/oslo_service/backend/_threading/loopingcall.py:125}}
Apr 02 05:59:06.298462 np0000162739 neutron-periodic-workers[103954]: DEBUG dbcounter [-] [103954] Writing DB stats neutron:SELECT=3 {{(pid=103954) stat_writer /opt/stack/data/venv/lib/python3.12/site-packages/dbcounter.py:115}}
Apr 02 05:59:08.286096 np0000162739 neutron-periodic-workers[103964]: DEBUG neutron.db.agents_db [None req-27a591eb-b209-403e-9a23-832791d0a935 None None] Agent healthcheck: found 0 active agents {{(pid=103964) agent_health_check /opt/stack/neutron/neutron/db/agents_db.py:317}}
Apr 02 05:59:08.286096 np0000162739 neutron-periodic-workers[103964]: DEBUG oslo.service.backend._threading.loopingcall [None req-27a591eb-b209-403e-9a23-832791d0a935 None None] Fixed interval looping call 'neutron.plugins.ml2.plugin.AgentDbMixin.agent_health_check' sleeping for 36.99 seconds {{(pid=103964) _run_loop /opt/stack/data/venv/lib/python3.12/site-packages/oslo_service/backend/_threading/loopingcall.py:125}}
Apr 02 05:59:18.283198 np0000162739 neutron-periodic-workers[103964]: DEBUG dbcounter [-] [103964] Writing DB stats neutron:SELECT=1 {{(pid=103964) stat_writer /opt/stack/data/venv/lib/python3.12/site-packages/dbcounter.py:115}}
Apr 02 05:59:33.299536 np0000162739 neutron-periodic-workers[103954]: DEBUG oslo.service.backend._threading.loopingcall [None req-cc2c7b85-55a5-4a71-96bc-a6c0b092c7f5 None None] Fixed interval looping call 'neutron.plugins.ml2.plugin.DhcpAgentSchedulerDbMixin.remove_networks_from_down_agents' sleeping for 36.99 seconds {{(pid=103954) _run_loop /opt/stack/data/venv/lib/python3.12/site-packages/oslo_service/backend/_threading/loopingcall.py:125}}
Apr 02 05:59:43.298281 np0000162739 neutron-periodic-workers[103954]: DEBUG dbcounter [-] [103954] Writing DB stats neutron:SELECT=3 {{(pid=103954) stat_writer /opt/stack/data/venv/lib/python3.12/site-packages/dbcounter.py:115}}
Apr 02 05:59:45.281745 np0000162739 neutron-periodic-workers[103964]: DEBUG neutron.db.agents_db [None req-27a591eb-b209-403e-9a23-832791d0a935 None None] Agent healthcheck: found 0 active agents {{(pid=103964) agent_health_check /opt/stack/neutron/neutron/db/agents_db.py:317}}
Apr 02 05:59:45.282458 np0000162739 neutron-periodic-workers[103964]: DEBUG oslo.service.backend._threading.loopingcall [None req-27a591eb-b209-403e-9a23-832791d0a935 None None] Fixed interval looping call 'neutron.plugins.ml2.plugin.AgentDbMixin.agent_health_check' sleeping for 36.99 seconds {{(pid=103964) _run_loop /opt/stack/data/venv/lib/python3.12/site-packages/oslo_service/backend/_threading/loopingcall.py:125}}
Apr 02 05:59:55.281188 np0000162739 neutron-periodic-workers[103964]: DEBUG dbcounter [-] [103964] Writing DB stats neutron:SELECT=1 {{(pid=103964) stat_writer /opt/stack/data/venv/lib/python3.12/site-packages/dbcounter.py:115}}
Apr 02 06:00:10.299108 np0000162739 neutron-periodic-workers[103954]: DEBUG oslo.service.backend._threading.loopingcall [None req-cc2c7b85-55a5-4a71-96bc-a6c0b092c7f5 None None] Fixed interval looping call 'neutron.plugins.ml2.plugin.DhcpAgentSchedulerDbMixin.remove_networks_from_down_agents' sleeping for 36.99 seconds {{(pid=103954) _run_loop /opt/stack/data/venv/lib/python3.12/site-packages/oslo_service/backend/_threading/loopingcall.py:125}}
Apr 02 06:00:20.297781 np0000162739 neutron-periodic-workers[103954]: DEBUG dbcounter [-] [103954] Writing DB stats neutron:SELECT=3 {{(pid=103954) stat_writer /opt/stack/data/venv/lib/python3.12/site-packages/dbcounter.py:115}}
Apr 02 06:00:22.279594 np0000162739 neutron-periodic-workers[103964]: DEBUG neutron.db.agents_db [None req-27a591eb-b209-403e-9a23-832791d0a935 None None] Agent healthcheck: found 0 active agents {{(pid=103964) agent_health_check /opt/stack/neutron/neutron/db/agents_db.py:317}}
Apr 02 06:00:22.280362 np0000162739 neutron-periodic-workers[103964]: DEBUG oslo.service.backend._threading.loopingcall [None req-27a591eb-b209-403e-9a23-832791d0a935 None None] Fixed interval looping call 'neutron.plugins.ml2.plugin.AgentDbMixin.agent_health_check' sleeping for 36.99 seconds {{(pid=103964) _run_loop /opt/stack/data/venv/lib/python3.12/site-packages/oslo_service/backend/_threading/loopingcall.py:125}}
Apr 02 06:00:32.277549 np0000162739 neutron-periodic-workers[103964]: DEBUG dbcounter [-] [103964] Writing DB stats neutron:SELECT=1 {{(pid=103964) stat_writer /opt/stack/data/venv/lib/python3.12/site-packages/dbcounter.py:115}}
Apr 02 06:00:38.304999 np0000162739 neutron-periodic-workers[103968]: DEBUG oslo.service.backend._threading.loopingcall [None req-6317db60-3e2c-4e43-b0b2-02963f995681 None None] Fixed interval looping call 'neutron.db.quota.driver_nolock.DbQuotaNoLockDriver._remove_expired_reservations' sleeping for 119.99 seconds {{(pid=103968) _run_loop /opt/stack/data/venv/lib/python3.12/site-packages/oslo_service/backend/_threading/loopingcall.py:125}}
Apr 02 06:00:47.294615 np0000162739 neutron-periodic-workers[103954]: DEBUG oslo.service.backend._threading.loopingcall [None req-cc2c7b85-55a5-4a71-96bc-a6c0b092c7f5 None None] Fixed interval looping call 'neutron.plugins.ml2.plugin.DhcpAgentSchedulerDbMixin.remove_networks_from_down_agents' sleeping for 36.99 seconds {{(pid=103954) _run_loop /opt/stack/data/venv/lib/python3.12/site-packages/oslo_service/backend/_threading/loopingcall.py:125}}
Apr 02 06:00:48.531428 np0000162739 neutron-periodic-workers[103968]: DEBUG dbcounter [-] [103968] Writing DB stats neutron:DELETE=1 {{(pid=103968) stat_writer /opt/stack/data/venv/lib/python3.12/site-packages/dbcounter.py:115}}
Apr 02 06:00:57.294060 np0000162739 neutron-periodic-workers[103954]: DEBUG dbcounter [-] [103954] Writing DB stats neutron:SELECT=3 {{(pid=103954) stat_writer /opt/stack/data/venv/lib/python3.12/site-packages/dbcounter.py:115}}
Apr 02 06:00:59.277763 np0000162739 neutron-periodic-workers[103964]: DEBUG neutron.db.agents_db [None req-27a591eb-b209-403e-9a23-832791d0a935 None None] Agent healthcheck: found 0 active agents {{(pid=103964) agent_health_check /opt/stack/neutron/neutron/db/agents_db.py:317}}
Apr 02 06:00:59.278366 np0000162739 neutron-periodic-workers[103964]: DEBUG oslo.service.backend._threading.loopingcall [None req-27a591eb-b209-403e-9a23-832791d0a935 None None] Fixed interval looping call 'neutron.plugins.ml2.plugin.AgentDbMixin.agent_health_check' sleeping for 36.99 seconds {{(pid=103964) _run_loop /opt/stack/data/venv/lib/python3.12/site-packages/oslo_service/backend/_threading/loopingcall.py:125}}
Apr 02 06:01:09.276496 np0000162739 neutron-periodic-workers[103964]: DEBUG dbcounter [-] [103964] Writing DB stats neutron:SELECT=1 {{(pid=103964) stat_writer /opt/stack/data/venv/lib/python3.12/site-packages/dbcounter.py:115}}
Apr 02 06:01:24.291855 np0000162739 neutron-periodic-workers[103954]: DEBUG oslo.service.backend._threading.loopingcall [None req-cc2c7b85-55a5-4a71-96bc-a6c0b092c7f5 None None] Fixed interval looping call 'neutron.plugins.ml2.plugin.DhcpAgentSchedulerDbMixin.remove_networks_from_down_agents' sleeping for 36.99 seconds {{(pid=103954) _run_loop /opt/stack/data/venv/lib/python3.12/site-packages/oslo_service/backend/_threading/loopingcall.py:125}}
Apr 02 06:01:34.290937 np0000162739 neutron-periodic-workers[103954]: DEBUG dbcounter [-] [103954] Writing DB stats neutron:SELECT=3 {{(pid=103954) stat_writer /opt/stack/data/venv/lib/python3.12/site-packages/dbcounter.py:115}}
Apr 02 06:01:36.274088 np0000162739 neutron-periodic-workers[103964]: DEBUG neutron.db.agents_db [None req-27a591eb-b209-403e-9a23-832791d0a935 None None] Agent healthcheck: found 0 active agents {{(pid=103964) agent_health_check /opt/stack/neutron/neutron/db/agents_db.py:317}}
Apr 02 06:01:36.274893 np0000162739 neutron-periodic-workers[103964]: DEBUG oslo.service.backend._threading.loopingcall [None req-27a591eb-b209-403e-9a23-832791d0a935 None None] Fixed interval looping call 'neutron.plugins.ml2.plugin.AgentDbMixin.agent_health_check' sleeping for 36.99 seconds {{(pid=103964) _run_loop /opt/stack/data/venv/lib/python3.12/site-packages/oslo_service/backend/_threading/loopingcall.py:125}}
Apr 02 06:01:46.272382 np0000162739 neutron-periodic-workers[103964]: DEBUG dbcounter [-] [103964] Writing DB stats neutron:SELECT=1 {{(pid=103964) stat_writer /opt/stack/data/venv/lib/python3.12/site-packages/dbcounter.py:115}}
Apr 02 06:01:56.318248 np0000162739 neutron-periodic-workers[103978]: DEBUG oslo.service.backend._threading.loopingcall [None req-6649f563-7e5b-4a9a-8bef-709caee6a66e None None] Fixed interval looping call 'neutron.services.ovn_l3.plugin.L3_NAT_dbonly_mixin._clean_garbage' sleeping for 299.99 seconds {{(pid=103978) _run_loop /opt/stack/data/venv/lib/python3.12/site-packages/oslo_service/backend/_threading/loopingcall.py:125}}
Apr 02 06:02:01.290935 np0000162739 neutron-periodic-workers[103954]: DEBUG oslo.service.backend._threading.loopingcall [None req-cc2c7b85-55a5-4a71-96bc-a6c0b092c7f5 None None] Fixed interval looping call 'neutron.plugins.ml2.plugin.DhcpAgentSchedulerDbMixin.remove_networks_from_down_agents' sleeping for 36.99 seconds {{(pid=103954) _run_loop /opt/stack/data/venv/lib/python3.12/site-packages/oslo_service/backend/_threading/loopingcall.py:125}}
Apr 02 06:02:06.312309 np0000162739 neutron-periodic-workers[103978]: DEBUG dbcounter [-] [103978] Writing DB stats neutron:SELECT=1 {{(pid=103978) stat_writer /opt/stack/data/venv/lib/python3.12/site-packages/dbcounter.py:115}}
Apr 02 06:02:11.290102 np0000162739 neutron-periodic-workers[103954]: DEBUG dbcounter [-] [103954] Writing DB stats neutron:SELECT=3 {{(pid=103954) stat_writer /opt/stack/data/venv/lib/python3.12/site-packages/dbcounter.py:115}}
Apr 02 06:02:13.271206 np0000162739 neutron-periodic-workers[103964]: DEBUG neutron.db.agents_db [None req-27a591eb-b209-403e-9a23-832791d0a935 None None] Agent healthcheck: found 0 active agents {{(pid=103964) agent_health_check /opt/stack/neutron/neutron/db/agents_db.py:317}}
Apr 02 06:02:13.271827 np0000162739 neutron-periodic-workers[103964]: DEBUG oslo.service.backend._threading.loopingcall [None req-27a591eb-b209-403e-9a23-832791d0a935 None None] Fixed interval looping call 'neutron.plugins.ml2.plugin.AgentDbMixin.agent_health_check' sleeping for 36.99 seconds {{(pid=103964) _run_loop /opt/stack/data/venv/lib/python3.12/site-packages/oslo_service/backend/_threading/loopingcall.py:125}}
Apr 02 06:02:23.269654 np0000162739 neutron-periodic-workers[103964]: DEBUG dbcounter [-] [103964] Writing DB stats neutron:SELECT=1 {{(pid=103964) stat_writer /opt/stack/data/venv/lib/python3.12/site-packages/dbcounter.py:115}}
Apr 02 06:02:38.289514 np0000162739 neutron-periodic-workers[103954]: DEBUG oslo.service.backend._threading.loopingcall [None req-cc2c7b85-55a5-4a71-96bc-a6c0b092c7f5 None None] Fixed interval looping call 'neutron.plugins.ml2.plugin.DhcpAgentSchedulerDbMixin.remove_networks_from_down_agents' sleeping for 36.99 seconds {{(pid=103954) _run_loop /opt/stack/data/venv/lib/python3.12/site-packages/oslo_service/backend/_threading/loopingcall.py:125}}
Apr 02 06:02:38.300203 np0000162739 neutron-periodic-workers[103968]: DEBUG oslo.service.backend._threading.loopingcall [None req-6317db60-3e2c-4e43-b0b2-02963f995681 None None] Fixed interval looping call 'neutron.db.quota.driver_nolock.DbQuotaNoLockDriver._remove_expired_reservations' sleeping for 120.00 seconds {{(pid=103968) _run_loop /opt/stack/data/venv/lib/python3.12/site-packages/oslo_service/backend/_threading/loopingcall.py:125}}
Apr 02 06:02:48.297165 np0000162739 neutron-periodic-workers[103954]: DEBUG dbcounter [-] [103954] Writing DB stats neutron:SELECT=3 {{(pid=103954) stat_writer /opt/stack/data/venv/lib/python3.12/site-packages/dbcounter.py:115}}
Apr 02 06:02:48.299815 np0000162739 neutron-periodic-workers[103968]: DEBUG dbcounter [-] [103968] Writing DB stats neutron:DELETE=1 {{(pid=103968) stat_writer /opt/stack/data/venv/lib/python3.12/site-packages/dbcounter.py:115}}
Apr 02 06:02:50.282152 np0000162739 neutron-periodic-workers[103964]: DEBUG neutron.db.agents_db [None req-27a591eb-b209-403e-9a23-832791d0a935 None None] Agent healthcheck: found 0 active agents {{(pid=103964) agent_health_check /opt/stack/neutron/neutron/db/agents_db.py:317}}
Apr 02 06:02:50.282945 np0000162739 neutron-periodic-workers[103964]: DEBUG oslo.service.backend._threading.loopingcall [None req-27a591eb-b209-403e-9a23-832791d0a935 None None] Fixed interval looping call 'neutron.plugins.ml2.plugin.AgentDbMixin.agent_health_check' sleeping for 36.99 seconds {{(pid=103964) _run_loop /opt/stack/data/venv/lib/python3.12/site-packages/oslo_service/backend/_threading/loopingcall.py:125}}
Apr 02 06:03:00.279150 np0000162739 neutron-periodic-workers[103964]: DEBUG dbcounter [-] [103964] Writing DB stats neutron:SELECT=1 {{(pid=103964) stat_writer /opt/stack/data/venv/lib/python3.12/site-packages/dbcounter.py:115}}
Apr 02 06:03:15.290019 np0000162739 neutron-periodic-workers[103954]: DEBUG oslo.service.backend._threading.loopingcall [None req-cc2c7b85-55a5-4a71-96bc-a6c0b092c7f5 None None] Fixed interval looping call 'neutron.plugins.ml2.plugin.DhcpAgentSchedulerDbMixin.remove_networks_from_down_agents' sleeping for 36.99 seconds {{(pid=103954) _run_loop /opt/stack/data/venv/lib/python3.12/site-packages/oslo_service/backend/_threading/loopingcall.py:125}}
Apr 02 06:03:25.289201 np0000162739 neutron-periodic-workers[103954]: DEBUG dbcounter [-] [103954] Writing DB stats neutron:SELECT=3 {{(pid=103954) stat_writer /opt/stack/data/venv/lib/python3.12/site-packages/dbcounter.py:115}}
Apr 02 06:03:27.277406 np0000162739 neutron-periodic-workers[103964]: DEBUG neutron.db.agents_db [None req-27a591eb-b209-403e-9a23-832791d0a935 None None] Agent healthcheck: found 0 active agents {{(pid=103964) agent_health_check /opt/stack/neutron/neutron/db/agents_db.py:317}}
Apr 02 06:03:27.278384 np0000162739 neutron-periodic-workers[103964]: DEBUG oslo.service.backend._threading.loopingcall [None req-27a591eb-b209-403e-9a23-832791d0a935 None None] Fixed interval looping call 'neutron.plugins.ml2.plugin.AgentDbMixin.agent_health_check' sleeping for 37.00 seconds {{(pid=103964) _run_loop /opt/stack/data/venv/lib/python3.12/site-packages/oslo_service/backend/_threading/loopingcall.py:125}}
Apr 02 06:03:37.276421 np0000162739 neutron-periodic-workers[103964]: DEBUG dbcounter [-] [103964] Writing DB stats neutron:SELECT=1 {{(pid=103964) stat_writer /opt/stack/data/venv/lib/python3.12/site-packages/dbcounter.py:115}}
Apr 02 06:03:52.290169 np0000162739 neutron-periodic-workers[103954]: DEBUG oslo.service.backend._threading.loopingcall [None req-cc2c7b85-55a5-4a71-96bc-a6c0b092c7f5 None None] Fixed interval looping call 'neutron.plugins.ml2.plugin.DhcpAgentSchedulerDbMixin.remove_networks_from_down_agents' sleeping for 36.99 seconds {{(pid=103954) _run_loop /opt/stack/data/venv/lib/python3.12/site-packages/oslo_service/backend/_threading/loopingcall.py:125}}
Apr 02 06:04:02.288852 np0000162739 neutron-periodic-workers[103954]: DEBUG dbcounter [-] [103954] Writing DB stats neutron:SELECT=3 {{(pid=103954) stat_writer /opt/stack/data/venv/lib/python3.12/site-packages/dbcounter.py:115}}
Apr 02 06:04:04.282245 np0000162739 neutron-periodic-workers[103964]: DEBUG neutron.db.agents_db [None req-27a591eb-b209-403e-9a23-832791d0a935 None None] Agent healthcheck: found 0 active agents {{(pid=103964) agent_health_check /opt/stack/neutron/neutron/db/agents_db.py:317}}
Apr 02 06:04:04.282790 np0000162739 neutron-periodic-workers[103964]: DEBUG oslo.service.backend._threading.loopingcall [None req-27a591eb-b209-403e-9a23-832791d0a935 None None] Fixed interval looping call 'neutron.plugins.ml2.plugin.AgentDbMixin.agent_health_check' sleeping for 37.00 seconds {{(pid=103964) _run_loop /opt/stack/data/venv/lib/python3.12/site-packages/oslo_service/backend/_threading/loopingcall.py:125}}
Apr 02 06:04:14.280378 np0000162739 neutron-periodic-workers[103964]: DEBUG dbcounter [-] [103964] Writing DB stats neutron:SELECT=1 {{(pid=103964) stat_writer /opt/stack/data/venv/lib/python3.12/site-packages/dbcounter.py:115}}
Apr 02 06:04:29.289638 np0000162739 neutron-periodic-workers[103954]: DEBUG oslo.service.backend._threading.loopingcall [None req-cc2c7b85-55a5-4a71-96bc-a6c0b092c7f5 None None] Fixed interval looping call 'neutron.plugins.ml2.plugin.DhcpAgentSchedulerDbMixin.remove_networks_from_down_agents' sleeping for 36.99 seconds {{(pid=103954) _run_loop /opt/stack/data/venv/lib/python3.12/site-packages/oslo_service/backend/_threading/loopingcall.py:125}}
Apr 02 06:04:38.306677 np0000162739 neutron-periodic-workers[103968]: DEBUG oslo.service.backend._threading.loopingcall [None req-6317db60-3e2c-4e43-b0b2-02963f995681 None None] Fixed interval looping call 'neutron.db.quota.driver_nolock.DbQuotaNoLockDriver._remove_expired_reservations' sleeping for 119.99 seconds {{(pid=103968) _run_loop /opt/stack/data/venv/lib/python3.12/site-packages/oslo_service/backend/_threading/loopingcall.py:125}}
Apr 02 06:04:39.288786 np0000162739 neutron-periodic-workers[103954]: DEBUG dbcounter [-] [103954] Writing DB stats neutron:SELECT=3 {{(pid=103954) stat_writer /opt/stack/data/venv/lib/python3.12/site-packages/dbcounter.py:115}}
Apr 02 06:04:41.288434 np0000162739 neutron-periodic-workers[103964]: DEBUG neutron.db.agents_db [None req-27a591eb-b209-403e-9a23-832791d0a935 None None] Agent healthcheck: found 0 active agents {{(pid=103964) agent_health_check /opt/stack/neutron/neutron/db/agents_db.py:317}}
Apr 02 06:04:41.288968 np0000162739 neutron-periodic-workers[103964]: DEBUG oslo.service.backend._threading.loopingcall [None req-27a591eb-b209-403e-9a23-832791d0a935 None None] Fixed interval looping call 'neutron.plugins.ml2.plugin.AgentDbMixin.agent_health_check' sleeping for 36.99 seconds {{(pid=103964) _run_loop /opt/stack/data/venv/lib/python3.12/site-packages/oslo_service/backend/_threading/loopingcall.py:125}}
Apr 02 06:04:48.304371 np0000162739 neutron-periodic-workers[103968]: DEBUG dbcounter [-] [103968] Writing DB stats neutron:DELETE=1 {{(pid=103968) stat_writer /opt/stack/data/venv/lib/python3.12/site-packages/dbcounter.py:115}}
Apr 02 06:04:51.286599 np0000162739 neutron-periodic-workers[103964]: DEBUG dbcounter [-] [103964] Writing DB stats neutron:SELECT=1 {{(pid=103964) stat_writer /opt/stack/data/venv/lib/python3.12/site-packages/dbcounter.py:115}}
Apr 02 06:05:06.290557 np0000162739 neutron-periodic-workers[103954]: DEBUG oslo.service.backend._threading.loopingcall [None req-cc2c7b85-55a5-4a71-96bc-a6c0b092c7f5 None None] Fixed interval looping call 'neutron.plugins.ml2.plugin.DhcpAgentSchedulerDbMixin.remove_networks_from_down_agents' sleeping for 36.99 seconds {{(pid=103954) _run_loop /opt/stack/data/venv/lib/python3.12/site-packages/oslo_service/backend/_threading/loopingcall.py:125}}
Apr 02 06:05:16.290198 np0000162739 neutron-periodic-workers[103954]: DEBUG dbcounter [-] [103954] Writing DB stats neutron:SELECT=3 {{(pid=103954) stat_writer /opt/stack/data/venv/lib/python3.12/site-packages/dbcounter.py:115}}
Apr 02 06:05:18.283442 np0000162739 neutron-periodic-workers[103964]: DEBUG neutron.db.agents_db [None req-27a591eb-b209-403e-9a23-832791d0a935 None None] Agent healthcheck: found 0 active agents {{(pid=103964) agent_health_check /opt/stack/neutron/neutron/db/agents_db.py:317}}
Apr 02 06:05:18.284132 np0000162739 neutron-periodic-workers[103964]: DEBUG oslo.service.backend._threading.loopingcall [None req-27a591eb-b209-403e-9a23-832791d0a935 None None] Fixed interval looping call 'neutron.plugins.ml2.plugin.AgentDbMixin.agent_health_check' sleeping for 37.00 seconds {{(pid=103964) _run_loop /opt/stack/data/venv/lib/python3.12/site-packages/oslo_service/backend/_threading/loopingcall.py:125}}
Apr 02 06:05:28.282359 np0000162739 neutron-periodic-workers[103964]: DEBUG dbcounter [-] [103964] Writing DB stats neutron:SELECT=1 {{(pid=103964) stat_writer /opt/stack/data/venv/lib/python3.12/site-packages/dbcounter.py:115}}
Apr 02 06:05:43.292356 np0000162739 neutron-periodic-workers[103954]: DEBUG oslo.service.backend._threading.loopingcall [None req-cc2c7b85-55a5-4a71-96bc-a6c0b092c7f5 None None] Fixed interval looping call 'neutron.plugins.ml2.plugin.DhcpAgentSchedulerDbMixin.remove_networks_from_down_agents' sleeping for 36.99 seconds {{(pid=103954) _run_loop /opt/stack/data/venv/lib/python3.12/site-packages/oslo_service/backend/_threading/loopingcall.py:125}}
Apr 02 06:05:53.290627 np0000162739 neutron-periodic-workers[103954]: DEBUG dbcounter [-] [103954] Writing DB stats neutron:SELECT=3 {{(pid=103954) stat_writer /opt/stack/data/venv/lib/python3.12/site-packages/dbcounter.py:115}}
Apr 02 06:05:55.289326 np0000162739 neutron-periodic-workers[103964]: DEBUG neutron.db.agents_db [None req-27a591eb-b209-403e-9a23-832791d0a935 None None] Agent healthcheck: found 0 active agents {{(pid=103964) agent_health_check /opt/stack/neutron/neutron/db/agents_db.py:317}}
Apr 02 06:05:55.290517 np0000162739 neutron-periodic-workers[103964]: DEBUG oslo.service.backend._threading.loopingcall [None req-27a591eb-b209-403e-9a23-832791d0a935 None None] Fixed interval looping call 'neutron.plugins.ml2.plugin.AgentDbMixin.agent_health_check' sleeping for 36.99 seconds {{(pid=103964) _run_loop /opt/stack/data/venv/lib/python3.12/site-packages/oslo_service/backend/_threading/loopingcall.py:125}}
Apr 02 06:06:05.287446 np0000162739 neutron-periodic-workers[103964]: DEBUG dbcounter [-] [103964] Writing DB stats neutron:SELECT=1 {{(pid=103964) stat_writer /opt/stack/data/venv/lib/python3.12/site-packages/dbcounter.py:115}}
Apr 02 06:06:20.296182 np0000162739 neutron-periodic-workers[103954]: DEBUG oslo.service.backend._threading.loopingcall [None req-cc2c7b85-55a5-4a71-96bc-a6c0b092c7f5 None None] Fixed interval looping call 'neutron.plugins.ml2.plugin.DhcpAgentSchedulerDbMixin.remove_networks_from_down_agents' sleeping for 36.99 seconds {{(pid=103954) _run_loop /opt/stack/data/venv/lib/python3.12/site-packages/oslo_service/backend/_threading/loopingcall.py:125}}
Apr 02 06:06:30.293140 np0000162739 neutron-periodic-workers[103954]: DEBUG dbcounter [-] [103954] Writing DB stats neutron:SELECT=3 {{(pid=103954) stat_writer /opt/stack/data/venv/lib/python3.12/site-packages/dbcounter.py:115}}
Apr 02 06:06:32.285308 np0000162739 neutron-periodic-workers[103964]: DEBUG neutron.db.agents_db [None req-27a591eb-b209-403e-9a23-832791d0a935 None None] Agent healthcheck: found 0 active agents {{(pid=103964) agent_health_check /opt/stack/neutron/neutron/db/agents_db.py:317}}
Apr 02 06:06:32.285976 np0000162739 neutron-periodic-workers[103964]: DEBUG oslo.service.backend._threading.loopingcall [None req-27a591eb-b209-403e-9a23-832791d0a935 None None] Fixed interval looping call 'neutron.plugins.ml2.plugin.AgentDbMixin.agent_health_check' sleeping for 36.99 seconds {{(pid=103964) _run_loop /opt/stack/data/venv/lib/python3.12/site-packages/oslo_service/backend/_threading/loopingcall.py:125}}
