Apr 29 21:41:31.732386 np0000171317 devstack@neutron-api.service[104559]: DEBUG neutron.plugins.ml2.drivers.ovn.mech_driver.mech_driver [None req-c244bfaf-fb27-4fbe-b4cb-3c4e90fff177 admin admin] No provisioning block for port 9b282710-e30f-4164-a8f3-d3cdef01a265 since it does not have a host {{(pid=104559) _is_port_provisioning_required /opt/stack/neutron/neutron/plugins/ml2/drivers/ovn/mech_driver/mech_driver.py:894}}
Apr 29 21:41:31.746601 np0000171317 devstack@neutron-api.service[104559]: DEBUG neutron_lib.callbacks.manager [None req-c244bfaf-fb27-4fbe-b4cb-3c4e90fff177 admin admin] Publish callbacks ['neutron.plugins.ml2.ovo_rpc._ObjectChangeHandler.handle_event-65237955', 'neutron.db.l3_db.L3RpcNotifierMixin._notify_gateway_port_ip_changed-8609631734544', 'neutron.services.ovn_l3.plugin.OVNL3RouterPlugin._port_update-8609629966740'] for port (9b282710-e30f-4164-a8f3-d3cdef01a265), after_update {{(pid=104559) _notify_loop /opt/stack/data/venv/lib/python3.12/site-packages/neutron_lib/callbacks/manager.py:184}}
Apr 29 21:41:31.791615 np0000171317 devstack@neutron-api.service[104559]: DEBUG neutron.api.rpc.handlers.resources_rpc [None req-c244bfaf-fb27-4fbe-b4cb-3c4e90fff177 admin admin] Pushing event updated for resources: {'Port': ['ID=9b282710-e30f-4164-a8f3-d3cdef01a265,revision_number=2']} {{(pid=104559) push /opt/stack/neutron/neutron/api/rpc/handlers/resources_rpc.py:237}}
Apr 29 21:41:31.958663 np0000171317 devstack@neutron-api.service[104559]: DEBUG ovsdbapp.backend.ovs_idl.transaction [-] Running txn n=1 command(idx=0): CheckRevisionNumberCommand(_result=None, name=9b282710-e30f-4164-a8f3-d3cdef01a265, resource={'id': '9b282710-e30f-4164-a8f3-d3cdef01a265', 'name': '', 'network_id': '65a90e5a-b8cc-4435-a91d-5e4556d98fc4', 'project_id': 'b2d0db473fbf459da3a23a14805292a4', 'mac_address': 'fa:16:3e:05:3b:65', 'admin_state_up': True, 'status': 'DOWN', 'device_id': 'ovnmeta-65a90e5a-b8cc-4435-a91d-5e4556d98fc4', 'device_owner': 'network:distributed', 'standard_attr_id': 14, 'fixed_ips': [{'subnet_id': '1cbdab86-529f-4989-88e4-c12b84eb18c7', 'ip_address': '10.1.0.2'}], 'allowed_address_pairs': [], 'extra_dhcp_opts': [], 'security_groups': [], 'description': '', 'binding:vnic_type': 'normal', 'binding:profile': {}, 'binding:host_id': '', 'binding:vif_type': 'unbound', 'binding:vif_details': {}, 'port_security_enabled': False, 'tags': [], 'created_at': '2026-04-29T21:41:29Z', 'updated_at': '2026-04-29T21:41:31Z', 'revision_number': 2, 'tenant_id': 'b2d0db473fbf459da3a23a14805292a4', 'network': {'id': '65a90e5a-b8cc-4435-a91d-5e4556d98fc4', 'name': 'private', 'tenant_id': 'b2d0db473fbf459da3a23a14805292a4', 'project_id': 'b2d0db473fbf459da3a23a14805292a4', 'admin_state_up': True, 'mtu': 1372, 'status': 'ACTIVE', 'subnets': ['1cbdab86-529f-4989-88e4-c12b84eb18c7'], 'standard_attr_id': 12, 'shared': False, 'availability_zone_hints': [], 'availability_zones': [], 'ipv4_address_scope': None, 'ipv6_address_scope': None, 'router:external': False, 'qinq': False, 'vlan_transparent': False, 'description': '', 'port_security_enabled': True, 'tags': [], 'created_at': '2026-04-29T21:41:29Z', 'updated_at': '2026-04-29T21:41:31Z', 'revision_number': 2, 'provider:network_type': 'geneve', 'provider:physical_network': None, 'provider:segmentation_id': 2427}}, resource_type=ports, if_exists=True) {{(pid=104559) do_commit /opt/stack/data/venv/lib/python3.12/site-packages/ovsdbapp/backend/ovs_idl/transaction.py:89}}
Apr 29 21:41:31.959568 np0000171317 devstack@neutron-api.service[104559]: DEBUG ovsdbapp.backend.ovs_idl.transaction [-] Running txn n=1 command(idx=1): AddDHCPOptionsCommand(_result=None, columns={'cidr': '10.1.0.0/26', 'options': {'server_id': '10.1.0.1', 'lease_time': '43200', 'mtu': '1372', 'router': '10.1.0.1', 'server_mac': 'fa:16:3e:67:1b:87', 'dns_server': '{127.0.0.53}', 'classless_static_route': '{169.254.169.254/32,10.1.0.2, 0.0.0.0/0,10.1.0.1}'}, 'external_ids': {'subnet_id': '1cbdab86-529f-4989-88e4-c12b84eb18c7', 'neutron:network_id': '65a90e5a-b8cc-4435-a91d-5e4556d98fc4', 'neutron:revision_number': '0'}}, may_exist=True, subnet_id=1cbdab86-529f-4989-88e4-c12b84eb18c7, port_id=None, new_insert=False) {{(pid=104559) do_commit /opt/stack/data/venv/lib/python3.12/site-packages/ovsdbapp/backend/ovs_idl/transaction.py:89}}
Apr 29 21:41:31.959710 np0000171317 devstack@neutron-api.service[104559]: DEBUG ovsdbapp.backend.ovs_idl.transaction [-] Running txn n=1 command(idx=2): SetLSwitchPortCommand(_result=None, lport=9b282710-e30f-4164-a8f3-d3cdef01a265, external_ids_update=None, columns={'external_ids': {'neutron:port_name': '', 'neutron:device_id': 'ovnmeta-65a90e5a-b8cc-4435-a91d-5e4556d98fc4', 'neutron:project_id': 'b2d0db473fbf459da3a23a14805292a4', 'neutron:cidrs': '10.1.0.2/26', 'neutron:device_owner': 'network:distributed', 'neutron:subnet_pool_addr_scope4': '', 'neutron:subnet_pool_addr_scope6': '', 'neutron:network_name': 'neutron-65a90e5a-b8cc-4435-a91d-5e4556d98fc4', 'neutron:security_group_ids': '', 'neutron:revision_number': '2', 'neutron:vnic_type': 'normal', 'neutron:port_capabilities': '', 'neutron:mtu': ''}, 'parent_name': [], 'tag': [], 'options': {}, 'enabled': True, 'port_security': [], 'dhcpv4_options': [], 'dhcpv6_options': [], 'type': 'localport', 'addresses': ['fa:16:3e:05:3b:65 10.1.0.2'], 'ha_chassis_group': []}, if_exists=False) {{(pid=104559) do_commit /opt/stack/data/venv/lib/python3.12/site-packages/ovsdbapp/backend/ovs_idl/transaction.py:89}}
Apr 29 21:41:31.960751 np0000171317 devstack@neutron-api.service[104559]: DEBUG ovsdbapp.backend.ovs_idl.transaction [-] Running txn n=1 command(idx=3): PgDelPortCommand(_result=None, port_group=neutron_pg_drop, lsp=['9b282710-e30f-4164-a8f3-d3cdef01a265'], if_exists=False) {{(pid=104559) do_commit /opt/stack/data/venv/lib/python3.12/site-packages/ovsdbapp/backend/ovs_idl/transaction.py:89}}
Apr 29 21:41:31.966063 np0000171317 devstack@neutron-api.service[104557]: DEBUG neutron.plugins.ml2.drivers.ovn.mech_driver.ovsdb.ovsdb_monitor [-] Hash Ring: Node 732f0eb4e8f9535b990f4ba704310141 (host: np0000171317) handling event "update" for row 5888d45c-484c-4bc9-b520-6d12770c1c90 (table: Logical_Switch_Port) {{(pid=104557) notify /opt/stack/neutron/neutron/plugins/ml2/drivers/ovn/mech_driver/ovsdb/ovsdb_monitor.py:942}}
Apr 29 21:41:31.966582 np0000171317 devstack@neutron-api.service[104558]: DEBUG neutron.plugins.ml2.drivers.ovn.mech_driver.ovsdb.ovsdb_monitor [-] Hash Ring: Node ba9f8dd664db5377bc4968b77378f576 (host: np0000171317) handling event "create" for row 5aa47446-a779-4fb2-96e9-6378eaf376c3 (table: DHCP_Options) {{(pid=104558) notify /opt/stack/neutron/neutron/plugins/ml2/drivers/ovn/mech_driver/ovsdb/ovsdb_monitor.py:942}}
Apr 29 21:41:31.967281 np0000171317 devstack@neutron-api.service[104558]: DEBUG neutron.plugins.ml2.drivers.ovn.mech_driver.ovsdb.ovsdb_monitor [-] Hash Ring: Node ba9f8dd664db5377bc4968b77378f576 (host: np0000171317) handling event "update" for row 5888d45c-484c-4bc9-b520-6d12770c1c90 (table: Logical_Switch_Port) {{(pid=104558) notify /opt/stack/neutron/neutron/plugins/ml2/drivers/ovn/mech_driver/ovsdb/ovsdb_monitor.py:942}}
Apr 29 21:41:31.967390 np0000171317 devstack@neutron-api.service[104556]: DEBUG neutron.plugins.ml2.drivers.ovn.mech_driver.ovsdb.ovsdb_monitor [-] Hash Ring: Node dfe886dbf28055ea84f41ddb5e472228 (host: np0000171317) handling event "create" for row 5aa47446-a779-4fb2-96e9-6378eaf376c3 (table: DHCP_Options) {{(pid=104556) notify /opt/stack/neutron/neutron/plugins/ml2/drivers/ovn/mech_driver/ovsdb/ovsdb_monitor.py:942}}
Apr 29 21:41:31.967390 np0000171317 devstack@neutron-api.service[104556]: DEBUG neutron.plugins.ml2.drivers.ovn.mech_driver.ovsdb.ovsdb_monitor [-] Hash Ring: Node dfe886dbf28055ea84f41ddb5e472228 (host: np0000171317) handling event "update" for row 5888d45c-484c-4bc9-b520-6d12770c1c90 (table: Logical_Switch_Port) {{(pid=104556) notify /opt/stack/neutron/neutron/plugins/ml2/drivers/ovn/mech_driver/ovsdb/ovsdb_monitor.py:942}}
Apr 29 21:41:31.969132 np0000171317 devstack@neutron-api.service[104557]: DEBUG neutron.plugins.ml2.drivers.ovn.mech_driver.ovsdb.ovsdb_monitor [-] Hash Ring: Node 732f0eb4e8f9535b990f4ba704310141 (host: np0000171317) handling event "update" for row 1bb75582-bc41-4258-976b-c3b58642797a (table: Port_Binding) {{(pid=104557) notify /opt/stack/neutron/neutron/plugins/ml2/drivers/ovn/mech_driver/ovsdb/ovsdb_monitor.py:942}}
Apr 29 21:41:31.969252 np0000171317 devstack@neutron-api.service[104558]: DEBUG neutron.plugins.ml2.drivers.ovn.mech_driver.ovsdb.ovsdb_monitor [-] Hash Ring: Node ba9f8dd664db5377bc4968b77378f576 (host: np0000171317) handling event "update" for row 1bb75582-bc41-4258-976b-c3b58642797a (table: Port_Binding) {{(pid=104558) notify /opt/stack/neutron/neutron/plugins/ml2/drivers/ovn/mech_driver/ovsdb/ovsdb_monitor.py:942}}
Apr 29 21:41:32.000572 np0000171317 devstack@neutron-api.service[104559]: INFO neutron.db.ovn_revision_numbers_db [None req-c244bfaf-fb27-4fbe-b4cb-3c4e90fff177 admin admin] Successfully bumped revision number for resource 9b282710-e30f-4164-a8f3-d3cdef01a265 (type: ports) to 2
Apr 29 21:41:32.011041 np0000171317 devstack@neutron-api.service[104559]: DEBUG neutron.plugins.ml2.plugin [None req-c244bfaf-fb27-4fbe-b4cb-3c4e90fff177 admin admin] In _notify_port_updated(), no bound segment for port 9b282710-e30f-4164-a8f3-d3cdef01a265 on network 65a90e5a-b8cc-4435-a91d-5e4556d98fc4 {{(pid=104559) _notify_port_updated /opt/stack/neutron/neutron/plugins/ml2/plugin.py:1032}}
Apr 29 21:41:32.038097 np0000171317 devstack@neutron-api.service[104559]: INFO neutron.db.ovn_revision_numbers_db [None req-c244bfaf-fb27-4fbe-b4cb-3c4e90fff177 admin admin] Successfully bumped revision number for resource 1cbdab86-529f-4989-88e4-c12b84eb18c7 (type: subnets) to 0
Apr 29 21:41:32.039295 np0000171317 devstack@neutron-api.service[104559]: DEBUG neutron.pecan_wsgi.hooks.policy_enforcement [None req-c244bfaf-fb27-4fbe-b4cb-3c4e90fff177 admin admin] Attributes excluded by policy engine: ['standard_attr_id', 'shared', 'network'] {{(pid=104559) _exclude_attributes_by_policy /opt/stack/neutron/neutron/pecan_wsgi/hooks/policy_enforcement.py:256}}
Apr 29 21:41:32.039616 np0000171317 devstack@neutron-api.service[104559]: DEBUG neutron_lib.callbacks.manager [None req-c244bfaf-fb27-4fbe-b4cb-3c4e90fff177 admin admin] Publish callbacks [] for subnet (None), before_response {{(pid=104559) _notify_loop /opt/stack/data/venv/lib/python3.12/site-packages/neutron_lib/callbacks/manager.py:184}}
Apr 29 21:41:32.051363 np0000171317 devstack@neutron-api.service[104559]: [pid: 104559|app: 0|req: 2/8] 199.204.45.115 () {68 vars in 1355 bytes} [Wed Apr 29 21:41:30 2026] POST /networking/v2.0/subnets => generated 666 bytes in 1165 msecs (HTTP/1.1 201) 4 headers in 162 bytes (1 switches on core 0)
Apr 29 21:41:32.539871 np0000171317 devstack@neutron-api.service[104556]: DEBUG neutron.pecan_wsgi.hooks.policy_enforcement [None req-4d2b496b-f0a3-4665-8e47-d35cc699ac82 admin admin] Attributes excluded by policy engine: ['standard_attr_id'] {{(pid=104556) _exclude_attributes_by_policy /opt/stack/neutron/neutron/pecan_wsgi/hooks/policy_enforcement.py:256}}
Apr 29 21:41:32.540751 np0000171317 devstack@neutron-api.service[104556]: [pid: 104556|app: 0|req: 2/9] 199.204.45.115 () {64 vars in 1415 bytes} [Wed Apr 29 21:41:32 2026] GET /networking/v2.0/networks/65a90e5a-b8cc-4435-a91d-5e4556d98fc4 => generated 699 bytes in 55 msecs (HTTP/1.1 200) 4 headers in 157 bytes (1 switches on core 0)
Apr 29 21:41:32.560688 np0000171317 devstack@neutron-api.service[104558]: DEBUG neutron.api.wsgi [None req-c7b5974b-b3a9-440a-ad12-2b6daaa834c2 admin admin] Missing Content-Type {{(pid=104558) get_content_type /opt/stack/neutron/neutron/api/wsgi.py:80}}
Apr 29 21:41:32.575941 np0000171317 devstack@neutron-api.service[104558]: [pid: 104558|app: 0|req: 4/10] 199.204.45.115 () {64 vars in 1424 bytes} [Wed Apr 29 21:41:32 2026] GET /networking/v2.0/subnetpools/2b15b4ff-8d35-467d-a9d0-d5473835c7c6 => generated 543 bytes in 20 msecs (HTTP/1.1 200) 4 headers in 157 bytes (1 switches on core 0)
Apr 29 21:41:32.592454 np0000171317 devstack@neutron-api.service[104557]: DEBUG neutron.api.v2.base [None req-57032a48-bf57-41e5-940d-669609498b4b admin admin] Request body: {'subnet': {'ipv6_address_mode': 'slaac', 'network_id': '65a90e5a-b8cc-4435-a91d-5e4556d98fc4', 'ipv6_ra_mode': 'slaac', 'subnetpool_id': '2b15b4ff-8d35-467d-a9d0-d5473835c7c6', 'name': 'ipv6-private-subnet', 'ip_version': 6}} {{(pid=104557) prepare_request_body /opt/stack/neutron/neutron/api/v2/base.py:727}}
Apr 29 21:41:32.612120 np0000171317 devstack@neutron-api.service[104557]: DEBUG neutron.pecan_wsgi.hooks.quota_enforcement [None req-57032a48-bf57-41e5-940d-669609498b4b admin admin] Made reservation on behalf of b2d0db473fbf459da3a23a14805292a4 for: {'subnet': 1} {{(pid=104557) before /opt/stack/neutron/neutron/pecan_wsgi/hooks/quota_enforcement.py:66}}
Apr 29 21:41:32.616745 np0000171317 devstack@neutron-api.service[104557]: DEBUG neutron_lib.callbacks.manager [None req-57032a48-bf57-41e5-940d-669609498b4b admin admin] Publish callbacks [] for subnet (None), before_create {{(pid=104557) _notify_loop /opt/stack/data/venv/lib/python3.12/site-packages/neutron_lib/callbacks/manager.py:184}}
Apr 29 21:41:32.983091 np0000171317 devstack@neutron-api.service[104557]: DEBUG neutron.db.ovn_revision_numbers_db [None req-57032a48-bf57-41e5-940d-669609498b4b admin admin] create_initial_revision uuid=879945cc-a541-4e93-80f6-c10010ece2c4, type=subnets, rev=-1 {{(pid=104557) create_initial_revision /opt/stack/neutron/neutron/db/ovn_revision_numbers_db.py:98}}
Apr 29 21:41:33.058230 np0000171317 devstack@neutron-api.service[104557]: DEBUG neutron.objects.ports [None req-57032a48-bf57-41e5-940d-669609498b4b admin admin] Time-cost: Fetching 1 ports in 0 security groups {{(pid=104557) get_objects /opt/stack/neutron/neutron/objects/ports.py:494}}
Apr 29 21:41:33.231016 np0000171317 devstack@neutron-api.service[104557]: DEBUG neutron_lib.callbacks.manager [None req-57032a48-bf57-41e5-940d-669609498b4b admin admin] Publish callbacks ['neutron.plugins.ml2.plugin.SecurityGroupDbMixin._ensure_default_security_group_handler-1146423', 'neutron.services.ovn_l3.plugin.OVNL3RouterPlugin._port_update-8609629981666', 'neutron.db.l3_db.L3_NAT_dbonly_mixin._prevent_internal_ip_change_for_fip-8609631846634'] for port (9b282710-e30f-4164-a8f3-d3cdef01a265), before_update {{(pid=104557) _notify_loop /opt/stack/data/venv/lib/python3.12/site-packages/neutron_lib/callbacks/manager.py:184}}
Apr 29 21:41:33.407502 np0000171317 devstack@neutron-api.service[104557]: DEBUG neutron_lib.callbacks.manager [None req-57032a48-bf57-41e5-940d-669609498b4b admin admin] Publish callbacks [] for port (9b282710-e30f-4164-a8f3-d3cdef01a265), precommit_update {{(pid=104557) _notify_loop /opt/stack/data/venv/lib/python3.12/site-packages/neutron_lib/callbacks/manager.py:184}}
Apr 29 21:41:33.407782 np0000171317 devstack@neutron-api.service[104557]: DEBUG neutron.plugins.ml2.drivers.ovn.mech_driver.mech_driver [None req-57032a48-bf57-41e5-940d-669609498b4b admin admin] No provisioning block for port 9b282710-e30f-4164-a8f3-d3cdef01a265 since it does not have a host {{(pid=104557) _is_port_provisioning_required /opt/stack/neutron/neutron/plugins/ml2/drivers/ovn/mech_driver/mech_driver.py:894}}
Apr 29 21:41:33.409107 np0000171317 devstack@neutron-api.service[104557]: DEBUG neutron_lib.callbacks.manager [None req-57032a48-bf57-41e5-940d-669609498b4b admin admin] Publish callbacks ['neutron.plugins.ml2.ovo_rpc._ObjectChangeHandler.handle_event-65221104', 'neutron.db.l3_db.L3RpcNotifierMixin._notify_gateway_port_ip_changed-8609631850446', 'neutron.services.ovn_l3.plugin.OVNL3RouterPlugin._port_update-8609629981666'] for port (9b282710-e30f-4164-a8f3-d3cdef01a265), after_update {{(pid=104557) _notify_loop /opt/stack/data/venv/lib/python3.12/site-packages/neutron_lib/callbacks/manager.py:184}}
Apr 29 21:41:33.456002 np0000171317 devstack@neutron-api.service[104557]: DEBUG neutron.api.rpc.handlers.resources_rpc [None req-57032a48-bf57-41e5-940d-669609498b4b admin admin] Pushing event updated for resources: {'Port': ['ID=9b282710-e30f-4164-a8f3-d3cdef01a265,revision_number=3']} {{(pid=104557) push /opt/stack/neutron/neutron/api/rpc/handlers/resources_rpc.py:237}}
Apr 29 21:41:33.464061 np0000171317 devstack@neutron-api.service[104557]: DEBUG neutron.api.rpc.callbacks.version_manager [None req-57032a48-bf57-41e5-940d-669609498b4b admin admin] Tracked resource versions report:
Apr 29 21:41:33.464061 np0000171317 devstack@neutron-api.service[104557]: pushed versions:
Apr 29 21:41:33.464061 np0000171317 devstack@neutron-api.service[104557]: { 'AddressGroup': {'1.2'},
Apr 29 21:41:33.464061 np0000171317 devstack@neutron-api.service[104557]: 'Agent': {'1.1'},
Apr 29 21:41:33.464061 np0000171317 devstack@neutron-api.service[104557]: 'ConntrackHelper': {'1.0'},
Apr 29 21:41:33.464061 np0000171317 devstack@neutron-api.service[104557]: 'LocalIPAssociation': {'1.0'},
Apr 29 21:41:33.464061 np0000171317 devstack@neutron-api.service[104557]: 'Log': {'1.0'},
Apr 29 21:41:33.464061 np0000171317 devstack@neutron-api.service[104557]: 'NDPProxy': {'1.0'},
Apr 29 21:41:33.464061 np0000171317 devstack@neutron-api.service[104557]: 'Network': {'1.2'},
Apr 29 21:41:33.464061 np0000171317 devstack@neutron-api.service[104557]: 'Port': {'1.10'},
Apr 29 21:41:33.464061 np0000171317 devstack@neutron-api.service[104557]: 'PortForwarding': {'1.3'},
Apr 29 21:41:33.464061 np0000171317 devstack@neutron-api.service[104557]: 'QosPolicy': {'1.10'},
Apr 29 21:41:33.464061 np0000171317 devstack@neutron-api.service[104557]: 'SecurityGroup': {'1.6'},
Apr 29 21:41:33.464061 np0000171317 devstack@neutron-api.service[104557]: 'SecurityGroupRule': {'1.3'},
Apr 29 21:41:33.464061 np0000171317 devstack@neutron-api.service[104557]: 'SubPort': {'1.0'},
Apr 29 21:41:33.464061 np0000171317 devstack@neutron-api.service[104557]: 'Subnet': {'1.2'},
Apr 29 21:41:33.464061 np0000171317 devstack@neutron-api.service[104557]: 'Trunk': {'1.1'}}
Apr 29 21:41:33.464061 np0000171317 devstack@neutron-api.service[104557]: consumer versions:
Apr 29 21:41:33.464061 np0000171317 devstack@neutron-api.service[104557]: { OVN Neutron agent@np0000171317: {},
Apr 29 21:41:33.464061 np0000171317 devstack@neutron-api.service[104557]: OVN Controller Gateway agent@np0000171317: {}}
Apr 29 21:41:33.464061 np0000171317 devstack@neutron-api.service[104557]: {{(pid=104557) report /opt/stack/neutron/neutron/api/rpc/callbacks/version_manager.py:183}}
Apr 29 21:41:33.656407 np0000171317 devstack@neutron-api.service[104557]: DEBUG ovsdbapp.backend.ovs_idl.transaction [-] Running txn n=1 command(idx=0): CheckRevisionNumberCommand(_result=None, name=9b282710-e30f-4164-a8f3-d3cdef01a265, resource={'id': '9b282710-e30f-4164-a8f3-d3cdef01a265', 'name': '', 'network_id': '65a90e5a-b8cc-4435-a91d-5e4556d98fc4', 'project_id': 'b2d0db473fbf459da3a23a14805292a4', 'mac_address': 'fa:16:3e:05:3b:65', 'admin_state_up': True, 'status': 'DOWN', 'device_id': 'ovnmeta-65a90e5a-b8cc-4435-a91d-5e4556d98fc4', 'device_owner': 'network:distributed', 'standard_attr_id': 14, 'fixed_ips': [{'subnet_id': '1cbdab86-529f-4989-88e4-c12b84eb18c7', 'ip_address': '10.1.0.2'}, {'subnet_id': '879945cc-a541-4e93-80f6-c10010ece2c4', 'ip_address': 'fd0c:66ae:5c5e:0:f816:3eff:fe05:3b65'}], 'allowed_address_pairs': [], 'extra_dhcp_opts': [], 'security_groups': [], 'description': '', 'binding:vnic_type': 'normal', 'binding:profile': {}, 'binding:host_id': '', 'binding:vif_type': 'unbound', 'binding:vif_details': {}, 'port_security_enabled': False, 'tags': [], 'created_at': '2026-04-29T21:41:29Z', 'updated_at': '2026-04-29T21:41:33Z', 'revision_number': 3, 'tenant_id': 'b2d0db473fbf459da3a23a14805292a4', 'network': {'id': '65a90e5a-b8cc-4435-a91d-5e4556d98fc4', 'name': 'private', 'tenant_id': 'b2d0db473fbf459da3a23a14805292a4', 'project_id': 'b2d0db473fbf459da3a23a14805292a4', 'admin_state_up': True, 'mtu': 1372, 'status': 'ACTIVE', 'subnets': ['1cbdab86-529f-4989-88e4-c12b84eb18c7', '879945cc-a541-4e93-80f6-c10010ece2c4'], 'standard_attr_id': 12, 'shared': False, 'availability_zone_hints': [], 'availability_zones': [], 'ipv4_address_scope': None, 'ipv6_address_scope': None, 'router:external': False, 'qinq': False, 'vlan_transparent': False, 'description': '', 'port_security_enabled': True, 'tags': [], 'created_at': '2026-04-29T21:41:29Z', 'updated_at': '2026-04-29T21:41:32Z', 'revision_number': 3, 'provider:network_type': 'geneve', 'provider:physical_network': None, 'provider:segmentation_id': 2427}}, resource_type=ports, if_exists=True) {{(pid=104557) do_commit /opt/stack/data/venv/lib/python3.12/site-packages/ovsdbapp/backend/ovs_idl/transaction.py:89}}
Apr 29 21:41:33.657148 np0000171317 devstack@neutron-api.service[104557]: DEBUG ovsdbapp.backend.ovs_idl.transaction [-] Running txn n=1 command(idx=1): SetLSwitchPortCommand(_result=None, lport=9b282710-e30f-4164-a8f3-d3cdef01a265, external_ids_update=None, columns={'external_ids': {'neutron:port_name': '', 'neutron:device_id': 'ovnmeta-65a90e5a-b8cc-4435-a91d-5e4556d98fc4', 'neutron:project_id': 'b2d0db473fbf459da3a23a14805292a4', 'neutron:cidrs': '10.1.0.2/26 fd0c:66ae:5c5e:0:f816:3eff:fe05:3b65/64', 'neutron:device_owner': 'network:distributed', 'neutron:subnet_pool_addr_scope4': '', 'neutron:subnet_pool_addr_scope6': '', 'neutron:network_name': 'neutron-65a90e5a-b8cc-4435-a91d-5e4556d98fc4', 'neutron:security_group_ids': '', 'neutron:revision_number': '3', 'neutron:vnic_type': 'normal', 'neutron:port_capabilities': '', 'neutron:mtu': ''}, 'parent_name': [], 'tag': [], 'options': {}, 'enabled': True, 'port_security': [], 'dhcpv4_options': [], 'dhcpv6_options': [], 'type': 'localport', 'addresses': ['fa:16:3e:05:3b:65 10.1.0.2 fd0c:66ae:5c5e:0:f816:3eff:fe05:3b65'], 'ha_chassis_group': []}, if_exists=False) {{(pid=104557) do_commit /opt/stack/data/venv/lib/python3.12/site-packages/ovsdbapp/backend/ovs_idl/transaction.py:89}}
Apr 29 21:41:33.658613 np0000171317 devstack@neutron-api.service[104557]: DEBUG ovsdbapp.backend.ovs_idl.transaction [-] Running txn n=1 command(idx=2): PgDelPortCommand(_result=None, port_group=neutron_pg_drop, lsp=['9b282710-e30f-4164-a8f3-d3cdef01a265'], if_exists=False) {{(pid=104557) do_commit /opt/stack/data/venv/lib/python3.12/site-packages/ovsdbapp/backend/ovs_idl/transaction.py:89}}
Apr 29 21:41:33.663380 np0000171317 devstack@neutron-api.service[104557]: DEBUG neutron.plugins.ml2.drivers.ovn.mech_driver.ovsdb.ovsdb_monitor [-] Hash Ring: Node 732f0eb4e8f9535b990f4ba704310141 (host: np0000171317) handling event "update" for row 5888d45c-484c-4bc9-b520-6d12770c1c90 (table: Logical_Switch_Port) {{(pid=104557) notify /opt/stack/neutron/neutron/plugins/ml2/drivers/ovn/mech_driver/ovsdb/ovsdb_monitor.py:942}}
Apr 29 21:41:33.664066 np0000171317 devstack@neutron-api.service[104556]: DEBUG neutron.plugins.ml2.drivers.ovn.mech_driver.ovsdb.ovsdb_monitor [-] Hash Ring: Node dfe886dbf28055ea84f41ddb5e472228 (host: np0000171317) handling event "update" for row 5888d45c-484c-4bc9-b520-6d12770c1c90 (table: Logical_Switch_Port) {{(pid=104556) notify /opt/stack/neutron/neutron/plugins/ml2/drivers/ovn/mech_driver/ovsdb/ovsdb_monitor.py:942}}
Apr 29 21:41:33.664626 np0000171317 devstack@neutron-api.service[104558]: DEBUG neutron.plugins.ml2.drivers.ovn.mech_driver.ovsdb.ovsdb_monitor [-] Hash Ring: Node ba9f8dd664db5377bc4968b77378f576 (host: np0000171317) handling event "update" for row 5888d45c-484c-4bc9-b520-6d12770c1c90 (table: Logical_Switch_Port) {{(pid=104558) notify /opt/stack/neutron/neutron/plugins/ml2/drivers/ovn/mech_driver/ovsdb/ovsdb_monitor.py:942}}
Apr 29 21:41:33.667456 np0000171317 devstack@neutron-api.service[104558]: DEBUG neutron.plugins.ml2.drivers.ovn.mech_driver.ovsdb.ovsdb_monitor [-] Hash Ring: Node ba9f8dd664db5377bc4968b77378f576 (host: np0000171317) handling event "update" for row 1bb75582-bc41-4258-976b-c3b58642797a (table: Port_Binding) {{(pid=104558) notify /opt/stack/neutron/neutron/plugins/ml2/drivers/ovn/mech_driver/ovsdb/ovsdb_monitor.py:942}}
Apr 29 21:41:33.672491 np0000171317 devstack@neutron-api.service[104557]: DEBUG neutron.plugins.ml2.drivers.ovn.mech_driver.ovsdb.ovsdb_monitor [-] Hash Ring: Node 732f0eb4e8f9535b990f4ba704310141 (host: np0000171317) handling event "update" for row 1bb75582-bc41-4258-976b-c3b58642797a (table: Port_Binding) {{(pid=104557) notify /opt/stack/neutron/neutron/plugins/ml2/drivers/ovn/mech_driver/ovsdb/ovsdb_monitor.py:942}}
Apr 29 21:41:33.692749 np0000171317 devstack@neutron-api.service[104557]: INFO neutron.db.ovn_revision_numbers_db [None req-57032a48-bf57-41e5-940d-669609498b4b admin admin] Successfully bumped revision number for resource 9b282710-e30f-4164-a8f3-d3cdef01a265 (type: ports) to 3
Apr 29 21:41:33.706899 np0000171317 devstack@neutron-api.service[104557]: DEBUG neutron_lib.callbacks.manager [None req-57032a48-bf57-41e5-940d-669609498b4b admin admin] Publish callbacks ['neutron.plugins.ml2.ovo_rpc._ObjectChangeHandler.handle_event-65221089'] for subnet (879945cc-a541-4e93-80f6-c10010ece2c4), after_create {{(pid=104557) _notify_loop /opt/stack/data/venv/lib/python3.12/site-packages/neutron_lib/callbacks/manager.py:184}}
Apr 29 21:41:33.722974 np0000171317 devstack@neutron-api.service[104557]: DEBUG neutron.api.rpc.handlers.resources_rpc [None req-57032a48-bf57-41e5-940d-669609498b4b admin admin] Pushing event updated for resources: {'Subnet': ['ID=879945cc-a541-4e93-80f6-c10010ece2c4,revision_number=0']} {{(pid=104557) push /opt/stack/neutron/neutron/api/rpc/handlers/resources_rpc.py:237}}
Apr 29 21:41:33.756897 np0000171317 devstack@neutron-api.service[104557]: INFO neutron.db.ovn_revision_numbers_db [None req-57032a48-bf57-41e5-940d-669609498b4b admin admin] Successfully bumped revision number for resource 879945cc-a541-4e93-80f6-c10010ece2c4 (type: subnets) to 0
Apr 29 21:41:33.758272 np0000171317 devstack@neutron-api.service[104557]: DEBUG neutron.pecan_wsgi.hooks.policy_enforcement [None req-57032a48-bf57-41e5-940d-669609498b4b admin admin] Attributes excluded by policy engine: ['standard_attr_id', 'shared', 'network'] {{(pid=104557) _exclude_attributes_by_policy /opt/stack/neutron/neutron/pecan_wsgi/hooks/policy_enforcement.py:256}}
Apr 29 21:41:33.758669 np0000171317 devstack@neutron-api.service[104557]: DEBUG neutron_lib.callbacks.manager [None req-57032a48-bf57-41e5-940d-669609498b4b admin admin] Publish callbacks [] for subnet (None), before_response {{(pid=104557) _notify_loop /opt/stack/data/venv/lib/python3.12/site-packages/neutron_lib/callbacks/manager.py:184}}
Apr 29 21:41:33.770949 np0000171317 devstack@neutron-api.service[104557]: [pid: 104557|app: 0|req: 3/11] 199.204.45.115 () {68 vars in 1355 bytes} [Wed Apr 29 21:41:32 2026] POST /networking/v2.0/subnets => generated 730 bytes in 1183 msecs (HTTP/1.1 201) 4 headers in 162 bytes (1 switches on core 0)
Apr 29 21:41:34.051304 np0000171317 devstack@neutron-api.service[104559]: DEBUG neutron.api.wsgi [None req-bcf24131-29f2-44c0-83b6-ca7bb0dcc315 admin admin] Missing Content-Type {{(pid=104559) get_content_type /opt/stack/neutron/neutron/api/wsgi.py:80}}
Apr 29 21:41:34.052146 np0000171317 devstack@neutron-api.service[104559]: DEBUG neutron.api.wsgi [None req-bcf24131-29f2-44c0-83b6-ca7bb0dcc315 admin admin] https://199.204.45.115/networking/v2.0/extensions returned with HTTP 200 {{(pid=104559) __call__ /opt/stack/neutron/neutron/api/wsgi.py:540}}
Apr 29 21:41:34.052809 np0000171317 devstack@neutron-api.service[104559]: [pid: 104559|app: 0|req: 3/12] 199.204.45.115 () {64 vars in 1323 bytes} [Wed Apr 29 21:41:34 2026] GET /networking/v2.0/extensions => generated 15209 bytes in 7 msecs (HTTP/1.1 200) 4 headers in 159 bytes (1 switches on core 0)
Apr 29 21:41:34.344051 np0000171317 devstack@neutron-api.service[104556]: DEBUG neutron.api.wsgi [None req-94317235-e30d-434d-993b-868ff33e6930 admin admin] Missing Content-Type {{(pid=104556) get_content_type /opt/stack/neutron/neutron/api/wsgi.py:80}}
Apr 29 21:41:34.344786 np0000171317 devstack@neutron-api.service[104556]: DEBUG neutron.api.wsgi [None req-94317235-e30d-434d-993b-868ff33e6930 admin admin] https://199.204.45.115/networking/v2.0/extensions returned with HTTP 200 {{(pid=104556) __call__ /opt/stack/neutron/neutron/api/wsgi.py:540}}
Apr 29 21:41:34.345139 np0000171317 devstack@neutron-api.service[104556]: [pid: 104556|app: 0|req: 3/13] 199.204.45.115 () {64 vars in 1323 bytes} [Wed Apr 29 21:41:34 2026] GET /networking/v2.0/extensions => generated 15209 bytes in 8 msecs (HTTP/1.1 200) 4 headers in 159 bytes (1 switches on core 0)
Apr 29 21:41:34.626766 np0000171317 devstack@neutron-api.service[104558]: DEBUG neutron.api.v2.base [None req-4cd9ff29-e70d-46c2-b286-ef635ffe4d6d admin admin] Request body: {'router': {'admin_state_up': True, 'name': 'router1'}} {{(pid=104558) prepare_request_body /opt/stack/neutron/neutron/api/v2/base.py:727}}
Apr 29 21:41:34.651807 np0000171317 devstack@neutron-api.service[104558]: DEBUG neutron_lib.callbacks.manager [None req-4cd9ff29-e70d-46c2-b286-ef635ffe4d6d admin admin] Publish callbacks ['neutron.services.ovn_l3.service_providers.driver_controller.DriverController._check_router_request-289522'] for router (c67a3c2d-a0c5-4438-abf1-f82c89ca52ac), before_create {{(pid=104558) _notify_loop /opt/stack/data/venv/lib/python3.12/site-packages/neutron_lib/callbacks/manager.py:184}}
Apr 29 21:41:34.652949 np0000171317 devstack@neutron-api.service[104558]: DEBUG neutron_lib.callbacks.manager [None req-4cd9ff29-e70d-46c2-b286-ef635ffe4d6d admin admin] Publish callbacks ['neutron.services.ovn_l3.service_providers.ovn.OVN_L3_HA_db_mixin._precommit_router_create-520148', 'neutron.services.ovn_l3.plugin.RouterAvailabilityZoneMixin._process_az_request-66228731', 'neutron.services.ovn_l3.plugin.ExtraGatewaysDbOnlyMixin._process_bfd_ecmp_create-289631', 'neutron.services.ovn_l3.service_providers.ovn.OvnDriver._process_router_create_precommit-519258', 'neutron.services.ovn_l3.service_providers.driver_controller.DriverController._set_router_provider-289590'] for router (c67a3c2d-a0c5-4438-abf1-f82c89ca52ac), precommit_create {{(pid=104558) _notify_loop /opt/stack/data/venv/lib/python3.12/site-packages/neutron_lib/callbacks/manager.py:184}}
Apr 29 21:41:34.670014 np0000171317 devstack@neutron-api.service[104558]: DEBUG neutron.db.ovn_revision_numbers_db [None req-4cd9ff29-e70d-46c2-b286-ef635ffe4d6d admin admin] create_initial_revision uuid=c67a3c2d-a0c5-4438-abf1-f82c89ca52ac, type=routers, rev=-1 {{(pid=104558) create_initial_revision /opt/stack/neutron/neutron/db/ovn_revision_numbers_db.py:98}}
Apr 29 21:41:34.752172 np0000171317 devstack@neutron-api.service[104558]: DEBUG neutron_lib.callbacks.manager [None req-4cd9ff29-e70d-46c2-b286-ef635ffe4d6d admin admin] Publish callbacks [] for router_controller (c67a3c2d-a0c5-4438-abf1-f82c89ca52ac), precommit_add_association {{(pid=104558) _notify_loop /opt/stack/data/venv/lib/python3.12/site-packages/neutron_lib/callbacks/manager.py:184}}
Apr 29 21:41:34.757992 np0000171317 devstack@neutron-api.service[104558]: DEBUG neutron_lib.callbacks.manager [None req-4cd9ff29-e70d-46c2-b286-ef635ffe4d6d admin admin] Publish callbacks ['neutron.services.ovn_l3.service_providers.ovn.OvnDriver._process_router_create-519414'] for router (c67a3c2d-a0c5-4438-abf1-f82c89ca52ac), after_create {{(pid=104558) _notify_loop /opt/stack/data/venv/lib/python3.12/site-packages/neutron_lib/callbacks/manager.py:184}}
Apr 29 21:41:34.758192 np0000171317 devstack@neutron-api.service[104558]: INFO neutron.plugins.ml2.drivers.ovn.mech_driver.ovsdb.extensions.qos [None req-4cd9ff29-e70d-46c2-b286-ef635ffe4d6d admin admin] Starting OVNClientQosExtension
Apr 29 21:41:34.758655 np0000171317 devstack@neutron-api.service[104558]: DEBUG neutron.plugins.ml2.drivers.ovn.mech_driver.ovsdb.extensions.qos [None req-4cd9ff29-e70d-46c2-b286-ef635ffe4d6d admin admin] Router c67a3c2d-a0c5-4438-abf1-f82c89ca52ac does not have ID or gateway assigned {{(pid=104558) update_router /opt/stack/neutron/neutron/plugins/ml2/drivers/ovn/mech_driver/ovsdb/extensions/qos.py:527}}
Apr 29 21:41:34.759534 np0000171317 devstack@neutron-api.service[104558]: DEBUG ovsdbapp.backend.ovs_idl.transaction [-] Running txn n=1 command(idx=0): LrAddCommand(_result=None, router=neutron-c67a3c2d-a0c5-4438-abf1-f82c89ca52ac, may_exist=True, columns={'external_ids': {'neutron:router_name': 'router1', 'neutron:revision_number': '1', 'neutron:availability_zone_hints': ''}, 'enabled': True, 'options': {'always_learn_from_arp_request': 'false', 'dynamic_neigh_routers': 'true', 'mac_binding_age_threshold': '300'}}) {{(pid=104558) do_commit /opt/stack/data/venv/lib/python3.12/site-packages/ovsdbapp/backend/ovs_idl/transaction.py:89}}
Apr 29 21:41:34.764063 np0000171317 devstack@neutron-api.service[104558]: DEBUG neutron.plugins.ml2.drivers.ovn.mech_driver.ovsdb.ovsdb_monitor [-] Hash Ring: Node ba9f8dd664db5377bc4968b77378f576 (host: np0000171317) handling event "create" for row 82d8e196-9bff-46c1-83f1-bc68448430ff (table: Logical_Router) {{(pid=104558) notify /opt/stack/neutron/neutron/plugins/ml2/drivers/ovn/mech_driver/ovsdb/ovsdb_monitor.py:942}}
Apr 29 21:41:34.765736 np0000171317 devstack@neutron-api.service[104557]: DEBUG neutron.plugins.ml2.drivers.ovn.mech_driver.ovsdb.ovsdb_monitor [-] Hash Ring: Node 732f0eb4e8f9535b990f4ba704310141 (host: np0000171317) handling event "create" for row 82d8e196-9bff-46c1-83f1-bc68448430ff (table: Logical_Router) {{(pid=104557) notify /opt/stack/neutron/neutron/plugins/ml2/drivers/ovn/mech_driver/ovsdb/ovsdb_monitor.py:942}}
Apr 29 21:41:34.774163 np0000171317 devstack@neutron-api.service[104557]: DEBUG neutron.plugins.ml2.drivers.ovn.mech_driver.ovsdb.ovsdb_monitor [-] Hash Ring: Node 732f0eb4e8f9535b990f4ba704310141 (host: np0000171317) handling event "create" for row bc0173d3-5483-4d2c-8921-861e3088bb1c (table: Datapath_Binding) {{(pid=104557) notify /opt/stack/neutron/neutron/plugins/ml2/drivers/ovn/mech_driver/ovsdb/ovsdb_monitor.py:942}}
Apr 29 21:41:34.789162 np0000171317 devstack@neutron-api.service[104558]: DEBUG neutron.plugins.ml2.drivers.ovn.mech_driver.ovsdb.ovsdb_monitor [-] Hash Ring: Node ba9f8dd664db5377bc4968b77378f576 (host: np0000171317) handling event "create" for row bc0173d3-5483-4d2c-8921-861e3088bb1c (table: Datapath_Binding) {{(pid=104558) notify /opt/stack/neutron/neutron/plugins/ml2/drivers/ovn/mech_driver/ovsdb/ovsdb_monitor.py:942}}
Apr 29 21:41:34.864399 np0000171317 devstack@neutron-api.service[104558]: INFO neutron.db.ovn_revision_numbers_db [None req-4cd9ff29-e70d-46c2-b286-ef635ffe4d6d admin admin] Successfully bumped revision number for resource c67a3c2d-a0c5-4438-abf1-f82c89ca52ac (type: routers) to 1
Apr 29 21:41:34.883294 np0000171317 devstack@neutron-api.service[104558]: DEBUG neutron_lib.callbacks.manager [None req-4cd9ff29-e70d-46c2-b286-ef635ffe4d6d admin admin] Publish callbacks [] for router (None), before_response {{(pid=104558) _notify_loop /opt/stack/data/venv/lib/python3.12/site-packages/neutron_lib/callbacks/manager.py:184}}
Apr 29 21:41:34.884329 np0000171317 devstack@neutron-api.service[104558]: [pid: 104558|app: 0|req: 5/14] 199.204.45.115 () {68 vars in 1354 bytes} [Wed Apr 29 21:41:34 2026] POST /networking/v2.0/routers => generated 599 bytes in 263 msecs (HTTP/1.1 201) 4 headers in 162 bytes (1 switches on core 0)
Apr 29 21:41:35.159865 np0000171317 devstack@neutron-api.service[104557]: DEBUG neutron.api.wsgi [None req-298e0981-fd57-43e8-9669-c1061ad4703b admin admin] Missing Content-Type {{(pid=104557) get_content_type /opt/stack/neutron/neutron/api/wsgi.py:80}}
Apr 29 21:41:35.160409 np0000171317 devstack@neutron-api.service[104557]: DEBUG neutron.api.wsgi [None req-298e0981-fd57-43e8-9669-c1061ad4703b admin admin] https://199.204.45.115/networking/v2.0/extensions returned with HTTP 200 {{(pid=104557) __call__ /opt/stack/neutron/neutron/api/wsgi.py:540}}
Apr 29 21:41:35.160834 np0000171317 devstack@neutron-api.service[104557]: [pid: 104557|app: 0|req: 4/15] 199.204.45.115 () {64 vars in 1323 bytes} [Wed Apr 29 21:41:35 2026] GET /networking/v2.0/extensions => generated 15209 bytes in 6 msecs (HTTP/1.1 200) 4 headers in 159 bytes (1 switches on core 0)
Apr 29 21:41:35.186206 np0000171317 devstack@neutron-api.service[104558]: DEBUG futurist.periodics [-] Submitting periodic callback 'neutron.plugins.ml2.drivers.ovn.mech_driver.ovsdb.maintenance.HashRingHealthCheckPeriodics.touch_hash_ring_node' {{(pid=104558) _process_scheduled /opt/stack/data/venv/lib/python3.12/site-packages/futurist/periodics.py:784}}
Apr 29 21:41:35.187437 np0000171317 devstack@neutron-api.service[104558]: DEBUG neutron.plugins.ml2.drivers.ovn.mech_driver.ovsdb.maintenance [-] Touching Hash Ring node "ba9f8dd664db5377bc4968b77378f576" from periodic health check thread {{(pid=104558) touch_hash_ring_node /opt/stack/neutron/neutron/plugins/ml2/drivers/ovn/mech_driver/ovsdb/maintenance.py:1466}}
Apr 29 21:41:35.452432 np0000171317 devstack@neutron-api.service[104559]: DEBUG neutron.api.v2.base [None req-37ec815b-7779-45d1-a534-ca3c7463d1b3 admin admin] Request body: {'network': {'admin_state_up': True, 'provider:physical_network': 'public', 'router:external': True, 'provider:network_type': 'flat', 'name': 'public', 'is_default': True}} {{(pid=104559) prepare_request_body /opt/stack/neutron/neutron/api/v2/base.py:727}}
Apr 29 21:41:35.467190 np0000171317 devstack@neutron-api.service[104559]: DEBUG neutron.pecan_wsgi.hooks.quota_enforcement [None req-37ec815b-7779-45d1-a534-ca3c7463d1b3 admin admin] Made reservation on behalf of b2d0db473fbf459da3a23a14805292a4 for: {'network': 1} {{(pid=104559) before /opt/stack/neutron/neutron/pecan_wsgi/hooks/quota_enforcement.py:66}}
Apr 29 21:41:35.471114 np0000171317 devstack@neutron-api.service[104559]: DEBUG neutron_lib.callbacks.manager [None req-37ec815b-7779-45d1-a534-ca3c7463d1b3 admin admin] Publish callbacks ['neutron.plugins.ml2.plugin.SecurityGroupDbMixin._ensure_default_security_group_handler-1264956'] for network (None), before_create {{(pid=104559) _notify_loop /opt/stack/data/venv/lib/python3.12/site-packages/neutron_lib/callbacks/manager.py:184}}
Apr 29 21:41:35.485812 np0000171317 devstack@neutron-api.service[104559]: DEBUG neutron.plugins.ml2.drivers.type_flat [None req-37ec815b-7779-45d1-a534-ca3c7463d1b3 admin admin] Reserving flat network on physical network public {{(pid=104559) reserve_provider_segment /opt/stack/neutron/neutron/plugins/ml2/drivers/type_flat.py:100}}
Apr 29 21:41:35.497139 np0000171317 devstack@neutron-api.service[104559]: DEBUG neutron_lib.callbacks.manager [None req-37ec815b-7779-45d1-a534-ca3c7463d1b3 admin admin] Publish callbacks ['neutron.services.segments.db._add_segment_host_mapping_for_segment-8609631967666', 'neutron.plugins.ml2.plugin.Ml2Plugin._handle_segment_change-1510312'] for segment (37334d1d-ce43-4fdd-b601-1ea4ffd10966), precommit_create {{(pid=104559) _notify_loop /opt/stack/data/venv/lib/python3.12/site-packages/neutron_lib/callbacks/manager.py:184}}
Apr 29 21:41:35.497413 np0000171317 devstack@neutron-api.service[104559]: DEBUG neutron_lib.callbacks.manager [None req-37ec815b-7779-45d1-a534-ca3c7463d1b3 admin admin] Unsubscribe: segment precommit_create {{(pid=104559) unsubscribe /opt/stack/data/venv/lib/python3.12/site-packages/neutron_lib/callbacks/manager.py:90}}
Apr 29 21:41:35.497413 np0000171317 devstack@neutron-api.service[104559]: INFO neutron.db.segments_db [None req-37ec815b-7779-45d1-a534-ca3c7463d1b3 admin admin] Added segment 37334d1d-ce43-4fdd-b601-1ea4ffd10966 of type flat for network d763f389-7f49-42c8-8067-a662dd84864f
Apr 29 21:41:35.520914 np0000171317 devstack@neutron-api.service[104559]: DEBUG neutron_lib.callbacks.manager [None req-37ec815b-7779-45d1-a534-ca3c7463d1b3 admin admin] Publish callbacks ['neutron.services.auto_allocate.db._ensure_external_network_default_value_callback-8609629967010'] for network (d763f389-7f49-42c8-8067-a662dd84864f), precommit_create {{(pid=104559) _notify_loop /opt/stack/data/venv/lib/python3.12/site-packages/neutron_lib/callbacks/manager.py:184}}
Apr 29 21:41:35.537576 np0000171317 devstack@neutron-api.service[104559]: DEBUG neutron.plugins.ml2.drivers.ovn.mech_driver.mech_driver [None req-37ec815b-7779-45d1-a534-ca3c7463d1b3 admin admin] Validating network segment with type flat, segmentation ID None, physical network public {{(pid=104559) _validate_network_segments /opt/stack/neutron/neutron/plugins/ml2/drivers/ovn/mech_driver/mech_driver.py:641}}
Apr 29 21:41:35.537763 np0000171317 devstack@neutron-api.service[104559]: DEBUG neutron.db.ovn_revision_numbers_db [None req-37ec815b-7779-45d1-a534-ca3c7463d1b3 admin admin] create_initial_revision uuid=d763f389-7f49-42c8-8067-a662dd84864f, type=networks, rev=-1 {{(pid=104559) create_initial_revision /opt/stack/neutron/neutron/db/ovn_revision_numbers_db.py:98}}
Apr 29 21:41:35.550233 np0000171317 devstack@neutron-api.service[104559]: DEBUG neutron_lib.callbacks.manager [None req-37ec815b-7779-45d1-a534-ca3c7463d1b3 admin admin] Publish callbacks ['neutron.plugins.ml2.ovo_rpc._ObjectChangeHandler.handle_event-65237979'] for network (d763f389-7f49-42c8-8067-a662dd84864f), after_create {{(pid=104559) _notify_loop /opt/stack/data/venv/lib/python3.12/site-packages/neutron_lib/callbacks/manager.py:184}}
Apr 29 21:41:35.576170 np0000171317 devstack@neutron-api.service[104559]: DEBUG neutron.api.rpc.handlers.resources_rpc [None req-37ec815b-7779-45d1-a534-ca3c7463d1b3 admin admin] Pushing event updated for resources: {'Network': ['ID=d763f389-7f49-42c8-8067-a662dd84864f,revision_number=1']} {{(pid=104559) push /opt/stack/neutron/neutron/api/rpc/handlers/resources_rpc.py:237}}
Apr 29 21:41:35.585399 np0000171317 devstack@neutron-api.service[104559]: DEBUG ovsdbapp.backend.ovs_idl.transaction [-] Running txn n=1 command(idx=0): AddNetworkCommand(_result=None, network_uuid=d763f389-7f49-42c8-8067-a662dd84864f, may_exist=True, columns={'external_ids': {'neutron:network_name': 'public', 'neutron:mtu': '1430', 'neutron:revision_number': '1', 'neutron:availability_zone_hints': '', 'neutron:provnet-network-type': 'flat', 'neutron:provnet-physical-network': 'public'}, 'other_config': {'mcast_snoop': 'false', 'mcast_flood_unregistered': 'false', 'vlan-passthru': 'false', 'fdb_age_threshold': '300', 'broadcast-arps-to-all-routers': 'true'}}) {{(pid=104559) do_commit /opt/stack/data/venv/lib/python3.12/site-packages/ovsdbapp/backend/ovs_idl/transaction.py:89}}
Apr 29 21:41:35.586132 np0000171317 devstack@neutron-api.service[104559]: DEBUG neutron.common.ovn.utils [-] OVS persist_uuid supported=True {{(pid=104559) ovs_persist_uuid_supported /opt/stack/neutron/neutron/common/ovn/utils.py:1537}}
Apr 29 21:41:35.586792 np0000171317 devstack@neutron-api.service[104559]: DEBUG ovsdbapp.backend.ovs_idl.transaction [-] Running txn n=1 command(idx=1): AddLSwitchPortCommand(_result=None, lport=provnet-37334d1d-ce43-4fdd-b601-1ea4ffd10966, lswitch=neutron-d763f389-7f49-42c8-8067-a662dd84864f, may_exist=True, network_uuid=d763f389-7f49-42c8-8067-a662dd84864f, columns={'addresses': ['unknown'], 'external_ids': {'neutron:provnet-physical-network': 'public'}, 'type': 'localnet', 'tag': None, 'options': {'network_name': 'public', 'mcast_flood_reports': 'true', 'mcast_flood': 'false', 'localnet_learn_fdb': 'false'}}) {{(pid=104559) do_commit /opt/stack/data/venv/lib/python3.12/site-packages/ovsdbapp/backend/ovs_idl/transaction.py:89}}
Apr 29 21:41:35.626815 np0000171317 devstack@neutron-api.service[104557]: DEBUG neutron.plugins.ml2.drivers.ovn.mech_driver.ovsdb.ovsdb_monitor [-] Hash Ring: Node 732f0eb4e8f9535b990f4ba704310141 (host: np0000171317) handling event "create" for row d763f389-7f49-42c8-8067-a662dd84864f (table: Logical_Switch) {{(pid=104557) notify /opt/stack/neutron/neutron/plugins/ml2/drivers/ovn/mech_driver/ovsdb/ovsdb_monitor.py:942}}
Apr 29 21:41:35.626888 np0000171317 devstack@neutron-api.service[104556]: DEBUG neutron.plugins.ml2.drivers.ovn.mech_driver.ovsdb.ovsdb_monitor [-] Hash Ring: Node dfe886dbf28055ea84f41ddb5e472228 (host: np0000171317) handling event "create" for row 3c5d5f48-ea6b-42d5-ad89-005253326dda (table: Logical_Switch_Port) {{(pid=104556) notify /opt/stack/neutron/neutron/plugins/ml2/drivers/ovn/mech_driver/ovsdb/ovsdb_monitor.py:942}}
Apr 29 21:41:35.627129 np0000171317 devstack@neutron-api.service[104558]: DEBUG neutron.plugins.ml2.drivers.ovn.mech_driver.ovsdb.ovsdb_monitor [None req-bdaaa37e-9eff-4817-8eeb-59f648403bef None None] Touching Hash Ring node "ba9f8dd664db5377bc4968b77378f576" from IDL notify handler {{(pid=104558) notify /opt/stack/neutron/neutron/plugins/ml2/drivers/ovn/mech_driver/ovsdb/ovsdb_monitor.py:934}}
Apr 29 21:41:35.627500 np0000171317 devstack@neutron-api.service[104556]: DEBUG neutron.plugins.ml2.drivers.ovn.mech_driver.ovsdb.ovsdb_monitor [-] Hash Ring: Node dfe886dbf28055ea84f41ddb5e472228 (host: np0000171317) handling event "update" for row 3c5d5f48-ea6b-42d5-ad89-005253326dda (table: Logical_Switch_Port) {{(pid=104556) notify /opt/stack/neutron/neutron/plugins/ml2/drivers/ovn/mech_driver/ovsdb/ovsdb_monitor.py:942}}
Apr 29 21:41:35.633820 np0000171317 devstack@neutron-api.service[104556]: DEBUG neutron.plugins.ml2.drivers.ovn.mech_driver.ovsdb.ovsdb_monitor [-] Hash Ring: Node dfe886dbf28055ea84f41ddb5e472228 (host: np0000171317) handling event "create" for row 1a44cb74-6c03-40a5-8b8c-5ff63a257c30 (table: Port_Binding) {{(pid=104556) notify /opt/stack/neutron/neutron/plugins/ml2/drivers/ovn/mech_driver/ovsdb/ovsdb_monitor.py:942}}
Apr 29 21:41:35.635544 np0000171317 devstack@neutron-api.service[104558]: DEBUG neutron.plugins.ml2.drivers.ovn.mech_driver.ovsdb.ovsdb_monitor [None req-bdaaa37e-9eff-4817-8eeb-59f648403bef None None] Hash Ring: Node ba9f8dd664db5377bc4968b77378f576 (host: np0000171317) handling event "create" for row d763f389-7f49-42c8-8067-a662dd84864f (table: Logical_Switch) {{(pid=104558) notify /opt/stack/neutron/neutron/plugins/ml2/drivers/ovn/mech_driver/ovsdb/ovsdb_monitor.py:942}}
Apr 29 21:41:35.638110 np0000171317 devstack@neutron-api.service[104558]: DEBUG neutron.plugins.ml2.drivers.ovn.mech_driver.ovsdb.ovsdb_monitor [None req-7d0055b7-a23b-4ef5-80a3-7520e6215a5b None None] Touching Hash Ring node "ba9f8dd664db5377bc4968b77378f576" from IDL notify handler {{(pid=104558) notify /opt/stack/neutron/neutron/plugins/ml2/drivers/ovn/mech_driver/ovsdb/ovsdb_monitor.py:934}}
Apr 29 21:41:35.640860 np0000171317 devstack@neutron-api.service[104558]: DEBUG neutron.plugins.ml2.drivers.ovn.mech_driver.ovsdb.ovsdb_monitor [None req-bdaaa37e-9eff-4817-8eeb-59f648403bef None None] Touching Hash Ring node "ba9f8dd664db5377bc4968b77378f576" from IDL notify handler {{(pid=104558) notify /opt/stack/neutron/neutron/plugins/ml2/drivers/ovn/mech_driver/ovsdb/ovsdb_monitor.py:934}}
Apr 29 21:41:35.644326 np0000171317 devstack@neutron-api.service[104558]: DEBUG neutron.plugins.ml2.drivers.ovn.mech_driver.ovsdb.ovsdb_monitor [None req-7d0055b7-a23b-4ef5-80a3-7520e6215a5b None None] Hash Ring: Node ba9f8dd664db5377bc4968b77378f576 (host: np0000171317) handling event "create" for row d10801a5-bffa-42c9-bc79-c201043192c7 (table: Datapath_Binding) {{(pid=104558) notify /opt/stack/neutron/neutron/plugins/ml2/drivers/ovn/mech_driver/ovsdb/ovsdb_monitor.py:942}}
Apr 29 21:41:35.645539 np0000171317 devstack@neutron-api.service[104558]: DEBUG neutron.plugins.ml2.drivers.ovn.mech_driver.ovsdb.ovsdb_monitor [None req-7d0055b7-a23b-4ef5-80a3-7520e6215a5b None None] Touching Hash Ring node "ba9f8dd664db5377bc4968b77378f576" from IDL notify handler {{(pid=104558) notify /opt/stack/neutron/neutron/plugins/ml2/drivers/ovn/mech_driver/ovsdb/ovsdb_monitor.py:934}}
Apr 29 21:41:35.648935 np0000171317 devstack@neutron-api.service[104558]: DEBUG neutron.plugins.ml2.drivers.ovn.mech_driver.ovsdb.ovsdb_monitor [None req-7d0055b7-a23b-4ef5-80a3-7520e6215a5b None None] Hash Ring: Node ba9f8dd664db5377bc4968b77378f576 (host: np0000171317) handling event "create" for row 1a44cb74-6c03-40a5-8b8c-5ff63a257c30 (table: Port_Binding) {{(pid=104558) notify /opt/stack/neutron/neutron/plugins/ml2/drivers/ovn/mech_driver/ovsdb/ovsdb_monitor.py:942}}
Apr 29 21:41:35.649561 np0000171317 devstack@neutron-api.service[104558]: DEBUG neutron.plugins.ml2.drivers.ovn.mech_driver.ovsdb.ovsdb_monitor [None req-bdaaa37e-9eff-4817-8eeb-59f648403bef None None] Hash Ring: Node ba9f8dd664db5377bc4968b77378f576 (host: np0000171317) handling event "create" for row 3c5d5f48-ea6b-42d5-ad89-005253326dda (table: Logical_Switch_Port) {{(pid=104558) notify /opt/stack/neutron/neutron/plugins/ml2/drivers/ovn/mech_driver/ovsdb/ovsdb_monitor.py:942}}
Apr 29 21:41:35.650942 np0000171317 devstack@neutron-api.service[104559]: INFO neutron.db.ovn_revision_numbers_db [None req-37ec815b-7779-45d1-a534-ca3c7463d1b3 admin admin] Successfully bumped revision number for resource d763f389-7f49-42c8-8067-a662dd84864f (type: networks) to 1
Apr 29 21:41:35.651203 np0000171317 devstack@neutron-api.service[104558]: DEBUG neutron.plugins.ml2.drivers.ovn.mech_driver.ovsdb.ovsdb_monitor [None req-bdaaa37e-9eff-4817-8eeb-59f648403bef None None] Touching Hash Ring node "ba9f8dd664db5377bc4968b77378f576" from IDL notify handler {{(pid=104558) notify /opt/stack/neutron/neutron/plugins/ml2/drivers/ovn/mech_driver/ovsdb/ovsdb_monitor.py:934}}
