2026-05-07 10:27:18.181 7 INFO neutron.db.ovn_revision_numbers_db [None req-a62fb0fd-7849-4c4a-82ff-e55c03cb6d40 0fd2264489da40c69ec741ad0db77594 e614dacbb71844c6b7d6804d5f5a75a7 - - default default] Successfully bumped revision number for resource 88bc152e-afc1-4c61-9a7d-7c867eb801d8 (type: security_groups) to 1
2026-05-07 10:27:18.193 7 INFO neutron.db.ovn_revision_numbers_db [None req-a62fb0fd-7849-4c4a-82ff-e55c03cb6d40 0fd2264489da40c69ec741ad0db77594 e614dacbb71844c6b7d6804d5f5a75a7 - - default default] Successfully bumped revision number for resource 300fbf35-aca5-4cc6-b1b0-ef58619afab8 (type: security_group_rules) to 0 [pid: 8|app: 0|req: 1128/2130] 10.0.0.131 () {34 vars in 694 bytes} [Thu May 7 10:27:18 2026] POST /v2.0/security-group-rules => generated 602 bytes in 157 msecs (HTTP/1.1 201) 4 headers in 162 bytes (1 switches on core 0)
2026-05-07 10:27:18.211 7 INFO neutron.db.ovn_revision_numbers_db [None req-a62fb0fd-7849-4c4a-82ff-e55c03cb6d40 0fd2264489da40c69ec741ad0db77594 e614dacbb71844c6b7d6804d5f5a75a7 - - default default] Successfully bumped revision number for resource 5a387be1-b91d-46df-a012-b19f4cec5306 (type: security_group_rules) to 0
2026-05-07 10:27:18.224 7 INFO neutron.db.ovn_revision_numbers_db [None req-a62fb0fd-7849-4c4a-82ff-e55c03cb6d40 0fd2264489da40c69ec741ad0db77594 e614dacbb71844c6b7d6804d5f5a75a7 - - default default] Successfully bumped revision number for resource 7e7c13b5-49ec-4cdc-91c2-a5c726ba8500 (type: security_group_rules) to 0
2026-05-07 10:27:18.236 7 INFO neutron.db.ovn_revision_numbers_db [None req-a62fb0fd-7849-4c4a-82ff-e55c03cb6d40 0fd2264489da40c69ec741ad0db77594 e614dacbb71844c6b7d6804d5f5a75a7 - - default default] Successfully bumped revision number for resource a7cf8192-1b3b-4715-8392-040f73bac5ab (type: security_group_rules) to 0 [pid: 7|app: 0|req: 1003/2131] 10.0.0.131 () {32 vars in 773 bytes} [Thu May 7 10:27:17 2026] GET /v2.0/security-groups?tenant_id=497b0f7f4cf94af9bdf2df7db3ab4fb5&name=default => generated 2925 bytes in 407 msecs (HTTP/1.1 200) 4 headers in 158 bytes (1 switches on core 0) [pid: 7|app: 0|req: 1004/2132] 10.0.0.131 () {32 vars in 746 bytes} [Thu May 7 10:27:18 2026] GET /v2.0/security-group-rules/665972d9-832f-4857-950c-4e536e2bd1c4 => generated 602 bytes in 13 msecs (HTTP/1.1 200) 4 headers in 157 bytes (1 switches on core 0) [pid: 8|app: 0|req: 1129/2133] 10.0.0.131 () {32 vars in 723 bytes} [Thu May 7 10:27:18 2026] DELETE /v2.0/routers/7758b8cd-12ef-48e5-b260-cbeb3ed12a3f => generated 0 bytes in 182 msecs (HTTP/1.1 204) 2 headers in 112 bytes (1 switches on core 0) [pid: 8|app: 0|req: 1130/2134] 10.0.0.131 () {32 vars in 672 bytes} [Thu May 7 10:27:18 2026] GET /v2.0/security-group-rules => generated 4139 bytes in 65 msecs (HTTP/1.1 200) 4 headers in 158 bytes (1 switches on core 0) [pid: 7|app: 0|req: 1005/2135] 10.0.0.131 () {32 vars in 739 bytes} [Thu May 7 10:27:18 2026] DELETE /v2.0/security-groups/88bc152e-afc1-4c61-9a7d-7c867eb801d8 => generated 0 bytes in 174 msecs (HTTP/1.1 204) 2 headers in 112 bytes (1 switches on core 0) [pid: 7|app: 0|req: 1006/2136] 10.0.0.131 () {32 vars in 749 bytes} [Thu May 7 10:27:18 2026] DELETE /v2.0/security-group-rules/665972d9-832f-4857-950c-4e536e2bd1c4 => generated 0 bytes in 91 msecs (HTTP/1.1 204) 2 headers in 112 bytes (1 switches on core 0)
2026-05-07 10:27:18.569 7 WARNING neutron.db.securitygroups_db [None req-511bffef-d8f3-4186-aaa3-fa293d2af11a 0fd2264489da40c69ec741ad0db77594 e614dacbb71844c6b7d6804d5f5a75a7 - - default default] project_id key not found in filters, using tenant_id instead. This support has been deprecated and will be removed in a future release. [pid: 8|app: 0|req: 1131/2137] 10.0.0.131 () {32 vars in 723 bytes} [Thu May 7 10:27:18 2026] DELETE /v2.0/subnets/f9ac0164-76aa-4fe3-88e3-680a09e7a485 => generated 0 bytes in 137 msecs (HTTP/1.1 204) 3 headers in 131 bytes (1 switches on core 0) [pid: 8|app: 0|req: 1132/2138] 10.0.0.131 () {32 vars in 672 bytes} [Thu May 7 10:27:18 2026] GET /v2.0/security-group-rules => generated 3560 bytes in 46 msecs (HTTP/1.1 200) 4 headers in 158 bytes (1 switches on core 0)
2026-05-07 10:27:18.694 7 INFO neutron.db.ovn_revision_numbers_db [None req-511bffef-d8f3-4186-aaa3-fa293d2af11a 0fd2264489da40c69ec741ad0db77594 e614dacbb71844c6b7d6804d5f5a75a7 - - default default] Successfully bumped revision number for resource d4b311ae-c88a-4ef6-917c-5aed0a864de3 (type: security_groups) to 1
2026-05-07 10:27:18.705 7 INFO neutron.db.ovn_revision_numbers_db [None req-511bffef-d8f3-4186-aaa3-fa293d2af11a 0fd2264489da40c69ec741ad0db77594 e614dacbb71844c6b7d6804d5f5a75a7 - - default default] Successfully bumped revision number for resource 2f0796ee-16a0-4264-94d6-c72d2e8c9dbf (type: security_group_rules) to 0
2026-05-07 10:27:18.716 7 INFO neutron.db.ovn_revision_numbers_db [None req-511bffef-d8f3-4186-aaa3-fa293d2af11a 0fd2264489da40c69ec741ad0db77594 e614dacbb71844c6b7d6804d5f5a75a7 - - default default] Successfully bumped revision number for resource 6b7ab7e8-032d-42ce-91a8-4c8f9b421abc (type: security_group_rules) to 0
2026-05-07 10:27:18.726 7 INFO neutron.db.ovn_revision_numbers_db [None req-511bffef-d8f3-4186-aaa3-fa293d2af11a 0fd2264489da40c69ec741ad0db77594 e614dacbb71844c6b7d6804d5f5a75a7 - - default default] Successfully bumped revision number for resource a2f9ed69-5ca2-4876-bca8-31426df103ee (type: security_group_rules) to 0
2026-05-07 10:27:18.737 7 INFO neutron.db.ovn_revision_numbers_db [None req-511bffef-d8f3-4186-aaa3-fa293d2af11a 0fd2264489da40c69ec741ad0db77594 e614dacbb71844c6b7d6804d5f5a75a7 - - default default] Successfully bumped revision number for resource d5b518af-bb49-4d2a-b20e-73e86e508fa6 (type: security_group_rules) to 0
2026-05-07 10:27:18.747 8 INFO neutron_taas.services.taas.taas_plugin [None req-f4de1767-ee86-4397-be42-8b276b6ddc27 9fd19b4cafbf4701bdabb9c9416c97a3 acf996f6732944699a7ea5fccfa372dc - - default default] TaaS: Handle Delete Port: a17666e9-05fe-40ca-a98c-7429d8eaa113
2026-05-07 10:27:18.749 8 INFO neutron_taas.services.taas.tap_mirror_plugin [None req-f4de1767-ee86-4397-be42-8b276b6ddc27 9fd19b4cafbf4701bdabb9c9416c97a3 acf996f6732944699a7ea5fccfa372dc - - default default] Tap Mirror: Handle Delete Port: a17666e9-05fe-40ca-a98c-7429d8eaa113 [pid: 7|app: 0|req: 1007/2139] 10.0.0.131 () {32 vars in 773 bytes} [Thu May 7 10:27:18 2026] GET /v2.0/security-groups?tenant_id=0b510d8395a24ab080706477bb16cdfb&name=default => generated 2925 bytes in 207 msecs (HTTP/1.1 200) 4 headers in 158 bytes (1 switches on core 0) [pid: 7|app: 0|req: 1008/2140] 10.0.0.131 () {32 vars in 739 bytes} [Thu May 7 10:27:18 2026] DELETE /v2.0/security-groups/fe182e46-ec31-42b5-911f-f8b746b55284 => generated 0 bytes in 135 msecs (HTTP/1.1 204) 2 headers in 112 bytes (1 switches on core 0)
2026-05-07 10:27:18.925 8 INFO neutron.services.segments.plugin [-] Segment 45d12854-116b-4d48-8f87-258c4029831f resource provider aggregate not found
2026-05-07 10:27:18.933 8 INFO neutron.services.segments.plugin [-] Segment 45d12854-116b-4d48-8f87-258c4029831f resource provider aggregate not found
2026-05-07 10:27:18.946 8 INFO neutron.services.segments.plugin [-] Segment 45d12854-116b-4d48-8f87-258c4029831f resource provider not found; error: Placement Client Error (4xx): {"errors": [{"status": 404, "title": "Not Found", "detail": "The resource could not be found.\n\n No resource provider with uuid 45d12854-116b-4d48-8f87-258c4029831f found for delete ", "request_id": "req-f3a9a044-310e-4756-a073-0ba31e1368bb"}]}
2026-05-07 10:27:18.953 8 INFO neutron.services.segments.plugin [-] Segment 45d12854-116b-4d48-8f87-258c4029831f resource provider not found; error: Placement Client Error (4xx): {"errors": [{"status": 404, "title": "Not Found", "detail": "The resource could not be found.\n\n No resource provider with uuid 45d12854-116b-4d48-8f87-258c4029831f found for delete ", "request_id": "req-cccc9897-1f48-4b74-ab2c-ed57dd3c6b39"}]} [pid: 8|app: 0|req: 1133/2141] 10.0.0.131 () {32 vars in 725 bytes} [Thu May 7 10:27:18 2026] DELETE /v2.0/networks/f5ab6530-40d7-4b72-a1a8-55f8eb5a87be => generated 0 bytes in 330 msecs (HTTP/1.1 204) 3 headers in 131 bytes (1 switches on core 0) [pid: 8|app: 0|req: 1134/2142] 10.0.0.131 () {32 vars in 662 bytes} [Thu May 7 10:27:18 2026] GET /v2.0/security-groups => generated 2925 bytes in 25 msecs (HTTP/1.1 200) 4 headers in 158 bytes (1 switches on core 0) [pid: 7|app: 0|req: 1009/2143] 10.0.0.131 () {32 vars in 739 bytes} [Thu May 7 10:27:18 2026] DELETE /v2.0/security-groups/d4b311ae-c88a-4ef6-917c-5aed0a864de3 => generated 0 bytes in 173 msecs (HTTP/1.1 204) 2 headers in 112 bytes (1 switches on core 0) [pid: 7|app: 0|req: 1010/2144] 10.0.0.131 () {32 vars in 662 bytes} [Thu May 7 10:27:19 2026] GET /v2.0/security-groups => generated 2925 bytes in 32 msecs (HTTP/1.1 200) 4 headers in 158 bytes (1 switches on core 0)
2026-05-07 10:27:19.423 8 WARNING neutron.scheduler.dhcp_agent_scheduler [None req-6d65f25a-1144-41ea-90cc-f236547a6db7 9fd19b4cafbf4701bdabb9c9416c97a3 acf996f6732944699a7ea5fccfa372dc - - default default] No more DHCP agents
2026-05-07 10:27:19.424 8 WARNING neutron.api.rpc.agentnotifiers.dhcp_rpc_agent_api [None req-6d65f25a-1144-41ea-90cc-f236547a6db7 9fd19b4cafbf4701bdabb9c9416c97a3 acf996f6732944699a7ea5fccfa372dc - - default default] Unable to schedule network 8dc76a5f-d708-4334-8b0f-bd405d498f6d: no agents available; will retry on subsequent port and subnet creation events.
2026-05-07 10:27:19.569 7 INFO neutron.plugins.ml2.drivers.ovn.mech_driver.mech_driver [None req-c1982374-b891-4b1b-bc7d-9921955c5da5 - - - - - -] OVN reports status down for port: 897bf607-cfe4-4d3f-a781-21d2c0d19ebe
2026-05-07 10:27:19.575 8 INFO neutron.db.ovn_revision_numbers_db [None req-6d65f25a-1144-41ea-90cc-f236547a6db7 9fd19b4cafbf4701bdabb9c9416c97a3 acf996f6732944699a7ea5fccfa372dc - - default default] Successfully bumped revision number for resource 897bf607-cfe4-4d3f-a781-21d2c0d19ebe (type: ports) to 1
2026-05-07 10:27:19.639 7 INFO neutron.db.ovn_revision_numbers_db [None req-c638a6f5-cfb9-4da2-a669-9641db5d5ea4 f3e5ce1cc4a248a4b63db5b6c6a05307 fbdbd7dc4f4c40c3b6bbe5be672c6564 - - default default] Successfully bumped revision number for resource fa83aab9-e42f-42da-97d0-387a1549ee45 (type: security_groups) to 1
2026-05-07 10:27:19.659 7 INFO neutron.db.ovn_revision_numbers_db [None req-c638a6f5-cfb9-4da2-a669-9641db5d5ea4 f3e5ce1cc4a248a4b63db5b6c6a05307 fbdbd7dc4f4c40c3b6bbe5be672c6564 - - default default] Successfully bumped revision number for resource 0384140e-a833-4072-a758-e0d8a3c283db (type: security_group_rules) to 0
2026-05-07 10:27:19.677 7 INFO neutron.db.ovn_revision_numbers_db [None req-c638a6f5-cfb9-4da2-a669-9641db5d5ea4 f3e5ce1cc4a248a4b63db5b6c6a05307 fbdbd7dc4f4c40c3b6bbe5be672c6564 - - default default] Successfully bumped revision number for resource 21c52d7b-f96e-46aa-908e-a68fbc34a4c9 (type: security_group_rules) to 0
2026-05-07 10:27:19.701 7 INFO neutron.db.ovn_revision_numbers_db [None req-c638a6f5-cfb9-4da2-a669-9641db5d5ea4 f3e5ce1cc4a248a4b63db5b6c6a05307 fbdbd7dc4f4c40c3b6bbe5be672c6564 - - default default] Successfully bumped revision number for resource 6cf2c6e0-c5a6-45fa-81a3-2bee6173822a (type: security_group_rules) to 0
2026-05-07 10:27:19.722 7 INFO neutron.db.ovn_revision_numbers_db [None req-c638a6f5-cfb9-4da2-a669-9641db5d5ea4 f3e5ce1cc4a248a4b63db5b6c6a05307 fbdbd7dc4f4c40c3b6bbe5be672c6564 - - default default] Successfully bumped revision number for resource 7271d9f3-b0ec-4a16-9bb8-67457b6188a9 (type: security_group_rules) to 0
2026-05-07 10:27:19.804 7 INFO neutron.db.segments_db [None req-c638a6f5-cfb9-4da2-a669-9641db5d5ea4 f3e5ce1cc4a248a4b63db5b6c6a05307 fbdbd7dc4f4c40c3b6bbe5be672c6564 - - default default] Added segment fb405968-9685-4d10-8a51-363dfebf46d4 of type geneve for network f4bd360c-82ad-4cd4-9277-b573159fa068
2026-05-07 10:27:19.916 7 INFO neutron.db.ovn_revision_numbers_db [None req-c638a6f5-cfb9-4da2-a669-9641db5d5ea4 f3e5ce1cc4a248a4b63db5b6c6a05307 fbdbd7dc4f4c40c3b6bbe5be672c6564 - - default default] Successfully bumped revision number for resource f4bd360c-82ad-4cd4-9277-b573159fa068 (type: networks) to 1
2026-05-07 10:27:20.077 7 WARNING neutron.scheduler.dhcp_agent_scheduler [None req-c638a6f5-cfb9-4da2-a669-9641db5d5ea4 f3e5ce1cc4a248a4b63db5b6c6a05307 fbdbd7dc4f4c40c3b6bbe5be672c6564 - - default default] No more DHCP agents
2026-05-07 10:27:20.079 7 WARNING neutron.api.rpc.agentnotifiers.dhcp_rpc_agent_api [None req-c638a6f5-cfb9-4da2-a669-9641db5d5ea4 f3e5ce1cc4a248a4b63db5b6c6a05307 fbdbd7dc4f4c40c3b6bbe5be672c6564 - - default default] Unable to schedule network f4bd360c-82ad-4cd4-9277-b573159fa068: no agents available; will retry on subsequent port and subnet creation events.
2026-05-07 10:27:20.131 7 INFO neutron.plugins.ml2.drivers.ovn.mech_driver.mech_driver [None req-c1982374-b891-4b1b-bc7d-9921955c5da5 - - - - - -] OVN reports status down for port: be9dba8b-2f98-440c-aa9f-ab46da170213
2026-05-07 10:27:20.182 7 INFO neutron.db.ovn_revision_numbers_db [None req-c638a6f5-cfb9-4da2-a669-9641db5d5ea4 f3e5ce1cc4a248a4b63db5b6c6a05307 fbdbd7dc4f4c40c3b6bbe5be672c6564 - - default default] Successfully bumped revision number for resource be9dba8b-2f98-440c-aa9f-ab46da170213 (type: ports) to 1 [pid: 7|app: 0|req: 1011/2145] 10.0.0.131 () {34 vars in 669 bytes} [Thu May 7 10:27:19 2026] POST /v2.0/networks => generated 665 bytes in 874 msecs (HTTP/1.1 201) 4 headers in 162 bytes (1 switches on core 0)
2026-05-07 10:27:20.296 7 WARNING neutron.db.securitygroups_db [None req-82ddbdbc-f97e-4d70-a7cb-690d73f25976 0fd2264489da40c69ec741ad0db77594 e614dacbb71844c6b7d6804d5f5a75a7 - - default default] project_id key not found in filters, using tenant_id instead. This support has been deprecated and will be removed in a future release. [pid: 7|app: 0|req: 1012/2146] 10.0.0.131 () {32 vars in 773 bytes} [Thu May 7 10:27:20 2026] GET /v2.0/security-groups?tenant_id=5c31e28bf60e42099e59c74f246b7884&name=default => generated 2925 bytes in 100 msecs (HTTP/1.1 200) 4 headers in 158 bytes (1 switches on core 0)
2026-05-07 10:27:20.486 7 WARNING neutron.scheduler.dhcp_agent_scheduler [None req-96c6bf4a-3a80-409d-80a1-f06b5f53c9f8 f3e5ce1cc4a248a4b63db5b6c6a05307 fbdbd7dc4f4c40c3b6bbe5be672c6564 - - default default] No more DHCP agents
2026-05-07 10:27:20.487 7 WARNING neutron.api.rpc.agentnotifiers.dhcp_rpc_agent_api [None req-96c6bf4a-3a80-409d-80a1-f06b5f53c9f8 f3e5ce1cc4a248a4b63db5b6c6a05307 fbdbd7dc4f4c40c3b6bbe5be672c6564 - - default default] Unable to schedule network f4bd360c-82ad-4cd4-9277-b573159fa068: no agents available; will retry on subsequent port and subnet creation events.
2026-05-07 10:27:20.638 7 INFO neutron.plugins.ml2.drivers.ovn.mech_driver.mech_driver [None req-c1982374-b891-4b1b-bc7d-9921955c5da5 - - - - - -] OVN reports status up for port: 897bf607-cfe4-4d3f-a781-21d2c0d19ebe
2026-05-07 10:27:20.642 8 INFO neutron.db.ovn_revision_numbers_db [None req-6d65f25a-1144-41ea-90cc-f236547a6db7 9fd19b4cafbf4701bdabb9c9416c97a3 acf996f6732944699a7ea5fccfa372dc - - default default] Successfully bumped revision number for resource 897bf607-cfe4-4d3f-a781-21d2c0d19ebe (type: router_ports) to 1
2026-05-07 10:27:20.661 7 INFO neutron.plugins.ml2.plugin [None req-c1982374-b891-4b1b-bc7d-9921955c5da5 - - - - - -] Attempt 1 to provision port 897bf607-cfe4-4d3f-a781-21d2c0d19ebe
2026-05-07 10:27:20.696 8 INFO neutron.db.ovn_revision_numbers_db [None req-6d65f25a-1144-41ea-90cc-f236547a6db7 9fd19b4cafbf4701bdabb9c9416c97a3 acf996f6732944699a7ea5fccfa372dc - - default default] Successfully bumped revision number for resource 97bee8fb-960f-44e6-82c8-df03febf7cd4 (type: routers) to 2 [pid: 8|app: 0|req: 1135/2147] 10.0.0.131 () {34 vars in 668 bytes} [Thu May 7 10:27:18 2026] POST /v2.0/routers => generated 972 bytes in 1721 msecs (HTTP/1.1 201) 4 headers in 162 bytes (1 switches on core 0) [pid: 8|app: 0|req: 1136/2148] 10.0.0.131 () {32 vars in 739 bytes} [Thu May 7 10:27:20 2026] DELETE /v2.0/security-groups/5146ce03-8dcc-4654-8cf0-63e0c7f97819 => generated 0 bytes in 172 msecs (HTTP/1.1 204) 2 headers in 112 bytes (1 switches on core 0) [pid: 8|app: 0|req: 1137/2149] 10.0.0.131 () {32 vars in 720 bytes} [Thu May 7 10:27:20 2026] GET /v2.0/routers/97bee8fb-960f-44e6-82c8-df03febf7cd4 => generated 978 bytes in 73 msecs (HTTP/1.1 200) 4 headers in 157 bytes (1 switches on core 0)
2026-05-07 10:27:20.979 7 INFO neutron.db.ovn_revision_numbers_db [None req-96c6bf4a-3a80-409d-80a1-f06b5f53c9f8 f3e5ce1cc4a248a4b63db5b6c6a05307 fbdbd7dc4f4c40c3b6bbe5be672c6564 - - default default] Successfully bumped revision number for resource be9dba8b-2f98-440c-aa9f-ab46da170213 (type: ports) to 2
2026-05-07 10:27:21.005 7 INFO neutron.db.ovn_revision_numbers_db [None req-96c6bf4a-3a80-409d-80a1-f06b5f53c9f8 f3e5ce1cc4a248a4b63db5b6c6a05307 fbdbd7dc4f4c40c3b6bbe5be672c6564 - - default default] Successfully bumped revision number for resource 3ed4f3b4-81cf-43bd-ac7e-923fe915ec14 (type: subnets) to 0 [pid: 7|app: 0|req: 1013/2150] 10.0.0.131 () {34 vars in 668 bytes} [Thu May 7 10:27:20 2026] POST /v2.0/subnets => generated 626 bytes in 699 msecs (HTTP/1.1 201) 4 headers in 162 bytes (1 switches on core 0) [pid: 8|app: 0|req: 1138/2151] 10.0.0.131 () {32 vars in 646 bytes} [Thu May 7 10:27:20 2026] GET /v2.0/routers => generated 981 bytes in 61 msecs (HTTP/1.1 200) 4 headers in 157 bytes (1 switches on core 0)
2026-05-07 10:27:21.405 8 INFO neutron.db.ovn_revision_numbers_db [None req-c08d3957-984e-4310-98e5-b9221d9dcd84 9fd19b4cafbf4701bdabb9c9416c97a3 acf996f6732944699a7ea5fccfa372dc - - default default] Successfully bumped revision number for resource 97bee8fb-960f-44e6-82c8-df03febf7cd4 (type: routers) to 3 [pid: 8|app: 0|req: 1139/2152] 10.0.0.131 () {34 vars in 740 bytes} [Thu May 7 10:27:21 2026] PUT /v2.0/routers/97bee8fb-960f-44e6-82c8-df03febf7cd4 => generated 985 bytes in 377 msecs (HTTP/1.1 200) 4 headers in 157 bytes (1 switches on core 0) [pid: 8|app: 0|req: 1140/2153] 10.0.0.131 () {32 vars in 720 bytes} [Thu May 7 10:27:21 2026] GET /v2.0/routers/97bee8fb-960f-44e6-82c8-df03febf7cd4 => generated 985 bytes in 64 msecs (HTTP/1.1 200) 4 headers in 157 bytes (1 switches on core 0) [pid: 8|app: 0|req: 1141/2154] 10.0.0.131 () {32 vars in 735 bytes} [Thu May 7 10:27:21 2026] GET /v2.0/ports?device_id=97bee8fb-960f-44e6-82c8-df03febf7cd4 => generated 12 bytes in 14 msecs (HTTP/1.1 200) 4 headers in 156 bytes (1 switches on core 0)
2026-05-07 10:27:21.788 8 INFO neutron_taas.services.taas.taas_plugin [None req-ca8756a0-9bff-4972-9fa8-c75672a4958a 9fd19b4cafbf4701bdabb9c9416c97a3 acf996f6732944699a7ea5fccfa372dc - - default default] TaaS: Handle Delete Port: 897bf607-cfe4-4d3f-a781-21d2c0d19ebe
2026-05-07 10:27:21.791 8 INFO neutron_taas.services.taas.tap_mirror_plugin [None req-ca8756a0-9bff-4972-9fa8-c75672a4958a 9fd19b4cafbf4701bdabb9c9416c97a3 acf996f6732944699a7ea5fccfa372dc - - default default] Tap Mirror: Handle Delete Port: 897bf607-cfe4-4d3f-a781-21d2c0d19ebe
2026-05-07 10:27:21.808 7 WARNING neutron.scheduler.dhcp_agent_scheduler [None req-09a97fbe-d073-4484-ad22-1dd7fbfb347f f3e5ce1cc4a248a4b63db5b6c6a05307 fbdbd7dc4f4c40c3b6bbe5be672c6564 - - default default] No more DHCP agents
2026-05-07 10:27:21.809 7 WARNING neutron.api.rpc.agentnotifiers.dhcp_rpc_agent_api [None req-09a97fbe-d073-4484-ad22-1dd7fbfb347f f3e5ce1cc4a248a4b63db5b6c6a05307 fbdbd7dc4f4c40c3b6bbe5be672c6564 - - default default] Unable to schedule network 8dc76a5f-d708-4334-8b0f-bd405d498f6d: no agents available; will retry on subsequent port and subnet creation events.
2026-05-07 10:27:21.961 7 INFO neutron.db.ovn_revision_numbers_db [None req-09a97fbe-d073-4484-ad22-1dd7fbfb347f f3e5ce1cc4a248a4b63db5b6c6a05307 fbdbd7dc4f4c40c3b6bbe5be672c6564 - - default default] Successfully bumped revision number for resource 40f4ef77-0fc7-4da3-9a6f-a98543d97156 (type: ports) to 1 [pid: 8|app: 0|req: 1142/2155] 10.0.0.131 () {32 vars in 723 bytes} [Thu May 7 10:27:21 2026] DELETE /v2.0/routers/97bee8fb-960f-44e6-82c8-df03febf7cd4 => generated 0 bytes in 685 msecs (HTTP/1.1 204) 2 headers in 112 bytes (1 switches on core 0) [pid: 8|app: 0|req: 1143/2156] 10.0.0.131 () {32 vars in 735 bytes} [Thu May 7 10:27:22 2026] GET /v2.0/ports?device_id=97bee8fb-960f-44e6-82c8-df03febf7cd4 => generated 12 bytes in 18 msecs (HTTP/1.1 200) 4 headers in 156 bytes (1 switches on core 0)
2026-05-07 10:27:22.237 8 INFO neutron.api.v2.resource [None req-003722e5-beb6-4f59-b197-b008d34a01c9 9fd19b4cafbf4701bdabb9c9416c97a3 acf996f6732944699a7ea5fccfa372dc - - default default] delete failed (client error): The resource could not be found. [pid: 8|app: 0|req: 1144/2157] 10.0.0.131 () {32 vars in 723 bytes} [Thu May 7 10:27:22 2026] DELETE /v2.0/routers/97bee8fb-960f-44e6-82c8-df03febf7cd4 => generated 135 bytes in 19 msecs (HTTP/1.1 404) 4 headers in 164 bytes (1 switches on core 0) [pid: 8|app: 0|req: 1145/2158] 10.0.0.131 () {32 vars in 735 bytes} [Thu May 7 10:27:22 2026] GET /v2.0/ports?device_id=7758b8cd-12ef-48e5-b260-cbeb3ed12a3f => generated 12 bytes in 17 msecs (HTTP/1.1 200) 4 headers in 156 bytes (1 switches on core 0)
2026-05-07 10:27:22.567 8 WARNING neutron.plugins.ml2.drivers.ovn.mech_driver.ovsdb.ovn_client [None req-80165712-cd4b-48c4-8d58-2f39e360cfdf - - - - - -] No port found with ID eae57a9f-2f01-4838-a65b-f3f25f423707: RuntimeError: No port found with ID eae57a9f-2f01-4838-a65b-f3f25f423707
2026-05-07 10:27:22.578 7 INFO neutron.db.ovn_revision_numbers_db [None req-09a97fbe-d073-4484-ad22-1dd7fbfb347f f3e5ce1cc4a248a4b63db5b6c6a05307 fbdbd7dc4f4c40c3b6bbe5be672c6564 - - default default] Successfully bumped revision number for resource 40f4ef77-0fc7-4da3-9a6f-a98543d97156 (type: router_ports) to 1
2026-05-07 10:27:22.631 8 INFO neutron.db.ovn_revision_numbers_db [None req-88bd0b04-fb7a-4620-92e7-eb4a402b4605 97665543218d4884b69c69501ebddf47 6efd3d4fff974294823b21d92a8442e6 - - default default] Successfully bumped revision number for resource 62b18fd9-ece1-4c84-8c05-05b548c9847b (type: routers) to 1 [pid: 8|app: 0|req: 1146/2159] 10.0.0.131 () {34 vars in 667 bytes} [Thu May 7 10:27:22 2026] POST /v2.0/routers => generated 591 bytes in 384 msecs (HTTP/1.1 201) 4 headers in 162 bytes (1 switches on core 0)
2026-05-07 10:27:22.648 7 INFO neutron.db.ovn_revision_numbers_db [None req-09a97fbe-d073-4484-ad22-1dd7fbfb347f f3e5ce1cc4a248a4b63db5b6c6a05307 fbdbd7dc4f4c40c3b6bbe5be672c6564 - - default default] Successfully bumped revision number for resource 6ed79803-bbda-4057-92dc-770c33f5ac95 (type: routers) to 2
2026-05-07 10:27:22.660 8 INFO neutron.api.v2.resource [None req-d6396c7d-623d-4065-9368-b3aa564f21a8 9fd19b4cafbf4701bdabb9c9416c97a3 acf996f6732944699a7ea5fccfa372dc - - default default] delete failed (client error): The resource could not be found. [pid: 8|app: 0|req: 1147/2160] 10.0.0.131 () {32 vars in 723 bytes} [Thu May 7 10:27:22 2026] DELETE /v2.0/routers/7758b8cd-12ef-48e5-b260-cbeb3ed12a3f => generated 135 bytes in 15 msecs (HTTP/1.1 404) 4 headers in 164 bytes (1 switches on core 0) [pid: 7|app: 0|req: 1014/2161] 10.0.0.131 () {34 vars in 668 bytes} [Thu May 7 10:27:21 2026] POST /v2.0/routers => generated 957 bytes in 1640 msecs (HTTP/1.1 201) 4 headers in 162 bytes (1 switches on core 0) [pid: 8|app: 0|req: 1148/2162] 10.0.0.131 () {32 vars in 622 bytes} [Thu May 7 10:27:22 2026] GET / => generated 151 bytes in 1 msecs (HTTP/1.1 200) 3 headers in 91 bytes (1 switches on core 0)
2026-05-07 10:27:22.690 7 WARNING tagging [None req-d9b8f4d7-a778-4e9e-8633-8232371fee8a 97665543218d4884b69c69501ebddf47 6efd3d4fff974294823b21d92a8442e6 - - default default] project_id key not found in request, using tenant_id instead. This support has been deprecated and will be removed in a future release. [pid: 8|app: 0|req: 1149/2163] 10.0.0.131 () {32 vars in 632 bytes} [Thu May 7 10:27:22 2026] GET /v2.0/ => generated 632 bytes in 31 msecs (HTTP/1.1 200) 4 headers in 157 bytes (1 switches on core 0) [pid: 7|app: 0|req: 1015/2164] 10.0.0.131 () {34 vars in 750 bytes} [Thu May 7 10:27:22 2026] PUT /v2.0/routers/62b18fd9-ece1-4c84-8c05-05b548c9847b/tags => generated 25 bytes in 74 msecs (HTTP/1.1 200) 4 headers in 156 bytes (1 switches on core 0)
2026-05-07 10:27:22.749 7 INFO neutron.pecan_wsgi.hooks.translation [None req-dbefa680-d579-41b6-85a0-497bf3c4f545 9fd19b4cafbf4701bdabb9c9416c97a3 acf996f6732944699a7ea5fccfa372dc - - default default] DELETE failed (client error): The resource could not be found. [pid: 7|app: 0|req: 1016/2165] 10.0.0.131 () {32 vars in 723 bytes} [Thu May 7 10:27:22 2026] DELETE /v2.0/subnets/f9ac0164-76aa-4fe3-88e3-680a09e7a485 => generated 136 bytes in 15 msecs (HTTP/1.1 404) 4 headers in 164 bytes (1 switches on core 0)
2026-05-07 10:27:22.780 7 WARNING tagging [None req-db4626e0-2567-470e-9f87-d75dde13c717 97665543218d4884b69c69501ebddf47 6efd3d4fff974294823b21d92a8442e6 - - default default] project_id key not found in request, using tenant_id instead. This support has been deprecated and will be removed in a future release. [pid: 7|app: 0|req: 1017/2166] 10.0.0.131 () {32 vars in 730 bytes} [Thu May 7 10:27:22 2026] GET /v2.0/routers/62b18fd9-ece1-4c84-8c05-05b548c9847b/tags => generated 25 bytes in 53 msecs (HTTP/1.1 200) 4 headers in 156 bytes (1 switches on core 0) [pid: 7|app: 0|req: 1018/2167] 10.0.0.131 () {32 vars in 735 bytes} [Thu May 7 10:27:22 2026] GET /v2.0/ports?device_id=ca55e5ed-2389-4b55-a026-c8af4e732699 => generated 12 bytes in 18 msecs (HTTP/1.1 200) 4 headers in 156 bytes (1 switches on core 0)
2026-05-07 10:27:22.857 7 WARNING tagging [None req-49e8c40d-0699-47a2-bb99-551d022b78ee 97665543218d4884b69c69501ebddf47 6efd3d4fff974294823b21d92a8442e6 - - default default] project_id key not found in request, using tenant_id instead. This support has been deprecated and will be removed in a future release. [pid: 7|app: 0|req: 1019/2168] 10.0.0.131 () {34 vars in 761 bytes} [Thu May 7 10:27:22 2026] PUT /v2.0/routers/62b18fd9-ece1-4c84-8c05-05b548c9847b/tags/green => generated 4 bytes in 96 msecs (HTTP/1.1 201) 4 headers in 160 bytes (1 switches on core 0)
2026-05-07 10:27:22.938 7 INFO neutron.api.v2.resource [None req-d6dd41a5-a731-479e-a0c4-a7a18b8f8865 9fd19b4cafbf4701bdabb9c9416c97a3 acf996f6732944699a7ea5fccfa372dc - - default default] delete failed (client error): The resource could not be found. [pid: 7|app: 0|req: 1020/2169] 10.0.0.131 () {32 vars in 723 bytes} [Thu May 7 10:27:22 2026] DELETE /v2.0/routers/ca55e5ed-2389-4b55-a026-c8af4e732699 => generated 135 bytes in 18 msecs (HTTP/1.1 404) 4 headers in 164 bytes (1 switches on core 0)
2026-05-07 10:27:22.973 7 WARNING tagging [None req-9dab3894-ae5f-4f0d-b8a0-266abf88cc45 97665543218d4884b69c69501ebddf47 6efd3d4fff974294823b21d92a8442e6 - - default default] project_id key not found in request, using tenant_id instead. This support has been deprecated and will be removed in a future release. [pid: 7|app: 0|req: 1021/2170] 10.0.0.131 () {32 vars in 730 bytes} [Thu May 7 10:27:22 2026] GET /v2.0/routers/62b18fd9-ece1-4c84-8c05-05b548c9847b/tags => generated 34 bytes in 69 msecs (HTTP/1.1 200) 4 headers in 156 bytes (1 switches on core 0)
2026-05-07 10:27:23.019 7 INFO neutron.pecan_wsgi.hooks.translation [None req-b4591ac9-2d50-433d-a8d0-145b9759b50f 9fd19b4cafbf4701bdabb9c9416c97a3 acf996f6732944699a7ea5fccfa372dc - - default default] DELETE failed (client error): The resource could not be found. [pid: 7|app: 0|req: 1022/2171] 10.0.0.131 () {32 vars in 723 bytes} [Thu May 7 10:27:23 2026] DELETE /v2.0/subnets/88b9ba97-0d28-4e66-a02f-93027fc71e4f => generated 136 bytes in 13 msecs (HTTP/1.1 404) 4 headers in 164 bytes (1 switches on core 0)
2026-05-07 10:27:23.053 7 WARNING tagging [None req-9f399920-c11f-4deb-ba4b-a9404ecffeeb 97665543218d4884b69c69501ebddf47 6efd3d4fff974294823b21d92a8442e6 - - default default] project_id key not found in request, using tenant_id instead. This support has been deprecated and will be removed in a future release. [pid: 7|app: 0|req: 1023/2172] 10.0.0.131 () {34 vars in 757 bytes} [Thu May 7 10:27:23 2026] PUT /v2.0/routers/62b18fd9-ece1-4c84-8c05-05b548c9847b/tags/red => generated 4 bytes in 84 msecs (HTTP/1.1 201) 4 headers in 160 bytes (1 switches on core 0) [pid: 7|app: 0|req: 1024/2173] 10.0.0.131 () {32 vars in 735 bytes} [Thu May 7 10:27:23 2026] GET /v2.0/ports?device_id=1e831cf4-dbfe-4f31-8388-a0d6280a4a4d => generated 12 bytes in 17 msecs (HTTP/1.1 200) 4 headers in 156 bytes (1 switches on core 0)
2026-05-07 10:27:23.153 7 WARNING tagging [None req-a9c6410c-4b46-4873-8b4b-a3c491d8009a 97665543218d4884b69c69501ebddf47 6efd3d4fff974294823b21d92a8442e6 - - default default] project_id key not found in request, using tenant_id instead. This support has been deprecated and will be removed in a future release.
2026-05-07 10:27:23.171 8 WARNING neutron.scheduler.dhcp_agent_scheduler [None req-2bb48cec-5371-4116-856c-80372945d7df f3e5ce1cc4a248a4b63db5b6c6a05307 fbdbd7dc4f4c40c3b6bbe5be672c6564 - - default default] No more DHCP agents
2026-05-07 10:27:23.172 8 WARNING neutron.api.rpc.agentnotifiers.dhcp_rpc_agent_api [None req-2bb48cec-5371-4116-856c-80372945d7df f3e5ce1cc4a248a4b63db5b6c6a05307 fbdbd7dc4f4c40c3b6bbe5be672c6564 - - default default] Unable to schedule network f4bd360c-82ad-4cd4-9277-b573159fa068: no agents available; will retry on subsequent port and subnet creation events. [pid: 7|app: 0|req: 1025/2174] 10.0.0.131 () {32 vars in 730 bytes} [Thu May 7 10:27:23 2026] GET /v2.0/routers/62b18fd9-ece1-4c84-8c05-05b548c9847b/tags => generated 34 bytes in 55 msecs (HTTP/1.1 200) 4 headers in 156 bytes (1 switches on core 0)
2026-05-07 10:27:23.194 7 INFO neutron.api.v2.resource [None req-69618cc8-6cad-4354-82b1-f0774ad89581 9fd19b4cafbf4701bdabb9c9416c97a3 acf996f6732944699a7ea5fccfa372dc - - default default] delete failed (client error): The resource could not be found. [pid: 7|app: 0|req: 1026/2175] 10.0.0.131 () {32 vars in 723 bytes} [Thu May 7 10:27:23 2026] DELETE /v2.0/routers/1e831cf4-dbfe-4f31-8388-a0d6280a4a4d => generated 135 bytes in 14 msecs (HTTP/1.1 404) 4 headers in 164 bytes (1 switches on core 0)
2026-05-07 10:27:23.286 8 INFO neutron.plugins.ml2.drivers.ovn.mech_driver.mech_driver [None req-80165712-cd4b-48c4-8d58-2f39e360cfdf - - - - - -] OVN reports status down for port: c1225fea-9723-4cac-a5d0-4ff783cb2c3a
2026-05-07 10:27:23.292 7 WARNING neutron.db.securitygroups_db [None req-f7e066c5-9829-4c58-80c0-0c5161a9562a 0fd2264489da40c69ec741ad0db77594 e614dacbb71844c6b7d6804d5f5a75a7 - - default default] project_id key not found in filters, using tenant_id instead. This support has been deprecated and will be removed in a future release.
2026-05-07 10:27:23.344 8 INFO neutron.db.ovn_revision_numbers_db [None req-2bb48cec-5371-4116-856c-80372945d7df f3e5ce1cc4a248a4b63db5b6c6a05307 fbdbd7dc4f4c40c3b6bbe5be672c6564 - - default default] Successfully bumped revision number for resource c1225fea-9723-4cac-a5d0-4ff783cb2c3a (type: ports) to 1
2026-05-07 10:27:23.413 7 INFO neutron.db.ovn_revision_numbers_db [None req-f7e066c5-9829-4c58-80c0-0c5161a9562a 0fd2264489da40c69ec741ad0db77594 e614dacbb71844c6b7d6804d5f5a75a7 - - default default] Successfully bumped revision number for resource c0b1726b-bda0-466e-b696-b61834a1ccba (type: security_groups) to 1
2026-05-07 10:27:23.424 7 INFO neutron.db.ovn_revision_numbers_db [None req-f7e066c5-9829-4c58-80c0-0c5161a9562a 0fd2264489da40c69ec741ad0db77594 e614dacbb71844c6b7d6804d5f5a75a7 - - default default] Successfully bumped revision number for resource 9a213fb4-8f8e-4a88-a62e-23e4040f7aac (type: security_group_rules) to 0
2026-05-07 10:27:23.438 7 INFO neutron.db.ovn_revision_numbers_db [None req-f7e066c5-9829-4c58-80c0-0c5161a9562a 0fd2264489da40c69ec741ad0db77594 e614dacbb71844c6b7d6804d5f5a75a7 - - default default] Successfully bumped revision number for resource d0f1988f-62c5-4d1c-ae49-093193b329cc (type: security_group_rules) to 0
2026-05-07 10:27:23.453 7 INFO neutron.db.ovn_revision_numbers_db [None req-f7e066c5-9829-4c58-80c0-0c5161a9562a 0fd2264489da40c69ec741ad0db77594 e614dacbb71844c6b7d6804d5f5a75a7 - - default default] Successfully bumped revision number for resource da218d36-b1d4-4df0-a668-cf389eff2db8 (type: security_group_rules) to 0
2026-05-07 10:27:23.463 7 INFO neutron.db.ovn_revision_numbers_db [None req-f7e066c5-9829-4c58-80c0-0c5161a9562a 0fd2264489da40c69ec741ad0db77594 e614dacbb71844c6b7d6804d5f5a75a7 - - default default] Successfully bumped revision number for resource e85ded98-e1d0-438e-87e8-05bc20f68d45 (type: security_group_rules) to 0 [pid: 7|app: 0|req: 1027/2176] 10.0.0.131 () {32 vars in 773 bytes} [Thu May 7 10:27:23 2026] GET /v2.0/security-groups?tenant_id=8d5f241f21d642a1bf8ec9fe262f5fb1&name=default => generated 2925 bytes in 307 msecs (HTTP/1.1 200) 4 headers in 158 bytes (1 switches on core 0)
2026-05-07 10:27:23.539 7 WARNING tagging [None req-40fffe0a-36ec-452a-974e-26aa8bc9d136 97665543218d4884b69c69501ebddf47 6efd3d4fff974294823b21d92a8442e6 - - default default] project_id key not found in request, using tenant_id instead. This support has been deprecated and will be removed in a future release. [pid: 7|app: 0|req: 1028/2177] 10.0.0.131 () {34 vars in 779 bytes} [Thu May 7 10:27:23 2026] PUT /v2.0/routers/62b18fd9-ece1-4c84-8c05-05b548c9847b/tags/black.or.white => generated 4 bytes in 106 msecs (HTTP/1.1 201) 4 headers in 160 bytes (1 switches on core 0)
2026-05-07 10:27:23.621 7 INFO neutron.pecan_wsgi.hooks.translation [None req-5e4710a5-07a8-4141-ac92-a9a1d114439e 9fd19b4cafbf4701bdabb9c9416c97a3 acf996f6732944699a7ea5fccfa372dc - - default default] DELETE failed (client error): The resource could not be found. [pid: 7|app: 0|req: 1029/2178] 10.0.0.131 () {32 vars in 723 bytes} [Thu May 7 10:27:23 2026] DELETE /v2.0/subnets/1dcb9a34-d748-47c6-ac1a-e9c696271274 => generated 136 bytes in 14 msecs (HTTP/1.1 404) 4 headers in 164 bytes (1 switches on core 0) [pid: 7|app: 0|req: 1030/2179] 10.0.0.131 () {32 vars in 739 bytes} [Thu May 7 10:27:23 2026] DELETE /v2.0/security-groups/c0b1726b-bda0-466e-b696-b61834a1ccba => generated 0 bytes in 182 msecs (HTTP/1.1 204) 2 headers in 112 bytes (1 switches on core 0)
2026-05-07 10:27:23.838 7 WARNING tagging [None req-877de843-2eeb-44e6-b5ce-885d9f869122 97665543218d4884b69c69501ebddf47 6efd3d4fff974294823b21d92a8442e6 - - default default] project_id key not found in request, using tenant_id instead. This support has been deprecated and will be removed in a future release. [pid: 7|app: 0|req: 1031/2180] 10.0.0.131 () {32 vars in 730 bytes} [Thu May 7 10:27:23 2026] GET /v2.0/routers/62b18fd9-ece1-4c84-8c05-05b548c9847b/tags => generated 52 bytes in 64 msecs (HTTP/1.1 200) 4 headers in 156 bytes (1 switches on core 0)
2026-05-07 10:27:23.883 7 INFO neutron.pecan_wsgi.hooks.translation [None req-02841e79-22c4-4b14-9129-10f27b96d5e3 9fd19b4cafbf4701bdabb9c9416c97a3 acf996f6732944699a7ea5fccfa372dc - - default default] DELETE failed (client error): The resource could not be found. [pid: 7|app: 0|req: 1032/2181] 10.0.0.131 () {32 vars in 723 bytes} [Thu May 7 10:27:23 2026] DELETE /v2.0/subnets/90de64d6-5bb5-4e97-b539-8d3534ee6966 => generated 136 bytes in 13 msecs (HTTP/1.1 404) 4 headers in 164 bytes (1 switches on core 0)
2026-05-07 10:27:23.915 7 WARNING tagging [None req-715cd4fa-f217-4a5c-be59-e5028c279085 97665543218d4884b69c69501ebddf47 6efd3d4fff974294823b21d92a8442e6 - - default default] project_id key not found in request, using tenant_id instead. This support has been deprecated and will be removed in a future release.
2026-05-07 10:27:23.963 8 INFO neutron.plugins.ml2.drivers.ovn.mech_driver.mech_driver [None req-80165712-cd4b-48c4-8d58-2f39e360cfdf - - - - - -] OVN reports status up for port: c1225fea-9723-4cac-a5d0-4ff783cb2c3a [pid: 7|app: 0|req: 1033/2182] 10.0.0.131 () {34 vars in 750 bytes} [Thu May 7 10:27:23 2026] PUT /v2.0/routers/62b18fd9-ece1-4c84-8c05-05b548c9847b/tags => generated 37 bytes in 83 msecs (HTTP/1.1 200) 4 headers in 156 bytes (1 switches on core 0)
2026-05-07 10:27:23.988 8 INFO neutron.plugins.ml2.plugin [None req-80165712-cd4b-48c4-8d58-2f39e360cfdf - - - - - -] Attempt 1 to provision port c1225fea-9723-4cac-a5d0-4ff783cb2c3a
2026-05-07 10:27:24.008 7 WARNING tagging [None req-ffc3d59a-57ce-41ef-80e9-4a987e3a39d2 97665543218d4884b69c69501ebddf47 6efd3d4fff974294823b21d92a8442e6 - - default default] project_id key not found in request, using tenant_id instead. This support has been deprecated and will be removed in a future release. [pid: 7|app: 0|req: 1034/2183] 10.0.0.131 () {32 vars in 730 bytes} [Thu May 7 10:27:23 2026] GET /v2.0/routers/62b18fd9-ece1-4c84-8c05-05b548c9847b/tags => generated 37 bytes in 61 msecs (HTTP/1.1 200) 4 headers in 156 bytes (1 switches on core 0)
2026-05-07 10:27:24.096 8 WARNING neutron.scheduler.dhcp_agent_scheduler [None req-2bb48cec-5371-4116-856c-80372945d7df f3e5ce1cc4a248a4b63db5b6c6a05307 fbdbd7dc4f4c40c3b6bbe5be672c6564 - - default default] No more DHCP agents
2026-05-07 10:27:24.098 8 WARNING neutron.api.rpc.agentnotifiers.dhcp_rpc_agent_api [None req-2bb48cec-5371-4116-856c-80372945d7df f3e5ce1cc4a248a4b63db5b6c6a05307 fbdbd7dc4f4c40c3b6bbe5be672c6564 - - default default] Unable to schedule network f4bd360c-82ad-4cd4-9277-b573159fa068: no agents available; will retry on subsequent port and subnet creation events.
2026-05-07 10:27:24.097 7 WARNING tagging [None req-1cebde20-2ed6-4cf4-87da-0ef6f0a62085 97665543218d4884b69c69501ebddf47 6efd3d4fff974294823b21d92a8442e6 - - default default] project_id key not found in request, using tenant_id instead. This support has been deprecated and will be removed in a future release. [pid: 7|app: 0|req: 1035/2184] 10.0.0.131 () {32 vars in 738 bytes} [Thu May 7 10:27:24 2026] GET /v2.0/routers/62b18fd9-ece1-4c84-8c05-05b548c9847b/tags/red => generated 0 bytes in 86 msecs (HTTP/1.1 204) 2 headers in 112 bytes (1 switches on core 0)
2026-05-07 10:27:24.162 7 WARNING tagging [None req-adc2c9f1-65e1-4863-93cc-2c9619af9f4e 97665543218d4884b69c69501ebddf47 6efd3d4fff974294823b21d92a8442e6 - - default default] project_id key not found in request, using tenant_id instead. This support has been deprecated and will be removed in a future release.
2026-05-07 10:27:24.183 7 INFO neutron.api.v2.resource [None req-adc2c9f1-65e1-4863-93cc-2c9619af9f4e 97665543218d4884b69c69501ebddf47 6efd3d4fff974294823b21d92a8442e6 - - default default] show failed (client error): The resource could not be found. [pid: 7|app: 0|req: 1036/2185] 10.0.0.131 () {32 vars in 742 bytes} [Thu May 7 10:27:24 2026] GET /v2.0/routers/62b18fd9-ece1-4c84-8c05-05b548c9847b/tags/green => generated 99 bytes in 53 msecs (HTTP/1.1 404) 4 headers in 163 bytes (1 switches on core 0)
2026-05-07 10:27:24.216 7 WARNING tagging [None req-902d472f-03a1-42d1-a039-505ef37cf332 97665543218d4884b69c69501ebddf47 6efd3d4fff974294823b21d92a8442e6 - - default default] project_id key not found in request, using tenant_id instead. This support has been deprecated and will be removed in a future release. [pid: 7|app: 0|req: 1037/2186] 10.0.0.131 () {32 vars in 741 bytes} [Thu May 7 10:27:24 2026] DELETE /v2.0/routers/62b18fd9-ece1-4c84-8c05-05b548c9847b/tags/red => generated 0 bytes in 73 msecs (HTTP/1.1 204) 2 headers in 112 bytes (1 switches on core 0)
2026-05-07 10:27:24.319 7 WARNING tagging [None req-9ec3ce88-b43c-4d74-a880-3b0ab7af8382 97665543218d4884b69c69501ebddf47 6efd3d4fff974294823b21d92a8442e6 - - default default] project_id key not found in request, using tenant_id instead. This support has been deprecated and will be removed in a future release. [pid: 7|app: 0|req: 1038/2187] 10.0.0.131 () {32 vars in 730 bytes} [Thu May 7 10:27:24 2026] GET /v2.0/routers/62b18fd9-ece1-4c84-8c05-05b548c9847b/tags => generated 30 bytes in 79 msecs (HTTP/1.1 200) 4 headers in 156 bytes (1 switches on core 0)
2026-05-07 10:27:24.427 7 WARNING neutron.db.securitygroups_db [None req-9e08052a-56ef-41ae-84e6-e453c203a669 0fd2264489da40c69ec741ad0db77594 e614dacbb71844c6b7d6804d5f5a75a7 - - default default] project_id key not found in filters, using tenant_id instead. This support has been deprecated and will be removed in a future release. [pid: 7|app: 0|req: 1039/2188] 10.0.0.131 () {32 vars in 773 bytes} [Thu May 7 10:27:24 2026] GET /v2.0/security-groups?tenant_id=acf996f6732944699a7ea5fccfa372dc&name=default => generated 2925 bytes in 102 msecs (HTTP/1.1 200) 4 headers in 158 bytes (1 switches on core 0)
2026-05-07 10:27:24.482 7 WARNING tagging [None req-a06ce015-a0cb-412a-bfe5-26fbddf6af32 97665543218d4884b69c69501ebddf47 6efd3d4fff974294823b21d92a8442e6 - - default default] project_id key not found in request, using tenant_id instead. This support has been deprecated and will be removed in a future release.
2026-05-07 10:27:24.524 7 INFO neutron.api.v2.resource [None req-a06ce015-a0cb-412a-bfe5-26fbddf6af32 97665543218d4884b69c69501ebddf47 6efd3d4fff974294823b21d92a8442e6 - - default default] delete failed (client error): The resource could not be found. [pid: 7|app: 0|req: 1040/2189] 10.0.0.131 () {32 vars in 745 bytes} [Thu May 7 10:27:24 2026] DELETE /v2.0/routers/62b18fd9-ece1-4c84-8c05-05b548c9847b/tags/green => generated 99 bytes in 76 msecs (HTTP/1.1 404) 4 headers in 163 bytes (1 switches on core 0)
2026-05-07 10:27:24.590 8 INFO neutron.db.ovn_revision_numbers_db [None req-80165712-cd4b-48c4-8d58-2f39e360cfdf - - - - - -] Successfully bumped revision number for resource c1225fea-9723-4cac-a5d0-4ff783cb2c3a (type: ports) to 2 [pid: 7|app: 0|req: 1041/2190] 10.0.0.131 () {32 vars in 739 bytes} [Thu May 7 10:27:24 2026] DELETE /v2.0/security-groups/07d9a1fe-3b49-4919-ac08-7c17d7030c7c => generated 0 bytes in 184 msecs (HTTP/1.1 204) 2 headers in 112 bytes (1 switches on core 0)
2026-05-07 10:27:24.737 7 WARNING tagging [None req-b81f6534-4928-4447-b392-85533c278614 97665543218d4884b69c69501ebddf47 6efd3d4fff974294823b21d92a8442e6 - - default default] project_id key not found in request, using tenant_id instead. This support has been deprecated and will be removed in a future release. [pid: 7|app: 0|req: 1042/2191] 10.0.0.131 () {32 vars in 733 bytes} [Thu May 7 10:27:24 2026] DELETE /v2.0/routers/62b18fd9-ece1-4c84-8c05-05b548c9847b/tags => generated 0 bytes in 63 msecs (HTTP/1.1 204) 2 headers in 112 bytes (1 switches on core 0)
2026-05-07 10:27:24.798 8 INFO neutron.db.ovn_revision_numbers_db [None req-2bb48cec-5371-4116-856c-80372945d7df f3e5ce1cc4a248a4b63db5b6c6a05307 fbdbd7dc4f4c40c3b6bbe5be672c6564 - - default default] Successfully bumped revision number for resource c1225fea-9723-4cac-a5d0-4ff783cb2c3a (type: router_ports) to 1 [pid: 8|app: 0|req: 1150/2192] 10.0.0.131 () {34 vars in 782 bytes} [Thu May 7 10:27:22 2026] PUT /v2.0/routers/6ed79803-bbda-4057-92dc-770c33f5ac95/add_router_interface => generated 310 bytes in 2102 msecs (HTTP/1.1 200) 4 headers in 157 bytes (1 switches on core 0)
2026-05-07 10:27:24.806 7 WARNING tagging [None req-53e9cda8-764d-468e-ae0f-4c298e55a772 97665543218d4884b69c69501ebddf47 6efd3d4fff974294823b21d92a8442e6 - - default default] project_id key not found in request, using tenant_id instead. This support has been deprecated and will be removed in a future release. [pid: 7|app: 0|req: 1043/2193] 10.0.0.131 () {32 vars in 730 bytes} [Thu May 7 10:27:24 2026] GET /v2.0/routers/62b18fd9-ece1-4c84-8c05-05b548c9847b/tags => generated 12 bytes in 55 msecs (HTTP/1.1 200) 4 headers in 156 bytes (1 switches on core 0) [pid: 7|app: 0|req: 1044/2194] 10.0.0.131 () {32 vars in 720 bytes} [Thu May 7 10:27:24 2026] GET /v2.0/routers/62b18fd9-ece1-4c84-8c05-05b548c9847b => generated 597 bytes in 34 msecs (HTTP/1.1 200) 4 headers in 157 bytes (1 switches on core 0)
2026-05-07 10:27:25.155 7 INFO neutron.db.ovn_revision_numbers_db [None req-99b7077d-74c5-40ec-97a7-631725d7ccd3 97665543218d4884b69c69501ebddf47 6efd3d4fff974294823b21d92a8442e6 - - default default] Successfully bumped revision number for resource 62b18fd9-ece1-4c84-8c05-05b548c9847b (type: routers) to 7 [pid: 7|app: 0|req: 1045/2195] 10.0.0.131 () {34 vars in 741 bytes} [Thu May 7 10:27:24 2026] PUT /v2.0/routers/62b18fd9-ece1-4c84-8c05-05b548c9847b => generated 597 bytes in 282 msecs (HTTP/1.1 200) 4 headers in 157 bytes (1 switches on core 0) [pid: 7|app: 0|req: 1046/2196] 10.0.0.131 () {32 vars in 735 bytes} [Thu May 7 10:27:25 2026] GET /v2.0/ports?device_id=62b18fd9-ece1-4c84-8c05-05b548c9847b => generated 12 bytes in 18 msecs (HTTP/1.1 200) 4 headers in 156 bytes (1 switches on core 0) [pid: 7|app: 0|req: 1047/2197] 10.0.0.131 () {32 vars in 723 bytes} [Thu May 7 10:27:25 2026] DELETE /v2.0/routers/62b18fd9-ece1-4c84-8c05-05b548c9847b => generated 0 bytes in 193 msecs (HTTP/1.1 204) 2 headers in 112 bytes (1 switches on core 0)
2026-05-07 10:27:25.459 8 WARNING neutron.scheduler.dhcp_agent_scheduler [None req-7c07de21-ee05-40bb-887f-8c208f38418c - - - - - -] No more DHCP agents
2026-05-07 10:27:25.461 8 WARNING neutron.api.rpc.agentnotifiers.dhcp_rpc_agent_api [None req-7c07de21-ee05-40bb-887f-8c208f38418c - - - - - -] Unable to schedule network 8dc76a5f-d708-4334-8b0f-bd405d498f6d: no agents available; will retry on subsequent port and subnet creation events.
2026-05-07 10:27:25.629 8 INFO neutron.db.ovn_revision_numbers_db [None req-7c07de21-ee05-40bb-887f-8c208f38418c - - - - - -] Successfully bumped revision number for resource b6f9ae97-9460-4bd0-a3d8-f82901d5208a (type: ports) to 1
2026-05-07 10:27:25.874 8 INFO neutron.db.ovn_revision_numbers_db [None req-7c07de21-ee05-40bb-887f-8c208f38418c - - - - - -] Successfully bumped revision number for resource b6f9ae97-9460-4bd0-a3d8-f82901d5208a (type: ports) to 3
2026-05-07 10:27:25.883 7 WARNING neutron.plugins.ml2.drivers.ovn.mech_driver.ovsdb.ovn_client [None req-c1982374-b891-4b1b-bc7d-9921955c5da5 - - - - - -] No port found with ID 897bf607-cfe4-4d3f-a781-21d2c0d19ebe: RuntimeError: No port found with ID 897bf607-cfe4-4d3f-a781-21d2c0d19ebe
2026-05-07 10:27:25.884 7 INFO neutron.plugins.ml2.drivers.ovn.mech_driver.mech_driver [None req-c1982374-b891-4b1b-bc7d-9921955c5da5 - - - - - -] OVN reports status down for port: 40f4ef77-0fc7-4da3-9a6f-a98543d97156
2026-05-07 10:27:25.938 8 INFO neutron.db.segments_db [None req-7c07de21-ee05-40bb-887f-8c208f38418c - - - - - -] Added segment 179d0e34-ffc6-423a-b659-3cdc4619fa5b of type geneve for network 44b40e65-b138-45d8-bcb2-c40a4841dfbb
2026-05-07 10:27:25.962 7 WARNING neutron.plugins.ml2.drivers.ovn.mech_driver.ovsdb.ovn_client [None req-c1982374-b891-4b1b-bc7d-9921955c5da5 - - - - - -] Logical_Switch_Port 40f4ef77-0fc7-4da3-9a6f-a98543d97156 host information not removed, the port state is up
2026-05-07 10:27:26.005 7 INFO neutron.common.ovn.utils [None req-c1982374-b891-4b1b-bc7d-9921955c5da5 - - - - - -] HA Chassis Group neutron-f4bd360c-82ad-4cd4-9277-b573159fa068 synchronized; highest priority chassis 7aeb8422-2534-42ee-b1f9-ae3699df306f
2026-05-07 10:27:26.017 7 INFO neutron.plugins.ml2.drivers.ovn.mech_driver.mech_driver [None req-c1982374-b891-4b1b-bc7d-9921955c5da5 - - - - - -] OVN reports status up for port: 40f4ef77-0fc7-4da3-9a6f-a98543d97156
2026-05-07 10:27:26.039 7 INFO neutron.plugins.ml2.plugin [None req-c1982374-b891-4b1b-bc7d-9921955c5da5 - - - - - -] Attempt 1 to provision port 40f4ef77-0fc7-4da3-9a6f-a98543d97156
2026-05-07 10:27:26.067 8 INFO neutron.db.ovn_revision_numbers_db [None req-8e6e47a1-cfc1-4b4f-a1c3-e1680880152a - - - - - -] Successfully bumped revision number for resource 44b40e65-b138-45d8-bcb2-c40a4841dfbb (type: networks) to 1
2026-05-07 10:27:26.096 7 WARNING neutron.db.securitygroups_db [None req-6fe5d802-0b10-46d1-b73d-5cb4b3d3fd6c 0fd2264489da40c69ec741ad0db77594 e614dacbb71844c6b7d6804d5f5a75a7 - - default default] project_id key not found in filters, using tenant_id instead. This support has been deprecated and will be removed in a future release.
2026-05-07 10:27:26.247 7 INFO neutron.db.ovn_revision_numbers_db [None req-6fe5d802-0b10-46d1-b73d-5cb4b3d3fd6c 0fd2264489da40c69ec741ad0db77594 e614dacbb71844c6b7d6804d5f5a75a7 - - default default] Successfully bumped revision number for resource 4d156ce5-fafc-4753-9902-4b89d17525bf (type: security_groups) to 1
2026-05-07 10:27:26.253 8 WARNING neutron.scheduler.dhcp_agent_scheduler [None req-8e6e47a1-cfc1-4b4f-a1c3-e1680880152a - - - - - -] No more DHCP agents
2026-05-07 10:27:26.254 8 WARNING neutron.api.rpc.agentnotifiers.dhcp_rpc_agent_api [None req-8e6e47a1-cfc1-4b4f-a1c3-e1680880152a - - - - - -] Unable to schedule network 44b40e65-b138-45d8-bcb2-c40a4841dfbb: no agents available; will retry on subsequent port and subnet creation events.
2026-05-07 10:27:26.259 7 INFO neutron.db.ovn_revision_numbers_db [None req-6fe5d802-0b10-46d1-b73d-5cb4b3d3fd6c 0fd2264489da40c69ec741ad0db77594 e614dacbb71844c6b7d6804d5f5a75a7 - - default default] Successfully bumped revision number for resource 027c43ac-e255-4682-b519-6e91474bb6a3 (type: security_group_rules) to 0
2026-05-07 10:27:26.270 7 INFO neutron.db.ovn_revision_numbers_db [None req-6fe5d802-0b10-46d1-b73d-5cb4b3d3fd6c 0fd2264489da40c69ec741ad0db77594 e614dacbb71844c6b7d6804d5f5a75a7 - - default default] Successfully bumped revision number for resource 6706a1bc-05d8-43da-80a9-d6eaa33bfba3 (type: security_group_rules) to 0
2026-05-07 10:27:26.288 7 INFO neutron.db.ovn_revision_numbers_db [None req-6fe5d802-0b10-46d1-b73d-5cb4b3d3fd6c 0fd2264489da40c69ec741ad0db77594 e614dacbb71844c6b7d6804d5f5a75a7 - - default default] Successfully bumped revision number for resource 7c0b2cfa-dbb9-43d4-8a2b-01ecc1e5b933 (type: security_group_rules) to 0
