2026-05-07 10:26:19.065 7 INFO neutron.db.ovn_revision_numbers_db [None req-95d283c3-92e3-4ae3-8fbd-b7ff4e2fb9fa 0fd2264489da40c69ec741ad0db77594 e614dacbb71844c6b7d6804d5f5a75a7 - - default default] Successfully bumped revision number for resource dab89483-ba51-4e25-8fdb-6a273bc4e6d4 (type: security_group_rules) to 0 [pid: 7|app: 0|req: 747/1550] 10.0.0.131 () {32 vars in 773 bytes} [Thu May 7 10:26:18 2026] GET /v2.0/security-groups?tenant_id=61b9addd40564c7b8eed6ec992eccad1&name=default => generated 2925 bytes in 191 msecs (HTTP/1.1 200) 4 headers in 158 bytes (1 switches on core 0) [pid: 8|app: 0|req: 804/1551] 10.0.0.131 () {32 vars in 739 bytes} [Thu May 7 10:26:19 2026] DELETE /v2.0/security-groups/3e3d664f-1d9f-47b4-9bde-d4135f4867d6 => generated 0 bytes in 170 msecs (HTTP/1.1 204) 2 headers in 112 bytes (1 switches on core 0) [pid: 7|app: 0|req: 748/1552] 10.0.0.131 () {34 vars in 675 bytes} [Thu May 7 10:26:19 2026] POST /v2.0/subnetpools => generated 548 bytes in 179 msecs (HTTP/1.1 201) 4 headers in 162 bytes (1 switches on core 0) [pid: 8|app: 0|req: 805/1553] 10.0.0.131 () {32 vars in 728 bytes} [Thu May 7 10:26:19 2026] GET /v2.0/subnetpools/9e6c139d-544e-4f3b-94fd-3ee7b8a6e171 => generated 548 bytes in 23 msecs (HTTP/1.1 200) 4 headers in 157 bytes (1 switches on core 0) [pid: 7|app: 0|req: 749/1554] 10.0.0.84 () {34 vars in 988 bytes} [Thu May 7 10:26:19 2026] GET /v2.0/ports?device_id=98073609-369c-49cd-a81e-1404890bcc3c => generated 12 bytes in 29 msecs (HTTP/1.1 200) 4 headers in 156 bytes (1 switches on core 0) [pid: 8|app: 0|req: 806/1555] 199.204.45.113 () {34 vars in 985 bytes} [Thu May 7 10:26:19 2026] GET /v2.0/networks?id=acb2f8e2-21d5-4d61-a60b-5215b9667f5b => generated 716 bytes in 40 msecs (HTTP/1.1 200) 4 headers in 157 bytes (1 switches on core 0) [pid: 7|app: 0|req: 750/1556] 10.0.0.131 () {34 vars in 748 bytes} [Thu May 7 10:26:19 2026] PUT /v2.0/subnetpools/9e6c139d-544e-4f3b-94fd-3ee7b8a6e171 => generated 501 bytes in 59 msecs (HTTP/1.1 200) 4 headers in 157 bytes (1 switches on core 0) [pid: 7|app: 0|req: 751/1557] 10.0.0.131 () {32 vars in 731 bytes} [Thu May 7 10:26:19 2026] DELETE /v2.0/subnetpools/9e6c139d-544e-4f3b-94fd-3ee7b8a6e171 => generated 0 bytes in 51 msecs (HTTP/1.1 204) 2 headers in 112 bytes (1 switches on core 0)
2026-05-07 10:26:19.839 7 INFO neutron.api.v2.resource [None req-8b4e47b1-1eda-4945-b6d5-78a3d20c7b41 3e83de11787d4224a02cc80121fb2786 a2322ce4ff444d6e823376b1166957f8 - - default default] show failed (client error): The resource could not be found. [pid: 7|app: 0|req: 752/1558] 10.0.0.131 () {32 vars in 728 bytes} [Thu May 7 10:26:19 2026] GET /v2.0/subnetpools/9e6c139d-544e-4f3b-94fd-3ee7b8a6e171 => generated 145 bytes in 7 msecs (HTTP/1.1 404) 4 headers in 164 bytes (1 switches on core 0)
2026-05-07 10:26:19.854 7 INFO neutron.api.v2.resource [None req-b35a069c-b000-48b5-98fc-44d3e4c7aab9 3e83de11787d4224a02cc80121fb2786 a2322ce4ff444d6e823376b1166957f8 - - default default] delete failed (client error): The resource could not be found. [pid: 7|app: 0|req: 753/1559] 10.0.0.131 () {32 vars in 731 bytes} [Thu May 7 10:26:19 2026] DELETE /v2.0/subnetpools/9e6c139d-544e-4f3b-94fd-3ee7b8a6e171 => generated 145 bytes in 11 msecs (HTTP/1.1 404) 4 headers in 164 bytes (1 switches on core 0)
2026-05-07 10:26:20.010 8 WARNING neutron.scheduler.dhcp_agent_scheduler [req-e1eaf6ef-0122-4c81-9a4e-ffa846f688cd req-953ede03-46ab-46cb-864f-ad19e87877da f111803460904c138a6b0a06a61a1cce c02fb23877bd487cb574ab6725c2df71 - - default default] No more DHCP agents
2026-05-07 10:26:20.012 8 WARNING neutron.api.rpc.agentnotifiers.dhcp_rpc_agent_api [req-e1eaf6ef-0122-4c81-9a4e-ffa846f688cd req-953ede03-46ab-46cb-864f-ad19e87877da f111803460904c138a6b0a06a61a1cce c02fb23877bd487cb574ab6725c2df71 - - default default] Unable to schedule network acb2f8e2-21d5-4d61-a60b-5215b9667f5b: no agents available; will retry on subsequent port and subnet creation events.
2026-05-07 10:26:20.121 8 INFO neutron.plugins.ml2.drivers.ovn.mech_driver.mech_driver [None req-0693e8fe-f678-42d5-b8b4-697203ebe7ac - - - - - -] OVN reports status down for port: 853048fe-6fcd-4e26-8a1f-d090a294d9f8
2026-05-07 10:26:20.177 8 INFO neutron.db.ovn_revision_numbers_db [req-e1eaf6ef-0122-4c81-9a4e-ffa846f688cd req-953ede03-46ab-46cb-864f-ad19e87877da f111803460904c138a6b0a06a61a1cce c02fb23877bd487cb574ab6725c2df71 - - default default] Successfully bumped revision number for resource 853048fe-6fcd-4e26-8a1f-d090a294d9f8 (type: ports) to 1 [pid: 8|app: 0|req: 807/1560] 199.204.45.113 () {38 vars in 954 bytes} [Thu May 7 10:26:19 2026] POST /v2.0/ports => generated 958 bytes in 514 msecs (HTTP/1.1 201) 4 headers in 162 bytes (1 switches on core 0) /var/lib/openstack/lib/python3.12/site-packages/pycadf/identifier.py:70: UserWarning: Invalid uuid: neutron. To ensure interoperability, identifiers should be a valid uuid. warnings.warn(('Invalid uuid: %s. To ensure interoperability, '
2026-05-07 10:26:20.322 7 WARNING neutron.db.securitygroups_db [None req-1edcba82-38b4-4359-8cb5-1e500f360273 0fd2264489da40c69ec741ad0db77594 e614dacbb71844c6b7d6804d5f5a75a7 - - default default] project_id key not found in filters, using tenant_id instead. This support has been deprecated and will be removed in a future release.
2026-05-07 10:26:20.413 7 INFO neutron.db.ovn_revision_numbers_db [None req-1edcba82-38b4-4359-8cb5-1e500f360273 0fd2264489da40c69ec741ad0db77594 e614dacbb71844c6b7d6804d5f5a75a7 - - default default] Successfully bumped revision number for resource 1cf351af-e236-429e-9e26-4ba24ae54c1e (type: security_groups) to 1
2026-05-07 10:26:20.421 7 INFO neutron.db.ovn_revision_numbers_db [None req-1edcba82-38b4-4359-8cb5-1e500f360273 0fd2264489da40c69ec741ad0db77594 e614dacbb71844c6b7d6804d5f5a75a7 - - default default] Successfully bumped revision number for resource 2459b5a3-bdd8-4b88-965f-aa26bee413ab (type: security_group_rules) to 0
2026-05-07 10:26:20.434 7 INFO neutron.db.ovn_revision_numbers_db [None req-1edcba82-38b4-4359-8cb5-1e500f360273 0fd2264489da40c69ec741ad0db77594 e614dacbb71844c6b7d6804d5f5a75a7 - - default default] Successfully bumped revision number for resource 27bb0889-e848-446a-b577-a4d7bb4d773a (type: security_group_rules) to 0
2026-05-07 10:26:20.443 7 INFO neutron.db.ovn_revision_numbers_db [None req-1edcba82-38b4-4359-8cb5-1e500f360273 0fd2264489da40c69ec741ad0db77594 e614dacbb71844c6b7d6804d5f5a75a7 - - default default] Successfully bumped revision number for resource 96e0ec9c-45aa-42c6-a33f-19c7f5ff044c (type: security_group_rules) to 0
2026-05-07 10:26:20.452 7 INFO neutron.db.ovn_revision_numbers_db [None req-1edcba82-38b4-4359-8cb5-1e500f360273 0fd2264489da40c69ec741ad0db77594 e614dacbb71844c6b7d6804d5f5a75a7 - - default default] Successfully bumped revision number for resource 9c48a9bc-11d3-47df-b797-5228d13a8ca1 (type: security_group_rules) to 0 [pid: 7|app: 0|req: 754/1561] 10.0.0.131 () {32 vars in 773 bytes} [Thu May 7 10:26:20 2026] GET /v2.0/security-groups?tenant_id=a2322ce4ff444d6e823376b1166957f8&name=default => generated 2925 bytes in 253 msecs (HTTP/1.1 200) 4 headers in 158 bytes (1 switches on core 0)
2026-05-07 10:26:20.586 8 INFO neutron.db.ovn_revision_numbers_db [req-e1eaf6ef-0122-4c81-9a4e-ffa846f688cd req-f898b9bd-430f-4f1a-87e6-5e323c65681e 19f7713f15634751b07d7e3e05b709b1 25076101e4a8438f96b5c7d879be7dd5 - - 3805a2dd2d5a4163a61d40296100109f 3805a2dd2d5a4163a61d40296100109f] Successfully bumped revision number for resource 853048fe-6fcd-4e26-8a1f-d090a294d9f8 (type: ports) to 2
2026-05-07 10:26:20.671 7 INFO neutron.db.ovn_revision_numbers_db [None req-3c6fd088-936a-4190-b247-21601dcd246c 2bc4bc37fcb945bba55bc1600f1e4e28 34e06c964ab94075a0ba642a953bb1e8 - - default default] Successfully bumped revision number for resource 81253f66-f69f-4a15-8304-cd9804d38435 (type: security_groups) to 1
2026-05-07 10:26:20.682 7 INFO neutron.db.ovn_revision_numbers_db [None req-3c6fd088-936a-4190-b247-21601dcd246c 2bc4bc37fcb945bba55bc1600f1e4e28 34e06c964ab94075a0ba642a953bb1e8 - - default default] Successfully bumped revision number for resource 0bcdd16f-388f-450d-9756-0de213d356d9 (type: security_group_rules) to 0
2026-05-07 10:26:20.694 7 INFO neutron.db.ovn_revision_numbers_db [None req-3c6fd088-936a-4190-b247-21601dcd246c 2bc4bc37fcb945bba55bc1600f1e4e28 34e06c964ab94075a0ba642a953bb1e8 - - default default] Successfully bumped revision number for resource 81174b98-5e49-41db-adeb-080942c0a930 (type: security_group_rules) to 0
2026-05-07 10:26:20.705 7 INFO neutron.db.ovn_revision_numbers_db [None req-3c6fd088-936a-4190-b247-21601dcd246c 2bc4bc37fcb945bba55bc1600f1e4e28 34e06c964ab94075a0ba642a953bb1e8 - - default default] Successfully bumped revision number for resource a91d786e-43ad-4990-8e71-78e6b59e076a (type: security_group_rules) to 0
2026-05-07 10:26:20.716 7 INFO neutron.db.ovn_revision_numbers_db [None req-3c6fd088-936a-4190-b247-21601dcd246c 2bc4bc37fcb945bba55bc1600f1e4e28 34e06c964ab94075a0ba642a953bb1e8 - - default default] Successfully bumped revision number for resource fe0a8654-f35f-4e18-88d3-2dbfd8b3c65b (type: security_group_rules) to 0
2026-05-07 10:26:20.817 8 INFO neutron.db.ovn_revision_numbers_db [req-e1eaf6ef-0122-4c81-9a4e-ffa846f688cd req-f898b9bd-430f-4f1a-87e6-5e323c65681e 19f7713f15634751b07d7e3e05b709b1 25076101e4a8438f96b5c7d879be7dd5 - - 3805a2dd2d5a4163a61d40296100109f 3805a2dd2d5a4163a61d40296100109f] Successfully bumped revision number for resource 853048fe-6fcd-4e26-8a1f-d090a294d9f8 (type: ports) to 4
2026-05-07 10:26:20.819 7 INFO neutron.db.segments_db [None req-3c6fd088-936a-4190-b247-21601dcd246c 2bc4bc37fcb945bba55bc1600f1e4e28 34e06c964ab94075a0ba642a953bb1e8 - - default default] Added segment d28a16d2-ad6d-4dc3-974a-6325249ce46a of type geneve for network 5eda8bb5-3923-4346-9d4e-886c1a0a3f4e [pid: 8|app: 0|req: 808/1562] 199.204.45.113 () {38 vars in 1027 bytes} [Thu May 7 10:26:20 2026] PUT /v2.0/ports/853048fe-6fcd-4e26-8a1f-d090a294d9f8 => generated 1231 bytes in 577 msecs (HTTP/1.1 200) 4 headers in 158 bytes (1 switches on core 0) /var/lib/openstack/lib/python3.12/site-packages/pycadf/identifier.py:70: UserWarning: Invalid uuid: neutron. To ensure interoperability, identifiers should be a valid uuid. warnings.warn(('Invalid uuid: %s. To ensure interoperability, '
2026-05-07 10:26:20.884 8 INFO neutron.notifiers.nova [-] Nova event matching ['req-e8140fc2-9fa8-4df1-a0dc-a465bde0a795'] response: {'name': 'network-changed', 'server_uuid': '98073609-369c-49cd-a81e-1404890bcc3c', 'tag': '853048fe-6fcd-4e26-8a1f-d090a294d9f8', 'status': 'completed', 'code': 200}
2026-05-07 10:26:20.938 7 INFO neutron.db.ovn_revision_numbers_db [None req-3c6fd088-936a-4190-b247-21601dcd246c 2bc4bc37fcb945bba55bc1600f1e4e28 34e06c964ab94075a0ba642a953bb1e8 - - default default] Successfully bumped revision number for resource 5eda8bb5-3923-4346-9d4e-886c1a0a3f4e (type: networks) to 1 [pid: 8|app: 0|req: 809/1563] 10.0.0.131 () {32 vars in 739 bytes} [Thu May 7 10:26:20 2026] DELETE /v2.0/security-groups/1cf351af-e236-429e-9e26-4ba24ae54c1e => generated 0 bytes in 182 msecs (HTTP/1.1 204) 2 headers in 112 bytes (1 switches on core 0) [pid: 8|app: 0|req: 810/1564] 10.0.0.84 () {34 vars in 988 bytes} [Thu May 7 10:26:21 2026] GET /v2.0/ports?device_id=98073609-369c-49cd-a81e-1404890bcc3c => generated 973 bytes in 34 msecs (HTTP/1.1 200) 4 headers in 157 bytes (1 switches on core 0) [pid: 8|app: 0|req: 811/1565] 10.0.0.84 () {34 vars in 1038 bytes} [Thu May 7 10:26:21 2026] GET /v2.0/security-groups?id=6b01303d-ac97-4d53-9519-0d198298b7bf&fields=id&fields=name => generated 88 bytes in 28 msecs (HTTP/1.1 200) 4 headers in 156 bytes (1 switches on core 0)
2026-05-07 10:26:21.103 7 WARNING neutron.scheduler.dhcp_agent_scheduler [None req-3c6fd088-936a-4190-b247-21601dcd246c 2bc4bc37fcb945bba55bc1600f1e4e28 34e06c964ab94075a0ba642a953bb1e8 - - default default] No more DHCP agents
2026-05-07 10:26:21.104 7 WARNING neutron.api.rpc.agentnotifiers.dhcp_rpc_agent_api [None req-3c6fd088-936a-4190-b247-21601dcd246c 2bc4bc37fcb945bba55bc1600f1e4e28 34e06c964ab94075a0ba642a953bb1e8 - - default default] Unable to schedule network 5eda8bb5-3923-4346-9d4e-886c1a0a3f4e: no agents available; will retry on subsequent port and subnet creation events.
2026-05-07 10:26:21.156 8 INFO neutron.plugins.ml2.drivers.ovn.mech_driver.mech_driver [None req-0693e8fe-f678-42d5-b8b4-697203ebe7ac - - - - - -] OVN reports status down for port: 404aab50-08fd-4a05-ad95-3c019808c3db
2026-05-07 10:26:21.179 7 INFO neutron.db.ovn_revision_numbers_db [None req-3c6fd088-936a-4190-b247-21601dcd246c 2bc4bc37fcb945bba55bc1600f1e4e28 34e06c964ab94075a0ba642a953bb1e8 - - default default] Successfully bumped revision number for resource 404aab50-08fd-4a05-ad95-3c019808c3db (type: ports) to 1 [pid: 7|app: 0|req: 755/1566] 10.0.0.131 () {34 vars in 669 bytes} [Thu May 7 10:26:20 2026] POST /v2.0/networks => generated 688 bytes in 703 msecs (HTTP/1.1 201) 4 headers in 162 bytes (1 switches on core 0)
2026-05-07 10:26:21.401 8 WARNING neutron.scheduler.dhcp_agent_scheduler [None req-a3f95174-80f3-48c4-8153-9a4f337a8760 2bc4bc37fcb945bba55bc1600f1e4e28 34e06c964ab94075a0ba642a953bb1e8 - - default default] No more DHCP agents
2026-05-07 10:26:21.402 8 WARNING neutron.api.rpc.agentnotifiers.dhcp_rpc_agent_api [None req-a3f95174-80f3-48c4-8153-9a4f337a8760 2bc4bc37fcb945bba55bc1600f1e4e28 34e06c964ab94075a0ba642a953bb1e8 - - default default] Unable to schedule network 5eda8bb5-3923-4346-9d4e-886c1a0a3f4e: no agents available; will retry on subsequent port and subnet creation events.
2026-05-07 10:26:21.426 8 INFO neutron.db.ovn_revision_numbers_db [None req-a3f95174-80f3-48c4-8153-9a4f337a8760 2bc4bc37fcb945bba55bc1600f1e4e28 34e06c964ab94075a0ba642a953bb1e8 - - default default] Successfully bumped revision number for resource 510df087-d8ec-4401-ac73-d689fe7cb24f (type: subnets) to 0 [pid: 7|app: 0|req: 756/1567] 199.204.45.113 () {34 vars in 1079 bytes} [Thu May 7 10:26:21 2026] GET /v2.0/ports?tenant_id=c02fb23877bd487cb574ab6725c2df71&device_id=98073609-369c-49cd-a81e-1404890bcc3c => generated 1234 bytes in 37 msecs (HTTP/1.1 200) 4 headers in 158 bytes (1 switches on core 0) [pid: 8|app: 0|req: 812/1568] 10.0.0.131 () {34 vars in 668 bytes} [Thu May 7 10:26:21 2026] POST /v2.0/subnets => generated 627 bytes in 241 msecs (HTTP/1.1 201) 4 headers in 162 bytes (1 switches on core 0) [pid: 7|app: 0|req: 757/1569] 199.204.45.113 () {34 vars in 1017 bytes} [Thu May 7 10:26:21 2026] GET /v2.0/networks?tenant_id=c02fb23877bd487cb574ab6725c2df71&shared=False => generated 815 bytes in 35 msecs (HTTP/1.1 200) 4 headers in 157 bytes (1 switches on core 0) [pid: 7|app: 0|req: 758/1570] 199.204.45.113 () {34 vars in 929 bytes} [Thu May 7 10:26:21 2026] GET /v2.0/networks?shared=True => generated 791 bytes in 40 msecs (HTTP/1.1 200) 4 headers in 157 bytes (1 switches on core 0)
2026-05-07 10:26:21.816 8 WARNING neutron.scheduler.dhcp_agent_scheduler [None req-56337e8e-1dba-44f0-9697-b4b6dbe6caf9 2bc4bc37fcb945bba55bc1600f1e4e28 34e06c964ab94075a0ba642a953bb1e8 - - default default] No more DHCP agents
2026-05-07 10:26:21.817 8 WARNING neutron.api.rpc.agentnotifiers.dhcp_rpc_agent_api [None req-56337e8e-1dba-44f0-9697-b4b6dbe6caf9 2bc4bc37fcb945bba55bc1600f1e4e28 34e06c964ab94075a0ba642a953bb1e8 - - default default] Unable to schedule network 8dc76a5f-d708-4334-8b0f-bd405d498f6d: no agents available; will retry on subsequent port and subnet creation events.
2026-05-07 10:26:21.939 8 INFO neutron.plugins.ml2.drivers.ovn.mech_driver.mech_driver [None req-0693e8fe-f678-42d5-b8b4-697203ebe7ac - - - - - -] OVN reports status down for port: 0e85daca-6ff8-468c-8ce1-aca9746c30ac
2026-05-07 10:26:22.010 8 INFO neutron.db.ovn_revision_numbers_db [None req-56337e8e-1dba-44f0-9697-b4b6dbe6caf9 2bc4bc37fcb945bba55bc1600f1e4e28 34e06c964ab94075a0ba642a953bb1e8 - - default default] Successfully bumped revision number for resource 0e85daca-6ff8-468c-8ce1-aca9746c30ac (type: ports) to 1 [pid: 7|app: 0|req: 759/1571] 10.0.0.84 () {34 vars in 988 bytes} [Thu May 7 10:26:22 2026] GET /v2.0/ports?device_id=98073609-369c-49cd-a81e-1404890bcc3c => generated 973 bytes in 80 msecs (HTTP/1.1 200) 4 headers in 157 bytes (1 switches on core 0) [pid: 7|app: 0|req: 760/1572] 10.0.0.84 () {34 vars in 1038 bytes} [Thu May 7 10:26:22 2026] GET /v2.0/security-groups?id=6b01303d-ac97-4d53-9519-0d198298b7bf&fields=id&fields=name => generated 88 bytes in 31 msecs (HTTP/1.1 200) 4 headers in 156 bytes (1 switches on core 0) [pid: 7|app: 0|req: 761/1573] 199.204.45.113 () {34 vars in 1079 bytes} [Thu May 7 10:26:22 2026] GET /v2.0/ports?tenant_id=c02fb23877bd487cb574ab6725c2df71&device_id=98073609-369c-49cd-a81e-1404890bcc3c => generated 1234 bytes in 40 msecs (HTTP/1.1 200) 4 headers in 158 bytes (1 switches on core 0) [pid: 7|app: 0|req: 762/1574] 199.204.45.113 () {34 vars in 1059 bytes} [Thu May 7 10:26:22 2026] GET /v2.0/floatingips?fixed_ip_address=10.100.0.12&port_id=853048fe-6fcd-4e26-8a1f-d090a294d9f8 => generated 19 bytes in 18 msecs (HTTP/1.1 200) 4 headers in 156 bytes (1 switches on core 0) [pid: 7|app: 0|req: 763/1575] 199.204.45.113 () {34 vars in 983 bytes} [Thu May 7 10:26:22 2026] GET /v2.0/subnets?id=446aca98-cc76-4c61-b734-13b9123839fb => generated 696 bytes in 47 msecs (HTTP/1.1 200) 4 headers in 157 bytes (1 switches on core 0)
2026-05-07 10:26:22.661 8 INFO neutron.plugins.ml2.drivers.ovn.mech_driver.mech_driver [None req-0693e8fe-f678-42d5-b8b4-697203ebe7ac - - - - - -] OVN reports status up for port: 0e85daca-6ff8-468c-8ce1-aca9746c30ac
2026-05-07 10:26:22.682 8 INFO neutron.plugins.ml2.plugin [None req-0693e8fe-f678-42d5-b8b4-697203ebe7ac - - - - - -] Attempt 1 to provision port 0e85daca-6ff8-468c-8ce1-aca9746c30ac [pid: 7|app: 0|req: 764/1576] 199.204.45.113 () {34 vars in 1051 bytes} [Thu May 7 10:26:22 2026] GET /v2.0/ports?network_id=acb2f8e2-21d5-4d61-a60b-5215b9667f5b&device_owner=network%3Adhcp => generated 12 bytes in 20 msecs (HTTP/1.1 200) 4 headers in 156 bytes (1 switches on core 0)
2026-05-07 10:26:22.712 8 INFO neutron.db.ovn_revision_numbers_db [None req-56337e8e-1dba-44f0-9697-b4b6dbe6caf9 2bc4bc37fcb945bba55bc1600f1e4e28 34e06c964ab94075a0ba642a953bb1e8 - - default default] Successfully bumped revision number for resource 0e85daca-6ff8-468c-8ce1-aca9746c30ac (type: router_ports) to 1 [pid: 7|app: 0|req: 765/1577] 199.204.45.113 () {34 vars in 1011 bytes} [Thu May 7 10:26:22 2026] GET /v2.0/networks/acb2f8e2-21d5-4d61-a60b-5215b9667f5b?fields=segments => generated 14 bytes in 41 msecs (HTTP/1.1 200) 4 headers in 156 bytes (1 switches on core 0)
2026-05-07 10:26:22.814 8 INFO neutron.db.ovn_revision_numbers_db [None req-56337e8e-1dba-44f0-9697-b4b6dbe6caf9 2bc4bc37fcb945bba55bc1600f1e4e28 34e06c964ab94075a0ba642a953bb1e8 - - default default] Successfully bumped revision number for resource dfbe350d-3cc2-4a28-ac20-452ee7d70ca6 (type: routers) to 2 [pid: 8|app: 0|req: 813/1578] 10.0.0.131 () {34 vars in 668 bytes} [Thu May 7 10:26:21 2026] POST /v2.0/routers => generated 974 bytes in 1384 msecs (HTTP/1.1 201) 4 headers in 162 bytes (1 switches on core 0) [pid: 8|app: 0|req: 814/1579] 199.204.45.113 () {34 vars in 1111 bytes} [Thu May 7 10:26:22 2026] GET /v2.0/networks/acb2f8e2-21d5-4d61-a60b-5215b9667f5b?fields=provider%3Aphysical_network&fields=provider%3Anetwork_type => generated 79 bytes in 40 msecs (HTTP/1.1 200) 4 headers in 156 bytes (1 switches on core 0)
2026-05-07 10:26:23.017 7 INFO neutron.db.ovn_revision_numbers_db [None req-d1e074eb-2df9-4070-b626-271cf1818326 0fd2264489da40c69ec741ad0db77594 e614dacbb71844c6b7d6804d5f5a75a7 - - default default] Successfully bumped revision number for resource 964cdb30-a0ee-4016-927a-a4af6f4fad49 (type: security_groups) to 1
2026-05-07 10:26:23.027 7 INFO neutron.db.ovn_revision_numbers_db [None req-d1e074eb-2df9-4070-b626-271cf1818326 0fd2264489da40c69ec741ad0db77594 e614dacbb71844c6b7d6804d5f5a75a7 - - default default] Successfully bumped revision number for resource 29f63fb5-84f8-4345-af8d-9d29c88f0be9 (type: security_group_rules) to 0
2026-05-07 10:26:23.038 7 INFO neutron.db.ovn_revision_numbers_db [None req-d1e074eb-2df9-4070-b626-271cf1818326 0fd2264489da40c69ec741ad0db77594 e614dacbb71844c6b7d6804d5f5a75a7 - - default default] Successfully bumped revision number for resource 5a9e325d-47a2-4cee-a8d7-02862396c2cf (type: security_group_rules) to 0
2026-05-07 10:26:23.047 7 INFO neutron.db.ovn_revision_numbers_db [None req-d1e074eb-2df9-4070-b626-271cf1818326 0fd2264489da40c69ec741ad0db77594 e614dacbb71844c6b7d6804d5f5a75a7 - - default default] Successfully bumped revision number for resource c74763f6-8107-4015-97c3-1466c35ecb65 (type: security_group_rules) to 0
2026-05-07 10:26:23.057 7 INFO neutron.db.ovn_revision_numbers_db [None req-d1e074eb-2df9-4070-b626-271cf1818326 0fd2264489da40c69ec741ad0db77594 e614dacbb71844c6b7d6804d5f5a75a7 - - default default] Successfully bumped revision number for resource d49fef52-896f-409b-bbc3-d5915e9f319b (type: security_group_rules) to 0
2026-05-07 10:26:23.126 7 INFO neutron.db.segments_db [None req-d1e074eb-2df9-4070-b626-271cf1818326 0fd2264489da40c69ec741ad0db77594 e614dacbb71844c6b7d6804d5f5a75a7 - - default default] Added segment ce2c8b59-10cc-458a-b097-bec243510b9c of type geneve for network 689f284d-0fd3-411b-aa6d-f35f895c646e
2026-05-07 10:26:23.223 7 INFO neutron.db.ovn_revision_numbers_db [None req-d1e074eb-2df9-4070-b626-271cf1818326 0fd2264489da40c69ec741ad0db77594 e614dacbb71844c6b7d6804d5f5a75a7 - - default default] Successfully bumped revision number for resource 689f284d-0fd3-411b-aa6d-f35f895c646e (type: networks) to 1
2026-05-07 10:26:23.387 7 WARNING neutron.scheduler.dhcp_agent_scheduler [None req-d1e074eb-2df9-4070-b626-271cf1818326 0fd2264489da40c69ec741ad0db77594 e614dacbb71844c6b7d6804d5f5a75a7 - - default default] No more DHCP agents
2026-05-07 10:26:23.388 7 WARNING neutron.api.rpc.agentnotifiers.dhcp_rpc_agent_api [None req-d1e074eb-2df9-4070-b626-271cf1818326 0fd2264489da40c69ec741ad0db77594 e614dacbb71844c6b7d6804d5f5a75a7 - - default default] Unable to schedule network 689f284d-0fd3-411b-aa6d-f35f895c646e: no agents available; will retry on subsequent port and subnet creation events.
2026-05-07 10:26:23.469 7 INFO neutron.db.ovn_revision_numbers_db [None req-d1e074eb-2df9-4070-b626-271cf1818326 0fd2264489da40c69ec741ad0db77594 e614dacbb71844c6b7d6804d5f5a75a7 - - default default] Successfully bumped revision number for resource 595d074a-631a-4826-b33d-88b2fa6e5df2 (type: ports) to 1 [pid: 7|app: 0|req: 766/1580] 10.0.0.131 () {34 vars in 670 bytes} [Thu May 7 10:26:22 2026] POST /v2.0/networks => generated 782 bytes in 755 msecs (HTTP/1.1 201) 4 headers in 162 bytes (1 switches on core 0)
2026-05-07 10:26:23.699 7 INFO neutron.db.ovn_revision_numbers_db [None req-21c32d84-4b2f-4fc4-a329-602df1f7a7b2 9be2c848225244f3956f43a78b4f559c 74dab82060064f8d8a139cc52c23413f - - default default] Successfully bumped revision number for resource 542a301b-176a-4462-8e6b-16f32042e6b5 (type: security_groups) to 1
2026-05-07 10:26:23.715 7 INFO neutron.db.ovn_revision_numbers_db [None req-21c32d84-4b2f-4fc4-a329-602df1f7a7b2 9be2c848225244f3956f43a78b4f559c 74dab82060064f8d8a139cc52c23413f - - default default] Successfully bumped revision number for resource 0fa8fcce-f74f-4e7f-acf9-e7af8b4fb161 (type: security_group_rules) to 0
2026-05-07 10:26:23.726 7 INFO neutron.db.ovn_revision_numbers_db [None req-21c32d84-4b2f-4fc4-a329-602df1f7a7b2 9be2c848225244f3956f43a78b4f559c 74dab82060064f8d8a139cc52c23413f - - default default] Successfully bumped revision number for resource 231684d0-248e-44a9-b023-c247eb451254 (type: security_group_rules) to 0
2026-05-07 10:26:23.738 7 INFO neutron.db.ovn_revision_numbers_db [None req-21c32d84-4b2f-4fc4-a329-602df1f7a7b2 9be2c848225244f3956f43a78b4f559c 74dab82060064f8d8a139cc52c23413f - - default default] Successfully bumped revision number for resource d0572620-9d6c-4071-bc3a-33fcf9cae328 (type: security_group_rules) to 0
2026-05-07 10:26:23.749 7 INFO neutron.db.ovn_revision_numbers_db [None req-21c32d84-4b2f-4fc4-a329-602df1f7a7b2 9be2c848225244f3956f43a78b4f559c 74dab82060064f8d8a139cc52c23413f - - default default] Successfully bumped revision number for resource d64029d1-b9e0-41c8-9719-7799feb93ca4 (type: security_group_rules) to 0
2026-05-07 10:26:23.826 7 INFO neutron.db.segments_db [None req-21c32d84-4b2f-4fc4-a329-602df1f7a7b2 9be2c848225244f3956f43a78b4f559c 74dab82060064f8d8a139cc52c23413f - - default default] Added segment 6b8b8506-494e-42c5-8457-c46c5fbfdd1a of type geneve for network 434fa92c-3beb-41f9-8775-8bca13c98e44
2026-05-07 10:26:23.875 8 WARNING neutron.scheduler.dhcp_agent_scheduler [None req-5106b28d-62ee-4146-970e-b81325974a7f 2bc4bc37fcb945bba55bc1600f1e4e28 34e06c964ab94075a0ba642a953bb1e8 - - default default] No more DHCP agents
2026-05-07 10:26:23.876 8 WARNING neutron.api.rpc.agentnotifiers.dhcp_rpc_agent_api [None req-5106b28d-62ee-4146-970e-b81325974a7f 2bc4bc37fcb945bba55bc1600f1e4e28 34e06c964ab94075a0ba642a953bb1e8 - - default default] Unable to schedule network 5eda8bb5-3923-4346-9d4e-886c1a0a3f4e: no agents available; will retry on subsequent port and subnet creation events.
2026-05-07 10:26:23.920 7 INFO neutron.db.ovn_revision_numbers_db [None req-21c32d84-4b2f-4fc4-a329-602df1f7a7b2 9be2c848225244f3956f43a78b4f559c 74dab82060064f8d8a139cc52c23413f - - default default] Successfully bumped revision number for resource 434fa92c-3beb-41f9-8775-8bca13c98e44 (type: networks) to 1
2026-05-07 10:26:24.064 8 INFO neutron.db.ovn_revision_numbers_db [None req-5106b28d-62ee-4146-970e-b81325974a7f 2bc4bc37fcb945bba55bc1600f1e4e28 34e06c964ab94075a0ba642a953bb1e8 - - default default] Successfully bumped revision number for resource f4352bda-4c13-485a-b172-5a82926c456d (type: ports) to 1
2026-05-07 10:26:24.135 7 WARNING neutron.scheduler.dhcp_agent_scheduler [None req-21c32d84-4b2f-4fc4-a329-602df1f7a7b2 9be2c848225244f3956f43a78b4f559c 74dab82060064f8d8a139cc52c23413f - - default default] No more DHCP agents
2026-05-07 10:26:24.137 7 WARNING neutron.api.rpc.agentnotifiers.dhcp_rpc_agent_api [None req-21c32d84-4b2f-4fc4-a329-602df1f7a7b2 9be2c848225244f3956f43a78b4f559c 74dab82060064f8d8a139cc52c23413f - - default default] Unable to schedule network 434fa92c-3beb-41f9-8775-8bca13c98e44: no agents available; will retry on subsequent port and subnet creation events.
2026-05-07 10:26:24.192 7 INFO neutron.plugins.ml2.drivers.ovn.mech_driver.mech_driver [None req-4bbb32cd-f712-469c-b70f-299a828881d4 - - - - - -] OVN reports status down for port: 9f68b1ea-a06a-42e4-93b2-8f92f820f997
2026-05-07 10:26:24.243 7 INFO neutron.db.ovn_revision_numbers_db [None req-21c32d84-4b2f-4fc4-a329-602df1f7a7b2 9be2c848225244f3956f43a78b4f559c 74dab82060064f8d8a139cc52c23413f - - default default] Successfully bumped revision number for resource 9f68b1ea-a06a-42e4-93b2-8f92f820f997 (type: ports) to 1 [pid: 7|app: 0|req: 767/1581] 10.0.0.131 () {34 vars in 669 bytes} [Thu May 7 10:26:23 2026] POST /v2.0/networks => generated 670 bytes in 797 msecs (HTTP/1.1 201) 4 headers in 162 bytes (1 switches on core 0) [pid: 7|app: 0|req: 768/1582] 10.0.0.84 () {34 vars in 988 bytes} [Thu May 7 10:26:24 2026] GET /v2.0/ports?device_id=98073609-369c-49cd-a81e-1404890bcc3c => generated 973 bytes in 35 msecs (HTTP/1.1 200) 4 headers in 157 bytes (1 switches on core 0)
2026-05-07 10:26:24.444 7 WARNING neutron.scheduler.dhcp_agent_scheduler [None req-53dd7e9b-ac6c-493e-baba-45397b4f2a58 0fd2264489da40c69ec741ad0db77594 e614dacbb71844c6b7d6804d5f5a75a7 - - default default] No more DHCP agents
2026-05-07 10:26:24.445 7 WARNING neutron.api.rpc.agentnotifiers.dhcp_rpc_agent_api [None req-53dd7e9b-ac6c-493e-baba-45397b4f2a58 0fd2264489da40c69ec741ad0db77594 e614dacbb71844c6b7d6804d5f5a75a7 - - default default] Unable to schedule network 689f284d-0fd3-411b-aa6d-f35f895c646e: no agents available; will retry on subsequent port and subnet creation events.
2026-05-07 10:26:24.839 8 WARNING neutron.scheduler.dhcp_agent_scheduler [None req-5106b28d-62ee-4146-970e-b81325974a7f 2bc4bc37fcb945bba55bc1600f1e4e28 34e06c964ab94075a0ba642a953bb1e8 - - default default] No more DHCP agents
2026-05-07 10:26:24.841 8 WARNING neutron.api.rpc.agentnotifiers.dhcp_rpc_agent_api [None req-5106b28d-62ee-4146-970e-b81325974a7f 2bc4bc37fcb945bba55bc1600f1e4e28 34e06c964ab94075a0ba642a953bb1e8 - - default default] Unable to schedule network 5eda8bb5-3923-4346-9d4e-886c1a0a3f4e: no agents available; will retry on subsequent port and subnet creation events.
2026-05-07 10:26:24.841 7 INFO neutron.db.ovn_revision_numbers_db [None req-53dd7e9b-ac6c-493e-baba-45397b4f2a58 0fd2264489da40c69ec741ad0db77594 e614dacbb71844c6b7d6804d5f5a75a7 - - default default] Successfully bumped revision number for resource 595d074a-631a-4826-b33d-88b2fa6e5df2 (type: ports) to 2
2026-05-07 10:26:24.866 7 INFO neutron.db.ovn_revision_numbers_db [None req-53dd7e9b-ac6c-493e-baba-45397b4f2a58 0fd2264489da40c69ec741ad0db77594 e614dacbb71844c6b7d6804d5f5a75a7 - - default default] Successfully bumped revision number for resource 52925ab1-d4af-44a1-8b26-987b084a570a (type: subnets) to 0 [pid: 7|app: 0|req: 769/1583] 10.0.0.131 () {34 vars in 668 bytes} [Thu May 7 10:26:24 2026] POST /v2.0/subnets => generated 688 bytes in 557 msecs (HTTP/1.1 201) 4 headers in 162 bytes (1 switches on core 0)
2026-05-07 10:26:25.100 7 WARNING neutron.scheduler.dhcp_agent_scheduler [None req-517625f7-6559-47a3-9e58-2b2430b8df40 9be2c848225244f3956f43a78b4f559c 74dab82060064f8d8a139cc52c23413f - - default default] No more DHCP agents
2026-05-07 10:26:25.103 7 WARNING neutron.api.rpc.agentnotifiers.dhcp_rpc_agent_api [None req-517625f7-6559-47a3-9e58-2b2430b8df40 9be2c848225244f3956f43a78b4f559c 74dab82060064f8d8a139cc52c23413f - - default default] Unable to schedule network 434fa92c-3beb-41f9-8775-8bca13c98e44: no agents available; will retry on subsequent port and subnet creation events.
2026-05-07 10:26:25.223 7 INFO neutron.common.ovn.utils [None req-4bbb32cd-f712-469c-b70f-299a828881d4 - - - - - -] HA Chassis Group neutron-5eda8bb5-3923-4346-9d4e-886c1a0a3f4e synchronized; highest priority chassis 7aeb8422-2534-42ee-b1f9-ae3699df306f
2026-05-07 10:26:25.247 7 INFO neutron.db.ovn_revision_numbers_db [None req-517625f7-6559-47a3-9e58-2b2430b8df40 9be2c848225244f3956f43a78b4f559c 74dab82060064f8d8a139cc52c23413f - - default default] Successfully bumped revision number for resource cf722d26-a344-4201-8071-59e59b246430 (type: ports) to 1
2026-05-07 10:26:25.259 8 INFO neutron.db.ovn_revision_numbers_db [None req-5106b28d-62ee-4146-970e-b81325974a7f 2bc4bc37fcb945bba55bc1600f1e4e28 34e06c964ab94075a0ba642a953bb1e8 - - default default] Successfully bumped revision number for resource f4352bda-4c13-485a-b172-5a82926c456d (type: router_ports) to 1 [pid: 8|app: 0|req: 815/1584] 10.0.0.131 () {34 vars in 782 bytes} [Thu May 7 10:26:22 2026] PUT /v2.0/routers/dfbe350d-3cc2-4a28-ac20-452ee7d70ca6/add_router_interface => generated 310 bytes in 2393 msecs (HTTP/1.1 200) 4 headers in 157 bytes (1 switches on core 0) [pid: 7|app: 0|req: 770/1585] 10.0.0.131 () {34 vars in 663 bytes} [Thu May 7 10:26:24 2026] POST /v2.0/ports => generated 743 bytes in 409 msecs (HTTP/1.1 201) 4 headers in 162 bytes (1 switches on core 0) /var/lib/openstack/lib/python3.12/site-packages/pycadf/identifier.py:70: UserWarning: Invalid uuid: neutron. To ensure interoperability, identifiers should be a valid uuid. warnings.warn(('Invalid uuid: %s. To ensure interoperability, ' [pid: 8|app: 0|req: 816/1586] 10.0.0.84 () {34 vars in 1038 bytes} [Thu May 7 10:26:25 2026] GET /v2.0/security-groups?id=6b01303d-ac97-4d53-9519-0d198298b7bf&fields=id&fields=name => generated 88 bytes in 33 msecs (HTTP/1.1 200) 4 headers in 156 bytes (1 switches on core 0)
2026-05-07 10:26:25.606 8 WARNING neutron.scheduler.dhcp_agent_scheduler [None req-c00c56e6-6e40-424e-b3fd-41ab8f7786c8 2bc4bc37fcb945bba55bc1600f1e4e28 34e06c964ab94075a0ba642a953bb1e8 - - default default] No more DHCP agents
2026-05-07 10:26:25.608 8 WARNING neutron.api.rpc.agentnotifiers.dhcp_rpc_agent_api [None req-c00c56e6-6e40-424e-b3fd-41ab8f7786c8 2bc4bc37fcb945bba55bc1600f1e4e28 34e06c964ab94075a0ba642a953bb1e8 - - default default] Unable to schedule network 5eda8bb5-3923-4346-9d4e-886c1a0a3f4e: no agents available; will retry on subsequent port and subnet creation events.
2026-05-07 10:26:25.719 7 WARNING neutron.scheduler.dhcp_agent_scheduler [None req-b22a624d-b36b-4e42-bb74-08c554e1280a 0fd2264489da40c69ec741ad0db77594 e614dacbb71844c6b7d6804d5f5a75a7 - - default default] No more DHCP agents
2026-05-07 10:26:25.721 7 WARNING neutron.api.rpc.agentnotifiers.dhcp_rpc_agent_api [None req-b22a624d-b36b-4e42-bb74-08c554e1280a 0fd2264489da40c69ec741ad0db77594 e614dacbb71844c6b7d6804d5f5a75a7 - - default default] Unable to schedule network 8dc76a5f-d708-4334-8b0f-bd405d498f6d: no agents available; will retry on subsequent port and subnet creation events.
2026-05-07 10:26:25.749 7 INFO neutron.plugins.ml2.drivers.ovn.mech_driver.mech_driver [None req-4bbb32cd-f712-469c-b70f-299a828881d4 - - - - - -] OVN reports status down for port: 27c13db7-f3e9-4a52-804e-29e7fb2a6215
2026-05-07 10:26:25.766 8 INFO neutron.db.ovn_revision_numbers_db [None req-c00c56e6-6e40-424e-b3fd-41ab8f7786c8 2bc4bc37fcb945bba55bc1600f1e4e28 34e06c964ab94075a0ba642a953bb1e8 - - default default] Successfully bumped revision number for resource 27c13db7-f3e9-4a52-804e-29e7fb2a6215 (type: ports) to 1 [pid: 8|app: 0|req: 819/1589] 10.0.0.131 () {34 vars in 664 bytes} [Thu May 7 10:26:25 2026] POST /v2.0/ports => generated 958 bytes in 493 msecs (HTTP/1.1 201) 4 headers in 162 bytes (1 switches on core 0) /var/lib/openstack/lib/python3.12/site-packages/pycadf/identifier.py:70: UserWarning: Invalid uuid: neutron. To ensure interoperability, identifiers should be a valid uuid. warnings.warn(('Invalid uuid: %s. To ensure interoperability, '
2026-05-07 10:26:25.902 8 INFO neutron.db.segments_db [None req-2577695c-be00-4b97-b808-4c6e8007b42d 9be2c848225244f3956f43a78b4f559c 74dab82060064f8d8a139cc52c23413f - - default default] Added segment 500daab4-29b4-4973-ac65-c69020401cb7 of type geneve for network e545589c-0519-414e-ba02-586619538cfe
2026-05-07 10:26:25.941 7 INFO neutron.db.ovn_revision_numbers_db [None req-b22a624d-b36b-4e42-bb74-08c554e1280a 0fd2264489da40c69ec741ad0db77594 e614dacbb71844c6b7d6804d5f5a75a7 - - default default] Successfully bumped revision number for resource 34e74622-7e12-4e70-b3ad-fe068ba9b7c0 (type: ports) to 1
2026-05-07 10:26:26.036 8 INFO neutron.db.ovn_revision_numbers_db [None req-2577695c-be00-4b97-b808-4c6e8007b42d 9be2c848225244f3956f43a78b4f559c 74dab82060064f8d8a139cc52c23413f - - default default] Successfully bumped revision number for resource e545589c-0519-414e-ba02-586619538cfe (type: networks) to 1
2026-05-07 10:26:26.184 8 WARNING neutron.scheduler.dhcp_agent_scheduler [None req-2577695c-be00-4b97-b808-4c6e8007b42d 9be2c848225244f3956f43a78b4f559c 74dab82060064f8d8a139cc52c23413f - - default default] No more DHCP agents
2026-05-07 10:26:26.185 8 WARNING neutron.api.rpc.agentnotifiers.dhcp_rpc_agent_api [None req-2577695c-be00-4b97-b808-4c6e8007b42d 9be2c848225244f3956f43a78b4f559c 74dab82060064f8d8a139cc52c23413f - - default default] Unable to schedule network e545589c-0519-414e-ba02-586619538cfe: no agents available; will retry on subsequent port and subnet creation events.
2026-05-07 10:26:26.270 8 INFO neutron.db.ovn_revision_numbers_db [None req-2577695c-be00-4b97-b808-4c6e8007b42d 9be2c848225244f3956f43a78b4f559c 74dab82060064f8d8a139cc52c23413f - - default default] Successfully bumped revision number for resource 71400a56-ff99-43c4-a446-daeff32c068d (type: ports) to 1 [pid: 8|app: 0|req: 820/1590] 10.0.0.131 () {34 vars in 669 bytes} [Thu May 7 10:26:25 2026] POST /v2.0/networks => generated 669 bytes in 495 msecs (HTTP/1.1 201) 4 headers in 162 bytes (1 switches on core 0)
2026-05-07 10:26:26.541 7 INFO neutron.db.ovn_revision_numbers_db [None req-b22a624d-b36b-4e42-bb74-08c554e1280a 0fd2264489da40c69ec741ad0db77594 e614dacbb71844c6b7d6804d5f5a75a7 - - default default] Successfully bumped revision number for resource 34e74622-7e12-4e70-b3ad-fe068ba9b7c0 (type: router_ports) to 1
2026-05-07 10:26:26.550 8 INFO neutron.plugins.ml2.drivers.ovn.mech_driver.ovsdb.ovsdb_monitor [None req-4cc841cb-f4a6-442a-8005-ccb6af3eefe0 - - - - - -] Router b1854de0-dc64-4064-bad7-e700e194ab34 is bound to host instance
2026-05-07 10:26:26.599 7 INFO neutron.db.ovn_revision_numbers_db [None req-b22a624d-b36b-4e42-bb74-08c554e1280a 0fd2264489da40c69ec741ad0db77594 e614dacbb71844c6b7d6804d5f5a75a7 - - default default] Successfully bumped revision number for resource b1854de0-dc64-4064-bad7-e700e194ab34 (type: routers) to 2 [pid: 7|app: 0|req: 771/1591] 10.0.0.131 () {34 vars in 668 bytes} [Thu May 7 10:26:25 2026] POST /v2.0/routers => generated 987 bytes in 1323 msecs (HTTP/1.1 201) 4 headers in 162 bytes (1 switches on core 0)
2026-05-07 10:26:26.619 8 WARNING neutron.scheduler.dhcp_agent_scheduler [None req-160f80be-d097-4c2e-8690-c46407a36324 2bc4bc37fcb945bba55bc1600f1e4e28 34e06c964ab94075a0ba642a953bb1e8 - - default default] No more DHCP agents
2026-05-07 10:26:26.621 8 WARNING neutron.api.rpc.agentnotifiers.dhcp_rpc_agent_api [None req-160f80be-d097-4c2e-8690-c46407a36324 2bc4bc37fcb945bba55bc1600f1e4e28 34e06c964ab94075a0ba642a953bb1e8 - - default default] Unable to schedule network 5eda8bb5-3923-4346-9d4e-886c1a0a3f4e: no agents available; will retry on subsequent port and subnet creation events.
2026-05-07 10:26:26.814 7 WARNING neutron.scheduler.dhcp_agent_scheduler [None req-3b63383a-c94c-4551-8f3e-e597b2198984 9be2c848225244f3956f43a78b4f559c 74dab82060064f8d8a139cc52c23413f - - default default] No more DHCP agents
2026-05-07 10:26:26.815 7 WARNING neutron.api.rpc.agentnotifiers.dhcp_rpc_agent_api [None req-3b63383a-c94c-4551-8f3e-e597b2198984 9be2c848225244f3956f43a78b4f559c 74dab82060064f8d8a139cc52c23413f - - default default] Unable to schedule network e545589c-0519-414e-ba02-586619538cfe: no agents available; will retry on subsequent port and subnet creation events.
2026-05-07 10:26:26.871 7 INFO neutron.plugins.ml2.drivers.ovn.mech_driver.mech_driver [None req-4bbb32cd-f712-469c-b70f-299a828881d4 - - - - - -] OVN reports status down for port: 6f2c4f9d-cc90-461d-ba44-18f968f61310
2026-05-07 10:26:26.899 8 INFO neutron.db.ovn_revision_numbers_db [None req-160f80be-d097-4c2e-8690-c46407a36324 2bc4bc37fcb945bba55bc1600f1e4e28 34e06c964ab94075a0ba642a953bb1e8 - - default default] Successfully bumped revision number for resource e75e6d80-4ce8-4227-82d3-bf16aaf7ec52 (type: ports) to 1
2026-05-07 10:26:26.931 7 INFO neutron.db.ovn_revision_numbers_db [None req-3b63383a-c94c-4551-8f3e-e597b2198984 9be2c848225244f3956f43a78b4f559c 74dab82060064f8d8a139cc52c23413f - - default default] Successfully bumped revision number for resource 6f2c4f9d-cc90-461d-ba44-18f968f61310 (type: ports) to 1 [pid: 8|app: 0|req: 821/1592] 10.0.0.131 () {34 vars in 664 bytes} [Thu May 7 10:26:26 2026] POST /v2.0/ports => generated 959 bytes in 699 msecs (HTTP/1.1 201) 4 headers in 162 bytes (1 switches on core 0) /var/lib/openstack/lib/python3.12/site-packages/pycadf/identifier.py:70: UserWarning: Invalid uuid: neutron. To ensure interoperability, identifiers should be a valid uuid. warnings.warn(('Invalid uuid: %s. To ensure interoperability, ' [pid: 7|app: 0|req: 772/1593] 10.0.0.131 () {34 vars in 663 bytes} [Thu May 7 10:26:26 2026] POST /v2.0/ports => generated 743 bytes in 390 msecs (HTTP/1.1 201) 4 headers in 162 bytes (1 switches on core 0) /var/lib/openstack/lib/python3.12/site-packages/pycadf/identifier.py:70: UserWarning: Invalid uuid: neutron. To ensure interoperability, identifiers should be a valid uuid. warnings.warn(('Invalid uuid: %s. To ensure interoperability, ' [pid: 8|app: 0|req: 822/1594] 10.0.0.84 () {34 vars in 988 bytes} [Thu May 7 10:26:26 2026] GET /v2.0/ports?device_id=98073609-369c-49cd-a81e-1404890bcc3c => generated 973 bytes in 139 msecs (HTTP/1.1 200) 4 headers in 157 bytes (1 switches on core 0)
2026-05-07 10:26:27.402 7 WARNING neutron.scheduler.dhcp_agent_scheduler [None req-4ff5afd7-2947-4289-be5b-b62fac1542cf 0fd2264489da40c69ec741ad0db77594 e614dacbb71844c6b7d6804d5f5a75a7 - - default default] No more DHCP agents
2026-05-07 10:26:27.403 7 WARNING neutron.api.rpc.agentnotifiers.dhcp_rpc_agent_api [None req-4ff5afd7-2947-4289-be5b-b62fac1542cf 0fd2264489da40c69ec741ad0db77594 e614dacbb71844c6b7d6804d5f5a75a7 - - default default] Unable to schedule network 689f284d-0fd3-411b-aa6d-f35f895c646e: no agents available; will retry on subsequent port and subnet creation events.
2026-05-07 10:26:27.516 7 INFO neutron.plugins.ml2.drivers.ovn.mech_driver.mech_driver [None req-4bbb32cd-f712-469c-b70f-299a828881d4 - - - - - -] OVN reports status down for port: 229f82fd-413f-4b99-935e-9aa3af0356b8
2026-05-07 10:26:27.533 8 WARNING neutron.scheduler.dhcp_agent_scheduler [None req-fb166d6b-f8a4-4194-8bf3-5b4a9da7424c 2bc4bc37fcb945bba55bc1600f1e4e28 34e06c964ab94075a0ba642a953bb1e8 - - default default] No more DHCP agents
2026-05-07 10:26:27.534 8 WARNING neutron.api.rpc.agentnotifiers.dhcp_rpc_agent_api [None req-fb166d6b-f8a4-4194-8bf3-5b4a9da7424c 2bc4bc37fcb945bba55bc1600f1e4e28 34e06c964ab94075a0ba642a953bb1e8 - - default default] Unable to schedule network 8dc76a5f-d708-4334-8b0f-bd405d498f6d: no agents available; will retry on subsequent port and subnet creation events.
2026-05-07 10:26:27.564 7 INFO neutron.db.ovn_revision_numbers_db [None req-4ff5afd7-2947-4289-be5b-b62fac1542cf 0fd2264489da40c69ec741ad0db77594 e614dacbb71844c6b7d6804d5f5a75a7 - - default default] Successfully bumped revision number for resource 229f82fd-413f-4b99-935e-9aa3af0356b8 (type: ports) to 1
2026-05-07 10:26:27.635 8 WARNING neutron.plugins.ml2.drivers.ovn.mech_driver.ovsdb.ovn_client [None req-0693e8fe-f678-42d5-b8b4-697203ebe7ac - - - - - -] No hosting information found for port 0e85daca-6ff8-468c-8ce1-aca9746c30ac: RuntimeError: No hosting information found for port 0e85daca-6ff8-468c-8ce1-aca9746c30ac
2026-05-07 10:26:27.636 8 INFO neutron.plugins.ml2.drivers.ovn.mech_driver.mech_driver [None req-0693e8fe-f678-42d5-b8b4-697203ebe7ac - - - - - -] OVN reports status down for port: 595d074a-631a-4826-b33d-88b2fa6e5df2
2026-05-07 10:26:27.850 8 INFO neutron.plugins.ml2.drivers.ovn.mech_driver.mech_driver [None req-0693e8fe-f678-42d5-b8b4-697203ebe7ac - - - - - -] OVN reports status down for port: f4352bda-4c13-485a-b172-5a82926c456d
2026-05-07 10:26:28.060 8 WARNING neutron.plugins.ml2.drivers.ovn.mech_driver.ovsdb.ovn_client [None req-0693e8fe-f678-42d5-b8b4-697203ebe7ac - - - - - -] Logical_Switch_Port f4352bda-4c13-485a-b172-5a82926c456d host information not removed, the port state is up
2026-05-07 10:26:28.060 8 INFO neutron.plugins.ml2.drivers.ovn.mech_driver.mech_driver [None req-0693e8fe-f678-42d5-b8b4-697203ebe7ac - - - - - -] OVN reports status up for port: f4352bda-4c13-485a-b172-5a82926c456d
2026-05-07 10:26:28.086 8 INFO neutron.plugins.ml2.plugin [None req-0693e8fe-f678-42d5-b8b4-697203ebe7ac - - - - - -] Attempt 1 to provision port f4352bda-4c13-485a-b172-5a82926c456d
2026-05-07 10:26:28.112 7 INFO neutron.plugins.ml2.drivers.ovn.mech_driver.mech_driver [None req-4bbb32cd-f712-469c-b70f-299a828881d4 - - - - - -] OVN reports status up for port: 229f82fd-413f-4b99-935e-9aa3af0356b8
2026-05-07 10:26:28.138 7 INFO neutron.plugins.ml2.plugin [None req-4bbb32cd-f712-469c-b70f-299a828881d4 - - - - - -] Attempt 1 to provision port 229f82fd-413f-4b99-935e-9aa3af0356b8
2026-05-07 10:26:28.147 8 INFO neutron.db.ovn_revision_numbers_db [None req-a5691113-b7f5-4cba-b29d-293137b68274 - - - - - -] Successfully bumped revision number for resource 34e74622-7e12-4e70-b3ad-fe068ba9b7c0 (type: ports) to 4
2026-05-07 10:26:28.256 7 WARNING neutron.scheduler.dhcp_agent_scheduler [None req-4ff5afd7-2947-4289-be5b-b62fac1542cf 0fd2264489da40c69ec741ad0db77594 e614dacbb71844c6b7d6804d5f5a75a7 - - default default] No more DHCP agents
2026-05-07 10:26:28.258 7 WARNING neutron.api.rpc.agentnotifiers.dhcp_rpc_agent_api [None req-4ff5afd7-2947-4289-be5b-b62fac1542cf 0fd2264489da40c69ec741ad0db77594 e614dacbb71844c6b7d6804d5f5a75a7 - - default default] Unable to schedule network 689f284d-0fd3-411b-aa6d-f35f895c646e: no agents available; will retry on subsequent port and subnet creation events.
2026-05-07 10:26:28.754 7 INFO neutron.db.ovn_revision_numbers_db [None req-4bbb32cd-f712-469c-b70f-299a828881d4 - - - - - -] Successfully bumped revision number for resource 229f82fd-413f-4b99-935e-9aa3af0356b8 (type: ports) to 2
2026-05-07 10:26:29.055 7 INFO neutron.db.ovn_revision_numbers_db [None req-4ff5afd7-2947-4289-be5b-b62fac1542cf 0fd2264489da40c69ec741ad0db77594 e614dacbb71844c6b7d6804d5f5a75a7 - - default default] Successfully bumped revision number for resource 229f82fd-413f-4b99-935e-9aa3af0356b8 (type: router_ports) to 1 [pid: 7|app: 0|req: 773/1595] 10.0.0.131 () {34 vars in 782 bytes} [Thu May 7 10:26:27 2026] PUT /v2.0/routers/b1854de0-dc64-4064-bad7-e700e194ab34/add_router_interface => generated 310 bytes in 2051 msecs (HTTP/1.1 200) 4 headers in 157 bytes (1 switches on core 0)
2026-05-07 10:26:29.144 7 INFO neutron.db.segments_db [None req-53948be5-99d9-4ed8-9797-e71bfaf17c2f 9be2c848225244f3956f43a78b4f559c 74dab82060064f8d8a139cc52c23413f - - default default] Added segment fcdba90f-9e53-43c2-96f5-dc297e5e904c of type geneve for network e526aed5-d16c-48c2-9aee-cee76c543c93
2026-05-07 10:26:29.211 8 INFO neutron.db.ovn_revision_numbers_db [None req-0693e8fe-f678-42d5-b8b4-697203ebe7ac - - - - - -] Successfully bumped revision number for resource f4352bda-4c13-485a-b172-5a82926c456d (type: ports) to 2
2026-05-07 10:26:29.243 8 INFO neutron.db.ovn_revision_numbers_db [None req-a5691113-b7f5-4cba-b29d-293137b68274 - - - - - -] Successfully bumped revision number for resource 34e74622-7e12-4e70-b3ad-fe068ba9b7c0 (type: ports) to 5
2026-05-07 10:26:29.248 7 INFO neutron.db.ovn_revision_numbers_db [None req-53948be5-99d9-4ed8-9797-e71bfaf17c2f 9be2c848225244f3956f43a78b4f559c 74dab82060064f8d8a139cc52c23413f - - default default] Successfully bumped revision number for resource e526aed5-d16c-48c2-9aee-cee76c543c93 (type: networks) to 1
2026-05-07 10:26:29.411 7 WARNING neutron.scheduler.dhcp_agent_scheduler [None req-53948be5-99d9-4ed8-9797-e71bfaf17c2f 9be2c848225244f3956f43a78b4f559c 74dab82060064f8d8a139cc52c23413f - - default default] No more DHCP agents
2026-05-07 10:26:29.413 7 WARNING neutron.api.rpc.agentnotifiers.dhcp_rpc_agent_api [None req-53948be5-99d9-4ed8-9797-e71bfaf17c2f 9be2c848225244f3956f43a78b4f559c 74dab82060064f8d8a139cc52c23413f - - default default] Unable to schedule network e526aed5-d16c-48c2-9aee-cee76c543c93: no agents available; will retry on subsequent port and subnet creation events.
2026-05-07 10:26:29.489 7 INFO neutron.db.ovn_revision_numbers_db [None req-53948be5-99d9-4ed8-9797-e71bfaf17c2f 9be2c848225244f3956f43a78b4f559c 74dab82060064f8d8a139cc52c23413f - - default default] Successfully bumped revision number for resource db8296db-17db-49dc-982d-c6c435e42c73 (type: ports) to 1 [pid: 7|app: 0|req: 774/1596] 10.0.0.131 () {34 vars in 669 bytes} [Thu May 7 10:26:29 2026] POST /v2.0/networks => generated 670 bytes in 453 msecs (HTTP/1.1 201) 4 headers in 162 bytes (1 switches on core 0) [pid: 7|app: 0|req: 775/1597] 10.0.0.84 () {34 vars in 1038 bytes} [Thu May 7 10:26:29 2026] GET /v2.0/security-groups?id=6b01303d-ac97-4d53-9519-0d198298b7bf&fields=id&fields=name => generated 88 bytes in 26 msecs (HTTP/1.1 200) 4 headers in 156 bytes (1 switches on core 0)
2026-05-07 10:26:29.587 8 INFO neutron.db.ovn_revision_numbers_db [None req-fb166d6b-f8a4-4194-8bf3-5b4a9da7424c 2bc4bc37fcb945bba55bc1600f1e4e28 34e06c964ab94075a0ba642a953bb1e8 - - default default] Successfully bumped revision number for resource 7ccb9c82-6ffa-4429-b1b1-f642d0ab5a1e (type: floatingips) to 1
2026-05-07 10:26:29.587 8 INFO neutron.db.l3_db [None req-fb166d6b-f8a4-4194-8bf3-5b4a9da7424c 2bc4bc37fcb945bba55bc1600f1e4e28 34e06c964ab94075a0ba642a953bb1e8 - - default default] Floating IP 7ccb9c82-6ffa-4429-b1b1-f642d0ab5a1e associated. External IP: 10.96.250.215, port: e75e6d80-4ce8-4227-82d3-bf16aaf7ec52. [pid: 8|app: 0|req: 823/1598] 10.0.0.131 () {34 vars in 676 bytes} [Thu May 7 10:26:27 2026] POST /v2.0/floatingips => generated 843 bytes in 2496 msecs (HTTP/1.1 201) 4 headers in 162 bytes (1 switches on core 0)
2026-05-07 10:26:29.790 7 WARNING neutron.scheduler.dhcp_agent_scheduler [None req-eca42c73-b635-4762-afa9-9454fd741f95 9be2c848225244f3956f43a78b4f559c 74dab82060064f8d8a139cc52c23413f - - default default] No more DHCP agents
2026-05-07 10:26:29.791 7 WARNING neutron.api.rpc.agentnotifiers.dhcp_rpc_agent_api [None req-eca42c73-b635-4762-afa9-9454fd741f95 9be2c848225244f3956f43a78b4f559c 74dab82060064f8d8a139cc52c23413f - - default default] Unable to schedule network e526aed5-d16c-48c2-9aee-cee76c543c93: no agents available; will retry on subsequent port and subnet creation events.
2026-05-07 10:26:29.797 8 INFO neutron.db.ovn_revision_numbers_db [None req-ea7ed820-a067-41b3-900f-28014ed4685e 2bc4bc37fcb945bba55bc1600f1e4e28 34e06c964ab94075a0ba642a953bb1e8 - - default default] Successfully bumped revision number for resource 7ccb9c82-6ffa-4429-b1b1-f642d0ab5a1e (type: floatingips) to 2
2026-05-07 10:26:29.871 8 INFO neutron.db.l3_db [None req-ea7ed820-a067-41b3-900f-28014ed4685e 2bc4bc37fcb945bba55bc1600f1e4e28 34e06c964ab94075a0ba642a953bb1e8 - - default default] Floating IP 7ccb9c82-6ffa-4429-b1b1-f642d0ab5a1e disassociated. External IP: 10.96.250.215, port: e75e6d80-4ce8-4227-82d3-bf16aaf7ec52.
