2026-05-07 10:33:57.914 8 INFO neutron.notifiers.nova [-] Nova event matching ['req-ef7aeb08-1e4a-4436-b003-d49b026dcce4'] response: {'server_uuid': 'ff8e091d-3ff3-4e3d-b7a5-f6d81a635966', 'name': 'network-vif-deleted', 'tag': '5f6f75cb-2e05-4e8c-a4e1-4ae6dc550907', 'status': 'completed', 'code': 200} [pid: 7|app: 0|req: 1661/3456] 10.0.0.84 () {34 vars in 988 bytes} [Thu May 7 10:33:59 2026] GET /v2.0/ports?device_id=ff8e091d-3ff3-4e3d-b7a5-f6d81a635966 => generated 12 bytes in 21 msecs (HTTP/1.1 200) 4 headers in 156 bytes (1 switches on core 0) [pid: 8|app: 0|req: 1796/3457] 10.0.0.137 () {28 vars in 590 bytes} [Thu May 7 10:33:59 2026] GET /v2.0/floatingips => generated 19 bytes in 47 msecs (HTTP/1.1 200) 4 headers in 156 bytes (1 switches on core 0) [pid: 7|app: 0|req: 1662/3458] 10.0.0.137 () {28 vars in 578 bytes} [Thu May 7 10:33:59 2026] GET /v2.0/ports => generated 12633 bytes in 82 msecs (HTTP/1.1 200) 4 headers in 159 bytes (1 switches on core 0) [pid: 8|app: 0|req: 1797/3459] 10.0.0.137 () {28 vars in 580 bytes} [Thu May 7 10:33:59 2026] GET /v2.0/agents => generated 1214 bytes in 16 msecs (HTTP/1.1 200) 4 headers in 158 bytes (1 switches on core 0) [pid: 7|app: 0|req: 1663/3460] 10.0.0.137 () {28 vars in 618 bytes} [Thu May 7 10:33:59 2026] GET /v2.0/network-ip-availabilities => generated 5530 bytes in 25 msecs (HTTP/1.1 200) 4 headers in 158 bytes (1 switches on core 0) [pid: 8|app: 0|req: 1798/3461] 10.0.0.137 () {28 vars in 584 bytes} [Thu May 7 10:33:59 2026] GET /v2.0/networks => generated 4771 bytes in 68 msecs (HTTP/1.1 200) 4 headers in 158 bytes (1 switches on core 0) [pid: 7|app: 0|req: 1664/3462] 10.0.0.137 () {28 vars in 598 bytes} [Thu May 7 10:33:59 2026] GET /v2.0/security-groups => generated 28657 bytes in 45 msecs (HTTP/1.1 200) 4 headers in 159 bytes (1 switches on core 0) [pid: 8|app: 0|req: 1799/3463] 10.0.0.137 () {28 vars in 582 bytes} [Thu May 7 10:33:59 2026] GET /v2.0/subnets => generated 5511 bytes in 49 msecs (HTTP/1.1 200) 4 headers in 158 bytes (1 switches on core 0) [pid: 7|app: 0|req: 1665/3464] 10.0.0.137 () {28 vars in 582 bytes} [Thu May 7 10:33:59 2026] GET /v2.0/routers => generated 986 bytes in 64 msecs (HTTP/1.1 200) 4 headers in 157 bytes (1 switches on core 0) [pid: 8|app: 0|req: 1800/3465] 10.0.0.137 () {28 vars in 623 bytes} [Thu May 7 10:33:59 2026] GET /v2.0/agents?binary=ovn-controller => generated 416 bytes in 14 msecs (HTTP/1.1 200) 4 headers in 157 bytes (1 switches on core 0) [pid: 7|app: 0|req: 1666/3466] 10.0.0.137 () {28 vars in 582 bytes} [Thu May 7 10:33:59 2026] GET /v2.0/subnets => generated 5511 bytes in 49 msecs (HTTP/1.1 200) 4 headers in 158 bytes (1 switches on core 0) [pid: 8|app: 0|req: 1801/3467] 10.0.0.137 () {28 vars in 590 bytes} [Thu May 7 10:33:59 2026] GET /v2.0/subnetpools => generated 19 bytes in 13 msecs (HTTP/1.1 200) 4 headers in 156 bytes (1 switches on core 0) [pid: 7|app: 0|req: 1667/3468] 10.0.0.131 () {32 vars in 749 bytes} [Thu May 7 10:34:04 2026] DELETE /v2.0/security-group-rules/88f4377a-617f-465b-b503-d2ac9a3fc83c => generated 0 bytes in 148 msecs (HTTP/1.1 204) 2 headers in 112 bytes (1 switches on core 0)
2026-05-07 10:34:04.434 8 INFO neutron.api.v2.resource [None req-4e8998b0-502b-4c27-b488-8a51e468bf92 d7272e8ab83a4365963a4c6a5ccac65b 2d2c8c96e4a44630ad25251dd8bf9ac2 - - default default] show failed (client error): The resource could not be found. [pid: 8|app: 0|req: 1802/3469] 10.0.0.131 () {32 vars in 746 bytes} [Thu May 7 10:34:04 2026] GET /v2.0/security-group-rules/88f4377a-617f-465b-b503-d2ac9a3fc83c => generated 155 bytes in 13 msecs (HTTP/1.1 404) 4 headers in 164 bytes (1 switches on core 0) [pid: 7|app: 0|req: 1668/3470] 10.0.0.131 () {32 vars in 749 bytes} [Thu May 7 10:34:04 2026] DELETE /v2.0/security-group-rules/5846f95e-7ccd-4481-937f-615899ec3f6c => generated 0 bytes in 826 msecs (HTTP/1.1 204) 2 headers in 112 bytes (1 switches on core 0)
2026-05-07 10:34:05.288 8 INFO neutron.api.v2.resource [None req-e87f77b5-683b-4d51-baed-658aabfc41cb d7272e8ab83a4365963a4c6a5ccac65b 2d2c8c96e4a44630ad25251dd8bf9ac2 - - default default] show failed (client error): The resource could not be found. [pid: 8|app: 0|req: 1803/3471] 10.0.0.131 () {32 vars in 746 bytes} [Thu May 7 10:34:05 2026] GET /v2.0/security-group-rules/5846f95e-7ccd-4481-937f-615899ec3f6c => generated 155 bytes in 20 msecs (HTTP/1.1 404) 4 headers in 164 bytes (1 switches on core 0) [pid: 7|app: 0|req: 1669/3472] 10.0.0.131 () {32 vars in 749 bytes} [Thu May 7 10:34:05 2026] DELETE /v2.0/security-group-rules/97c26e81-692f-45d4-be0b-55c53117c484 => generated 0 bytes in 95 msecs (HTTP/1.1 204) 2 headers in 112 bytes (1 switches on core 0)
2026-05-07 10:34:05.402 8 INFO neutron.api.v2.resource [None req-54d2ac44-e3f6-4b58-8030-3a07bc6526fe d7272e8ab83a4365963a4c6a5ccac65b 2d2c8c96e4a44630ad25251dd8bf9ac2 - - default default] show failed (client error): The resource could not be found. [pid: 8|app: 0|req: 1804/3473] 10.0.0.131 () {32 vars in 746 bytes} [Thu May 7 10:34:05 2026] GET /v2.0/security-group-rules/97c26e81-692f-45d4-be0b-55c53117c484 => generated 155 bytes in 11 msecs (HTTP/1.1 404) 4 headers in 164 bytes (1 switches on core 0) [pid: 7|app: 0|req: 1670/3474] 10.0.0.131 () {32 vars in 749 bytes} [Thu May 7 10:34:05 2026] DELETE /v2.0/security-group-rules/b83e9a31-9ab5-465c-a161-b66d8c05ace4 => generated 0 bytes in 100 msecs (HTTP/1.1 204) 2 headers in 112 bytes (1 switches on core 0)
2026-05-07 10:34:05.521 8 INFO neutron.api.v2.resource [None req-676a3c6e-2c70-4369-be60-188a64994c1d d7272e8ab83a4365963a4c6a5ccac65b 2d2c8c96e4a44630ad25251dd8bf9ac2 - - default default] show failed (client error): The resource could not be found. [pid: 8|app: 0|req: 1805/3475] 10.0.0.131 () {32 vars in 746 bytes} [Thu May 7 10:34:05 2026] GET /v2.0/security-group-rules/b83e9a31-9ab5-465c-a161-b66d8c05ace4 => generated 155 bytes in 11 msecs (HTTP/1.1 404) 4 headers in 164 bytes (1 switches on core 0) [pid: 7|app: 0|req: 1671/3476] 10.0.0.131 () {32 vars in 749 bytes} [Thu May 7 10:34:05 2026] DELETE /v2.0/security-group-rules/9d0ac2e6-db0d-4fd8-976f-81346ef8a1fb => generated 0 bytes in 97 msecs (HTTP/1.1 204) 2 headers in 112 bytes (1 switches on core 0)
2026-05-07 10:34:05.641 8 INFO neutron.api.v2.resource [None req-f521b445-3206-4693-8ee9-8f8ca9fcf580 d7272e8ab83a4365963a4c6a5ccac65b 2d2c8c96e4a44630ad25251dd8bf9ac2 - - default default] show failed (client error): The resource could not be found. [pid: 8|app: 0|req: 1806/3477] 10.0.0.131 () {32 vars in 746 bytes} [Thu May 7 10:34:05 2026] GET /v2.0/security-group-rules/9d0ac2e6-db0d-4fd8-976f-81346ef8a1fb => generated 155 bytes in 14 msecs (HTTP/1.1 404) 4 headers in 164 bytes (1 switches on core 0) [pid: 7|app: 0|req: 1672/3478] 10.0.0.131 () {32 vars in 749 bytes} [Thu May 7 10:34:05 2026] DELETE /v2.0/security-group-rules/023f7c04-b3b9-4572-9017-30cc87b363b5 => generated 0 bytes in 98 msecs (HTTP/1.1 204) 2 headers in 112 bytes (1 switches on core 0)
2026-05-07 10:34:05.760 8 INFO neutron.api.v2.resource [None req-f971c3ce-5697-44c9-ad62-70363b5a799a d7272e8ab83a4365963a4c6a5ccac65b 2d2c8c96e4a44630ad25251dd8bf9ac2 - - default default] show failed (client error): The resource could not be found. [pid: 8|app: 0|req: 1807/3479] 10.0.0.131 () {32 vars in 746 bytes} [Thu May 7 10:34:05 2026] GET /v2.0/security-group-rules/023f7c04-b3b9-4572-9017-30cc87b363b5 => generated 155 bytes in 12 msecs (HTTP/1.1 404) 4 headers in 164 bytes (1 switches on core 0) [pid: 7|app: 0|req: 1673/3480] 10.0.0.131 () {32 vars in 749 bytes} [Thu May 7 10:34:05 2026] DELETE /v2.0/security-group-rules/1d40b169-9a5b-4321-944c-4f8d1a98e797 => generated 0 bytes in 88 msecs (HTTP/1.1 204) 2 headers in 112 bytes (1 switches on core 0)
2026-05-07 10:34:05.868 8 INFO neutron.api.v2.resource [None req-7aa70e1b-dd21-4b37-89ba-3d4f97184154 d7272e8ab83a4365963a4c6a5ccac65b 2d2c8c96e4a44630ad25251dd8bf9ac2 - - default default] show failed (client error): The resource could not be found. [pid: 8|app: 0|req: 1808/3481] 10.0.0.131 () {32 vars in 746 bytes} [Thu May 7 10:34:05 2026] GET /v2.0/security-group-rules/1d40b169-9a5b-4321-944c-4f8d1a98e797 => generated 155 bytes in 12 msecs (HTTP/1.1 404) 4 headers in 164 bytes (1 switches on core 0) [pid: 7|app: 0|req: 1674/3482] 10.0.0.131 () {32 vars in 749 bytes} [Thu May 7 10:34:05 2026] DELETE /v2.0/security-group-rules/72461db4-1c67-4dab-971b-d51b88e417ef => generated 0 bytes in 96 msecs (HTTP/1.1 204) 2 headers in 112 bytes (1 switches on core 0)
2026-05-07 10:34:05.984 8 INFO neutron.api.v2.resource [None req-bc3c3835-fd81-482f-9cd6-09a80cf6591c d7272e8ab83a4365963a4c6a5ccac65b 2d2c8c96e4a44630ad25251dd8bf9ac2 - - default default] show failed (client error): The resource could not be found. [pid: 8|app: 0|req: 1809/3483] 10.0.0.131 () {32 vars in 746 bytes} [Thu May 7 10:34:05 2026] GET /v2.0/security-group-rules/72461db4-1c67-4dab-971b-d51b88e417ef => generated 155 bytes in 13 msecs (HTTP/1.1 404) 4 headers in 164 bytes (1 switches on core 0) [pid: 7|app: 0|req: 1675/3484] 10.0.0.131 () {32 vars in 749 bytes} [Thu May 7 10:34:05 2026] DELETE /v2.0/security-group-rules/d6137244-283d-4b2e-9c81-61909d29c53f => generated 0 bytes in 100 msecs (HTTP/1.1 204) 2 headers in 112 bytes (1 switches on core 0)
2026-05-07 10:34:06.108 8 INFO neutron.api.v2.resource [None req-513a0feb-8289-4046-8474-435bdb5e5d62 d7272e8ab83a4365963a4c6a5ccac65b 2d2c8c96e4a44630ad25251dd8bf9ac2 - - default default] show failed (client error): The resource could not be found. [pid: 8|app: 0|req: 1810/3485] 10.0.0.131 () {32 vars in 746 bytes} [Thu May 7 10:34:06 2026] GET /v2.0/security-group-rules/d6137244-283d-4b2e-9c81-61909d29c53f => generated 155 bytes in 15 msecs (HTTP/1.1 404) 4 headers in 164 bytes (1 switches on core 0) [pid: 7|app: 0|req: 1676/3486] 10.0.0.131 () {32 vars in 749 bytes} [Thu May 7 10:34:06 2026] DELETE /v2.0/security-group-rules/9e70d984-6634-47b8-ac25-09a99be64c60 => generated 0 bytes in 94 msecs (HTTP/1.1 204) 2 headers in 112 bytes (1 switches on core 0)
2026-05-07 10:34:06.226 8 INFO neutron.api.v2.resource [None req-6cdd7f0f-8299-47c0-937f-2c69238b7496 d7272e8ab83a4365963a4c6a5ccac65b 2d2c8c96e4a44630ad25251dd8bf9ac2 - - default default] show failed (client error): The resource could not be found. [pid: 8|app: 0|req: 1811/3487] 10.0.0.131 () {32 vars in 746 bytes} [Thu May 7 10:34:06 2026] GET /v2.0/security-group-rules/9e70d984-6634-47b8-ac25-09a99be64c60 => generated 155 bytes in 13 msecs (HTTP/1.1 404) 4 headers in 164 bytes (1 switches on core 0) [pid: 7|app: 0|req: 1677/3488] 10.0.0.131 () {32 vars in 749 bytes} [Thu May 7 10:34:06 2026] DELETE /v2.0/security-group-rules/bb455c67-e1a4-4aec-8c29-3b93b82af15e => generated 0 bytes in 101 msecs (HTTP/1.1 204) 2 headers in 112 bytes (1 switches on core 0)
2026-05-07 10:34:06.349 8 INFO neutron.api.v2.resource [None req-a94abafa-f71e-45c1-89a0-c77f19cd3e79 d7272e8ab83a4365963a4c6a5ccac65b 2d2c8c96e4a44630ad25251dd8bf9ac2 - - default default] show failed (client error): The resource could not be found. [pid: 8|app: 0|req: 1812/3489] 10.0.0.131 () {32 vars in 746 bytes} [Thu May 7 10:34:06 2026] GET /v2.0/security-group-rules/bb455c67-e1a4-4aec-8c29-3b93b82af15e => generated 155 bytes in 15 msecs (HTTP/1.1 404) 4 headers in 164 bytes (1 switches on core 0) [pid: 7|app: 0|req: 1678/3490] 10.0.0.131 () {32 vars in 739 bytes} [Thu May 7 10:34:06 2026] DELETE /v2.0/security-groups/e01ad5f2-f3fd-434c-88eb-aeae08b942eb => generated 0 bytes in 125 msecs (HTTP/1.1 204) 2 headers in 112 bytes (1 switches on core 0)
2026-05-07 10:34:06.498 8 INFO neutron.api.v2.resource [None req-2a5fdffa-2b65-4d8a-abde-897788ab72ed d7272e8ab83a4365963a4c6a5ccac65b 2d2c8c96e4a44630ad25251dd8bf9ac2 - - default default] show failed (client error): The resource could not be found. [pid: 8|app: 0|req: 1813/3491] 10.0.0.131 () {32 vars in 736 bytes} [Thu May 7 10:34:06 2026] GET /v2.0/security-groups/e01ad5f2-f3fd-434c-88eb-aeae08b942eb => generated 146 bytes in 14 msecs (HTTP/1.1 404) 4 headers in 164 bytes (1 switches on core 0)
2026-05-07 10:34:06.899 7 INFO neutron_taas.services.taas.taas_plugin [None req-0c012776-9f31-4902-a181-a5ec220f451d d7272e8ab83a4365963a4c6a5ccac65b 2d2c8c96e4a44630ad25251dd8bf9ac2 - - default default] TaaS: Handle Delete Port: 152273ac-f610-49ed-bf77-4c7f24600a5d
2026-05-07 10:34:06.903 7 INFO neutron_taas.services.taas.tap_mirror_plugin [None req-0c012776-9f31-4902-a181-a5ec220f451d d7272e8ab83a4365963a4c6a5ccac65b 2d2c8c96e4a44630ad25251dd8bf9ac2 - - default default] Tap Mirror: Handle Delete Port: 152273ac-f610-49ed-bf77-4c7f24600a5d [pid: 7|app: 0|req: 1679/3492] 10.0.0.131 () {34 vars in 788 bytes} [Thu May 7 10:34:06 2026] PUT /v2.0/routers/5a162b03-fc80-4410-827e-4f78cd8bb8eb/remove_router_interface => generated 310 bytes in 846 msecs (HTTP/1.1 200) 4 headers in 157 bytes (1 switches on core 0)
2026-05-07 10:34:07.508 8 INFO neutron.api.v2.resource [None req-112e1392-7ba8-4773-b383-96e41af1cb0b d7272e8ab83a4365963a4c6a5ccac65b 2d2c8c96e4a44630ad25251dd8bf9ac2 - - default default] remove_router_interface failed (client error): The resource could not be found. [pid: 8|app: 0|req: 1814/3493] 10.0.0.131 () {34 vars in 788 bytes} [Thu May 7 10:34:07 2026] PUT /v2.0/routers/5a162b03-fc80-4410-827e-4f78cd8bb8eb/remove_router_interface => generated 198 bytes in 110 msecs (HTTP/1.1 404) 4 headers in 164 bytes (1 switches on core 0) /var/lib/openstack/lib/python3.12/site-packages/pycadf/identifier.py:70: UserWarning: Invalid uuid: neutron. To ensure interoperability, identifiers should be a valid uuid. warnings.warn(('Invalid uuid: %s. To ensure interoperability, '
2026-05-07 10:34:07.769 7 INFO neutron_taas.services.taas.taas_plugin [None req-d84460a5-5efa-4dcd-a3ed-c01b3f175404 d7272e8ab83a4365963a4c6a5ccac65b 2d2c8c96e4a44630ad25251dd8bf9ac2 - - default default] TaaS: Handle Delete Port: 6377ace3-f3c3-45f9-a8de-daf6796659d2
2026-05-07 10:34:07.772 7 INFO neutron_taas.services.taas.tap_mirror_plugin [None req-d84460a5-5efa-4dcd-a3ed-c01b3f175404 d7272e8ab83a4365963a4c6a5ccac65b 2d2c8c96e4a44630ad25251dd8bf9ac2 - - default default] Tap Mirror: Handle Delete Port: 6377ace3-f3c3-45f9-a8de-daf6796659d2 [pid: 7|app: 0|req: 1680/3494] 10.0.0.131 () {34 vars in 788 bytes} [Thu May 7 10:34:07 2026] PUT /v2.0/routers/5a162b03-fc80-4410-827e-4f78cd8bb8eb/remove_router_interface => generated 310 bytes in 742 msecs (HTTP/1.1 200) 4 headers in 157 bytes (1 switches on core 0)
2026-05-07 10:34:08.359 8 INFO neutron.api.v2.resource [None req-5969d114-24ed-482c-83ac-9bd168a6c147 d7272e8ab83a4365963a4c6a5ccac65b 2d2c8c96e4a44630ad25251dd8bf9ac2 - - default default] remove_router_interface failed (client error): The resource could not be found. [pid: 8|app: 0|req: 1815/3495] 10.0.0.131 () {34 vars in 788 bytes} [Thu May 7 10:34:08 2026] PUT /v2.0/routers/5a162b03-fc80-4410-827e-4f78cd8bb8eb/remove_router_interface => generated 198 bytes in 98 msecs (HTTP/1.1 404) 4 headers in 164 bytes (1 switches on core 0) /var/lib/openstack/lib/python3.12/site-packages/pycadf/identifier.py:70: UserWarning: Invalid uuid: neutron. To ensure interoperability, identifiers should be a valid uuid. warnings.warn(('Invalid uuid: %s. To ensure interoperability, '
2026-05-07 10:34:08.657 7 INFO neutron_taas.services.taas.taas_plugin [None req-688746a0-d028-4828-b272-5accff176771 d7272e8ab83a4365963a4c6a5ccac65b 2d2c8c96e4a44630ad25251dd8bf9ac2 - - default default] TaaS: Handle Delete Port: d55395db-1005-46aa-ac3f-5fe5b575b403
2026-05-07 10:34:08.661 7 INFO neutron_taas.services.taas.tap_mirror_plugin [None req-688746a0-d028-4828-b272-5accff176771 d7272e8ab83a4365963a4c6a5ccac65b 2d2c8c96e4a44630ad25251dd8bf9ac2 - - default default] Tap Mirror: Handle Delete Port: d55395db-1005-46aa-ac3f-5fe5b575b403 [pid: 7|app: 0|req: 1681/3496] 10.0.0.131 () {34 vars in 788 bytes} [Thu May 7 10:34:08 2026] PUT /v2.0/routers/5a162b03-fc80-4410-827e-4f78cd8bb8eb/remove_router_interface => generated 310 bytes in 851 msecs (HTTP/1.1 200) 4 headers in 157 bytes (1 switches on core 0)
2026-05-07 10:34:09.309 8 INFO neutron.api.v2.resource [None req-cc04043a-8c94-401e-ba6b-e496bc2f67c5 d7272e8ab83a4365963a4c6a5ccac65b 2d2c8c96e4a44630ad25251dd8bf9ac2 - - default default] remove_router_interface failed (client error): The resource could not be found. [pid: 8|app: 0|req: 1816/3497] 10.0.0.131 () {34 vars in 788 bytes} [Thu May 7 10:34:09 2026] PUT /v2.0/routers/5a162b03-fc80-4410-827e-4f78cd8bb8eb/remove_router_interface => generated 198 bytes in 89 msecs (HTTP/1.1 404) 4 headers in 164 bytes (1 switches on core 0) /var/lib/openstack/lib/python3.12/site-packages/pycadf/identifier.py:70: UserWarning: Invalid uuid: neutron. To ensure interoperability, identifiers should be a valid uuid. warnings.warn(('Invalid uuid: %s. To ensure interoperability, '
2026-05-07 10:34:09.650 7 INFO neutron_taas.services.taas.taas_plugin [None req-431c2ddf-a78e-4664-8765-2d8aa8f8d987 d7272e8ab83a4365963a4c6a5ccac65b 2d2c8c96e4a44630ad25251dd8bf9ac2 - - default default] TaaS: Handle Delete Port: 1b4c4440-1ae2-4581-9061-f7e60115388b
2026-05-07 10:34:09.653 7 INFO neutron_taas.services.taas.tap_mirror_plugin [None req-431c2ddf-a78e-4664-8765-2d8aa8f8d987 d7272e8ab83a4365963a4c6a5ccac65b 2d2c8c96e4a44630ad25251dd8bf9ac2 - - default default] Tap Mirror: Handle Delete Port: 1b4c4440-1ae2-4581-9061-f7e60115388b [pid: 7|app: 0|req: 1682/3498] 10.0.0.131 () {32 vars in 723 bytes} [Thu May 7 10:34:09 2026] DELETE /v2.0/routers/5a162b03-fc80-4410-827e-4f78cd8bb8eb => generated 0 bytes in 716 msecs (HTTP/1.1 204) 2 headers in 112 bytes (1 switches on core 0)
2026-05-07 10:34:10.053 8 INFO neutron.api.v2.resource [None req-559af6ad-256a-40bc-9ead-a8076990a365 d7272e8ab83a4365963a4c6a5ccac65b 2d2c8c96e4a44630ad25251dd8bf9ac2 - - default default] show failed (client error): The resource could not be found. [pid: 8|app: 0|req: 1817/3499] 10.0.0.131 () {32 vars in 720 bytes} [Thu May 7 10:34:10 2026] GET /v2.0/routers/5a162b03-fc80-4410-827e-4f78cd8bb8eb => generated 135 bytes in 19 msecs (HTTP/1.1 404) 4 headers in 164 bytes (1 switches on core 0) [pid: 7|app: 0|req: 1683/3500] 10.0.0.131 () {32 vars in 723 bytes} [Thu May 7 10:34:10 2026] DELETE /v2.0/subnets/4975a513-8da5-4cb7-944e-4e6d0bcb8805 => generated 0 bytes in 145 msecs (HTTP/1.1 204) 3 headers in 131 bytes (1 switches on core 0)
2026-05-07 10:34:10.225 8 INFO neutron.pecan_wsgi.hooks.translation [None req-9e3b5b0e-7acd-42ea-8cb1-15eb474a2b9e d7272e8ab83a4365963a4c6a5ccac65b 2d2c8c96e4a44630ad25251dd8bf9ac2 - - default default] GET failed (client error): The resource could not be found. [pid: 8|app: 0|req: 1818/3502] 10.0.0.131 () {32 vars in 720 bytes} [Thu May 7 10:34:10 2026] GET /v2.0/subnets/4975a513-8da5-4cb7-944e-4e6d0bcb8805 => generated 136 bytes in 19 msecs (HTTP/1.1 404) 4 headers in 164 bytes (1 switches on core 0) [pid: 8|app: 0|req: 1819/3504] 10.0.0.131 () {32 vars in 723 bytes} [Thu May 7 10:34:10 2026] DELETE /v2.0/subnets/8475808c-5ede-47e7-b169-d88a6ed106d6 => generated 0 bytes in 197 msecs (HTTP/1.1 204) 3 headers in 131 bytes (1 switches on core 0)
2026-05-07 10:34:10.445 7 INFO neutron.pecan_wsgi.hooks.translation [None req-de51d6aa-3b6b-4b69-92cb-4ac414ee44bb d7272e8ab83a4365963a4c6a5ccac65b 2d2c8c96e4a44630ad25251dd8bf9ac2 - - default default] GET failed (client error): The resource could not be found. [pid: 7|app: 0|req: 1686/3505] 10.0.0.131 () {32 vars in 720 bytes} [Thu May 7 10:34:10 2026] GET /v2.0/subnets/8475808c-5ede-47e7-b169-d88a6ed106d6 => generated 136 bytes in 14 msecs (HTTP/1.1 404) 4 headers in 164 bytes (1 switches on core 0)
2026-05-07 10:34:10.570 8 INFO neutron_taas.services.taas.taas_plugin [None req-b22a4d3f-b5a5-4c0d-a2f8-cd58b74efdfd d7272e8ab83a4365963a4c6a5ccac65b 2d2c8c96e4a44630ad25251dd8bf9ac2 - - default default] TaaS: Handle Delete Port: e59e3988-a22e-4690-ac57-be8df47e227b
2026-05-07 10:34:10.572 8 INFO neutron_taas.services.taas.tap_mirror_plugin [None req-b22a4d3f-b5a5-4c0d-a2f8-cd58b74efdfd d7272e8ab83a4365963a4c6a5ccac65b 2d2c8c96e4a44630ad25251dd8bf9ac2 - - default default] Tap Mirror: Handle Delete Port: e59e3988-a22e-4690-ac57-be8df47e227b [pid: 8|app: 0|req: 1820/3506] 10.0.0.131 () {32 vars in 725 bytes} [Thu May 7 10:34:10 2026] DELETE /v2.0/networks/24598e08-e992-496b-9cf0-3c84d5222dd4 => generated 0 bytes in 332 msecs (HTTP/1.1 204) 3 headers in 131 bytes (1 switches on core 0)
2026-05-07 10:34:10.784 8 INFO neutron.services.segments.plugin [-] Segment ae5f633b-a12d-412c-bf25-b2d00d7e3dd5 resource provider aggregate not found
2026-05-07 10:34:10.792 8 INFO neutron.services.segments.plugin [-] Segment ae5f633b-a12d-412c-bf25-b2d00d7e3dd5 resource provider aggregate not found
2026-05-07 10:34:10.795 8 INFO neutron.services.segments.plugin [-] Segment ae5f633b-a12d-412c-bf25-b2d00d7e3dd5 resource provider not found; error: Placement Client Error (4xx): {"errors": [{"status": 404, "title": "Not Found", "detail": "The resource could not be found.\n\n No resource provider with uuid ae5f633b-a12d-412c-bf25-b2d00d7e3dd5 found for delete ", "request_id": "req-0526063b-e980-42ce-9cf4-e3668cce27de"}]}
2026-05-07 10:34:10.800 7 INFO neutron.pecan_wsgi.hooks.translation [None req-d178bf21-d9ac-4dd3-8670-15849cdd98c9 d7272e8ab83a4365963a4c6a5ccac65b 2d2c8c96e4a44630ad25251dd8bf9ac2 - - default default] GET failed (client error): The resource could not be found. [pid: 7|app: 0|req: 1687/3507] 10.0.0.131 () {32 vars in 722 bytes} [Thu May 7 10:34:10 2026] GET /v2.0/networks/24598e08-e992-496b-9cf0-3c84d5222dd4 => generated 138 bytes in 16 msecs (HTTP/1.1 404) 4 headers in 164 bytes (1 switches on core 0)
2026-05-07 10:34:10.804 8 INFO neutron.services.segments.plugin [-] Segment ae5f633b-a12d-412c-bf25-b2d00d7e3dd5 resource provider not found; error: Placement Client Error (4xx): {"errors": [{"status": 404, "title": "Not Found", "detail": "The resource could not be found.\n\n No resource provider with uuid ae5f633b-a12d-412c-bf25-b2d00d7e3dd5 found for delete ", "request_id": "req-29ad1375-d1cf-42c7-989a-84b10ce09d94"}]} [pid: 8|app: 0|req: 1821/3508] 10.0.0.131 () {32 vars in 723 bytes} [Thu May 7 10:34:10 2026] DELETE /v2.0/subnets/d4000dc3-8a59-45b8-8e26-2f4c774b0892 => generated 0 bytes in 138 msecs (HTTP/1.1 204) 3 headers in 131 bytes (1 switches on core 0)
2026-05-07 10:34:10.965 7 INFO neutron.pecan_wsgi.hooks.translation [None req-7fc9780d-bc75-43be-aa75-07fc27737a05 d7272e8ab83a4365963a4c6a5ccac65b 2d2c8c96e4a44630ad25251dd8bf9ac2 - - default default] GET failed (client error): The resource could not be found. [pid: 7|app: 0|req: 1688/3509] 10.0.0.131 () {32 vars in 720 bytes} [Thu May 7 10:34:10 2026] GET /v2.0/subnets/d4000dc3-8a59-45b8-8e26-2f4c774b0892 => generated 136 bytes in 19 msecs (HTTP/1.1 404) 4 headers in 164 bytes (1 switches on core 0) [pid: 8|app: 0|req: 1822/3510] 10.0.0.131 () {32 vars in 723 bytes} [Thu May 7 10:34:10 2026] DELETE /v2.0/subnets/c1ed0fc6-5ed7-40c5-9dac-fd93e3f0d0e5 => generated 0 bytes in 163 msecs (HTTP/1.1 204) 3 headers in 131 bytes (1 switches on core 0)
2026-05-07 10:34:11.155 7 INFO neutron.pecan_wsgi.hooks.translation [None req-e83ba11f-6751-4272-bce2-e05546f7e680 d7272e8ab83a4365963a4c6a5ccac65b 2d2c8c96e4a44630ad25251dd8bf9ac2 - - default default] GET failed (client error): The resource could not be found. [pid: 7|app: 0|req: 1689/3511] 10.0.0.131 () {32 vars in 720 bytes} [Thu May 7 10:34:11 2026] GET /v2.0/subnets/c1ed0fc6-5ed7-40c5-9dac-fd93e3f0d0e5 => generated 136 bytes in 16 msecs (HTTP/1.1 404) 4 headers in 164 bytes (1 switches on core 0)
2026-05-07 10:34:11.271 8 INFO neutron_taas.services.taas.taas_plugin [None req-ec746608-ad09-4963-90c9-05f9dd32d6c7 d7272e8ab83a4365963a4c6a5ccac65b 2d2c8c96e4a44630ad25251dd8bf9ac2 - - default default] TaaS: Handle Delete Port: b0459b48-6997-4005-b74d-071c7e066935
2026-05-07 10:34:11.274 8 INFO neutron_taas.services.taas.tap_mirror_plugin [None req-ec746608-ad09-4963-90c9-05f9dd32d6c7 d7272e8ab83a4365963a4c6a5ccac65b 2d2c8c96e4a44630ad25251dd8bf9ac2 - - default default] Tap Mirror: Handle Delete Port: b0459b48-6997-4005-b74d-071c7e066935 [pid: 8|app: 0|req: 1823/3512] 10.0.0.131 () {32 vars in 725 bytes} [Thu May 7 10:34:11 2026] DELETE /v2.0/networks/9f348d6e-6e95-4104-b920-073351424eb7 => generated 0 bytes in 334 msecs (HTTP/1.1 204) 3 headers in 131 bytes (1 switches on core 0)
2026-05-07 10:34:11.514 7 INFO neutron.pecan_wsgi.hooks.translation [None req-9cf5f07e-619c-4155-b589-b8c75736e31c d7272e8ab83a4365963a4c6a5ccac65b 2d2c8c96e4a44630ad25251dd8bf9ac2 - - default default] GET failed (client error): The resource could not be found. [pid: 7|app: 0|req: 1690/3513] 10.0.0.131 () {32 vars in 722 bytes} [Thu May 7 10:34:11 2026] GET /v2.0/networks/9f348d6e-6e95-4104-b920-073351424eb7 => generated 138 bytes in 15 msecs (HTTP/1.1 404) 4 headers in 164 bytes (1 switches on core 0) [pid: 8|app: 0|req: 1824/3514] 10.0.0.131 () {32 vars in 723 bytes} [Thu May 7 10:34:11 2026] DELETE /v2.0/subnets/59e6a474-51bd-44ac-9852-2026c80c7a50 => generated 0 bytes in 143 msecs (HTTP/1.1 204) 3 headers in 131 bytes (1 switches on core 0)
2026-05-07 10:34:11.682 7 INFO neutron.pecan_wsgi.hooks.translation [None req-01a9fc50-637a-48a6-9022-a9e73ae68dd4 d7272e8ab83a4365963a4c6a5ccac65b 2d2c8c96e4a44630ad25251dd8bf9ac2 - - default default] GET failed (client error): The resource could not be found. [pid: 7|app: 0|req: 1691/3515] 10.0.0.131 () {32 vars in 720 bytes} [Thu May 7 10:34:11 2026] GET /v2.0/subnets/59e6a474-51bd-44ac-9852-2026c80c7a50 => generated 136 bytes in 16 msecs (HTTP/1.1 404) 4 headers in 164 bytes (1 switches on core 0) [pid: 8|app: 0|req: 1825/3516] 10.0.0.131 () {32 vars in 723 bytes} [Thu May 7 10:34:11 2026] DELETE /v2.0/subnets/e6bf245a-cd07-461f-9dd1-6d9e707f7846 => generated 0 bytes in 170 msecs (HTTP/1.1 204) 3 headers in 131 bytes (1 switches on core 0)
2026-05-07 10:34:11.877 7 INFO neutron.pecan_wsgi.hooks.translation [None req-4ee18574-c365-45f4-9ce8-799e9c3a211c d7272e8ab83a4365963a4c6a5ccac65b 2d2c8c96e4a44630ad25251dd8bf9ac2 - - default default] GET failed (client error): The resource could not be found. [pid: 7|app: 0|req: 1692/3517] 10.0.0.131 () {32 vars in 720 bytes} [Thu May 7 10:34:11 2026] GET /v2.0/subnets/e6bf245a-cd07-461f-9dd1-6d9e707f7846 => generated 136 bytes in 17 msecs (HTTP/1.1 404) 4 headers in 164 bytes (1 switches on core 0)
2026-05-07 10:34:12.018 8 INFO neutron_taas.services.taas.taas_plugin [None req-0ce7d6db-f824-4dce-b05e-cadc484a09c1 d7272e8ab83a4365963a4c6a5ccac65b 2d2c8c96e4a44630ad25251dd8bf9ac2 - - default default] TaaS: Handle Delete Port: 61ebc7d5-4538-4298-9eac-9e8809de650e
2026-05-07 10:34:12.021 8 INFO neutron_taas.services.taas.tap_mirror_plugin [None req-0ce7d6db-f824-4dce-b05e-cadc484a09c1 d7272e8ab83a4365963a4c6a5ccac65b 2d2c8c96e4a44630ad25251dd8bf9ac2 - - default default] Tap Mirror: Handle Delete Port: 61ebc7d5-4538-4298-9eac-9e8809de650e [pid: 8|app: 0|req: 1826/3518] 10.0.0.131 () {32 vars in 725 bytes} [Thu May 7 10:34:11 2026] DELETE /v2.0/networks/eebbe67d-b935-488d-aeeb-9f2ea9d05715 => generated 0 bytes in 349 msecs (HTTP/1.1 204) 3 headers in 131 bytes (1 switches on core 0)
2026-05-07 10:34:12.252 7 INFO neutron.pecan_wsgi.hooks.translation [None req-d7ed8f0a-477e-4a6f-ad82-21578fda9ef0 d7272e8ab83a4365963a4c6a5ccac65b 2d2c8c96e4a44630ad25251dd8bf9ac2 - - default default] GET failed (client error): The resource could not be found. [pid: 7|app: 0|req: 1693/3519] 10.0.0.131 () {32 vars in 722 bytes} [Thu May 7 10:34:12 2026] GET /v2.0/networks/eebbe67d-b935-488d-aeeb-9f2ea9d05715 => generated 138 bytes in 17 msecs (HTTP/1.1 404) 4 headers in 164 bytes (1 switches on core 0)
2026-05-07 10:34:12.810 8 INFO neutron.services.segments.plugin [-] Segment 4685e985-a64e-4484-b125-bc026d2a4dfe resource provider aggregate not found
2026-05-07 10:34:12.821 8 INFO neutron.services.segments.plugin [-] Segment 4685e985-a64e-4484-b125-bc026d2a4dfe resource provider not found; error: Placement Client Error (4xx): {"errors": [{"status": 404, "title": "Not Found", "detail": "The resource could not be found.\n\n No resource provider with uuid 4685e985-a64e-4484-b125-bc026d2a4dfe found for delete ", "request_id": "req-e1c4eba1-97e1-4f86-9e7c-c3db7f7bb7c2"}]}
2026-05-07 10:34:12.824 8 INFO neutron.services.segments.plugin [-] Segment 4685e985-a64e-4484-b125-bc026d2a4dfe resource provider aggregate not found
2026-05-07 10:34:12.838 8 INFO neutron.services.segments.plugin [-] Segment 4685e985-a64e-4484-b125-bc026d2a4dfe resource provider not found; error: Placement Client Error (4xx): {"errors": [{"status": 404, "title": "Not Found", "detail": "The resource could not be found.\n\n No resource provider with uuid 4685e985-a64e-4484-b125-bc026d2a4dfe found for delete ", "request_id": "req-d983b05c-87ea-4a26-a4d3-38a1f1d00dd4"}]}
2026-05-07 10:34:12.843 8 INFO neutron.services.segments.plugin [-] Segment c6f4faac-c4f3-46ce-a8bf-3b4c2247dc05 resource provider aggregate not found
2026-05-07 10:34:12.858 8 INFO neutron.services.segments.plugin [-] Segment c6f4faac-c4f3-46ce-a8bf-3b4c2247dc05 resource provider not found; error: Placement Client Error (4xx): {"errors": [{"status": 404, "title": "Not Found", "detail": "The resource could not be found.\n\n No resource provider with uuid c6f4faac-c4f3-46ce-a8bf-3b4c2247dc05 found for delete ", "request_id": "req-c4e6baf3-03b1-4531-a3e3-c2ba9ce93c2f"}]}
2026-05-07 10:34:12.860 8 INFO neutron.services.segments.plugin [-] Segment c6f4faac-c4f3-46ce-a8bf-3b4c2247dc05 resource provider aggregate not found
2026-05-07 10:34:12.877 8 INFO neutron.services.segments.plugin [-] Segment c6f4faac-c4f3-46ce-a8bf-3b4c2247dc05 resource provider not found; error: Placement Client Error (4xx): {"errors": [{"status": 404, "title": "Not Found", "detail": "The resource could not be found.\n\n No resource provider with uuid c6f4faac-c4f3-46ce-a8bf-3b4c2247dc05 found for delete ", "request_id": "req-802bc197-0e94-4353-a5df-ebaed0cf3a4a"}]}
2026-05-07 10:34:14.179 8 WARNING neutron.db.securitygroups_db [None req-c8868ff5-46a4-4a64-8cdd-6c3134557c9a 0fd2264489da40c69ec741ad0db77594 e614dacbb71844c6b7d6804d5f5a75a7 - - default default] project_id key not found in filters, using tenant_id instead. This support has been deprecated and will be removed in a future release.
2026-05-07 10:34:14.297 8 INFO neutron.db.ovn_revision_numbers_db [None req-c8868ff5-46a4-4a64-8cdd-6c3134557c9a 0fd2264489da40c69ec741ad0db77594 e614dacbb71844c6b7d6804d5f5a75a7 - - default default] Successfully bumped revision number for resource daff2ddf-bd68-48a6-ac95-42c18065ed12 (type: security_groups) to 1
2026-05-07 10:34:14.310 8 INFO neutron.db.ovn_revision_numbers_db [None req-c8868ff5-46a4-4a64-8cdd-6c3134557c9a 0fd2264489da40c69ec741ad0db77594 e614dacbb71844c6b7d6804d5f5a75a7 - - default default] Successfully bumped revision number for resource 422df81a-e632-40e4-b221-e5e4b8c85c0b (type: security_group_rules) to 0
2026-05-07 10:34:14.327 8 INFO neutron.db.ovn_revision_numbers_db [None req-c8868ff5-46a4-4a64-8cdd-6c3134557c9a 0fd2264489da40c69ec741ad0db77594 e614dacbb71844c6b7d6804d5f5a75a7 - - default default] Successfully bumped revision number for resource 4f216660-a915-4e38-8d79-02a19cebf0c7 (type: security_group_rules) to 0
2026-05-07 10:34:14.338 8 INFO neutron.db.ovn_revis