2026-05-07 10:26:59.592 7 INFO neutron.db.ovn_revision_numbers_db [None req-71ea9b1c-05ca-4369-bff0-c19280cecbee 9fd19b4cafbf4701bdabb9c9416c97a3 acf996f6732944699a7ea5fccfa372dc - - default default] Successfully bumped revision number for resource 82737e63-f5e1-4ccb-926c-be72dba08493 (type: security_group_rules) to 0
2026-05-07 10:26:59.605 7 INFO neutron.db.ovn_revision_numbers_db [None req-71ea9b1c-05ca-4369-bff0-c19280cecbee 9fd19b4cafbf4701bdabb9c9416c97a3 acf996f6732944699a7ea5fccfa372dc - - default default] Successfully bumped revision number for resource b95a2797-78b7-48a8-921a-6d812133b3e7 (type: security_group_rules) to 0 [pid: 8|app: 0|req: 1032/1941] 10.0.0.137 () {28 vars in 582 bytes} [Thu May 7 10:26:59 2026] GET /v2.0/subnets => generated 4534 bytes in 86 msecs (HTTP/1.1 200) 4 headers in 158 bytes (1 switches on core 0)
2026-05-07 10:26:59.621 7 INFO neutron.db.ovn_revision_numbers_db [None req-71ea9b1c-05ca-4369-bff0-c19280cecbee 9fd19b4cafbf4701bdabb9c9416c97a3 acf996f6732944699a7ea5fccfa372dc - - default default] Successfully bumped revision number for resource cb066e26-7d3d-4266-9a50-8ccd1a07e477 (type: security_group_rules) to 0 [pid: 8|app: 0|req: 1033/1942] 10.0.0.131 () {32 vars in 677 bytes} [Thu May 7 10:26:59 2026] GET /v2.0/subnets?tags=red%2Cblue => generated 1283 bytes in 36 msecs (HTTP/1.1 200) 4 headers in 158 bytes (1 switches on core 0)
2026-05-07 10:26:59.707 7 INFO neutron.db.segments_db [None req-71ea9b1c-05ca-4369-bff0-c19280cecbee 9fd19b4cafbf4701bdabb9c9416c97a3 acf996f6732944699a7ea5fccfa372dc - - default default] Added segment 1894ac98-9fe7-42ce-bc9c-e8a10cc57820 of type geneve for network 835c50c0-aa52-4059-be4a-c19e525637c4 [pid: 8|app: 0|req: 1034/1943] 10.0.0.137 () {28 vars in 578 bytes} [Thu May 7 10:26:59 2026] GET /v2.0/ports => generated 10492 bytes in 68 msecs (HTTP/1.1 200) 4 headers in 159 bytes (1 switches on core 0) [pid: 8|app: 0|req: 1035/1944] 10.0.0.131 () {32 vars in 673 bytes} [Thu May 7 10:26:59 2026] GET /v2.0/subnets?tags-any=blue => generated 1283 bytes in 40 msecs (HTTP/1.1 200) 4 headers in 158 bytes (1 switches on core 0) [pid: 8|app: 0|req: 1036/1945] 10.0.0.137 () {28 vars in 580 bytes} [Thu May 7 10:26:59 2026] GET /v2.0/agents => generated 1214 bytes in 9 msecs (HTTP/1.1 200) 4 headers in 158 bytes (1 switches on core 0) [pid: 8|app: 0|req: 1037/1946] 10.0.0.131 () {32 vars in 685 bytes} [Thu May 7 10:26:59 2026] GET /v2.0/subnets?tags-any=red%2Cblue => generated 1904 bytes in 34 msecs (HTTP/1.1 200) 4 headers in 158 bytes (1 switches on core 0)
2026-05-07 10:26:59.826 7 INFO neutron.db.ovn_revision_numbers_db [None req-71ea9b1c-05ca-4369-bff0-c19280cecbee 9fd19b4cafbf4701bdabb9c9416c97a3 acf996f6732944699a7ea5fccfa372dc - - default default] Successfully bumped revision number for resource 835c50c0-aa52-4059-be4a-c19e525637c4 (type: networks) to 1 [pid: 8|app: 0|req: 1038/1947] 10.0.0.137 () {28 vars in 584 bytes} [Thu May 7 10:26:59 2026] GET /v2.0/networks => generated 6948 bytes in 71 msecs (HTTP/1.1 200) 4 headers in 158 bytes (1 switches on core 0) [pid: 8|app: 0|req: 1039/1948] 10.0.0.131 () {32 vars in 671 bytes} [Thu May 7 10:26:59 2026] GET /v2.0/subnets?not-tags=red => generated 1894 bytes in 38 msecs (HTTP/1.1 200) 4 headers in 158 bytes (1 switches on core 0) [pid: 8|app: 0|req: 1040/1949] 10.0.0.137 () {28 vars in 598 bytes} [Thu May 7 10:26:59 2026] GET /v2.0/security-groups => generated 23209 bytes in 38 msecs (HTTP/1.1 200) 4 headers in 159 bytes (1 switches on core 0)
2026-05-07 10:26:59.980 7 WARNING neutron.scheduler.dhcp_agent_scheduler [None req-71ea9b1c-05ca-4369-bff0-c19280cecbee 9fd19b4cafbf4701bdabb9c9416c97a3 acf996f6732944699a7ea5fccfa372dc - - default default] No more DHCP agents
2026-05-07 10:26:59.981 7 WARNING neutron.api.rpc.agentnotifiers.dhcp_rpc_agent_api [None req-71ea9b1c-05ca-4369-bff0-c19280cecbee 9fd19b4cafbf4701bdabb9c9416c97a3 acf996f6732944699a7ea5fccfa372dc - - default default] Unable to schedule network 835c50c0-aa52-4059-be4a-c19e525637c4: no agents available; will retry on subsequent port and subnet creation events. [pid: 8|app: 0|req: 1041/1950] 10.0.0.131 () {32 vars in 685 bytes} [Thu May 7 10:26:59 2026] GET /v2.0/subnets?not-tags=red%2Cblue => generated 2515 bytes in 78 msecs (HTTP/1.1 200) 4 headers in 158 bytes (1 switches on core 0)
2026-05-07 10:27:00.043 7 INFO neutron.plugins.ml2.drivers.ovn.mech_driver.mech_driver [None req-0491e7bb-9495-4871-8057-7926f4eae4f5 - - - - - -] OVN reports status down for port: fd42076e-9cf6-4c47-9091-dc1f5b3d82dd [pid: 8|app: 0|req: 1042/1951] 10.0.0.137 () {28 vars in 590 bytes} [Thu May 7 10:27:00 2026] GET /v2.0/floatingips => generated 19 bytes in 17 msecs (HTTP/1.1 200) 4 headers in 156 bytes (1 switches on core 0) [pid: 8|app: 0|req: 1043/1952] 10.0.0.131 () {32 vars in 681 bytes} [Thu May 7 10:27:00 2026] GET /v2.0/subnets?not-tags-any=blue => generated 2515 bytes in 44 msecs (HTTP/1.1 200) 4 headers in 158 bytes (1 switches on core 0)
2026-05-07 10:27:00.097 7 INFO neutron.db.ovn_revision_numbers_db [None req-71ea9b1c-05ca-4369-bff0-c19280cecbee 9fd19b4cafbf4701bdabb9c9416c97a3 acf996f6732944699a7ea5fccfa372dc - - default default] Successfully bumped revision number for resource fd42076e-9cf6-4c47-9091-dc1f5b3d82dd (type: ports) to 1 [pid: 8|app: 0|req: 1044/1953] 10.0.0.137 () {28 vars in 582 bytes} [Thu May 7 10:27:00 2026] GET /v2.0/routers => generated 15 bytes in 17 msecs (HTTP/1.1 200) 4 headers in 156 bytes (1 switches on core 0) [pid: 8|app: 0|req: 1045/1954] 10.0.0.131 () {32 vars in 693 bytes} [Thu May 7 10:27:00 2026] GET /v2.0/subnets?not-tags-any=red%2Cblue => generated 1894 bytes in 26 msecs (HTTP/1.1 200) 4 headers in 158 bytes (1 switches on core 0) [pid: 7|app: 0|req: 910/1955] 10.0.0.131 () {34 vars in 669 bytes} [Thu May 7 10:26:59 2026] POST /v2.0/networks => generated 672 bytes in 803 msecs (HTTP/1.1 201) 4 headers in 162 bytes (1 switches on core 0) [pid: 8|app: 0|req: 1046/1956] 10.0.0.137 () {28 vars in 623 bytes} [Thu May 7 10:27:00 2026] GET /v2.0/agents?binary=ovn-controller => generated 416 bytes in 8 msecs (HTTP/1.1 200) 4 headers in 157 bytes (1 switches on core 0)
2026-05-07 10:27:00.252 7 INFO neutron.db.segments_db [None req-eb5e7fb6-d0fb-4590-acca-649896f07c44 9fd19b4cafbf4701bdabb9c9416c97a3 acf996f6732944699a7ea5fccfa372dc - - default default] Added segment 2a69d840-23c2-490f-af05-ccd94c303e28 of type geneve for network 8797f12e-2f7f-4b55-baef-7d2e0b6e21aa [pid: 8|app: 0|req: 1047/1957] 10.0.0.131 () {32 vars in 723 bytes} [Thu May 7 10:27:00 2026] DELETE /v2.0/subnets/b4655e35-0802-48b4-ae27-db08b6e81780 => generated 0 bytes in 165 msecs (HTTP/1.1 204) 3 headers in 131 bytes (1 switches on core 0) [pid: 8|app: 0|req: 1048/1958] 10.0.0.137 () {28 vars in 618 bytes} [Thu May 7 10:27:00 2026] GET /v2.0/network-ip-availabilities => generated 5992 bytes in 21 msecs (HTTP/1.1 200) 4 headers in 158 bytes (1 switches on core 0)
2026-05-07 10:27:00.379 7 INFO neutron.db.ovn_revision_numbers_db [None req-eb5e7fb6-d0fb-4590-acca-649896f07c44 9fd19b4cafbf4701bdabb9c9416c97a3 acf996f6732944699a7ea5fccfa372dc - - default default] Successfully bumped revision number for resource 8797f12e-2f7f-4b55-baef-7d2e0b6e21aa (type: networks) to 1 [pid: 8|app: 0|req: 1049/1959] 10.0.0.131 () {32 vars in 723 bytes} [Thu May 7 10:27:00 2026] DELETE /v2.0/subnets/4d713b55-0488-4674-b2f1-5c977bf202d2 => generated 0 bytes in 143 msecs (HTTP/1.1 204) 3 headers in 131 bytes (1 switches on core 0) [pid: 8|app: 0|req: 1050/1960] 10.0.0.137 () {28 vars in 582 bytes} [Thu May 7 10:27:00 2026] GET /v2.0/subnets => generated 3246 bytes in 44 msecs (HTTP/1.1 200) 4 headers in 158 bytes (1 switches on core 0)
2026-05-07 10:27:00.565 7 WARNING neutron.scheduler.dhcp_agent_scheduler [None req-eb5e7fb6-d0fb-4590-acca-649896f07c44 9fd19b4cafbf4701bdabb9c9416c97a3 acf996f6732944699a7ea5fccfa372dc - - default default] No more DHCP agents
2026-05-07 10:27:00.566 7 WARNING neutron.api.rpc.agentnotifiers.dhcp_rpc_agent_api [None req-eb5e7fb6-d0fb-4590-acca-649896f07c44 9fd19b4cafbf4701bdabb9c9416c97a3 acf996f6732944699a7ea5fccfa372dc - - default default] Unable to schedule network 8797f12e-2f7f-4b55-baef-7d2e0b6e21aa: no agents available; will retry on subsequent port and subnet creation events.
2026-05-07 10:27:00.614 8 INFO neutron.plugins.ml2.drivers.ovn.mech_driver.mech_driver [None req-0916e30a-c996-47ff-9770-c20b80435ae8 - - - - - -] OVN reports status down for port: 907496c1-e3f5-4e19-aa54-efe0ce84c8fb
2026-05-07 10:27:00.655 7 INFO neutron.db.ovn_revision_numbers_db [None req-eb5e7fb6-d0fb-4590-acca-649896f07c44 9fd19b4cafbf4701bdabb9c9416c97a3 acf996f6732944699a7ea5fccfa372dc - - default default] Successfully bumped revision number for resource 907496c1-e3f5-4e19-aa54-efe0ce84c8fb (type: ports) to 1 [pid: 7|app: 0|req: 911/1961] 10.0.0.131 () {34 vars in 669 bytes} [Thu May 7 10:27:00 2026] POST /v2.0/networks => generated 671 bytes in 529 msecs (HTTP/1.1 201) 4 headers in 162 bytes (1 switches on core 0) [pid: 7|app: 0|req: 912/1962] 10.0.0.137 () {28 vars in 590 bytes} [Thu May 7 10:27:00 2026] GET /v2.0/subnetpools => generated 19 bytes in 11 msecs (HTTP/1.1 200) 4 headers in 156 bytes (1 switches on core 0) [pid: 8|app: 0|req: 1051/1963] 10.0.0.131 () {32 vars in 723 bytes} [Thu May 7 10:27:00 2026] DELETE /v2.0/subnets/08d66994-d4e6-4df6-a282-8a47a3387f42 => generated 0 bytes in 238 msecs (HTTP/1.1 204) 3 headers in 131 bytes (1 switches on core 0)
2026-05-07 10:27:00.874 7 WARNING neutron.scheduler.dhcp_agent_scheduler [None req-afd5f854-5018-45f2-ace2-34237e461b1f 9fd19b4cafbf4701bdabb9c9416c97a3 acf996f6732944699a7ea5fccfa372dc - - default default] No more DHCP agents
2026-05-07 10:27:00.875 7 WARNING neutron.api.rpc.agentnotifiers.dhcp_rpc_agent_api [None req-afd5f854-5018-45f2-ace2-34237e461b1f 9fd19b4cafbf4701bdabb9c9416c97a3 acf996f6732944699a7ea5fccfa372dc - - default default] Unable to schedule network 835c50c0-aa52-4059-be4a-c19e525637c4: no agents available; will retry on subsequent port and subnet creation events.
2026-05-07 10:27:00.902 7 INFO neutron.db.ovn_revision_numbers_db [None req-afd5f854-5018-45f2-ace2-34237e461b1f 9fd19b4cafbf4701bdabb9c9416c97a3 acf996f6732944699a7ea5fccfa372dc - - default default] Successfully bumped revision number for resource 90de64d6-5bb5-4e97-b539-8d3534ee6966 (type: subnets) to 0 [pid: 8|app: 0|req: 1052/1964] 10.0.0.131 () {32 vars in 723 bytes} [Thu May 7 10:27:00 2026] DELETE /v2.0/subnets/9d4f4a63-6a54-40d9-8225-a7cec402e019 => generated 0 bytes in 156 msecs (HTTP/1.1 204) 3 headers in 131 bytes (1 switches on core 0) [pid: 7|app: 0|req: 913/1965] 10.0.0.131 () {34 vars in 668 bytes} [Thu May 7 10:27:00 2026] POST /v2.0/subnets => generated 646 bytes in 235 msecs (HTTP/1.1 201) 4 headers in 162 bytes (1 switches on core 0) [pid: 7|app: 0|req: 914/1966] 10.0.0.131 () {32 vars in 723 bytes} [Thu May 7 10:27:00 2026] DELETE /v2.0/subnets/03fb4da9-52f3-44d1-9fa5-86dba1390fba => generated 0 bytes in 167 msecs (HTTP/1.1 204) 3 headers in 131 bytes (1 switches on core 0)
2026-05-07 10:27:01.135 8 INFO neutron.db.ovn_revision_numbers_db [None req-5a586a33-e650-4732-aa8d-d877ea46df2c dd210041c51f44af9b01f1e993216bbd 90110e4292c74e1da0b6c54f59121b54 - - default default] Successfully bumped revision number for resource 3f8d19da-7ba8-488d-882d-a5738d7fa123 (type: security_groups) to 1
2026-05-07 10:27:01.145 8 INFO neutron.db.ovn_revision_numbers_db [None req-5a586a33-e650-4732-aa8d-d877ea46df2c dd210041c51f44af9b01f1e993216bbd 90110e4292c74e1da0b6c54f59121b54 - - default default] Successfully bumped revision number for resource 059bb4ac-5c94-442c-b1bf-e1c0d06c1687 (type: security_group_rules) to 0
2026-05-07 10:27:01.160 8 INFO neutron.db.ovn_revision_numbers_db [None req-5a586a33-e650-4732-aa8d-d877ea46df2c dd210041c51f44af9b01f1e993216bbd 90110e4292c74e1da0b6c54f59121b54 - - default default] Successfully bumped revision number for resource 4c6ea815-7c76-437a-a507-aa71c72de184 (type: security_group_rules) to 0
2026-05-07 10:27:01.172 8 INFO neutron.db.ovn_revision_numbers_db [None req-5a586a33-e650-4732-aa8d-d877ea46df2c dd210041c51f44af9b01f1e993216bbd 90110e4292c74e1da0b6c54f59121b54 - - default default] Successfully bumped revision number for resource 6417c7af-1d81-4d89-aca2-eab9489cd7ed (type: security_group_rules) to 0
2026-05-07 10:27:01.182 8 INFO neutron.db.ovn_revision_numbers_db [None req-5a586a33-e650-4732-aa8d-d877ea46df2c dd210041c51f44af9b01f1e993216bbd 90110e4292c74e1da0b6c54f59121b54 - - default default] Successfully bumped revision number for resource a35cb7f9-a2cf-433e-8823-19f7e3c77156 (type: security_group_rules) to 0
2026-05-07 10:27:01.263 8 INFO neutron.db.segments_db [None req-5a586a33-e650-4732-aa8d-d877ea46df2c dd210041c51f44af9b01f1e993216bbd 90110e4292c74e1da0b6c54f59121b54 - - default default] Added segment 6715621d-df4b-4821-8ad5-70fe083df048 of type geneve for network 8d229fc1-b791-4978-b06d-6eb75fd8c865
2026-05-07 10:27:01.280 7 WARNING neutron.scheduler.dhcp_agent_scheduler [None req-7df102b6-48a5-4ec5-8a78-ca2295c2c62e 9fd19b4cafbf4701bdabb9c9416c97a3 acf996f6732944699a7ea5fccfa372dc - - default default] No more DHCP agents
2026-05-07 10:27:01.281 7 WARNING neutron.api.rpc.agentnotifiers.dhcp_rpc_agent_api [None req-7df102b6-48a5-4ec5-8a78-ca2295c2c62e 9fd19b4cafbf4701bdabb9c9416c97a3 acf996f6732944699a7ea5fccfa372dc - - default default] Unable to schedule network 8797f12e-2f7f-4b55-baef-7d2e0b6e21aa: no agents available; will retry on subsequent port and subnet creation events.
2026-05-07 10:27:01.309 7 INFO neutron.db.ovn_revision_numbers_db [None req-7df102b6-48a5-4ec5-8a78-ca2295c2c62e 9fd19b4cafbf4701bdabb9c9416c97a3 acf996f6732944699a7ea5fccfa372dc - - default default] Successfully bumped revision number for resource 1dcb9a34-d748-47c6-ac1a-e9c696271274 (type: subnets) to 0 [pid: 7|app: 0|req: 915/1967] 10.0.0.131 () {34 vars in 668 bytes} [Thu May 7 10:27:01 2026] POST /v2.0/subnets => generated 655 bytes in 228 msecs (HTTP/1.1 201) 4 headers in 162 bytes (1 switches on core 0)
2026-05-07 10:27:01.347 8 INFO neutron.db.segments_db [None req-5a586a33-e650-4732-aa8d-d877ea46df2c dd210041c51f44af9b01f1e993216bbd 90110e4292c74e1da0b6c54f59121b54 - - default default] Added segment a66ad91f-a0a0-4bc6-81b1-c4a5c5c08441 of type geneve for network 1e337308-be75-4028-99f2-e6e03cd68bfd
2026-05-07 10:27:01.444 8 INFO neutron.db.ovn_revision_numbers_db [None req-5a586a33-e650-4732-aa8d-d877ea46df2c dd210041c51f44af9b01f1e993216bbd 90110e4292c74e1da0b6c54f59121b54 - - default default] Successfully bumped revision number for resource 8d229fc1-b791-4978-b06d-6eb75fd8c865 (type: networks) to 1
2026-05-07 10:27:01.484 7 INFO neutron.db.ovn_revision_numbers_db [None req-b11f2fcc-e8cf-4e60-9e62-8463e79d992f bd070786e6ad43a1a2598d399f5cbf70 da9bc1519d064f14b349891020574541 - - default default] Successfully bumped revision number for resource de0f9cba-6c58-4390-b4aa-18336d00c928 (type: security_groups) to 1
2026-05-07 10:27:01.495 7 INFO neutron.db.ovn_revision_numbers_db [None req-b11f2fcc-e8cf-4e60-9e62-8463e79d992f bd070786e6ad43a1a2598d399f5cbf70 da9bc1519d064f14b349891020574541 - - default default] Successfully bumped revision number for resource 0a17b09e-8d7f-43a1-a2be-28cfe96e75af (type: security_group_rules) to 0
2026-05-07 10:27:01.506 7 INFO neutron.db.ovn_revision_numbers_db [None req-b11f2fcc-e8cf-4e60-9e62-8463e79d992f bd070786e6ad43a1a2598d399f5cbf70 da9bc1519d064f14b349891020574541 - - default default] Successfully bumped revision number for resource 28a16223-d8de-4c6a-813e-c575b513424c (type: security_group_rules) to 0
2026-05-07 10:27:01.517 7 INFO neutron.db.ovn_revision_numbers_db [None req-b11f2fcc-e8cf-4e60-9e62-8463e79d992f bd070786e6ad43a1a2598d399f5cbf70 da9bc1519d064f14b349891020574541 - - default default] Successfully bumped revision number for resource 51e5467f-a119-4ee4-a9f3-774e708094d7 (type: security_group_rules) to 0
2026-05-07 10:27:01.528 7 INFO neutron.db.ovn_revision_numbers_db [None req-b11f2fcc-e8cf-4e60-9e62-8463e79d992f bd070786e6ad43a1a2598d399f5cbf70 da9bc1519d064f14b349891020574541 - - default default] Successfully bumped revision number for resource 938470c8-4049-414d-87b6-25718fa56578 (type: security_group_rules) to 0
2026-05-07 10:27:01.590 8 WARNING neutron.scheduler.dhcp_agent_scheduler [None req-5a586a33-e650-4732-aa8d-d877ea46df2c dd210041c51f44af9b01f1e993216bbd 90110e4292c74e1da0b6c54f59121b54 - - default default] No more DHCP agents
2026-05-07 10:27:01.591 8 WARNING neutron.api.rpc.agentnotifiers.dhcp_rpc_agent_api [None req-5a586a33-e650-4732-aa8d-d877ea46df2c dd210041c51f44af9b01f1e993216bbd 90110e4292c74e1da0b6c54f59121b54 - - default default] Unable to schedule network 8d229fc1-b791-4978-b06d-6eb75fd8c865: no agents available; will retry on subsequent port and subnet creation events.
2026-05-07 10:27:01.637 7 INFO neutron.plugins.ml2.drivers.ovn.mech_driver.mech_driver [None req-0491e7bb-9495-4871-8057-7926f4eae4f5 - - - - - -] OVN reports status down for port: 31bbbd70-67f5-43e7-aa81-33e475c3b90f
2026-05-07 10:27:01.654 7 INFO neutron.db.ovn_revision_numbers_db [None req-b11f2fcc-e8cf-4e60-9e62-8463e79d992f bd070786e6ad43a1a2598d399f5cbf70 da9bc1519d064f14b349891020574541 - - default default] Successfully bumped revision number for resource 9562d8e2-8947-4e02-874e-cf0df87eaa11 (type: security_groups) to 1
2026-05-07 10:27:01.658 8 INFO neutron.db.ovn_revision_numbers_db [None req-5a586a33-e650-4732-aa8d-d877ea46df2c dd210041c51f44af9b01f1e993216bbd 90110e4292c74e1da0b6c54f59121b54 - - default default] Successfully bumped revision number for resource 31bbbd70-67f5-43e7-aa81-33e475c3b90f (type: ports) to 1
2026-05-07 10:27:01.673 7 INFO neutron.db.ovn_revision_numbers_db [None req-b11f2fcc-e8cf-4e60-9e62-8463e79d992f bd070786e6ad43a1a2598d399f5cbf70 da9bc1519d064f14b349891020574541 - - default default] Successfully bumped revision number for resource 6a7e54ad-d30d-4831-b1c6-67a12d2c1f5c (type: security_group_rules) to 0
2026-05-07 10:27:01.686 7 INFO neutron.db.ovn_revision_numbers_db [None req-b11f2fcc-e8cf-4e60-9e62-8463e79d992f bd070786e6ad43a1a2598d399f5cbf70 da9bc1519d064f14b349891020574541 - - default default] Successfully bumped revision number for resource fecf1905-b0c1-48b0-8901-00a94e4ad2fe (type: security_group_rules) to 0
2026-05-07 10:27:01.721 8 INFO neutron.db.ovn_revision_numbers_db [None req-5a586a33-e650-4732-aa8d-d877ea46df2c dd210041c51f44af9b01f1e993216bbd 90110e4292c74e1da0b6c54f59121b54 - - default default] Successfully bumped revision number for resource 1e337308-be75-4028-99f2-e6e03cd68bfd (type: networks) to 1 [pid: 7|app: 0|req: 916/1968] 10.0.0.131 () {34 vars in 683 bytes} [Thu May 7 10:27:01 2026] POST /v2.0/security-groups => generated 1601 bytes in 422 msecs (HTTP/1.1 201) 4 headers in 163 bytes (1 switches on core 0)
2026-05-07 10:27:01.847 8 WARNING neutron.scheduler.dhcp_agent_scheduler [None req-5a586a33-e650-4732-aa8d-d877ea46df2c dd210041c51f44af9b01f1e993216bbd 90110e4292c74e1da0b6c54f59121b54 - - default default] No more DHCP agents
2026-05-07 10:27:01.847 7 INFO neutron_taas.services.taas.taas_plugin [None req-03f38879-e9aa-42b2-ac9a-7e4cf8dc96a1 8c8b7fa802cb45d6962c4d8db98cf24b 48855f217752422888cad35f59e06ad6 - - default default] TaaS: Handle Delete Port: 13b70bec-0bd8-4484-9626-ed3bfb35ecf7
2026-05-07 10:27:01.848 8 WARNING neutron.api.rpc.agentnotifiers.dhcp_rpc_agent_api [None req-5a586a33-e650-4732-aa8d-d877ea46df2c dd210041c51f44af9b01f1e993216bbd 90110e4292c74e1da0b6c54f59121b54 - - default default] Unable to schedule network 1e337308-be75-4028-99f2-e6e03cd68bfd: no agents available; will retry on subsequent port and subnet creation events.
2026-05-07 10:27:01.850 7 INFO neutron_taas.services.taas.tap_mirror_plugin [None req-03f38879-e9aa-42b2-ac9a-7e4cf8dc96a1 8c8b7fa802cb45d6962c4d8db98cf24b 48855f217752422888cad35f59e06ad6 - - default default] Tap Mirror: Handle Delete Port: 13b70bec-0bd8-4484-9626-ed3bfb35ecf7
2026-05-07 10:27:01.894 7 INFO neutron.plugins.ml2.drivers.ovn.mech_driver.mech_driver [None req-0491e7bb-9495-4871-8057-7926f4eae4f5 - - - - - -] OVN reports status down for port: 69307916-47d5-4732-8548-78c1a0de3082
2026-05-07 10:27:01.921 8 INFO neutron.db.ovn_revision_numbers_db [None req-5a586a33-e650-4732-aa8d-d877ea46df2c dd210041c51f44af9b01f1e993216bbd 90110e4292c74e1da0b6c54f59121b54 - - default default] Successfully bumped revision number for resource 69307916-47d5-4732-8548-78c1a0de3082 (type: ports) to 1 [pid: 8|app: 0|req: 1053/1969] 10.0.0.131 () {34 vars in 669 bytes} [Thu May 7 10:27:00 2026] POST /v2.0/networks => generated 1320 bytes in 1021 msecs (HTTP/1.1 201) 4 headers in 163 bytes (1 switches on core 0)
2026-05-07 10:27:02.095 7 INFO neutron.services.segments.plugin [-] Segment 9eb89628-35dc-4828-880b-18e23f4605a4 resource provider aggregate not found
2026-05-07 10:27:02.097 8 INFO neutron.db.ovn_revision_numbers_db [None req-0fc82306-f021-4f8b-8bd1-cdfaf08f670f 9fd19b4cafbf4701bdabb9c9416c97a3 acf996f6732944699a7ea5fccfa372dc - - default default] Successfully bumped revision number for resource 1e831cf4-dbfe-4f31-8388-a0d6280a4a4d (type: routers) to 1
2026-05-07 10:27:02.101 7 INFO neutron.services.segments.plugin [-] Segment 9eb89628-35dc-4828-880b-18e23f4605a4 resource provider aggregate not found
2026-05-07 10:27:02.107 7 INFO neutron.services.segments.plugin [-] Segment 9eb89628-35dc-4828-880b-18e23f4605a4 resource provider not found; error: Placement Client Error (4xx): {"errors": [{"status": 404, "title": "Not Found", "detail": "The resource could not be found.\n\n No resource provider with uuid 9eb89628-35dc-4828-880b-18e23f4605a4 found for delete ", "request_id": "req-a2a4f78f-abf8-419b-a5cc-bf31312405d0"}]} [pid: 8|app: 0|req: 1054/1970] 10.0.0.131 () {34 vars in 668 bytes} [Thu May 7 10:27:01 2026] POST /v2.0/routers => generated 628 bytes in 175 msecs (HTTP/1.1 201) 4 headers in 162 bytes (1 switches on core 0)
2026-05-07 10:27:02.128 7 INFO neutron.services.segments.plugin [-] Segment 9eb89628-35dc-4828-880b-18e23f4605a4 resource provider not found; error: Placement Client Error (4xx): {"errors": [{"status": 404, "title": "Not Found", "detail": "The resource could not be found.\n\n No resource provider with uuid 9eb89628-35dc-4828-880b-18e23f4605a4 found for delete ", "request_id": "req-c24a85ff-d61f-427d-98af-c7ec493d9920"}]} [pid: 7|app: 0|req: 917/1971] 10.0.0.131 () {32 vars in 725 bytes} [Thu May 7 10:27:01 2026] DELETE /v2.0/networks/6683f9b7-0946-4452-939b-96b562726f81 => generated 0 bytes in 407 msecs (HTTP/1.1 204) 3 headers in 131 bytes (1 switches on core 0) [pid: 7|app: 0|req: 918/1972] 10.0.0.131 () {32 vars in 648 bytes} [Thu May 7 10:27:02 2026] GET /v2.0/networks => generated 1969 bytes in 47 msecs (HTTP/1.1 200) 4 headers in 158 bytes (1 switches on core 0)
2026-05-07 10:27:02.259 8 INFO neutron.db.ovn_revision_numbers_db [None req-bc353436-5347-43fd-823a-106fa45376e9 bd070786e6ad43a1a2598d399f5cbf70 da9bc1519d064f14b349891020574541 - - default default] Successfully bumped revision number for resource 367de66d-23ac-43b8-bbe7-0f83daad817c (type: security_groups) to 1
2026-05-07 10:27:02.271 8 INFO neutron.db.ovn_revision_numbers_db [None req-bc353436-5347-43fd-823a-106fa45376e9 bd070786e6ad43a1a2598d399f5cbf70 da9bc1519d064f14b349891020574541 - - default default] Successfully bumped revision number for resource 11dd9692-294c-4016-b82d-c6d51dc00fcb (type: security_group_rules) to 0
2026-05-07 10:27:02.288 8 INFO neutron.db.ovn_revision_numbers_db [None req-bc353436-5347-43fd-823a-106fa45376e9 bd070786e6ad43a1a2598d399f5cbf70 da9bc1519d064f14b349891020574541 - - default default] Successfully bumped revision number for resource ff2c4cc6-5367-41e9-9e87-124c11f1b7fc (type: security_group_rules) to 0 [pid: 8|app: 0|req: 1055/1973] 10.0.0.131 () {34 vars in 683 bytes} [Thu May 7 10:27:02 2026] POST /v2.0/security-groups => generated 1601 bytes in 204 msecs (HTTP/1.1 201) 4 headers in 163 bytes (1 switches on core 0)
2026-05-07 10:27:02.438 8 INFO neutron_taas.services.taas.taas_plugin [None req-391f22a0-bf0f-414c-b123-36d857ae3e4a 8c8b7fa802cb45d6962c4d8db98cf24b 48855f217752422888cad35f59e06ad6 - - default default] TaaS: Handle Delete Port: 040341b4-5ae6-4c0b-9517-a751979662d1
2026-05-07 10:27:02.442 8 INFO neutron_taas.services.taas.tap_mirror_plugin [None req-391f22a0-bf0f-414c-b123-36d857ae3e4a 8c8b7fa802cb45d6962c4d8db98cf24b 48855f217752422888cad35f59e06ad6 - - default default] Tap Mirror: Handle Delete Port: 040341b4-5ae6-4c0b-9517-a751979662d1
2026-05-07 10:27:02.567 7 WARNING neutron.scheduler.dhcp_agent_scheduler [None req-955e3d55-f927-4c1b-b4fc-a5a5abc97b65 9fd19b4cafbf4701bdabb9c9416c97a3 acf996f6732944699a7ea5fccfa372dc - - default default] No more DHCP agents
2026-05-07 10:27:02.569 7 WARNING neutron.api.rpc.agentnotifiers.dhcp_rpc_agent_api [None req-955e3d55-f927-4c1b-b4fc-a5a5abc97b65 9fd19b4cafbf4701bdabb9c9416c97a3 acf996f6732944699a7ea5fccfa372dc - - default default] Unable to schedule network 835c50c0-aa52-4059-be4a-c19e525637c4: no agents available; will retry on subsequent port and subnet creation events.
2026-05-07 10:27:02.603 8 INFO neutron.services.segments.plugin [-] Segment f0b85a1f-f1c1-4a22-b0d5-8df12cdfe22d resource provider aggregate not found
2026-05-07 10:27:02.612 8 INFO neutron.services.segments.plugin [-] Segment f0b85a1f-f1c1-4a22-b0d5-8df12cdfe22d resource provider aggregate not found
2026-05-07 10:27:02.624 8 INFO neutron.services.segments.plugin [-] Segment f0b85a1f-f1c1-4a22-b0d5-8df12cdfe22d resource provider not found; error: Placement Client Error (4xx): {"errors": [{"status": 404, "title": "Not Found", "detail": "The resource could not be found.\n\n No resource provider with uuid f0b85a1f-f1c1-4a22-b0d5-8df12cdfe22d found for delete ", "request_id": "req-32f7f8c9-5e21-4e34-a5d4-780c937ba4f9"}]}
2026-05-07 10:27:02.641 8 INFO neutron.services.segments.plugin [-] Segment f0b85a1f-f1c1-4a22-b0d5-8df12cdfe22d resource provider not found; error: Placement Client Error (4xx): {"errors": [{"status": 404, "title": "Not Found", "detail": "The resource could not be found.\n\n No resource provider with uuid f0b85a1f-f1c1-4a22-b0d5-8df12cdfe22d found for delete ", "request_id": "req-c51a4298-5630-4221-b438-c15a4ea3c298"}]} [pid: 8|app: 0|req: 1056/1974] 10.0.0.131 () {32 vars in 725 bytes} [Thu May 7 10:27:02 2026] DELETE /v2.0/networks/6dac78f3-ad6c-42a5-b0b0-a747d1d7f466 => generated 0 bytes in 326 msecs (HTTP/1.1 204) 3 headers in 131 bytes (1 switches on core 0)
2026-05-07 10:27:02.661 8 INFO neutron.plugins.ml2.drivers.ovn.mech_driver.mech_driver [None req-0916e30a-c996-47ff-9770-c20b80435ae8 - - - - - -] OVN reports status down for port: 016196d2-62d3-43a0-8626-e2e0a4555450
2026-05-07 10:27:02.688 7 INFO neutron.db.ovn_revision_numbers_db [None req-955e3d55-f927-4c1b-b4fc-a5a5abc97b65 9fd19b4cafbf4701bdabb9c9416c97a3 acf996f6732944699a7ea5fccfa372dc - - default default] Successfully bumped revision number for resource 016196d2-62d3-43a0-8626-e2e0a4555450 (type: ports) to 1
2026-05-07 10:27:02.814 8 INFO neutron_taas.services.taas.taas_plugin [None req-f784a916-3ef7-4f1d-b63f-bf51d87e1d47 dd210041c51f44af9b01f1e993216bbd 90110e4292c74e1da0b6c54f59121b54 - - default default] TaaS: Handle Delete Port: 31bbbd70-67f5-43e7-aa81-33e475c3b90f
2026-05-07 10:27:02.817 8 INFO neutron_taas.services.taas.tap_mirror_plugin [None req-f784a916-3ef7-4f1d-b63f-bf51d87e1d47 dd210041c51f44af9b01f1e993216bbd 90110e4292c74e1da0b6c54f59121b54 - - default default] Tap Mirror: Handle Delete Port: 31bbbd70-67f5-43e7-aa81-33e475c3b90f [pid: 8|app: 0|req: 1057/1975] 10.0.0.131 () {32 vars in 725 bytes} [Thu May 7 10:27:02 2026] DELETE /v2.0/networks/8d229fc1-b791-4978-b06d-6eb75fd8c865 => generated 0 bytes in 359 msecs (HTTP/1.1 204) 3 headers in 131 bytes (1 switches on core 0)
2026-05-07 10:27:03.111 8 INFO neutron.db.ovn_revision_numbers_db [None req-7c39fe06-6cf4-4fec-83be-0814c0b8ce68 bd070786e6ad43a1a2598d399f5cbf70 da9bc1519d064f14b349891020574541 - - default default] Successfully bumped revision number for resource 66273bff-c2a6-4957-82d5-73b799fe671e (type: security_groups) to 1
2026-05-07 10:27:03.121 8 INFO neutron.db.ovn_revision_numbers_db [None req-7c39fe06-6cf4-4fec-83be-0814c0b8ce68 bd070786e6ad43a1a2598d399f5cbf70 da9bc1519d064f14b349891020574541 - - default default] Successfully bumped revision number for resource 84bf2745-080f-4960-a80a-cc5b10f0b748 (type: security_group_rules) to 0
2026-05-07 10:27:03.132 8 INFO neutron.db.ovn_revision_numbers_db [None req-7c39fe06-6cf4-4fec-83be-0814c0b8ce68 bd070786e6ad43a1a2598d399f5cbf70 da9bc1519d064f14b349891020574541 - - default default] Successfully bumped revision number for resource 90474995-51e0-4d3b-97c2-001f44a8d03f (type: security_group_rules) to 0
2026-05-07 10:27:03.150 8 INFO neutron.plugins.ml2.drivers.ovn.mech_driver.mech_driver [None req-0916e30a-c996-47ff-9770-c20b80435ae8 - - - - - -] OVN reports status up for port: 016196d2-62d3-43a0-8626-e2e0a4555450
2026-05-07 10:27:03.176 8 INFO neutron.plugins.ml2.plugin [None req-0916e30a-c996-47ff-9770-c20b80435ae8 - - - - - -] Attempt 1 to provision port 016196d2-62d3-43a0-8626-e2e0a4555450 [pid: 8|app: 0|req: 1058/1976] 10.0.0.131 () {34 vars in 683 bytes} [Thu May 7 10:27:03 2026] POST /v2.0/security-groups => generated 1601 bytes in 183 msecs (HTTP/1.1 201) 4 headers in 163 bytes (1 switches on core 0)
2026-05-07 10:27:03.215 7 WARNING neutron.scheduler.dhcp_agent_scheduler [None req-955e3d55-f927-4c1b-b4fc-a5a5abc97b65 9fd19b4cafbf4701bdabb9c9416c97a3 acf996f6732944699a7ea5fccfa372dc - - default default] No more DHCP agents
2026-05-07 10:27:03.217 7 WARNING neutron.api.rpc.agentnotifiers.dhcp_rpc_agent_api [None req-955e3d55-f927-4c1b-b4fc-a5a5abc97b65 9fd19b4cafbf4701bdabb9c9416c97a3 acf996f6732944699a7ea5fccfa372dc - - default default] Unable to schedule network 835c50c0-aa52-4059-be4a-c19e525637c4: no agents available; will retry on subsequent port and subnet creation events.
2026-05-07 10:27:03.402 7 INFO neutron.db.ovn_revision_numbers_db [None req-955e3d55-f927-4c1b-b4fc-a5a5abc97b65 9fd19b4cafbf4701bdabb9c9416c97a3 acf996f6732944699a7ea5fccfa372dc - - default default] Successfully bumped revision number for resource 016196d2-62d3-43a0-8626-e2e0a4555450 (type: router_ports) to 1 [pid: 7|app: 0|req: 919/1977] 10.0.0.131 () {34 vars in 782 bytes} [Thu May 7 10:27:02 2026] PUT /v2.0/routers/1e831cf4-dbfe-4f31-8388-a0d6280a4a4d/add_router_interface => generated 310 bytes in 1204 msecs (HTTP/1.1 200) 4 headers in 157 bytes (1 switches on core 0)
2026-05-07 10:27:03.457 8 INFO neutron_taas.services.taas.taas_plugin [None req-2acd5cd1-d208-46ea-8e23-402cb9795fa2 8c8b7fa802cb45d6962c4d8db98cf24b 48855f217752422888cad35f59e06ad6 - - default default] TaaS: Handle Delete Port: 030dde5b-f610-4f57-a655-17a0d598e2a3
2026-05-07 10:27:03.461 8 INFO neutron_taas.services.taas.tap_mirror_plugin [None req-2acd5cd1-d208-46ea-8e23-402cb9795fa2 8c8b7fa802cb45d6962c4d8db98cf24b 48855f217752422888cad35f59e06ad6 - - default default] Tap Mirror: Handle Delete Port: 030dde5b-f610-4f57-a655-17a0d598e2a3
2026-05-07 10:27:03.520 7 INFO neutron_taas.services.taas.taas_plugin [None req-b483b07d-6b03-4dd5-b275-904c88579d92 dd210041c51f44af9b01f1e993216bbd 90110e4292c74e1da0b6c54f59121b54 - - default default] TaaS: Handle Delete Port: 69307916-47d5-4732-8548-78c1a0de3082
2026-05-07 10:27:03.522 7 INFO neutron_taas.services.taas.tap_mirror_plugin [None req-b483b07d-6b03-4dd5-b275-904c88579d92 dd210041c51f44af9b01f1e993216bbd 90110e4292c74e1da0b6c54f59121b54 - - default default] Tap Mirror: Handle Delete Port: 69307916-47d5-4732-8548-78c1a0de3082 [pid: 7|app: 0|req: 920/1978] 10.0.0.131 () {32 vars in 725 bytes} [Thu May 7 10:27:03 2026] DELETE /v2.0/networks/1e337308-be75-4028-99f2-e6e03cd68bfd => generated 0 bytes in 298 msecs (HTTP/1.1 204) 3 headers in 131 bytes (1 switches on core 0)
2026-05-07 10:27:03.744 8 INFO neutron.db.ovn_revision_numbers_db [None req-0916e30a-c996-47ff-9770-c20b80435ae8 - - - - - -] Successfully bumped revision number for resource 016196d2-62d3-43a0-8626-e2e0a4555450 (type: ports) to 2
2026-05-07 10:27:03.810 7 INFO neutron.db.ovn_revision_numbers_db [None req-a05f05d7-fffb-4eb4-b330-61a7a8e4b949 bd070786e6ad43a1a2598d399f5cbf70 da9bc1519d064f14b349891020574541 - - default default] Successfully bumped revision number for resource ee9da777-a5e3-4c25-ba30-107e758ba3fa (type: security_groups) to 1
2026-05-07 10:27:03.819 7 INFO neutron.db.ovn_revision_numbers_db [None req-a05f05d7-fffb-4eb4-b330-61a7a8e4b949 bd070786e6ad43a1a2598d399f5cbf70 da9bc1519d064f14b349891020574541 - - default default] Successfully bumped revision number for resource 8ab79abe-9e39-42c2-b4fb-ab567dd2b8f0 (type: security_group_rules) to 0 [pid: 8|app: 0|req: 1059/1979] 10.0.0.131 () {32 vars in 725 bytes} [Thu May 7 10:27:03 2026] DELETE /v2.0/networks/3bc2d534-97da-4aec-bd5a-5d84d3a5cc30 => generated 0 bytes in 641 msecs (HTTP/1.1 204) 3 headers in 131 bytes (1 switches on core 0)
2026-05-07 10:27:03.835 7 INFO neutron.db.ovn_revision_numbers_db [None req-a05f05d7-fffb-4eb4-b330-61a7a8e4b949 bd070786e6ad43a1a2598d399f5cbf70 da9bc1519d064f14b349891020574541 - - default default] Successfully bumped revision number for resource c4203fb2-9525-4668-9df4-83e0a6937d0a (type: security_group_rules) to 0 [pid: 7|app: 0|req: 921/1980] 10.0.0.131 () {34 vars in 683 bytes} [Thu May 7 10:27:03 2026] POST /v2.0/security-groups => generated 1601 bytes in 167 msecs (HTTP/1.1 201) 4 headers in 163 bytes (1 switches on core 0) [pid: 8|app: 0|req: 1060/1981] 10.0.0.131 () {32 vars in 716 bytes} [Thu May 7 10:27:03 2026] GET /v2.0/ports/016196d2-62d3-43a0-8626-e2e0a4555450 => generated 947 bytes in 70 msecs (HTTP/1.1 200) 4 headers in 157 bytes (1 switches on core 0) [pid: 7|app: 0|req: 922/1982] 10.0.0.131 () {32 vars in 648 bytes} [Thu May 7 10:27:03 2026] GET /v2.0/networks => generated 689 bytes in 50 msecs (HTTP/1.1 200) 4 headers in 157 bytes (1 switches on core 0)
2026-05-07 10:27:04.008 8 INFO neutron_taas.services.taas.taas_plugin [None req-88897b0d-ef72-4c42-8fd7-cc663eb4ee7a 8c8b7fa802cb45d6962c4d8db98cf24b 48855f217752422888cad35f59e06ad6 - - default default] TaaS: Handle Delete Port: 282c6e2d-716b-4574-89e9-e201908cb070
2026-05-07 10:27:04.011 8 INFO neutron_taas.services.taas.tap_mirror_plugin [None req-88897b0d-ef72-4c42-8fd7-cc663eb4ee7a 8c8b7fa802cb45d6962c4d8db98cf24b 48855f217752422888cad35f59e06ad6 - - default default] Tap Mirror: Handle Delete Port: 282c6e2d-716b-4574-89e9-e201908cb070
2026-05-07 10:27:04.017 7 INFO neutron.db.ovn_revision_numbers_db [None req-3fb06394-e364-4cf3-8fa6-3742cf22be88 bd070786e6ad43a1a2598d399f5cbf70 da9bc1519d064f14b349891020574541 - - default default] Successfully bumped revision number for resource 4f8d05a1-e08f-4de0-8fec-85b7db4fecd1 (type: security_groups) to 1
2026-05-07 10:27:04.026 7 INFO neutron.db.ovn_revision_numbers_db [None req-3fb06394-e364-4cf3-8fa6-3742cf22be88 bd070786e6ad43a1a2598d399f5cbf70 da9bc1519d064f14b349891020574541 - - default default] Successfully bumped revision number for resource 891bb57e-072b-4de2-b1b0-00ee1daaa1df (type: security_group_rules) to 0
2026-05-07 10:27:04.036 7 INFO neutron.db.ovn_revision_numbers_db [None req-3fb06394-e364-4cf3-8fa6-3742cf22be88 bd070786e6ad43a1a2598d399f5cbf70 da9bc1519d064f14b349891020574541 - - default default] Successfully bumped revision number for resource da5b7aeb-a1c1-4cfc-b7ca-517c657d791a (type: security_group_rules) to 0 [pid: 7|app: 0|req: 923/1983] 10.0.0.131 () {34 vars in 683 bytes} [Thu May 7 10:27:03 2026] POST /v2.0/security-groups => generated 1601 bytes in 144 msecs (HTTP/1.1 201) 4 headers in 163 bytes (1 switches on core 0)
2026-05-07 10:27:04.127 7 INFO neutron.services.segments.plugin [-] Segment a66ad91f-a0a0-4bc6-81b1-c4a5c5c08441 resource provider aggregate not found
2026-05-07 10:27:04.153 7 INFO neutron.services.segments.plugin [-] Segment a66ad91f-a0a0-4bc6-81b1-c4a5c5c08441 resource provider not found; error: Placement Client Error (4xx): {"errors": [{"status": 404, "title": "Not Found", "detail": "The resource could not be found.\n\n No resource provider with uuid a66ad91f-a0a0-4bc6-81b1-c4a5c5c08441 found for delete ", "request_id": "req-643f526d-0e6c-4aaf-842a-21f8d99bc72f"}]}
2026-05-07 10:27:04.155 7 INFO neutron.services.segments.plugin [-] Segment a66ad91f-a0a0-4bc6-81b1-c4a5c5c08441 resource provider aggregate not found
2026-05-07 10:27:04.179 7 INFO neutron.services.segments.plugin [-] Segment a66ad91f-a0a0-4bc6-81b1-c4a5c5c08441 resource provider not found; error: Placement Client Error (4xx): {"errors": [{"status": 404, "title": "Not Found", "detail": "The resource could not be found.\n\n No resource provider with uuid a66ad91f-a0a0-4bc6-81b1-c4a5c5c08441 found for delete ", "request_id": "req-7fd7db2d-306a-4a17-919f-fbd02f687d3d"}]} [pid: 8|app: 0|req: 1061/1984] 10.0.0.131 () {32 vars in 725 bytes} [Thu May 7 10:27:03 2026] DELETE /v2.0/networks/c14c20b7-15c5-466b-85c0-0d479b9f0aa8 => generated 0 bytes in 302 msecs (HTTP/1.1 204) 3 headers in 131 bytes (1 switches on core 0)
2026-05-07 10:27:04.290 8 INFO neutron.db.segments_db [None req-873c4c7e-a6b6-48d1-9b2e-193d5e635fa8 dd210041c51f44af9b01f1e993216bbd 90110e4292c74e1da0b6c54f59121b54 - - default default] Added segment 5897d855-363d-41ed-8b02-bd6af8ec42c7 of type geneve for network 58612d50-f6f3-4f1d-a516-680aae700b7c
2026-05-07 10:27:04.417 8 INFO neutron.db.ovn_revision_numbers_db [None req-873c4c7e-a6b6-48d1-9b2e-193d5e635fa8 dd210041c51f44af9b01f1e993216bbd 90110e4292c74e1da0b6c54f59121b54 - - default default] Successfully bumped revision number for resource 58612d50-f6f3-4f1d-a516-680aae700b7c (type: networks) to 1
2026-05-07 10:27:04.600 7 WARNING neutron.scheduler.dhcp_agent_scheduler [None req-5dac6410-adec-4667-ba70-9a75d8cc8d1a 9fd19b4cafbf4701bdabb9c9416c97a3 acf996f6732944699a7ea5fccfa372dc - - default default] No more DHCP agents
2026-05-07 10:27:04.601 7 WARNING neutron.api.rpc.agentnotifiers.dhcp_rpc_agent_api [None req-5dac6410-adec-4667-ba70-9a75d8cc8d1a 9fd19b4cafbf4701bdabb9c9416c97a3 acf996f6732944699a7ea5fccfa372dc - - default default] Unable to schedule network 8797f12e-2f7f-4b55-baef-7d2e0b6e21aa: no agents available; will retry on subsequent port and subnet creation events.
2026-05-07 10:27:04.642 8 INFO neutron.services.segments.plugin [-] Segment 6715621d-df4b-4821-8ad5-70fe083df048 resource provider aggregate not found
2026-05-07 10:27:04.652 8 WARNING neutron.scheduler.dhcp_agent_scheduler [None req-873c4c7e-a6b6-48d1-9b2e-193d5e635fa8 dd210041c51f44af9b01f1e993216bbd 90110e4292c74e1da0b6c54f59121b54 - - default default] No more DHCP agents
2026-05-07 10:27:04.653 8 WARNING neutron.api.rpc.agentnotifiers.dhcp_rpc_agent_api [None req-873c4c7e-a6b6-48d1-9b2e-193d5e635fa8 dd210041c51f44af9b01f1e993216bbd 90110e4292c74e1da0b6c54f59121b54 - - default default] Unable to schedule network 58612d50-f6f3-4f1d-a516-680aae700b7c: no agents available; will retry on subsequent port and subnet creation events.
2026-05-07 10:27:04.658 8 INFO neutron.services.segments.plugin [-] Segment 6715621d-df4b-4821-8ad5-70fe083df048 resource provider not found; error: Placement Client Error (4xx): {"errors": [{"status": 404, "title": "Not Found", "detail": "The resource could not be found.\n\n No resource provider with uuid 6715621d-df4b-4821-8ad5-70fe083df048 found for delete ", "request_id": "req-189d5113-e98a-4959-8950-cab168443b32"}]}
2026-05-07 10:27:04.662 8 INFO neutron.services.segments.plugin [-] Segment 6715621d-df4b-4821-8ad5-70fe083df048 resource provider aggregate not found
2026-05-07 10:27:04.677 7 INFO neutron.plugins.ml2.drivers.ovn.mech_driver.mech_driver [None req-0491e7bb-9495-4871-8057-7926f4eae4f5 - - - - - -] OVN reports status down for port: 850b2c50-59f6-4dbe-b85c-756fb1b09bf7
2026-05-07 10:27:04.681 8 INFO neutron.services.segments.plugin [-] Segment 6715621d-df4b-4821-8ad5-70fe083df048 resource provider not found; error: Placement Client Error (4xx): {"errors": [{"status": 404, "title": "Not Found", "detail": "The resource could not be found.\n\n No resource provider with uuid 6715621d-df4b-4821-8ad5-70fe083df048 found for delete ", "request_id": "req-3ae9b93e-fa17-4a5d-afdc-218c2192f0d7"}]}
2026-05-07 10:27:04.682 8 INFO neutron.services.segments.plugin [-] Segment 9b5c6d71-b20d-49e1-ab0f-7a47064aacc1 resource provider aggregate not found
2026-05-07 10:27:04.700 8 INFO neutron.services.segments.plugin [-] Segment 9b5c6d71-b20d-49e1-ab0f-7a47064aacc1 resource provider aggregate not found
2026-05-07 10:27:04.706 8 INFO neutron.services.segments.plugin [-] Segment 9b5c6d71-b20d-49e1-ab0f-7a47064aacc1 resource provider not found; error: Placement Client Error (4xx): {"errors": [{"status": 404, "title": "Not Found", "detail": "The resource could not be found.\n\n No resource provider with uuid 9b5c6d71-b20d-49e1-ab0f-7a47064aacc1 found for delete ", "request_id": "req-e3762be1-9fc4-4ed8-8ac3-6b60b377966c"}]}
2026-05-07 10:27:04.729 8 INFO neutron.services.segments.plugin [-] Segment 9b5c6d71-b20d-49e1-ab0f-7a47064aacc1 resource provider not found; error: Placement Client Error (4xx): {"errors": [{"status": 404, "title": "Not Found", "detail": "The resource could not be found.\n\n No resource provider with uuid 9b5c6d71-b20d-49e1-ab0f-7a47064aacc1 found for delete ", "request_id": "req-f12dc6cf-8b3d-40e9-b208-7d3c422d6568"}]}
2026-05-07 10:27:04.735 8 INFO neutron.services.segments.plugin [-] Segment c149dcc8-802f-4a0c-9d71-3198abb25364 resource provider aggregate not found
2026-05-07 10:27:04.744 7 INFO neutron.db.ovn_revision_numbers_db [None req-5dac6410-adec-4667-ba70-9a75d8cc8d1a 9fd19b4cafbf4701bdabb9c9416c97a3 acf996f6732944699a7ea5fccfa372dc - - default default] Successfully bumped revision number for resource 850b2c50-59f6-4dbe-b85c-756fb1b09bf7 (type: ports) to 1
2026-05-07 10:27:04.749 8 INFO neutron.services.segments.plugin [-] Segment c149dcc8-802f-4a0c-9d71-3198abb25364 resource provider aggregate not found
2026-05-07 10:27:04.760 8 INFO neutron.services.segments.plugin [-] Segment c149dcc8-802f-4a0c-9d71-3198abb25364 resource provider not found; error: Placement Client Error (4xx): {"errors": [{"status": 404, "title": "Not Found", "detail": "The resource could not be found.\n\n No resource provider with uuid c149dcc8-802f-4a0c-9d71-3198abb25364 found for delete ", "request_id": "req-a5985713-4245-4bd0-b82a-e426145c45a7"}]}
2026-05-07 10:27:04.769 8 INFO neutron.services.segments.plugin [-] Segment c149dcc8-802f-4a0c-9d71-3198abb25364 resource provider not found; error: Placement Client Error (4xx): {"errors": [{"status": 404, "title": "Not Found", "detail": "The resource could not be found.\n\n No resource provider with uuid c149dcc8-802f-4a0c-9d71-3198abb25364 found for delete ", "request_id": "req-fae17c11-8982-4c66-9fb1-5c6366ff6c4a"}]}
2026-05-07 10:27:04.781 8 INFO neutron.db.ovn_revision_numbers_db [None req-873c4c7e-a6b6-48d1-9b2e-193d5e635fa8 dd210041c51f44af9b01f1e993216bbd 90110e4292c74e1da0b6c54f59121b54 - - default default] Successfully bumped revision number for resource 06e0cda0-a9a0-4942-b37c-39ad2e983d44 (type: ports) to 1 [pid: 8|app: 0|req: 1062/1985] 10.0.0.131 () {34 vars in 669 bytes} [Thu May 7 10:27:04 2026] POST /v2.0/networks => generated 692 bytes in 603 msecs (HTTP/1.1 201) 4 headers in 162 bytes (1 switches on core 0)
2026-05-07 10:27:04.832 8 WARNING tagging [None req-f79abdaf-4857-4e7f-abf7-fb5b55eff120 bd070786e6ad43a1a2598d399f5cbf70 da9bc1519d064f14b349891020574541 - - default default] project_id key not found in request, using tenant_id instead. This support has been deprecated and will be removed in a future release. [pid: 8|app: 0|req: 1063/1986] 10.0.0.131 () {34 vars in 766 bytes} [Thu May 7 10:27:04 2026] PUT /v2.0/security-groups/9562d8e2-8947-4e02-874e-cf0df87eaa11/tags => generated 17 bytes in 53 msecs (HTTP/1.1 200) 4 headers in 156 bytes (1 switches on core 0)
2026-05-07 10:27:04.990 8 INFO neutron_taas.services.taas.taas_plugin [None req-d63eab23-3896-42b4-a8eb-0f9a6d9f9a80 8c8b7fa802cb45d6962c4d8db98cf24b 48855f217752422888cad35f59e06ad6 - - default default] TaaS: Handle Delete Port: 7e420c30-158e-4e2c-90c4-115535025bc6
2026-05-07 10:27:04.993 8 INFO neutron_taas.services.taas.tap_mirror_plugin [None req-d63eab23-3896-42b4-a8eb-0f9a6d9f9a80 8c8b7fa802cb45d6962c4d8db98cf24b 48855f217752422888cad35f59e06ad6 - - default default] Tap Mirror: Handle Delete Port: 7e420c30-158e-4e2c-90c4-115535025bc6 [pid: 8|app: 0|req: 1064/1987] 10.0.0.131 () {32 vars in 725 bytes} [Thu May 7 10:27:04 2026] DELETE /v2.0/networks/f7694f06-174f-44ec-b55a-ed471888f4f5 => generated 0 bytes in 310 msecs (HTTP/1.1 204) 3 headers in 131 bytes (1 switches on core 0)
2026-05-07 10:27:05.257 8 INFO neutron.db.segments_db [None req-27078938-e7ea-4e12-b5dd-20f1fd46b1ec dd210041c51f44af9b01f1e993216bbd 90110e4292c74e1da0b6c54f59121b54 - - default default] Added segment 4bf333d3-6001-4eed-b20c-7c3fcf5d39ae of type geneve for network 2b1f64fe-0f7f-4b07-bd59-f36c5179e5cc
2026-05-07 10:27:05.320 7 INFO neutron.plugins.ml2.drivers.ovn.mech_driver.mech_driver [None req-0491e7bb-9495-4871-8057-7926f4eae4f5 - - - - - -] OVN reports status up for port: 850b2c50-59f6-4dbe-b85c-756fb1b09bf7
2026-05-07 10:27:05.349 7 INFO neutron.plugins.ml2.plugin [None req-0491e7bb-9495-4871-8057-7926f4eae4f5 - - - - - -] Attempt 1 to provision port 850b2c50-59f6-4dbe-b85c-756fb1b09bf7
2026-05-07 10:27:05.372 8 INFO neutron.db.ovn_revision_numbers_db [None req-27078938-e7ea-4e12-b5dd-20f1fd46b1ec dd210041c51f44af9b01f1e993216bbd 90110e4292c74e1da0b6c54f59121b54 - - default default] Successfully bumped revision number for resource 2b1f64fe-0f7f-4b07-bd59-f36c5179e5cc (type: networks) to 1
2026-05-07 10:27:05.457 7 WARNING neutron.scheduler.dhcp_agent_scheduler [None req-5dac6410-adec-4667-ba70-9a75d8cc8d1a 9fd19b4cafbf4701bdabb9c9416c97a3 acf996f6732944699a7ea5fccfa372dc - - default default] No more DHCP agents
2026-05-07 10:27:05.460 7 WARNING neutron.api.rpc.agentnotifiers.dhcp_rpc_agent_api [None req-5dac6410-adec-4667-ba70-9a75d8cc8d1a 9fd19b4cafbf4701bdabb9c9416c97a3 acf996f6732944699a7ea5fccfa372dc - - default default] Unable to schedule network 8797f12e-2f7f-4b55-baef-7d2e0b6e21aa: no agents available; will retry on subsequent port and subnet creation events.
2026-05-07 10:27:05.536 8 WARNING neutron.scheduler.dhcp_agent_scheduler [None req-27078938-e7ea-4e12-b5dd-20f1fd46b1ec dd210041c51f44af9b01f1e993216bbd 90110e4292c74e1da0b6c54f59121b54 - - default default] No more DHCP agents
2026-05-07 10:27:05.537 8 WARNING neutron.api.rpc.agentnotifiers.dhcp_rpc_agent_api [None req-27078938-e7ea-4e12-b5dd-20f1fd46b1ec dd210041c51f44af9b01f1e993216bbd 90110e4292c74e1da0b6c54f59121b54 - - default default] Unable to schedule network 2b1f64fe-0f7f-4b07-bd59-f36c5179e5cc: no agents available; will retry on subsequent port and subnet creation events.
2026-05-07 10:27:05.600 8 INFO neutron.db.ovn_revision_numbers_db [None req-27078938-e7ea-4e12-b5dd-20f1fd46b1ec dd210041c51f44af9b01f1e993216bbd 90110e4292c74e1da0b6c54f59121b54 - - default default] Successfully bumped revision number for resource ca0f856c-6d04-4476-b84a-8ad1e4afb143 (type: ports) to 1 [pid: 8|app: 0|req: 1065/1988] 10.0.0.131 () {34 vars in 669 bytes} [Thu May 7 10:27:05 2026] POST /v2.0/networks => generated 692 bytes in 449 msecs (HTTP/1.1 201) 4 headers in 162 bytes (1 switches on core 0)
2026-05-07 10:27:05.642 8 WARNING tagging [None req-6acfba24-9770-4a14-ae0d-fdd11dabbdda bd070786e6ad43a1a2598d399f5cbf70 da9bc1519d064f14b349891020574541 - - default default] project_id key not found in request, using tenant_id instead. This support has been deprecated and will be removed in a future release. [pid: 8|app: 0|req: 1066/1989] 10.0.0.131 () {34 vars in 766 bytes} [Thu May 7 10:27:05 2026] PUT /v2.0/security-groups/367de66d-23ac-43b8-bbe7-0f83daad817c/tags => generated 25 bytes in 37 msecs (HTTP/1.1 200) 4 headers in 156 bytes (1 switches on core 0)
2026-05-07 10:27:05.887 7 INFO neutron.db.ovn_revision_numbers_db [None req-5dac6410-adec-4667-ba70-9a75d8cc8d1a 9fd19b4cafbf4701bdabb9c9416c97a3 acf996f6732944699a7ea5fccfa372dc - - default default] Successfully bumped revision number for resource 850b2c50-59f6-4dbe-b85c-756fb1b09bf7 (type: router_ports) to 1 [pid: 7|app: 0|req: 924/1990] 10.0.0.131 () {34 vars in 782 bytes} [Thu May 7 10:27:04 2026] PUT /v2.0/routers/1e831cf4-dbfe-4f31-8388-a0d6280a4a4d/add_router_interface => generated 310 bytes in 1828 msecs (HTTP/1.1 200) 4 headers in 157 bytes (1 switches on core 0)
2026-05-07 10:27:05.972 7 WARNING tagging [None req-3a80096d-6c35-48d5-a676-afeeffa1e4f3 bd070786e6ad43a1a2598d399f5cbf70 da9bc1519d064f14b349891020574541 - - default default] project_id key not found in request, using tenant_id instead. This support has been deprecated and will be removed in a future release.
2026-05-07 10:27:06.026 8 WARNING neutron.scheduler.dhcp_agent_scheduler [None req-c51961c0-3b99-4dbe-89fc-2cfc25b23857 dd210041c51f44af9b01f1e993216bbd 90110e4292c74e1da0b6c54f59121b54 - - default default] No more DHCP agents
2026-05-07 10:27:06.027 8 WARNING neutron.api.rpc.agentnotifiers.dhcp_rpc_agent_api [None req-c51961c0-3b99-4dbe-89fc-2cfc25b23857 dd210041c51f44af9b01f1e993216bbd 90110e4292c74e1da0b6c54f59121b54 - - default default] Unable to schedule network 58612d50-f6f3-4f1d-a516-680aae700b7c: no agents available; will retry on subsequent port and subnet creation events. [pid: 7|app: 0|req: 925/1991] 10.0.0.131 () {34 vars in 766 bytes} [Thu May 7 10:27:05 2026] PUT /v2.0/security-groups/66273bff-c2a6-4957-82d5-73b799fe671e/tags => generated 34 bytes in 142 msecs (HTTP/1.1 200) 4 headers in 156 bytes (1 switches on core 0)
