2026-05-07 10:22:07.334 7 INFO neutron.api.v2.resource [None req-55e576af-f2b1-4766-9030-13ff2aef709c 0fd2264489da40c69ec741ad0db77594 e614dacbb71844c6b7d6804d5f5a75a7 - - default default] show failed (client error): The resource could not be found. [pid: 7|app: 0|req: 258/517] 199.204.45.113 () {44 vars in 1074 bytes} [Thu May 7 10:22:07 2026] GET /v2.0/security-groups/manila-service-security-group?project_id=25076101e4a8438f96b5c7d879be7dd5 => generated 139 bytes in 42 msecs (HTTP/1.1 404) 4 headers in 164 bytes (1 switches on core 0) [pid: 8|app: 0|req: 260/518] 199.204.45.113 () {44 vars in 1097 bytes} [Thu May 7 10:22:07 2026] GET /v2.0/security-groups?name=manila-service-security-group&project_id=25076101e4a8438f96b5c7d879be7dd5 => generated 4072 bytes in 27 msecs (HTTP/1.1 200) 4 headers in 158 bytes (1 switches on core 0) [pid: 7|app: 0|req: 259/519] 199.204.45.113 () {44 vars in 1088 bytes} [Thu May 7 10:22:08 2026] GET /v2.0/security-groups/4bcd1d2b-855e-479e-8a8a-99c8181bb779?project_id=25076101e4a8438f96b5c7d879be7dd5 => generated 4075 bytes in 61 msecs (HTTP/1.1 200) 4 headers in 158 bytes (1 switches on core 0) [pid: 8|app: 0|req: 261/520] 199.204.45.113 () {44 vars in 1001 bytes} [Thu May 7 10:22:08 2026] GET /v2.0/security-groups/4bcd1d2b-855e-479e-8a8a-99c8181bb779 => generated 4075 bytes in 41 msecs (HTTP/1.1 200) 4 headers in 158 bytes (1 switches on core 0) [pid: 7|app: 0|req: 260/521] 199.204.45.113 () {44 vars in 1011 bytes} [Thu May 7 10:22:08 2026] GET /v2.0/security-group-rules/81a92ae0-4281-4531-a7e8-7a66e6ed1bd2 => generated 597 bytes in 26 msecs (HTTP/1.1 200) 4 headers in 157 bytes (1 switches on core 0) [pid: 8|app: 0|req: 262/522] 199.204.45.113 () {44 vars in 1088 bytes} [Thu May 7 10:22:09 2026] GET /v2.0/security-groups/4bcd1d2b-855e-479e-8a8a-99c8181bb779?project_id=25076101e4a8438f96b5c7d879be7dd5 => generated 4075 bytes in 69 msecs (HTTP/1.1 200) 4 headers in 158 bytes (1 switches on core 0) [pid: 7|app: 0|req: 261/523] 199.204.45.113 () {44 vars in 1001 bytes} [Thu May 7 10:22:09 2026] GET /v2.0/security-groups/4bcd1d2b-855e-479e-8a8a-99c8181bb779 => generated 4075 bytes in 33 msecs (HTTP/1.1 200) 4 headers in 158 bytes (1 switches on core 0) [pid: 8|app: 0|req: 263/524] 199.204.45.113 () {44 vars in 1011 bytes} [Thu May 7 10:22:09 2026] GET /v2.0/security-group-rules/ce4b46d0-ec42-450c-919b-de31595e0892 => generated 599 bytes in 17 msecs (HTTP/1.1 200) 4 headers in 157 bytes (1 switches on core 0) [pid: 7|app: 0|req: 263/527] 199.204.45.113 () {44 vars in 1088 bytes} [Thu May 7 10:22:10 2026] GET /v2.0/security-groups/4bcd1d2b-855e-479e-8a8a-99c8181bb779?project_id=25076101e4a8438f96b5c7d879be7dd5 => generated 4075 bytes in 57 msecs (HTTP/1.1 200) 4 headers in 158 bytes (1 switches on core 0) [pid: 8|app: 0|req: 265/528] 199.204.45.113 () {44 vars in 1001 bytes} [Thu May 7 10:22:10 2026] GET /v2.0/security-groups/4bcd1d2b-855e-479e-8a8a-99c8181bb779 => generated 4075 bytes in 31 msecs (HTTP/1.1 200) 4 headers in 158 bytes (1 switches on core 0) [pid: 7|app: 0|req: 264/529] 199.204.45.113 () {44 vars in 1011 bytes} [Thu May 7 10:22:10 2026] GET /v2.0/security-group-rules/8941b171-1b77-4d72-a716-f82cc523d379 => generated 601 bytes in 15 msecs (HTTP/1.1 200) 4 headers in 157 bytes (1 switches on core 0) [pid: 8|app: 0|req: 266/530] 199.204.45.113 () {44 vars in 1088 bytes} [Thu May 7 10:22:11 2026] GET /v2.0/security-groups/4bcd1d2b-855e-479e-8a8a-99c8181bb779?project_id=25076101e4a8438f96b5c7d879be7dd5 => generated 4075 bytes in 59 msecs (HTTP/1.1 200) 4 headers in 158 bytes (1 switches on core 0) [pid: 7|app: 0|req: 265/531] 199.204.45.113 () {44 vars in 1001 bytes} [Thu May 7 10:22:11 2026] GET /v2.0/security-groups/4bcd1d2b-855e-479e-8a8a-99c8181bb779 => generated 4075 bytes in 29 msecs (HTTP/1.1 200) 4 headers in 158 bytes (1 switches on core 0) [pid: 8|app: 0|req: 267/532] 199.204.45.113 () {44 vars in 1011 bytes} [Thu May 7 10:22:11 2026] GET /v2.0/security-group-rules/74f4f435-c9d0-4507-82fd-54c64c9dd91f => generated 602 bytes in 15 msecs (HTTP/1.1 200) 4 headers in 157 bytes (1 switches on core 0) [pid: 7|app: 0|req: 266/533] 199.204.45.113 () {44 vars in 975 bytes} [Thu May 7 10:22:18 2026] GET /v2.0/quotas/25076101e4a8438f96b5c7d879be7dd5 => generated 291 bytes in 12 msecs (HTTP/1.1 200) 4 headers in 157 bytes (1 switches on core 0) [pid: 8|app: 0|req: 271/540] 10.0.0.137 () {28 vars in 582 bytes} [Thu May 7 10:22:59 2026] GET /v2.0/routers => generated 15 bytes in 43 msecs (HTTP/1.1 200) 4 headers in 156 bytes (1 switches on core 0) [pid: 7|app: 0|req: 270/541] 10.0.0.137 () {28 vars in 623 bytes} [Thu May 7 10:22:59 2026] GET /v2.0/agents?binary=ovn-controller => generated 416 bytes in 41 msecs (HTTP/1.1 200) 4 headers in 157 bytes (1 switches on core 0) [pid: 8|app: 0|req: 272/542] 10.0.0.137 () {28 vars in 580 bytes} [Thu May 7 10:22:59 2026] GET /v2.0/agents => generated 1214 bytes in 15 msecs (HTTP/1.1 200) 4 headers in 158 bytes (1 switches on core 0) [pid: 7|app: 0|req: 271/543] 10.0.0.137 () {28 vars in 582 bytes} [Thu May 7 10:22:59 2026] GET /v2.0/subnets => generated 1308 bytes in 40 msecs (HTTP/1.1 200) 4 headers in 158 bytes (1 switches on core 0) [pid: 8|app: 0|req: 273/544] 10.0.0.137 () {28 vars in 590 bytes} [Thu May 7 10:22:59 2026] GET /v2.0/subnetpools => generated 19 bytes in 13 msecs (HTTP/1.1 200) 4 headers in 156 bytes (1 switches on core 0) [pid: 7|app: 0|req: 272/545] 10.0.0.137 () {28 vars in 584 bytes} [Thu May 7 10:22:59 2026] GET /v2.0/networks => generated 2288 bytes in 72 msecs (HTTP/1.1 200) 4 headers in 158 bytes (1 switches on core 0) [pid: 8|app: 0|req: 274/546] 10.0.0.137 () {28 vars in 578 bytes} [Thu May 7 10:22:59 2026] GET /v2.0/ports => generated 5221 bytes in 69 msecs (HTTP/1.1 200) 4 headers in 158 bytes (1 switches on core 0) [pid: 7|app: 0|req: 273/547] 10.0.0.137 () {28 vars in 618 bytes} [Thu May 7 10:22:59 2026] GET /v2.0/network-ip-availabilities => generated 1867 bytes in 18 msecs (HTTP/1.1 200) 4 headers in 158 bytes (1 switches on core 0) [pid: 8|app: 0|req: 275/548] 10.0.0.137 () {28 vars in 590 bytes} [Thu May 7 10:22:59 2026] GET /v2.0/floatingips => generated 19 bytes in 20 msecs (HTTP/1.1 200) 4 headers in 156 bytes (1 switches on core 0) [pid: 7|app: 0|req: 274/549] 10.0.0.137 () {28 vars in 598 bytes} [Thu May 7 10:22:59 2026] GET /v2.0/security-groups => generated 17401 bytes in 40 msecs (HTTP/1.1 200) 4 headers in 159 bytes (1 switches on core 0) [pid: 8|app: 0|req: 276/550] 10.0.0.137 () {28 vars in 582 bytes} [Thu May 7 10:22:59 2026] GET /v2.0/subnets => generated 1308 bytes in 33 msecs (HTTP/1.1 200) 4 headers in 158 bytes (1 switches on core 0) [pid: 7|app: 0|req: 275/551] 199.204.45.113 () {44 vars in 949 bytes} [Thu May 7 10:23:08 2026] GET /v2.0/networks?name=public => generated 791 bytes in 82 msecs (HTTP/1.1 200) 4 headers in 157 bytes (1 switches on core 0) [pid: 8|app: 0|req: 280/558] 10.0.0.131 () {32 vars in 648 bytes} [Thu May 7 10:23:46 2026] GET /v2.0/networks => generated 2288 bytes in 178 msecs (HTTP/1.1 200) 4 headers in 158 bytes (1 switches on core 0) [pid: 7|app: 0|req: 279/559] 10.0.0.131 () {32 vars in 654 bytes} [Thu May 7 10:23:47 2026] GET /v2.0/floatingips => generated 19 bytes in 19 msecs (HTTP/1.1 200) 4 headers in 156 bytes (1 switches on core 0) [pid: 8|app: 0|req: 281/560] 10.0.0.131 () {32 vars in 646 bytes} [Thu May 7 10:23:47 2026] GET /v2.0/routers => generated 15 bytes in 24 msecs (HTTP/1.1 200) 4 headers in 156 bytes (1 switches on core 0) [pid: 7|app: 0|req: 280/561] 10.0.0.131 () {32 vars in 642 bytes} [Thu May 7 10:23:47 2026] GET /v2.0/ports => generated 5221 bytes in 48 msecs (HTTP/1.1 200) 4 headers in 158 bytes (1 switches on core 0) [pid: 8|app: 0|req: 282/562] 10.0.0.131 () {32 vars in 646 bytes} [Thu May 7 10:23:47 2026] GET /v2.0/subnets => generated 1308 bytes in 32 msecs (HTTP/1.1 200) 4 headers in 158 bytes (1 switches on core 0) [pid: 7|app: 0|req: 281/563] 10.0.0.131 () {32 vars in 648 bytes} [Thu May 7 10:23:47 2026] GET /v2.0/networks => generated 2288 bytes in 40 msecs (HTTP/1.1 200) 4 headers in 158 bytes (1 switches on core 0) [pid: 8|app: 0|req: 283/564] 10.0.0.131 () {32 vars in 662 bytes} [Thu May 7 10:23:47 2026] GET /v2.0/security-groups => generated 17401 bytes in 32 msecs (HTTP/1.1 200) 4 headers in 159 bytes (1 switches on core 0) [pid: 7|app: 0|req: 282/565] 10.0.0.131 () {32 vars in 654 bytes} [Thu May 7 10:23:48 2026] GET /v2.0/subnetpools => generated 19 bytes in 7 msecs (HTTP/1.1 200) 4 headers in 156 bytes (1 switches on core 0)
2026-05-07 10:23:58.618 7 INFO neutron.db.ovn_revision_numbers_db [None req-5ad2ab0f-8c64-47df-bb54-acb3d4fa0249 0fd2264489da40c69ec741ad0db77594 e614dacbb71844c6b7d6804d5f5a75a7 - - default default] Successfully bumped revision number for resource a8bfe110-4911-48bf-b709-f5605259002a (type: security_groups) to 1
2026-05-07 10:23:58.643 7 INFO neutron.db.ovn_revision_numbers_db [None req-5ad2ab0f-8c64-47df-bb54-acb3d4fa0249 0fd2264489da40c69ec741ad0db77594 e614dacbb71844c6b7d6804d5f5a75a7 - - default default] Successfully bumped revision number for resource 217b912e-6fa1-40bc-ac0c-aa612b10bd61 (type: security_group_rules) to 0
2026-05-07 10:23:58.657 7 INFO neutron.db.ovn_revision_numbers_db [None req-5ad2ab0f-8c64-47df-bb54-acb3d4fa0249 0fd2264489da40c69ec741ad0db77594 e614dacbb71844c6b7d6804d5f5a75a7 - - default default] Successfully bumped revision number for resource 3f8f78b5-cbd2-4098-97cf-afc6fcba0750 (type: security_group_rules) to 0
2026-05-07 10:23:58.672 7 INFO neutron.db.ovn_revision_numbers_db [None req-5ad2ab0f-8c64-47df-bb54-acb3d4fa0249 0fd2264489da40c69ec741ad0db77594 e614dacbb71844c6b7d6804d5f5a75a7 - - default default] Successfully bumped revision number for resource d106efcf-18dc-4c29-a44c-a45e7e212ec3 (type: security_group_rules) to 0
2026-05-07 10:23:58.681 7 INFO neutron.db.ovn_revision_numbers_db [None req-5ad2ab0f-8c64-47df-bb54-acb3d4fa0249 0fd2264489da40c69ec741ad0db77594 e614dacbb71844c6b7d6804d5f5a75a7 - - default default] Successfully bumped revision number for resource e0927350-aa2b-49cb-9bdc-0087ad87cf5f (type: security_group_rules) to 0
2026-05-07 10:23:58.767 8 INFO neutron.db.ovn_revision_numbers_db [None req-f51f4e0c-18e1-46e8-92de-32e53aed6bf6 0fd2264489da40c69ec741ad0db77594 e614dacbb71844c6b7d6804d5f5a75a7 - - default default] Successfully bumped revision number for resource 80449691-966d-4daa-9866-282bb779eb8c (type: security_groups) to 1
2026-05-07 10:23:58.781 8 INFO neutron.db.ovn_revision_numbers_db [None req-f51f4e0c-18e1-46e8-92de-32e53aed6bf6 0fd2264489da40c69ec741ad0db77594 e614dacbb71844c6b7d6804d5f5a75a7 - - default default] Successfully bumped revision number for resource 269f74d3-30da-4dd0-bb38-ea7519fac7c7 (type: security_group_rules) to 0
2026-05-07 10:23:58.792 8 INFO neutron.db.ovn_revision_numbers_db [None req-f51f4e0c-18e1-46e8-92de-32e53aed6bf6 0fd2264489da40c69ec741ad0db77594 e614dacbb71844c6b7d6804d5f5a75a7 - - default default] Successfully bumped revision number for resource 38dc7711-16e5-4bed-98ce-d2a959566e40 (type: security_group_rules) to 0
2026-05-07 10:23:58.802 8 INFO neutron.db.ovn_revision_numbers_db [None req-f51f4e0c-18e1-46e8-92de-32e53aed6bf6 0fd2264489da40c69ec741ad0db77594 e614dacbb71844c6b7d6804d5f5a75a7 - - default default] Successfully bumped revision number for resource dce67f74-c462-46d4-9644-34cef33ac286 (type: security_group_rules) to 0
2026-05-07 10:23:58.813 7 INFO neutron.db.segments_db [None req-5ad2ab0f-8c64-47df-bb54-acb3d4fa0249 0fd2264489da40c69ec741ad0db77594 e614dacbb71844c6b7d6804d5f5a75a7 - - default default] Added segment d6df93b5-1141-4850-aecb-1ec321b69cc0 of type geneve for network e5cfa5ab-4b15-4f68-aa97-5f3a480a158d
2026-05-07 10:23:58.814 8 INFO neutron.db.ovn_revision_numbers_db [None req-f51f4e0c-18e1-46e8-92de-32e53aed6bf6 0fd2264489da40c69ec741ad0db77594 e614dacbb71844c6b7d6804d5f5a75a7 - - default default] Successfully bumped revision number for resource f875e82e-4c72-4978-a52c-1ec0b2972d28 (type: security_group_rules) to 0
2026-05-07 10:23:58.919 8 INFO neutron.db.segments_db [None req-f51f4e0c-18e1-46e8-92de-32e53aed6bf6 0fd2264489da40c69ec741ad0db77594 e614dacbb71844c6b7d6804d5f5a75a7 - - default default] Added segment 1ef953d1-d6f1-4ea8-949e-9ead67ee5985 of type geneve for network b51b720b-c78d-48a0-affb-796a4ed56ee9
2026-05-07 10:23:58.938 7 INFO neutron.db.ovn_revision_numbers_db [None req-5ad2ab0f-8c64-47df-bb54-acb3d4fa0249 0fd2264489da40c69ec741ad0db77594 e614dacbb71844c6b7d6804d5f5a75a7 - - default default] Successfully bumped revision number for resource e5cfa5ab-4b15-4f68-aa97-5f3a480a158d (type: networks) to 1
2026-05-07 10:23:59.065 8 INFO neutron.db.ovn_revision_numbers_db [None req-f51f4e0c-18e1-46e8-92de-32e53aed6bf6 0fd2264489da40c69ec741ad0db77594 e614dacbb71844c6b7d6804d5f5a75a7 - - default default] Successfully bumped revision number for resource b51b720b-c78d-48a0-affb-796a4ed56ee9 (type: networks) to 1
2026-05-07 10:23:59.095 7 WARNING neutron.scheduler.dhcp_agent_scheduler [None req-5ad2ab0f-8c64-47df-bb54-acb3d4fa0249 0fd2264489da40c69ec741ad0db77594 e614dacbb71844c6b7d6804d5f5a75a7 - - default default] No more DHCP agents
2026-05-07 10:23:59.096 7 WARNING neutron.api.rpc.agentnotifiers.dhcp_rpc_agent_api [None req-5ad2ab0f-8c64-47df-bb54-acb3d4fa0249 0fd2264489da40c69ec741ad0db77594 e614dacbb71844c6b7d6804d5f5a75a7 - - default default] Unable to schedule network e5cfa5ab-4b15-4f68-aa97-5f3a480a158d: no agents available; will retry on subsequent port and subnet creation events.
2026-05-07 10:23:59.157 8 INFO neutron.plugins.ml2.drivers.ovn.mech_driver.mech_driver [None req-0d702fe6-34bd-4c5e-bc73-219007fd8aa5 - - - - - -] OVN reports status down for port: 6a6b304e-6a05-43cf-be92-ece288c26d89
2026-05-07 10:23:59.166 7 INFO neutron.db.ovn_revision_numbers_db [None req-5ad2ab0f-8c64-47df-bb54-acb3d4fa0249 0fd2264489da40c69ec741ad0db77594 e614dacbb71844c6b7d6804d5f5a75a7 - - default default] Successfully bumped revision number for resource 6a6b304e-6a05-43cf-be92-ece288c26d89 (type: ports) to 1 [pid: 7|app: 0|req: 284/568] 10.0.0.131 () {34 vars in 670 bytes} [Thu May 7 10:23:58 2026] POST /v2.0/networks => generated 790 bytes in 810 msecs (HTTP/1.1 201) 4 headers in 162 bytes (1 switches on core 0)
2026-05-07 10:23:59.265 8 WARNING neutron.scheduler.dhcp_agent_scheduler [None req-f51f4e0c-18e1-46e8-92de-32e53aed6bf6 0fd2264489da40c69ec741ad0db77594 e614dacbb71844c6b7d6804d5f5a75a7 - - default default] No more DHCP agents
2026-05-07 10:23:59.267 8 WARNING neutron.api.rpc.agentnotifiers.dhcp_rpc_agent_api [None req-f51f4e0c-18e1-46e8-92de-32e53aed6bf6 0fd2264489da40c69ec741ad0db77594 e614dacbb71844c6b7d6804d5f5a75a7 - - default default] Unable to schedule network b51b720b-c78d-48a0-affb-796a4ed56ee9: no agents available; will retry on subsequent port and subnet creation events.
2026-05-07 10:23:59.278 7 WARNING neutron.db.securitygroups_db [None req-85a4828b-6ad8-4e56-afca-1eacbf98662c 0fd2264489da40c69ec741ad0db77594 e614dacbb71844c6b7d6804d5f5a75a7 - - default default] project_id key not found in filters, using tenant_id instead. This support has been deprecated and will be removed in a future release.
2026-05-07 10:23:59.325 7 INFO neutron.plugins.ml2.drivers.ovn.mech_driver.mech_driver [None req-401c79bc-30a8-4115-9a30-036781621f98 - - - - - -] OVN reports status down for port: e9bfb33a-f8dd-464f-bd11-2196f56b1c5b
2026-05-07 10:23:59.336 8 INFO neutron.db.ovn_revision_numbers_db [None req-f51f4e0c-18e1-46e8-92de-32e53aed6bf6 0fd2264489da40c69ec741ad0db77594 e614dacbb71844c6b7d6804d5f5a75a7 - - default default] Successfully bumped revision number for resource e9bfb33a-f8dd-464f-bd11-2196f56b1c5b (type: ports) to 1 [pid: 8|app: 0|req: 285/569] 10.0.0.131 () {34 vars in 670 bytes} [Thu May 7 10:23:58 2026] POST /v2.0/networks => generated 785 bytes in 791 msecs (HTTP/1.1 201) 4 headers in 162 bytes (1 switches on core 0)
2026-05-07 10:23:59.467 7 INFO neutron.db.ovn_revision_numbers_db [None req-85a4828b-6ad8-4e56-afca-1eacbf98662c 0fd2264489da40c69ec741ad0db77594 e614dacbb71844c6b7d6804d5f5a75a7 - - default default] Successfully bumped revision number for resource ab1e8a04-49d1-4041-8108-f329be661812 (type: security_groups) to 1
2026-05-07 10:23:59.479 7 INFO neutron.db.ovn_revision_numbers_db [None req-85a4828b-6ad8-4e56-afca-1eacbf98662c 0fd2264489da40c69ec741ad0db77594 e614dacbb71844c6b7d6804d5f5a75a7 - - default default] Successfully bumped revision number for resource 09a685ab-83a3-4d6e-8f2b-9d7a2f45ff9c (type: security_group_rules) to 0
2026-05-07 10:23:59.484 8 WARNING neutron.scheduler.dhcp_agent_scheduler [None req-2a6ba497-6ece-4401-9769-aca28b073187 0fd2264489da40c69ec741ad0db77594 e614dacbb71844c6b7d6804d5f5a75a7 - - default default] No more DHCP agents
2026-05-07 10:23:59.485 8 WARNING neutron.api.rpc.agentnotifiers.dhcp_rpc_agent_api [None req-2a6ba497-6ece-4401-9769-aca28b073187 0fd2264489da40c69ec741ad0db77594 e614dacbb71844c6b7d6804d5f5a75a7 - - default default] Unable to schedule network e5cfa5ab-4b15-4f68-aa97-5f3a480a158d: no agents available; will retry on subsequent port and subnet creation events.
2026-05-07 10:23:59.493 7 INFO neutron.db.ovn_revision_numbers_db [None req-85a4828b-6ad8-4e56-afca-1eacbf98662c 0fd2264489da40c69ec741ad0db77594 e614dacbb71844c6b7d6804d5f5a75a7 - - default default] Successfully bumped revision number for resource 98cb5d78-01a7-436d-a2a5-284cd93a3d30 (type: security_group_rules) to 0
2026-05-07 10:23:59.506 7 INFO neutron.db.ovn_revision_numbers_db [None req-85a4828b-6ad8-4e56-afca-1eacbf98662c 0fd2264489da40c69ec741ad0db77594 e614dacbb71844c6b7d6804d5f5a75a7 - - default default] Successfully bumped revision number for resource 9b5aa1e1-7e39-4671-852d-496785adebc7 (type: security_group_rules) to 0
2026-05-07 10:23:59.519 7 INFO neutron.db.ovn_revision_numbers_db [None req-85a4828b-6ad8-4e56-afca-1eacbf98662c 0fd2264489da40c69ec741ad0db77594 e614dacbb71844c6b7d6804d5f5a75a7 - - default default] Successfully bumped revision number for resource fc3fa5b9-b88a-4588-87bd-a876b7d41c74 (type: security_group_rules) to 0 [pid: 7|app: 0|req: 285/570] 10.0.0.131 () {32 vars in 773 bytes} [Thu May 7 10:23:59 2026] GET /v2.0/security-groups?tenant_id=c6363ea294cd43ac97e83c4fe9418ab3&name=default => generated 2921 bytes in 377 msecs (HTTP/1.1 200) 4 headers in 158 bytes (1 switches on core 0)
2026-05-07 10:23:59.672 7 WARNING neutron.scheduler.dhcp_agent_scheduler [None req-ce00805d-31ca-4641-8ba0-b5eebe2cf135 0fd2264489da40c69ec741ad0db77594 e614dacbb71844c6b7d6804d5f5a75a7 - - default default] No more DHCP agents
2026-05-07 10:23:59.674 7 WARNING neutron.api.rpc.agentnotifiers.dhcp_rpc_agent_api [None req-ce00805d-31ca-4641-8ba0-b5eebe2cf135 0fd2264489da40c69ec741ad0db77594 e614dacbb71844c6b7d6804d5f5a75a7 - - default default] Unable to schedule network b51b720b-c78d-48a0-affb-796a4ed56ee9: no agents available; will retry on subsequent port and subnet creation events.
2026-05-07 10:23:59.855 8 INFO neutron.db.ovn_revision_numbers_db [None req-2a6ba497-6ece-4401-9769-aca28b073187 0fd2264489da40c69ec741ad0db77594 e614dacbb71844c6b7d6804d5f5a75a7 - - default default] Successfully bumped revision number for resource 6a6b304e-6a05-43cf-be92-ece288c26d89 (type: ports) to 2
2026-05-07 10:23:59.894 8 INFO neutron.db.ovn_revision_numbers_db [None req-2a6ba497-6ece-4401-9769-aca28b073187 0fd2264489da40c69ec741ad0db77594 e614dacbb71844c6b7d6804d5f5a75a7 - - default default] Successfully bumped revision number for resource 059ac256-1970-475d-8a27-5d2eb48115f9 (type: subnets) to 0 [pid: 8|app: 0|req: 286/571] 10.0.0.131 () {34 vars in 668 bytes} [Thu May 7 10:23:59 2026] POST /v2.0/subnets => generated 696 bytes in 551 msecs (HTTP/1.1 201) 4 headers in 162 bytes (1 switches on core 0) [pid: 8|app: 0|req: 287/572] 10.0.0.137 () {28 vars in 582 bytes} [Thu May 7 10:23:59 2026] GET /v2.0/routers => generated 15 bytes in 133 msecs (HTTP/1.1 200) 4 headers in 156 bytes (1 switches on core 0)
2026-05-07 10:24:00.066 7 INFO neutron.db.ovn_revision_numbers_db [None req-ce00805d-31ca-4641-8ba0-b5eebe2cf135 0fd2264489da40c69ec741ad0db77594 e614dacbb71844c6b7d6804d5f5a75a7 - - default default] Successfully bumped revision number for resource e9bfb33a-f8dd-464f-bd11-2196f56b1c5b (type: ports) to 2
2026-05-07 10:24:00.094 7 INFO neutron.db.ovn_revision_numbers_db [None req-ce00805d-31ca-4641-8ba0-b5eebe2cf135 0fd2264489da40c69ec741ad0db77594 e614dacbb71844c6b7d6804d5f5a75a7 - - default default] Successfully bumped revision number for resource ae19043e-1c29-4275-a44e-ff45ceeaef7f (type: subnets) to 0 [pid: 7|app: 0|req: 286/573] 10.0.0.131 () {34 vars in 668 bytes} [Thu May 7 10:23:59 2026] POST /v2.0/subnets => generated 691 bytes in 547 msecs (HTTP/1.1 201) 4 headers in 162 bytes (1 switches on core 0) [pid: 8|app: 0|req: 288/574] 10.0.0.131 () {32 vars in 739 bytes} [Thu May 7 10:24:00 2026] DELETE /v2.0/security-groups/ab1e8a04-49d1-4041-8108-f329be661812 => generated 0 bytes in 155 msecs (HTTP/1.1 204) 2 headers in 112 bytes (1 switches on core 0)
2026-05-07 10:24:00.358 8 WARNING neutron.db.securitygroups_db [None req-69cb7810-1ab4-4c76-99d8-bcbf9f64890f 0fd2264489da40c69ec741ad0db77594 e614dacbb71844c6b7d6804d5f5a75a7 - - default default] project_id key not found in filters, using tenant_id instead. This support has been deprecated and will be removed in a future release.
2026-05-07 10:24:00.465 8 INFO neutron.db.ovn_revision_numbers_db [None req-69cb7810-1ab4-4c76-99d8-bcbf9f64890f 0fd2264489da40c69ec741ad0db77594 e614dacbb71844c6b7d6804d5f5a75a7 - - default default] Successfully bumped revision number for resource 8e4805d8-1cee-4726-962c-eb5c22192aee (type: security_groups) to 1
2026-05-07 10:24:00.481 8 INFO neutron.db.ovn_revision_numbers_db [None req-69cb7810-1ab4-4c76-99d8-bcbf9f64890f 0fd2264489da40c69ec741ad0db77594 e614dacbb71844c6b7d6804d5f5a75a7 - - default default] Successfully bumped revision number for resource 836242da-b98a-4535-89f0-03d56c184e95 (type: security_group_rules) to 0
2026-05-07 10:24:00.492 8 INFO neutron.db.ovn_revision_numbers_db [None req-69cb7810-1ab4-4c76-99d8-bcbf9f64890f 0fd2264489da40c69ec741ad0db77594 e614dacbb71844c6b7d6804d5f5a75a7 - - default default] Successfully bumped revision number for resource b079cb6a-cb48-4aac-99e4-d71b4f55c1bb (type: security_group_rules) to 0
2026-05-07 10:24:00.505 8 INFO neutron.db.ovn_revision_numbers_db [None req-69cb7810-1ab4-4c76-99d8-bcbf9f64890f 0fd2264489da40c69ec741ad0db77594 e614dacbb71844c6b7d6804d5f5a75a7 - - default default] Successfully bumped revision number for resource b12fb6fe-d5a6-4658-a4ba-032e703489a1 (type: security_group_rules) to 0
2026-05-07 10:24:00.516 8 INFO neutron.db.ovn_revision_numbers_db [None req-69cb7810-1ab4-4c76-99d8-bcbf9f64890f 0fd2264489da40c69ec741ad0db77594 e614dacbb71844c6b7d6804d5f5a75a7 - - default default] Successfully bumped revision number for resource fa0c2b6e-856f-4b80-9053-821003297fa9 (type: security_group_rules) to 0 [pid: 8|app: 0|req: 289/575] 10.0.0.131 () {32 vars in 773 bytes} [Thu May 7 10:24:00 2026] GET /v2.0/security-groups?tenant_id=20c15a3420d842619f1ce6fbe7c498ea&name=default => generated 2921 bytes in 358 msecs (HTTP/1.1 200) 4 headers in 158 bytes (1 switches on core 0) [pid: 8|app: 0|req: 290/576] 10.0.0.137 () {28 vars in 623 bytes} [Thu May 7 10:24:00 2026] GET /v2.0/agents?binary=ovn-controller => generated 416 bytes in 10 msecs (HTTP/1.1 200) 4 headers in 157 bytes (1 switches on core 0)
2026-05-07 10:24:00.586 7 WARNING neutron.scheduler.dhcp_agent_scheduler [None req-692bbcd4-fb46-48dd-a435-93fc42c2293c 0fd2264489da40c69ec741ad0db77594 e614dacbb71844c6b7d6804d5f5a75a7 - - default default] No more DHCP agents
2026-05-07 10:24:00.587 7 WARNING neutron.api.rpc.agentnotifiers.dhcp_rpc_agent_api [None req-692bbcd4-fb46-48dd-a435-93fc42c2293c 0fd2264489da40c69ec741ad0db77594 e614dacbb71844c6b7d6804d5f5a75a7 - - default default] Unable to schedule network 8dc76a5f-d708-4334-8b0f-bd405d498f6d: no agents available; will retry on subsequent port and subnet creation events.
2026-05-07 10:24:00.666 8 INFO neutron.plugins.ml2.drivers.ovn.mech_driver.mech_driver [None req-0d702fe6-34bd-4c5e-bc73-219007fd8aa5 - - - - - -] OVN reports status down for port: af60e473-c65b-4664-b65a-5f1d145b64d5
2026-05-07 10:24:00.694 7 INFO neutron.db.ovn_revision_numbers_db [None req-692bbcd4-fb46-48dd-a435-93fc42c2293c 0fd2264489da40c69ec741ad0db77594 e614dacbb71844c6b7d6804d5f5a75a7 - - default default] Successfully bumped revision number for resource af60e473-c65b-4664-b65a-5f1d145b64d5 (type: ports) to 1
2026-05-07 10:24:01.019 7 INFO neutron.plugins.ml2.drivers.ovn.mech_driver.ovsdb.extensions.qos [None req-692bbcd4-fb46-48dd-a435-93fc42c2293c 0fd2264489da40c69ec741ad0db77594 e614dacbb71844c6b7d6804d5f5a75a7 - - default default] Starting OVNClientQosExtension
2026-05-07 10:24:01.129 8 WARNING neutron.scheduler.dhcp_agent_scheduler [None req-ae662120-f312-4c79-a85f-c144cda3ab82 0fd2264489da40c69ec741ad0db77594 e614dacbb71844c6b7d6804d5f5a75a7 - - default default] No more DHCP agents
2026-05-07 10:24:01.130 8 WARNING neutron.api.rpc.agentnotifiers.dhcp_rpc_agent_api [None req-ae662120-f312-4c79-a85f-c144cda3ab82 0fd2264489da40c69ec741ad0db77594 e614dacbb71844c6b7d6804d5f5a75a7 - - default default] Unable to schedule network 8dc76a5f-d708-4334-8b0f-bd405d498f6d: no agents available; will retry on subsequent port and subnet creation events.
2026-05-07 10:24:01.210 8 INFO neutron.plugins.ml2.drivers.ovn.mech_driver.mech_driver [None req-0d702fe6-34bd-4c5e-bc73-219007fd8aa5 - - - - - -] OVN reports status down for port: c4e6f62d-5b40-4593-9138-fc773241b6c5
2026-05-07 10:24:01.269 8 INFO neutron.db.ovn_revision_numbers_db [None req-ae662120-f312-4c79-a85f-c144cda3ab82 0fd2264489da40c69ec741ad0db77594 e614dacbb71844c6b7d6804d5f5a75a7 - - default default] Successfully bumped revision number for resource c4e6f62d-5b40-4593-9138-fc773241b6c5 (type: ports) to 1
2026-05-07 10:24:01.336 7 INFO neutron.plugins.ml2.drivers.ovn.mech_driver.ovsdb.ovsdb_monitor [-] Router 63cdb074-b537-4fc5-b98c-c57238bbe784 is bound to host instance
2026-05-07 10:24:01.346 8 INFO neutron.plugins.ml2.drivers.ovn.mech_driver.ovsdb.extensions.qos [None req-0d702fe6-34bd-4c5e-bc73-219007fd8aa5 - - - - - -] Starting OVNClientQosExtension
2026-05-07 10:24:01.352 8 INFO neutron.plugins.ml2.drivers.ovn.mech_driver.mech_driver [None req-0d702fe6-34bd-4c5e-bc73-219007fd8aa5 - - - - - -] OVN reports status up for port: af60e473-c65b-4664-b65a-5f1d145b64d5
2026-05-07 10:24:01.382 8 INFO neutron.plugins.ml2.plugin [None req-0d702fe6-34bd-4c5e-bc73-219007fd8aa5 - - - - - -] Attempt 1 to provision port af60e473-c65b-4664-b65a-5f1d145b64d5
2026-05-07 10:24:01.398 7 INFO neutron.db.ovn_revision_numbers_db [None req-692bbcd4-fb46-48dd-a435-93fc42c2293c 0fd2264489da40c69ec741ad0db77594 e614dacbb71844c6b7d6804d5f5a75a7 - - default default] Successfully bumped revision number for resource af60e473-c65b-4664-b65a-5f1d145b64d5 (type: router_ports) to 1
2026-05-07 10:24:01.512 7 INFO neutron.db.ovn_revision_numbers_db [None req-692bbcd4-fb46-48dd-a435-93fc42c2293c 0fd2264489da40c69ec741ad0db77594 e614dacbb71844c6b7d6804d5f5a75a7 - - default default] Successfully bumped revision number for resource 63cdb074-b537-4fc5-b98c-c57238bbe784 (type: routers) to 2 [pid: 7|app: 0|req: 287/577] 10.0.0.131 () {34 vars in 668 bytes} [Thu May 7 10:24:00 2026] POST /v2.0/routers => generated 995 bytes in 1433 msecs (HTTP/1.1 201) 4 headers in 162 bytes (1 switches on core 0) [pid: 7|app: 0|req: 288/578] 10.0.0.131 () {32 vars in 739 bytes} [Thu May 7 10:24:01 2026] DELETE /v2.0/security-groups/8e4805d8-1cee-4726-962c-eb5c22192aee => generated 0 bytes in 312 msecs (HTTP/1.1 204) 2 headers in 112 bytes (1 switches on core 0) [pid: 7|app: 0|req: 289/579] 10.0.0.137 () {28 vars in 590 bytes} [Thu May 7 10:24:01 2026] GET /v2.0/floatingips => generated 19 bytes in 31 msecs (HTTP/1.1 200) 4 headers in 156 bytes (1 switches on core 0)
2026-05-07 10:24:02.109 8 INFO neutron.db.ovn_revision_numbers_db [None req-ae662120-f312-4c79-a85f-c144cda3ab82 0fd2264489da40c69ec741ad0db77594 e614dacbb71844c6b7d6804d5f5a75a7 - - default default] Successfully bumped revision number for resource c4e6f62d-5b40-4593-9138-fc773241b6c5 (type: router_ports) to 1
2026-05-07 10:24:02.173 8 INFO neutron.db.ovn_revision_numbers_db [None req-ae662120-f312-4c79-a85f-c144cda3ab82 0fd2264489da40c69ec741ad0db77594 e614dacbb71844c6b7d6804d5f5a75a7 - - default default] Successfully bumped revision number for resource 857d29e2-4e0a-4f5c-8c77-c641a6803861 (type: routers) to 2 [pid: 8|app: 0|req: 291/580] 10.0.0.131 () {34 vars in 668 bytes} [Thu May 7 10:24:00 2026] POST /v2.0/routers => generated 990 bytes in 1624 msecs (HTTP/1.1 201) 4 headers in 162 bytes (1 switches on core 0)
2026-05-07 10:24:02.497 8 INFO neutron.db.ovn_revision_numbers_db [None req-9db7f2e1-3e97-4f8c-b1fd-164feae69775 0fd2264489da40c69ec741ad0db77594 e614dacbb71844c6b7d6804d5f5a75a7 - - default default] Successfully bumped revision number for resource bd99cdf2-91e9-4c6a-998f-fb839a2fd630 (type: security_groups) to 1
2026-05-07 10:24:02.506 8 INFO neutron.db.ovn_revision_numbers_db [None req-9db7f2e1-3e97-4f8c-b1fd-164feae69775 0fd2264489da40c69ec741ad0db77594 e614dacbb71844c6b7d6804d5f5a75a7 - - default default] Successfully bumped revision number for resource 4a8be4ec-a26c-4e95-9b19-49051946f449 (type: security_group_rules) to 0
2026-05-07 10:24:02.519 8 INFO neutron.db.ovn_revision_numbers_db [None req-9db7f2e1-3e97-4f8c-b1fd-164feae69775 0fd2264489da40c69ec741ad0db77594 e614dacbb71844c6b7d6804d5f5a75a7 - - default default] Successfully bumped revision number for resource 5b9503f2-01bb-44e3-8b34-7e6768a06985 (type: security_group_rules) to 0
2026-05-07 10:24:02.529 8 INFO neutron.db.ovn_revision_numbers_db [None req-9db7f2e1-3e97-4f8c-b1fd-164feae69775 0fd2264489da40c69ec741ad0db77594 e614dacbb71844c6b7d6804d5f5a75a7 - - default default] Successfully bumped revision number for resource a2da72a5-9aad-431e-871b-c330fc97add2 (type: security_group_rules) to 0
2026-05-07 10:24:02.540 8 INFO neutron.db.ovn_revision_numbers_db [None req-9db7f2e1-3e97-4f8c-b1fd-164feae69775 0fd2264489da40c69ec741ad0db77594 e614dacbb71844c6b7d6804d5f5a75a7 - - default default] Successfully bumped revision number for resource fcfa4e75-5c81-4830-8650-7b2e28e69714 (type: security_group_rules) to 0
2026-05-07 10:24:02.606 8 INFO neutron.db.segments_db [None req-9db7f2e1-3e97-4f8c-b1fd-164feae69775 0fd2264489da40c69ec741ad0db77594 e614dacbb71844c6b7d6804d5f5a75a7 - - default default] Added segment de520c8f-703b-4cc4-9338-6bf764e2f847 of type geneve for network c5bd5629-7803-49f7-a73a-ce4a521f36d8
2026-05-07 10:24:02.674 7 WARNING neutron.scheduler.dhcp_agent_scheduler [None req-3e6c07ba-f61b-4e83-a8a9-c2324b78139a 0fd2264489da40c69ec741ad0db77594 e614dacbb71844c6b7d6804d5f5a75a7 - - default default] No more DHCP agents
2026-05-07 10:24:02.678 7 WARNING neutron.api.rpc.agentnotifiers.dhcp_rpc_agent_api [None req-3e6c07ba-f61b-4e83-a8a9-c2324b78139a 0fd2264489da40c69ec741ad0db77594 e614dacbb71844c6b7d6804d5f5a75a7 - - default default] Unable to schedule network e5cfa5ab-4b15-4f68-aa97-5f3a480a158d: no agents available; will retry on subsequent port and subnet creation events.
2026-05-07 10:24:02.691 7 INFO neutron.db.ovn_revision_numbers_db [None req-307173eb-8cb7-4001-b572-458417363d48 - - - - - -] Successfully bumped revision number for resource af60e473-c65b-4664-b65a-5f1d145b64d5 (type: ports) to 4
2026-05-07 10:24:02.702 8 INFO neutron.db.ovn_revision_numbers_db [None req-9db7f2e1-3e97-4f8c-b1fd-164feae69775 0fd2264489da40c69ec741ad0db77594 e614dacbb71844c6b7d6804d5f5a75a7 - - default default] Successfully bumped revision number for resource c5bd5629-7803-49f7-a73a-ce4a521f36d8 (type: networks) to 1
2026-05-07 10:24:02.822 7 INFO neutron.plugins.ml2.drivers.ovn.mech_driver.mech_driver [None req-401c79bc-30a8-4115-9a30-036781621f98 - - - - - -] OVN reports status down for port: 7c3086fb-ac65-4f2a-a66a-db437fac65e3
2026-05-07 10:24:02.839 8 WARNING neutron.scheduler.dhcp_agent_scheduler [None req-9db7f2e1-3e97-4f8c-b1fd-164feae69775 0fd2264489da40c69ec741ad0db77594 e614dacbb71844c6b7d6804d5f5a75a7 - - default default] No more DHCP agents
2026-05-07 10:24:02.841 8 WARNING neutron.api.rpc.agentnotifiers.dhcp_rpc_agent_api [None req-9db7f2e1-3e97-4f8c-b1fd-164feae69775 0fd2264489da40c69ec741ad0db77594 e614dacbb71844c6b7d6804d5f5a75a7 - - default default] Unable to schedule network c5bd5629-7803-49f7-a73a-ce4a521f36d8: no agents available; will retry on subsequent port and subnet creation events.
2026-05-07 10:24:02.914 8 INFO neutron.db.ovn_revision_numbers_db [None req-9db7f2e1-3e97-4f8c-b1fd-164feae69775 0fd2264489da40c69ec741ad0db77594 e614dacbb71844c6b7d6804d5f5a75a7 - - default default] Successfully bumped revision number for resource 30091a8e-f192-4c26-b10a-503a443da08a (type: ports) to 1 [pid: 8|app: 0|req: 292/581] 10.0.0.131 () {34 vars in 670 bytes} [Thu May 7 10:24:02 2026] POST /v2.0/networks => generated 786 bytes in 742 msecs (HTTP/1.1 201) 4 headers in 162 bytes (1 switches on core 0) [pid: 8|app: 0|req: 293/582] 10.0.0.137 () {28 vars in 618 bytes} [Thu May 7 10:24:02 2026] GET /v2.0/network-ip-availabilities => generated 3871 bytes in 18 msecs (HTTP/1.1 200) 4 headers in 158 bytes (1 switches on core 0)
2026-05-07 10:24:02.954 8 WARNING neutron.db.securitygroups_db [None req-5f943432-39db-4cb2-bdf2-7a554e39dda1 0fd2264489da40c69ec741ad0db77594 e614dacbb71844c6b7d6804d5f5a75a7 - - default default] project_id key not found in filters, using tenant_id instead. This support has been deprecated and will be removed in a future release.
2026-05-07 10:24:03.053 8 INFO neutron.db.ovn_revision_numbers_db [None req-5f943432-39db-4cb2-bdf2-7a554e39dda1 0fd2264489da40c69ec741ad0db77594 e614dacbb71844c6b7d6804d5f5a75a7 - - default default] Successfully bumped revision number for resource 1d3d5306-91c9-44ab-aea0-d05b6cb0ae9a (type: security_groups) to 1
2026-05-07 10:24:03.065 8 INFO neutron.db.ovn_revision_numbers_db [None req-5f943432-39db-4cb2-bdf2-7a554e39dda1 0fd2264489da40c69ec741ad0db77594 e614dacbb71844c6b7d6804d5f5a75a7 - - default default] Successfully bumped revision number for resource 24e5fac7-a0ae-4032-af7e-90df557c7a3e (type: security_group_rules) to 0
2026-05-07 10:24:03.075 8 INFO neutron.db.ovn_revision_numbers_db [None req-5f943432-39db-4cb2-bdf2-7a554e39dda1 0fd2264489da40c69ec741ad0db77594 e614dacbb71844c6b7d6804d5f5a75a7 - - default default] Successfully bumped revision number for resource 8285130e-ecfe-413b-ab47-6c795e8ceb93 (type: security_group_rules) to 0
2026-05-07 10:24:03.085 8 INFO neutron.db.ovn_revision_numbers_db [None req-5f943432-39db-4cb2-bdf2-7a554e39dda1 0fd2264489da40c69ec741ad0db77594 e614dacbb71844c6b7d6804d5f5a75a7 - - default default] Successfully bumped revision number for resource 91874840-793d-4b45-9d1b-a8003a19361c (type: security_group_rules) to 0
2026-05-07 10:24:03.094 8 INFO neutron.db.ovn_revision_numbers_db [None req-5f943432-39db-4cb2-bdf2-7a554e39dda1 0fd2264489da40c69ec741ad0db77594 e614dacbb71844c6b7d6804d5f5a75a7 - - default default] Successfully bumped revision number for resource ac7a5335-a580-4cdb-8bc5-495edd2c64f5 (type: security_group_rules) to 0 [pid: 8|app: 0|req: 294/583] 10.0.0.131 () {32 vars in 773 bytes} [Thu May 7 10:24:02 2026] GET /v2.0/security-groups?tenant_id=8b79aee4eec34f45b412d9542ee09a48&name=default => generated 2921 bytes in 179 msecs (HTTP/1.1 200) 4 headers in 158 bytes (1 switches on core 0)
2026-05-07 10:24:03.228 7 INFO neutron.db.ovn_revision_numbers_db [None req-3e6c07ba-f61b-4e83-a8a9-c2324b78139a 0fd2264489da40c69ec741ad0db77594 e614dacbb71844c6b7d6804d5f5a75a7 - - default default] Successfully bumped revision number for resource 7c3086fb-ac65-4f2a-a66a-db437fac65e3 (type: ports) to 1
2026-05-07 10:24:03.286 7 INFO neutron.plugins.ml2.drivers.ovn.mech_driver.mech_driver [None req-401c79bc-30a8-4115-9a30-036781621f98 - - - - - -] OVN reports status down for port: 30091a8e-f192-4c26-b10a-503a443da08a
2026-05-07 10:24:03.536 8 WARNING neutron.scheduler.dhcp_agent_scheduler [None req-6b8a3c01-429d-4b62-9b86-964586dd1a6e 0fd2264489da40c69ec741ad0db77594 e614dacbb71844c6b7d6804d5f5a75a7 - - default default] No more DHCP agents
2026-05-07 10:24:03.537 8 WARNING neutron.api.rpc.agentnotifiers.dhcp_rpc_agent_api [None req-6b8a3c01-429d-4b62-9b86-964586dd1a6e 0fd2264489da40c69ec741ad0db77594 e614dacbb71844c6b7d6804d5f5a75a7 - - default default] Unable to schedule network b51b720b-c78d-48a0-affb-796a4ed56ee9: no agents available; will retry on subsequent port and subnet creation events.
2026-05-07 10:24:03.657 8 INFO neutron.db.ovn_revision_numbers_db [None req-6b8a3c01-429d-4b62-9b86-964586dd1a6e 0fd2264489da40c69ec741ad0db77594 e614dacbb71844c6b7d6804d5f5a75a7 - - default default] Successfully bumped revision number for resource 155e9803-533f-4b64-9a45-e94a4ccfc0b6 (type: ports) to 1
2026-05-07 10:24:03.761 7 INFO neutron.db.ovn_revision_numbers_db [None req-307173eb-8cb7-4001-b572-458417363d48 - - - - - -] Successfully bumped revision number for resource af60e473-c65b-4664-b65a-5f1d145b64d5 (type: ports) to 5
2026-05-07 10:24:03.901 7 INFO neutron.plugins.ml2.drivers.ovn.mech_driver.ovsdb.ovsdb_monitor [None req-307173eb-8cb7-4001-b572-458417363d48 - - - - - -] Router 857d29e2-4e0a-4f5c-8c77-c641a6803861 is bound to host instance
2026-05-07 10:24:04.366 7 INFO neutron.plugins.ml2.drivers.ovn.mech_driver.mech_driver [None req-401c79bc-30a8-4115-9a30-036781621f98 - - - - - -] OVN reports status up for port: 7c3086fb-ac65-4f2a-a66a-db437fac65e3
2026-05-07 10:24:04.383 8 INFO neutron.plugins.ml2.drivers.ovn.mech_driver.mech_driver [None req-0d702fe6-34bd-4c5e-bc73-219007fd8aa5 - - - - - -] OVN reports status up for port: c4e6f62d-5b40-4593-9138-fc773241b6c5
2026-05-07 10:24:04.409 8 INFO neutron.plugins.ml2.plugin [None req-0d702fe6-34bd-4c5e-bc73-219007fd8aa5 - - - - - -] Attempt 1 to provision port c4e6f62d-5b40-4593-9138-fc773241b6c5
2026-05-07 10:24:04.417 7 INFO neutron.plugins.ml2.plugin [None req-401c79bc-30a8-4115-9a30-036781621f98 - - - - - -] Attempt 1 to provision port 7c3086fb-ac65-4f2a-a66a-db437fac65e3
2026-05-07 10:24:04.488 8 INFO neutron.plugins.ml2.drivers.ovn.mech_driver.mech_driver [None req-0d702fe6-34bd-4c5e-bc73-219007fd8aa5 - - - - - -] OVN reports status down for port: 155e9803-533f-4b64-9a45-e94a4ccfc0b6
2026-05-07 10:24:04.562 7 WARNING neutron.scheduler.dhcp_agent_scheduler [None req-3e6c07ba-f61b-4e83-a8a9-c2324b78139a 0fd2264489da40c69ec741ad0db77594 e614dacbb71844c6b7d6804d5f5a75a7 - - default default] No more DHCP agents
2026-05-07 10:24:04.566 7 WARNING neutron.api.rpc.agentnotifiers.dhcp_rpc_agent_api [None req-3e6c07ba-f61b-4e83-a8a9-c2324b78139a 0fd2264489da40c69ec741ad0db77594 e614dacbb71844c6b7d6804d5f5a75a7 - - default default] Unable to schedule network e5cfa5ab-4b15-4f68-aa97-5f3a480a158d: no agents available; will retry on subsequent port and subnet creation events.
2026-05-07 10:24:04.675 8 INFO neutron.plugins.ml2.drivers.ovn.mech_driver.mech_driver [None req-0d702fe6-34bd-4c5e-bc73-219007fd8aa5 - - - - - -] OVN reports status up for port: 155e9803-533f-4b64-9a45-e94a4ccfc0b6
2026-05-07 10:24:04.700 8 INFO neutron.plugins.ml2.plugin [None req-0d702fe6-34bd-4c5e-bc73-219007fd8aa5 - - - - - -] Attempt 1 to provision port 155e9803-533f-4b64-9a45-e94a4ccfc0b6
2026-05-07 10:24:04.791 8 WARNING neutron.scheduler.dhcp_agent_scheduler [None req-6b8a3c01-429d-4b62-9b86-964586dd1a6e 0fd2264489da40c69ec741ad0db77594 e614dacbb71844c6b7d6804d5f5a75a7 - - default default] No more DHCP agents
2026-05-07 10:24:04.794 8 WARNING neutron.api.rpc.agentnotifiers.dhcp_rpc_agent_api [None req-6b8a3c01-429d-4b62-9b86-964586dd1a6e 0fd2264489da40c69ec741ad0db77594 e614dacbb71844c6b7d6804d5f5a75a7 - - default default] Unable to schedule network b51b720b-c78d-48a0-affb-796a4ed56ee9: no agents available; will retry on subsequent port and subnet creation events.
2026-05-07 10:24:05.370 8 INFO neutron.db.ovn_revision_numbers_db [None req-0d702fe6-34bd-4c5e-bc73-219007fd8aa5 - - - - - -] Successfully bumped revision number for resource 155e9803-533f-4b64-9a45-e94a4ccfc0b6 (type: ports) to 2
2026-05-07 10:24:05.514 7 INFO neutron.db.ovn_revision_numbers_db [None req-401c79bc-30a8-4115-9a30-036781621f98 - - - - - -] Successfully bumped revision number for resource 7c3086fb-ac65-4f2a-a66a-db437fac65e3 (type: ports) to 2
2026-05-07 10:24:05.634 8 INFO neutron.db.ovn_revision_numbers_db [None req-6b8a3c01-429d-4b62-9b86-964586dd1a6e 0fd2264489da40c69ec741ad0db77594 e614dacbb71844c6b7d6804d5f5a75a7 - - default default] Successfully bumped revision number for resource 155e9803-533f-4b64-9a45-e94a4ccfc0b6 (type: router_ports) to 1 [pid: 8|app: 0|req: 295/584] 10.0.0.131 () {34 vars in 782 bytes} [Thu May 7 10:24:03 2026] PUT /v2.0/routers/857d29e2-4e0a-4f5c-8c77-c641a6803861/add_router_interface => generated 310 bytes in 2507 msecs (HTTP/1.1 200) 4 headers in 157 bytes (1 switches on core 0)
2026-05-07 10:24:05.786 7 INFO neutron.db.ovn_revision_numbers_db [None req-3e6c07ba-f61b-4e83-a8a9-c2324b78139a 0fd2264489da40c69ec741ad0db77594 e614dacbb71844c6b7d6804d5f5a75a7 - - default default] Successfully bumped revision number for resource 7c3086fb-ac65-4f2a-a66a-db437fac65e3 (type: router_ports) to 1 [pid: 7|app: 0|req: 290/585] 10.0.0.131 () {34 vars in 782 bytes} [Thu May 7 10:24:01 2026] PUT /v2.0/routers/63cdb074-b537-4fc5-b98c-c57238bbe784/add_router_interface => generated 310 bytes in 3905 msecs (HTTP/1.1 200) 4 headers in 157 bytes (1 switches on core 0)
2026-05-07 10:24:05.812 8 WARNING neutron.scheduler.dhcp_agent_scheduler [None req-5e62ba6a-1667-4884-be84-3884e8da0625 0fd2264489da40c69ec741ad0db77594 e614dacbb71844c6b7d6804d5f5a75a7 - - default default] No more DHCP agents
2026-05-07 10:24:05.813 8 WARNING neutron.api.rpc.agentnotifiers.dhcp_rpc_agent_api [None req-5e62ba6a-1667-4884-be84-3884e8da0625 0fd2264489da40c69ec741ad0db77594 e614dacbb71844c6b7d6804d5f5a75a7 - - default default] Unable to schedule network c5bd5629-7803-49f7-a73a-ce4a521f36d8: no agents available; will retry on subsequent port and subnet creation events. [pid: 7|app: 0|req: 291/586] 10.0.0.137 () {28 vars in 584 bytes} [Thu May 7 10:24:05 2026] GET /v2.0/networks => generated 4691 bytes in 122 msecs (HTTP/1.1 200) 4 headers in 158 bytes (1 switches on core 0)
2026-05-07 10:24:05.929 7 INFO neutron.db.ovn_revision_numbers_db [None req-ddb7960d-0145-41ba-ba43-abfd6dfead72 - - - - - -] Successfully bumped revision number for resource c4e6f62d-5b40-4593-9138-fc773241b6c5 (type: ports) to 4 [pid: 7|app: 0|req: 292/587] 10.0.0.131 () {32 vars in 739 bytes} [Thu May 7 10:24:05 2026] DELETE /v2.0/security-groups/1d3d5306-91c9-44ab-aea0-d05b6cb0ae9a => generated 0 bytes in 266 msecs (HTTP/1.1 204) 2 headers in 112 bytes (1 switches on core 0) [pid: 7|app: 0|req: 293/588] 10.0.0.137 () {28 vars in 582 bytes} [Thu May 7 10:24:06 2026] GET /v2.0/subnets => generated 3357 bytes in 84 msecs (HTTP/1.1 200) 4 headers in 158 bytes (1 switches on core 0)
2026-05-07 10:24:06.274 8 INFO neutron.db.ovn_revision_numbers_db [None req-5e62ba6a-1667-4884-be84-3884e8da0625 0fd2264489da40c69ec741ad0db77594 e614dacbb71844c6b7d6804d5f5a75a7 - - default default] Successfully bumped revision number for resource 30091a8e-f192-4c26-b10a-503a443da08a (type: ports) to 2
2026-05-07 10:24:06.304 8 INFO neutron.db.ovn_revision_numbers_db [None req-5e62ba6a-1667-4884-be84-3884e8da0625 0fd2264489da40c69ec741ad0db77594 e614dacbb71844c6b7d6804d5f5a75a7 - - default default] Successfully bumped revision number for resource 99909b5c-0f01-4203-9a04-566edb7d02eb (type: subnets) to 0 [pid: 8|app: 0|req: 296/589] 10.0.0.131 () {34 vars in 668 bytes} [Thu May 7 10:24:05 2026] POST /v2.0/subnets => generated 692 bytes in 682 msecs (HTTP/1.1 201) 4 headers in 162 bytes (1 switches on core 0) [pid: 8|app: 0|req: 297/590] 10.0.0.137 () {28 vars in 580 bytes} [Thu May 7 10:24:06 2026] GET /v2.0/agents => generated 1214 bytes in 11 msecs (HTTP/1.1 200) 4 headers in 158 bytes (1 switches on core 0)
2026-05-07 10:24:06.425 7 INFO neutron.db.ovn_revision_numbers_db [None req-ddb7960d-0145-41ba-ba43-abfd6dfead72 - - - - - -] Successfully bumped revision number for resource c4e6f62d-5b40-4593-9138-fc773241b6c5 (type: ports) to 5
2026-05-07 10:24:06.462 7 INFO neutron.db.ovn_revision_numbers_db [None req-6f6cb9d2-7628-4b3b-a8ad-ca2a3c83a2e0 cc832dfabedc41a3a5519fed16ddbfd4 f3c6e71eecaf4316a4260ecc3ae7f902 - - default default] Successfully bumped revision number for resource e5c12b47-2057-4d8f-840a-c80c211dd246 (type: security_groups) to 1
2026-05-07 10:24:06.479 7 INFO neutron.db.ovn_revision_numbers_db [None req-6f6cb9d2-7628-4b3b-a8ad-ca2a3c83a2e0 cc832dfabedc41a3a5519fed16ddbfd4 f3c6e71eecaf4316a4260ecc3ae7f902 - - default default] Successfully bumped revision number for resource 20bada11-9839-41a0-bb62-2ad126872c2d (type: security_group_rules) to 0
2026-05-07 10:24:06.500 7 INFO neutron.db.ovn_revision_numbers_db [None req-6f6cb9d2-7628-4b3b-a8ad-ca2a3c83a2e0 cc832dfabedc41a3a5519fed16ddbfd4 f3c6e71eecaf4316a4260ecc3ae7f902 - - default default] Successfully bumped revision number for resource 94aded87-107f-49a2-a6c4-a1cf043dc58d (type: security_group_rules) to 0 [pid: 7|app: 0|req: 294/591] 10.0.0.131 () {34 vars in 684 bytes} [Thu May 7 10:24:06 2026] POST /v2.0/security-groups => generated 1657 bytes in 273 msecs (HTTP/1.1 201) 4 headers in 163 bytes (1 switches on core 0) [pid: 7|app: 0|req: 295/592] 10.0.0.137 () {28 vars in 582 bytes} [Thu May 7 10:24:06 2026] GET /v2.0/subnets => generated 3357 bytes in 29 msecs (HTTP/1.1 200) 4 headers in 158 bytes (1 switches on core 0)
2026-05-07 10:24:06.651 7 INFO neutron.db.ovn_revision_numbers_db [None req-d615c3c9-195a-4f1e-89e5-f1491cf20bee cc832dfabedc41a3a5519fed16ddbfd4 f3c6e71eecaf4316a4260ecc3ae7f902 - - default default] Successfully bumped revision number for resource 09de7c73-5a6f-4678-bbe8-8cf8235856d6 (type: security_group_rules) to 0 [pid: 7|app: 0|req: 296/593] 10.0.0.131 () {34 vars in 694 bytes} [Thu May 7 10:24:06 2026] POST /v2.0/security-group-rules => generated 597 bytes in 125 msecs (HTTP/1.1 201) 4 headers in 162 bytes (1 switches on core 0) [pid: 7|app: 0|req: 297/594] 10.0.0.137 () {28 vars in 590 bytes} [Thu May 7 10:24:06 2026] GET /v2.0/subnetpools => generated 19 bytes in 10 msecs (HTTP/1.1 200) 4 headers in 156 bytes (1 switches on core 0)
2026-05-07 10:24:06.713 8 WARNING neutron.scheduler.dhcp_agent_scheduler [None req-59fd4e04-a270-4b51-8c2d-9c6adf293074 0fd2264489da40c69ec741ad0db77594 e614dacbb71844c6b7d6804d5f5a75a7 - - default default] No more DHCP agents
2026-05-07 10:24:06.714 8 WARNING neutron.api.rpc.agentnotifiers.dhcp_rpc_agent_api [None req-59fd4e04-a270-4b51-8c2d-9c6adf293074 0fd2264489da40c69ec741ad0db77594 e614dacbb71844c6b7d6804d5f5a75a7 - - default default] Unable to schedule network 8dc76a5f-d708-4334-8b0f-bd405d498f6d: no agents available; will retry on subsequent port and subnet creation events.
2026-05-07 10:24:06.823 8 INFO neutron.db.ovn_revision_numbers_db [None req-59fd4e04-a270-4b51-8c2d-9c6adf293074 0fd2264489da40c69ec741ad0db77594 e614dacbb71844c6b7d6804d5f5a75a7 - - default default] Successfully bumped revision number for resource fd3844f0-a8e0-4ac0-8864-1df9f8222fc8 (type: ports) to 1
2026-05-07 10:24:06.890 7 INFO neutron.db.ovn_revision_numbers_db [req-8d74577f-59bf-4dfa-8303-ffd968311d1d req-2f5336ba-d1d8-4ee7-b720-b24d88c0c3d0 cdaecd04d43147da8935ce94814bd0e2 cc861aca1355430ba842d9bc35eacde6 - - default default] Successfully bumped revision number for resource b273621c-50f7-46b0-b564-67ec88687cf0 (type: security_groups) to 1
2026-05-07 10:24:06.898 7 INFO neutron.db.ovn_revision_numbers_db [req-8d74577f-59bf-4dfa-8303-ffd968311d1d req-2f5336ba-d1d8-4ee7-b720-b24d88c0c3d0 cdaecd04d43147da8935ce94814bd0e2 cc861aca1355430ba842d9bc35eacde6 - - default default] Successfully bumped revision number for resource 0f68449e-8baa-4ee4-9a8d-efa3f3ec2aaa (type: security_group_rules) to 0
2026-05-07 10:24:06.907 7 INFO neutron.db.ovn_revision_numbers_db [req-8d74577f-59bf-4dfa-8303-ffd968311d1d req-2f5336ba-d1d8-4ee7-b720-b24d88c0c3d0 cdaecd04d43147da8935ce94814bd0e2 cc861aca1355430ba842d9bc35eacde6 - - default default] Successfully bumped revision number for resource 7aa3aaa9-3cdc-4f68-aea2-6f0e0227d973 (type: security_group_rules) to 0 [pid: 7|app: 0|req: 298/595] 10.0.0.84 () {38 vars in 969 bytes} [Thu May 7 10:24:06 2026] POST /v2.0/security-groups => generated 1686 bytes in 227 msecs (HTTP/1.1 201) 4 headers in 163 bytes (1 switches on core 0)
2026-05-07 10:24:07.013 7 INFO neutron.db.ovn_revision_numbers_db [None req-973b1f08-f62d-4ab8-af47-c48399c81732 cc832dfabedc41a3a5519fed16ddbfd4 f3c6e71eecaf4316a4260ecc3ae7f902 - - default default] Successfully bumped revision number for resource b4233587-2a07-4987-b004-e5275d09d018 (type: security_group_rules) to 0 [pid: 7|app: 0|req: 299/596] 10.0.0.131 () {34 vars in 694 bytes} [Thu May 7 10:24:06 2026] POST /v2.0/security-group-rules => generated 602 bytes in 110 msecs (HTTP/1.1 201) 4 headers in 162 bytes (1 switches on core 0) [pid: 7|app: 0|req: 300/597] 10.0.0.137 () {28 vars in 598 bytes} [Thu May 7 10:24:07 2026] GET /v2.0/security-groups => generated 30629 bytes in 49 msecs (HTTP/1.1 200) 4 headers in 159 bytes (1 switches on core 0)
2026-05-07 10:24:07.291 7 WARNING neutron.scheduler.dhcp_agent_scheduler [None req-ca7a96f9-31e0-4657-86e3-38b3968513fc cc832dfabedc41a3a5519fed16ddbfd4 f3c6e71eecaf4316a4260ecc3ae7f902 - - default default] No more DHCP agents
