2026-05-09 22:53:27.320 7 INFO neutron.services.segments.plugin [-] Segment a36b04e4-a52d-4ee9-87c1-e7e8b4eb2c0f resource provider not found; error: Placement Client Error (4xx): {"errors": [{"status": 404, "title": "Not Found", "detail": "The resource could not be found.\n\n No resource provider with uuid a36b04e4-a52d-4ee9-87c1-e7e8b4eb2c0f found for delete ", "request_id": "req-5172ebbc-09e6-400e-b95c-2d0c50f9cdb7"}]} [pid: 7|app: 0|req: 494/1013] 10.0.0.8 () {32 vars in 724 bytes} [Sat May 9 22:53:27 2026] DELETE /v2.0/networks/de22ef7d-de75-4479-91f3-7dd0fec5dafb => generated 0 bytes in 320 msecs (HTTP/1.1 204) 3 headers in 131 bytes (1 switches on core 0) [pid: 7|app: 0|req: 495/1014] 199.204.45.23 () {34 vars in 1011 bytes} [Sat May 9 22:53:27 2026] GET /v2.0/networks/acbae8b0-32b3-426e-8de4-647b2ffa3a8a?fields=segments => generated 14 bytes in 38 msecs (HTTP/1.1 200) 4 headers in 156 bytes (1 switches on core 0) [pid: 7|app: 0|req: 496/1015] 199.204.45.23 () {34 vars in 1111 bytes} [Sat May 9 22:53:27 2026] GET /v2.0/networks/acbae8b0-32b3-426e-8de4-647b2ffa3a8a?fields=provider%3Aphysical_network&fields=provider%3Anetwork_type => generated 79 bytes in 40 msecs (HTTP/1.1 200) 4 headers in 156 bytes (1 switches on core 0) [pid: 7|app: 0|req: 497/1016] 10.0.0.8 () {32 vars in 772 bytes} [Sat May 9 22:53:27 2026] GET /v2.0/security-groups?tenant_id=443ce82bc4844d859448ca77d35177dd&name=default => generated 2925 bytes in 28 msecs (HTTP/1.1 200) 4 headers in 158 bytes (1 switches on core 0)
2026-05-09 22:53:27.554 8 INFO neutron.db.ovn_revision_numbers_db [None req-ee68728e-be59-462f-a24f-74c5843fae13 - - - - - -] Successfully bumped revision number for resource 605ef892-bdd1-456e-aa60-16965ff41a1c (type: ports) to 2
2026-05-09 22:53:27.588 8 INFO neutron.db.ovn_revision_numbers_db [None req-ee68728e-be59-462f-a24f-74c5843fae13 - - - - - -] Successfully bumped revision number for resource 805088c4-ea70-4f2e-9c9f-a18fc4f993cd (type: subnets) to 0 [pid: 8|app: 0|req: 520/1017] 10.0.0.8 () {34 vars in 667 bytes} [Sat May 9 22:53:26 2026] POST /v2.0/subnets => generated 694 bytes in 621 msecs (HTTP/1.1 201) 4 headers in 162 bytes (1 switches on core 0) [pid: 7|app: 0|req: 498/1018] 10.0.0.8 () {32 vars in 738 bytes} [Sat May 9 22:53:27 2026] DELETE /v2.0/security-groups/8cd54173-bfac-4790-99fd-bbff82ad3a01 => generated 0 bytes in 214 msecs (HTTP/1.1 204) 2 headers in 112 bytes (1 switches on core 0)
2026-05-09 22:53:27.983 8 WARNING neutron.scheduler.dhcp_agent_scheduler [None req-c3a71484-71be-4166-99c9-a5ad776f2258 989bd05b50bf4c5ea86c564230120ec1 b2b1a26845584fd8801efaf71ed40e6c - - default default] No more DHCP agents
2026-05-09 22:53:27.984 8 WARNING neutron.api.rpc.agentnotifiers.dhcp_rpc_agent_api [None req-c3a71484-71be-4166-99c9-a5ad776f2258 989bd05b50bf4c5ea86c564230120ec1 b2b1a26845584fd8801efaf71ed40e6c - - default default] Unable to schedule network 771b9129-0fc2-4915-bee9-e37f725a484e: no agents available; will retry on subsequent port and subnet creation events. [pid: 7|app: 0|req: 499/1019] 10.0.0.65 () {34 vars in 989 bytes} [Sat May 9 22:53:28 2026] GET /v2.0/ports?device_id=2c6515b6-1d44-41e5-8889-bd46199f99d5 => generated 969 bytes in 33 msecs (HTTP/1.1 200) 4 headers in 157 bytes (1 switches on core 0)
2026-05-09 22:53:28.101 7 INFO neutron.plugins.ml2.drivers.ovn.mech_driver.mech_driver [None req-ae119b95-f55c-46d8-947a-e5a7ca8f87b0 - - - - - -] OVN reports status down for port: dd565e39-0c1e-4f83-b07c-2f12e075d56c
2026-05-09 22:53:28.130 8 INFO neutron.db.ovn_revision_numbers_db [None req-c3a71484-71be-4166-99c9-a5ad776f2258 989bd05b50bf4c5ea86c564230120ec1 b2b1a26845584fd8801efaf71ed40e6c - - default default] Successfully bumped revision number for resource dd565e39-0c1e-4f83-b07c-2f12e075d56c (type: ports) to 1 [pid: 7|app: 0|req: 500/1020] 10.0.0.65 () {34 vars in 1039 bytes} [Sat May 9 22:53:28 2026] GET /v2.0/security-groups?id=0883cd07-deee-41e8-9c6a-d4895a926412&fields=id&fields=name => generated 88 bytes in 63 msecs (HTTP/1.1 200) 4 headers in 156 bytes (1 switches on core 0)
2026-05-09 22:53:28.668 8 INFO neutron.plugins.ml2.drivers.ovn.mech_driver.ovsdb.commands [None req-1bd9ccee-a24a-4826-b642-9575001f384d - - - - - -] Schedule LRP lrp-dd565e39-0c1e-4f83-b07c-2f12e075d56c on gateway 4c2035cd-768b-4f2e-b7df-eeb50e4b5939 with priority 1
2026-05-09 22:53:28.683 7 INFO neutron.plugins.ml2.drivers.ovn.mech_driver.mech_driver [None req-ae119b95-f55c-46d8-947a-e5a7ca8f87b0 - - - - - -] OVN reports status up for port: dd565e39-0c1e-4f83-b07c-2f12e075d56c
2026-05-09 22:53:28.694 8 INFO neutron.plugins.ml2.drivers.ovn.mech_driver.ovsdb.ovsdb_monitor [None req-d5961518-98eb-41b2-846e-d1cb8fbf3de5 - - - - - -] Router bc605767-85e7-452e-b941-34a66d926acf is bound to host instance
2026-05-09 22:53:28.716 7 INFO neutron.plugins.ml2.plugin [None req-ae119b95-f55c-46d8-947a-e5a7ca8f87b0 - - - - - -] Attempt 1 to provision port dd565e39-0c1e-4f83-b07c-2f12e075d56c
2026-05-09 22:53:28.734 8 INFO neutron.db.ovn_revision_numbers_db [None req-c3a71484-71be-4166-99c9-a5ad776f2258 989bd05b50bf4c5ea86c564230120ec1 b2b1a26845584fd8801efaf71ed40e6c - - default default] Successfully bumped revision number for resource dd565e39-0c1e-4f83-b07c-2f12e075d56c (type: router_ports) to 1
2026-05-09 22:53:29.237 8 INFO neutron.db.ovn_revision_numbers_db [None req-c3a71484-71be-4166-99c9-a5ad776f2258 989bd05b50bf4c5ea86c564230120ec1 b2b1a26845584fd8801efaf71ed40e6c - - default default] Successfully bumped revision number for resource bc605767-85e7-452e-b941-34a66d926acf (type: routers) to 2 [pid: 7|app: 0|req: 501/1021] 10.0.0.65 () {34 vars in 989 bytes} [Sat May 9 22:53:29 2026] GET /v2.0/ports?device_id=2c6515b6-1d44-41e5-8889-bd46199f99d5 => generated 969 bytes in 74 msecs (HTTP/1.1 200) 4 headers in 157 bytes (1 switches on core 0) [pid: 8|app: 0|req: 521/1022] 10.0.0.8 () {34 vars in 667 bytes} [Sat May 9 22:53:27 2026] POST /v2.0/routers => generated 972 bytes in 1658 msecs (HTTP/1.1 201) 4 headers in 162 bytes (1 switches on core 0) [pid: 8|app: 0|req: 522/1023] 10.0.0.65 () {34 vars in 1039 bytes} [Sat May 9 22:53:29 2026] GET /v2.0/security-groups?id=0883cd07-deee-41e8-9c6a-d4895a926412&fields=id&fields=name => generated 88 bytes in 59 msecs (HTTP/1.1 200) 4 headers in 156 bytes (1 switches on core 0)
2026-05-09 22:53:29.651 8 INFO neutron.db.ovn_revision_numbers_db [None req-ac71dd7c-1633-42ab-867b-29911d445daf 989bd05b50bf4c5ea86c564230120ec1 b2b1a26845584fd8801efaf71ed40e6c - - default default] Successfully bumped revision number for resource ee4aa55d-e8cc-4bca-96a9-615fe1c334d4 (type: security_groups) to 1
2026-05-09 22:53:29.671 7 WARNING neutron.scheduler.dhcp_agent_scheduler [None req-f824d9ea-24b4-46f8-af09-b022b67d14d4 989bd05b50bf4c5ea86c564230120ec1 b2b1a26845584fd8801efaf71ed40e6c - - default default] No more DHCP agents
2026-05-09 22:53:29.673 7 WARNING neutron.api.rpc.agentnotifiers.dhcp_rpc_agent_api [None req-f824d9ea-24b4-46f8-af09-b022b67d14d4 989bd05b50bf4c5ea86c564230120ec1 b2b1a26845584fd8801efaf71ed40e6c - - default default] Unable to schedule network 59b7569b-9779-44d0-8386-fa9247c38ee1: no agents available; will retry on subsequent port and subnet creation events.
2026-05-09 22:53:29.687 8 INFO neutron.db.ovn_revision_numbers_db [None req-ac71dd7c-1633-42ab-867b-29911d445daf 989bd05b50bf4c5ea86c564230120ec1 b2b1a26845584fd8801efaf71ed40e6c - - default default] Successfully bumped revision number for resource 0901b7da-bcd2-4334-9406-ca64df085d2e (type: security_group_rules) to 0
2026-05-09 22:53:29.710 8 INFO neutron.db.ovn_revision_numbers_db [None req-ac71dd7c-1633-42ab-867b-29911d445daf 989bd05b50bf4c5ea86c564230120ec1 b2b1a26845584fd8801efaf71ed40e6c - - default default] Successfully bumped revision number for resource 6f31c857-f5e4-4626-b61f-8b3055e46e9e (type: security_group_rules) to 0
2026-05-09 22:53:29.727 8 INFO neutron.db.ovn_revision_numbers_db [None req-ac71dd7c-1633-42ab-867b-29911d445daf 989bd05b50bf4c5ea86c564230120ec1 b2b1a26845584fd8801efaf71ed40e6c - - default default] Successfully bumped revision number for resource e3e9bda0-d65a-47f1-9915-b487b274f6d0 (type: security_group_rules) to 0
2026-05-09 22:53:29.753 8 INFO neutron.db.ovn_revision_numbers_db [None req-ac71dd7c-1633-42ab-867b-29911d445daf 989bd05b50bf4c5ea86c564230120ec1 b2b1a26845584fd8801efaf71ed40e6c - - default default] Successfully bumped revision number for resource f317bd31-e3b0-43ad-935e-a2d95bee43e6 (type: security_group_rules) to 0
2026-05-09 22:53:29.798 7 INFO neutron.db.ovn_revision_numbers_db [None req-f824d9ea-24b4-46f8-af09-b022b67d14d4 989bd05b50bf4c5ea86c564230120ec1 b2b1a26845584fd8801efaf71ed40e6c - - default default] Successfully bumped revision number for resource cc4b4b9d-39c3-45d7-9cc6-d5c6677f9665 (type: ports) to 1
2026-05-09 22:53:29.872 8 INFO neutron.db.segments_db [None req-ac71dd7c-1633-42ab-867b-29911d445daf 989bd05b50bf4c5ea86c564230120ec1 b2b1a26845584fd8801efaf71ed40e6c - - default default] Added segment 1556115d-4565-43fb-9428-48696fa4dce1 of type geneve for network 43785dad-0e24-42cc-acc2-858b9f881add
2026-05-09 22:53:30.051 8 INFO neutron.db.ovn_revision_numbers_db [None req-ac71dd7c-1633-42ab-867b-29911d445daf 989bd05b50bf4c5ea86c564230120ec1 b2b1a26845584fd8801efaf71ed40e6c - - default default] Successfully bumped revision number for resource 43785dad-0e24-42cc-acc2-858b9f881add (type: networks) to 1
2026-05-09 22:53:30.078 8 INFO neutron.plugins.ml2.drivers.ovn.mech_driver.mech_driver [None req-318b4751-4c2f-4173-a35c-e84d0c23a9f3 - - - - - -] OVN reports status up for port: fb8891e7-61d0-48f6-afd0-f8ea2ae9156d
2026-05-09 22:53:30.142 8 INFO neutron.plugins.ml2.plugin [None req-318b4751-4c2f-4173-a35c-e84d0c23a9f3 - - - - - -] Attempt 1 to provision port fb8891e7-61d0-48f6-afd0-f8ea2ae9156d
2026-05-09 22:53:30.545 8 INFO neutron.db.ovn_revision_numbers_db [None req-1d5e9cbc-b287-4a55-8fc6-635ea4bfce62 - - - - - -] Successfully bumped revision number for resource dd565e39-0c1e-4f83-b07c-2f12e075d56c (type: ports) to 4
2026-05-09 22:53:30.546 8 INFO neutron.notifiers.nova [-] Nova event matching ['req-38b764f6-f3df-4be6-b32e-762247938104'] response: {'server_uuid': '2c6515b6-1d44-41e5-8889-bd46199f99d5', 'name': 'network-vif-plugged', 'status': 'completed', 'tag': 'fb8891e7-61d0-48f6-afd0-f8ea2ae9156d', 'code': 200}
2026-05-09 22:53:30.554 8 WARNING neutron.scheduler.dhcp_agent_scheduler [None req-ac71dd7c-1633-42ab-867b-29911d445daf 989bd05b50bf4c5ea86c564230120ec1 b2b1a26845584fd8801efaf71ed40e6c - - default default] No more DHCP agents
2026-05-09 22:53:30.560 8 WARNING neutron.api.rpc.agentnotifiers.dhcp_rpc_agent_api [None req-ac71dd7c-1633-42ab-867b-29911d445daf 989bd05b50bf4c5ea86c564230120ec1 b2b1a26845584fd8801efaf71ed40e6c - - default default] Unable to schedule network 43785dad-0e24-42cc-acc2-858b9f881add: no agents available; will retry on subsequent port and subnet creation events.
2026-05-09 22:53:30.782 8 INFO neutron.db.ovn_revision_numbers_db [None req-ac71dd7c-1633-42ab-867b-29911d445daf 989bd05b50bf4c5ea86c564230120ec1 b2b1a26845584fd8801efaf71ed40e6c - - default default] Successfully bumped revision number for resource 195c58a9-a893-4a82-8f5f-bee8ad1fb2b4 (type: ports) to 1
2026-05-09 22:53:30.866 7 WARNING neutron.scheduler.dhcp_agent_scheduler [None req-f824d9ea-24b4-46f8-af09-b022b67d14d4 989bd05b50bf4c5ea86c564230120ec1 b2b1a26845584fd8801efaf71ed40e6c - - default default] No more DHCP agents
2026-05-09 22:53:30.867 7 WARNING neutron.api.rpc.agentnotifiers.dhcp_rpc_agent_api [None req-f824d9ea-24b4-46f8-af09-b022b67d14d4 989bd05b50bf4c5ea86c564230120ec1 b2b1a26845584fd8801efaf71ed40e6c - - default default] Unable to schedule network 59b7569b-9779-44d0-8386-fa9247c38ee1: no agents available; will retry on subsequent port and subnet creation events.
2026-05-09 22:53:30.913 8 INFO neutron.db.ovn_revision_numbers_db [None req-318b4751-4c2f-4173-a35c-e84d0c23a9f3 - - - - - -] Successfully bumped revision number for resource fb8891e7-61d0-48f6-afd0-f8ea2ae9156d (type: ports) to 5 [pid: 8|app: 0|req: 523/1024] 10.0.0.8 () {34 vars in 669 bytes} [Sat May 9 22:53:29 2026] POST /v2.0/networks => generated 785 bytes in 1592 msecs (HTTP/1.1 201) 4 headers in 162 bytes (1 switches on core 0) /var/lib/openstack/lib/python3.12/site-packages/pycadf/identifier.py:70: UserWarning: Invalid uuid: neutron. To ensure interoperability, identifiers should be a valid uuid. warnings.warn(('Invalid uuid: %s. To ensure interoperability, '
2026-05-09 22:53:31.261 8 INFO neutron.db.ovn_revision_numbers_db [None req-8ba524d1-6ade-4142-af2e-dc3c0b06ee05 989bd05b50bf4c5ea86c564230120ec1 b2b1a26845584fd8801efaf71ed40e6c - - default default] Successfully bumped revision number for resource 99aac0f8-d398-4a69-9d66-aa99ab9e4872 (type: security_groups) to 1
2026-05-09 22:53:31.267 8 INFO neutron.db.ovn_revision_numbers_db [None req-1d5e9cbc-b287-4a55-8fc6-635ea4bfce62 - - - - - -] Successfully bumped revision number for resource dd565e39-0c1e-4f83-b07c-2f12e075d56c (type: ports) to 5
2026-05-09 22:53:31.281 8 INFO neutron.db.ovn_revision_numbers_db [None req-8ba524d1-6ade-4142-af2e-dc3c0b06ee05 989bd05b50bf4c5ea86c564230120ec1 b2b1a26845584fd8801efaf71ed40e6c - - default default] Successfully bumped revision number for resource 4e294a60-fa78-400f-a70a-a8eed165ebd7 (type: security_group_rules) to 0
2026-05-09 22:53:31.324 8 INFO neutron.db.ovn_revision_numbers_db [None req-8ba524d1-6ade-4142-af2e-dc3c0b06ee05 989bd05b50bf4c5ea86c564230120ec1 b2b1a26845584fd8801efaf71ed40e6c - - default default] Successfully bumped revision number for resource 8380c7bd-f60f-4f06-b107-3b981db65d05 (type: security_group_rules) to 0
2026-05-09 22:53:31.343 8 INFO neutron.db.ovn_revision_numbers_db [None req-8ba524d1-6ade-4142-af2e-dc3c0b06ee05 989bd05b50bf4c5ea86c564230120ec1 b2b1a26845584fd8801efaf71ed40e6c - - default default] Successfully bumped revision number for resource f196ed46-6f24-45dd-9f34-f19bf3fd6aa9 (type: security_group_rules) to 0
2026-05-09 22:53:31.363 8 INFO neutron.db.ovn_revision_numbers_db [None req-8ba524d1-6ade-4142-af2e-dc3c0b06ee05 989bd05b50bf4c5ea86c564230120ec1 b2b1a26845584fd8801efaf71ed40e6c - - default default] Successfully bumped revision number for resource f2cdffdc-283c-47a5-96b3-59d8badb50ef (type: security_group_rules) to 0
2026-05-09 22:53:31.383 7 INFO neutron.plugins.ml2.drivers.ovn.mech_driver.mech_driver [None req-ae119b95-f55c-46d8-947a-e5a7ca8f87b0 - - - - - -] OVN reports status down for port: cc4b4b9d-39c3-45d7-9cc6-d5c6677f9665 [pid: 8|app: 0|req: 524/1025] 10.0.0.8 () {32 vars in 772 bytes} [Sat May 9 22:53:30 2026] GET /v2.0/security-groups?tenant_id=ed8804229cee4c43a0080cacea2fa7f6&name=default => generated 2925 bytes in 482 msecs (HTTP/1.1 200) 4 headers in 158 bytes (1 switches on core 0)
2026-05-09 22:53:31.446 7 INFO neutron.db.ovn_revision_numbers_db [None req-f824d9ea-24b4-46f8-af09-b022b67d14d4 989bd05b50bf4c5ea86c564230120ec1 b2b1a26845584fd8801efaf71ed40e6c - - default default] Successfully bumped revision number for resource cc4b4b9d-39c3-45d7-9cc6-d5c6677f9665 (type: router_ports) to 1 [pid: 7|app: 0|req: 502/1026] 10.0.0.8 () {34 vars in 781 bytes} [Sat May 9 22:53:29 2026] PUT /v2.0/routers/bc605767-85e7-452e-b941-34a66d926acf/add_router_interface => generated 309 bytes in 2180 msecs (HTTP/1.1 200) 4 headers in 157 bytes (1 switches on core 0) [pid: 8|app: 0|req: 525/1027] 10.0.0.65 () {34 vars in 989 bytes} [Sat May 9 22:53:31 2026] GET /v2.0/ports?device_id=2c6515b6-1d44-41e5-8889-bd46199f99d5 => generated 971 bytes in 75 msecs (HTTP/1.1 200) 4 headers in 157 bytes (1 switches on core 0)
2026-05-09 22:53:31.531 7 WARNING neutron.plugins.ml2.drivers.ovn.mech_driver.ovsdb.ovn_client [None req-ae119b95-f55c-46d8-947a-e5a7ca8f87b0 - - - - - -] Logical_Switch_Port cc4b4b9d-39c3-45d7-9cc6-d5c6677f9665 host information not removed, the port state is up
2026-05-09 22:53:31.532 7 INFO neutron.plugins.ml2.drivers.ovn.mech_driver.mech_driver [None req-ae119b95-f55c-46d8-947a-e5a7ca8f87b0 - - - - - -] OVN reports status down for port: 195c58a9-a893-4a82-8f5f-bee8ad1fb2b4
2026-05-09 22:53:31.647 7 INFO neutron.plugins.ml2.drivers.ovn.mech_driver.mech_driver [None req-ae119b95-f55c-46d8-947a-e5a7ca8f87b0 - - - - - -] OVN reports status up for port: cc4b4b9d-39c3-45d7-9cc6-d5c6677f9665
2026-05-09 22:53:31.661 7 INFO neutron.plugins.ml2.plugin [None req-ae119b95-f55c-46d8-947a-e5a7ca8f87b0 - - - - - -] Attempt 1 to provision port cc4b4b9d-39c3-45d7-9cc6-d5c6677f9665
2026-05-09 22:53:31.672 7 WARNING neutron.scheduler.dhcp_agent_scheduler [None req-bd6e2fd1-6f33-4cb7-898e-de60142f0987 989bd05b50bf4c5ea86c564230120ec1 b2b1a26845584fd8801efaf71ed40e6c - - default default] No more DHCP agents
2026-05-09 22:53:31.674 7 WARNING neutron.api.rpc.agentnotifiers.dhcp_rpc_agent_api [None req-bd6e2fd1-6f33-4cb7-898e-de60142f0987 989bd05b50bf4c5ea86c564230120ec1 b2b1a26845584fd8801efaf71ed40e6c - - default default] Unable to schedule network 43785dad-0e24-42cc-acc2-858b9f881add: no agents available; will retry on subsequent port and subnet creation events. [pid: 8|app: 0|req: 526/1028] 10.0.0.8 () {32 vars in 738 bytes} [Sat May 9 22:53:31 2026] DELETE /v2.0/security-groups/99aac0f8-d398-4a69-9d66-aa99ab9e4872 => generated 0 bytes in 185 msecs (HTTP/1.1 204) 2 headers in 112 bytes (1 switches on core 0) [pid: 8|app: 0|req: 527/1029] 10.0.0.65 () {34 vars in 1039 bytes} [Sat May 9 22:53:31 2026] GET /v2.0/security-groups?id=0883cd07-deee-41e8-9c6a-d4895a926412&fields=id&fields=name => generated 88 bytes in 26 msecs (HTTP/1.1 200) 4 headers in 156 bytes (1 switches on core 0)
2026-05-09 22:53:32.219 8 INFO neutron.db.ovn_revision_numbers_db [None req-2f3bf0ba-035c-4df4-a05e-59c2fd537acd fbc64f227a5b4f2c83f32cd48523f6b2 09fda5328b704bab82f423a53f1990fe - - default default] Successfully bumped revision number for resource 60f402b8-715c-4f31-bd7b-70336d70bd81 (type: security_groups) to 1
2026-05-09 22:53:32.234 8 INFO neutron.db.ovn_revision_numbers_db [None req-2f3bf0ba-035c-4df4-a05e-59c2fd537acd fbc64f227a5b4f2c83f32cd48523f6b2 09fda5328b704bab82f423a53f1990fe - - default default] Successfully bumped revision number for resource 541cedd3-3e43-4802-9c55-a33c3de943cb (type: security_group_rules) to 0
2026-05-09 22:53:32.244 8 INFO neutron.db.ovn_revision_numbers_db [None req-2f3bf0ba-035c-4df4-a05e-59c2fd537acd fbc64f227a5b4f2c83f32cd48523f6b2 09fda5328b704bab82f423a53f1990fe - - default default] Successfully bumped revision number for resource eb93c7c5-d3fb-4d59-9203-795137c04a57 (type: security_group_rules) to 0 [pid: 8|app: 0|req: 528/1030] 10.0.0.8 () {34 vars in 683 bytes} [Sat May 9 22:53:32 2026] POST /v2.0/security-groups => generated 1659 bytes in 180 msecs (HTTP/1.1 201) 4 headers in 163 bytes (1 switches on core 0)
2026-05-09 22:53:32.389 7 INFO neutron.db.ovn_revision_numbers_db [None req-ae119b95-f55c-46d8-947a-e5a7ca8f87b0 - - - - - -] Successfully bumped revision number for resource cc4b4b9d-39c3-45d7-9cc6-d5c6677f9665 (type: ports) to 2
2026-05-09 22:53:32.390 8 INFO neutron.db.ovn_revision_numbers_db [None req-af2fc862-744f-447b-a94f-537befa86cbf fbc64f227a5b4f2c83f32cd48523f6b2 09fda5328b704bab82f423a53f1990fe - - default default] Successfully bumped revision number for resource d6d6db7b-9d96-436e-8acf-191edff51737 (type: security_group_rules) to 0 [pid: 8|app: 0|req: 529/1031] 10.0.0.8 () {34 vars in 693 bytes} [Sat May 9 22:53:32 2026] POST /v2.0/security-group-rules => generated 597 bytes in 135 msecs (HTTP/1.1 201) 4 headers in 162 bytes (1 switches on core 0)
2026-05-09 22:53:32.545 8 INFO neutron.db.ovn_revision_numbers_db [None req-8a6b9e6a-b4b7-483f-9649-6fd0bdcbe937 fbc64f227a5b4f2c83f32cd48523f6b2 09fda5328b704bab82f423a53f1990fe - - default default] Successfully bumped revision number for resource 660c81fc-f72c-4520-baac-229dceb4b10a (type: security_group_rules) to 0
2026-05-09 22:53:32.579 7 INFO neutron.db.ovn_revision_numbers_db [None req-b885fbd1-eec2-4744-a549-0f6004374a74 - - - - - -] Successfully bumped revision number for resource 195c58a9-a893-4a82-8f5f-bee8ad1fb2b4 (type: ports) to 2 [pid: 8|app: 0|req: 530/1032] 10.0.0.8 () {34 vars in 693 bytes} [Sat May 9 22:53:32 2026] POST /v2.0/security-group-rules => generated 602 bytes in 158 msecs (HTTP/1.1 201) 4 headers in 162 bytes (1 switches on core 0)
2026-05-09 22:53:32.592 8 INFO neutron.notifiers.nova [-] Nova event matching ['req-57e95bb6-049d-49f6-800d-e71d07e81319'] response: {'server_uuid': '2c6515b6-1d44-41e5-8889-bd46199f99d5', 'name': 'network-vif-plugged', 'status': 'completed', 'tag': 'fb8891e7-61d0-48f6-afd0-f8ea2ae9156d', 'code': 200}
2026-05-09 22:53:32.613 7 INFO neutron.db.ovn_revision_numbers_db [None req-b885fbd1-eec2-4744-a549-0f6004374a74 - - - - - -] Successfully bumped revision number for resource 89df0cd8-d12a-4920-a5af-5ead0cd472b7 (type: subnets) to 0 [pid: 7|app: 0|req: 503/1033] 10.0.0.8 () {34 vars in 667 bytes} [Sat May 9 22:53:31 2026] POST /v2.0/subnets => generated 691 bytes in 1174 msecs (HTTP/1.1 201) 4 headers in 162 bytes (1 switches on core 0)
2026-05-09 22:53:32.840 8 WARNING neutron.scheduler.dhcp_agent_scheduler [None req-2febb881-ac7f-49dc-905b-d33dc5ee1bd5 fbc64f227a5b4f2c83f32cd48523f6b2 09fda5328b704bab82f423a53f1990fe - - default default] No more DHCP agents
2026-05-09 22:53:32.841 8 WARNING neutron.api.rpc.agentnotifiers.dhcp_rpc_agent_api [None req-2febb881-ac7f-49dc-905b-d33dc5ee1bd5 fbc64f227a5b4f2c83f32cd48523f6b2 09fda5328b704bab82f423a53f1990fe - - default default] Unable to schedule network 771b9129-0fc2-4915-bee9-e37f725a484e: no agents available; will retry on subsequent port and subnet creation events.
2026-05-09 22:53:33.034 7 WARNING neutron.scheduler.dhcp_agent_scheduler [None req-1db9282d-b323-43c3-883d-e6f23efa7220 989bd05b50bf4c5ea86c564230120ec1 b2b1a26845584fd8801efaf71ed40e6c - - default default] No more DHCP agents
2026-05-09 22:53:33.036 7 WARNING neutron.api.rpc.agentnotifiers.dhcp_rpc_agent_api [None req-1db9282d-b323-43c3-883d-e6f23efa7220 989bd05b50bf4c5ea86c564230120ec1 b2b1a26845584fd8801efaf71ed40e6c - - default default] Unable to schedule network 771b9129-0fc2-4915-bee9-e37f725a484e: no agents available; will retry on subsequent port and subnet creation events. [pid: 8|app: 0|req: 531/1034] 10.0.0.8 () {34 vars in 674 bytes} [Sat May 9 22:53:32 2026] POST /v2.0/floatingips => generated 552 bytes in 466 msecs (HTTP/1.1 201) 4 headers in 162 bytes (1 switches on core 0) [pid: 8|app: 0|req: 532/1035] 10.0.0.65 () {34 vars in 989 bytes} [Sat May 9 22:53:33 2026] GET /v2.0/ports?device_id=2c6515b6-1d44-41e5-8889-bd46199f99d5 => generated 971 bytes in 27 msecs (HTTP/1.1 200) 4 headers in 157 bytes (1 switches on core 0) [pid: 8|app: 0|req: 533/1036] 10.0.0.65 () {34 vars in 1039 bytes} [Sat May 9 22:53:33 2026] GET /v2.0/security-groups?id=0883cd07-deee-41e8-9c6a-d4895a926412&fields=id&fields=name => generated 88 bytes in 29 msecs (HTTP/1.1 200) 4 headers in 156 bytes (1 switches on core 0)
2026-05-09 22:53:33.126 8 INFO neutron.plugins.ml2.drivers.ovn.mech_driver.mech_driver [None req-18a81407-5e82-4bf0-8bdf-543c6e5acacc - - - - - -] OVN reports status down for port: 49a59ad0-0798-4554-a8db-e2dc793e2f2a
2026-05-09 22:53:33.166 7 INFO neutron.db.ovn_revision_numbers_db [None req-1db9282d-b323-43c3-883d-e6f23efa7220 989bd05b50bf4c5ea86c564230120ec1 b2b1a26845584fd8801efaf71ed40e6c - - default default] Successfully bumped revision number for resource 49a59ad0-0798-4554-a8db-e2dc793e2f2a (type: ports) to 1
2026-05-09 22:53:33.606 8 INFO neutron.db.ovn_revision_numbers_db [None req-aad11fd7-3051-4a23-bce2-0c2a2437c057 989bd05b50bf4c5ea86c564230120ec1 b2b1a26845584fd8801efaf71ed40e6c - - default default] Successfully bumped revision number for resource 789b31bd-63f1-4d7c-9afb-ccad99350677 (type: security_groups) to 1
2026-05-09 22:53:33.628 8 INFO neutron.db.ovn_revision_numbers_db [None req-aad11fd7-3051-4a23-bce2-0c2a2437c057 989bd05b50bf4c5ea86c564230120ec1 b2b1a26845584fd8801efaf71ed40e6c - - default default] Successfully bumped revision number for resource 6f05b15d-907f-4813-be84-97668c941356 (type: security_group_rules) to 0
2026-05-09 22:53:33.641 8 INFO neutron.db.ovn_revision_numbers_db [None req-aad11fd7-3051-4a23-bce2-0c2a2437c057 989bd05b50bf4c5ea86c564230120ec1 b2b1a26845584fd8801efaf71ed40e6c - - default default] Successfully bumped revision number for resource 8e20509e-b2e4-43bd-920a-f6a0f46c2bd9 (type: security_group_rules) to 0
2026-05-09 22:53:33.676 8 INFO neutron.db.ovn_revision_numbers_db [None req-aad11fd7-3051-4a23-bce2-0c2a2437c057 989bd05b50bf4c5ea86c564230120ec1 b2b1a26845584fd8801efaf71ed40e6c - - default default] Successfully bumped revision number for resource 8e7098a3-253c-4bfa-835e-9431a2597270 (type: security_group_rules) to 0
2026-05-09 22:53:33.691 8 INFO neutron.db.ovn_revision_numbers_db [None req-aad11fd7-3051-4a23-bce2-0c2a2437c057 989bd05b50bf4c5ea86c564230120ec1 b2b1a26845584fd8801efaf71ed40e6c - - default default] Successfully bumped revision number for resource e60053ad-eecc-4d44-86b0-027308ad67d5 (type: security_group_rules) to 0
2026-05-09 22:53:33.790 8 INFO neutron.db.segments_db [None req-aad11fd7-3051-4a23-bce2-0c2a2437c057 989bd05b50bf4c5ea86c564230120ec1 b2b1a26845584fd8801efaf71ed40e6c - - default default] Added segment 43c0ec00-2ae0-43e2-a971-a14c7c260297 of type geneve for network b69c2bc7-e45a-49e9-b8de-8473216f3ae3
2026-05-09 22:53:33.816 7 INFO neutron.plugins.ml2.drivers.ovn.mech_driver.ovsdb.commands [None req-189e381a-466b-43c8-8cda-17a94c62bbd4 - - - - - -] Schedule LRP lrp-49a59ad0-0798-4554-a8db-e2dc793e2f2a on gateway 4c2035cd-768b-4f2e-b7df-eeb50e4b5939 with priority 1
2026-05-09 22:53:33.854 8 INFO neutron.plugins.ml2.drivers.ovn.mech_driver.mech_driver [None req-18a81407-5e82-4bf0-8bdf-543c6e5acacc - - - - - -] OVN reports status up for port: 49a59ad0-0798-4554-a8db-e2dc793e2f2a
2026-05-09 22:53:33.894 8 INFO neutron.plugins.ml2.plugin [None req-18a81407-5e82-4bf0-8bdf-543c6e5acacc - - - - - -] Attempt 1 to provision port 49a59ad0-0798-4554-a8db-e2dc793e2f2a
2026-05-09 22:53:33.901 7 INFO neutron.db.ovn_revision_numbers_db [None req-1db9282d-b323-43c3-883d-e6f23efa7220 989bd05b50bf4c5ea86c564230120ec1 b2b1a26845584fd8801efaf71ed40e6c - - default default] Successfully bumped revision number for resource 49a59ad0-0798-4554-a8db-e2dc793e2f2a (type: router_ports) to 1
2026-05-09 22:53:33.934 8 INFO neutron.plugins.ml2.drivers.ovn.mech_driver.ovsdb.ovsdb_monitor [None req-1d5e9cbc-b287-4a55-8fc6-635ea4bfce62 - - - - - -] Router 43985baa-9dcf-40cc-b7ac-7c0e153b0b03 is bound to host instance
2026-05-09 22:53:33.979 7 INFO neutron.db.ovn_revision_numbers_db [None req-1db9282d-b323-43c3-883d-e6f23efa7220 989bd05b50bf4c5ea86c564230120ec1 b2b1a26845584fd8801efaf71ed40e6c - - default default] Successfully bumped revision number for resource 43985baa-9dcf-40cc-b7ac-7c0e153b0b03 (type: routers) to 2 [pid: 7|app: 0|req: 504/1037] 10.0.0.8 () {34 vars in 667 bytes} [Sat May 9 22:53:32 2026] POST /v2.0/routers => generated 969 bytes in 1362 msecs (HTTP/1.1 201) 4 headers in 162 bytes (1 switches on core 0) [pid: 7|app: 0|req: 505/1038] 10.0.0.65 () {34 vars in 989 bytes} [Sat May 9 22:53:33 2026] GET /v2.0/ports?device_id=2c6515b6-1d44-41e5-8889-bd46199f99d5 => generated 971 bytes in 32 msecs (HTTP/1.1 200) 4 headers in 157 bytes (1 switches on core 0)
2026-05-09 22:53:34.053 8 INFO neutron.db.ovn_revision_numbers_db [None req-aad11fd7-3051-4a23-bce2-0c2a2437c057 989bd05b50bf4c5ea86c564230120ec1 b2b1a26845584fd8801efaf71ed40e6c - - default default] Successfully bumped revision number for resource b69c2bc7-e45a-49e9-b8de-8473216f3ae3 (type: networks) to 1
2026-05-09 22:53:34.421 8 WARNING neutron.scheduler.dhcp_agent_scheduler [None req-aad11fd7-3051-4a23-bce2-0c2a2437c057 989bd05b50bf4c5ea86c564230120ec1 b2b1a26845584fd8801efaf71ed40e6c - - default default] No more DHCP agents
2026-05-09 22:53:34.423 8 WARNING neutron.api.rpc.agentnotifiers.dhcp_rpc_agent_api [None req-aad11fd7-3051-4a23-bce2-0c2a2437c057 989bd05b50bf4c5ea86c564230120ec1 b2b1a26845584fd8801efaf71ed40e6c - - default default] Unable to schedule network b69c2bc7-e45a-49e9-b8de-8473216f3ae3: no agents available; will retry on subsequent port and subnet creation events.
2026-05-09 22:53:34.480 7 WARNING neutron.scheduler.dhcp_agent_scheduler [None req-6e3b7b62-9387-4f27-ab38-09c17d41e312 989bd05b50bf4c5ea86c564230120ec1 b2b1a26845584fd8801efaf71ed40e6c - - default default] No more DHCP agents
2026-05-09 22:53:34.481 7 WARNING neutron.api.rpc.agentnotifiers.dhcp_rpc_agent_api [None req-6e3b7b62-9387-4f27-ab38-09c17d41e312 989bd05b50bf4c5ea86c564230120ec1 b2b1a26845584fd8801efaf71ed40e6c - - default default] Unable to schedule network 43785dad-0e24-42cc-acc2-858b9f881add: no agents available; will retry on subsequent port and subnet creation events.
2026-05-09 22:53:34.603 8 INFO neutron.db.ovn_revision_numbers_db [None req-aad11fd7-3051-4a23-bce2-0c2a2437c057 989bd05b50bf4c5ea86c564230120ec1 b2b1a26845584fd8801efaf71ed40e6c - - default default] Successfully bumped revision number for resource ae952c3f-805d-4ce8-8e76-d14dd2839a45 (type: ports) to 1
2026-05-09 22:53:34.640 7 INFO neutron.db.ovn_revision_numbers_db [None req-6e3b7b62-9387-4f27-ab38-09c17d41e312 989bd05b50bf4c5ea86c564230120ec1 b2b1a26845584fd8801efaf71ed40e6c - - default default] Successfully bumped revision number for resource e2c8de14-f07f-4fe1-b7ac-9b3bc914cc16 (type: ports) to 1 [pid: 8|app: 0|req: 534/1039] 10.0.0.8 () {34 vars in 669 bytes} [Sat May 9 22:53:33 2026] POST /v2.0/networks => generated 780 bytes in 1394 msecs (HTTP/1.1 201) 4 headers in 162 bytes (1 switches on core 0) [pid: 8|app: 0|req: 535/1040] 10.0.0.65 () {34 vars in 1039 bytes} [Sat May 9 22:53:34 2026] GET /v2.0/security-groups?id=0883cd07-deee-41e8-9c6a-d4895a926412&fields=id&fields=name => generated 88 bytes in 51 msecs (HTTP/1.1 200) 4 headers in 156 bytes (1 switches on core 0)
2026-05-09 22:53:34.944 8 WARNING neutron.scheduler.dhcp_agent_scheduler [None req-72b2dbab-06e7-4abd-b4dd-15a27c5d780e 989bd05b50bf4c5ea86c564230120ec1 b2b1a26845584fd8801efaf71ed40e6c - - default default] No more DHCP agents
2026-05-09 22:53:34.947 8 WARNING neutron.api.rpc.agentnotifiers.dhcp_rpc_agent_api [None req-72b2dbab-06e7-4abd-b4dd-15a27c5d780e 989bd05b50bf4c5ea86c564230120ec1 b2b1a26845584fd8801efaf71ed40e6c - - default default] Unable to schedule network b69c2bc7-e45a-49e9-b8de-8473216f3ae3: no agents available; will retry on subsequent port and subnet creation events.
2026-05-09 22:53:35.307 7 WARNING neutron.scheduler.dhcp_agent_scheduler [None req-6e3b7b62-9387-4f27-ab38-09c17d41e312 989bd05b50bf4c5ea86c564230120ec1 b2b1a26845584fd8801efaf71ed40e6c - - default default] No more DHCP agents
2026-05-09 22:53:35.308 7 WARNING neutron.api.rpc.agentnotifiers.dhcp_rpc_agent_api [None req-6e3b7b62-9387-4f27-ab38-09c17d41e312 989bd05b50bf4c5ea86c564230120ec1 b2b1a26845584fd8801efaf71ed40e6c - - default default] Unable to schedule network 43785dad-0e24-42cc-acc2-858b9f881add: no agents available; will retry on subsequent port and subnet creation events.
2026-05-09 22:53:35.568 8 INFO neutron.db.ovn_revision_numbers_db [None req-641f58cb-2165-47d0-a1b0-ec1cbf9a505a - - - - - -] Successfully bumped revision number for resource 49a59ad0-0798-4554-a8db-e2dc793e2f2a (type: ports) to 4
2026-05-09 22:53:35.753 7 INFO neutron.db.ovn_revision_numbers_db [None req-6e3b7b62-9387-4f27-ab38-09c17d41e312 989bd05b50bf4c5ea86c564230120ec1 b2b1a26845584fd8801efaf71ed40e6c - - default default] Successfully bumped revision number for resource e2c8de14-f07f-4fe1-b7ac-9b3bc914cc16 (type: router_ports) to 1 [pid: 7|app: 0|req: 506/1041] 10.0.0.8 () {34 vars in 781 bytes} [Sat May 9 22:53:34 2026] PUT /v2.0/routers/43985baa-9dcf-40cc-b7ac-7c0e153b0b03/add_router_interface => generated 309 bytes in 1732 msecs (HTTP/1.1 200) 4 headers in 157 bytes (1 switches on core 0) [pid: 7|app: 0|req: 507/1042] 10.0.0.65 () {34 vars in 1097 bytes} [Sat May 9 22:53:35 2026] GET /v2.0/security-groups?name=tempest-securitygroup--988349348&fields=id&tenant_id=09fda5328b704bab82f423a53f1990fe => generated 69 bytes in 22 msecs (HTTP/1.1 200) 4 headers in 156 bytes (1 switches on core 0)
2026-05-09 22:53:35.795 8 INFO neutron.db.ovn_revision_numbers_db [None req-21e4e7e9-0bbe-4e3e-bb60-3f681f7e6aff - - - - - -] Successfully bumped revision number for resource ae952c3f-805d-4ce8-8e76-d14dd2839a45 (type: ports) to 2
2026-05-09 22:53:35.842 8 INFO neutron.db.ovn_revision_numbers_db [None req-21e4e7e9-0bbe-4e3e-bb60-3f681f7e6aff - - - - - -] Successfully bumped revision number for resource 17c05a6a-7780-4784-82eb-e535053d5133 (type: subnets) to 0 [pid: 7|app: 0|req: 508/1043] 199.204.45.23 () {34 vars in 993 bytes} [Sat May 9 22:53:35 2026] GET /v2.0/ports?device_id=2c6515b6-1d44-41e5-8889-bd46199f99d5 => generated 971 bytes in 65 msecs (HTTP/1.1 200) 4 headers in 157 bytes (1 switches on core 0) [pid: 8|app: 0|req: 536/1044] 10.0.0.8 () {34 vars in 667 bytes} [Sat May 9 22:53:34 2026] POST /v2.0/subnets => generated 687 bytes in 1157 msecs (HTTP/1.1 201) 4 headers in 162 bytes (1 switches on core 0) [pid: 7|app: 0|req: 509/1045] 10.0.0.65 () {34 vars in 989 bytes} [Sat May 9 22:53:35 2026] GET /v2.0/ports?device_id=2c6515b6-1d44-41e5-8889-bd46199f99d5 => generated 971 bytes in 34 msecs (HTTP/1.1 200) 4 headers in 157 bytes (1 switches on core 0) [pid: 8|app: 0|req: 537/1046] 10.0.0.65 () {34 vars in 981 bytes} [Sat May 9 22:53:35 2026] GET /v2.0/networks?id=59b7569b-9779-44d0-8386-fa9247c38ee1 => generated 717 bytes in 75 msecs (HTTP/1.1 200) 4 headers in 157 bytes (1 switches on core 0)
2026-05-09 22:53:36.000 7 INFO neutron_taas.services.taas.taas_plugin [req-f3314fde-1d9a-4a0a-aa69-6a63bcfc6d6c req-c782a930-ede3-4332-a723-0ae4339f5e07 930195bc56f743fd97169c4874e694d8 c5a479afcf1c4dad90d86515d564aec7 - - default default] TaaS: Handle Delete Port: fb8891e7-61d0-48f6-afd0-f8ea2ae9156d
2026-05-09 22:53:36.003 7 INFO neutron_taas.services.taas.tap_mirror_plugin [req-f3314fde-1d9a-4a0a-aa69-6a63bcfc6d6c req-c782a930-ede3-4332-a723-0ae4339f5e07 930195bc56f743fd97169c4874e694d8 c5a479afcf1c4dad90d86515d564aec7 - - default default] Tap Mirror: Handle Delete Port: fb8891e7-61d0-48f6-afd0-f8ea2ae9156d [pid: 7|app: 0|req: 510/1047] 199.204.45.23 () {36 vars in 996 bytes} [Sat May 9 22:53:35 2026] DELETE /v2.0/ports/fb8891e7-61d0-48f6-afd0-f8ea2ae9156d => generated 0 bytes in 252 msecs (HTTP/1.1 204) 3 headers in 131 bytes (1 switches on core 0) [pid: 7|app: 0|req: 511/1048] 10.0.0.65 () {34 vars in 1039 bytes} [Sat May 9 22:53:36 2026] GET /v2.0/security-groups?id=0883cd07-deee-41e8-9c6a-d4895a926412&fields=id&fields=name => generated 88 bytes in 36 msecs (HTTP/1.1 200) 4 headers in 156 bytes (1 switches on core 0) [pid: 7|app: 0|req: 512/1049] 10.0.0.65 () {34 vars in 964 bytes} [Sat May 9 22:53:36 2026] GET /v2.0/quotas/09fda5328b704bab82f423a53f1990fe => generated 292 bytes in 8 msecs (HTTP/1.1 200) 4 headers in 157 bytes (1 switches on core 0)
2026-05-09 22:53:36.200 8 INFO neutron.db.ovn_revision_numbers_db [None req-641f58cb-2165-47d0-a1b0-ec1cbf9a505a - - - - - -] Successfully bumped revision number for resource 49a59ad0-0798-4554-a8db-e2dc793e2f2a (type: ports) to 5
2026-05-09 22:53:36.212 7 INFO neutron.notifiers.nova [-] Nova event matching ['req-ed8fe604-af59-4ee8-82df-2c23be84ff5a'] response: {'server_uuid': '2c6515b6-1d44-41e5-8889-bd46199f99d5', 'name': 'network-vif-deleted', 'tag': 'fb8891e7-61d0-48f6-afd0-f8ea2ae9156d', 'status': 'completed', 'code': 200} [pid: 7|app: 0|req: 513/1050] 10.0.0.65 () {34 vars in 1001 bytes} [Sat May 9 22:53:36 2026] GET /v2.0/ports?tenant_id=09fda5328b704bab82f423a53f1990fe&fields=id => generated 103 bytes in 74 msecs (HTTP/1.1 200) 4 headers in 157 bytes (1 switches on core 0)
2026-05-09 22:53:36.286 7 WARNING keystonemiddleware.audit [req-516c5989-36a1-453b-afe2-0fc36ef09a80 req-91798ef2-0d07-4542-816c-01eb4aad5669 fbc64f227a5b4f2c83f32cd48523f6b2 09fda5328b704bab82f423a53f1990fe - - default default] Skipping service tempest-service-2128335886 as it have no endpoints. [pid: 7|app: 0|req: 514/1051] 10.0.0.65 () {34 vars in 1007 bytes} [Sat May 9 22:53:36 2026] GET /v2.0/networks/59b7569b-9779-44d0-8386-fa9247c38ee1?fields=segments => generated 14 bytes in 42 msecs (HTTP/1.1 200) 4 headers in 156 bytes (1 switches on core 0)
2026-05-09 22:53:36.334 7 WARNING keystonemiddleware.audit [req-516c5989-36a1-453b-afe2-0fc36ef09a80 req-5acc5451-37f8-4c6e-99cf-d5987ddc9c22 c0f31dbe326741188923e1ebde77ea12 a4a3758235e54f65a4a6d08bd898cab2 - - 572a0684754642d0af0e5bb1dd2c6879 572a0684754642d0af0e5bb1dd2c6879] Skipping service tempest-service-2128335886 as it have no endpoints. [pid: 7|app: 0|req: 515/1052] 10.0.0.65 () {34 vars in 1107 bytes} [Sat May 9 22:53:36 2026] GET /v2.0/networks/59b7569b-9779-44d0-8386-fa9247c38ee1?fields=provider%3Aphysical_network&fields=provider%3Anetwork_type => generated 79 bytes in 39 msecs (HTTP/1.1 200) 4 headers in 156 bytes (1 switches on core 0)
2026-05-09 22:53:36.496 7 INFO neutron.db.ovn_revision_numbers_db [None req-4fa46609-0842-4947-ae4e-879311771ad0 bb379583e2534462a71ecd9f0ea562eb 9f1e8e2c327f42bb82667d9d0519ef4a - - default default] Successfully bumped revision number for resource 5a0dc95e-1185-4e90-97b0-af690efc65bd (type: security_groups) to 1
2026-05-09 22:53:36.497 8 WARNING neutron.scheduler.dhcp_agent_scheduler [None req-70d1ed1b-72ab-4839-9081-8aad6136018b 989bd05b50bf4c5ea86c564230120ec1 b2b1a26845584fd8801efaf71ed40e6c - - default default] No more DHCP agents
2026-05-09 22:53:36.498 8 WARNING neutron.api.rpc.agentnotifiers.dhcp_rpc_agent_api [None req-70d1ed1b-72ab-4839-9081-8aad6136018b 989bd05b50bf4c5ea86c564230120ec1 b2b1a26845584fd8801efaf71ed40e6c - - default default] Unable to schedule network 771b9129-0fc2-4915-bee9-e37f725a484e: no agents available; will retry on subsequent port and subnet creation events.
2026-05-09 22:53:36.517 7 INFO neutron.db.ovn_revision_numbers_db [None req-4fa46609-0842-4947-ae4e-879311771ad0 bb379583e2534462a71ecd9f0ea562eb 9f1e8e2c327f42bb82667d9d0519ef4a - - default default] Successfully bumped revision number for resource 67237ec1-fd67-4d87-98d7-d6e5edfe6784 (type: security_group_rules) to 0
2026-05-09 22:53:36.532 7 INFO neutron.db.ovn_revision_numbers_db [None req-4fa46609-0842-4947-ae4e-879311771ad0 bb379583e2534462a71ecd9f0ea562eb 9f1e8e2c327f42bb82667d9d0519ef4a - - default default] Successfully bumped revision number for resource fc6e34d8-c711-4c82-96c4-80dace00b835 (type: security_group_rules) to 0 [pid: 7|app: 0|req: 516/1053] 10.0.0.8 () {34 vars in 683 bytes} [Sat May 9 22:53:36 2026] POST /v2.0/security-groups => generated 1659 bytes in 200 msecs (HTTP/1.1 201) 4 headers in 163 bytes (1 switches on core 0)
2026-05-09 22:53:36.654 8 INFO neutron.plugins.ml2.drivers.ovn.mech_driver.mech_driver [None req-18a81407-5e82-4bf0-8bdf-543c6e5acacc - - - - - -] OVN reports status down for port: fb8891e7-61d0-48f6-afd0-f8ea2ae9156d
2026-05-09 22:53:36.670 8 INFO neutron.db.ovn_revision_numbers_db [None req-70d1ed1b-72ab-4839-9081-8aad6136018b 989bd05b50bf4c5ea86c564230120ec1 b2b1a26845584fd8801efaf71ed40e6c - - default default] Successfully bumped revision number for resource 6c56c3d7-2c11-454d-9659-a21d40fe011d (type: ports) to 1
2026-05-09 22:53:36.740 7 INFO neutron.db.ovn_revision_numbers_db [None req-0190b7b8-d049-439a-b050-6093263e7445 bb379583e2534462a71ecd9f0ea562eb 9f1e8e2c327f42bb82667d9d0519ef4a - - default default] Successfully bumped revision number for resource 93bb3995-0b09-4b6e-ad6e-51986bccbdcc (type: security_group_rules) to 0 [pid: 7|app: 0|req: 517/1054] 10.0.0.8 () {34 vars in 693 bytes} [Sat May 9 22:53:36 2026] POST /v2.0/security-group-rules => generated 597 bytes in 194 msecs (HTTP/1.1 201) 4 headers in 162 bytes (1 switches on core 0) [pid: 7|app: 0|req: 518/1055] 10.0.0.65 () {34 vars in 989 bytes} [Sat May 9 22:53:36 2026] GET /v2.0/ports?device_id=4ab13443-13f9-46ac-b541-457b4ed8282a => generated 12 bytes in 17 msecs (HTTP/1.1 200) 4 headers in 156 bytes (1 switches on core 0)
2026-05-09 22:53:36.901 7 INFO neutron.db.ovn_revision_numbers_db [None req-01c87046-9660-4eae-b59b-57fd71c0cfe0 bb379583e2534462a71ecd9f0ea562eb 9f1e8e2c327f42bb82667d9d0519ef4a - - default default] Successfully bumped revision number for resource e4a646e1-de43-4087-811c-7abeee913d06 (type: security_group_rules) to 0 [pid: 7|app: 0|req: 519/1056] 10.0.0.8 () {34 vars in 693 bytes} [Sat May 9 22:53:36 2026] POST /v2.0/security-group-rules => generated 602 bytes in 145 msecs (HTTP/1.1 201) 4 headers in 162 bytes (1 switches on core 0)
2026-05-09 22:53:37.144 7 WARNING neutron.scheduler.dhcp_agent_scheduler [None req-bc0e16f1-6e4e-414b-bd51-db00ee4f711c bb379583e2534462a71ecd9f0ea562eb 9f1e8e2c327f42bb82667d9d0519ef4a - - default default] No more DHCP agents
2026-05-09 22:53:37.146 7 WARNING neutron.api.rpc.agentnotifiers.dhcp_rpc_agent_api [None req-bc0e16f1-6e4e-414b-bd51-db00ee4f711c bb379583e2534462a71ecd9f0ea562eb 9f1e8e2c327f42bb82667d9d0519ef4a - - default default] Unable to schedule network 771b9129-0fc2-4915-bee9-e37f725a484e: no agents available; will retry on subsequent port and subnet creation events.
2026-05-09 22:53:37.245 8 INFO neutron.plugins.ml2.drivers.ovn.mech_driver.ovsdb.commands [None req-1bd9ccee-a24a-4826-b642-9575001f384d - - - - - -] Schedule LRP lrp-6c56c3d7-2c11-454d-9659-a21d40fe011d on gateway 4c2035cd-768b-4f2e-b7df-eeb50e4b5939 with priority 1
2026-05-09 22:53:37.321 8 INFO neutron.db.ovn_revision_numbers_db [None req-70d1ed1b-72ab-4839-9081-8aad6136018b 989bd05b50bf4c5ea86c564230120ec1 b2b1a26845584fd8801efaf71ed40e6c - - default default] Successfully bumped revision number for resource 6c56c3d7-2c11-454d-9659-a21d40fe011d (type: router_ports) to 1
2026-05-09 22:53:37.358 7 INFO neutron.plugins.ml2.drivers.ovn.mech_driver.ovsdb.ovsdb_monitor [None req-4ab7a449-ae37-41f0-8356-b1b8919ac138 - - - - - -] Router 74cd981b-b2fd-40b2-b617-b32b94485036 is bound to host instance
2026-05-09 22:53:37.397 8 INFO neutron.db.ovn_revision_numbers_db [None req-70d1ed1b-72ab-4839-9081-8aad6136018b 989bd05b50bf4c5ea86c564230120ec1 b2b1a26845584fd8801efaf71ed40e6c - - default default] Successfully bumped revision number for resource 74cd981b-b2fd-40b2-b617-b32b94485036 (type: routers) to 2 [pid: 8|app: 0|req: 538/1057] 10.0.0.8 () {34 vars in 667 bytes} [Sat May 9 22:53:35 2026] POST /v2.0/routers => generated 965 bytes in 1474 msecs (HTTP/1.1 201) 4 headers in 162 bytes (1 switches on core 0) [pid: 8|app: 0|req: 539/1058] 10.0.0.65 () {34 vars in 989 bytes} [Sat May 9 22:53:37 2026] GET /v2.0/ports?device_id=2c6515b6-1d44-41e5-8889-bd46199f99d5 => generated 12 bytes in 22 msecs (HTTP/1.1 200) 4 headers in 156 bytes (1 switches on core 0) [pid: 7|app: 0|req: 520/1059] 10.0.0.8 () {34 vars in 674 bytes} [Sat May 9 22:53:36 2026] POST /v2.0/floatingips => generated 552 bytes in 731 msecs (HTTP/1.1 201) 4 headers in 162 bytes (1 switches on core 0)
2026-05-09 22:53:37.878 8 WARNING neutron.scheduler.dhcp_agent_scheduler [None req-8a5949e9-889f-4673-8e84-e1a429bc83c1 989bd05b50bf4c5ea86c564230120ec1 b2b1a26845584fd8801efaf71ed40e6c - - default default] No more DHCP agents
2026-05-09 22:53:37.879 8 WARNING neutron.api.rpc.agentnotifiers.dhcp_rpc_agent_api [None req-8a5949e9-889f-4673-8e84-e1a429bc83c1 989bd05b50bf4c5ea86c564230120ec1 b2b1a26845584fd8801efaf71ed40e6c - - default default] Unable to schedule network b69c2bc7-e45a-49e9-b8de-8473216f3ae3: no agents available; will retry on subsequent port and subnet creation events. [pid: 7|app: 0|req: 521/1060] 10.0.0.65 () {34 vars in 989 bytes} [Sat May 9 22:53:37 2026] GET /v2.0/ports?device_id=4ab13443-13f9-46ac-b541-457b4ed8282a => generated 12 bytes in 38 msecs (HTTP/1.1 200) 4 headers in 156 bytes (1 switches on core 0)
2026-05-09 22:53:37.990 8 INFO neutron.plugins.ml2.drivers.ovn.mech_driver.mech_driver [None req-18a81407-5e82-4bf0-8bdf-543c6e5acacc - - - - - -] OVN reports status down for port: c830eb4f-91b9-456a-b3d5-164e93e18350
2026-05-09 22:53:38.052 8 INFO neutron.db.ovn_revision_numbers_db [None req-8a5949e9-889f-4673-8e84-e1a429bc83c1 989bd05b50bf4c5ea86c564230120ec1 b2b1a26845584fd8801efaf71ed40e6c - - default default] Successfully bumped revision number for resource c830eb4f-91b9-456a-b3d5-164e93e18350 (type: ports) to 1 [pid: 7|app: 0|req: 522/1061] 10.0.0.65 () {34 vars in 1097 bytes} [Sat May 9 22:53:38 2026] GET /v2.0/security-groups?name=tempest-securitygroup--703229188&fields=id&tenant_id=9f1e8e2c327f42bb82667d9d0519ef4a => generated 69 bytes in 79 msecs (HTTP/1.1 200) 4 headers in 156 bytes (1 switches on core 0)
2026-05-09 22:53:38.124 7 WARNING neutron.plugins.ml2.drivers.ovn.mech_driver.ovsdb.ovn_client [None req-428f097a-31ea-4d44-bde3-8359a45ccb82 - - - - - -] No hosting information found for port cc4b4b9d-39c3-45d7-9cc6-d5c6677f9665: RuntimeError: No hosting information found for port cc4b4b9d-39c3-45d7-9cc6-d5c6677f9665 [pid: 7|app: 0|req: 523/1062] 10.0.0.65 () {34 vars in 981 bytes} [Sat May 9 22:53:38 2026] GET /v2.0/networks?id=43785dad-0e24-42cc-acc2-858b9f881add => generated 714 bytes in 129 msecs (HTTP/1.1 200) 4 headers in 157 bytes (1 switches on core 0) [pid: 7|app: 0|req: 524/1063] 10.0.0.65 () {34 vars in 964 bytes} [Sat May 9 22:53:38 2026] GET /v2.0/quotas/9f1e8e2c327f42bb82667d9d0519ef4a => generated 292 bytes in 32 msecs (HTTP/1.1 200) 4 headers in 157 bytes (1 switches on core 0)
2026-05-09 22:53:38.379 7 INFO neutron.db.ovn_revision_numbers_db [None req-428f097a-31ea-4d44-bde3-8359a45ccb82 - - - - - -] Successfully bumped revision number for resource cc4b4b9d-39c3-45d7-9cc6-d5c6677f9665 (type: router_ports) to 2
2026-05-09 22:53:38.512 7 INFO neutron.plugins.ml2.drivers.ovn.mech_driver.mech_driver [None req-428f097a-31ea-4d44-bde3-8359a45ccb82 - - - - - -] OVN reports status down for port: ae952c3f-805d-4ce8-8e76-d14dd2839a45 [pid: 7|app: 0|req: 525/1064] 10.0.0.65 () {34 vars in 1001 bytes} [Sat May 9 22:53:38 2026] GET /v2.0/ports?tenant_id=9f1e8e2c327f42bb82667d9d0519ef4a&fields=id => generated 103 bytes in 218 msecs (HTTP/1.1 200) 4 headers in 157 bytes (1 switches on core 0) [pid: 7|app: 0|req: 528/1067] 10.0.0.65 () {34 vars in 989 bytes} [Sat May 9 22:53:38 2026] GET /v2.0/ports?device_id=2c6515b6-1d44-41e5-8889-bd46199f99d5 => generated 12 bytes in 66 msecs (HTTP/1.1 200) 4 headers in 156 bytes (1 switches on core 0)
2026-05-09 22:53:38.613 7 WARNING keystonemiddleware.audit [req-8c289fb1-c92a-48e4-8a70-ce5c9478610a req-2428d65a-2fc1-424c-bf8d-43cc339fd975 930195bc56f743fd97169c4874e694d8 c5a479afcf1c4dad90d86515d564aec7 - - default default] Skipping service tempest-service-2128335886 as it have no endpoints.
2026-05-09 22:53:38.624 8 INFO neutron.plugins.ml2.drivers.ovn.mech_driver.mech_driver [None req-18a81407-5e82-4bf0-8bdf-543c6e5acacc - - - - - -] OVN reports status up for port: c830eb4f-91b9-456a-b3d5-164e93e18350
2026-05-09 22:53:38.650 8 INFO neutron.plugins.ml2.plugin [None req-18a81407-5e82-4bf0-8bdf-543c6e5acacc - - - - - -] Attempt 1 to provision port c830eb4f-91b9-456a-b3d5-164e93e18350 [pid: 7|app: 0|req: 529/1068] 10.0.0.65 () {34 vars in 1007 bytes} [Sat May 9 22:53:38 2026] GET /v2.0/networks/43785dad-0e24-42cc-acc2-858b9f881add?fields=segments => generated 14 bytes in 142 msecs (HTTP/1.1 200) 4 headers in 156 bytes (1 switches on core 0)
2026-05-09 22:53:38.748 7 INFO neutron.plugins.ml2.drivers.ovn.mech_driver.mech_driver [None req-428f097a-31ea-4d44-bde3-8359a45ccb82 - - - - - -] OVN reports status down for port: e2c8de14-f07f-4fe1-b7ac-9b3bc914cc16
2026-05-09 22:53:38.760 7 WARNING keystonemiddleware.audit [req-597ef6f6-0718-4ab0-91f8-a5e9c03a23e9 req-523ef55a-4f0b-42de-b484-282e057fecba c0f31dbe326741188923e1ebde77ea12 a4a3758235e54f65a4a6d08bd898cab2 - - 572a0684754642d0af0e5bb1dd2c6879 572a0684754642d0af0e5bb1dd2c6879] Skipping service tempest-service-2128335886 as it have no endpoints.
2026-05-09 22:53:38.780 7 INFO neutron.db.ovn_revision_numbers_db [None req-7a5cf8e7-dd90-4318-aabe-687e22b87f97 - - - - - -] Successfully bumped revision number for resource 6c56c3d7-2c11-454d-9659-a21d40fe011d (type: ports) to 4
2026-05-09 22:53:38.782 8 WARNING neutron.scheduler.dhcp_agent_scheduler [None req-8a5949e9-889f-4673-8e84-e1a429bc83c1 989bd05b50bf4c5ea86c564230120ec1 b2b1a26845584fd8801efaf71ed40e6c - - default default] No more DHCP agents
2026-05-09 22:53:38.784 8 WARNING neutron.api.rpc.agentnotifiers.dhcp_rpc_agent_api [None req-8a5949e9-889f-4673-8e84-e1a429bc83c1 989bd05b50bf4c5ea86c564230120ec1 b2b1a26845584fd8801efaf71ed40e6c - - default default] Unable to schedule network b69c2bc7-e45a-49e9-b8de-8473216f3ae3: no agents available; will retry on subsequent port and subnet creation events. [pid: 7|app: 0|req: 530/1069] 10.0.0.65 () {34 vars in 1107 bytes} [Sat May 9 22:53:38 2026] GET /v2.0/networks/43785dad-0e24-42cc-acc2-858b9f881add?fields=provider%3Aphysical_network&fields=provider%3Anetwork_type => generated 79 bytes in 134 msecs (HTTP/1.1 200) 4 headers in 156 bytes (1 switches on core 0)
2026-05-09 22:53:38.900 7 WARNING neutron.plugins.ml2.drivers.ovn.mech_driver.ovsdb.ovn_client [None req-428f097a-31ea-4d44-bde3-8359a45ccb82 - - - - - -] Logical_Switch_Port e2c8de14-f07f-4fe1-b7ac-9b3bc914cc16 host information not removed, the port state is up
2026-05-09 22:53:38.901 7 INFO neutron.plugins.ml2.drivers.ovn.mech_driver.mech_driver [None req-428f097a-31ea-4d44-bde3-8359a45ccb82 - - - - - -] OVN reports status up for port: e2c8de14-f07f-4fe1-b7ac-9b3bc914cc16
