2026-05-09 22:54:42.474 8 INFO neutron.plugins.ml2.drivers.ovn.mech_driver.mech_driver [None req-aa9801be-b4d9-49bc-918b-6b6c2d80568c - - - - - -] OVN reports status down for port: 0aff2b21-6579-44a9-9357-96cdbe5b850e
2026-05-09 22:54:42.519 7 INFO neutron.db.ovn_revision_numbers_db [None req-9de4e497-ec52-4fe3-b6f9-031c2e09c199 - - - - - -] Successfully bumped revision number for resource fabaea83-f6e1-4fed-bb7e-321ca1c41410 (type: ports) to 2
2026-05-09 22:54:42.543 8 INFO neutron.db.ovn_revision_numbers_db [None req-d1b1ce5e-ef9e-440d-9dfd-74c43da22bc3 13d84abfd9234dfb8484c7ec3f499150 b31655ab01d74924b1ff2137ccfa5d85 - - default default] Successfully bumped revision number for resource 0aff2b21-6579-44a9-9357-96cdbe5b850e (type: ports) to 2
2026-05-09 22:54:42.548 7 INFO neutron.db.ovn_revision_numbers_db [None req-9de4e497-ec52-4fe3-b6f9-031c2e09c199 - - - - - -] Successfully bumped revision number for resource 88666ffe-6208-444c-8126-a4b957a7ebff (type: subnets) to 0 [pid: 7|app: 0|req: 814/1631] 10.0.0.8 () {34 vars in 667 bytes} [Sat May 9 22:54:41 2026] POST /v2.0/subnets => generated 644 bytes in 626 msecs (HTTP/1.1 201) 4 headers in 162 bytes (1 switches on core 0) [pid: 7|app: 0|req: 815/1632] 10.0.0.65 () {34 vars in 964 bytes} [Sat May 9 22:54:42 2026] GET /v2.0/quotas/64115a5be25844e7a5cc293abb9a93ae => generated 292 bytes in 8 msecs (HTTP/1.1 200) 4 headers in 157 bytes (1 switches on core 0)
2026-05-09 22:54:42.574 7 WARNING neutron.api.v2.base [None req-4560843a-445d-4a4f-8e9d-bfc95d31d23e efe3100299224355a42076cb2c16d6a4 938d2d3b446c486f98b7352ce93c34f0 - - default default] An exception happened while processing the request body. The exception message is [Invalid input for target_tenant. Reason: 'None' is not a valid string.].: webob.exc.HTTPBadRequest: Invalid input for target_tenant. Reason: 'None' is not a valid string.
2026-05-09 22:54:42.575 7 INFO neutron.api.v2.resource [None req-4560843a-445d-4a4f-8e9d-bfc95d31d23e efe3100299224355a42076cb2c16d6a4 938d2d3b446c486f98b7352ce93c34f0 - - default default] create failed (client error): Invalid input for target_tenant. Reason: 'None' is not a valid string. [pid: 7|app: 0|req: 816/1633] 10.0.0.8 () {34 vars in 679 bytes} [Sat May 9 22:54:42 2026] POST /v2.0/rbac-policies => generated 143 bytes in 6 msecs (HTTP/1.1 400) 4 headers in 166 bytes (1 switches on core 0) [pid: 8|app: 0|req: 818/1634] 10.0.0.8 () {34 vars in 735 bytes} [Sat May 9 22:54:42 2026] PUT /v2.0/ports/0aff2b21-6579-44a9-9357-96cdbe5b850e => generated 752 bytes in 303 msecs (HTTP/1.1 200) 4 headers in 157 bytes (1 switches on core 0) /var/lib/openstack/lib/python3.12/site-packages/pycadf/identifier.py:70: UserWarning: Invalid uuid: neutron. To ensure interoperability, identifiers should be a valid uuid. warnings.warn(('Invalid uuid: %s. To ensure interoperability, ' [pid: 7|app: 0|req: 817/1635] 10.0.0.65 () {34 vars in 1001 bytes} [Sat May 9 22:54:42 2026] GET /v2.0/ports?tenant_id=64115a5be25844e7a5cc293abb9a93ae&fields=id => generated 103 bytes in 66 msecs (HTTP/1.1 200) 4 headers in 157 bytes (1 switches on core 0)
2026-05-09 22:54:42.710 8 INFO neutron_taas.services.taas.taas_plugin [None req-824f4d83-7282-4918-8c37-17bcf1705489 efe3100299224355a42076cb2c16d6a4 938d2d3b446c486f98b7352ce93c34f0 - - default default] TaaS: Handle Delete Port: fabaea83-f6e1-4fed-bb7e-321ca1c41410
2026-05-09 22:54:42.713 8 INFO neutron_taas.services.taas.tap_mirror_plugin [None req-824f4d83-7282-4918-8c37-17bcf1705489 efe3100299224355a42076cb2c16d6a4 938d2d3b446c486f98b7352ce93c34f0 - - default default] Tap Mirror: Handle Delete Port: fabaea83-f6e1-4fed-bb7e-321ca1c41410
2026-05-09 22:54:42.771 7 INFO neutron_taas.services.taas.taas_plugin [None req-62f8e5ba-ddf3-4eea-bfe3-aa50f1b72513 13d84abfd9234dfb8484c7ec3f499150 b31655ab01d74924b1ff2137ccfa5d85 - - default default] TaaS: Handle Delete Port: 0aff2b21-6579-44a9-9357-96cdbe5b850e
2026-05-09 22:54:42.774 7 INFO neutron_taas.services.taas.tap_mirror_plugin [None req-62f8e5ba-ddf3-4eea-bfe3-aa50f1b72513 13d84abfd9234dfb8484c7ec3f499150 b31655ab01d74924b1ff2137ccfa5d85 - - default default] Tap Mirror: Handle Delete Port: 0aff2b21-6579-44a9-9357-96cdbe5b850e [pid: 7|app: 0|req: 818/1636] 10.0.0.8 () {32 vars in 718 bytes} [Sat May 9 22:54:42 2026] DELETE /v2.0/ports/0aff2b21-6579-44a9-9357-96cdbe5b850e => generated 0 bytes in 248 msecs (HTTP/1.1 204) 3 headers in 131 bytes (1 switches on core 0)
2026-05-09 22:54:42.895 7 WARNING keystonemiddleware.audit [None req-62f8e5ba-ddf3-4eea-bfe3-aa50f1b72513 13d84abfd9234dfb8484c7ec3f499150 b31655ab01d74924b1ff2137ccfa5d85 - - default default] Skipping service tempest-service-2128335886 as it have no endpoints. [pid: 7|app: 0|req: 819/1637] 10.0.0.65 () {34 vars in 1007 bytes} [Sat May 9 22:54:42 2026] GET /v2.0/networks/b4f41c96-eb45-4516-a7c7-060da2af9b58?fields=segments => generated 14 bytes in 36 msecs (HTTP/1.1 200) 4 headers in 156 bytes (1 switches on core 0) [pid: 7|app: 0|req: 820/1638] 10.0.0.8 () {32 vars in 641 bytes} [Sat May 9 22:54:42 2026] GET /v2.0/ports => generated 1538 bytes in 59 msecs (HTTP/1.1 200) 4 headers in 158 bytes (1 switches on core 0)
2026-05-09 22:54:42.991 7 WARNING keystonemiddleware.audit [None req-24b41deb-94f7-4f1b-9db7-c6845152707e 13d84abfd9234dfb8484c7ec3f499150 b31655ab01d74924b1ff2137ccfa5d85 - - default default] Skipping service tempest-service-2128335886 as it have no endpoints. [pid: 7|app: 0|req: 821/1639] 10.0.0.65 () {34 vars in 1107 bytes} [Sat May 9 22:54:42 2026] GET /v2.0/networks/b4f41c96-eb45-4516-a7c7-060da2af9b58?fields=provider%3Aphysical_network&fields=provider%3Anetwork_type => generated 79 bytes in 45 msecs (HTTP/1.1 200) 4 headers in 156 bytes (1 switches on core 0) [pid: 8|app: 0|req: 819/1640] 10.0.0.8 () {32 vars in 724 bytes} [Sat May 9 22:54:42 2026] DELETE /v2.0/networks/d61a098a-caa9-4837-8341-17d6f7971713 => generated 0 bytes in 458 msecs (HTTP/1.1 204) 3 headers in 131 bytes (1 switches on core 0)
2026-05-09 22:54:43.047 7 INFO neutron.pecan_wsgi.hooks.translation [None req-d5748ecf-28ac-4b0d-ab5e-793e12b854b5 13d84abfd9234dfb8484c7ec3f499150 b31655ab01d74924b1ff2137ccfa5d85 - - default default] GET failed (client error): The resource could not be found. [pid: 7|app: 0|req: 822/1641] 10.0.0.8 () {32 vars in 715 bytes} [Sat May 9 22:54:43 2026] GET /v2.0/ports/0aff2b21-6579-44a9-9357-96cdbe5b850e => generated 132 bytes in 14 msecs (HTTP/1.1 404) 4 headers in 164 bytes (1 switches on core 0) [pid: 7|app: 0|req: 823/1642] 10.0.0.8 () {32 vars in 641 bytes} [Sat May 9 22:54:43 2026] GET /v2.0/ports => generated 1538 bytes in 30 msecs (HTTP/1.1 200) 4 headers in 158 bytes (1 switches on core 0) [pid: 7|app: 0|req: 824/1643] 10.0.0.8 () {32 vars in 715 bytes} [Sat May 9 22:54:43 2026] GET /v2.0/ports/3a082d46-91a0-41d8-a031-e871e2161b63 => generated 779 bytes in 29 msecs (HTTP/1.1 200) 4 headers in 157 bytes (1 switches on core 0)
2026-05-09 22:54:43.130 8 INFO neutron.db.segments_db [None req-ad2c8997-1615-45f9-a62d-95ca54685612 efe3100299224355a42076cb2c16d6a4 938d2d3b446c486f98b7352ce93c34f0 - - default default] Added segment 30e130aa-8826-42bc-bddb-b061df45f3fe of type geneve for network 20dff4eb-4e80-43b8-9caa-477f9b7ea916
2026-05-09 22:54:43.142 7 INFO neutron.pecan_wsgi.hooks.translation [None req-942a5ea4-e4b6-443c-8c71-ba38791b1cbb 13d84abfd9234dfb8484c7ec3f499150 b31655ab01d74924b1ff2137ccfa5d85 - - default default] DELETE failed (client error): The resource could not be found. [pid: 7|app: 0|req: 825/1644] 10.0.0.8 () {32 vars in 718 bytes} [Sat May 9 22:54:43 2026] DELETE /v2.0/ports/1244f4fb-deec-4d88-acc6-b8fa4b33c8c1 => generated 132 bytes in 19 msecs (HTTP/1.1 404) 4 headers in 164 bytes (1 switches on core 0) [pid: 7|app: 0|req: 826/1645] 10.0.0.65 () {34 vars in 989 bytes} [Sat May 9 22:54:43 2026] GET /v2.0/ports?device_id=a15f7604-b40b-4d70-97f0-301daf6a3c16 => generated 12 bytes in 20 msecs (HTTP/1.1 200) 4 headers in 156 bytes (1 switches on core 0)
2026-05-09 22:54:43.175 7 INFO neutron.pecan_wsgi.hooks.translation [None req-d1f24614-70ac-4943-9eae-e4e63d2b6b61 13d84abfd9234dfb8484c7ec3f499150 b31655ab01d74924b1ff2137ccfa5d85 - - default default] DELETE failed (client error): The resource could not be found. [pid: 7|app: 0|req: 827/1646] 10.0.0.8 () {32 vars in 722 bytes} [Sat May 9 22:54:43 2026] DELETE /v2.0/subnets/e8cc3df6-f181-4854-bf33-94aa81d36c2b => generated 136 bytes in 11 msecs (HTTP/1.1 404) 4 headers in 164 bytes (1 switches on core 0)
2026-05-09 22:54:43.192 7 INFO neutron.pecan_wsgi.hooks.translation [None req-236ac9d7-5e11-4623-8e7f-bb062da8178a 13d84abfd9234dfb8484c7ec3f499150 b31655ab01d74924b1ff2137ccfa5d85 - - default default] DELETE failed (client error): The resource could not be found. [pid: 7|app: 0|req: 828/1647] 10.0.0.8 () {32 vars in 722 bytes} [Sat May 9 22:54:43 2026] DELETE /v2.0/subnets/c097df79-f9d1-4db8-bf9c-cda431bd7267 => generated 136 bytes in 12 msecs (HTTP/1.1 404) 4 headers in 164 bytes (1 switches on core 0)
2026-05-09 22:54:43.238 8 INFO neutron.db.ovn_revision_numbers_db [None req-ad2c8997-1615-45f9-a62d-95ca54685612 efe3100299224355a42076cb2c16d6a4 938d2d3b446c486f98b7352ce93c34f0 - - default default] Successfully bumped revision number for resource 20dff4eb-4e80-43b8-9caa-477f9b7ea916 (type: networks) to 1
2026-05-09 22:54:43.269 8 INFO neutron.services.segments.plugin [-] Segment 86b1f9a6-8a1f-45c1-ac9d-c01a2bbd6fc8 resource provider aggregate not found
2026-05-09 22:54:43.269 8 INFO neutron.services.segments.plugin [-] Segment 86b1f9a6-8a1f-45c1-ac9d-c01a2bbd6fc8 resource provider aggregate not found
2026-05-09 22:54:43.288 8 INFO neutron.services.segments.plugin [-] Segment 86b1f9a6-8a1f-45c1-ac9d-c01a2bbd6fc8 resource provider not found; error: Placement Client Error (4xx): {"errors": [{"status": 404, "title": "Not Found", "detail": "The resource could not be found.\n\n No resource provider with uuid 86b1f9a6-8a1f-45c1-ac9d-c01a2bbd6fc8 found for delete ", "request_id": "req-d3ffecc5-542f-4e02-a746-e5795dc6df78"}]}
2026-05-09 22:54:43.289 8 INFO neutron.services.segments.plugin [-] Segment 86b1f9a6-8a1f-45c1-ac9d-c01a2bbd6fc8 resource provider not found; error: Placement Client Error (4xx): {"errors": [{"status": 404, "title": "Not Found", "detail": "The resource could not be found.\n\n No resource provider with uuid 86b1f9a6-8a1f-45c1-ac9d-c01a2bbd6fc8 found for delete ", "request_id": "req-492039af-7736-4105-9790-c1bcea64e4c8"}]}
2026-05-09 22:54:43.310 7 INFO neutron_taas.services.taas.taas_plugin [None req-18fc2355-6a17-4e73-b25d-1e3bdb945c6f 13d84abfd9234dfb8484c7ec3f499150 b31655ab01d74924b1ff2137ccfa5d85 - - default default] TaaS: Handle Delete Port: 3a082d46-91a0-41d8-a031-e871e2161b63
2026-05-09 22:54:43.312 7 INFO neutron_taas.services.taas.tap_mirror_plugin [None req-18fc2355-6a17-4e73-b25d-1e3bdb945c6f 13d84abfd9234dfb8484c7ec3f499150 b31655ab01d74924b1ff2137ccfa5d85 - - default default] Tap Mirror: Handle Delete Port: 3a082d46-91a0-41d8-a031-e871e2161b63
2026-05-09 22:54:43.419 8 WARNING neutron.scheduler.dhcp_agent_scheduler [None req-ad2c8997-1615-45f9-a62d-95ca54685612 efe3100299224355a42076cb2c16d6a4 938d2d3b446c486f98b7352ce93c34f0 - - default default] No more DHCP agents
2026-05-09 22:54:43.421 8 WARNING neutron.api.rpc.agentnotifiers.dhcp_rpc_agent_api [None req-ad2c8997-1615-45f9-a62d-95ca54685612 efe3100299224355a42076cb2c16d6a4 938d2d3b446c486f98b7352ce93c34f0 - - default default] Unable to schedule network 20dff4eb-4e80-43b8-9caa-477f9b7ea916: no agents available; will retry on subsequent port and subnet creation events. [pid: 7|app: 0|req: 829/1648] 10.0.0.8 () {32 vars in 718 bytes} [Sat May 9 22:54:43 2026] DELETE /v2.0/ports/3a082d46-91a0-41d8-a031-e871e2161b63 => generated 0 bytes in 228 msecs (HTTP/1.1 204) 3 headers in 131 bytes (1 switches on core 0) [pid: 7|app: 0|req: 830/1649] 10.0.0.65 () {34 vars in 989 bytes} [Sat May 9 22:54:43 2026] GET /v2.0/ports?device_id=231e11c0-6d89-4427-a4d1-3b05bfe7d780 => generated 12 bytes in 16 msecs (HTTP/1.1 200) 4 headers in 156 bytes (1 switches on core 0)
2026-05-09 22:54:43.473 8 INFO neutron.plugins.ml2.drivers.ovn.mech_driver.mech_driver [None req-aa9801be-b4d9-49bc-918b-6b6c2d80568c - - - - - -] OVN reports status down for port: d73be733-74fc-4392-8170-876686abd08f
2026-05-09 22:54:43.519 8 INFO neutron.db.ovn_revision_numbers_db [None req-ad2c8997-1615-45f9-a62d-95ca54685612 efe3100299224355a42076cb2c16d6a4 938d2d3b446c486f98b7352ce93c34f0 - - default default] Successfully bumped revision number for resource d73be733-74fc-4392-8170-876686abd08f (type: ports) to 1 [pid: 8|app: 0|req: 820/1650] 10.0.0.8 () {34 vars in 668 bytes} [Sat May 9 22:54:43 2026] POST /v2.0/networks => generated 768 bytes in 508 msecs (HTTP/1.1 201) 4 headers in 162 bytes (1 switches on core 0)
2026-05-09 22:54:43.573 7 INFO neutron_taas.services.taas.taas_plugin [None req-878a465c-8be6-4ec6-bf9f-5bdc3035b350 13d84abfd9234dfb8484c7ec3f499150 b31655ab01d74924b1ff2137ccfa5d85 - - default default] TaaS: Handle Delete Port: f0e402b7-e8a0-45de-a4eb-3e73b719972d
2026-05-09 22:54:43.577 7 INFO neutron_taas.services.taas.tap_mirror_plugin [None req-878a465c-8be6-4ec6-bf9f-5bdc3035b350 13d84abfd9234dfb8484c7ec3f499150 b31655ab01d74924b1ff2137ccfa5d85 - - default default] Tap Mirror: Handle Delete Port: f0e402b7-e8a0-45de-a4eb-3e73b719972d
2026-05-09 22:54:43.670 8 WARNING neutron.scheduler.dhcp_agent_scheduler [None req-c2ef4f52-e611-41d5-a904-97f61a791ec4 efe3100299224355a42076cb2c16d6a4 938d2d3b446c486f98b7352ce93c34f0 - - default default] No more DHCP agents
2026-05-09 22:54:43.672 8 WARNING neutron.api.rpc.agentnotifiers.dhcp_rpc_agent_api [None req-c2ef4f52-e611-41d5-a904-97f61a791ec4 efe3100299224355a42076cb2c16d6a4 938d2d3b446c486f98b7352ce93c34f0 - - default default] Unable to schedule network 20dff4eb-4e80-43b8-9caa-477f9b7ea916: no agents available; will retry on subsequent port and subnet creation events.
2026-05-09 22:54:43.746 7 INFO neutron.services.segments.plugin [-] Segment 417d9f6f-1c1e-4a7d-89f5-0a32532612a2 resource provider aggregate not found
2026-05-09 22:54:43.752 7 INFO neutron.services.segments.plugin [-] Segment 417d9f6f-1c1e-4a7d-89f5-0a32532612a2 resource provider aggregate not found
2026-05-09 22:54:43.758 7 INFO neutron.services.segments.plugin [-] Segment 417d9f6f-1c1e-4a7d-89f5-0a32532612a2 resource provider not found; error: Placement Client Error (4xx): {"errors": [{"status": 404, "title": "Not Found", "detail": "The resource could not be found.\n\n No resource provider with uuid 417d9f6f-1c1e-4a7d-89f5-0a32532612a2 found for delete ", "request_id": "req-72d1cdec-06fa-4d6b-91bc-ca933d45f11a"}]}
2026-05-09 22:54:43.782 7 INFO neutron.services.segments.plugin [-] Segment 417d9f6f-1c1e-4a7d-89f5-0a32532612a2 resource provider not found; error: Placement Client Error (4xx): {"errors": [{"status": 404, "title": "Not Found", "detail": "The resource could not be found.\n\n No resource provider with uuid 417d9f6f-1c1e-4a7d-89f5-0a32532612a2 found for delete ", "request_id": "req-df858c1e-ee2e-4b09-82e6-fe3601a52c44"}]} [pid: 7|app: 0|req: 831/1651] 10.0.0.8 () {32 vars in 724 bytes} [Sat May 9 22:54:43 2026] DELETE /v2.0/networks/21506b51-e03d-45ad-806e-3f9ceb430ee5 => generated 0 bytes in 344 msecs (HTTP/1.1 204) 3 headers in 131 bytes (1 switches on core 0)
2026-05-09 22:54:44.033 8 INFO neutron.db.ovn_revision_numbers_db [None req-f34a5cc3-f02b-4421-af00-8c9bf02abbaf - - - - - -] Successfully bumped revision number for resource d73be733-74fc-4392-8170-876686abd08f (type: ports) to 2
2026-05-09 22:54:44.082 8 INFO neutron.db.ovn_revision_numbers_db [None req-f34a5cc3-f02b-4421-af00-8c9bf02abbaf - - - - - -] Successfully bumped revision number for resource c61c4e14-773f-433d-b5ce-ecac308409b9 (type: subnets) to 0 [pid: 8|app: 0|req: 821/1652] 10.0.0.8 () {34 vars in 667 bytes} [Sat May 9 22:54:43 2026] POST /v2.0/subnets => generated 647 bytes in 545 msecs (HTTP/1.1 201) 4 headers in 162 bytes (1 switches on core 0)
2026-05-09 22:54:44.114 7 WARNING neutron.api.v2.base [None req-45a7d440-e787-4726-9eb8-9dd04b7f58f8 efe3100299224355a42076cb2c16d6a4 938d2d3b446c486f98b7352ce93c34f0 - - default default] An exception happened while processing the request body. The exception message is [Invalid input for target_tenant. Reason: '1234123412341234123412341234123412341234123412341234123412341234123412341234123412341234123412341234123412341234123412341234123412341234123412341234123412341234123412341234123412341234123412341234123412341234123412341234123412341234123412341234123412341234123412341234123412341234123412341234123412341234123412341234123412341234123412341234123412341234123412341234123412341234123412341234123412341234' exceeds maximum length of 255.].: webob.exc.HTTPBadRequest: Invalid input for target_tenant. Reason: '1234123412341234123412341234123412341234123412341234123412341234123412341234123412341234123412341234123412341234123412341234123412341234123412341234123412341234123412341234123412341234123412341234123412341234123412341234123412341234123412341234123412341234123412341234123412341234123412341234123412341234123412341234123412341234123412341234123412341234123412341234123412341234123412341234123412341234' exceeds maximum length of 255.
2026-05-09 22:54:44.114 7 INFO neutron.api.v2.resource [None req-45a7d440-e787-4726-9eb8-9dd04b7f58f8 efe3100299224355a42076cb2c16d6a4 938d2d3b446c486f98b7352ce93c34f0 - - default default] create failed (client error): Invalid input for target_tenant. Reason: '1234123412341234123412341234123412341234123412341234123412341234123412341234123412341234123412341234123412341234123412341234123412341234123412341234123412341234123412341234123412341234123412341234123412341234123412341234123412341234123412341234123412341234123412341234123412341234123412341234123412341234123412341234123412341234123412341234123412341234123412341234123412341234123412341234123412341234' exceeds maximum length of 255. [pid: 7|app: 0|req: 832/1653] 10.0.0.8 () {34 vars in 679 bytes} [Sat May 9 22:54:44 2026] POST /v2.0/rbac-policies => generated 547 bytes in 12 msecs (HTTP/1.1 400) 4 headers in 166 bytes (1 switches on core 0) [pid: 7|app: 0|req: 833/1654] 10.0.0.65 () {34 vars in 989 bytes} [Sat May 9 22:54:44 2026] GET /v2.0/ports?device_id=a15f7604-b40b-4d70-97f0-301daf6a3c16 => generated 12 bytes in 21 msecs (HTTP/1.1 200) 4 headers in 156 bytes (1 switches on core 0)
2026-05-09 22:54:44.266 8 INFO neutron_taas.services.taas.taas_plugin [None req-dba9b143-ef4c-4f69-a1d9-9f9977911c4b efe3100299224355a42076cb2c16d6a4 938d2d3b446c486f98b7352ce93c34f0 - - default default] TaaS: Handle Delete Port: d73be733-74fc-4392-8170-876686abd08f
2026-05-09 22:54:44.269 8 INFO neutron_taas.services.taas.tap_mirror_plugin [None req-dba9b143-ef4c-4f69-a1d9-9f9977911c4b efe3100299224355a42076cb2c16d6a4 938d2d3b446c486f98b7352ce93c34f0 - - default default] Tap Mirror: Handle Delete Port: d73be733-74fc-4392-8170-876686abd08f [pid: 7|app: 0|req: 834/1655] 10.0.0.8 () {32 vars in 772 bytes} [Sat May 9 22:54:44 2026] GET /v2.0/security-groups?tenant_id=b31655ab01d74924b1ff2137ccfa5d85&name=default => generated 2925 bytes in 130 msecs (HTTP/1.1 200) 4 headers in 158 bytes (1 switches on core 0)
2026-05-09 22:54:44.535 7 WARNING neutron.plugins.ml2.drivers.ovn.mech_driver.ovsdb.ovn_client [None req-962c4e53-5341-4c73-a389-48e385771bf1 - - - - - -] No hosting information found for port f7682add-ee92-4a24-8335-eb93e77dc9b4: RuntimeError: No hosting information found for port f7682add-ee92-4a24-8335-eb93e77dc9b4 [pid: 8|app: 0|req: 822/1656] 10.0.0.8 () {32 vars in 724 bytes} [Sat May 9 22:54:44 2026] DELETE /v2.0/networks/20dff4eb-4e80-43b8-9caa-477f9b7ea916 => generated 0 bytes in 448 msecs (HTTP/1.1 204) 3 headers in 131 bytes (1 switches on core 0)
2026-05-09 22:54:44.682 7 INFO neutron.db.ovn_revision_numbers_db [None req-962c4e53-5341-4c73-a389-48e385771bf1 - - - - - -] Successfully bumped revision number for resource f7682add-ee92-4a24-8335-eb93e77dc9b4 (type: router_ports) to 2
2026-05-09 22:54:44.683 7 INFO neutron.plugins.ml2.drivers.ovn.mech_driver.mech_driver [None req-962c4e53-5341-4c73-a389-48e385771bf1 - - - - - -] OVN reports status down for port: 41654a8c-969e-4121-9fe9-8148982d0167 [pid: 8|app: 0|req: 823/1657] 10.0.0.8 () {32 vars in 738 bytes} [Sat May 9 22:54:44 2026] DELETE /v2.0/security-groups/5a0dc95e-1185-4e90-97b0-af690efc65bd => generated 0 bytes in 127 msecs (HTTP/1.1 204) 2 headers in 112 bytes (1 switches on core 0)
2026-05-09 22:54:44.751 7 INFO neutron.plugins.ml2.drivers.ovn.mech_driver.mech_driver [None req-962c4e53-5341-4c73-a389-48e385771bf1 - - - - - -] OVN reports status down for port: 808cbb0f-167c-45fd-b514-1b7a9d9a3dcb
2026-05-09 22:54:44.761 7 INFO neutron.plugins.ml2.drivers.ovn.mech_driver.mech_driver [None req-962c4e53-5341-4c73-a389-48e385771bf1 - - - - - -] OVN reports status down for port: 1244f4fb-deec-4d88-acc6-b8fa4b33c8c1
2026-05-09 22:54:44.790 8 INFO neutron.db.segments_db [None req-81907a63-391d-4895-a398-c7787492189b efe3100299224355a42076cb2c16d6a4 938d2d3b446c486f98b7352ce93c34f0 - - default default] Added segment 02ae53f2-6e5c-48df-9c66-0e27556e7fb6 of type geneve for network 59d9dc39-fcd5-488c-9c9b-34452a5847d9 [pid: 7|app: 0|req: 835/1658] 10.0.0.8 () {32 vars in 738 bytes} [Sat May 9 22:54:44 2026] DELETE /v2.0/security-groups/8355d011-1d44-4869-90b8-1fe0e4bc3226 => generated 0 bytes in 367 msecs (HTTP/1.1 204) 2 headers in 112 bytes (1 switches on core 0)
2026-05-09 22:54:44.810 7 INFO neutron.api.v2.resource [None req-97fdade1-8595-42ee-a80f-e59747f27259 bb379583e2534462a71ecd9f0ea562eb 9f1e8e2c327f42bb82667d9d0519ef4a - - default default] show failed (client error): The resource could not be found. [pid: 7|app: 0|req: 836/1659] 10.0.0.8 () {32 vars in 735 bytes} [Sat May 9 22:54:44 2026] GET /v2.0/security-groups/5a0dc95e-1185-4e90-97b0-af690efc65bd => generated 146 bytes in 19 msecs (HTTP/1.1 404) 4 headers in 164 bytes (1 switches on core 0)
2026-05-09 22:54:44.896 8 INFO neutron.db.ovn_revision_numbers_db [None req-81907a63-391d-4895-a398-c7787492189b efe3100299224355a42076cb2c16d6a4 938d2d3b446c486f98b7352ce93c34f0 - - default default] Successfully bumped revision number for resource 59d9dc39-fcd5-488c-9c9b-34452a5847d9 (type: networks) to 1
2026-05-09 22:54:44.972 7 INFO neutron_taas.services.taas.taas_plugin [None req-73fd1131-de52-41ee-8426-0a45547fa68e bb379583e2534462a71ecd9f0ea562eb 9f1e8e2c327f42bb82667d9d0519ef4a - - default default] TaaS: Handle Delete Port: a6b99d9c-ab74-4ec2-997e-6a9b7734233a
2026-05-09 22:54:44.975 7 INFO neutron_taas.services.taas.tap_mirror_plugin [None req-73fd1131-de52-41ee-8426-0a45547fa68e bb379583e2534462a71ecd9f0ea562eb 9f1e8e2c327f42bb82667d9d0519ef4a - - default default] Tap Mirror: Handle Delete Port: a6b99d9c-ab74-4ec2-997e-6a9b7734233a
2026-05-09 22:54:45.083 8 WARNING neutron.scheduler.dhcp_agent_scheduler [None req-81907a63-391d-4895-a398-c7787492189b efe3100299224355a42076cb2c16d6a4 938d2d3b446c486f98b7352ce93c34f0 - - default default] No more DHCP agents
2026-05-09 22:54:45.084 8 WARNING neutron.api.rpc.agentnotifiers.dhcp_rpc_agent_api [None req-81907a63-391d-4895-a398-c7787492189b efe3100299224355a42076cb2c16d6a4 938d2d3b446c486f98b7352ce93c34f0 - - default default] Unable to schedule network 59d9dc39-fcd5-488c-9c9b-34452a5847d9: no agents available; will retry on subsequent port and subnet creation events.
2026-05-09 22:54:45.137 8 INFO neutron.plugins.ml2.drivers.ovn.mech_driver.mech_driver [None req-aa9801be-b4d9-49bc-918b-6b6c2d80568c - - - - - -] OVN reports status down for port: 05d18b3e-2c57-42ab-88d1-e51cd451d43c [pid: 7|app: 0|req: 837/1660] 10.0.0.8 () {32 vars in 730 bytes} [Sat May 9 22:54:44 2026] DELETE /v2.0/floatingips/94d7873d-493e-43dc-ac7d-7a9b1436b944 => generated 0 bytes in 354 msecs (HTTP/1.1 204) 2 headers in 112 bytes (1 switches on core 0)
2026-05-09 22:54:45.191 8 INFO neutron.db.ovn_revision_numbers_db [None req-81907a63-391d-4895-a398-c7787492189b efe3100299224355a42076cb2c16d6a4 938d2d3b446c486f98b7352ce93c34f0 - - default default] Successfully bumped revision number for resource 05d18b3e-2c57-42ab-88d1-e51cd451d43c (type: ports) to 1 [pid: 8|app: 0|req: 824/1661] 10.0.0.8 () {34 vars in 668 bytes} [Sat May 9 22:54:44 2026] POST /v2.0/networks => generated 767 bytes in 530 msecs (HTTP/1.1 201) 4 headers in 162 bytes (1 switches on core 0)
2026-05-09 22:54:45.310 8 INFO neutron.services.segments.plugin [-] Segment 30e130aa-8826-42bc-bddb-b061df45f3fe resource provider aggregate not found
2026-05-09 22:54:45.321 8 INFO neutron.services.segments.plugin [-] Segment 30e130aa-8826-42bc-bddb-b061df45f3fe resource provider aggregate not found
2026-05-09 22:54:45.329 8 INFO neutron.services.segments.plugin [-] Segment 30e130aa-8826-42bc-bddb-b061df45f3fe resource provider not found; error: Placement Client Error (4xx): {"errors": [{"status": 404, "title": "Not Found", "detail": "The resource could not be found.\n\n No resource provider with uuid 30e130aa-8826-42bc-bddb-b061df45f3fe found for delete ", "request_id": "req-d5cd2bab-d941-4809-b4a0-521d0eeaaeaa"}]}
2026-05-09 22:54:45.341 8 INFO neutron.services.segments.plugin [-] Segment 30e130aa-8826-42bc-bddb-b061df45f3fe resource provider not found; error: Placement Client Error (4xx): {"errors": [{"status": 404, "title": "Not Found", "detail": "The resource could not be found.\n\n No resource provider with uuid 30e130aa-8826-42bc-bddb-b061df45f3fe found for delete ", "request_id": "req-592f8845-68ea-4d28-a7a0-ea86891627a3"}]}
2026-05-09 22:54:45.381 8 WARNING neutron.scheduler.dhcp_agent_scheduler [None req-681aaac7-8b04-46aa-af2e-b451625c6fff efe3100299224355a42076cb2c16d6a4 938d2d3b446c486f98b7352ce93c34f0 - - default default] No more DHCP agents
2026-05-09 22:54:45.384 8 WARNING neutron.api.rpc.agentnotifiers.dhcp_rpc_agent_api [None req-681aaac7-8b04-46aa-af2e-b451625c6fff efe3100299224355a42076cb2c16d6a4 938d2d3b446c486f98b7352ce93c34f0 - - default default] Unable to schedule network 59d9dc39-fcd5-488c-9c9b-34452a5847d9: no agents available; will retry on subsequent port and subnet creation events.
2026-05-09 22:54:45.465 7 INFO neutron_taas.services.taas.taas_plugin [None req-520dee53-872e-4ee7-b125-0841076e5734 989bd05b50bf4c5ea86c564230120ec1 b2b1a26845584fd8801efaf71ed40e6c - - default default] TaaS: Handle Delete Port: e2c8de14-f07f-4fe1-b7ac-9b3bc914cc16
2026-05-09 22:54:45.467 7 INFO neutron_taas.services.taas.tap_mirror_plugin [None req-520dee53-872e-4ee7-b125-0841076e5734 989bd05b50bf4c5ea86c564230120ec1 b2b1a26845584fd8801efaf71ed40e6c - - default default] Tap Mirror: Handle Delete Port: e2c8de14-f07f-4fe1-b7ac-9b3bc914cc16
2026-05-09 22:54:45.892 8 INFO neutron.db.ovn_revision_numbers_db [None req-518bf646-191a-471d-9a64-b2994e8e7d99 - - - - - -] Successfully bumped revision number for resource 05d18b3e-2c57-42ab-88d1-e51cd451d43c (type: ports) to 2
2026-05-09 22:54:45.918 8 INFO neutron.db.ovn_revision_numbers_db [None req-518bf646-191a-471d-9a64-b2994e8e7d99 - - - - - -] Successfully bumped revision number for resource a9ab6744-ecb6-4cc4-862a-201b3a96622f (type: subnets) to 0 [pid: 8|app: 0|req: 825/1662] 10.0.0.8 () {34 vars in 667 bytes} [Sat May 9 22:54:45 2026] POST /v2.0/subnets => generated 647 bytes in 705 msecs (HTTP/1.1 201) 4 headers in 162 bytes (1 switches on core 0) [pid: 8|app: 0|req: 826/1663] 10.0.0.65 () {34 vars in 989 bytes} [Sat May 9 22:54:45 2026] GET /v2.0/ports?device_id=a15f7604-b40b-4d70-97f0-301daf6a3c16 => generated 12 bytes in 19 msecs (HTTP/1.1 200) 4 headers in 156 bytes (1 switches on core 0) [pid: 7|app: 0|req: 838/1664] 10.0.0.8 () {34 vars in 787 bytes} [Sat May 9 22:54:45 2026] PUT /v2.0/routers/43985baa-9dcf-40cc-b7ac-7c0e153b0b03/remove_router_interface => generated 309 bytes in 917 msecs (HTTP/1.1 200) 4 headers in 157 bytes (1 switches on core 0) /var/lib/openstack/lib/python3.12/site-packages/pycadf/identifier.py:70: UserWarning: Invalid uuid: neutron. To ensure interoperability, identifiers should be a valid uuid. warnings.warn(('Invalid uuid: %s. To ensure interoperability, ' [pid: 8|app: 0|req: 827/1665] 10.0.0.8 () {34 vars in 679 bytes} [Sat May 9 22:54:45 2026] POST /v2.0/rbac-policies => generated 324 bytes in 221 msecs (HTTP/1.1 201) 4 headers in 162 bytes (1 switches on core 0)
2026-05-09 22:54:46.401 7 INFO neutron_taas.services.taas.taas_plugin [None req-22c77a8b-5060-4878-8c9c-702e8b69a8bd 989bd05b50bf4c5ea86c564230120ec1 b2b1a26845584fd8801efaf71ed40e6c - - default default] TaaS: Handle Delete Port: 49a59ad0-0798-4554-a8db-e2dc793e2f2a
2026-05-09 22:54:46.403 7 INFO neutron_taas.services.taas.tap_mirror_plugin [None req-22c77a8b-5060-4878-8c9c-702e8b69a8bd 989bd05b50bf4c5ea86c564230120ec1 b2b1a26845584fd8801efaf71ed40e6c - - default default] Tap Mirror: Handle Delete Port: 49a59ad0-0798-4554-a8db-e2dc793e2f2a [pid: 8|app: 0|req: 828/1666] 10.0.0.8 () {32 vars in 721 bytes} [Sat May 9 22:54:46 2026] GET /v2.0/networks/59d9dc39-fcd5-488c-9c9b-34452a5847d9 => generated 692 bytes in 219 msecs (HTTP/1.1 200) 4 headers in 157 bytes (1 switches on core 0) [pid: 7|app: 0|req: 839/1667] 10.0.0.8 () {32 vars in 722 bytes} [Sat May 9 22:54:46 2026] DELETE /v2.0/routers/43985baa-9dcf-40cc-b7ac-7c0e153b0b03 => generated 0 bytes in 704 msecs (HTTP/1.1 204) 2 headers in 112 bytes (1 switches on core 0)
2026-05-09 22:54:46.946 8 INFO neutron.db.ovn_revision_numbers_db [None req-cdc9772c-5a36-4e2b-9fc6-a17848c681a2 f96ad85eaf9543ecb1cf5c8c4b04b9ae cac3cb0b67eb4eacb3633e89ad2ef7f4 - - default default] Successfully bumped revision number for resource 169c0dad-bead-40b1-94f9-1328de7dfc0c (type: security_groups) to 1
2026-05-09 22:54:46.956 8 INFO neutron.db.ovn_revision_numbers_db [None req-cdc9772c-5a36-4e2b-9fc6-a17848c681a2 f96ad85eaf9543ecb1cf5c8c4b04b9ae cac3cb0b67eb4eacb3633e89ad2ef7f4 - - default default] Successfully bumped revision number for resource 0ea4dab5-3795-4de0-8b43-22b7a4d3c4ae (type: security_group_rules) to 0
2026-05-09 22:54:46.967 8 INFO neutron.db.ovn_revision_numbers_db [None req-cdc9772c-5a36-4e2b-9fc6-a17848c681a2 f96ad85eaf9543ecb1cf5c8c4b04b9ae cac3cb0b67eb4eacb3633e89ad2ef7f4 - - default default] Successfully bumped revision number for resource 10bba1ec-6a59-4d8f-b198-02e7ec9ed63a (type: security_group_rules) to 0 [pid: 7|app: 0|req: 840/1668] 10.0.0.8 () {32 vars in 722 bytes} [Sat May 9 22:54:46 2026] DELETE /v2.0/subnets/89df0cd8-d12a-4920-a5af-5ead0cd472b7 => generated 0 bytes in 166 msecs (HTTP/1.1 204) 3 headers in 131 bytes (1 switches on core 0)
2026-05-09 22:54:46.984 8 INFO neutron.db.ovn_revision_numbers_db [None req-cdc9772c-5a36-4e2b-9fc6-a17848c681a2 f96ad85eaf9543ecb1cf5c8c4b04b9ae cac3cb0b67eb4eacb3633e89ad2ef7f4 - - default default] Successfully bumped revision number for resource 1db1768c-fe22-484f-9034-beb3af081ade (type: security_group_rules) to 0
2026-05-09 22:54:46.997 8 INFO neutron.db.ovn_revision_numbers_db [None req-cdc9772c-5a36-4e2b-9fc6-a17848c681a2 f96ad85eaf9543ecb1cf5c8c4b04b9ae cac3cb0b67eb4eacb3633e89ad2ef7f4 - - default default] Successfully bumped revision number for resource 20367a84-4a21-44af-b405-60d6e78a5bbe (type: security_group_rules) to 0
2026-05-09 22:54:47.067 8 INFO neutron.db.segments_db [None req-cdc9772c-5a36-4e2b-9fc6-a17848c681a2 f96ad85eaf9543ecb1cf5c8c4b04b9ae cac3cb0b67eb4eacb3633e89ad2ef7f4 - - default default] Added segment 7ca9688e-b189-439d-91a3-63e8142d252c of type geneve for network 4228fdf9-f164-484f-9c6a-6b29a2a4233c
2026-05-09 22:54:47.102 7 INFO neutron_taas.services.taas.taas_plugin [None req-fd764a2c-9ee0-4777-843a-8cdc83b401e2 989bd05b50bf4c5ea86c564230120ec1 b2b1a26845584fd8801efaf71ed40e6c - - default default] TaaS: Handle Delete Port: 195c58a9-a893-4a82-8f5f-bee8ad1fb2b4
2026-05-09 22:54:47.105 7 INFO neutron_taas.services.taas.tap_mirror_plugin [None req-fd764a2c-9ee0-4777-843a-8cdc83b401e2 989bd05b50bf4c5ea86c564230120ec1 b2b1a26845584fd8801efaf71ed40e6c - - default default] Tap Mirror: Handle Delete Port: 195c58a9-a893-4a82-8f5f-bee8ad1fb2b4
2026-05-09 22:54:47.177 8 INFO neutron.db.ovn_revision_numbers_db [None req-cdc9772c-5a36-4e2b-9fc6-a17848c681a2 f96ad85eaf9543ecb1cf5c8c4b04b9ae cac3cb0b67eb4eacb3633e89ad2ef7f4 - - default default] Successfully bumped revision number for resource 4228fdf9-f164-484f-9c6a-6b29a2a4233c (type: networks) to 1
2026-05-09 22:54:47.274 7 INFO neutron.services.segments.plugin [-] Segment 1556115d-4565-43fb-9428-48696fa4dce1 resource provider aggregate not found
2026-05-09 22:54:47.277 7 INFO neutron.services.segments.plugin [-] Segment 1556115d-4565-43fb-9428-48696fa4dce1 resource provider aggregate not found
2026-05-09 22:54:47.298 7 INFO neutron.services.segments.plugin [-] Segment 1556115d-4565-43fb-9428-48696fa4dce1 resource provider not found; error: Placement Client Error (4xx): {"errors": [{"status": 404, "title": "Not Found", "detail": "The resource could not be found.\n\n No resource provider with uuid 1556115d-4565-43fb-9428-48696fa4dce1 found for delete ", "request_id": "req-9351a887-c548-482c-b982-dbdc2a770027"}]}
2026-05-09 22:54:47.302 7 INFO neutron.services.segments.plugin [-] Segment 1556115d-4565-43fb-9428-48696fa4dce1 resource provider not found; error: Placement Client Error (4xx): {"errors": [{"status": 404, "title": "Not Found", "detail": "The resource could not be found.\n\n No resource provider with uuid 1556115d-4565-43fb-9428-48696fa4dce1 found for delete ", "request_id": "req-71430697-de7c-4912-b4a5-2aa577d69db2"}]} [pid: 7|app: 0|req: 841/1669] 10.0.0.8 () {32 vars in 724 bytes} [Sat May 9 22:54:46 2026] DELETE /v2.0/networks/43785dad-0e24-42cc-acc2-858b9f881add => generated 0 bytes in 334 msecs (HTTP/1.1 204) 3 headers in 131 bytes (1 switches on core 0) [pid: 7|app: 0|req: 842/1670] 10.0.0.65 () {34 vars in 989 bytes} [Sat May 9 22:54:47 2026] GET /v2.0/ports?device_id=a15f7604-b40b-4d70-97f0-301daf6a3c16 => generated 12 bytes in 16 msecs (HTTP/1.1 200) 4 headers in 156 bytes (1 switches on core 0)
2026-05-09 22:54:47.359 8 WARNING neutron.scheduler.dhcp_agent_scheduler [None req-cdc9772c-5a36-4e2b-9fc6-a17848c681a2 f96ad85eaf9543ecb1cf5c8c4b04b9ae cac3cb0b67eb4eacb3633e89ad2ef7f4 - - default default] No more DHCP agents
2026-05-09 22:54:47.361 8 WARNING neutron.api.rpc.agentnotifiers.dhcp_rpc_agent_api [None req-cdc9772c-5a36-4e2b-9fc6-a17848c681a2 f96ad85eaf9543ecb1cf5c8c4b04b9ae cac3cb0b67eb4eacb3633e89ad2ef7f4 - - default default] Unable to schedule network 4228fdf9-f164-484f-9c6a-6b29a2a4233c: no agents available; will retry on subsequent port and subnet creation events.
2026-05-09 22:54:47.379 7 INFO neutron.pecan_wsgi.hooks.translation [None req-8b9b80a2-80a4-4cf7-a7de-10beef28aea5 ad60b577d638419bb297f130852bd9db f4ecf9af04964e43acadc6e75c7e0dc6 - - default default] GET failed (client error): The resource could not be found. [pid: 7|app: 0|req: 843/1671] 10.0.0.8 () {32 vars in 721 bytes} [Sat May 9 22:54:47 2026] GET /v2.0/networks/59d9dc39-fcd5-488c-9c9b-34452a5847d9 => generated 138 bytes in 48 msecs (HTTP/1.1 404) 4 headers in 164 bytes (1 switches on core 0)
2026-05-09 22:54:47.418 7 INFO neutron.plugins.ml2.drivers.ovn.mech_driver.mech_driver [None req-962c4e53-5341-4c73-a389-48e385771bf1 - - - - - -] OVN reports status down for port: 1fbeb5f6-6d56-43f6-98c3-a7066ee3a363
2026-05-09 22:54:47.424 8 INFO neutron.db.ovn_revision_numbers_db [None req-cdc9772c-5a36-4e2b-9fc6-a17848c681a2 f96ad85eaf9543ecb1cf5c8c4b04b9ae cac3cb0b67eb4eacb3633e89ad2ef7f4 - - default default] Successfully bumped revision number for resource 1fbeb5f6-6d56-43f6-98c3-a7066ee3a363 (type: ports) to 1 [pid: 8|app: 0|req: 829/1672] 10.0.0.8 () {34 vars in 668 bytes} [Sat May 9 22:54:46 2026] POST /v2.0/networks => generated 668 bytes in 691 msecs (HTTP/1.1 201) 4 headers in 162 bytes (1 switches on core 0) [pid: 8|app: 0|req: 830/1673] 199.204.45.23 () {34 vars in 985 bytes} [Sat May 9 22:54:47 2026] GET /v2.0/networks?id=b4f41c96-eb45-4516-a7c7-060da2af9b58 => generated 698 bytes in 41 msecs (HTTP/1.1 200) 4 headers in 157 bytes (1 switches on core 0)
2026-05-09 22:54:47.572 7 INFO neutron_taas.services.taas.taas_plugin [None req-f65f9213-10c2-4c63-b221-a95415e41cb3 efe3100299224355a42076cb2c16d6a4 938d2d3b446c486f98b7352ce93c34f0 - - default default] TaaS: Handle Delete Port: 05d18b3e-2c57-42ab-88d1-e51cd451d43c
2026-05-09 22:54:47.572 8 INFO neutron.db.segments_db [None req-b098f986-7573-4462-bab3-dfd5d4fb8d15 f96ad85eaf9543ecb1cf5c8c4b04b9ae cac3cb0b67eb4eacb3633e89ad2ef7f4 - - default default] Added segment 75fbc39d-5c17-46e2-93be-eb59a757ed38 of type geneve for network 26568850-1d3a-4d5f-af87-378fa405a45b
2026-05-09 22:54:47.575 7 INFO neutron_taas.services.taas.tap_mirror_plugin [None req-f65f9213-10c2-4c63-b221-a95415e41cb3 efe3100299224355a42076cb2c16d6a4 938d2d3b446c486f98b7352ce93c34f0 - - default default] Tap Mirror: Handle Delete Port: 05d18b3e-2c57-42ab-88d1-e51cd451d43c
2026-05-09 22:54:47.680 8 INFO neutron.db.ovn_revision_numbers_db [None req-b098f986-7573-4462-bab3-dfd5d4fb8d15 f96ad85eaf9543ecb1cf5c8c4b04b9ae cac3cb0b67eb4eacb3633e89ad2ef7f4 - - default default] Successfully bumped revision number for resource 26568850-1d3a-4d5f-af87-378fa405a45b (type: networks) to 1
2026-05-09 22:54:47.855 8 WARNING neutron.scheduler.dhcp_agent_scheduler [None req-b098f986-7573-4462-bab3-dfd5d4fb8d15 f96ad85eaf9543ecb1cf5c8c4b04b9ae cac3cb0b67eb4eacb3633e89ad2ef7f4 - - default default] No more DHCP agents
2026-05-09 22:54:47.858 8 WARNING neutron.api.rpc.agentnotifiers.dhcp_rpc_agent_api [None req-b098f986-7573-4462-bab3-dfd5d4fb8d15 f96ad85eaf9543ecb1cf5c8c4b04b9ae cac3cb0b67eb4eacb3633e89ad2ef7f4 - - default default] Unable to schedule network 26568850-1d3a-4d5f-af87-378fa405a45b: no agents available; will retry on subsequent port and subnet creation events. [pid: 7|app: 0|req: 844/1674] 10.0.0.8 () {32 vars in 724 bytes} [Sat May 9 22:54:47 2026] DELETE /v2.0/networks/59d9dc39-fcd5-488c-9c9b-34452a5847d9 => generated 0 bytes in 509 msecs (HTTP/1.1 204) 3 headers in 131 bytes (1 switches on core 0)
2026-05-09 22:54:47.923 8 INFO neutron.plugins.ml2.drivers.ovn.mech_driver.mech_driver [None req-aa9801be-b4d9-49bc-918b-6b6c2d80568c - - - - - -] OVN reports status down for port: c402bdb3-cabc-4b53-96f3-72940e448a78 [pid: 7|app: 0|req: 845/1675] 10.0.0.8 () {32 vars in 772 bytes} [Sat May 9 22:54:47 2026] GET /v2.0/security-groups?tenant_id=9f1e8e2c327f42bb82667d9d0519ef4a&name=default => generated 2925 bytes in 40 msecs (HTTP/1.1 200) 4 headers in 158 bytes (1 switches on core 0) [pid: 7|app: 0|req: 846/1676] 199.204.45.23 () {34 vars in 1049 bytes} [Sat May 9 22:54:47 2026] GET /v2.0/security-groups?fields=id&fields=name&tenant_id=64115a5be25844e7a5cc293abb9a93ae => generated 181 bytes in 27 msecs (HTTP/1.1 200) 4 headers in 157 bytes (1 switches on core 0)
2026-05-09 22:54:47.971 7 INFO neutron.pecan_wsgi.hooks.translation [None req-6a258ac5-6207-4770-a457-f9eb5493fd4b efe3100299224355a42076cb2c16d6a4 938d2d3b446c486f98b7352ce93c34f0 - - default default] DELETE failed (client error): The resource could not be found. [pid: 7|app: 0|req: 847/1677] 10.0.0.8 () {32 vars in 722 bytes} [Sat May 9 22:54:47 2026] DELETE /v2.0/subnets/88666ffe-6208-444c-8126-a4b957a7ebff => generated 136 bytes in 11 msecs (HTTP/1.1 404) 4 headers in 164 bytes (1 switches on core 0)
2026-05-09 22:54:47.981 8 INFO neutron.db.ovn_revision_numbers_db [None req-b098f986-7573-4462-bab3-dfd5d4fb8d15 f96ad85eaf9543ecb1cf5c8c4b04b9ae cac3cb0b67eb4eacb3633e89ad2ef7f4 - - default default] Successfully bumped revision number for resource c402bdb3-cabc-4b53-96f3-72940e448a78 (type: ports) to 1 [pid: 8|app: 0|req: 831/1678] 10.0.0.8 () {34 vars in 668 bytes} [Sat May 9 22:54:47 2026] POST /v2.0/networks => generated 668 bytes in 537 msecs (HTTP/1.1 201) 4 headers in 162 bytes (1 switches on core 0) [pid: 7|app: 0|req: 848/1679] 10.0.0.8 () {32 vars in 738 bytes} [Sat May 9 22:54:47 2026] DELETE /v2.0/security-groups/ee4aa55d-e8cc-4bca-96a9-615fe1c334d4 => generated 0 bytes in 201 msecs (HTTP/1.1 204) 2 headers in 112 bytes (1 switches on core 0)
2026-05-09 22:54:48.183 7 INFO neutron.pecan_wsgi.hooks.translation [None req-e1b09e51-7372-43b3-bfeb-6bf384aac678 efe3100299224355a42076cb2c16d6a4 938d2d3b446c486f98b7352ce93c34f0 - - default default] DELETE failed (client error): The resource could not be found. [pid: 7|app: 0|req: 849/1680] 10.0.0.8 () {32 vars in 722 bytes} [Sat May 9 22:54:48 2026] DELETE /v2.0/subnets/c61c4e14-773f-433d-b5ce-ecac308409b9 => generated 136 bytes in 10 msecs (HTTP/1.1 404) 4 headers in 164 bytes (1 switches on core 0)
2026-05-09 22:54:48.292 8 WARNING neutron.scheduler.dhcp_agent_scheduler [req-08b4f9ec-53d8-4aa3-a09e-69101db8cc3f req-15598ce7-8ea2-4e52-ba80-e814e2baaec8 d00e0aa7f4f249a3ac1c422d783a146d 64115a5be25844e7a5cc293abb9a93ae - - default default] No more DHCP agents
2026-05-09 22:54:48.294 8 WARNING neutron.api.rpc.agentnotifiers.dhcp_rpc_agent_api [req-08b4f9ec-53d8-4aa3-a09e-69101db8cc3f req-15598ce7-8ea2-4e52-ba80-e814e2baaec8 d00e0aa7f4f249a3ac1c422d783a146d 64115a5be25844e7a5cc293abb9a93ae - - default default] Unable to schedule network b4f41c96-eb45-4516-a7c7-060da2af9b58: no agents available; will retry on subsequent port and subnet creation events.
2026-05-09 22:54:48.353 7 WARNING neutron.scheduler.dhcp_agent_scheduler [None req-cce90686-fb84-4141-a81c-866222efa588 f96ad85eaf9543ecb1cf5c8c4b04b9ae cac3cb0b67eb4eacb3633e89ad2ef7f4 - - default default] No more DHCP agents
2026-05-09 22:54:48.354 7 WARNING neutron.api.rpc.agentnotifiers.dhcp_rpc_agent_api [None req-cce90686-fb84-4141-a81c-866222efa588 f96ad85eaf9543ecb1cf5c8c4b04b9ae cac3cb0b67eb4eacb3633e89ad2ef7f4 - - default default] Unable to schedule network 4228fdf9-f164-484f-9c6a-6b29a2a4233c: no agents available; will retry on subsequent port and subnet creation events.
2026-05-09 22:54:48.401 8 INFO neutron.plugins.ml2.drivers.ovn.mech_driver.mech_driver [None req-aa9801be-b4d9-49bc-918b-6b6c2d80568c - - - - - -] OVN reports status down for port: f2d43260-06c1-4294-9775-bfdde69458a7
2026-05-09 22:54:48.460 8 INFO neutron.db.ovn_revision_numbers_db [req-08b4f9ec-53d8-4aa3-a09e-69101db8cc3f req-15598ce7-8ea2-4e52-ba80-e814e2baaec8 d00e0aa7f4f249a3ac1c422d783a146d 64115a5be25844e7a5cc293abb9a93ae - - default default] Successfully bumped revision number for resource f2d43260-06c1-4294-9775-bfdde69458a7 (type: ports) to 1 [pid: 8|app: 0|req: 832/1681] 199.204.45.23 () {38 vars in 954 bytes} [Sat May 9 22:54:48 2026] POST /v2.0/ports => generated 954 bytes in 513 msecs (HTTP/1.1 201) 4 headers in 162 bytes (1 switches on core 0) /var/lib/openstack/lib/python3.12/site-packages/pycadf/identifier.py:70: UserWarning: Invalid uuid: neutron. To ensure interoperability, identifiers should be a valid uuid. warnings.warn(('Invalid uuid: %s. To ensure interoperability, '
2026-05-09 22:54:48.553 8 INFO neutron.pecan_wsgi.hooks.translation [None req-b19cb21a-5e43-40c1-8dfb-c8bb6a6ee8f0 efe3100299224355a42076cb2c16d6a4 938d2d3b446c486f98b7352ce93c34f0 - - default default] DELETE failed (client error): The resource could not be found. [pid: 8|app: 0|req: 833/1682] 10.0.0.8 () {32 vars in 722 bytes} [Sat May 9 22:54:48 2026] DELETE /v2.0/subnets/a9ab6744-ecb6-4cc4-862a-201b3a96622f => generated 136 bytes in 18 msecs (HTTP/1.1 404) 4 headers in 164 bytes (1 switches on core 0) [pid: 8|app: 0|req: 834/1683] 10.0.0.65 () {34 vars in 989 bytes} [Sat May 9 22:54:48 2026] GET /v2.0/ports?device_id=a15f7604-b40b-4d70-97f0-301daf6a3c16 => generated 957 bytes in 39 msecs (HTTP/1.1 200) 4 headers in 157 bytes (1 switches on core 0)
2026-05-09 22:54:48.789 7 INFO neutron.db.ovn_revision_numbers_db [None req-24606954-3daf-4437-a7da-62795559479e - - - - - -] Successfully bumped revision number for resource 1fbeb5f6-6d56-43f6-98c3-a7066ee3a363 (type: ports) to 2
2026-05-09 22:54:48.824 7 INFO neutron.db.ovn_revision_numbers_db [None req-24606954-3daf-4437-a7da-62795559479e - - - - - -] Successfully bumped revision number for resource 1f3a96dd-326e-4297-a212-c4b9eeb6886c (type: subnets) to 0 [pid: 7|app: 0|req: 850/1684] 10.0.0.8 () {34 vars in 667 bytes} [Sat May 9 22:54:48 2026] POST /v2.0/subnets => generated 626 bytes in 654 msecs (HTTP/1.1 201) 4 headers in 162 bytes (1 switches on core 0) [pid: 7|app: 0|req: 851/1685] 10.0.0.65 () {34 vars in 1039 bytes} [Sat May 9 22:54:48 2026] GET /v2.0/security-groups?id=38eb102c-0427-4a45-8bd8-f02ae4946c75&fields=id&fields=name => generated 114 bytes in 27 msecs (HTTP/1.1 200) 4 headers in 157 bytes (1 switches on core 0)
2026-05-09 22:54:48.951 8 INFO neutron.db.ovn_revision_numbers_db [req-08b4f9ec-53d8-4aa3-a09e-69101db8cc3f req-b3dd1084-6057-4222-b841-833f7a4a2cbb c0f31dbe326741188923e1ebde77ea12 a4a3758235e54f65a4a6d08bd898cab2 - - 572a0684754642d0af0e5bb1dd2c6879 572a0684754642d0af0e5bb1dd2c6879] Successfully bumped revision number for resource f2d43260-06c1-4294-9775-bfdde69458a7 (type: ports) to 2
2026-05-09 22:54:49.048 7 WARNING neutron.scheduler.dhcp_agent_scheduler [None req-5f4781a7-39ba-4469-9c1f-5e336b234672 f96ad85eaf9543ecb1cf5c8c4b04b9ae cac3cb0b67eb4eacb3633e89ad2ef7f4 - - default default] No more DHCP agents
2026-05-09 22:54:49.050 7 WARNING neutron.api.rpc.agentnotifiers.dhcp_rpc_agent_api [None req-5f4781a7-39ba-4469-9c1f-5e336b234672 f96ad85eaf9543ecb1cf5c8c4b04b9ae cac3cb0b67eb4eacb3633e89ad2ef7f4 - - default default] Unable to schedule network 26568850-1d3a-4d5f-af87-378fa405a45b: no agents available; will retry on subsequent port and subnet creation events.
2026-05-09 22:54:49.143 8 INFO neutron.db.ovn_revision_numbers_db [req-08b4f9ec-53d8-4aa3-a09e-69101db8cc3f req-b3dd1084-6057-4222-b841-833f7a4a2cbb c0f31dbe326741188923e1ebde77ea12 a4a3758235e54f65a4a6d08bd898cab2 - - 572a0684754642d0af0e5bb1dd2c6879 572a0684754642d0af0e5bb1dd2c6879] Successfully bumped revision number for resource f2d43260-06c1-4294-9775-bfdde69458a7 (type: ports) to 4 [pid: 8|app: 0|req: 835/1686] 199.204.45.23 () {38 vars in 1027 bytes} [Sat May 9 22:54:48 2026] PUT /v2.0/ports/f2d43260-06c1-4294-9775-bfdde69458a7 => generated 1204 bytes in 570 msecs (HTTP/1.1 200) 4 headers in 158 bytes (1 switches on core 0)
2026-05-09 22:54:49.210 8 INFO neutron.notifiers.nova [-] Nova event matching ['req-943c6589-13f3-4803-9c22-414c4869df4b'] response: {'name': 'network-changed', 'server_uuid': 'a15f7604-b40b-4d70-97f0-301daf6a3c16', 'tag': 'f2d43260-06c1-4294-9775-bfdde69458a7', 'status': 'completed', 'code': 200}
2026-05-09 22:54:49.322 7 INFO neutron.services.segments.plugin [-] Segment 02ae53f2-6e5c-48df-9c66-0e27556e7fb6 resource provider aggregate not found
2026-05-09 22:54:49.327 7 INFO neutron.services.segments.plugin [-] Segment 02ae53f2-6e5c-48df-9c66-0e27556e7fb6 resource provider aggregate not found
2026-05-09 22:54:49.335 7 INFO neutron.services.segments.plugin [-] Segment 02ae53f2-6e5c-48df-9c66-0e27556e7fb6 resource provider not found; error: Placement Client Error (4xx): {"errors": [{"status": 404, "title": "Not Found", "detail": "The resource could not be found.\n\n No resource provider with uuid 02ae53f2-6e5c-48df-9c66-0e27556e7fb6 found for delete ", "request_id": "req-15f7966b-16da-4405-8a2c-fbc6e0223e69"}]}
2026-05-09 22:54:49.345 7 INFO neutron.services.segments.plugin [-] Segment 02ae53f2-6e5c-48df-9c66-0e27556e7fb6 resource provider not found; error: Placement Client Error (4xx): {"errors": [{"status": 404, "title": "Not Found", "detail": "The resource could not be found.\n\n No resource provider with uuid 02ae53f2-6e5c-48df-9c66-0e27556e7fb6 found for delete ", "request_id": "req-eaa5aa00-ffbc-42cc-9e2c-c728c2f612bf"}]} /var/lib/openstack/lib/python3.12/site-packages/pycadf/identifier.py:70: UserWarning: Invalid uuid: neutron. To ensure interoperability, identifiers should be a valid uuid. warnings.warn(('Invalid uuid: %s. To ensure interoperability, ' [pid: 8|app: 0|req: 836/1687] 10.0.0.8 () {32 vars in 772 bytes} [Sat May 9 22:54:49 2026] GET /v2.0/security-groups?tenant_id=938d2d3b446c486f98b7352ce93c34f0&name=default => generated 2925 bytes in 173 msecs (HTTP/1.1 200) 4 headers in 158 bytes (1 switches on core 0)
2026-05-09 22:54:49.497 7 INFO neutron.db.ovn_revision_numbers_db [None req-096766c5-25de-497b-ad73-db248419a762 - - - - - -] Successfully bumped revision number for resource c402bdb3-cabc-4b53-96f3-72940e448a78 (type: ports) to 2
2026-05-09 22:54:49.537 7 INFO neutron.db.ovn_revision_numbers_db [None req-096766c5-25de-497b-ad73-db248419a762 - - - - - -] Successfully bumped revision number for resource 0b95d274-2f51-4c5d-87e9-93d833fa8328 (type: subnets) to 0 [pid: 7|app: 0|req: 852/1688] 10.0.0.8 () {34 vars in 667 bytes} [Sat May 9 22:54:48 2026] POST /v2.0/subnets => generated 626 bytes in 686 msecs (HTTP/1.1 201) 4 headers in 162 bytes (1 switches on core 0) [pid: 8|app: 0|req: 837/1689] 10.0.0.8 () {32 vars in 738 bytes} [Sat May 9 22:54:49 2026] DELETE /v2.0/security-groups/5e46d5e8-b736-44e1-8569-35aa1f697d31 => generated 0 bytes in 258 msecs (HTTP/1.1 204) 2 headers in 112 bytes (1 switches on core 0)
