2026-05-09 22:56:01.210 8 INFO neutron.db.ovn_revision_numbers_db [None req-5aa64b33-92c4-4383-9585-333ce6dc13e7 652f8f8bb11d4e1eb9ce3ecf8dde1b96 afdb07270ebf4665aa945d96e7b582b4 - - default default] Successfully bumped revision number for resource c35f6f3b-0da7-43ad-8831-f7f9fcd912f9 (type: networks) to 1
2026-05-09 22:56:01.260 7 INFO neutron.db.ovn_revision_numbers_db [None req-b2c24e15-9d34-46a7-97d0-6baaac41f45a 6a28a44862434b9cb947f69668fbd74a fcaff89574f14c9889b4d28116a3a93b - - default default] Successfully bumped revision number for resource 39ba0880-f811-4f96-aeb3-85437e8971c4 (type: networks) to 1
2026-05-09 22:56:01.384 8 WARNING neutron.scheduler.dhcp_agent_scheduler [None req-5aa64b33-92c4-4383-9585-333ce6dc13e7 652f8f8bb11d4e1eb9ce3ecf8dde1b96 afdb07270ebf4665aa945d96e7b582b4 - - default default] No more DHCP agents
2026-05-09 22:56:01.385 8 WARNING neutron.api.rpc.agentnotifiers.dhcp_rpc_agent_api [None req-5aa64b33-92c4-4383-9585-333ce6dc13e7 652f8f8bb11d4e1eb9ce3ecf8dde1b96 afdb07270ebf4665aa945d96e7b582b4 - - default default] Unable to schedule network c35f6f3b-0da7-43ad-8831-f7f9fcd912f9: no agents available; will retry on subsequent port and subnet creation events.
2026-05-09 22:56:01.445 7 WARNING neutron.scheduler.dhcp_agent_scheduler [None req-b2c24e15-9d34-46a7-97d0-6baaac41f45a 6a28a44862434b9cb947f69668fbd74a fcaff89574f14c9889b4d28116a3a93b - - default default] No more DHCP agents
2026-05-09 22:56:01.447 7 WARNING neutron.api.rpc.agentnotifiers.dhcp_rpc_agent_api [None req-b2c24e15-9d34-46a7-97d0-6baaac41f45a 6a28a44862434b9cb947f69668fbd74a fcaff89574f14c9889b4d28116a3a93b - - default default] Unable to schedule network 39ba0880-f811-4f96-aeb3-85437e8971c4: no agents available; will retry on subsequent port and subnet creation events.
2026-05-09 22:56:01.469 8 INFO neutron.db.ovn_revision_numbers_db [None req-5aa64b33-92c4-4383-9585-333ce6dc13e7 652f8f8bb11d4e1eb9ce3ecf8dde1b96 afdb07270ebf4665aa945d96e7b582b4 - - default default] Successfully bumped revision number for resource 2c36ea51-8cae-4ef2-9839-d8191eee5b90 (type: ports) to 1 [pid: 8|app: 0|req: 1122/2245] 10.0.0.8 () {34 vars in 668 bytes} [Sat May 9 22:56:01 2026] POST /v2.0/networks => generated 672 bytes in 503 msecs (HTTP/1.1 201) 4 headers in 162 bytes (1 switches on core 0)
2026-05-09 22:56:01.528 7 INFO neutron.db.ovn_revision_numbers_db [None req-b2c24e15-9d34-46a7-97d0-6baaac41f45a 6a28a44862434b9cb947f69668fbd74a fcaff89574f14c9889b4d28116a3a93b - - default default] Successfully bumped revision number for resource 88516321-40a6-4878-9cbf-10a906489b19 (type: ports) to 1 [pid: 7|app: 0|req: 1124/2246] 10.0.0.8 () {34 vars in 668 bytes} [Sat May 9 22:56:01 2026] POST /v2.0/networks => generated 669 bytes in 493 msecs (HTTP/1.1 201) 4 headers in 162 bytes (1 switches on core 0) [pid: 8|app: 0|req: 1123/2247] 10.0.0.8 () {32 vars in 738 bytes} [Sat May 9 22:56:01 2026] DELETE /v2.0/security-groups/38eb102c-0427-4a45-8bd8-f02ae4946c75 => generated 0 bytes in 176 msecs (HTTP/1.1 204) 2 headers in 112 bytes (1 switches on core 0) [pid: 8|app: 0|req: 1124/2248] 10.0.0.8 () {34 vars in 751 bytes} [Sat May 9 22:56:01 2026] PUT /v2.0/networks/caaec347-2bf9-4388-bb38-37b15d091ca7/tags => generated 25 bytes in 52 msecs (HTTP/1.1 200) 4 headers in 156 bytes (1 switches on core 0)
2026-05-09 22:56:01.745 7 WARNING neutron.scheduler.dhcp_agent_scheduler [None req-8a599772-0a0b-414b-a486-bf0f0941ff56 652f8f8bb11d4e1eb9ce3ecf8dde1b96 afdb07270ebf4665aa945d96e7b582b4 - - default default] No more DHCP agents
2026-05-09 22:56:01.746 7 WARNING neutron.api.rpc.agentnotifiers.dhcp_rpc_agent_api [None req-8a599772-0a0b-414b-a486-bf0f0941ff56 652f8f8bb11d4e1eb9ce3ecf8dde1b96 afdb07270ebf4665aa945d96e7b582b4 - - default default] Unable to schedule network c35f6f3b-0da7-43ad-8831-f7f9fcd912f9: no agents available; will retry on subsequent port and subnet creation events.
2026-05-09 22:56:01.772 7 INFO neutron.db.ovn_revision_numbers_db [None req-8a599772-0a0b-414b-a486-bf0f0941ff56 652f8f8bb11d4e1eb9ce3ecf8dde1b96 afdb07270ebf4665aa945d96e7b582b4 - - default default] Successfully bumped revision number for resource b5e3534a-d094-48bf-977f-d1bb21491357 (type: subnets) to 0
2026-05-09 22:56:01.784 8 WARNING neutron.plugins.ml2.drivers.ovn.mech_driver.ovsdb.ovn_client [None req-835e19cc-689b-451b-bc1a-647a89ac2229 - - - - - -] No port found with ID d450ccd8-bd2b-4ba7-a175-a20e1af03644: RuntimeError: No port found with ID d450ccd8-bd2b-4ba7-a175-a20e1af03644 [pid: 7|app: 0|req: 1125/2249] 10.0.0.8 () {34 vars in 667 bytes} [Sat May 9 22:56:01 2026] POST /v2.0/subnets => generated 646 bytes in 238 msecs (HTTP/1.1 201) 4 headers in 162 bytes (1 switches on core 0)
2026-05-09 22:56:01.799 8 INFO neutron.plugins.ml2.drivers.ovn.mech_driver.mech_driver [None req-835e19cc-689b-451b-bc1a-647a89ac2229 - - - - - -] OVN reports status down for port: facca946-f8db-441f-89ef-370216a22bd1
2026-05-09 22:56:01.820 8 INFO neutron.plugins.ml2.drivers.ovn.mech_driver.mech_driver [None req-835e19cc-689b-451b-bc1a-647a89ac2229 - - - - - -] OVN reports status down for port: f2d43260-06c1-4294-9775-bfdde69458a7
2026-05-09 22:56:01.849 8 INFO neutron.plugins.ml2.drivers.ovn.mech_driver.mech_driver [None req-835e19cc-689b-451b-bc1a-647a89ac2229 - - - - - -] OVN reports status down for port: 988ee632-d793-4bb6-912d-8bb1820eee58 [pid: 8|app: 0|req: 1125/2250] 199.204.45.23 () {34 vars in 993 bytes} [Sat May 9 22:56:01 2026] GET /v2.0/ports?device_id=1f76b23a-587a-48d6-869a-70c9ef8a41ba => generated 969 bytes in 134 msecs (HTTP/1.1 200) 4 headers in 157 bytes (1 switches on core 0) [pid: 8|app: 0|req: 1126/2251] 10.0.0.8 () {32 vars in 731 bytes} [Sat May 9 22:56:01 2026] GET /v2.0/networks/caaec347-2bf9-4388-bb38-37b15d091ca7/tags => generated 25 bytes in 71 msecs (HTTP/1.1 200) 4 headers in 156 bytes (1 switches on core 0)
2026-05-09 22:56:01.963 8 INFO neutron.plugins.ml2.drivers.ovn.mech_driver.mech_driver [None req-835e19cc-689b-451b-bc1a-647a89ac2229 - - - - - -] OVN reports status down for port: 2c36ea51-8cae-4ef2-9839-d8191eee5b90
2026-05-09 22:56:02.078 8 INFO neutron.plugins.ml2.drivers.ovn.mech_driver.mech_driver [None req-835e19cc-689b-451b-bc1a-647a89ac2229 - - - - - -] OVN reports status down for port: 88516321-40a6-4878-9cbf-10a906489b19
2026-05-09 22:56:02.103 7 INFO neutron_taas.services.taas.taas_plugin [None req-696a5f3b-c5f6-42bf-8cc9-6db53c93306f d00e0aa7f4f249a3ac1c422d783a146d 64115a5be25844e7a5cc293abb9a93ae - - default default] TaaS: Handle Delete Port: f7682add-ee92-4a24-8335-eb93e77dc9b4
2026-05-09 22:56:02.106 7 INFO neutron_taas.services.taas.tap_mirror_plugin [None req-696a5f3b-c5f6-42bf-8cc9-6db53c93306f d00e0aa7f4f249a3ac1c422d783a146d 64115a5be25844e7a5cc293abb9a93ae - - default default] Tap Mirror: Handle Delete Port: f7682add-ee92-4a24-8335-eb93e77dc9b4
2026-05-09 22:56:02.155 8 INFO neutron.db.ovn_revision_numbers_db [None req-a42cc92c-3aed-4976-a2b1-14f5766c213a 652f8f8bb11d4e1eb9ce3ecf8dde1b96 afdb07270ebf4665aa945d96e7b582b4 - - default default] Successfully bumped revision number for resource e4fd91ab-ba2a-4ca8-827a-066c7785aa21 (type: routers) to 1 [pid: 8|app: 0|req: 1127/2252] 10.0.0.8 () {34 vars in 667 bytes} [Sat May 9 22:56:01 2026] POST /v2.0/routers => generated 607 bytes in 234 msecs (HTTP/1.1 201) 4 headers in 162 bytes (1 switches on core 0)
2026-05-09 22:56:02.317 8 INFO neutron_taas.services.taas.taas_plugin [req-dafb0469-a9dd-443c-a5a2-5c043d8f281f req-f4f7a07d-d6e7-40cd-890a-646d3c2df652 ece9933d787b44efa8097472228652a2 5b52cdf037b84637a944af1d762820ef - - default default] TaaS: Handle Delete Port: 1e5fcb82-085b-463a-b557-2974206353d5
2026-05-09 22:56:02.320 8 INFO neutron_taas.services.taas.tap_mirror_plugin [req-dafb0469-a9dd-443c-a5a2-5c043d8f281f req-f4f7a07d-d6e7-40cd-890a-646d3c2df652 ece9933d787b44efa8097472228652a2 5b52cdf037b84637a944af1d762820ef - - default default] Tap Mirror: Handle Delete Port: 1e5fcb82-085b-463a-b557-2974206353d5 [pid: 8|app: 0|req: 1128/2253] 199.204.45.23 () {36 vars in 996 bytes} [Sat May 9 22:56:02 2026] DELETE /v2.0/ports/1e5fcb82-085b-463a-b557-2974206353d5 => generated 0 bytes in 261 msecs (HTTP/1.1 204) 3 headers in 131 bytes (1 switches on core 0)
2026-05-09 22:56:02.475 8 INFO neutron.notifiers.nova [-] Nova event matching ['req-1607165c-50d5-48e2-ac68-92e6f12be8ec'] response: {'server_uuid': '1f76b23a-587a-48d6-869a-70c9ef8a41ba', 'name': 'network-vif-deleted', 'tag': '1e5fcb82-085b-463a-b557-2974206353d5', 'status': 'completed', 'code': 200} [pid: 8|app: 0|req: 1129/2254] 10.0.0.8 () {34 vars in 751 bytes} [Sat May 9 22:56:02 2026] PUT /v2.0/networks/39ba0880-f811-4f96-aeb3-85437e8971c4/tags => generated 17 bytes in 51 msecs (HTTP/1.1 200) 4 headers in 156 bytes (1 switches on core 0) [pid: 8|app: 0|req: 1130/2255] 10.0.0.65 () {34 vars in 989 bytes} [Sat May 9 22:56:02 2026] GET /v2.0/ports?device_id=1f76b23a-587a-48d6-869a-70c9ef8a41ba => generated 12 bytes in 15 msecs (HTTP/1.1 200) 4 headers in 156 bytes (1 switches on core 0)
2026-05-09 22:56:02.552 8 INFO neutron.services.segments.plugin [-] Segment 21b91801-f004-48c0-84ac-cd5d3d16b7c5 resource provider aggregate not found
2026-05-09 22:56:02.557 8 INFO neutron.services.segments.plugin [-] Segment 21b91801-f004-48c0-84ac-cd5d3d16b7c5 resource provider aggregate not found [pid: 7|app: 0|req: 1126/2256] 10.0.0.8 () {34 vars in 787 bytes} [Sat May 9 22:56:01 2026] PUT /v2.0/routers/b242b9c4-bd98-4634-9d26-d34786e5b111/remove_router_interface => generated 309 bytes in 782 msecs (HTTP/1.1 200) 4 headers in 157 bytes (1 switches on core 0) /var/lib/openstack/lib/python3.12/site-packages/pycadf/identifier.py:70: UserWarning: Invalid uuid: neutron. To ensure interoperability, identifiers should be a valid uuid. warnings.warn(('Invalid uuid: %s. To ensure interoperability, '
2026-05-09 22:56:02.575 8 INFO neutron.services.segments.plugin [-] Segment 21b91801-f004-48c0-84ac-cd5d3d16b7c5 resource provider not found; error: Placement Client Error (4xx): {"errors": [{"status": 404, "title": "Not Found", "detail": "The resource could not be found.\n\n No resource provider with uuid 21b91801-f004-48c0-84ac-cd5d3d16b7c5 found for delete ", "request_id": "req-9f93acfe-e446-4117-b332-0ab4e6404067"}]}
2026-05-09 22:56:02.584 8 INFO neutron.services.segments.plugin [-] Segment 21b91801-f004-48c0-84ac-cd5d3d16b7c5 resource provider not found; error: Placement Client Error (4xx): {"errors": [{"status": 404, "title": "Not Found", "detail": "The resource could not be found.\n\n No resource provider with uuid 21b91801-f004-48c0-84ac-cd5d3d16b7c5 found for delete ", "request_id": "req-6f157e03-5e50-4a72-9e56-a7ec07a25d8c"}]} [pid: 7|app: 0|req: 1127/2257] 10.0.0.8 () {32 vars in 731 bytes} [Sat May 9 22:56:02 2026] GET /v2.0/networks/39ba0880-f811-4f96-aeb3-85437e8971c4/tags => generated 17 bytes in 51 msecs (HTTP/1.1 200) 4 headers in 156 bytes (1 switches on core 0)
2026-05-09 22:56:02.677 7 INFO neutron.notifiers.nova [-] Nova event matching ['req-574b6a2d-41b0-44c1-8f45-7616c45a6523'] response: {'server_uuid': '1f76b23a-587a-48d6-869a-70c9ef8a41ba', 'name': 'network-vif-unplugged', 'status': 'completed', 'tag': '1e5fcb82-085b-463a-b557-2974206353d5', 'code': 200}
2026-05-09 22:56:02.798 8 WARNING neutron.scheduler.dhcp_agent_scheduler [None req-edf167c5-715d-4651-9c05-a8e1e679bd36 652f8f8bb11d4e1eb9ce3ecf8dde1b96 afdb07270ebf4665aa945d96e7b582b4 - - default default] No more DHCP agents [pid: 7|app: 0|req: 1128/2258] 10.0.0.8 () {32 vars in 722 bytes} [Sat May 9 22:56:02 2026] DELETE /v2.0/subnets/763db74d-7301-4bba-aea5-5bbda11b0dd0 => generated 0 bytes in 175 msecs (HTTP/1.1 204) 3 headers in 131 bytes (1 switches on core 0)
2026-05-09 22:56:02.799 8 WARNING neutron.api.rpc.agentnotifiers.dhcp_rpc_agent_api [None req-edf167c5-715d-4651-9c05-a8e1e679bd36 652f8f8bb11d4e1eb9ce3ecf8dde1b96 afdb07270ebf4665aa945d96e7b582b4 - - default default] Unable to schedule network c35f6f3b-0da7-43ad-8831-f7f9fcd912f9: no agents available; will retry on subsequent port and subnet creation events. [pid: 7|app: 0|req: 1129/2259] 10.0.0.8 () {34 vars in 751 bytes} [Sat May 9 22:56:02 2026] PUT /v2.0/networks/39ba0880-f811-4f96-aeb3-85437e8971c4/tags => generated 12 bytes in 46 msecs (HTTP/1.1 200) 4 headers in 156 bytes (1 switches on core 0)
2026-05-09 22:56:02.891 7 INFO neutron.plugins.ml2.drivers.ovn.mech_driver.mech_driver [None req-a9801209-88fd-4fbc-9066-d0b8acc3e5ae - - - - - -] OVN reports status down for port: 9c9ed771-142d-4d8e-b8b7-76b6bf7dc1b5
2026-05-09 22:56:02.898 8 INFO neutron.db.ovn_revision_numbers_db [None req-edf167c5-715d-4651-9c05-a8e1e679bd36 652f8f8bb11d4e1eb9ce3ecf8dde1b96 afdb07270ebf4665aa945d96e7b582b4 - - default default] Successfully bumped revision number for resource 9c9ed771-142d-4d8e-b8b7-76b6bf7dc1b5 (type: ports) to 1 [pid: 8|app: 0|req: 1131/2260] 10.0.0.8 () {34 vars in 663 bytes} [Sat May 9 22:56:02 2026] POST /v2.0/ports => generated 964 bytes in 444 msecs (HTTP/1.1 201) 4 headers in 162 bytes (1 switches on core 0) /var/lib/openstack/lib/python3.12/site-packages/pycadf/identifier.py:70: UserWarning: Invalid uuid: neutron. To ensure interoperability, identifiers should be a valid uuid. warnings.warn(('Invalid uuid: %s. To ensure interoperability, ' [pid: 8|app: 0|req: 1132/2261] 10.0.0.8 () {32 vars in 731 bytes} [Sat May 9 22:56:02 2026] GET /v2.0/networks/39ba0880-f811-4f96-aeb3-85437e8971c4/tags => generated 12 bytes in 40 msecs (HTTP/1.1 200) 4 headers in 156 bytes (1 switches on core 0)
2026-05-09 22:56:03.214 7 INFO neutron_taas.services.taas.taas_plugin [None req-d8c68285-5a53-4742-aaa9-c900826def55 d00e0aa7f4f249a3ac1c422d783a146d 64115a5be25844e7a5cc293abb9a93ae - - default default] TaaS: Handle Delete Port: 1c9c80a2-88a5-4bc0-9542-a33c83510b9f
2026-05-09 22:56:03.217 7 INFO neutron_taas.services.taas.tap_mirror_plugin [None req-d8c68285-5a53-4742-aaa9-c900826def55 d00e0aa7f4f249a3ac1c422d783a146d 64115a5be25844e7a5cc293abb9a93ae - - default default] Tap Mirror: Handle Delete Port: 1c9c80a2-88a5-4bc0-9542-a33c83510b9f
2026-05-09 22:56:03.383 8 INFO neutron.db.ovn_revision_numbers_db [None req-58903ea5-2ca1-424a-86f1-fbea88fa84dd 652f8f8bb11d4e1eb9ce3ecf8dde1b96 afdb07270ebf4665aa945d96e7b582b4 - - default default] Successfully bumped revision number for resource 9c9ed771-142d-4d8e-b8b7-76b6bf7dc1b5 (type: ports) to 2
2026-05-09 22:56:03.396 7 INFO neutron.plugins.ml2.drivers.ovn.mech_driver.mech_driver [None req-a9801209-88fd-4fbc-9066-d0b8acc3e5ae - - - - - -] OVN reports status up for port: 9c9ed771-142d-4d8e-b8b7-76b6bf7dc1b5
2026-05-09 22:56:03.415 7 INFO neutron.plugins.ml2.plugin [None req-a9801209-88fd-4fbc-9066-d0b8acc3e5ae - - - - - -] Attempt 1 to provision port 9c9ed771-142d-4d8e-b8b7-76b6bf7dc1b5 [pid: 7|app: 0|req: 1130/2262] 10.0.0.8 () {32 vars in 722 bytes} [Sat May 9 22:56:02 2026] DELETE /v2.0/routers/b242b9c4-bd98-4634-9d26-d34786e5b111 => generated 0 bytes in 965 msecs (HTTP/1.1 204) 2 headers in 112 bytes (1 switches on core 0) [pid: 7|app: 0|req: 1131/2263] 10.0.0.8 () {32 vars in 731 bytes} [Sat May 9 22:56:03 2026] GET /v2.0/networks/caaec347-2bf9-4388-bb38-37b15d091ca7/tags => generated 25 bytes in 82 msecs (HTTP/1.1 200) 4 headers in 156 bytes (1 switches on core 0) [pid: 7|app: 0|req: 1132/2264] 10.0.0.65 () {34 vars in 989 bytes} [Sat May 9 22:56:03 2026] GET /v2.0/ports?device_id=1f76b23a-587a-48d6-869a-70c9ef8a41ba => generated 12 bytes in 24 msecs (HTTP/1.1 200) 4 headers in 156 bytes (1 switches on core 0)
2026-05-09 22:56:04.070 7 INFO neutron.db.ovn_revision_numbers_db [None req-a9801209-88fd-4fbc-9066-d0b8acc3e5ae - - - - - -] Successfully bumped revision number for resource 9c9ed771-142d-4d8e-b8b7-76b6bf7dc1b5 (type: ports) to 3
2026-05-09 22:56:04.166 7 INFO neutron_taas.services.taas.taas_plugin [None req-639b0c63-35e9-4944-8139-2723f0b21449 d00e0aa7f4f249a3ac1c422d783a146d 64115a5be25844e7a5cc293abb9a93ae - - default default] TaaS: Handle Delete Port: 8d212fa9-58f7-4ffc-8491-6bf5043deb46
2026-05-09 22:56:04.172 7 INFO neutron_taas.services.taas.tap_mirror_plugin [None req-639b0c63-35e9-4944-8139-2723f0b21449 d00e0aa7f4f249a3ac1c422d783a146d 64115a5be25844e7a5cc293abb9a93ae - - default default] Tap Mirror: Handle Delete Port: 8d212fa9-58f7-4ffc-8491-6bf5043deb46
2026-05-09 22:56:04.370 7 INFO neutron.services.segments.plugin [-] Segment 0477bbf6-145f-458f-8be2-5318b5c5a029 resource provider aggregate not found
2026-05-09 22:56:04.376 7 INFO neutron.services.segments.plugin [-] Segment 0477bbf6-145f-458f-8be2-5318b5c5a029 resource provider aggregate not found
2026-05-09 22:56:04.393 7 INFO neutron.services.segments.plugin [-] Segment 0477bbf6-145f-458f-8be2-5318b5c5a029 resource provider not found; error: Placement Client Error (4xx): {"errors": [{"status": 404, "title": "Not Found", "detail": "The resource could not be found.\n\n No resource provider with uuid 0477bbf6-145f-458f-8be2-5318b5c5a029 found for delete ", "request_id": "req-378ef0ea-4a47-4bb8-bd51-a057b85aa9c0"}]}
2026-05-09 22:56:04.395 7 INFO neutron.services.segments.plugin [-] Segment 0477bbf6-145f-458f-8be2-5318b5c5a029 resource provider not found; error: Placement Client Error (4xx): {"errors": [{"status": 404, "title": "Not Found", "detail": "The resource could not be found.\n\n No resource provider with uuid 0477bbf6-145f-458f-8be2-5318b5c5a029 found for delete ", "request_id": "req-d627b1c3-ab63-4eee-8b65-49513009035d"}]} [pid: 7|app: 0|req: 1133/2265] 10.0.0.8 () {32 vars in 724 bytes} [Sat May 9 22:56:03 2026] DELETE /v2.0/networks/b4f41c96-eb45-4516-a7c7-060da2af9b58 => generated 0 bytes in 499 msecs (HTTP/1.1 204) 3 headers in 131 bytes (1 switches on core 0) /var/lib/openstack/lib/python3.12/site-packages/pycadf/identifier.py:70: UserWarning: Invalid uuid: neutron. To ensure interoperability, identifiers should be a valid uuid. warnings.warn(('Invalid uuid: %s. To ensure interoperability, '
2026-05-09 22:56:04.537 7 INFO neutron_taas.services.taas.taas_plugin [None req-d5828ccf-182f-4817-859a-daf6620b55a3 6a28a44862434b9cb947f69668fbd74a fcaff89574f14c9889b4d28116a3a93b - - default default] TaaS: Handle Delete Port: 988ee632-d793-4bb6-912d-8bb1820eee58
2026-05-09 22:56:04.540 7 INFO neutron_taas.services.taas.tap_mirror_plugin [None req-d5828ccf-182f-4817-859a-daf6620b55a3 6a28a44862434b9cb947f69668fbd74a fcaff89574f14c9889b4d28116a3a93b - - default default] Tap Mirror: Handle Delete Port: 988ee632-d793-4bb6-912d-8bb1820eee58
2026-05-09 22:56:04.720 8 WARNING neutron.scheduler.dhcp_agent_scheduler [None req-58903ea5-2ca1-424a-86f1-fbea88fa84dd 652f8f8bb11d4e1eb9ce3ecf8dde1b96 afdb07270ebf4665aa945d96e7b582b4 - - default default] No more DHCP agents
2026-05-09 22:56:04.722 8 WARNING neutron.api.rpc.agentnotifiers.dhcp_rpc_agent_api [None req-58903ea5-2ca1-424a-86f1-fbea88fa84dd 652f8f8bb11d4e1eb9ce3ecf8dde1b96 afdb07270ebf4665aa945d96e7b582b4 - - default default] Unable to schedule network c35f6f3b-0da7-43ad-8831-f7f9fcd912f9: no agents available; will retry on subsequent port and subnet creation events. [pid: 7|app: 0|req: 1134/2266] 10.0.0.8 () {32 vars in 724 bytes} [Sat May 9 22:56:04 2026] DELETE /v2.0/networks/caaec347-2bf9-4388-bb38-37b15d091ca7 => generated 0 bytes in 333 msecs (HTTP/1.1 204) 3 headers in 131 bytes (1 switches on core 0)
2026-05-09 22:56:04.885 8 INFO neutron.db.ovn_revision_numbers_db [None req-58903ea5-2ca1-424a-86f1-fbea88fa84dd 652f8f8bb11d4e1eb9ce3ecf8dde1b96 afdb07270ebf4665aa945d96e7b582b4 - - default default] Successfully bumped revision number for resource 9c9ed771-142d-4d8e-b8b7-76b6bf7dc1b5 (type: router_ports) to 3 [pid: 8|app: 0|req: 1133/2267] 10.0.0.8 () {34 vars in 781 bytes} [Sat May 9 22:56:02 2026] PUT /v2.0/routers/e4fd91ab-ba2a-4ca8-827a-066c7785aa21/add_router_interface => generated 309 bytes in 1900 msecs (HTTP/1.1 200) 4 headers in 157 bytes (1 switches on core 0) /var/lib/openstack/lib/python3.12/site-packages/pycadf/identifier.py:70: UserWarning: Invalid uuid: neutron. To ensure interoperability, identifiers should be a valid uuid. warnings.warn(('Invalid uuid: %s. To ensure interoperability, ' [pid: 8|app: 0|req: 1134/2268] 10.0.0.8 () {32 vars in 715 bytes} [Sat May 9 22:56:04 2026] GET /v2.0/ports/9c9ed771-142d-4d8e-b8b7-76b6bf7dc1b5 => generated 1026 bytes in 38 msecs (HTTP/1.1 200) 4 headers in 158 bytes (1 switches on core 0)
2026-05-09 22:56:04.934 7 INFO neutron_taas.services.taas.taas_plugin [None req-e61123e0-3662-43a2-aafc-75ab6583c3ba 6a28a44862434b9cb947f69668fbd74a fcaff89574f14c9889b4d28116a3a93b - - default default] TaaS: Handle Delete Port: 88516321-40a6-4878-9cbf-10a906489b19
2026-05-09 22:56:04.939 7 INFO neutron_taas.services.taas.tap_mirror_plugin [None req-e61123e0-3662-43a2-aafc-75ab6583c3ba 6a28a44862434b9cb947f69668fbd74a fcaff89574f14c9889b4d28116a3a93b - - default default] Tap Mirror: Handle Delete Port: 88516321-40a6-4878-9cbf-10a906489b19 [pid: 7|app: 0|req: 1135/2269] 10.0.0.8 () {32 vars in 724 bytes} [Sat May 9 22:56:04 2026] DELETE /v2.0/networks/39ba0880-f811-4f96-aeb3-85437e8971c4 => generated 0 bytes in 409 msecs (HTTP/1.1 204) 3 headers in 131 bytes (1 switches on core 0)
2026-05-09 22:56:05.185 8 INFO neutron_taas.services.taas.taas_plugin [None req-be4eea9e-9e47-4f76-b1e9-2e9901ad5706 652f8f8bb11d4e1eb9ce3ecf8dde1b96 afdb07270ebf4665aa945d96e7b582b4 - - default default] TaaS: Handle Delete Port: 9c9ed771-142d-4d8e-b8b7-76b6bf7dc1b5
2026-05-09 22:56:05.189 8 INFO neutron_taas.services.taas.tap_mirror_plugin [None req-be4eea9e-9e47-4f76-b1e9-2e9901ad5706 652f8f8bb11d4e1eb9ce3ecf8dde1b96 afdb07270ebf4665aa945d96e7b582b4 - - default default] Tap Mirror: Handle Delete Port: 9c9ed771-142d-4d8e-b8b7-76b6bf7dc1b5
2026-05-09 22:56:05.459 7 INFO neutron.db.ovn_revision_numbers_db [None req-557a2983-af0c-4b0b-8831-fed8d1cf960f 989bd05b50bf4c5ea86c564230120ec1 b2b1a26845584fd8801efaf71ed40e6c - - default default] Successfully bumped revision number for resource 04f07a89-eb30-46bd-a3a7-c2e39c109208 (type: security_groups) to 1 [pid: 8|app: 0|req: 1135/2270] 10.0.0.8 () {34 vars in 787 bytes} [Sat May 9 22:56:04 2026] PUT /v2.0/routers/e4fd91ab-ba2a-4ca8-827a-066c7785aa21/remove_router_interface => generated 309 bytes in 522 msecs (HTTP/1.1 200) 4 headers in 157 bytes (1 switches on core 0) /var/lib/openstack/lib/python3.12/site-packages/pycadf/identifier.py:70: UserWarning: Invalid uuid: neutron. To ensure interoperability, identifiers should be a valid uuid. warnings.warn(('Invalid uuid: %s. To ensure interoperability, '
2026-05-09 22:56:05.473 7 INFO neutron.db.ovn_revision_numbers_db [None req-557a2983-af0c-4b0b-8831-fed8d1cf960f 989bd05b50bf4c5ea86c564230120ec1 b2b1a26845584fd8801efaf71ed40e6c - - default default] Successfully bumped revision number for resource 18149504-e544-47e8-ba83-2ca198dbf7f2 (type: security_group_rules) to 0 [pid: 8|app: 0|req: 1136/2271] 10.0.0.65 () {34 vars in 989 bytes} [Sat May 9 22:56:05 2026] GET /v2.0/ports?device_id=1f76b23a-587a-48d6-869a-70c9ef8a41ba => generated 12 bytes in 18 msecs (HTTP/1.1 200) 4 headers in 156 bytes (1 switches on core 0)
2026-05-09 22:56:05.504 7 INFO neutron.db.ovn_revision_numbers_db [None req-557a2983-af0c-4b0b-8831-fed8d1cf960f 989bd05b50bf4c5ea86c564230120ec1 b2b1a26845584fd8801efaf71ed40e6c - - default default] Successfully bumped revision number for resource ab73b3bc-e40a-4fd9-bc4e-b7aa7016195d (type: security_group_rules) to 0
2026-05-09 22:56:05.514 7 INFO neutron.db.ovn_revision_numbers_db [None req-557a2983-af0c-4b0b-8831-fed8d1cf960f 989bd05b50bf4c5ea86c564230120ec1 b2b1a26845584fd8801efaf71ed40e6c - - default default] Successfully bumped revision number for resource bb1abd3e-550a-4355-a249-e3a1a7626a83 (type: security_group_rules) to 0
2026-05-09 22:56:05.526 7 INFO neutron.db.ovn_revision_numbers_db [None req-557a2983-af0c-4b0b-8831-fed8d1cf960f 989bd05b50bf4c5ea86c564230120ec1 b2b1a26845584fd8801efaf71ed40e6c - - default default] Successfully bumped revision number for resource e3700cb8-cb73-4c81-9b05-795d56ebdf6a (type: security_group_rules) to 0 [pid: 7|app: 0|req: 1136/2272] 10.0.0.8 () {32 vars in 772 bytes} [Sat May 9 22:56:05 2026] GET /v2.0/security-groups?tenant_id=8887a730c4a4496aaee3b49cee9414ff&name=default => generated 2925 bytes in 407 msecs (HTTP/1.1 200) 4 headers in 158 bytes (1 switches on core 0)
2026-05-09 22:56:05.649 7 INFO neutron.api.v2.resource [None req-7596d002-fce8-478b-af5d-7e1251b2d61a 652f8f8bb11d4e1eb9ce3ecf8dde1b96 afdb07270ebf4665aa945d96e7b582b4 - - default default] remove_router_interface failed (client error): The resource could not be found. [pid: 7|app: 0|req: 1137/2273] 10.0.0.8 () {34 vars in 787 bytes} [Sat May 9 22:56:05 2026] PUT /v2.0/routers/e4fd91ab-ba2a-4ca8-827a-066c7785aa21/remove_router_interface => generated 197 bytes in 78 msecs (HTTP/1.1 404) 4 headers in 164 bytes (1 switches on core 0) [pid: 8|app: 0|req: 1137/2274] 10.0.0.176 () {28 vars in 591 bytes} [Sat May 9 22:56:05 2026] GET /v2.0/floatingips => generated 19 bytes in 182 msecs (HTTP/1.1 200) 4 headers in 156 bytes (1 switches on core 0) [pid: 8|app: 0|req: 1138/2275] 10.0.0.8 () {32 vars in 734 bytes} [Sat May 9 22:56:05 2026] GET /v2.0/ports?device_id=e4fd91ab-ba2a-4ca8-827a-066c7785aa21 => generated 12 bytes in 16 msecs (HTTP/1.1 200) 4 headers in 156 bytes (1 switches on core 0) [pid: 8|app: 0|req: 1139/2276] 10.0.0.176 () {28 vars in 585 bytes} [Sat May 9 22:56:05 2026] GET /v2.0/networks => generated 3868 bytes in 62 msecs (HTTP/1.1 200) 4 headers in 158 bytes (1 switches on core 0) [pid: 7|app: 0|req: 1138/2277] 10.0.0.8 () {32 vars in 738 bytes} [Sat May 9 22:56:05 2026] DELETE /v2.0/security-groups/04f07a89-eb30-46bd-a3a7-c2e39c109208 => generated 0 bytes in 211 msecs (HTTP/1.1 204) 2 headers in 112 bytes (1 switches on core 0) [pid: 8|app: 0|req: 1140/2278] 10.0.0.8 () {32 vars in 722 bytes} [Sat May 9 22:56:05 2026] DELETE /v2.0/routers/e4fd91ab-ba2a-4ca8-827a-066c7785aa21 => generated 0 bytes in 223 msecs (HTTP/1.1 204) 2 headers in 112 bytes (1 switches on core 0) [pid: 8|app: 0|req: 1141/2279] 10.0.0.176 () {28 vars in 581 bytes} [Sat May 9 22:56:05 2026] GET /v2.0/agents => generated 1214 bytes in 30 msecs (HTTP/1.1 200) 4 headers in 158 bytes (1 switches on core 0) [pid: 8|app: 0|req: 1142/2280] 10.0.0.8 () {32 vars in 772 bytes} [Sat May 9 22:56:05 2026] GET /v2.0/security-groups?tenant_id=64115a5be25844e7a5cc293abb9a93ae&name=default => generated 2925 bytes in 28 msecs (HTTP/1.1 200) 4 headers in 158 bytes (1 switches on core 0) [pid: 8|app: 0|req: 1143/2281] 10.0.0.8 () {32 vars in 722 bytes} [Sat May 9 22:56:06 2026] DELETE /v2.0/subnets/b5e3534a-d094-48bf-977f-d1bb21491357 => generated 0 bytes in 145 msecs (HTTP/1.1 204) 3 headers in 131 bytes (1 switches on core 0)
2026-05-09 22:56:06.205 7 INFO neutron.db.ovn_revision_numbers_db [None req-d8ef93bf-c600-4e6f-af02-76452fe53d32 989bd05b50bf4c5ea86c564230120ec1 b2b1a26845584fd8801efaf71ed40e6c - - default default] Successfully bumped revision number for resource fb9083ee-967d-4acf-a4d5-97df479fec74 (type: security_groups) to 1
2026-05-09 22:56:06.215 7 INFO neutron.db.ovn_revision_numbers_db [None req-d8ef93bf-c600-4e6f-af02-76452fe53d32 989bd05b50bf4c5ea86c564230120ec1 b2b1a26845584fd8801efaf71ed40e6c - - default default] Successfully bumped revision number for resource 365f21ca-e485-45f2-9057-13e69ba8f39d (type: security_group_rules) to 0 [pid: 8|app: 0|req: 1144/2282] 10.0.0.176 () {28 vars in 599 bytes} [Sat May 9 22:56:06 2026] GET /v2.0/security-groups => generated 31917 bytes in 53 msecs (HTTP/1.1 200) 4 headers in 159 bytes (1 switches on core 0)
2026-05-09 22:56:06.226 7 INFO neutron.db.ovn_revision_numbers_db [None req-d8ef93bf-c600-4e6f-af02-76452fe53d32 989bd05b50bf4c5ea86c564230120ec1 b2b1a26845584fd8801efaf71ed40e6c - - default default] Successfully bumped revision number for resource b13b2091-a313-48c5-a3bb-eee0a26e2815 (type: security_group_rules) to 0
2026-05-09 22:56:06.237 7 INFO neutron.db.ovn_revision_numbers_db [None req-d8ef93bf-c600-4e6f-af02-76452fe53d32 989bd05b50bf4c5ea86c564230120ec1 b2b1a26845584fd8801efaf71ed40e6c - - default default] Successfully bumped revision number for resource b7551df9-18ac-4cec-b6bd-290f85bee4c7 (type: security_group_rules) to 0
2026-05-09 22:56:06.248 7 INFO neutron.db.ovn_revision_numbers_db [None req-d8ef93bf-c600-4e6f-af02-76452fe53d32 989bd05b50bf4c5ea86c564230120ec1 b2b1a26845584fd8801efaf71ed40e6c - - default default] Successfully bumped revision number for resource f9c381f4-24b0-4404-ae9d-b1a214cac8ee (type: security_group_rules) to 0 [pid: 7|app: 0|req: 1139/2283] 10.0.0.8 () {32 vars in 772 bytes} [Sat May 9 22:56:05 2026] GET /v2.0/security-groups?tenant_id=2c56d90eb0e64f58812ba3286ee2e0ca&name=default => generated 2925 bytes in 424 msecs (HTTP/1.1 200) 4 headers in 158 bytes (1 switches on core 0)
2026-05-09 22:56:06.420 7 INFO neutron.services.segments.plugin [-] Segment f8b56f4c-f6fa-45da-a891-e1bef48298d7 resource provider aggregate not found
2026-05-09 22:56:06.429 7 INFO neutron.services.segments.plugin [-] Segment f8b56f4c-f6fa-45da-a891-e1bef48298d7 resource provider aggregate not found [pid: 8|app: 0|req: 1145/2284] 10.0.0.8 () {32 vars in 738 bytes} [Sat May 9 22:56:06 2026] DELETE /v2.0/security-groups/d5e8f8d5-402c-438b-9efe-a070ddb6c557 => generated 0 bytes in 212 msecs (HTTP/1.1 204) 2 headers in 112 bytes (1 switches on core 0)
2026-05-09 22:56:06.445 7 INFO neutron.services.segments.plugin [-] Segment f8b56f4c-f6fa-45da-a891-e1bef48298d7 resource provider not found; error: Placement Client Error (4xx): {"errors": [{"status": 404, "title": "Not Found", "detail": "The resource could not be found.\n\n No resource provider with uuid f8b56f4c-f6fa-45da-a891-e1bef48298d7 found for delete ", "request_id": "req-d3906a34-9642-4670-acfa-9dcb234ee642"}]}
2026-05-09 22:56:06.449 7 INFO neutron.services.segments.plugin [-] Segment f8b56f4c-f6fa-45da-a891-e1bef48298d7 resource provider not found; error: Placement Client Error (4xx): {"errors": [{"status": 404, "title": "Not Found", "detail": "The resource could not be found.\n\n No resource provider with uuid f8b56f4c-f6fa-45da-a891-e1bef48298d7 found for delete ", "request_id": "req-1daf56e6-d75e-486c-a88d-cb06e2c1b29e"}]}
2026-05-09 22:56:06.459 7 INFO neutron.services.segments.plugin [-] Segment f26844ee-80e1-4c71-801c-9c496fd35828 resource provider aggregate not found
2026-05-09 22:56:06.466 7 INFO neutron.services.segments.plugin [-] Segment f26844ee-80e1-4c71-801c-9c496fd35828 resource provider aggregate not found
2026-05-09 22:56:06.478 7 INFO neutron.services.segments.plugin [-] Segment f26844ee-80e1-4c71-801c-9c496fd35828 resource provider not found; error: Placement Client Error (4xx): {"errors": [{"status": 404, "title": "Not Found", "detail": "The resource could not be found.\n\n No resource provider with uuid f26844ee-80e1-4c71-801c-9c496fd35828 found for delete ", "request_id": "req-d9c816c1-0f9e-4b8d-87b1-7830c2ef3e4f"}]}
2026-05-09 22:56:06.487 7 INFO neutron.services.segments.plugin [-] Segment f26844ee-80e1-4c71-801c-9c496fd35828 resource provider not found; error: Placement Client Error (4xx): {"errors": [{"status": 404, "title": "Not Found", "detail": "The resource could not be found.\n\n No resource provider with uuid f26844ee-80e1-4c71-801c-9c496fd35828 found for delete ", "request_id": "req-a414256a-82d5-4d0e-8a0b-653d3d434677"}]}
2026-05-09 22:56:06.490 7 INFO neutron_taas.services.taas.taas_plugin [None req-37335f3e-c02c-42dd-8bfc-4804fbfbb0f8 652f8f8bb11d4e1eb9ce3ecf8dde1b96 afdb07270ebf4665aa945d96e7b582b4 - - default default] TaaS: Handle Delete Port: 2c36ea51-8cae-4ef2-9839-d8191eee5b90
2026-05-09 22:56:06.493 7 INFO neutron_taas.services.taas.tap_mirror_plugin [None req-37335f3e-c02c-42dd-8bfc-4804fbfbb0f8 652f8f8bb11d4e1eb9ce3ecf8dde1b96 afdb07270ebf4665aa945d96e7b582b4 - - default default] Tap Mirror: Handle Delete Port: 2c36ea51-8cae-4ef2-9839-d8191eee5b90 [pid: 8|app: 0|req: 1146/2285] 10.0.0.176 () {28 vars in 579 bytes} [Sat May 9 22:56:06 2026] GET /v2.0/ports => generated 9272 bytes in 62 msecs (HTTP/1.1 200) 4 headers in 158 bytes (1 switches on core 0) [pid: 7|app: 0|req: 1140/2286] 10.0.0.8 () {32 vars in 724 bytes} [Sat May 9 22:56:06 2026] DELETE /v2.0/networks/c35f6f3b-0da7-43ad-8831-f7f9fcd912f9 => generated 0 bytes in 413 msecs (HTTP/1.1 204) 3 headers in 131 bytes (1 switches on core 0) [pid: 8|app: 0|req: 1147/2287] 10.0.0.8 () {32 vars in 738 bytes} [Sat May 9 22:56:06 2026] DELETE /v2.0/security-groups/fb9083ee-967d-4acf-a4d5-97df479fec74 => generated 0 bytes in 246 msecs (HTTP/1.1 204) 2 headers in 112 bytes (1 switches on core 0) [pid: 7|app: 0|req: 1141/2288] 10.0.0.176 () {28 vars in 583 bytes} [Sat May 9 22:56:06 2026] GET /v2.0/subnets => generated 1986 bytes in 47 msecs (HTTP/1.1 200) 4 headers in 158 bytes (1 switches on core 0) [pid: 7|app: 0|req: 1142/2289] 10.0.0.176 () {28 vars in 591 bytes} [Sat May 9 22:56:06 2026] GET /v2.0/subnetpools => generated 19 bytes in 12 msecs (HTTP/1.1 200) 4 headers in 156 bytes (1 switches on core 0) [pid: 7|app: 0|req: 1143/2290] 10.0.0.176 () {28 vars in 583 bytes} [Sat May 9 22:56:06 2026] GET /v2.0/subnets => generated 1986 bytes in 36 msecs (HTTP/1.1 200) 4 headers in 158 bytes (1 switches on core 0)
2026-05-09 22:56:06.839 8 INFO neutron.db.segments_db [None req-071a0939-15b6-48c0-bbb6-26163e54aed2 652f8f8bb11d4e1eb9ce3ecf8dde1b96 afdb07270ebf4665aa945d96e7b582b4 - - default default] Added segment 1010462e-5581-4223-bc18-66d663111cbf of type geneve for network 0a496701-4408-434e-8d0a-37c4f79d3e2f [pid: 7|app: 0|req: 1144/2291] 10.0.0.176 () {28 vars in 583 bytes} [Sat May 9 22:56:06 2026] GET /v2.0/routers => generated 975 bytes in 67 msecs (HTTP/1.1 200) 4 headers in 157 bytes (1 switches on core 0) [pid: 7|app: 0|req: 1145/2292] 10.0.0.8 () {32 vars in 772 bytes} [Sat May 9 22:56:06 2026] GET /v2.0/security-groups?tenant_id=fcaff89574f14c9889b4d28116a3a93b&name=default => generated 2925 bytes in 29 msecs (HTTP/1.1 200) 4 headers in 158 bytes (1 switches on core 0) [pid: 7|app: 0|req: 1146/2293] 10.0.0.176 () {28 vars in 624 bytes} [Sat May 9 22:56:06 2026] GET /v2.0/agents?binary=ovn-controller => generated 416 bytes in 10 msecs (HTTP/1.1 200) 4 headers in 157 bytes (1 switches on core 0)
2026-05-09 22:56:06.964 8 INFO neutron.db.ovn_revision_numbers_db [None req-071a0939-15b6-48c0-bbb6-26163e54aed2 652f8f8bb11d4e1eb9ce3ecf8dde1b96 afdb07270ebf4665aa945d96e7b582b4 - - default default] Successfully bumped revision number for resource 0a496701-4408-434e-8d0a-37c4f79d3e2f (type: networks) to 1 [pid: 7|app: 0|req: 1147/2294] 10.0.0.8 () {32 vars in 738 bytes} [Sat May 9 22:56:06 2026] DELETE /v2.0/security-groups/c7e1abb7-9bd5-4267-8abe-de64f0b8e31d => generated 0 bytes in 227 msecs (HTTP/1.1 204) 2 headers in 112 bytes (1 switches on core 0)
2026-05-09 22:56:07.157 8 WARNING neutron.scheduler.dhcp_agent_scheduler [None req-071a0939-15b6-48c0-bbb6-26163e54aed2 652f8f8bb11d4e1eb9ce3ecf8dde1b96 afdb07270ebf4665aa945d96e7b582b4 - - default default] No more DHCP agents
2026-05-09 22:56:07.159 8 WARNING neutron.api.rpc.agentnotifiers.dhcp_rpc_agent_api [None req-071a0939-15b6-48c0-bbb6-26163e54aed2 652f8f8bb11d4e1eb9ce3ecf8dde1b96 afdb07270ebf4665aa945d96e7b582b4 - - default default] Unable to schedule network 0a496701-4408-434e-8d0a-37c4f79d3e2f: no agents available; will retry on subsequent port and subnet creation events. [pid: 7|app: 0|req: 1148/2295] 10.0.0.176 () {28 vars in 619 bytes} [Sat May 9 22:56:07 2026] GET /v2.0/network-ip-availabilities => generated 1846 bytes in 12 msecs (HTTP/1.1 200) 4 headers in 158 bytes (1 switches on core 0)
2026-05-09 22:56:07.247 8 INFO neutron.db.ovn_revision_numbers_db [None req-071a0939-15b6-48c0-bbb6-26163e54aed2 652f8f8bb11d4e1eb9ce3ecf8dde1b96 afdb07270ebf4665aa945d96e7b582b4 - - default default] Successfully bumped revision number for resource a9563870-88c5-4211-9389-3242d1d23d11 (type: ports) to 1 [pid: 8|app: 0|req: 1148/2296] 10.0.0.8 () {34 vars in 668 bytes} [Sat May 9 22:56:06 2026] POST /v2.0/networks => generated 672 bytes in 525 msecs (HTTP/1.1 201) 4 headers in 162 bytes (1 switches on core 0)
2026-05-09 22:56:07.490 7 WARNING neutron.scheduler.dhcp_agent_scheduler [None req-e06dc58f-a208-46bd-b2c6-889d0b3446cf 652f8f8bb11d4e1eb9ce3ecf8dde1b96 afdb07270ebf4665aa945d96e7b582b4 - - default default] No more DHCP agents
2026-05-09 22:56:07.491 7 WARNING neutron.api.rpc.agentnotifiers.dhcp_rpc_agent_api [None req-e06dc58f-a208-46bd-b2c6-889d0b3446cf 652f8f8bb11d4e1eb9ce3ecf8dde1b96 afdb07270ebf4665aa945d96e7b582b4 - - default default] Unable to schedule network 0a496701-4408-434e-8d0a-37c4f79d3e2f: no agents available; will retry on subsequent port and subnet creation events.
2026-05-09 22:56:07.561 7 INFO neutron.db.ovn_revision_numbers_db [None req-e06dc58f-a208-46bd-b2c6-889d0b3446cf 652f8f8bb11d4e1eb9ce3ecf8dde1b96 afdb07270ebf4665aa945d96e7b582b4 - - default default] Successfully bumped revision number for resource 7eb4f841-2098-4544-88b0-4b110179b165 (type: subnets) to 0 [pid: 7|app: 0|req: 1149/2297] 10.0.0.8 () {34 vars in 667 bytes} [Sat May 9 22:56:07 2026] POST /v2.0/subnets => generated 646 bytes in 303 msecs (HTTP/1.1 201) 4 headers in 162 bytes (1 switches on core 0)
2026-05-09 22:56:07.689 8 INFO neutron.db.ovn_revision_numbers_db [None req-944afb19-a15a-4b2a-ab36-7d094eb45794 652f8f8bb11d4e1eb9ce3ecf8dde1b96 afdb07270ebf4665aa945d96e7b582b4 - - default default] Successfully bumped revision number for resource b1895349-4227-4b44-8c42-38662908a2ec (type: routers) to 1 [pid: 8|app: 0|req: 1149/2298] 10.0.0.8 () {34 vars in 667 bytes} [Sat May 9 22:56:07 2026] POST /v2.0/routers => generated 606 bytes in 123 msecs (HTTP/1.1 201) 4 headers in 162 bytes (1 switches on core 0)
2026-05-09 22:56:07.955 7 INFO neutron_taas.services.taas.taas_plugin [None req-b6c48a07-1b9a-469a-810a-605347423761 989bd05b50bf4c5ea86c564230120ec1 b2b1a26845584fd8801efaf71ed40e6c - - default default] TaaS: Handle Delete Port: 9c7483f8-5cac-4cc6-97f6-1253543e7812
2026-05-09 22:56:07.957 7 INFO neutron_taas.services.taas.tap_mirror_plugin [None req-b6c48a07-1b9a-469a-810a-605347423761 989bd05b50bf4c5ea86c564230120ec1 b2b1a26845584fd8801efaf71ed40e6c - - default default] Tap Mirror: Handle Delete Port: 9c7483f8-5cac-4cc6-97f6-1253543e7812
2026-05-09 22:56:08.095 8 WARNING neutron.scheduler.dhcp_agent_scheduler [None req-4e987bbf-23fa-4c83-8e82-d76fc63e5510 652f8f8bb11d4e1eb9ce3ecf8dde1b96 afdb07270ebf4665aa945d96e7b582b4 - - default default] No more DHCP agents
2026-05-09 22:56:08.096 8 WARNING neutron.api.rpc.agentnotifiers.dhcp_rpc_agent_api [None req-4e987bbf-23fa-4c83-8e82-d76fc63e5510 652f8f8bb11d4e1eb9ce3ecf8dde1b96 afdb07270ebf4665aa945d96e7b582b4 - - default default] Unable to schedule network 0a496701-4408-434e-8d0a-37c4f79d3e2f: no agents available; will retry on subsequent port and subnet creation events.
2026-05-09 22:56:08.199 8 INFO neutron.plugins.ml2.drivers.ovn.mech_driver.mech_driver [None req-835e19cc-689b-451b-bc1a-647a89ac2229 - - - - - -] OVN reports status down for port: 735d712f-2bf8-4ee0-abee-3af49627f59e
2026-05-09 22:56:08.257 8 INFO neutron.db.ovn_revision_numbers_db [None req-4e987bbf-23fa-4c83-8e82-d76fc63e5510 652f8f8bb11d4e1eb9ce3ecf8dde1b96 afdb07270ebf4665aa945d96e7b582b4 - - default default] Successfully bumped revision number for resource 735d712f-2bf8-4ee0-abee-3af49627f59e (type: ports) to 1
2026-05-09 22:56:08.339 7 WARNING neutron.plugins.ml2.drivers.ovn.mech_driver.ovsdb.ovn_client [None req-ae08e35a-fadd-4d87-96b4-5301c9ffff23 - - - - - -] No port found with ID 9c9ed771-142d-4d8e-b8b7-76b6bf7dc1b5: RuntimeError: No port found with ID 9c9ed771-142d-4d8e-b8b7-76b6bf7dc1b5
2026-05-09 22:56:08.355 7 INFO neutron.plugins.ml2.drivers.ovn.mech_driver.mech_driver [None req-ae08e35a-fadd-4d87-96b4-5301c9ffff23 - - - - - -] OVN reports status down for port: a9563870-88c5-4211-9389-3242d1d23d11
2026-05-09 22:56:08.508 7 INFO neutron.services.segments.plugin [-] Segment 1f7ce527-170c-40b7-b9d8-bd7dd33d5442 resource provider aggregate not found
2026-05-09 22:56:08.512 7 INFO neutron.services.segments.plugin [-] Segment 1f7ce527-170c-40b7-b9d8-bd7dd33d5442 resource provider aggregate not found
2026-05-09 22:56:08.526 7 INFO neutron.services.segments.plugin [-] Segment 1f7ce527-170c-40b7-b9d8-bd7dd33d5442 resource provider not found; error: Placement Client Error (4xx): {"errors": [{"status": 404, "title": "Not Found", "detail": "The resource could not be found.\n\n No resource provider with uuid 1f7ce527-170c-40b7-b9d8-bd7dd33d5442 found for delete ", "request_id": "req-7633a35f-049e-4460-b2c9-79dc1bc95fff"}]}
2026-05-09 22:56:08.528 7 INFO neutron.services.segments.plugin [-] Segment 1f7ce527-170c-40b7-b9d8-bd7dd33d5442 resource provider not found; error: Placement Client Error (4xx): {"errors": [{"status": 404, "title": "Not Found", "detail": "The resource could not be found.\n\n No resource provider with uuid 1f7ce527-170c-40b7-b9d8-bd7dd33d5442 found for delete ", "request_id": "req-b9cbdd1d-8842-424e-8ec4-1c4b93afc880"}]} [pid: 7|app: 0|req: 1150/2299] 10.0.0.8 () {34 vars in 787 bytes} [Sat May 9 22:56:07 2026] PUT /v2.0/routers/43213df2-9880-43a4-9bf8-c8bc9e74db0f/remove_router_interface => generated 309 bytes in 981 msecs (HTTP/1.1 200) 4 headers in 157 bytes (1 switches on core 0) /var/lib/openstack/lib/python3.12/site-packages/pycadf/identifier.py:70: UserWarning: Invalid uuid: neutron. To ensure interoperability, identifiers should be a valid uuid. warnings.warn(('Invalid uuid: %s. To ensure interoperability, '
2026-05-09 22:56:08.792 8 INFO neutron.plugins.ml2.drivers.ovn.mech_driver.mech_driver [None req-835e19cc-689b-451b-bc1a-647a89ac2229 - - - - - -] OVN reports status up for port: 735d712f-2bf8-4ee0-abee-3af49627f59e
2026-05-09 22:56:08.811 8 INFO neutron.plugins.ml2.plugin [None req-835e19cc-689b-451b-bc1a-647a89ac2229 - - - - - -] Attempt 1 to provision port 735d712f-2bf8-4ee0-abee-3af49627f59e
2026-05-09 22:56:08.910 8 WARNING neutron.scheduler.dhcp_agent_scheduler [None req-4e987bbf-23fa-4c83-8e82-d76fc63e5510 652f8f8bb11d4e1eb9ce3ecf8dde1b96 afdb07270ebf4665aa945d96e7b582b4 - - default default] No more DHCP agents
2026-05-09 22:56:08.912 8 WARNING neutron.api.rpc.agentnotifiers.dhcp_rpc_agent_api [None req-4e987bbf-23fa-4c83-8e82-d76fc63e5510 652f8f8bb11d4e1eb9ce3ecf8dde1b96 afdb07270ebf4665aa945d96e7b582b4 - - default default] Unable to schedule network 0a496701-4408-434e-8d0a-37c4f79d3e2f: no agents available; will retry on subsequent port and subnet creation events.
2026-05-09 22:56:08.998 7 INFO neutron_taas.services.taas.taas_plugin [None req-52de66b8-cdfc-4795-b2e3-b9685252de52 989bd05b50bf4c5ea86c564230120ec1 b2b1a26845584fd8801efaf71ed40e6c - - default default] TaaS: Handle Delete Port: b5e05f03-4cf7-49a1-a240-f3be0470f9d1
2026-05-09 22:56:09.002 7 INFO neutron_taas.services.taas.tap_mirror_plugin [None req-52de66b8-cdfc-4795-b2e3-b9685252de52 989bd05b50bf4c5ea86c564230120ec1 b2b1a26845584fd8801efaf71ed40e6c - - default default] Tap Mirror: Handle Delete Port: b5e05f03-4cf7-49a1-a240-f3be0470f9d1
2026-05-09 22:56:09.251 8 INFO neutron.db.ovn_revision_numbers_db [None req-4e987bbf-23fa-4c83-8e82-d76fc63e5510 652f8f8bb11d4e1eb9ce3ecf8dde1b96 afdb07270ebf4665aa945d96e7b582b4 - - default default] Successfully bumped revision number for resource 735d712f-2bf8-4ee0-abee-3af49627f59e (type: router_ports) to 1 [pid: 8|app: 0|req: 1150/2302] 10.0.0.8 () {34 vars in 781 bytes} [Sat May 9 22:56:07 2026] PUT /v2.0/routers/b1895349-4227-4b44-8c42-38662908a2ec/add_router_interface => generated 309 bytes in 1562 msecs (HTTP/1.1 200) 4 headers in 157 bytes (1 switches on core 0) [pid: 8|app: 0|req: 1151/2303] 10.0.0.8 () {32 vars in 715 bytes} [Sat May 9 22:56:09 2026] GET /v2.0/ports/735d712f-2bf8-4ee0-abee-3af49627f59e => generated 947 bytes in 139 msecs (HTTP/1.1 200) 4 headers in 157 bytes (1 switches on core 0)
2026-05-09 22:56:09.437 8 INFO neutron.db.ovn_revision_numbers_db [None req-835e19cc-689b-451b-bc1a-647a89ac2229 - - - - - -] Successfully bumped revision number for resource 735d712f-2bf8-4ee0-abee-3af49627f59e (type: ports) to 2 [pid: 7|app: 0|req: 1153/2304] 10.0.0.8 () {32 vars in 722 bytes} [Sat May 9 22:56:08 2026] DELETE /v2.0/routers/43213df2-9880-43a4-9bf8-c8bc9e74db0f => generated 0 bytes in 804 msecs (HTTP/1.1 204) 2 headers in 112 bytes (1 switches on core 0) [pid: 8|app: 0|req: 1152/2305] 10.0.0.8 () {32 vars in 715 bytes} [Sat May 9 22:56:09 2026] GET /v2.0/ports/735d712f-2bf8-4ee0-abee-3af49627f59e => generated 947 bytes in 90 msecs (HTTP/1.1 200) 4 headers in 157 bytes (1 switches on core 0) [pid: 7|app: 0|req: 1154/2306] 10.0.0.8 () {32 vars in 722 bytes} [Sat May 9 22:56:09 2026] DELETE /v2.0/subnets/17a3a40f-1148-401e-8aeb-e3f67736da8b => generated 0 bytes in 179 msecs (HTTP/1.1 204) 3 headers in 131 bytes (1 switches on core 0)
2026-05-09 22:56:09.788 7 INFO neutron_taas.services.taas.taas_plugin [None req-a5159524-07df-429d-ae31-2fa3d038c28e 989bd05b50bf4c5ea86c564230120ec1 b2b1a26845584fd8801efaf71ed40e6c - - default default] TaaS: Handle Delete Port: 26a05466-ec82-4317-b3a3-4911d0f3f4e7
2026-05-09 22:56:09.792 7 INFO neutron_taas.services.taas.tap_mirror_plugin [None req-a5159524-07df-429d-ae31-2fa3d038c28e 989bd05b50bf4c5ea86c564230120ec1 b2b1a26845584fd8801efaf71ed40e6c - - default default] Tap Mirror: Handle Delete Port: 26a05466-ec82-4317-b3a3-4911d0f3f4e7
2026-05-09 22:56:09.836 8 INFO neutron_taas.services.taas.taas_plugin [None req-c6a65172-a9d3-48b0-8c00-83bd8c0a7ae9 652f8f8bb11d4e1eb9ce3ecf8dde1b96 afdb07270ebf4665aa945d96e7b582b4 - - default default] TaaS: Handle Delete Port: 735d712f-2bf8-4ee0-abee-3af49627f59e
2026-05-09 22:56:09.840 8 INFO neutron_taas.services.taas.tap_mirror_plugin [None req-c6a65172-a9d3-48b0-8c00-83bd8c0a7ae9 652f8f8bb11d4e1eb9ce3ecf8dde1b96 afdb07270ebf4665aa945d96e7b582b4 - - default default] Tap Mirror: Handle Delete Port: 735d712f-2bf8-4ee0-abee-3af49627f59e [pid: 7|app: 0|req: 1155/2307] 10.0.0.8 () {32 vars in 724 bytes} [Sat May 9 22:56:09 2026] DELETE /v2.0/networks/3b823853-8e63-4ac3-a228-97b7930b288b => generated 0 bytes in 309 msecs (HTTP/1.1 204) 3 headers in 131 bytes (1 switches on core 0) [pid: 8|app: 0|req: 1153/2308] 10.0.0.8 () {34 vars in 787 bytes} [Sat May 9 22:56:09 2026] PUT /v2.0/routers/b1895349-4227-4b44-8c42-38662908a2ec/remove_router_interface => generated 309 bytes in 584 msecs (HTTP/1.1 200) 4 headers in 157 bytes (1 switches on core 0) [pid: 7|app: 0|req: 1156/2309] 10.0.0.8 () {32 vars in 734 bytes} [Sat May 9 22:56:10 2026] GET /v2.0/ports?device_id=b1895349-4227-4b44-8c42-38662908a2ec => generated 12 bytes in 20 msecs (HTTP/1.1 200) 4 headers in 156 bytes (1 switches on core 0) /var/lib/openstack/lib/python3.12/site-packages/pycadf/identifier.py:70: UserWarning: Invalid uuid: neutron. To ensure interoperability, identifiers should be a valid uuid. warnings.warn(('Invalid uuid: %s. To ensure interoperability, ' [pid: 7|app: 0|req: 1157/2310] 10.0.0.8 () {32 vars in 772 bytes} [Sat May 9 22:56:10 2026] GET /v2.0/security-groups?tenant_id=5b52cdf037b84637a944af1d762820ef&name=default => generated 2925 bytes in 27 msecs (HTTP/1.1 200) 4 headers in 158 bytes (1 switches on core 0) [pid: 8|app: 0|req: 1154/2311] 10.0.0.8 () {32 vars in 722 bytes} [Sat May 9 22:56:10 2026] DELETE /v2.0/routers/b1895349-4227-4b44-8c42-38662908a2ec => generated 0 bytes in 203 msecs (HTTP/1.1 204) 2 headers in 112 bytes (1 switches on core 0) [pid: 7|app: 0|req: 1158/2312] 10.0.0.8 () {32 vars in 738 bytes} [Sat May 9 22:56:10 2026] DELETE /v2.0/security-groups/e1701bba-bd79-480d-a5e1-51a275c790ff => generated 0 bytes in 259 msecs (HTTP/1.1 204) 2 headers in 112 bytes (1 switches on core 0) [pid: 8|app: 0|req: 1155/2313] 10.0.0.8 () {32 vars in 722 bytes} [Sat May 9 22:56:10 2026] DELETE /v2.0/subnets/7eb4f841-2098-4544-88b0-4b110179b165 => generated 0 bytes in 142 msecs (HTTP/1.1 204) 3 headers in 131 bytes (1 switches on core 0)
2026-05-09 22:56:10.548 7 INFO neutron.services.segments.plugin [-] Segment fd7025f2-e65f-4b74-aba4-6d99706facc1 resource provider aggregate not found
2026-05-09 22:56:10.557 7 INFO neutron.services.segments.plugin [-] Segment fd7025f2-e65f-4b74-aba4-6d99706facc1 resource provider not found; error: Placement Client Error (4xx): {"errors": [{"status": 404, "title": "Not Found", "detail": "The resource could not be found.\n\n No resource provider with uuid fd7025f2-e65f-4b74-aba4-6d99706facc1 found for delete ", "request_id": "req-3db39431-a8ff-482d-93c5-d8acf4d2e080"}]}
2026-05-09 22:56:10.559 7 INFO neutron.services.segments.plugin [-] Segment fd7025f2-e65f-4b74-aba4-6d99706facc1 resource provider aggregate not found
2026-05-09 22:56:10.573 7 INFO neutron.services.segments.plugin [-] Segment fd7025f2-e65f-4b74-aba4-6d99706facc1 resource provider not found; error: Placement Client Error (4xx): {"errors": [{"status": 404, "title": "Not Found", "detail": "The resource could not be found.\n\n No resource provider with uuid fd7025f2-e65f-4b74-aba4-6d99706facc1 found for delete ", "request_id": "req-220abc36-1862-4388-954f-4619f5e1e5b0"}]}
2026-05-09 22:56:10.610 8 INFO neutron_taas.services.taas.taas_plugin [None req-f95e8446-8e17-4658-8a3d-300a13b4b37e 652f8f8bb11d4e1eb9ce3ecf8dde1b96 afdb07270ebf4665aa945d96e7b582b4 - - default default] TaaS: Handle Delete Port: a9563870-88c5-4211-9389-3242d1d23d11
2026-05-09 22:56:10.613 8 INFO neutron_taas.services.taas.tap_mirror_plugin [None req-f95e8446-8e17-4658-8a3d-300a13b4b37e 652f8f8bb11d4e1eb9ce3ecf8dde1b96 afdb07270ebf4665aa945d96e7b582b4 - - default default] Tap Mirror: Handle Delete Port: a9563870-88c5-4211-9389-3242d1d23d11
