2026-05-09 22:53:48.017 10 WARNING neutron_lib.context [None req-0f46882a-33ff-42ad-bfdf-4b6e9e3ff339 63e159527a5c4bab96016f04dd22ad8d 1972c4b3a08245e7a6209902846c9bb3 - - default default] Method 'is_advsvc' is deprecated since 2023.2 release (neutron-lib 3.8.0) and will be removed once support for the old RBAC API policies will be removed from Neutron. Please use method 'is_service_role' instead.
2026-05-09 22:53:48.020 9 INFO neutron.api.wsgi [req-5125033f-5311-42ad-896b-6cbe30d47cc0 req-69bdad9b-3173-4187-a650-a2d66b2f7593 5cddc22acd2a45c495bbf03e23def64f 95c991d61fd74039a97361e703a045b9 - - b74fb1e0c7fc469a8132ce3fe1e367c8 b74fb1e0c7fc469a8132ce3fe1e367c8] 199.204.45.250 "GET /v2.0/ports?network_id=5de22078-8fbd-4a53-9533-26025b5792f2&device_owner=network%3Adhcp HTTP/1.1" status: 200 len: 210 time: 0.0370893
2026-05-09 22:53:48.021 10 WARNING neutron.plugins.ml2.drivers.ovn.mech_driver.ovsdb.ovn_client [None req-ec7deece-6d87-4a6b-86f6-04f18c45649a - - - - - -] No hosting information found for port 0e0d3998-f025-44b1-95c3-d0dfa7e44613: RuntimeError: No hosting information found for port 0e0d3998-f025-44b1-95c3-d0dfa7e44613
2026-05-09 22:53:48.077 9 INFO neutron.api.wsgi [req-5125033f-5311-42ad-896b-6cbe30d47cc0 req-aafe4dd3-0170-47d8-b9ac-477113a1b755 5cddc22acd2a45c495bbf03e23def64f 95c991d61fd74039a97361e703a045b9 - - b74fb1e0c7fc469a8132ce3fe1e367c8 b74fb1e0c7fc469a8132ce3fe1e367c8] 199.204.45.250 "GET /v2.0/networks/5de22078-8fbd-4a53-9533-26025b5792f2?fields=segments HTTP/1.1" status: 200 len: 212 time: 0.0504992
2026-05-09 22:53:48.089 10 INFO neutron.db.ovn_revision_numbers_db [None req-ec7deece-6d87-4a6b-86f6-04f18c45649a - - - - - -] Successfully bumped revision number for resource 0e0d3998-f025-44b1-95c3-d0dfa7e44613 (type: router_ports) to 2
2026-05-09 22:53:48.126 9 INFO neutron.api.wsgi [req-5125033f-5311-42ad-896b-6cbe30d47cc0 req-868fa53b-c29e-4a6d-8adc-25a4e68c3fbc 5cddc22acd2a45c495bbf03e23def64f 95c991d61fd74039a97361e703a045b9 - - b74fb1e0c7fc469a8132ce3fe1e367c8 b74fb1e0c7fc469a8132ce3fe1e367c8] 199.204.45.250 "GET /v2.0/networks/5de22078-8fbd-4a53-9533-26025b5792f2?fields=provider%3Aphysical_network&fields=provider%3Anetwork_type HTTP/1.1" status: 200 len: 277 time: 0.0445788
2026-05-09 22:53:48.315 9 INFO neutron.db.ovn_revision_numbers_db [req-67e0dbd5-2b79-4988-944a-6289f48b185f req-869197e0-2d7f-4a85-aec3-2b562d696fa9 5cddc22acd2a45c495bbf03e23def64f 95c991d61fd74039a97361e703a045b9 - - b74fb1e0c7fc469a8132ce3fe1e367c8 b74fb1e0c7fc469a8132ce3fe1e367c8] Successfully bumped revision number for resource 2f39c691-71d7-4ecb-9a2e-60bf2c8709e6 (type: ports) to 2
2026-05-09 22:53:48.345 10 WARNING neutron.scheduler.dhcp_agent_scheduler [None req-0f46882a-33ff-42ad-bfdf-4b6e9e3ff339 63e159527a5c4bab96016f04dd22ad8d 1972c4b3a08245e7a6209902846c9bb3 - - default default] No more DHCP agents
2026-05-09 22:53:48.347 10 WARNING neutron.api.rpc.agentnotifiers.dhcp_rpc_agent_api [None req-0f46882a-33ff-42ad-bfdf-4b6e9e3ff339 63e159527a5c4bab96016f04dd22ad8d 1972c4b3a08245e7a6209902846c9bb3 - - default default] Unable to schedule network 281259f8-0181-45a3-b3f8-ecdd123f0ebb: no agents available; will retry on subsequent port and subnet creation events.
2026-05-09 22:53:48.367 10 INFO neutron.api.wsgi [req-1d6a4e85-f476-49a6-bbf7-2a0c8822022a req-cedbce64-5ef1-44d1-977e-9b25cd94813a 91466550c776497b972f73f2a984b1f6 241173e15f40492c88386c05fa3d4b79 - - default default] 10.0.0.116 "GET /v2.0/ports?device_id=cdacf1a6-7640-490b-8e74-50ce401ac448 HTTP/1.1" status: 200 len: 1168 time: 0.0948079
2026-05-09 22:53:48.415 10 INFO neutron.api.wsgi [req-1d6a4e85-f476-49a6-bbf7-2a0c8822022a req-4b22a680-fd08-4450-bd30-42160ecea5ac 91466550c776497b972f73f2a984b1f6 241173e15f40492c88386c05fa3d4b79 - - default default] 10.0.0.116 "GET /v2.0/security-groups?id=4285828e-0be8-4987-a9d3-d1b5879fd23e&fields=id&fields=name HTTP/1.1" status: 200 len: 312 time: 0.0403805
2026-05-09 22:53:48.522 9 INFO neutron.db.ovn_revision_numbers_db [req-67e0dbd5-2b79-4988-944a-6289f48b185f req-869197e0-2d7f-4a85-aec3-2b562d696fa9 5cddc22acd2a45c495bbf03e23def64f 95c991d61fd74039a97361e703a045b9 - - b74fb1e0c7fc469a8132ce3fe1e367c8 b74fb1e0c7fc469a8132ce3fe1e367c8] Successfully bumped revision number for resource 2f39c691-71d7-4ecb-9a2e-60bf2c8709e6 (type: ports) to 4
2026-05-09 22:53:48.538 9 INFO neutron.api.wsgi [req-67e0dbd5-2b79-4988-944a-6289f48b185f req-869197e0-2d7f-4a85-aec3-2b562d696fa9 5cddc22acd2a45c495bbf03e23def64f 95c991d61fd74039a97361e703a045b9 - - b74fb1e0c7fc469a8132ce3fe1e367c8 b74fb1e0c7fc469a8132ce3fe1e367c8] 199.204.45.250 "PUT /v2.0/ports/2f39c691-71d7-4ecb-9a2e-60bf2c8709e6 HTTP/1.1" status: 200 len: 1404 time: 0.6275659 /var/lib/openstack/lib/python3.12/site-packages/pycadf/identifier.py:71: UserWarning: Invalid uuid: neutron. To ensure interoperability, identifiers should be a valid uuid. warnings.warn(('Invalid uuid: %s. To ensure interoperability, '
2026-05-09 22:53:48.577 9 INFO neutron.notifiers.nova [-] Nova event matching ['req-d9f24911-3752-4c0c-a2b2-c9e7029909e9'] response: {'name': 'network-changed', 'server_uuid': 'cdacf1a6-7640-490b-8e74-50ce401ac448', 'tag': '2f39c691-71d7-4ecb-9a2e-60bf2c8709e6', 'status': 'completed', 'code': 200}
2026-05-09 22:53:48.587 9 INFO neutron.api.wsgi [req-24932bd2-7096-48ec-af42-1396cfd81b78 req-527fa63e-b44a-40c5-bfbd-7b6258dcf6ce dada8693956849ee8022963b17121c13 f29778f5e7b04a78b4648de20ee8f0a7 - - default default] 10.0.0.116 "GET /v2.0/ports?device_id=ec49d7e9-e4d9-4323-ba9b-b0a76698da7c HTTP/1.1" status: 200 len: 210 time: 0.0204010
2026-05-09 22:53:48.730 10 INFO neutron.api.wsgi [req-cbf90d08-9c19-4bf6-9458-5a302f3c1ee9 req-e588e31a-a3ee-482c-9cec-95d84ae3112f 0a16beb6ab50466b8dc5c4f3aded0563 b0e853e1f16a4658b45795bc07b3ba69 - - default default] 10.0.0.116 "GET /v2.0/ports?device_id=e6aef4cd-90c2-43d2-9210-51cea36c6ec8 HTTP/1.1" status: 200 len: 1168 time: 0.0322278
2026-05-09 22:53:48.768 10 INFO neutron.api.wsgi [req-cbf90d08-9c19-4bf6-9458-5a302f3c1ee9 req-43a67b22-16bd-4f4b-80c4-38ebdd0a6d67 0a16beb6ab50466b8dc5c4f3aded0563 b0e853e1f16a4658b45795bc07b3ba69 - - default default] 10.0.0.116 "GET /v2.0/security-groups?id=7ded3e20-b50a-4f1c-be3c-c6376ee34cd8&fields=id&fields=name HTTP/1.1" status: 200 len: 312 time: 0.0324228
2026-05-09 22:53:48.905 10 INFO neutron.db.ovn_revision_numbers_db [None req-8b5abc2a-269b-4ae5-aa2f-7f46ceb211ad - - - - - -] Successfully bumped revision number for resource e8624833-449c-4422-9bfc-ace896cf650e (type: ports) to 2
2026-05-09 22:53:48.931 10 INFO neutron.db.ovn_revision_numbers_db [None req-8b5abc2a-269b-4ae5-aa2f-7f46ceb211ad - - - - - -] Successfully bumped revision number for resource 277fb4fd-47e7-4dea-be38-5fc26109e376 (type: subnets) to 0
2026-05-09 22:53:48.958 10 WARNING neutron.scheduler.dhcp_agent_scheduler [None req-0f46882a-33ff-42ad-bfdf-4b6e9e3ff339 63e159527a5c4bab96016f04dd22ad8d 1972c4b3a08245e7a6209902846c9bb3 - - default default] No more DHCP agents
2026-05-09 22:53:48.959 10 WARNING neutron.api.rpc.agentnotifiers.dhcp_rpc_agent_api [None req-0f46882a-33ff-42ad-bfdf-4b6e9e3ff339 63e159527a5c4bab96016f04dd22ad8d 1972c4b3a08245e7a6209902846c9bb3 - - default default] Unable to schedule network 5f4fb491-d0fa-48d6-8ea7-4fb68188b8c3: no agents available; will retry on subsequent port and subnet creation events.
2026-05-09 22:53:49.117 9 INFO neutron.api.wsgi [req-14665df9-49a3-47c0-a483-eb8a2fe16d5b req-f98dc821-e0fa-4d14-8b79-0ac57d9e71d5 5cddc22acd2a45c495bbf03e23def64f 95c991d61fd74039a97361e703a045b9 - - b74fb1e0c7fc469a8132ce3fe1e367c8 b74fb1e0c7fc469a8132ce3fe1e367c8] 199.204.45.250 "GET /v2.0/ports?tenant_id=241173e15f40492c88386c05fa3d4b79&device_id=cdacf1a6-7640-490b-8e74-50ce401ac448 HTTP/1.1" status: 200 len: 1407 time: 0.0369999
2026-05-09 22:53:49.171 9 INFO neutron.api.wsgi [req-14665df9-49a3-47c0-a483-eb8a2fe16d5b req-8a3a8874-5acb-4f52-8b3a-71bcf8110cb0 5cddc22acd2a45c495bbf03e23def64f 95c991d61fd74039a97361e703a045b9 - - b74fb1e0c7fc469a8132ce3fe1e367c8 b74fb1e0c7fc469a8132ce3fe1e367c8] 199.204.45.250 "GET /v2.0/networks?tenant_id=241173e15f40492c88386c05fa3d4b79&shared=False HTTP/1.1" status: 200 len: 968 time: 0.0466964
2026-05-09 22:53:49.237 9 INFO neutron.api.wsgi [req-14665df9-49a3-47c0-a483-eb8a2fe16d5b req-a4e4737a-d9c5-42d1-972f-e92d02c03007 5cddc22acd2a45c495bbf03e23def64f 95c991d61fd74039a97361e703a045b9 - - b74fb1e0c7fc469a8132ce3fe1e367c8 b74fb1e0c7fc469a8132ce3fe1e367c8] 199.204.45.250 "GET /v2.0/networks?shared=True HTTP/1.1" status: 200 len: 952 time: 0.0584292
2026-05-09 22:53:49.346 10 INFO neutron.db.ovn_revision_numbers_db [None req-33834073-8247-4f13-a987-bd107d6cbb86 - - - - - -] Successfully bumped revision number for resource 6c7d4aab-934e-4941-91b5-e05f6a2094db (type: ports) to 2
2026-05-09 22:53:49.379 10 INFO neutron.db.ovn_revision_numbers_db [None req-33834073-8247-4f13-a987-bd107d6cbb86 - - - - - -] Successfully bumped revision number for resource c86a8952-e5a3-4664-9cd0-c5f6232a0cde (type: subnets) to 0
2026-05-09 22:53:49.397 10 INFO neutron.api.wsgi [None req-0f46882a-33ff-42ad-bfdf-4b6e9e3ff339 63e159527a5c4bab96016f04dd22ad8d 1972c4b3a08245e7a6209902846c9bb3 - - default default] 10.0.0.215 "POST /v2.0/subnets HTTP/1.1" status: 201 len: 1473 time: 1.4098175
2026-05-09 22:53:49.449 10 INFO neutron.api.wsgi [None req-903e10da-0d70-494d-8956-2edd0bbe0a53 63e159527a5c4bab96016f04dd22ad8d 1972c4b3a08245e7a6209902846c9bb3 - - default default] 10.0.0.215 "GET /v2.0/subnets HTTP/1.1" status: 200 len: 2104 time: 0.0478482
2026-05-09 22:53:49.472 9 INFO neutron.api.wsgi [req-840866a3-267c-484a-94e6-f6f6c0b4c5be req-e6c65f8b-8827-4af4-ad22-e9733b1ecf09 dada8693956849ee8022963b17121c13 f29778f5e7b04a78b4648de20ee8f0a7 - - default default] 199.204.45.250 "GET /v2.0/networks?id=75136c03-e8fc-4b5b-adb3-5f620b39ba2b HTTP/1.1" status: 200 len: 883 time: 0.0528367
2026-05-09 22:53:49.525 9 INFO neutron.api.wsgi [req-840866a3-267c-484a-94e6-f6f6c0b4c5be req-258feabd-0e0e-483b-bf15-1f4db41894e4 dada8693956849ee8022963b17121c13 f29778f5e7b04a78b4648de20ee8f0a7 - - default default] 199.204.45.250 "GET /v2.0/security-groups?fields=id&fields=name&tenant_id=f29778f5e7b04a78b4648de20ee8f0a7 HTTP/1.1" status: 200 len: 379 time: 0.0428474
2026-05-09 22:53:49.534 9 WARNING neutron_lib.context [req-840866a3-267c-484a-94e6-f6f6c0b4c5be req-40063882-8e92-4b71-9af7-b7fb42d963f3 dada8693956849ee8022963b17121c13 f29778f5e7b04a78b4648de20ee8f0a7 - - default default] Method 'is_advsvc' is deprecated since 2023.2 release (neutron-lib 3.8.0) and will be removed once support for the old RBAC API policies will be removed from Neutron. Please use method 'is_service_role' instead.
2026-05-09 22:53:49.559 9 INFO neutron.api.wsgi [req-5c2a3580-406d-4c90-b02a-02e5c9eabf7e req-2df2a593-3fa9-48af-85e0-1d2d393c1268 91466550c776497b972f73f2a984b1f6 241173e15f40492c88386c05fa3d4b79 - - default default] 10.0.0.116 "GET /v2.0/ports?device_id=cdacf1a6-7640-490b-8e74-50ce401ac448 HTTP/1.1" status: 200 len: 1168 time: 0.0842657
2026-05-09 22:53:49.606 9 INFO neutron.api.wsgi [req-5c2a3580-406d-4c90-b02a-02e5c9eabf7e req-caddfa85-1ad9-4631-ab4f-d0e88237f9cc 91466550c776497b972f73f2a984b1f6 241173e15f40492c88386c05fa3d4b79 - - default default] 10.0.0.116 "GET /v2.0/security-groups?id=4285828e-0be8-4987-a9d3-d1b5879fd23e&fields=id&fields=name HTTP/1.1" status: 200 len: 312 time: 0.0395391
2026-05-09 22:53:49.627 10 INFO neutron.api.wsgi [None req-a74da292-6b9c-47eb-934e-016fa2337e08 63e159527a5c4bab96016f04dd22ad8d 1972c4b3a08245e7a6209902846c9bb3 - - default default] 10.0.0.215 "DELETE /v2.0/subnets/277fb4fd-47e7-4dea-be38-5fc26109e376 HTTP/1.1" status: 204 len: 168 time: 0.1739326
2026-05-09 22:53:49.674 10 INFO neutron.api.wsgi [req-285f4557-b061-4550-8ee5-9f67dad2276e req-3365b57a-b130-43fd-b058-42b7d1cbff4f dada8693956849ee8022963b17121c13 f29778f5e7b04a78b4648de20ee8f0a7 - - default default] 10.0.0.116 "GET /v2.0/ports?device_id=ec49d7e9-e4d9-4323-ba9b-b0a76698da7c HTTP/1.1" status: 200 len: 210 time: 0.0177827
2026-05-09 22:53:49.808 9 INFO neutron.api.wsgi [req-67e0dbd5-2b79-4988-944a-6289f48b185f req-a24b008f-2933-48f0-9394-6da065320cd0 5cddc22acd2a45c495bbf03e23def64f 95c991d61fd74039a97361e703a045b9 - - b74fb1e0c7fc469a8132ce3fe1e367c8 b74fb1e0c7fc469a8132ce3fe1e367c8] 199.204.45.250 "GET /v2.0/ports?tenant_id=241173e15f40492c88386c05fa3d4b79&device_id=cdacf1a6-7640-490b-8e74-50ce401ac448 HTTP/1.1" status: 200 len: 1407 time: 0.0494902
2026-05-09 22:53:49.829 10 INFO neutron.api.wsgi [None req-40297858-71e2-4560-8094-323fad96e1c1 63e159527a5c4bab96016f04dd22ad8d 1972c4b3a08245e7a6209902846c9bb3 - - default default] 10.0.0.215 "DELETE /v2.0/subnets/c86a8952-e5a3-4664-9cd0-c5f6232a0cde HTTP/1.1" status: 204 len: 168 time: 0.1888387
2026-05-09 22:53:49.832 9 INFO neutron.api.wsgi [req-67e0dbd5-2b79-4988-944a-6289f48b185f req-17cdd683-003c-4770-b7b9-ef30509c72a3 5cddc22acd2a45c495bbf03e23def64f 95c991d61fd74039a97361e703a045b9 - - b74fb1e0c7fc469a8132ce3fe1e367c8 b74fb1e0c7fc469a8132ce3fe1e367c8] 199.204.45.250 "GET /v2.0/floatingips?fixed_ip_address=10.100.0.5&port_id=2f39c691-71d7-4ecb-9a2e-60bf2c8709e6 HTTP/1.1" status: 200 len: 217 time: 0.0198798 /var/lib/openstack/lib/python3.12/site-packages/pycadf/identifier.py:71: UserWarning: Invalid uuid: neutron. To ensure interoperability, identifiers should be a valid uuid. warnings.warn(('Invalid uuid: %s. To ensure interoperability, '
2026-05-09 22:53:49.856 10 INFO neutron.api.wsgi [None req-fb3f5900-74da-4979-b0a0-be8712976071 63e159527a5c4bab96016f04dd22ad8d 1972c4b3a08245e7a6209902846c9bb3 - - default default] 10.0.0.215 "GET /v2.0/subnets HTTP/1.1" status: 200 len: 843 time: 0.0232337
2026-05-09 22:53:49.872 9 INFO neutron.api.wsgi [req-67e0dbd5-2b79-4988-944a-6289f48b185f req-7b089e63-d089-4b2e-a303-c12c400438d6 5cddc22acd2a45c495bbf03e23def64f 95c991d61fd74039a97361e703a045b9 - - b74fb1e0c7fc469a8132ce3fe1e367c8 b74fb1e0c7fc469a8132ce3fe1e367c8] 199.204.45.250 "GET /v2.0/subnets?id=abeb068c-2ffd-4e27-808d-deae1d2c86f5 HTTP/1.1" status: 200 len: 887 time: 0.0341918
2026-05-09 22:53:49.877 9 INFO neutron.api.wsgi [req-dd58b8ed-783b-43ba-b383-2145e9d48d37 req-ab37b0aa-90fc-4e99-8c75-8b4bd847f182 0a16beb6ab50466b8dc5c4f3aded0563 b0e853e1f16a4658b45795bc07b3ba69 - - default default] 10.0.0.116 "GET /v2.0/ports?device_id=e6aef4cd-90c2-43d2-9210-51cea36c6ec8 HTTP/1.1" status: 200 len: 1168 time: 0.0480571 /var/lib/openstack/lib/python3.12/site-packages/pycadf/identifier.py:71: UserWarning: Invalid uuid: neutron. To ensure interoperability, identifiers should be a valid uuid. warnings.warn(('Invalid uuid: %s. To ensure interoperability, '
2026-05-09 22:53:49.892 9 INFO neutron.api.wsgi [req-67e0dbd5-2b79-4988-944a-6289f48b185f req-1f05ee13-c898-4589-8202-bfe208b6464f 5cddc22acd2a45c495bbf03e23def64f 95c991d61fd74039a97361e703a045b9 - - b74fb1e0c7fc469a8132ce3fe1e367c8 b74fb1e0c7fc469a8132ce3fe1e367c8] 199.204.45.250 "GET /v2.0/ports?network_id=7c97aa9f-f85a-4204-87bf-27aa4228eecf&device_owner=network%3Adhcp HTTP/1.1" status: 200 len: 210 time: 0.0138469
2026-05-09 22:53:49.910 9 WARNING neutron.scheduler.dhcp_agent_scheduler [req-840866a3-267c-484a-94e6-f6f6c0b4c5be req-40063882-8e92-4b71-9af7-b7fb42d963f3 dada8693956849ee8022963b17121c13 f29778f5e7b04a78b4648de20ee8f0a7 - - default default] No more DHCP agents
2026-05-09 22:53:49.912 9 WARNING neutron.api.rpc.agentnotifiers.dhcp_rpc_agent_api [req-840866a3-267c-484a-94e6-f6f6c0b4c5be req-40063882-8e92-4b71-9af7-b7fb42d963f3 dada8693956849ee8022963b17121c13 f29778f5e7b04a78b4648de20ee8f0a7 - - default default] Unable to schedule network 75136c03-e8fc-4b5b-adb3-5f620b39ba2b: no agents available; will retry on subsequent port and subnet creation events.
2026-05-09 22:53:49.937 9 INFO neutron.api.wsgi [req-dd58b8ed-783b-43ba-b383-2145e9d48d37 req-d1d9f1eb-807d-4697-8766-92e69daf5879 0a16beb6ab50466b8dc5c4f3aded0563 b0e853e1f16a4658b45795bc07b3ba69 - - default default] 10.0.0.116 "GET /v2.0/security-groups?id=7ded3e20-b50a-4f1c-be3c-c6376ee34cd8&fields=id&fields=name HTTP/1.1" status: 200 len: 312 time: 0.0478518
2026-05-09 22:53:49.946 9 INFO neutron.api.wsgi [req-67e0dbd5-2b79-4988-944a-6289f48b185f req-5730201f-e1eb-4d3a-a264-c706edf5a7da 5cddc22acd2a45c495bbf03e23def64f 95c991d61fd74039a97361e703a045b9 - - b74fb1e0c7fc469a8132ce3fe1e367c8 b74fb1e0c7fc469a8132ce3fe1e367c8] 199.204.45.250 "GET /v2.0/networks/7c97aa9f-f85a-4204-87bf-27aa4228eecf?fields=segments HTTP/1.1" status: 200 len: 212 time: 0.0507281
2026-05-09 22:53:49.998 9 INFO neutron.api.wsgi [req-67e0dbd5-2b79-4988-944a-6289f48b185f req-3f690186-96ed-4efd-8929-e98b05d7a39e 5cddc22acd2a45c495bbf03e23def64f 95c991d61fd74039a97361e703a045b9 - - b74fb1e0c7fc469a8132ce3fe1e367c8 b74fb1e0c7fc469a8132ce3fe1e367c8] 199.204.45.250 "GET /v2.0/networks/7c97aa9f-f85a-4204-87bf-27aa4228eecf?fields=provider%3Aphysical_network&fields=provider%3Anetwork_type HTTP/1.1" status: 200 len: 277 time: 0.0480857
2026-05-09 22:53:50.057 9 INFO neutron.db.ovn_revision_numbers_db [req-840866a3-267c-484a-94e6-f6f6c0b4c5be req-40063882-8e92-4b71-9af7-b7fb42d963f3 dada8693956849ee8022963b17121c13 f29778f5e7b04a78b4648de20ee8f0a7 - - default default] Successfully bumped revision number for resource 05b883cf-cf39-4299-af8c-e6af98abb75a (type: ports) to 1
2026-05-09 22:53:50.083 9 INFO neutron.api.wsgi [req-840866a3-267c-484a-94e6-f6f6c0b4c5be req-40063882-8e92-4b71-9af7-b7fb42d963f3 dada8693956849ee8022963b17121c13 f29778f5e7b04a78b4648de20ee8f0a7 - - default default] 199.204.45.250 "POST /v2.0/ports HTTP/1.1" status: 201 len: 1162 time: 0.5531752
2026-05-09 22:53:50.159 10 INFO neutron.services.segments.plugin [-] Segment 0c4414ea-ad3f-41e1-8f35-7c3e9a93cc0d resource provider aggregate not found
2026-05-09 22:53:50.165 10 INFO neutron.services.segments.plugin [-] Segment 0c4414ea-ad3f-41e1-8f35-7c3e9a93cc0d resource provider aggregate not found
2026-05-09 22:53:50.184 10 INFO neutron.services.segments.plugin [-] Segment 0c4414ea-ad3f-41e1-8f35-7c3e9a93cc0d resource provider not found; error: Placement Client Error (4xx): {"errors": [{"status": 404, "title": "Not Found", "detail": "The resource could not be found.\n\n No resource provider with uuid 0c4414ea-ad3f-41e1-8f35-7c3e9a93cc0d found for delete ", "request_id": "req-2c773e62-3223-4914-b640-d0df403d2add"}]}
2026-05-09 22:53:50.191 10 INFO neutron.services.segments.plugin [-] Segment 0c4414ea-ad3f-41e1-8f35-7c3e9a93cc0d resource provider not found; error: Placement Client Error (4xx): {"errors": [{"status": 404, "title": "Not Found", "detail": "The resource could not be found.\n\n No resource provider with uuid 0c4414ea-ad3f-41e1-8f35-7c3e9a93cc0d found for delete ", "request_id": "req-6e5466be-2f9c-4044-ba06-38372b5afc09"}]}
2026-05-09 22:53:50.207 10 INFO neutron.api.wsgi [None req-dc78a283-76c0-4cfe-ab2c-2c1cedb43cbf 63e159527a5c4bab96016f04dd22ad8d 1972c4b3a08245e7a6209902846c9bb3 - - default default] 10.0.0.215 "DELETE /v2.0/networks/5f4fb491-d0fa-48d6-8ea7-4fb68188b8c3 HTTP/1.1" status: 204 len: 168 time: 0.3443093
2026-05-09 22:53:50.414 9 INFO neutron.db.ovn_revision_numbers_db [req-840866a3-267c-484a-94e6-f6f6c0b4c5be req-b06443da-d326-4ee6-a1d5-8ea41f0bfec0 5cddc22acd2a45c495bbf03e23def64f 95c991d61fd74039a97361e703a045b9 - - b74fb1e0c7fc469a8132ce3fe1e367c8 b74fb1e0c7fc469a8132ce3fe1e367c8] Successfully bumped revision number for resource 05b883cf-cf39-4299-af8c-e6af98abb75a (type: ports) to 2
2026-05-09 22:53:50.536 10 INFO neutron.api.wsgi [None req-fff94591-6fad-4bcd-981e-e2c950d4ed5f 63e159527a5c4bab96016f04dd22ad8d 1972c4b3a08245e7a6209902846c9bb3 - - default default] 10.0.0.215 "DELETE /v2.0/networks/281259f8-0181-45a3-b3f8-ecdd123f0ebb HTTP/1.1" status: 204 len: 168 time: 0.3237023
2026-05-09 22:53:50.605 9 INFO neutron.db.ovn_revision_numbers_db [req-840866a3-267c-484a-94e6-f6f6c0b4c5be req-b06443da-d326-4ee6-a1d5-8ea41f0bfec0 5cddc22acd2a45c495bbf03e23def64f 95c991d61fd74039a97361e703a045b9 - - b74fb1e0c7fc469a8132ce3fe1e367c8 b74fb1e0c7fc469a8132ce3fe1e367c8] Successfully bumped revision number for resource 05b883cf-cf39-4299-af8c-e6af98abb75a (type: ports) to 4
2026-05-09 22:53:50.622 9 INFO neutron.api.wsgi [req-840866a3-267c-484a-94e6-f6f6c0b4c5be req-b06443da-d326-4ee6-a1d5-8ea41f0bfec0 5cddc22acd2a45c495bbf03e23def64f 95c991d61fd74039a97361e703a045b9 - - b74fb1e0c7fc469a8132ce3fe1e367c8 b74fb1e0c7fc469a8132ce3fe1e367c8] 199.204.45.250 "PUT /v2.0/ports/05b883cf-cf39-4299-af8c-e6af98abb75a HTTP/1.1" status: 200 len: 1408 time: 0.5338891
2026-05-09 22:53:50.653 9 INFO neutron.notifiers.nova [-] Nova event matching ['req-c94e9c48-1b16-4311-9430-0c3211cc3b1e'] response: {'name': 'network-changed', 'server_uuid': 'ec49d7e9-e4d9-4323-ba9b-b0a76698da7c', 'tag': '05b883cf-cf39-4299-af8c-e6af98abb75a', 'status': 'completed', 'code': 200} /var/lib/openstack/lib/python3.12/site-packages/pycadf/identifier.py:71: UserWarning: Invalid uuid: neutron. To ensure interoperability, identifiers should be a valid uuid. warnings.warn(('Invalid uuid: %s. To ensure interoperability, '
2026-05-09 22:53:50.708 9 INFO neutron.api.wsgi [req-f6c984bb-178c-41fc-a2a0-7926e4cc6307 req-f592f31b-ea45-4b86-ac74-a9542cd9d1c7 91466550c776497b972f73f2a984b1f6 241173e15f40492c88386c05fa3d4b79 - - default default] 10.0.0.116 "GET /v2.0/ports?device_id=cdacf1a6-7640-490b-8e74-50ce401ac448 HTTP/1.1" status: 200 len: 1168 time: 0.0297239
2026-05-09 22:53:50.741 9 INFO neutron.api.wsgi [req-f6c984bb-178c-41fc-a2a0-7926e4cc6307 req-f4081622-efd4-4fcd-81e8-25151ea22e51 91466550c776497b972f73f2a984b1f6 241173e15f40492c88386c05fa3d4b79 - - default default] 10.0.0.116 "GET /v2.0/security-groups?id=4285828e-0be8-4987-a9d3-d1b5879fd23e&fields=id&fields=name HTTP/1.1" status: 200 len: 312 time: 0.0290182
2026-05-09 22:53:50.804 10 INFO neutron.api.wsgi [req-844d2af2-b396-406c-a9de-3fcbab825619 req-64c94521-9103-48f5-8147-e1de2da57eda dada8693956849ee8022963b17121c13 f29778f5e7b04a78b4648de20ee8f0a7 - - default default] 10.0.0.116 "GET /v2.0/ports?device_id=ec49d7e9-e4d9-4323-ba9b-b0a76698da7c HTTP/1.1" status: 200 len: 1172 time: 0.0721793
2026-05-09 22:53:50.841 10 INFO neutron.api.wsgi [None req-5ec0128f-cb45-40fb-842d-d0e13f4f4ed8 63e159527a5c4bab96016f04dd22ad8d 1972c4b3a08245e7a6209902846c9bb3 - - default default] 10.0.0.215 "DELETE /v2.0/networks/f5fd82e9-d1f0-45cd-b928-d74b62ef1364 HTTP/1.1" status: 204 len: 168 time: 0.3001606
2026-05-09 22:53:50.850 10 INFO neutron.api.wsgi [req-844d2af2-b396-406c-a9de-3fcbab825619 req-c63b8955-6be9-49b8-bde6-98928ce27630 dada8693956849ee8022963b17121c13 f29778f5e7b04a78b4648de20ee8f0a7 - - default default] 10.0.0.116 "GET /v2.0/security-groups?id=e7a35455-d586-428c-8909-b6ed8656f3bc&fields=id&fields=name HTTP/1.1" status: 200 len: 312 time: 0.0383358
2026-05-09 22:53:51.035 9 INFO neutron.api.wsgi [req-021dcf82-0fa8-4d98-9516-e2af9bc54f6e req-2079978d-fc08-4c38-a4a1-3d2e61591cc8 0a16beb6ab50466b8dc5c4f3aded0563 b0e853e1f16a4658b45795bc07b3ba69 - - default default] 10.0.0.116 "GET /v2.0/ports?device_id=e6aef4cd-90c2-43d2-9210-51cea36c6ec8 HTTP/1.1" status: 200 len: 1168 time: 0.0359554
2026-05-09 22:53:51.083 9 INFO neutron.api.wsgi [req-021dcf82-0fa8-4d98-9516-e2af9bc54f6e req-094bd192-0d8b-4cd0-8fbb-9b775fe34030 0a16beb6ab50466b8dc5c4f3aded0563 b0e853e1f16a4658b45795bc07b3ba69 - - default default] 10.0.0.116 "GET /v2.0/security-groups?id=7ded3e20-b50a-4f1c-be3c-c6376ee34cd8&fields=id&fields=name HTTP/1.1" status: 200 len: 312 time: 0.0408695
2026-05-09 22:53:51.151 9 INFO neutron.services.segments.plugin [-] Segment 1e7f28e5-47e1-4136-be2f-e65f787d14b7 resource provider aggregate not found
2026-05-09 22:53:51.155 9 INFO neutron.services.segments.plugin [-] Segment 1e7f28e5-47e1-4136-be2f-e65f787d14b7 resource provider aggregate not found
2026-05-09 22:53:51.171 9 INFO neutron.services.segments.plugin [-] Segment 1e7f28e5-47e1-4136-be2f-e65f787d14b7 resource provider not found; error: Placement Client Error (4xx): {"errors": [{"status": 404, "title": "Not Found", "detail": "The resource could not be found.\n\n No resource provider with uuid 1e7f28e5-47e1-4136-be2f-e65f787d14b7 found for delete ", "request_id": "req-e65da83d-663a-415d-ac9a-4782ffe56cc8"}]}
2026-05-09 22:53:51.351 9 INFO neutron.services.segments.plugin [-] Segment 1e7f28e5-47e1-4136-be2f-e65f787d14b7 resource provider not found; error: Placement Client Error (4xx): {"errors": [{"status": 404, "title": "Not Found", "detail": "The resource could not be found.\n\n No resource provider with uuid 1e7f28e5-47e1-4136-be2f-e65f787d14b7 found for delete ", "request_id": "req-c0625c13-c3d5-4c11-8d96-fbd128df892f"}]}
2026-05-09 22:53:51.371 9 INFO neutron.api.wsgi [None req-82575e4e-6636-4f23-9ed6-a99ea230526f 63e159527a5c4bab96016f04dd22ad8d 1972c4b3a08245e7a6209902846c9bb3 - - default default] 10.0.0.215 "DELETE /v2.0/networks/a3b47c67-843a-491b-a95c-2d6da5e094d0 HTTP/1.1" status: 204 len: 168 time: 0.5248210
2026-05-09 22:53:51.375 9 INFO neutron.api.wsgi [req-6c2811f4-c394-4997-917a-eea0de6c116a req-a1a42e7d-781e-425c-90a0-981a882ad380 5cddc22acd2a45c495bbf03e23def64f 95c991d61fd74039a97361e703a045b9 - - b74fb1e0c7fc469a8132ce3fe1e367c8 b74fb1e0c7fc469a8132ce3fe1e367c8] 199.204.45.250 "GET /v2.0/ports?tenant_id=f29778f5e7b04a78b4648de20ee8f0a7&device_id=ec49d7e9-e4d9-4323-ba9b-b0a76698da7c HTTP/1.1" status: 200 len: 1411 time: 0.2141933
2026-05-09 22:53:51.423 9 INFO neutron.api.wsgi [req-6c2811f4-c394-4997-917a-eea0de6c116a req-10372b63-f162-49dd-867a-c8c75bca9129 5cddc22acd2a45c495bbf03e23def64f 95c991d61fd74039a97361e703a045b9 - - b74fb1e0c7fc469a8132ce3fe1e367c8 b74fb1e0c7fc469a8132ce3fe1e367c8] 199.204.45.250 "GET /v2.0/networks?tenant_id=f29778f5e7b04a78b4648de20ee8f0a7&shared=False HTTP/1.1" status: 200 len: 982 time: 0.0437522
2026-05-09 22:53:51.469 9 INFO neutron.api.wsgi [req-6c2811f4-c394-4997-917a-eea0de6c116a req-a8444259-4f87-44b0-884a-675f083e4367 5cddc22acd2a45c495bbf03e23def64f 95c991d61fd74039a97361e703a045b9 - - b74fb1e0c7fc469a8132ce3fe1e367c8 b74fb1e0c7fc469a8132ce3fe1e367c8] 199.204.45.250 "GET /v2.0/networks?shared=True HTTP/1.1" status: 200 len: 952 time: 0.0417416
2026-05-09 22:53:51.844 10 INFO neutron.api.wsgi [req-07754caf-fc80-4ee6-a2cc-12baab955812 req-ec1e47fd-0df5-4e95-919a-f8ac639733fd 91466550c776497b972f73f2a984b1f6 241173e15f40492c88386c05fa3d4b79 - - default default] 10.0.0.116 "GET /v2.0/ports?device_id=cdacf1a6-7640-490b-8e74-50ce401ac448 HTTP/1.1" status: 200 len: 1168 time: 0.0334678
2026-05-09 22:53:51.882 10 INFO neutron.api.wsgi [req-07754caf-fc80-4ee6-a2cc-12baab955812 req-d684823e-7e58-4d2f-a0fe-0696bdb5ff0b 91466550c776497b972f73f2a984b1f6 241173e15f40492c88386c05fa3d4b79 - - default default] 10.0.0.116 "GET /v2.0/security-groups?id=4285828e-0be8-4987-a9d3-d1b5879fd23e&fields=id&fields=name HTTP/1.1" status: 200 len: 312 time: 0.0312152
2026-05-09 22:53:51.978 9 INFO neutron.api.wsgi [req-4d9dda62-3534-4cca-8882-c18d53311c42 req-8e333485-238c-4f88-bcae-bd1bce9e83b9 dada8693956849ee8022963b17121c13 f29778f5e7b04a78b4648de20ee8f0a7 - - default default] 10.0.0.116 "GET /v2.0/ports?device_id=ec49d7e9-e4d9-4323-ba9b-b0a76698da7c HTTP/1.1" status: 200 len: 1172 time: 0.0672941
2026-05-09 22:53:52.021 9 INFO neutron.api.wsgi [None req-0289e25c-ee52-4f52-bc5a-203c893d7ccb 9bbc180c5a484edf9128827656385cd9 2bc46190b2394f9ea24c0ef16398a7b9 - - default default] 10.0.0.215 "GET /v2.0/security-groups?tenant_id=1972c4b3a08245e7a6209902846c9bb3&name=default HTTP/1.1" status: 200 len: 3120 time: 0.1384120
2026-05-09 22:53:52.024 9 INFO neutron.api.wsgi [req-4d9dda62-3534-4cca-8882-c18d53311c42 req-730a7186-2d6b-49b6-8d90-7655db118500 dada8693956849ee8022963b17121c13 f29778f5e7b04a78b4648de20ee8f0a7 - - default default] 10.0.0.116 "GET /v2.0/security-groups?id=e7a35455-d586-428c-8909-b6ed8656f3bc&fields=id&fields=name HTTP/1.1" status: 200 len: 312 time: 0.0384896
2026-05-09 22:53:52.210 10 INFO neutron.services.segments.plugin [-] Segment c687c430-a8fb-45ff-a460-5eaaa4599260 resource provider aggregate not found
2026-05-09 22:53:52.228 10 INFO neutron.services.segments.plugin [-] Segment c687c430-a8fb-45ff-a460-5eaaa4599260 resource provider aggregate not found
2026-05-09 22:53:52.235 10 INFO neutron.services.segments.plugin [-] Segment c687c430-a8fb-45ff-a460-5eaaa4599260 resource provider not found; error: Placement Client Error (4xx): {"errors": [{"status": 404, "title": "Not Found", "detail": "The resource could not be found.\n\n No resource provider with uuid c687c430-a8fb-45ff-a460-5eaaa4599260 found for delete ", "request_id": "req-2f395ead-8def-4e9b-8cbe-ff21e9187663"}]}
2026-05-09 22:53:52.248 10 INFO neutron.services.segments.plugin [-] Segment c687c430-a8fb-45ff-a460-5eaaa4599260 resource provider not found; error: Placement Client Error (4xx): {"errors": [{"status": 404, "title": "Not Found", "detail": "The resource could not be found.\n\n No resource provider with uuid c687c430-a8fb-45ff-a460-5eaaa4599260 found for delete ", "request_id": "req-8e7cafba-4b3e-49eb-b04c-f0dbc205bcea"}]}
2026-05-09 22:53:52.263 10 INFO neutron.services.segments.plugin [-] Segment 83a25479-6067-4f70-a017-69ece54e045f resource provider aggregate not found
2026-05-09 22:53:52.268 10 INFO neutron.services.segments.plugin [-] Segment 83a25479-6067-4f70-a017-69ece54e045f resource provider aggregate not found
2026-05-09 22:53:52.275 9 INFO neutron.api.wsgi [None req-27c7b0f8-e48c-45ae-8fcf-2289f5ba59a3 9bbc180c5a484edf9128827656385cd9 2bc46190b2394f9ea24c0ef16398a7b9 - - default default] 10.0.0.215 "DELETE /v2.0/security-groups/9acf8cf7-e375-480d-ba12-635bfa43fc12 HTTP/1.1" status: 204 len: 168 time: 0.2497921
2026-05-09 22:53:52.277 10 INFO neutron.services.segments.plugin [-] Segment 83a25479-6067-4f70-a017-69ece54e045f resource provider not found; error: Placement Client Error (4xx): {"errors": [{"status": 404, "title": "Not Found", "detail": "The resource could not be found.\n\n No resource provider with uuid 83a25479-6067-4f70-a017-69ece54e045f found for delete ", "request_id": "req-c8592a36-55a9-4f98-8843-763a628a074b"}]}
2026-05-09 22:53:52.279 10 INFO neutron.services.segments.plugin [-] Segment 83a25479-6067-4f70-a017-69ece54e045f resource provider not found; error: Placement Client Error (4xx): {"errors": [{"status": 404, "title": "Not Found", "detail": "The resource could not be found.\n\n No resource provider with uuid 83a25479-6067-4f70-a017-69ece54e045f found for delete ", "request_id": "req-00fa3a18-ffb1-408c-9ff5-91008d367e34"}]}
2026-05-09 22:53:52.283 10 INFO neutron.api.wsgi [req-296e613e-42f0-4570-b05a-f0a3fda0b59a req-fa0c67df-3ab6-4c46-b38f-e768967adb53 0a16beb6ab50466b8dc5c4f3aded0563 b0e853e1f16a4658b45795bc07b3ba69 - - default default] 10.0.0.116 "GET /v2.0/ports?device_id=e6aef4cd-90c2-43d2-9210-51cea36c6ec8 HTTP/1.1" status: 200 len: 1168 time: 0.1187384
2026-05-09 22:53:52.314 10 INFO neutron.api.wsgi [req-296e613e-42f0-4570-b05a-f0a3fda0b59a req-f5c13a22-a22a-4abb-9ffb-5de6e2b8bcd2 0a16beb6ab50466b8dc5c4f3aded0563 b0e853e1f16a4658b45795bc07b3ba69 - - default default] 10.0.0.116 "GET /v2.0/security-groups?id=7ded3e20-b50a-4f1c-be3c-c6376ee34cd8&fields=id&fields=name HTTP/1.1" status: 200 len: 312 time: 0.0245042
2026-05-09 22:53:52.540 9 INFO neutron.api.wsgi [req-840866a3-267c-484a-94e6-f6f6c0b4c5be req-62f70ec8-6aae-44a5-965f-97390176c177 5cddc22acd2a45c495bbf03e23def64f 95c991d61fd74039a97361e703a045b9 - - b74fb1e0c7fc469a8132ce3fe1e367c8 b74fb1e0c7fc469a8132ce3fe1e367c8] 199.204.45.250 "GET /v2.0/ports?tenant_id=f29778f5e7b04a78b4648de20ee8f0a7&device_id=ec49d7e9-e4d9-4323-ba9b-b0a76698da7c HTTP/1.1" status: 200 len: 1411 time: 0.0529020
2026-05-09 22:53:52.563 9 INFO neutron.api.wsgi [req-840866a3-267c-484a-94e6-f6f6c0b4c5be req-8b59c4fc-b4bc-489f-8b27-e9a23117f68c 5cddc22acd2a45c495bbf03e23def64f 95c991d61fd74039a97361e703a045b9 - - b74fb1e0c7fc469a8132ce3fe1e367c8 b74fb1e0c7fc469a8132ce3fe1e367c8] 199.204.45.250 "GET /v2.0/floatingips?fixed_ip_address=10.100.0.10&port_id=05b883cf-cf39-4299-af8c-e6af98abb75a HTTP/1.1" status: 200 len: 217 time: 0.0165422
2026-05-09 22:53:52.591 9 INFO neutron.api.wsgi [req-840866a3-267c-484a-94e6-f6f6c0b4c5be req-5cc5cf2b-1d18-4800-929a-a3239501897b 5cddc22acd2a45c495bbf03e23def64f 95c991d61fd74039a97361e703a045b9 - - b74fb1e0c7fc469a8132ce3fe1e367c8 b74fb1e0c7fc469a8132ce3fe1e367c8] 199.204.45.250 "GET /v2.0/subnets?id=64031b0b-d133-4297-8c4f-9b2ce12b93ee HTTP/1.1" status: 200 len: 901 time: 0.0211852
2026-05-09 22:53:52.615 9 INFO neutron.api.wsgi [req-840866a3-267c-484a-94e6-f6f6c0b4c5be req-efbfec35-2e7f-4bd5-a0df-4f25a8f250b2 5cddc22acd2a45c495bbf03e23def64f 95c991d61fd74039a97361e703a045b9 - - b74fb1e0c7fc469a8132ce3fe1e367c8 b74fb1e0c7fc469a8132ce3fe1e367c8] 199.204.45.250 "GET /v2.0/ports?network_id=75136c03-e8fc-4b5b-adb3-5f620b39ba2b&device_owner=network%3Adhcp HTTP/1.1" status: 200 len: 210 time: 0.0202432
2026-05-09 22:53:52.663 9 INFO neutron.api.wsgi [req-840866a3-267c-484a-94e6-f6f6c0b4c5be req-7b60dec9-4234-408e-b083-c078c4e5a2bd 5cddc22acd2a45c495bbf03e23def64f 95c991d61fd74039a97361e703a045b9 - - b74fb1e0c7fc469a8132ce3fe1e367c8 b74fb1e0c7fc469a8132ce3fe1e367c8] 199.204.45.250 "GET /v2.0/networks/75136c03-e8fc-4b5b-adb3-5f620b39ba2b?fields=segments HTTP/1.1" status: 200 len: 212 time: 0.0421383
2026-05-09 22:53:52.712 9 INFO neutron.api.wsgi [req-840866a3-267c-484a-94e6-f6f6c0b4c5be req-1afe99b7-f4f4-489e-ae3f-0502bcbd2346 5cddc22acd2a45c495bbf03e23def64f 95c991d61fd74039a97361e703a045b9 - - b74fb1e0c7fc469a8132ce3fe1e367c8 b74fb1e0c7fc469a8132ce3fe1e367c8] 199.204.45.250 "GET /v2.0/networks/75136c03-e8fc-4b5b-adb3-5f620b39ba2b?fields=provider%3Aphysical_network&fields=provider%3Anetwork_type HTTP/1.1" status: 200 len: 277 time: 0.0431483
2026-05-09 22:53:52.987 9 INFO neutron.api.wsgi [req-6b5b5385-7399-4dec-8a2f-7d06c5291287 req-54df3f4a-86ae-4345-9e85-67677daf213f 91466550c776497b972f73f2a984b1f6 241173e15f40492c88386c05fa3d4b79 - - default default] 10.0.0.116 "GET /v2.0/ports?device_id=cdacf1a6-7640-490b-8e74-50ce401ac448 HTTP/1.1" status: 200 len: 1168 time: 0.0436177
2026-05-09 22:53:53.027 9 INFO neutron.api.wsgi [req-6b5b5385-7399-4dec-8a2f-7d06c5291287 req-f15eeb04-2788-415d-94a1-e364b687f939 91466550c776497b972f73f2a984b1f6 241173e15f40492c88386c05fa3d4b79 - - default default] 10.0.0.116 "GET /v2.0/security-groups?id=4285828e-0be8-4987-a9d3-d1b5879fd23e&fields=id&fields=name HTTP/1.1" status: 200 len: 312 time: 0.0349538
2026-05-09 22:53:53.120 10 INFO neutron.api.wsgi [req-6f3db6b7-5ba2-42cd-8807-64f976c3fc69 req-199ab52d-ca6e-4231-a8c6-91447d134124 dada8693956849ee8022963b17121c13 f29778f5e7b04a78b4648de20ee8f0a7 - - default default] 10.0.0.116 "GET /v2.0/ports?device_id=ec49d7e9-e4d9-4323-ba9b-b0a76698da7c HTTP/1.1" status: 200 len: 1172 time: 0.0359943
2026-05-09 22:53:53.158 10 INFO neutron.api.wsgi [req-6f3db6b7-5ba2-42cd-8807-64f976c3fc69 req-f48d564b-a81a-4f2d-a889-5521d4c1d28a dada8693956849ee8022963b17121c13 f29778f5e7b04a78b4648de20ee8f0a7 - - default default] 10.0.0.116 "GET /v2.0/security-groups?id=e7a35455-d586-428c-8909-b6ed8656f3bc&fields=id&fields=name HTTP/1.1" status: 200 len: 312 time: 0.0328250
2026-05-09 22:53:53.441 9 INFO neutron.api.wsgi [req-1952b4ad-d757-4747-8c2b-3ecb85f5109a req-b4cd8fb3-07b5-49b3-b76f-d1587f8d2766 0a16beb6ab50466b8dc5c4f3aded0563 b0e853e1f16a4658b45795bc07b3ba69 - - default default] 10.0.0.116 "GET /v2.0/ports?device_id=e6aef4cd-90c2-43d2-9210-51cea36c6ec8 HTTP/1.1" status: 200 len: 1168 time: 0.0693800
2026-05-09 22:53:53.482 9 INFO neutron.api.wsgi [req-1952b4ad-d757-4747-8c2b-3ecb85f5109a req-43b218ea-414f-45a4-a34f-ebcb4a6afa10 0a16beb6ab50466b8dc5c4f3aded0563 b0e853e1f16a4658b45795bc07b3ba69 - - default default] 10.0.0.116 "GET /v2.0/security-groups?id=7ded3e20-b50a-4f1c-be3c-c6376ee34cd8&fields=id&fields=name HTTP/1.1" status: 200 len: 312 time: 0.0340860
2026-05-09 22:53:54.062 10 WARNING neutron_lib.context [None req-8c2ed9f9-c436-49ae-a488-a942bfdf9424 eb6b4727277944a6a8a2d28ff4651a11 a75760cf22ad40dd9793ddc5526c257d - - default default] Method 'is_advsvc' is deprecated since 2023.2 release (neutron-lib 3.8.0) and will be removed once support for the old RBAC API policies will be removed from Neutron. Please use method 'is_service_role' instead.
2026-05-09 22:53:54.191 10 INFO neutron.api.wsgi [req-9d210ed7-2008-43db-b1a4-8ae16dc3e2aa req-974ec3d2-5307-4dcb-8ebf-0f0a707b262f 91466550c776497b972f73f2a984b1f6 241173e15f40492c88386c05fa3d4b79 - - default default] 10.0.0.116 "GET /v2.0/ports?device_id=cdacf1a6-7640-490b-8e74-50ce401ac448 HTTP/1.1" status: 200 len: 1168 time: 0.0905111
2026-05-09 22:53:54.230 10 INFO neutron.api.wsgi [req-9d210ed7-2008-43db-b1a4-8ae16dc3e2aa req-575839cb-716c-4b49-b456-e1bcbd15265d 91466550c776497b972f73f2a984b1f6 241173e15f40492c88386c05fa3d4b79 - - default default] 10.0.0.116 "GET /v2.0/security-groups?id=4285828e-0be8-4987-a9d3-d1b5879fd23e&fields=id&fields=name HTTP/1.1" status: 200 len: 312 time: 0.0344574
2026-05-09 22:53:54.234 10 INFO neutron.db.ovn_revision_numbers_db [None req-8c2ed9f9-c436-49ae-a488-a942bfdf9424 eb6b4727277944a6a8a2d28ff4651a11 a75760cf22ad40dd9793ddc5526c257d - - default default] Successfully bumped revision number for resource 3b9b6f62-6a5f-4f2b-8f86-5157b641fcac (type: security_groups) to 1
2026-05-09 22:53:54.246 10 INFO neutron.db.ovn_revision_numbers_db [None req-8c2ed9f9-c436-49ae-a488-a942bfdf9424 eb6b4727277944a6a8a2d28ff4651a11 a75760cf22ad40dd9793ddc5526c257d - - default default] Successfully bumped revision number for resource 116a362c-1012-4b97-826e-370bc25e25a3 (type: security_group_rules) to 0
2026-05-09 22:53:54.258 10 INFO neutron.db.ovn_revision_numbers_db [None req-8c2ed9f9-c436-49ae-a488-a942bfdf9424 eb6b4727277944a6a8a2d28ff4651a11 a75760cf22ad40dd9793ddc5526c257d - - default default] Successfully bumped revision number for resource 55fbcf1f-2215-4c14-afe3-c4323ccd491b (type: security_group_rules) to 0
2026-05-09 22:53:54.258 9 INFO neutron.api.wsgi [req-3b4e307e-e2fa-4b9a-a33f-c89a7055118d req-2447dfda-9042-4c33-9d3b-6f94236b1496 dada8693956849ee8022963b17121c13 f29778f5e7b04a78b4648de20ee8f0a7 - - default default] 10.0.0.116 "GET /v2.0/ports?device_id=ec49d7e9-e4d9-4323-ba9b-b0a76698da7c HTTP/1.1" status: 200 len: 1172 time: 0.0398192
2026-05-09 22:53:54.269 10 INFO neutron.db.ovn_revision_numbers_db [None req-8c2ed9f9-c436-49ae-a488-a942bfdf9424 eb6b4727277944a6a8a2d28ff4651a11 a75760cf22ad40dd9793ddc5526c257d - - default default] Successfully bumped revision number for resource e2904aec-f9b1-418f-808f-6b3ced488dc6 (type: security_group_rules) to 0
2026-05-09 22:53:54.282 10 INFO neutron.db.ovn_revision_numbers_db [None req-8c2ed9f9-c436-49ae-a488-a942bfdf9424 eb6b4727277944a6a8a2d28ff4651a11 a75760cf22ad40dd9793ddc5526c257d - - default default] Successfully bumped revision number for resource f462bccb-2fe7-45d4-be5c-a5ab56575410 (type: security_group_rules) to 0
2026-05-09 22:53:54.294 9 INFO neutron.api.wsgi [req-3b4e307e-e2fa-4b9a-a33f-c89a7055118d req-db7c9b47-8276-4500-980f-8605ac912c20 dada8693956849ee8022963b17121c13 f29778f5e7b04a78b4648de20ee8f0a7 - - default default] 10.0.0.116 "GET /v2.0/security-groups?id=e7a35455-d586-428c-8909-b6ed8656f3bc&fields=id&fields=name HTTP/1.1" status: 200 len: 312 time: 0.0299289
2026-05-09 22:53:54.353 10 INFO neutron.db.segments_db [None req-8c2ed9f9-c436-49ae-a488-a942bfdf9424 eb6b4727277944a6a8a2d28ff4651a11 a75760cf22ad40dd9793ddc5526c257d - - default default] Added segment 7d176281-8b55-4e90-95fa-7fc45aeddbfa of type geneve for network 0962fcac-105b-4a2f-89be-90838e9afd3b
2026-05-09 22:53:54.390 10 INFO neutron.plugins.ml2.drivers.ovn.mech_driver.mech_driver [None req-ec7deece-6d87-4a6b-86f6-04f18c45649a - - - - - -] OVN reports status up for port: 6a35437e-f604-4d73-af1c-963d5ecf488d
2026-05-09 22:53:54.412 10 INFO neutron.plugins.ml2.plugin [None req-ec7deece-6d87-4a6b-86f6-04f18c45649a - - - - - -] Attempt 1 to provision port 6a35437e-f604-4d73-af1c-963d5ecf488d
2026-05-09 22:53:54.521 10 INFO neutron.db.ovn_revision_numbers_db [None req-8c2ed9f9-c436-49ae-a488-a942bfdf9424 eb6b4727277944a6a8a2d28ff4651a11 a75760cf22ad40dd9793ddc5526c257d - - default default] Successfully bumped revision number for resource 0962fcac-105b-4a2f-89be-90838e9afd3b (type: networks) to 1
2026-05-09 22:53:54.614 10 INFO neutron.api.wsgi [req-f3acf36d-bae2-4bc9-9cb7-0148b26f275c req-fcdbc8f2-9012-43e4-91e8-23a2f1a3bc85 0a16beb6ab50466b8dc5c4f3aded0563 b0e853e1f16a4658b45795bc07b3ba69 - - default default] 10.0.0.116 "GET /v2.0/ports?device_id=e6aef4cd-90c2-43d2-9210-51cea36c6ec8 HTTP/1.1" status: 200 len: 1170 time: 0.0611231
2026-05-09 22:53:54.675 10 INFO neutron.api.wsgi [req-f3acf36d-bae2-4bc9-9cb7-0148b26f275c req-4fa8a82b-7d6d-4b67-9d90-2626b23a9663 0a16beb6ab50466b8dc5c4f3aded0563 b0e853e1f16a4658b45795bc07b3ba69 - - default default] 10.0.0.116 "GET /v2.0/security-groups?id=7ded3e20-b50a-4f1c-be3c-c6376ee34cd8&fields=id&fields=name HTTP/1.1" status: 200 len: 312 time: 0.0551336
2026-05-09 22:53:54.720 10 INFO neutron.db.ovn_revision_numbers_db [None req-ec7deece-6d87-4a6b-86f6-04f18c45649a - - - - - -] Successfully bumped revision number for resource 6a35437e-f604-4d73-af1c-963d5ecf488d (type: ports) to 5
2026-05-09 22:53:54.734 10 WARNING neutron.scheduler.dhcp_agent_scheduler [None req-8c2ed9f9-c436-49ae-a488-a942bfdf9424 eb6b4727277944a6a8a2d28ff4651a11 a75760cf22ad40dd9793ddc5526c257d - - default default] No more DHCP agents
2026-05-09 22:53:54.736 10 WARNING neutron.api.rpc.agentnotifiers.dhcp_rpc_agent_api [None req-8c2ed9f9-c436-49ae-a488-a942bfdf9424 eb6b4727277944a6a8a2d28ff4651a11 a75760cf22ad40dd9793ddc5526c257d - - default default] Unable to schedule network 0962fcac-105b-4a2f-89be-90838e9afd3b: no agents available; will retry on subsequent port and subnet creation events.
2026-05-09 22:53:54.788 10 INFO neutron.plugins.ml2.drivers.ovn.mech_driver.mech_driver [None req-d0225696-4636-434f-9094-18cc359d69fd - - - - - -] OVN reports status up for port: 2f39c691-71d7-4ecb-9a2e-60bf2c8709e6
2026-05-09 22:53:54.801 10 INFO neutron.plugins.ml2.plugin [None req-d0225696-4636-434f-9094-18cc359d69fd - - - - - -] Attempt 1 to provision port 2f39c691-71d7-4ecb-9a2e-60bf2c8709e6
2026-05-09 22:53:54.808 10 INFO neutron.db.ovn_revision_numbers_db [None req-8c2ed9f9-c436-49ae-a488-a942bfdf9424 eb6b4727277944a6a8a2d28ff4651a11 a75760cf22ad40dd9793ddc5526c257d - - default default] Successfully bumped revision number for resource 16397cb3-ba4c-48c5-83fc-f4896afc1383 (type: ports) to 1
2026-05-09 22:53:54.829 10 INFO neutron.api.wsgi [None req-8c2ed9f9-c436-49ae-a488-a942bfdf9424 eb6b4727277944a6a8a2d28ff4651a11 a75760cf22ad40dd9793ddc5526c257d - - default default] 10.0.0.215 "POST /v2.0/networks HTTP/1.1" status: 201 len: 843 time: 0.9338126 /var/lib/openstack/lib/python3.12/site-packages/pycadf/identifier.py:71: UserWarning: Invalid uuid: neutron. To ensure interoperability, identifiers should be a valid uuid. warnings.warn(('Invalid uuid: %s. To ensure interoperability, '
2026-05-09 22:53:54.871 10 WARNING neutron_lib.context [None req-75d6bb61-c02f-4364-9374-ebaad36d5aa2 eb6b4727277944a6a8a2d28ff4651a11 a75760cf22ad40dd9793ddc5526c257d - - default default] Method 'is_advsvc' is deprecated since 2023.2 release (neutron-lib 3.8.0) and will be removed once support for the old RBAC API policies will be removed from Neutron. Please use method 'is_service_role' instead.
2026-05-09 22:53:54.908 9 INFO neutron.plugins.ml2.drivers.ovn.mech_driver.mech_driver [None req-5d0c540c-5b66-4f87-a790-b415a0a582d9 - - - - - -] OVN reports status up for port: 05b883cf-cf39-4299-af8c-e6af98abb75a
2026-05-09 22:53:54.929 9 INFO neutron.plugins.ml2.plugin [None req-5d0c540c-5b66-4f87-a790-b415a0a582d9 - - - - - -] Attempt 1 to provision port 05b883cf-cf39-4299-af8c-e6af98abb75a
2026-05-09 22:53:55.042 9 INFO neutron.notifiers.nova [-] Nova event matching ['req-e90aeb01-29da-46be-9f50-4cdcef03c080'] response: {'server_uuid': 'ec49d7e9-e4d9-4323-ba9b-b0a76698da7c', 'name': 'network-vif-plugged', 'status': 'completed', 'tag': '05b883cf-cf39-4299-af8c-e6af98abb75a', 'code': 200}
2026-05-09 22:53:55.075 10 INFO neutron.notifiers.nova [-] Nova event matching ['req-158504c8-87f2-44b2-b852-5909ff25e66c'] response: {'server_uuid': 'e6aef4cd-90c2-43d2-9210-51cea36c6ec8', 'name': 'network-vif-plugged', 'status': 'completed', 'tag': '6a35437e-f604-4d73-af1c-963d5ecf488d', 'code': 200}
2026-05-09 22:53:55.076 10 INFO neutron.db.ovn_revision_numbers_db [None req-d0225696-4636-434f-9094-18cc359d69fd - - - - - -] Successfully bumped revision number for resource 2f39c691-71d7-4ecb-9a2e-60bf2c8709e6 (type: ports) to 5
2026-05-09 22:53:55.086 10 WARNING neutron.scheduler.dhcp_agent_scheduler [None req-75d6bb61-c02f-4364-9374-ebaad36d5aa2 eb6b4727277944a6a8a2d28ff4651a11 a75760cf22ad40dd9793ddc5526c257d - - default default] No more DHCP agents
2026-05-09 22:53:55.090 10 WARNING neutron.api.rpc.agentnotifiers.dhcp_rpc_agent_api [None req-75d6bb61-c02f-4364-9374-ebaad36d5aa2 eb6b4727277944a6a8a2d28ff4651a11 a75760cf22ad40dd9793ddc5526c257d - - default default] Unable to schedule network 0962fcac-105b-4a2f-89be-90838e9afd3b: no agents available; will retry on subsequent port and subnet creation events.
2026-05-09 22:53:55.170 9 INFO neutron.db.ovn_revision_numbers_db [None req-5d0c540c-5b66-4f87-a790-b415a0a582d9 - - - - - -] Successfully bumped revision number for resource 05b883cf-cf39-4299-af8c-e6af98abb75a (type: ports) to 5 /var/lib/openstack/lib/python3.12/site-packages/pycadf/identifier.py:71: UserWarning: Invalid uuid: neutron. To ensure interoperability, identifiers should be a valid uuid. warnings.warn(('Invalid uuid: %s. To ensure interoperability, '
2026-05-09 22:53:55.337 10 INFO neutron.api.wsgi [req-cfcd72cd-cfc6-4868-9a2c-a8a03402dd0d req-86fb76d1-e840-4545-be85-3966d24358a6 91466550c776497b972f73f2a984b1f6 241173e15f40492c88386c05fa3d4b79 - - default default] 10.0.0.116 "GET /v2.0/ports?device_id=cdacf1a6-7640-490b-8e74-50ce401ac448 HTTP/1.1" status: 200 len: 1170 time: 0.0288930 /var/lib/openstack/lib/python3.12/site-packages/pycadf/identifier.py:71: UserWarning: Invalid uuid: neutron. To ensure interoperability, identifiers should be a valid uuid. warnings.warn(('Invalid uuid: %s. To ensure interoperability, '
2026-05-09 22:53:55.397 9 INFO neutron.api.wsgi [req-5fa838fa-bafc-4624-b412-84093ca0360a req-3b71c7a8-9e34-4bf1-b558-fac778d93f4f dada8693956849ee8022963b17121c13 f29778f5e7b04a78b4648de20ee8f0a7 - - default default] 10.0.0.116 "GET /v2.0/ports?device_id=ec49d7e9-e4d9-4323-ba9b-b0a76698da7c HTTP/1.1" status: 200 len: 1174 time: 0.0395999
2026-05-09 22:53:55.408 10 INFO neutron.api.wsgi [req-cfcd72cd-cfc6-4868-9a2c-a8a03402dd0d req-4561c8e1-b59e-4d4c-bb7b-c241d31c4ca6 91466550c776497b972f73f2a984b1f6 241173e15f40492c88386c05fa3d4b79 - - default default] 10.0.0.116 "GET /v2.0/security-groups?id=4285828e-0be8-4987-a9d3-d1b5879fd23e&fields=id&fields=name HTTP/1.1" status: 200 len: 312 time: 0.0639522
2026-05-09 22:53:55.443 9 INFO neutron.api.wsgi [req-5fa838fa-bafc-4624-b412-84093ca0360a req-3dd37362-31f2-415e-a33e-22c15442202b dada8693956849ee8022963b17121c13 f29778f5e7b04a78b4648de20ee8f0a7 - - default default] 10.0.0.116 "GET /v2.0/security-groups?id=e7a35455-d586-428c-8909-b6ed8656f3bc&fields=id&fields=name HTTP/1.1" status: 200 len: 312 time: 0.0418973
2026-05-09 22:53:55.592 10 INFO neutron.db.ovn_revision_numbers_db [None req-4abcc0ab-c101-4344-a3a2-3e84688d26ce - - - - - -] Successfully bumped revision number for resource 16397cb3-ba4c-48c5-83fc-f4896afc1383 (type: ports) to 2
2026-05-09 22:53:55.623 10 INFO neutron.db.ovn_revision_numbers_db [None req-4abcc0ab-c101-4344-a3a2-3e84688d26ce - - - - - -] Successfully bumped revision number for resource ae426ec6-f8ae-4f86-bfd3-3aeab65b7927 (type: subnets) to 0
2026-05-09 22:53:55.638 10 INFO neutron.api.wsgi [None req-75d6bb61-c02f-4364-9374-ebaad36d5aa2 eb6b4727277944a6a8a2d28ff4651a11 a75760cf22ad40dd9793ddc5526c257d - - default default] 10.0.0.215 "POST /v2.0/subnets HTTP/1.1" status: 201 len: 840 time: 0.7723300
2026-05-09 22:53:55.652 10 WARNING neutron_lib.context [None req-fca2fff6-2016-4a18-84e9-4ce720d20168 eb6b4727277944a6a8a2d28ff4651a11 a75760cf22ad40dd9793ddc5526c257d - - default default] Method 'is_advsvc' is deprecated since 2023.2 release (neutron-lib 3.8.0) and will be removed once support for the old RBAC API policies will be removed from Neutron. Please use method 'is_service_role' instead.
2026-05-09 22:53:55.731 10 INFO neutron.db.segments_db [None req-fca2fff6-2016-4a18-84e9-4ce720d20168 eb6b4727277944a6a8a2d28ff4651a11 a75760cf22ad40dd9793ddc5526c257d - - default default] Added segment 37da7a89-9582-4886-8038-0386d5546bbe of type geneve for network 0e37aa32-5e03-4ad4-a56e-cd3c5649a401
2026-05-09 22:53:55.799 10 INFO neutron.api.wsgi [req-73e8c68c-1b2a-4baa-beb4-bdc36b4b1bfa req-ab7f37fc-bdbc-46a0-9e73-0d99584dcd87 0a16beb6ab50466b8dc5c4f3aded0563 b0e853e1f16a4658b45795bc07b3ba69 - - default default] 10.0.0.116 "GET /v2.0/ports?device_id=e6aef4cd-90c2-43d2-9210-51cea36c6ec8 HTTP/1.1" status: 200 len: 1170 time: 0.0468073
2026-05-09 22:53:55.841 10 INFO neutron.api.wsgi [req-73e8c68c-1b2a-4baa-beb4-bdc36b4b1bfa req-a60a5c49-ab3a-4632-a2a3-eae6e648891f 0a16beb6ab50466b8dc5c4f3aded0563 b0e853e1f16a4658b45795bc07b3ba69 - - default default] 10.0.0.116 "GET /v2.0/security-groups?id=7ded3e20-b50a-4f1c-be3c-c6376ee34cd8&fields=id&fields=name HTTP/1.1" status: 200 len: 312 time: 0.0361788
2026-05-09 22:53:55.871 10 INFO neutron.db.ovn_revision_numbers_db [None req-fca2fff6-2016-4a18-84e9-4ce720d20168 eb6b4727277944a6a8a2d28ff4651a11 a75760cf22ad40dd9793ddc5526c257d - - default default] Successfully bumped revision number for resource 0e37aa32-5e03-4ad4-a56e-cd3c5649a401 (type: networks) to 1
