2026-05-09 22:53:37.783 10 INFO neutron.plugins.ml2.drivers.ovn.mech_driver.ovsdb.commands [None req-6e73a8a0-88c9-4889-ab62-76e1d71f363c - - - - - -] Schedule LRP lrp-5dde77db-b347-4d30-ae33-36bd3b2df438 on gateway 838ac59a-4787-49ed-9e9b-71871336c82e with priority 1
2026-05-09 22:53:37.798 9 INFO neutron.plugins.ml2.drivers.ovn.mech_driver.mech_driver [None req-fdae5544-a70d-418a-8d84-981fade65d47 - - - - - -] OVN reports status up for port: 5dde77db-b347-4d30-ae33-36bd3b2df438
2026-05-09 22:53:37.811 9 INFO neutron.plugins.ml2.drivers.ovn.mech_driver.ovsdb.ovsdb_monitor [None req-629ff43e-0220-40e2-8da4-3d8bc83df4be - - - - - -] Router f722d73e-baf0-47b4-958d-0a948e847c5a is bound to host instance
2026-05-09 22:53:37.823 9 INFO neutron.plugins.ml2.plugin [None req-fdae5544-a70d-418a-8d84-981fade65d47 - - - - - -] Attempt 1 to provision port 5dde77db-b347-4d30-ae33-36bd3b2df438
2026-05-09 22:53:37.834 10 INFO neutron.db.ovn_revision_numbers_db [None req-642bfc61-270a-4967-8eb8-af9362153b2a 9bbc180c5a484edf9128827656385cd9 2bc46190b2394f9ea24c0ef16398a7b9 - - default default] Successfully bumped revision number for resource 5dde77db-b347-4d30-ae33-36bd3b2df438 (type: router_ports) to 1
2026-05-09 22:53:37.838 9 INFO neutron.db.ovn_revision_numbers_db [None req-7fb678c4-cf8d-4085-9fa6-423033aa74c0 - - - - - -] Successfully bumped revision number for resource 681324b2-50fb-4e13-897f-7ce182f2c618 (type: ports) to 2
2026-05-09 22:53:37.893 9 INFO neutron.db.ovn_revision_numbers_db [None req-7fb678c4-cf8d-4085-9fa6-423033aa74c0 - - - - - -] Successfully bumped revision number for resource 64031b0b-d133-4297-8c4f-9b2ce12b93ee (type: subnets) to 0
2026-05-09 22:53:37.912 9 INFO neutron.api.wsgi [None req-e2ef0529-b749-4911-820a-1266d94f7e57 9bbc180c5a484edf9128827656385cd9 2bc46190b2394f9ea24c0ef16398a7b9 - - default default] 10.0.0.215 "POST /v2.0/subnets HTTP/1.1" status: 201 len: 898 time: 0.6160183
2026-05-09 22:53:37.932 10 INFO neutron.db.ovn_revision_numbers_db [None req-642bfc61-270a-4967-8eb8-af9362153b2a 9bbc180c5a484edf9128827656385cd9 2bc46190b2394f9ea24c0ef16398a7b9 - - default default] Successfully bumped revision number for resource f722d73e-baf0-47b4-958d-0a948e847c5a (type: routers) to 2
2026-05-09 22:53:37.959 10 INFO neutron.api.wsgi [None req-642bfc61-270a-4967-8eb8-af9362153b2a 9bbc180c5a484edf9128827656385cd9 2bc46190b2394f9ea24c0ef16398a7b9 - - default default] 10.0.0.215 "POST /v2.0/routers HTTP/1.1" status: 201 len: 1162 time: 1.2161787
2026-05-09 22:53:38.152 9 INFO neutron.api.wsgi [req-5125033f-5311-42ad-896b-6cbe30d47cc0 req-3f961f6a-1fa8-4135-8b58-6d42ef2d4a83 0a16beb6ab50466b8dc5c4f3aded0563 b0e853e1f16a4658b45795bc07b3ba69 - - default default] 10.0.0.116 "GET /v2.0/security-groups?name=tempest-securitygroup--655024832&fields=id&tenant_id=b0e853e1f16a4658b45795bc07b3ba69 HTTP/1.1" status: 200 len: 267 time: 0.0741875
2026-05-09 22:53:38.234 9 INFO neutron.api.wsgi [req-5125033f-5311-42ad-896b-6cbe30d47cc0 req-2904b362-4fef-43c8-b2f2-06121dfc7288 0a16beb6ab50466b8dc5c4f3aded0563 b0e853e1f16a4658b45795bc07b3ba69 - - default default] 10.0.0.116 "GET /v2.0/networks?id=5de22078-8fbd-4a53-9533-26025b5792f2 HTTP/1.1" status: 200 len: 878 time: 0.0736008
2026-05-09 22:53:38.254 9 INFO neutron.api.wsgi [req-5125033f-5311-42ad-896b-6cbe30d47cc0 req-647bc736-6733-4481-af58-4de91292da3b 0a16beb6ab50466b8dc5c4f3aded0563 b0e853e1f16a4658b45795bc07b3ba69 - - default default] 10.0.0.116 "GET /v2.0/quotas/b0e853e1f16a4658b45795bc07b3ba69 HTTP/1.1" status: 200 len: 491 time: 0.0130351
2026-05-09 22:53:38.342 9 INFO neutron.api.wsgi [req-5125033f-5311-42ad-896b-6cbe30d47cc0 req-bf83c8bc-ba45-4712-85ac-4e953420f183 0a16beb6ab50466b8dc5c4f3aded0563 b0e853e1f16a4658b45795bc07b3ba69 - - default default] 10.0.0.116 "GET /v2.0/ports?tenant_id=b0e853e1f16a4658b45795bc07b3ba69&fields=id HTTP/1.1" status: 200 len: 302 time: 0.0816557
2026-05-09 22:53:38.386 10 WARNING neutron.scheduler.dhcp_agent_scheduler [None req-021929ca-67fc-4976-9648-06f4094a8ccd 9bbc180c5a484edf9128827656385cd9 2bc46190b2394f9ea24c0ef16398a7b9 - - default default] No more DHCP agents
2026-05-09 22:53:38.387 10 WARNING neutron.api.rpc.agentnotifiers.dhcp_rpc_agent_api [None req-021929ca-67fc-4976-9648-06f4094a8ccd 9bbc180c5a484edf9128827656385cd9 2bc46190b2394f9ea24c0ef16398a7b9 - - default default] Unable to schedule network f4d52246-a3b8-4661-9e5f-42f941348a2a: no agents available; will retry on subsequent port and subnet creation events.
2026-05-09 22:53:38.472 10 WARNING neutron.scheduler.dhcp_agent_scheduler [None req-b2d75b39-97ff-4f4c-be86-760546574fbd 9bbc180c5a484edf9128827656385cd9 2bc46190b2394f9ea24c0ef16398a7b9 - - default default] No more DHCP agents
2026-05-09 22:53:38.474 10 WARNING neutron.api.rpc.agentnotifiers.dhcp_rpc_agent_api [None req-b2d75b39-97ff-4f4c-be86-760546574fbd 9bbc180c5a484edf9128827656385cd9 2bc46190b2394f9ea24c0ef16398a7b9 - - default default] Unable to schedule network 7c97aa9f-f85a-4204-87bf-27aa4228eecf: no agents available; will retry on subsequent port and subnet creation events.
2026-05-09 22:53:38.529 10 INFO neutron.db.ovn_revision_numbers_db [None req-021929ca-67fc-4976-9648-06f4094a8ccd 9bbc180c5a484edf9128827656385cd9 2bc46190b2394f9ea24c0ef16398a7b9 - - default default] Successfully bumped revision number for resource e0ce7494-dac9-457d-a9cf-2405db393f7e (type: ports) to 1
2026-05-09 22:53:38.547 9 INFO neutron.db.ovn_revision_numbers_db [None req-ffd49ada-d797-43a5-9ef5-febb78d49c8e - - - - - -] Successfully bumped revision number for resource 5dde77db-b347-4d30-ae33-36bd3b2df438 (type: ports) to 1
2026-05-09 22:53:38.632 10 INFO neutron.db.ovn_revision_numbers_db [None req-b2d75b39-97ff-4f4c-be86-760546574fbd 9bbc180c5a484edf9128827656385cd9 2bc46190b2394f9ea24c0ef16398a7b9 - - default default] Successfully bumped revision number for resource 0e0d3998-f025-44b1-95c3-d0dfa7e44613 (type: ports) to 1
2026-05-09 22:53:38.790 9 INFO neutron.api.wsgi [req-5125033f-5311-42ad-896b-6cbe30d47cc0 req-5613935b-c813-49c6-a57b-5dc29c92bb88 5cddc22acd2a45c495bbf03e23def64f 95c991d61fd74039a97361e703a045b9 - - b74fb1e0c7fc469a8132ce3fe1e367c8 b74fb1e0c7fc469a8132ce3fe1e367c8] 10.0.0.116 "GET /v2.0/extensions HTTP/1.1" status: 200 len: 19298 time: 0.0857723
2026-05-09 22:53:38.832 9 INFO neutron.db.ovn_revision_numbers_db [None req-ffd49ada-d797-43a5-9ef5-febb78d49c8e - - - - - -] Successfully bumped revision number for resource 5dde77db-b347-4d30-ae33-36bd3b2df438 (type: ports) to 4
2026-05-09 22:53:38.840 9 INFO neutron.api.wsgi [req-5125033f-5311-42ad-896b-6cbe30d47cc0 req-c6d89df5-525d-4316-9550-c454a1eb77b5 5cddc22acd2a45c495bbf03e23def64f 95c991d61fd74039a97361e703a045b9 - - b74fb1e0c7fc469a8132ce3fe1e367c8 b74fb1e0c7fc469a8132ce3fe1e367c8] 10.0.0.116 "GET /v2.0/networks/5de22078-8fbd-4a53-9533-26025b5792f2?fields=segments HTTP/1.1" status: 200 len: 212 time: 0.0418570
2026-05-09 22:53:38.894 9 INFO neutron.api.wsgi [req-5125033f-5311-42ad-896b-6cbe30d47cc0 req-4fdb07a8-ee7e-4e47-8ce8-dfa06254f084 5cddc22acd2a45c495bbf03e23def64f 95c991d61fd74039a97361e703a045b9 - - b74fb1e0c7fc469a8132ce3fe1e367c8 b74fb1e0c7fc469a8132ce3fe1e367c8] 10.0.0.116 "GET /v2.0/networks/5de22078-8fbd-4a53-9533-26025b5792f2?fields=provider%3Aphysical_network&fields=provider%3Anetwork_type HTTP/1.1" status: 200 len: 277 time: 0.0477343
2026-05-09 22:53:38.956 10 INFO neutron.api.wsgi [None req-a5734f8c-703e-45a8-aeb3-8520cf761fce a5aabb74101a4354bbb43b2631ec262c 3fbf63df534f4bf08c624053c99613ae - - default default] 10.0.0.215 "GET /v2.0/extensions HTTP/1.1" status: 200 len: 19293 time: 0.0448015
2026-05-09 22:53:38.966 9 INFO neutron.api.wsgi [None req-227c0f2c-2905-4662-84e7-fb3032476b44 a5aabb74101a4354bbb43b2631ec262c 3fbf63df534f4bf08c624053c99613ae - - default default] 10.0.0.215 "GET /v2.0/extensions/address-group HTTP/1.1" status: 200 len: 353 time: 0.0042150
2026-05-09 22:53:38.978 9 INFO neutron.api.wsgi [None req-98919ebd-154d-4f4d-9d7a-c0e25afaf1e0 a5aabb74101a4354bbb43b2631ec262c 3fbf63df534f4bf08c624053c99613ae - - default default] 10.0.0.215 "GET /v2.0/extensions/address-scope HTTP/1.1" status: 200 len: 357 time: 0.0062699
2026-05-09 22:53:38.988 9 INFO neutron.api.wsgi [None req-6b99aab5-a016-4d96-aaee-4ded66dd5785 a5aabb74101a4354bbb43b2631ec262c 3fbf63df534f4bf08c624053c99613ae - - default default] 10.0.0.215 "GET /v2.0/extensions/agent HTTP/1.1" status: 200 len: 347 time: 0.0053713
2026-05-09 22:53:38.999 10 INFO neutron.api.wsgi [None req-c0dcf3f0-0f2b-410d-91b5-73abfb67e493 a5aabb74101a4354bbb43b2631ec262c 3fbf63df534f4bf08c624053c99613ae - - default default] 10.0.0.215 "GET /v2.0/extensions/allowed-address-pairs HTTP/1.1" status: 200 len: 378 time: 0.0079355
2026-05-09 22:53:39.008 9 INFO neutron.api.wsgi [None req-19780f42-cc05-48b7-8e10-d6effca9859c a5aabb74101a4354bbb43b2631ec262c 3fbf63df534f4bf08c624053c99613ae - - default default] 10.0.0.215 "GET /v2.0/extensions/auto-allocated-topology HTTP/1.1" status: 200 len: 394 time: 0.0051858
2026-05-09 22:53:39.016 9 INFO neutron.api.wsgi [None req-765a68ee-080e-4808-8409-bb458f00a21f a5aabb74101a4354bbb43b2631ec262c 3fbf63df534f4bf08c624053c99613ae - - default default] 10.0.0.215 "GET /v2.0/extensions/availability_zone HTTP/1.1" status: 200 len: 372 time: 0.0040767
2026-05-09 22:53:39.022 9 INFO neutron.api.wsgi [None req-d5015956-0465-4531-8182-bfa86ff4e303 a5aabb74101a4354bbb43b2631ec262c 3fbf63df534f4bf08c624053c99613ae - - default default] 10.0.0.215 "GET /v2.0/extensions/default-subnetpools HTTP/1.1" status: 200 len: 405 time: 0.0035863
2026-05-09 22:53:39.029 9 INFO neutron.api.wsgi [None req-f44b3bae-56c8-4773-bdd9-6b4a6d7ffb40 a5aabb74101a4354bbb43b2631ec262c 3fbf63df534f4bf08c624053c99613ae - - default default] 10.0.0.215 "GET /v2.0/extensions/dhcp_agent_scheduler HTTP/1.1" status: 200 len: 381 time: 0.0030951
2026-05-09 22:53:39.036 9 INFO neutron.api.wsgi [None req-dbaaae89-3170-45d8-9178-f1c60eeb354d a5aabb74101a4354bbb43b2631ec262c 3fbf63df534f4bf08c624053c99613ae - - default default] 10.0.0.215 "GET /v2.0/extensions/dns-integration HTTP/1.1" status: 200 len: 366 time: 0.0041211
2026-05-09 22:53:39.043 9 INFO neutron.api.wsgi [None req-46a727df-acf2-4afd-8c45-bbf490f16adf a5aabb74101a4354bbb43b2631ec262c 3fbf63df534f4bf08c624053c99613ae - - default default] 10.0.0.215 "GET /v2.0/extensions/dns-domain-ports HTTP/1.1" status: 200 len: 399 time: 0.0040655
2026-05-09 22:53:39.050 9 INFO neutron.api.wsgi [None req-938661e3-c33b-4c96-bec4-d6a97d158f8f a5aabb74101a4354bbb43b2631ec262c 3fbf63df534f4bf08c624053c99613ae - - default default] 10.0.0.215 "GET /v2.0/extensions/dns-integration-domain-keywords HTTP/1.1" status: 200 len: 477 time: 0.0029874
2026-05-09 22:53:39.065 10 INFO neutron.api.wsgi [None req-370c1a30-e91d-427d-9eac-39a1004a9f37 a5aabb74101a4354bbb43b2631ec262c 3fbf63df534f4bf08c624053c99613ae - - default default] 10.0.0.215 "GET /v2.0/extensions/empty-string-filtering HTTP/1.1" status: 200 len: 413 time: 0.0060666
2026-05-09 22:53:39.075 10 INFO neutron.api.wsgi [None req-a5b211f3-1d9b-4ece-8d51-fdfca032c586 a5aabb74101a4354bbb43b2631ec262c 3fbf63df534f4bf08c624053c99613ae - - default default] 10.0.0.215 "GET /v2.0/extensions/external-net HTTP/1.1" status: 200 len: 394 time: 0.0043578
2026-05-09 22:53:39.083 9 INFO neutron.api.wsgi [None req-51183813-599b-4ae3-abbc-c78bf3b4e983 a5aabb74101a4354bbb43b2631ec262c 3fbf63df534f4bf08c624053c99613ae - - default default] 10.0.0.215 "GET /v2.0/extensions/extra_dhcp_opt HTTP/1.1" status: 200 len: 498 time: 0.0047331
2026-05-09 22:53:39.091 9 INFO neutron.api.wsgi [None req-3a2d535a-269f-412b-bcda-a0a34d244853 a5aabb74101a4354bbb43b2631ec262c 3fbf63df534f4bf08c624053c99613ae - - default default] 10.0.0.215 "GET /v2.0/extensions/extraroute HTTP/1.1" status: 200 len: 375 time: 0.0044153
2026-05-09 22:53:39.101 9 INFO neutron.api.wsgi [None req-a6d2dffe-7bdc-48ee-9871-79a7a8531c93 a5aabb74101a4354bbb43b2631ec262c 3fbf63df534f4bf08c624053c99613ae - - default default] 10.0.0.215 "GET /v2.0/extensions/floating-ip-port-forwarding-detail HTTP/1.1" status: 200 len: 465 time: 0.0039458
2026-05-09 22:53:39.118 9 INFO neutron.api.wsgi [None req-54bc8d40-93d6-40c4-bfed-81c5ab1d2717 a5aabb74101a4354bbb43b2631ec262c 3fbf63df534f4bf08c624053c99613ae - - default default] 10.0.0.215 "GET /v2.0/extensions/fip-port-details HTTP/1.1" status: 200 len: 406 time: 0.0053980
2026-05-09 22:53:39.127 9 INFO neutron.api.wsgi [None req-a47673ba-57c0-4d19-b27f-e12908d68b01 a5aabb74101a4354bbb43b2631ec262c 3fbf63df534f4bf08c624053c99613ae - - default default] 10.0.0.215 "GET /v2.0/extensions/flavors HTTP/1.1" status: 200 len: 387 time: 0.0041819
2026-05-09 22:53:39.133 9 INFO neutron.api.wsgi [None req-5dd3418a-8609-494b-9ac6-c2410b92ff6a a5aabb74101a4354bbb43b2631ec262c 3fbf63df534f4bf08c624053c99613ae - - default default] 10.0.0.215 "GET /v2.0/extensions/floatingip-pools HTTP/1.1" status: 200 len: 382 time: 0.0027294
2026-05-09 22:53:39.139 10 INFO neutron.plugins.ml2.drivers.ovn.mech_driver.ovsdb.commands [None req-6e73a8a0-88c9-4889-ab62-76e1d71f363c - - - - - -] Schedule LRP lrp-e0ce7494-dac9-457d-a9cf-2405db393f7e on gateway 838ac59a-4787-49ed-9e9b-71871336c82e with priority 1
2026-05-09 22:53:39.143 10 INFO neutron.api.wsgi [None req-9ed9637d-2c3c-47eb-a78a-838f1de5123e a5aabb74101a4354bbb43b2631ec262c 3fbf63df534f4bf08c624053c99613ae - - default default] 10.0.0.215 "GET /v2.0/extensions/ip_allocation HTTP/1.1" status: 200 len: 356 time: 0.0069029
2026-05-09 22:53:39.152 9 INFO neutron.api.wsgi [None req-0b92f68c-a2ad-4c12-bb02-e79e2d38a96e a5aabb74101a4354bbb43b2631ec262c 3fbf63df534f4bf08c624053c99613ae - - default default] 10.0.0.215 "GET /v2.0/extensions/l2_adjacency HTTP/1.1" status: 200 len: 372 time: 0.0035901
2026-05-09 22:53:39.160 9 INFO neutron.api.wsgi [None req-7f10cb46-a63a-4353-a6fc-c1eadfaeb68f a5aabb74101a4354bbb43b2631ec262c 3fbf63df534f4bf08c624053c99613ae - - default default] 10.0.0.215 "GET /v2.0/extensions/router HTTP/1.1" status: 200 len: 450 time: 0.0037360
2026-05-09 22:53:39.167 9 INFO neutron.api.wsgi [None req-14407683-3d43-4c8e-902c-ad2f69fa22f3 a5aabb74101a4354bbb43b2631ec262c 3fbf63df534f4bf08c624053c99613ae - - default default] 10.0.0.215 "GET /v2.0/extensions/enable-default-route-bfd HTTP/1.1" status: 200 len: 406 time: 0.0030882
2026-05-09 22:53:39.180 9 INFO neutron.api.wsgi [None req-a61b2bd3-fd7d-4b15-9584-6e0b1b0691cc a5aabb74101a4354bbb43b2631ec262c 3fbf63df534f4bf08c624053c99613ae - - default default] 10.0.0.215 "GET /v2.0/extensions/enable-default-route-ecmp HTTP/1.1" status: 200 len: 409 time: 0.0040393
2026-05-09 22:53:39.187 9 INFO neutron.api.wsgi [None req-fc7c2a1d-b23b-4f1c-a12c-a22e31597582 a5aabb74101a4354bbb43b2631ec262c 3fbf63df534f4bf08c624053c99613ae - - default default] 10.0.0.215 "GET /v2.0/extensions/ext-gw-mode HTTP/1.1" status: 200 len: 462 time: 0.0035934
2026-05-09 22:53:39.200 9 INFO neutron.api.wsgi [None req-d788bc20-f9af-415c-a58c-7d98ea92a65f a5aabb74101a4354bbb43b2631ec262c 3fbf63df534f4bf08c624053c99613ae - - default default] 10.0.0.215 "GET /v2.0/extensions/l3-ha HTTP/1.1" status: 200 len: 360 time: 0.0057409
2026-05-09 22:53:39.213 9 INFO neutron.api.wsgi [None req-8e5b62f0-cd3c-4cfd-b77b-8347b9ecd605 a5aabb74101a4354bbb43b2631ec262c 3fbf63df534f4bf08c624053c99613ae - - default default] 10.0.0.215 "GET /v2.0/extensions/external-gateway-multihoming HTTP/1.1" status: 200 len: 421 time: 0.0080795
2026-05-09 22:53:39.222 9 INFO neutron.api.wsgi [None req-522354e1-80b1-4417-b616-bdf81ec85547 a5aabb74101a4354bbb43b2631ec262c 3fbf63df534f4bf08c624053c99613ae - - default default] 10.0.0.215 "GET /v2.0/extensions/l3-flavors HTTP/1.1" status: 200 len: 366 time: 0.0044224
2026-05-09 22:53:39.232 9 INFO neutron.api.wsgi [None req-feeeb33f-1462-4079-99be-983fc9a98d1c a5aabb74101a4354bbb43b2631ec262c 3fbf63df534f4bf08c624053c99613ae - - default default] 10.0.0.215 "GET /v2.0/extensions/logging HTTP/1.1" status: 200 len: 407 time: 0.0031588
2026-05-09 22:53:39.240 9 INFO neutron.api.wsgi [None req-2d7be707-1109-45ed-a89a-73d8d311f19d a5aabb74101a4354bbb43b2631ec262c 3fbf63df534f4bf08c624053c99613ae - - default default] 10.0.0.215 "GET /v2.0/extensions/multi-provider HTTP/1.1" status: 200 len: 406 time: 0.0031452
2026-05-09 22:53:39.254 9 INFO neutron.api.wsgi [None req-19bd67bc-b4dc-40d4-88e9-9bde5fd69c02 a5aabb74101a4354bbb43b2631ec262c 3fbf63df534f4bf08c624053c99613ae - - default default] 10.0.0.215 "GET /v2.0/extensions/net-mtu HTTP/1.1" status: 200 len: 370 time: 0.0046153
2026-05-09 22:53:39.265 9 INFO neutron.api.wsgi [None req-1b9ae030-dd1d-4795-a023-83ae1879461b a5aabb74101a4354bbb43b2631ec262c 3fbf63df534f4bf08c624053c99613ae - - default default] 10.0.0.215 "GET /v2.0/extensions/net-mtu-writable HTTP/1.1" status: 200 len: 401 time: 0.0045974
2026-05-09 22:53:39.275 9 INFO neutron.api.wsgi [None req-513b98a4-8147-4d21-ab92-2f638999b5a4 a5aabb74101a4354bbb43b2631ec262c 3fbf63df534f4bf08c624053c99613ae - - default default] 10.0.0.215 "GET /v2.0/extensions/network_availability_zone HTTP/1.1" status: 200 len: 394 time: 0.0047984
2026-05-09 22:53:39.279 9 INFO neutron.db.ovn_revision_numbers_db [None req-ffd49ada-d797-43a5-9ef5-febb78d49c8e - - - - - -] Successfully bumped revision number for resource 5dde77db-b347-4d30-ae33-36bd3b2df438 (type: ports) to 5
2026-05-09 22:53:39.284 9 INFO neutron.api.wsgi [None req-b0b2e4fd-8a7d-492e-8873-7db2a1db8f55 a5aabb74101a4354bbb43b2631ec262c 3fbf63df534f4bf08c624053c99613ae - - default default] 10.0.0.215 "GET /v2.0/extensions/network-ip-availability HTTP/1.1" status: 200 len: 410 time: 0.0036919
2026-05-09 22:53:39.291 9 INFO neutron.api.wsgi [None req-6eadf0f9-2562-4f0f-bc90-1c925156574c a5aabb74101a4354bbb43b2631ec262c 3fbf63df534f4bf08c624053c99613ae - - default default] 10.0.0.215 "GET /v2.0/extensions/pagination HTTP/1.1" status: 200 len: 386 time: 0.0032616
2026-05-09 22:53:39.298 9 INFO neutron.api.wsgi [None req-72bfe9bf-f3cf-4fd0-b4cf-8d3b22cb8dac a5aabb74101a4354bbb43b2631ec262c 3fbf63df534f4bf08c624053c99613ae - - default default] 10.0.0.215 "GET /v2.0/extensions/port-device-profile HTTP/1.1" status: 200 len: 383 time: 0.0037801
2026-05-09 22:53:39.311 9 INFO neutron.api.wsgi [None req-454b8928-4566-4b04-a60e-4add5c12d001 a5aabb74101a4354bbb43b2631ec262c 3fbf63df534f4bf08c624053c99613ae - - default default] 10.0.0.215 "GET /v2.0/extensions/port-mac-address-regenerate HTTP/1.1" status: 200 len: 403 time: 0.0072122
2026-05-09 22:53:39.319 9 INFO neutron.api.wsgi [None req-567398f9-c8bf-45d0-9fa8-6382dd9e1cdf a5aabb74101a4354bbb43b2631ec262c 3fbf63df534f4bf08c624053c99613ae - - default default] 10.0.0.215 "GET /v2.0/extensions/port-numa-affinity-policy HTTP/1.1" status: 200 len: 392 time: 0.0038793
2026-05-09 22:53:39.325 10 INFO neutron.plugins.ml2.drivers.ovn.mech_driver.ovsdb.ovsdb_monitor [None req-c5afcd7e-aed5-4a9e-9e95-278806413d49 - - - - - -] Router acebfd4a-3af4-414f-8ed4-ccfa77f301a5 is bound to host instance
2026-05-09 22:53:39.328 9 INFO neutron.api.wsgi [None req-2c81c26d-4922-42da-a708-9d1e077a0d9c a5aabb74101a4354bbb43b2631ec262c 3fbf63df534f4bf08c624053c99613ae - - default default] 10.0.0.215 "GET /v2.0/extensions/port-numa-affinity-policy-socket HTTP/1.1" status: 200 len: 434 time: 0.0036607
2026-05-09 22:53:39.335 9 INFO neutron.api.wsgi [None req-e69d961b-001d-4455-acd3-93233e2ef8dd a5aabb74101a4354bbb43b2631ec262c 3fbf63df534f4bf08c624053c99613ae - - default default] 10.0.0.215 "GET /v2.0/extensions/port-resource-request HTTP/1.1" status: 200 len: 379 time: 0.0038469
2026-05-09 22:53:39.341 9 INFO neutron.api.wsgi [None req-f4bb8854-e033-44bc-816b-aa8e63b9769e a5aabb74101a4354bbb43b2631ec262c 3fbf63df534f4bf08c624053c99613ae - - default default] 10.0.0.215 "GET /v2.0/extensions/port-resource-request-groups HTTP/1.1" status: 200 len: 465 time: 0.0030143
2026-05-09 22:53:39.347 9 INFO neutron.api.wsgi [None req-0747df20-ba0c-41dc-9562-aa8127722eef a5aabb74101a4354bbb43b2631ec262c 3fbf63df534f4bf08c624053c99613ae - - default default] 10.0.0.215 "GET /v2.0/extensions/binding HTTP/1.1" status: 200 len: 387 time: 0.0025465
2026-05-09 22:53:39.354 9 INFO neutron.api.wsgi [None req-8e45f457-8365-493d-bd8a-ae383d7b9840 a5aabb74101a4354bbb43b2631ec262c 3fbf63df534f4bf08c624053c99613ae - - default default] 10.0.0.215 "GET /v2.0/extensions/binding-extended HTTP/1.1" status: 200 len: 406 time: 0.0030859
2026-05-09 22:53:39.361 9 INFO neutron.api.wsgi [None req-9cb883b2-8cd9-4bcd-9a0d-2f7a553fc17d a5aabb74101a4354bbb43b2631ec262c 3fbf63df534f4bf08c624053c99613ae - - default default] 10.0.0.215 "GET /v2.0/extensions/port-security HTTP/1.1" status: 200 len: 354 time: 0.0038440
2026-05-09 22:53:39.370 10 INFO neutron.api.wsgi [req-9e1f6f83-0610-456f-9751-a882e03bc92c req-bc276eb4-ed07-447c-bafa-5c2f894dc80d 0a16beb6ab50466b8dc5c4f3aded0563 b0e853e1f16a4658b45795bc07b3ba69 - - default default] 10.0.0.116 "GET /v2.0/ports?device_id=e6aef4cd-90c2-43d2-9210-51cea36c6ec8 HTTP/1.1" status: 200 len: 210 time: 0.0474658
2026-05-09 22:53:39.373 9 INFO neutron.api.wsgi [None req-bfbd423b-741a-41de-b997-6540aa10e85b a5aabb74101a4354bbb43b2631ec262c 3fbf63df534f4bf08c624053c99613ae - - default default] 10.0.0.215 "GET /v2.0/extensions/project-id HTTP/1.1" status: 200 len: 398 time: 0.0089316
2026-05-09 22:53:39.382 9 INFO neutron.api.wsgi [None req-ee20ed32-07cf-410a-ae17-672ddc9fddfd a5aabb74101a4354bbb43b2631ec262c 3fbf63df534f4bf08c624053c99613ae - - default default] 10.0.0.215 "GET /v2.0/extensions/provider HTTP/1.1" status: 200 len: 385 time: 0.0031140
2026-05-09 22:53:39.392 9 INFO neutron.api.wsgi [None req-87889dad-c9a6-442b-94d8-d91dc5a8bb8d a5aabb74101a4354bbb43b2631ec262c 3fbf63df534f4bf08c624053c99613ae - - default default] 10.0.0.215 "GET /v2.0/extensions/qos HTTP/1.1" status: 200 len: 360 time: 0.0065589
2026-05-09 22:53:39.393 10 WARNING neutron.plugins.ml2.drivers.ovn.mech_driver.ovsdb.ovn_client [None req-ed342d23-6ea8-4a71-a307-de1bafe00cd7 - - - - - -] No hosting information found for port 81c49bd4-02a3-4782-b8da-2dbd1bcd5461: RuntimeError: No hosting information found for port 81c49bd4-02a3-4782-b8da-2dbd1bcd5461
2026-05-09 22:53:39.396 10 INFO neutron.db.ovn_revision_numbers_db [None req-021929ca-67fc-4976-9648-06f4094a8ccd 9bbc180c5a484edf9128827656385cd9 2bc46190b2394f9ea24c0ef16398a7b9 - - default default] Successfully bumped revision number for resource e0ce7494-dac9-457d-a9cf-2405db393f7e (type: router_ports) to 1
2026-05-09 22:53:39.404 9 INFO neutron.api.wsgi [None req-638a1f23-989b-4172-a002-2f3641fd5bd3 a5aabb74101a4354bbb43b2631ec262c 3fbf63df534f4bf08c624053c99613ae - - default default] 10.0.0.215 "GET /v2.0/extensions/qos-bw-limit-direction HTTP/1.1" status: 200 len: 452 time: 0.0041189
2026-05-09 22:53:39.414 9 INFO neutron.api.wsgi [None req-ac008b57-fd0b-4524-b430-2a52a8df46f3 a5aabb74101a4354bbb43b2631ec262c 3fbf63df534f4bf08c624053c99613ae - - default default] 10.0.0.215 "GET /v2.0/extensions/qos-bw-minimum-ingress HTTP/1.1" status: 200 len: 445 time: 0.0046766
2026-05-09 22:53:39.423 9 INFO neutron.api.wsgi [None req-2f1207b1-1e02-4b2b-9990-cc5d61e894f4 a5aabb74101a4354bbb43b2631ec262c 3fbf63df534f4bf08c624053c99613ae - - default default] 10.0.0.215 "GET /v2.0/extensions/qos-default HTTP/1.1" status: 200 len: 377 time: 0.0045419
2026-05-09 22:53:39.432 9 INFO neutron.api.wsgi [None req-8e426769-5d32-4047-ac67-d24b46044471 a5aabb74101a4354bbb43b2631ec262c 3fbf63df534f4bf08c624053c99613ae - - default default] 10.0.0.215 "GET /v2.0/extensions/qos-fip HTTP/1.1" status: 200 len: 372 time: 0.0049846
2026-05-09 22:53:39.441 9 INFO neutron.api.wsgi [None req-1be1fdf1-f6f8-4dea-a698-c3ca4984f7ae a5aabb74101a4354bbb43b2631ec262c 3fbf63df534f4bf08c624053c99613ae - - default default] 10.0.0.215 "GET /v2.0/extensions/qos-gateway-ip HTTP/1.1" status: 200 len: 391 time: 0.0041404
2026-05-09 22:53:39.449 9 INFO neutron.api.wsgi [None req-7a1e3c61-e63b-4cd1-8481-08cf3b363b02 a5aabb74101a4354bbb43b2631ec262c 3fbf63df534f4bf08c624053c99613ae - - default default] 10.0.0.215 "GET /v2.0/extensions/qos-port-network-policy HTTP/1.1" status: 200 len: 403 time: 0.0035441
2026-05-09 22:53:39.456 9 INFO neutron.api.wsgi [None req-f384f3ca-cd6b-4aed-8e18-42853267a7fa a5aabb74101a4354bbb43b2631ec262c 3fbf63df534f4bf08c624053c99613ae - - default default] 10.0.0.215 "GET /v2.0/extensions/qos-pps-minimum HTTP/1.1" status: 200 len: 397 time: 0.0035245
2026-05-09 22:53:39.464 9 INFO neutron.api.wsgi [None req-8b20b352-cb0d-486e-a13d-210c98eac459 a5aabb74101a4354bbb43b2631ec262c 3fbf63df534f4bf08c624053c99613ae - - default default] 10.0.0.215 "GET /v2.0/extensions/qos-pps-minimum-rule-alias HTTP/1.1" status: 200 len: 471 time: 0.0047996
2026-05-09 22:53:39.470 9 INFO neutron.api.wsgi [None req-83464297-bea9-44fc-9785-bbfd63561bd7 a5aabb74101a4354bbb43b2631ec262c 3fbf63df534f4bf08c624053c99613ae - - default default] 10.0.0.215 "GET /v2.0/extensions/qos-pps HTTP/1.1" status: 200 len: 389 time: 0.0025580
2026-05-09 22:53:39.483 9 INFO neutron.api.wsgi [None req-ec183a31-59cf-4c33-a65e-95264497c282 a5aabb74101a4354bbb43b2631ec262c 3fbf63df534f4bf08c624053c99613ae - - default default] 10.0.0.215 "GET /v2.0/extensions/qos-rule-type-details HTTP/1.1" status: 200 len: 423 time: 0.0045881
2026-05-09 22:53:39.490 9 INFO neutron.api.wsgi [None req-af670406-0363-45cc-8d8c-8b65f0f922ff a5aabb74101a4354bbb43b2631ec262c 3fbf63df534f4bf08c624053c99613ae - - default default] 10.0.0.215 "GET /v2.0/extensions/qos-rule-type-filter HTTP/1.1" status: 200 len: 567 time: 0.0034060
2026-05-09 22:53:39.501 9 INFO neutron.api.wsgi [None req-135c737b-8186-4741-b727-9668386e4a14 a5aabb74101a4354bbb43b2631ec262c 3fbf63df534f4bf08c624053c99613ae - - default default] 10.0.0.215 "GET /v2.0/extensions/qos-rules-alias HTTP/1.1" status: 200 len: 448 time: 0.0054898
2026-05-09 22:53:39.510 9 INFO neutron.api.wsgi [None req-0ef47571-390a-4e90-9ff1-07312772ebfc a5aabb74101a4354bbb43b2631ec262c 3fbf63df534f4bf08c624053c99613ae - - default default] 10.0.0.215 "GET /v2.0/extensions/quota-check-limit HTTP/1.1" status: 200 len: 420 time: 0.0043728
2026-05-09 22:53:39.520 9 INFO neutron.api.wsgi [None req-e466b55f-78f5-42ce-99c3-4f797384def9 a5aabb74101a4354bbb43b2631ec262c 3fbf63df534f4bf08c624053c99613ae - - default default] 10.0.0.215 "GET /v2.0/extensions/quotas HTTP/1.1" status: 200 len: 386 time: 0.0049732
2026-05-09 22:53:39.529 9 INFO neutron.api.wsgi [None req-939a7b39-c245-4046-a8bb-6d92e8091592 a5aabb74101a4354bbb43b2631ec262c 3fbf63df534f4bf08c624053c99613ae - - default default] 10.0.0.215 "GET /v2.0/extensions/quota_details HTTP/1.1" status: 200 len: 407 time: 0.0048485
2026-05-09 22:53:39.538 9 INFO neutron.api.wsgi [None req-c17a389f-4489-46fd-8b5e-3a7d221049d3 a5aabb74101a4354bbb43b2631ec262c 3fbf63df534f4bf08c624053c99613ae - - default default] 10.0.0.215 "GET /v2.0/extensions/rbac-policies HTTP/1.1" status: 200 len: 417 time: 0.0061388
2026-05-09 22:53:39.539 10 INFO neutron.db.ovn_revision_numbers_db [None req-021929ca-67fc-4976-9648-06f4094a8ccd 9bbc180c5a484edf9128827656385cd9 2bc46190b2394f9ea24c0ef16398a7b9 - - default default] Successfully bumped revision number for resource acebfd4a-3af4-414f-8ed4-ccfa77f301a5 (type: routers) to 2
2026-05-09 22:53:39.545 9 INFO neutron.api.wsgi [None req-6c06e01c-29f2-490d-9353-fc4542cd3d52 a5aabb74101a4354bbb43b2631ec262c 3fbf63df534f4bf08c624053c99613ae - - default default] 10.0.0.215 "GET /v2.0/extensions/rbac-address-scope HTTP/1.1" status: 200 len: 384 time: 0.0027654
2026-05-09 22:53:39.552 10 INFO neutron.db.ovn_revision_numbers_db [None req-ed342d23-6ea8-4a71-a307-de1bafe00cd7 - - - - - -] Successfully bumped revision number for resource 81c49bd4-02a3-4782-b8da-2dbd1bcd5461 (type: router_ports) to 2
2026-05-09 22:53:39.553 10 INFO neutron.db.ovn_revision_numbers_db [None req-b2d75b39-97ff-4f4c-be86-760546574fbd 9bbc180c5a484edf9128827656385cd9 2bc46190b2394f9ea24c0ef16398a7b9 - - default default] Successfully bumped revision number for resource 0e0d3998-f025-44b1-95c3-d0dfa7e44613 (type: ports) to 1
2026-05-09 22:53:39.554 9 INFO neutron.api.wsgi [None req-70e35120-af1e-4ec3-8056-a640492702a8 a5aabb74101a4354bbb43b2631ec262c 3fbf63df534f4bf08c624053c99613ae - - default default] 10.0.0.215 "GET /v2.0/extensions/rbac-security-groups HTTP/1.1" status: 200 len: 404 time: 0.0036042
2026-05-09 22:53:39.562 9 INFO neutron.api.wsgi [None req-4efab548-7d57-486f-ae53-754283067d42 a5aabb74101a4354bbb43b2631ec262c 3fbf63df534f4bf08c624053c99613ae - - default default] 10.0.0.215 "GET /v2.0/extensions/revision-if-match HTTP/1.1" status: 200 len: 441 time: 0.0035722
2026-05-09 22:53:39.568 10 INFO neutron.api.wsgi [None req-021929ca-67fc-4976-9648-06f4094a8ccd 9bbc180c5a484edf9128827656385cd9 2bc46190b2394f9ea24c0ef16398a7b9 - - default default] 10.0.0.215 "POST /v2.0/routers HTTP/1.1" status: 201 len: 1176 time: 1.6463494
2026-05-09 22:53:39.570 9 INFO neutron.api.wsgi [None req-cfd837fc-9ee3-4a65-ad67-128f48ded8e7 a5aabb74101a4354bbb43b2631ec262c 3fbf63df534f4bf08c624053c99613ae - - default default] 10.0.0.215 "GET /v2.0/extensions/standard-attr-revisions HTTP/1.1" status: 200 len: 423 time: 0.0042164
2026-05-09 22:53:39.580 10 INFO neutron.api.wsgi [None req-9b3b9620-c039-4b42-90a4-9d2926535553 a5aabb74101a4354bbb43b2631ec262c 3fbf63df534f4bf08c624053c99613ae - - default default] 10.0.0.215 "GET /v2.0/extensions/router_availability_zone HTTP/1.1" status: 200 len: 391 time: 0.0051110
2026-05-09 22:53:39.589 9 INFO neutron.api.wsgi [None req-d6ef2b89-19f2-4a80-8c31-ebe9bf50c3ce a5aabb74101a4354bbb43b2631ec262c 3fbf63df534f4bf08c624053c99613ae - - default default] 10.0.0.215 "GET /v2.0/extensions/security-groups-default-rules HTTP/1.1" status: 200 len: 456 time: 0.0036693
2026-05-09 22:53:39.596 9 INFO neutron.api.wsgi [None req-ab91d345-83ce-46d2-ba29-8fba7f3bc931 a5aabb74101a4354bbb43b2631ec262c 3fbf63df534f4bf08c624053c99613ae - - default default] 10.0.0.215 "GET /v2.0/extensions/security-groups-normalized-cidr HTTP/1.1" status: 200 len: 445 time: 0.0032983
2026-05-09 22:53:39.608 9 INFO neutron.api.wsgi [None req-ba5af4ef-fff2-4d37-b193-cdee0d19a731 a5aabb74101a4354bbb43b2631ec262c 3fbf63df534f4bf08c624053c99613ae - - default default] 10.0.0.215 "GET /v2.0/extensions/security-groups-remote-address-group HTTP/1.1" status: 200 len: 448 time: 0.0086212
2026-05-09 22:53:39.615 9 INFO neutron.api.wsgi [None req-49cd1a15-adb3-49a3-abfa-337b425ccf19 a5aabb74101a4354bbb43b2631ec262c 3fbf63df534f4bf08c624053c99613ae - - default default] 10.0.0.215 "GET /v2.0/extensions/security-groups-rules-belongs-to-default-sg HTTP/1.1" status: 200 len: 508 time: 0.0031192
2026-05-09 22:53:39.616 10 INFO neutron.plugins.ml2.drivers.ovn.mech_driver.mech_driver [None req-ed342d23-6ea8-4a71-a307-de1bafe00cd7 - - - - - -] OVN reports status up for port: e0ce7494-dac9-457d-a9cf-2405db393f7e
2026-05-09 22:53:39.623 9 INFO neutron.api.wsgi [None req-a509df39-c954-4a70-bc17-5e5c4124423b a5aabb74101a4354bbb43b2631ec262c 3fbf63df534f4bf08c624053c99613ae - - default default] 10.0.0.215 "GET /v2.0/extensions/security-groups-shared-filtering HTTP/1.1" status: 200 len: 435 time: 0.0042686
2026-05-09 22:53:39.630 10 INFO neutron.plugins.ml2.plugin [None req-ed342d23-6ea8-4a71-a307-de1bafe00cd7 - - - - - -] Attempt 1 to provision port e0ce7494-dac9-457d-a9cf-2405db393f7e
2026-05-09 22:53:39.632 9 INFO neutron.api.wsgi [None req-90df2968-c54b-4a6f-82d4-7c01bb5e46ba a5aabb74101a4354bbb43b2631ec262c 3fbf63df534f4bf08c624053c99613ae - - default default] 10.0.0.215 "GET /v2.0/extensions/security-group HTTP/1.1" status: 200 len: 364 time: 0.0047688
2026-05-09 22:53:39.639 9 INFO neutron.api.wsgi [None req-87423fa2-8064-451a-b8b6-1693011e0e46 a5aabb74101a4354bbb43b2631ec262c 3fbf63df534f4bf08c624053c99613ae - - default default] 10.0.0.215 "GET /v2.0/extensions/segment HTTP/1.1" status: 200 len: 339 time: 0.0030735
2026-05-09 22:53:39.643 10 WARNING neutron.scheduler.dhcp_agent_scheduler [None req-b2d75b39-97ff-4f4c-be86-760546574fbd 9bbc180c5a484edf9128827656385cd9 2bc46190b2394f9ea24c0ef16398a7b9 - - default default] No more DHCP agents
2026-05-09 22:53:39.645 10 WARNING neutron.api.rpc.agentnotifiers.dhcp_rpc_agent_api [None req-b2d75b39-97ff-4f4c-be86-760546574fbd 9bbc180c5a484edf9128827656385cd9 2bc46190b2394f9ea24c0ef16398a7b9 - - default default] Unable to schedule network 7c97aa9f-f85a-4204-87bf-27aa4228eecf: no agents available; will retry on subsequent port and subnet creation events.
2026-05-09 22:53:39.646 9 INFO neutron.api.wsgi [None req-9a77f010-d891-4f74-bd99-21082167f59e a5aabb74101a4354bbb43b2631ec262c 3fbf63df534f4bf08c624053c99613ae - - default default] 10.0.0.215 "GET /v2.0/extensions/segments-peer-subnet-host-routes HTTP/1.1" status: 200 len: 427 time: 0.0042460
2026-05-09 22:53:39.653 9 INFO neutron.api.wsgi [None req-9eedb99f-c786-4794-8875-e1a7d0c1a02c a5aabb74101a4354bbb43b2631ec262c 3fbf63df534f4bf08c624053c99613ae - - default default] 10.0.0.215 "GET /v2.0/extensions/service-type HTTP/1.1" status: 200 len: 415 time: 0.0028002
2026-05-09 22:53:39.664 10 INFO neutron.api.wsgi [None req-2958f499-c3b6-49e7-8d01-1f1e8db1936b a5aabb74101a4354bbb43b2631ec262c 3fbf63df534f4bf08c624053c99613ae - - default default] 10.0.0.215 "GET /v2.0/extensions/sorting HTTP/1.1" status: 200 len: 377 time: 0.0046544
2026-05-09 22:53:39.678 10 INFO neutron.api.wsgi [None req-d21ec2ca-6f29-4f90-97bb-811884c294c1 a5aabb74101a4354bbb43b2631ec262c 3fbf63df534f4bf08c624053c99613ae - - default default] 10.0.0.215 "GET /v2.0/extensions/standard-attr-segment HTTP/1.1" status: 200 len: 406 time: 0.0099502
2026-05-09 22:53:39.687 9 INFO neutron.api.wsgi [None req-1fad270c-1618-4d8a-bc4f-ae5306fcc280 a5aabb74101a4354bbb43b2631ec262c 3fbf63df534f4bf08c624053c99613ae - - default default] 10.0.0.215 "GET /v2.0/extensions/standard-attr-description HTTP/1.1" status: 200 len: 408 time: 0.0043192
2026-05-09 22:53:39.695 9 INFO neutron.api.wsgi [None req-a1b128c2-dae9-440f-b77d-23efa3d8c642 a5aabb74101a4354bbb43b2631ec262c 3fbf63df534f4bf08c624053c99613ae - - default default] 10.0.0.215 "GET /v2.0/extensions/stateful-security-group HTTP/1.1" status: 200 len: 402 time: 0.0040078
2026-05-09 22:53:39.700 9 INFO neutron.api.wsgi [None req-144f1db5-71d8-4fc0-b647-a164aa91da8f a5aabb74101a4354bbb43b2631ec262c 3fbf63df534f4bf08c624053c99613ae - - default default] 10.0.0.215 "GET /v2.0/extensions/subnet-dns-publish-fixed-ip HTTP/1.1" status: 200 len: 421 time: 0.0025284
2026-05-09 22:53:39.707 9 INFO neutron.api.wsgi [None req-fb1332ec-2c81-4969-87b9-850e61a404b5 a5aabb74101a4354bbb43b2631ec262c 3fbf63df534f4bf08c624053c99613ae - - default default] 10.0.0.215 "GET /v2.0/extensions/subnet-external-network HTTP/1.1" status: 200 len: 418 time: 0.0033071
2026-05-09 22:53:39.714 9 INFO neutron.api.wsgi [None req-1b37f9a8-8ed2-4fa7-a456-c8635505a38a a5aabb74101a4354bbb43b2631ec262c 3fbf63df534f4bf08c624053c99613ae - - default default] 10.0.0.215 "GET /v2.0/extensions/subnet-segmentid-writable HTTP/1.1" status: 200 len: 421 time: 0.0026512
2026-05-09 22:53:39.721 9 INFO neutron.api.wsgi [None req-ccf62f97-0f42-47b7-b6b0-0320bc74e7d9 a5aabb74101a4354bbb43b2631ec262c 3fbf63df534f4bf08c624053c99613ae - - default default] 10.0.0.215 "GET /v2.0/extensions/subnet-service-types HTTP/1.1" status: 200 len: 400 time: 0.0035026
2026-05-09 22:53:39.727 9 INFO neutron.api.wsgi [None req-13ee6ed3-4368-4060-9d21-753db278d5d9 a5aabb74101a4354bbb43b2631ec262c 3fbf63df534f4bf08c624053c99613ae - - default default] 10.0.0.215 "GET /v2.0/extensions/subnet_allocation HTTP/1.1" status: 200 len: 388 time: 0.0032358
2026-05-09 22:53:39.734 9 INFO neutron.api.wsgi [None req-d1f94ab9-56d4-47f1-bc28-3f01f60c323b a5aabb74101a4354bbb43b2631ec262c 3fbf63df534f4bf08c624053c99613ae - - default default] 10.0.0.215 "GET /v2.0/extensions/subnetpool-prefix-ops HTTP/1.1" status: 200 len: 418 time: 0.0029771
2026-05-09 22:53:39.740 9 INFO neutron.api.wsgi [None req-ae8f1553-01a8-45ac-82c6-c74b3d66bc35 a5aabb74101a4354bbb43b2631ec262c 3fbf63df534f4bf08c624053c99613ae - - default default] 10.0.0.215 "GET /v2.0/extensions/tag-creation HTTP/1.1" status: 200 len: 384 time: 0.0024552
2026-05-09 22:53:39.746 9 INFO neutron.api.wsgi [None req-caa3c2aa-cb93-42b6-952f-d89d905e9a44 a5aabb74101a4354bbb43b2631ec262c 3fbf63df534f4bf08c624053c99613ae - - default default] 10.0.0.215 "GET /v2.0/extensions/standard-attr-tag HTTP/1.1" status: 200 len: 537 time: 0.0031159
2026-05-09 22:53:39.754 10 INFO neutron.api.wsgi [None req-db0e53f7-f8c1-47fa-8eb0-440ef63a06aa a5aabb74101a4354bbb43b2631ec262c 3fbf63df534f4bf08c624053c99613ae - - default default] 10.0.0.215 "GET /v2.0/extensions/standard-attr-timestamp HTTP/1.1" status: 200 len: 449 time: 0.0038142
2026-05-09 22:53:39.760 9 INFO neutron.api.wsgi [None req-e7e2d567-96c3-4fbe-bd5b-92029ff15fea a5aabb74101a4354bbb43b2631ec262c 3fbf63df534f4bf08c624053c99613ae - - default default] 10.0.0.215 "GET /v2.0/extensions/trunk HTTP/1.1" status: 200 len: 358 time: 0.0035479
2026-05-09 22:53:39.769 9 INFO neutron.api.wsgi [None req-9da3a0e7-4e2d-4511-9f23-d39fe0cc0e76 a5aabb74101a4354bbb43b2631ec262c 3fbf63df534f4bf08c624053c99613ae - - default default] 10.0.0.215 "GET /v2.0/extensions/trunk-details HTTP/1.1" status: 200 len: 362 time: 0.0049331
2026-05-09 22:53:39.775 9 INFO neutron.api.wsgi [None req-bf333756-9f70-467a-b13e-a1fe9d25b5b1 a5aabb74101a4354bbb43b2631ec262c 3fbf63df534f4bf08c624053c99613ae - - default default] 10.0.0.215 "GET /v2.0/extensions/vpn-agent-scheduler HTTP/1.1" status: 200 len: 393 time: 0.0025125
2026-05-09 22:53:39.782 10 INFO neutron.api.wsgi [None req-1dc0ef23-a02c-490c-a957-fc4231439c43 a5aabb74101a4354bbb43b2631ec262c 3fbf63df534f4bf08c624053c99613ae - - default default] 10.0.0.215 "GET /v2.0/extensions/vpn-endpoint-groups HTTP/1.1" status: 200 len: 371 time: 0.0039260
2026-05-09 22:53:39.790 9 INFO neutron.api.wsgi [None req-fc327b8c-d1ef-426f-a383-e4f13580ba19 a5aabb74101a4354bbb43b2631ec262c 3fbf63df534f4bf08c624053c99613ae - - default default] 10.0.0.215 "GET /v2.0/extensions/vpn-flavors HTTP/1.1" status: 200 len: 376 time: 0.0047951
2026-05-09 22:53:39.800 9 INFO neutron.api.wsgi [None req-33fba9dd-b36d-4422-89f9-04e22b67d14c a5aabb74101a4354bbb43b2631ec262c 3fbf63df534f4bf08c624053c99613ae - - default default] 10.0.0.215 "GET /v2.0/extensions/vpnaas HTTP/1.1" status: 200 len: 348 time: 0.0048912
2026-05-09 22:53:39.953 10 INFO neutron.db.ovn_revision_numbers_db [None req-b91e18ff-5f69-48de-8a9e-878eddf4814d - - - - - -] Successfully bumped revision number for resource e0ce7494-dac9-457d-a9cf-2405db393f7e (type: ports) to 1
2026-05-09 22:53:40.036 9 WARNING neutron.scheduler.dhcp_agent_scheduler [None req-6d7d8ec9-55c1-4268-8386-443e5f5708b9 9bbc180c5a484edf9128827656385cd9 2bc46190b2394f9ea24c0ef16398a7b9 - - default default] No more DHCP agents
2026-05-09 22:53:40.038 9 WARNING neutron.api.rpc.agentnotifiers.dhcp_rpc_agent_api [None req-6d7d8ec9-55c1-4268-8386-443e5f5708b9 9bbc180c5a484edf9128827656385cd9 2bc46190b2394f9ea24c0ef16398a7b9 - - default default] Unable to schedule network 75136c03-e8fc-4b5b-adb3-5f620b39ba2b: no agents available; will retry on subsequent port and subnet creation events.
2026-05-09 22:53:40.164 9 INFO neutron.db.ovn_revision_numbers_db [None req-6d7d8ec9-55c1-4268-8386-443e5f5708b9 9bbc180c5a484edf9128827656385cd9 2bc46190b2394f9ea24c0ef16398a7b9 - - default default] Successfully bumped revision number for resource b6338e01-0008-413b-8414-7159e51c6e9b (type: ports) to 1
2026-05-09 22:53:40.398 10 INFO neutron.db.ovn_revision_numbers_db [None req-b2d75b39-97ff-4f4c-be86-760546574fbd 9bbc180c5a484edf9128827656385cd9 2bc46190b2394f9ea24c0ef16398a7b9 - - default default] Successfully bumped revision number for resource 0e0d3998-f025-44b1-95c3-d0dfa7e44613 (type: router_ports) to 1
2026-05-09 22:53:40.403 10 INFO neutron.api.wsgi [None req-b2d75b39-97ff-4f4c-be86-760546574fbd 9bbc180c5a484edf9128827656385cd9 2bc46190b2394f9ea24c0ef16398a7b9 - - default default] 10.0.0.215 "PUT /v2.0/routers/f722d73e-baf0-47b4-958d-0a948e847c5a/add_router_interface HTTP/1.1" status: 200 len: 503 time: 2.4362664
2026-05-09 22:53:40.404 10 INFO neutron.db.ovn_revision_numbers_db [None req-b91e18ff-5f69-48de-8a9e-878eddf4814d - - - - - -] Successfully bumped revision number for resource e0ce7494-dac9-457d-a9cf-2405db393f7e (type: ports) to 4
2026-05-09 22:53:40.504 9 INFO neutron.api.wsgi [req-9f1e96c4-b91d-4b6b-9c78-536f8893d010 req-d676e2f6-0be5-46fd-999b-4472d3e5dd2f 0a16beb6ab50466b8dc5c4f3aded0563 b0e853e1f16a4658b45795bc07b3ba69 - - default default] 10.0.0.116 "GET /v2.0/ports?device_id=e6aef4cd-90c2-43d2-9210-51cea36c6ec8 HTTP/1.1" status: 200 len: 210 time: 0.0340488
2026-05-09 22:53:40.538 9 INFO neutron.db.ovn_revision_numbers_db [None req-8934ead7-968a-4aaf-99f8-7f3e16f684c7 9bbc180c5a484edf9128827656385cd9 2bc46190b2394f9ea24c0ef16398a7b9 - - default default] Successfully bumped revision number for resource 64af71cd-f997-4b15-92d1-a97c9fb489be (type: security_groups) to 1
2026-05-09 22:53:40.551 9 INFO neutron.db.ovn_revision_numbers_db [None req-8934ead7-968a-4aaf-99f8-7f3e16f684c7 9bbc180c5a484edf9128827656385cd9 2bc46190b2394f9ea24c0ef16398a7b9 - - default default] Successfully bumped revision number for resource 6486c5a7-62aa-43fc-8b8b-c545bac626cb (type: security_group_rules) to 0
2026-05-09 22:53:40.564 9 INFO neutron.db.ovn_revision_numbers_db [None req-8934ead7-968a-4aaf-99f8-7f3e16f684c7 9bbc180c5a484edf9128827656385cd9 2bc46190b2394f9ea24c0ef16398a7b9 - - default default] Successfully bumped revision number for resource 7c52124c-c82f-473c-a70c-be5614504f64 (type: security_group_rules) to 0
2026-05-09 22:53:40.576 9 INFO neutron.db.ovn_revision_numbers_db [None req-8934ead7-968a-4aaf-99f8-7f3e16f684c7 9bbc180c5a484edf9128827656385cd9 2bc46190b2394f9ea24c0ef16398a7b9 - - default default] Successfully bumped revision number for resource 7e50a3c1-48f0-4843-8ff7-4fe1f6e9054f (type: security_group_rules) to 0
2026-05-09 22:53:40.587 9 INFO neutron.db.ovn_revision_numbers_db [None req-8934ead7-968a-4aaf-99f8-7f3e16f684c7 9bbc180c5a484edf9128827656385cd9 2bc46190b2394f9ea24c0ef16398a7b9 - - default default] Successfully bumped revision number for resource f935fa46-e1a8-4a4a-9f97-675892508b9e (type: security_group_rules) to 0
2026-05-09 22:53:40.623 9 INFO neutron.api.wsgi [None req-8934ead7-968a-4aaf-99f8-7f3e16f684c7 9bbc180c5a484edf9128827656385cd9 2bc46190b2394f9ea24c0ef16398a7b9 - - default default] 10.0.0.215 "GET /v2.0/security-groups?tenant_id=3fbf63df534f4bf08c624053c99613ae&name=default HTTP/1.1" status: 200 len: 3120 time: 0.3323250
2026-05-09 22:53:40.705 10 INFO neutron.db.ovn_revision_numbers_db [None req-b91e18ff-5f69-48de-8a9e-878eddf4814d - - - - - -] Successfully bumped revision number for resource e0ce7494-dac9-457d-a9cf-2405db393f7e (type: ports) to 5
2026-05-09 22:53:40.756 9 INFO neutron.db.ovn_revision_numbers_db [None req-6d7d8ec9-55c1-4268-8386-443e5f5708b9 9bbc180c5a484edf9128827656385cd9 2bc46190b2394f9ea24c0ef16398a7b9 - - default default] Successfully bumped revision number for resource b6338e01-0008-413b-8414-7159e51c6e9b (type: ports) to 1
2026-05-09 22:53:40.815 9 WARNING neutron.scheduler.dhcp_agent_scheduler [None req-6d7d8ec9-55c1-4268-8386-443e5f5708b9 9bbc180c5a484edf9128827656385cd9 2bc46190b2394f9ea24c0ef16398a7b9 - - default default] No more DHCP agents
2026-05-09 22:53:40.816 9 WARNING neutron.api.rpc.agentnotifiers.dhcp_rpc_agent_api [None req-6d7d8ec9-55c1-4268-8386-443e5f5708b9 9bbc180c5a484edf9128827656385cd9 2bc46190b2394f9ea24c0ef16398a7b9 - - default default] Unable to schedule network 75136c03-e8fc-4b5b-adb3-5f620b39ba2b: no agents available; will retry on subsequent port and subnet creation events.
2026-05-09 22:53:40.857 9 INFO neutron.api.wsgi [None req-c865e019-1200-489b-bf10-3cffdbc2e935 9bbc180c5a484edf9128827656385cd9 2bc46190b2394f9ea24c0ef16398a7b9 - - default default] 10.0.0.215 "DELETE /v2.0/security-groups/64af71cd-f997-4b15-92d1-a97c9fb489be HTTP/1.1" status: 204 len: 168 time: 0.2265286
2026-05-09 22:53:40.876 9 INFO neutron.plugins.ml2.drivers.ovn.mech_driver.mech_driver [None req-fdae5544-a70d-418a-8d84-981fade65d47 - - - - - -] OVN reports status up for port: b6338e01-0008-413b-8414-7159e51c6e9b
2026-05-09 22:53:40.890 9 INFO neutron.plugins.ml2.plugin [None req-fdae5544-a70d-418a-8d84-981fade65d47 - - - - - -] Attempt 1 to provision port b6338e01-0008-413b-8414-7159e51c6e9b
2026-05-09 22:53:40.955 10 WARNING neutron_lib.context [None req-d9df15c2-63f8-48e3-8be0-f3110a3ff40f 91466550c776497b972f73f2a984b1f6 241173e15f40492c88386c05fa3d4b79 - - default default] Method 'is_advsvc' is deprecated since 2023.2 release (neutron-lib 3.8.0) and will be removed once support for the old RBAC API policies will be removed from Neutron. Please use method 'is_service_role' instead.
2026-05-09 22:53:41.048 10 INFO neutron.db.ovn_revision_numbers_db [None req-d9df15c2-63f8-48e3-8be0-f3110a3ff40f 91466550c776497b972f73f2a984b1f6 241173e15f40492c88386c05fa3d4b79 - - default default] Successfully bumped revision number for resource 4285828e-0be8-4987-a9d3-d1b5879fd23e (type: security_groups) to 1
2026-05-09 22:53:41.058 10 INFO neutron.db.ovn_revision_numbers_db [None req-d9df15c2-63f8-48e3-8be0-f3110a3ff40f 91466550c776497b972f73f2a984b1f6 241173e15f40492c88386c05fa3d4b79 - - default default] Successfully bumped revision number for resource b3e7e42c-813a-45ec-931d-7e16e9b117ed (type: security_group_rules) to 0
2026-05-09 22:53:41.070 10 INFO neutron.db.ovn_revision_numbers_db [None req-d9df15c2-63f8-48e3-8be0-f3110a3ff40f 91466550c776497b972f73f2a984b1f6 241173e15f40492c88386c05fa3d4b79 - - default default] Successfully bumped revision number for resource dca2084f-d693-4900-b2a7-47dffe43443c (type: security_group_rules) to 0
2026-05-09 22:53:41.100 10 INFO neutron.api.wsgi [None req-d9df15c2-63f8-48e3-8be0-f3110a3ff40f 91466550c776497b972f73f2a984b1f6 241173e15f40492c88386c05fa3d4b79 - - default default] 10.0.0.215 "POST /v2.0/security-groups HTTP/1.1" status: 201 len: 1859 time: 0.1506505
2026-05-09 22:53:41.108 10 WARNING neutron_lib.context [None req-d6b8382a-8113-4c7a-afb4-b3516092846b 91466550c776497b972f73f2a984b1f6 241173e15f40492c88386c05fa3d4b79 - - default default] Method 'is_advsvc' is deprecated since 2023.2 release (neutron-lib 3.8.0) and will be removed once support for the old RBAC API policies will be removed from Neutron. Please use method 'is_service_role' instead.
2026-05-09 22:53:41.215 10 INFO neutron.db.ovn_revision_numbers_db [None req-d6b8382a-8113-4c7a-afb4-b3516092846b 91466550c776497b972f73f2a984b1f6 241173e15f40492c88386c05fa3d4b79 - - default default] Successfully bumped revision number for resource 96de60ee-0072-4803-84e5-9e63dbe43cfc (type: security_group_rules) to 0
2026-05-09 22:53:41.268 10 INFO neutron.api.wsgi [None req-d6b8382a-8113-4c7a-afb4-b3516092846b 91466550c776497b972f73f2a984b1f6 241173e15f40492c88386c05fa3d4b79 - - default default] 10.0.0.215 "POST /v2.0/security-group-rules HTTP/1.1" status: 201 len: 796 time: 0.1638680
2026-05-09 22:53:41.278 10 WARNING neutron_lib.context [None req-77104639-7322-498c-ac99-25f1249f499a 91466550c776497b972f73f2a984b1f6 241173e15f40492c88386c05fa3d4b79 - - default default] Method 'is_advsvc' is deprecated since 2023.2 release (neutron-lib 3.8.0) and will be removed once support for the old RBAC API policies will be removed from Neutron. Please use method 'is_service_role' instead.
2026-05-09 22:53:41.291 9 INFO neutron.db.ovn_revision_numbers_db [None req-fdae5544-a70d-418a-8d84-981fade65d47 - - - - - -] Successfully bumped revision number for resource b6338e01-0008-413b-8414-7159e51c6e9b (type: ports) to 2
2026-05-09 22:53:41.379 10 INFO neutron.db.ovn_revision_numbers_db [None req-77104639-7322-498c-ac99-25f1249f499a 91466550c776497b972f73f2a984b1f6 241173e15f40492c88386c05fa3d4b79 - - default default] Successfully bumped revision number for resource 24023f5a-a03f-41c2-94d1-42b67479e837 (type: security_group_rules) to 0
2026-05-09 22:53:41.409 10 INFO neutron.api.wsgi [None req-77104639-7322-498c-ac99-25f1249f499a 91466550c776497b972f73f2a984b1f6 241173e15f40492c88386c05fa3d4b79 - - default default] 10.0.0.215 "POST /v2.0/security-group-rules HTTP/1.1" status: 201 len: 801 time: 0.1355975
2026-05-09 22:53:41.418 10 WARNING neutron_lib.context [None req-3939251a-c646-4b0d-b8ab-66e83113a439 91466550c776497b972f73f2a984b1f6 241173e15f40492c88386c05fa3d4b79 - - default default] Method 'is_advsvc' is deprecated since 2023.2 release (neutron-lib 3.8.0) and will be removed once support for the old RBAC API policies will be removed from Neutron. Please use method 'is_service_role' instead.
2026-05-09 22:53:41.544 9 INFO neutron.db.ovn_revision_numbers_db [None req-6d7d8ec9-55c1-4268-8386-443e5f5708b9 9bbc180c5a484edf9128827656385cd9 2bc46190b2394f9ea24c0ef16398a7b9 - - default default] Successfully bumped revision number for resource b6338e01-0008-413b-8414-7159e51c6e9b (type: router_ports) to 1
2026-05-09 22:53:41.548 9 INFO neutron.api.wsgi [None req-6d7d8ec9-55c1-4268-8386-443e5f5708b9 9bbc180c5a484edf9128827656385cd9 2bc46190b2394f9ea24c0ef16398a7b9 - - default default] 10.0.0.215 "PUT /v2.0/routers/acebfd4a-3af4-414f-8ed4-ccfa77f301a5/add_router_interface HTTP/1.1" status: 200 len: 503 time: 1.9763012
2026-05-09 22:53:41.680 9 INFO neutron.api.wsgi [req-ea9d56d0-9a2f-4831-a818-0714fbbf5a5d req-a5ee9755-0311-4a87-8265-75f706b9befc 0a16beb6ab50466b8dc5c4f3aded0563 b0e853e1f16a4658b45795bc07b3ba69 - - default default] 10.0.0.116 "GET /v2.0/ports?device_id=e6aef4cd-90c2-43d2-9210-51cea36c6ec8 HTTP/1.1" status: 200 len: 210 time: 0.0162556
2026-05-09 22:53:41.699 10 WARNING neutron.scheduler.dhcp_agent_scheduler [None req-3939251a-c646-4b0d-b8ab-66e83113a439 91466550c776497b972f73f2a984b1f6 241173e15f40492c88386c05fa3d4b79 - - default default] No more DHCP agents
