2026-05-09 22:55:26.430 10 INFO neutron.db.ovn_revision_numbers_db [None req-b67a6c99-c84a-4a38-b7d2-0d17ea88d322 9bbc180c5a484edf9128827656385cd9 2bc46190b2394f9ea24c0ef16398a7b9 - - default default] Successfully bumped revision number for resource 7047dbea-3eee-4f77-966b-09e280a095c2 (type: routers) to 2
2026-05-09 22:55:26.444 10 INFO neutron.api.wsgi [None req-b67a6c99-c84a-4a38-b7d2-0d17ea88d322 9bbc180c5a484edf9128827656385cd9 2bc46190b2394f9ea24c0ef16398a7b9 - - default default] 10.0.0.215 "POST /v2.0/routers HTTP/1.1" status: 201 len: 1170 time: 1.3616993
2026-05-09 22:55:26.787 9 INFO neutron.db.ovn_revision_numbers_db [None req-8c3fdc4f-105f-450e-80c5-386b4b876681 - - - - - -] Successfully bumped revision number for resource 091ec92c-94c1-4339-9283-1cc01ca42d93 (type: ports) to 2
2026-05-09 22:55:26.814 9 INFO neutron.db.ovn_revision_numbers_db [None req-8c3fdc4f-105f-450e-80c5-386b4b876681 - - - - - -] Successfully bumped revision number for resource e0c38560-d15d-4f47-9bd0-cdf4ba213fd6 (type: subnets) to 0
2026-05-09 22:55:26.836 9 INFO neutron.api.wsgi [None req-53e14211-56ac-471e-ba34-f96126c5e516 ff5ff6d45c8c451b9ffb927ea07c5d4e f62ebea1315d4686aa334555245d89d0 - - default default] 10.0.0.215 "POST /v2.0/subnets HTTP/1.1" status: 201 len: 828 time: 0.7605941
2026-05-09 22:55:26.846 9 INFO neutron.db.ovn_revision_numbers_db [None req-83842a4e-3429-461b-b9dd-7a5029a1ad31 - - - - - -] Successfully bumped revision number for resource b8225805-3b57-472b-80e9-3c46a5d0966a (type: ports) to 1
2026-05-09 22:55:26.847 10 WARNING neutron_lib.context [None req-b1942ede-b28b-405a-b80f-9c9e27bd6946 ff5ff6d45c8c451b9ffb927ea07c5d4e f62ebea1315d4686aa334555245d89d0 - - default default] Method 'is_advsvc' is deprecated since 2023.2 release (neutron-lib 3.8.0) and will be removed once support for the old RBAC API policies will be removed from Neutron. Please use method 'is_service_role' instead.
2026-05-09 22:55:26.893 10 WARNING neutron.scheduler.dhcp_agent_scheduler [None req-ee4e9c6c-1a6d-4528-9d29-427de442796c 9bbc180c5a484edf9128827656385cd9 2bc46190b2394f9ea24c0ef16398a7b9 - - default default] No more DHCP agents
2026-05-09 22:55:26.895 10 WARNING neutron.api.rpc.agentnotifiers.dhcp_rpc_agent_api [None req-ee4e9c6c-1a6d-4528-9d29-427de442796c 9bbc180c5a484edf9128827656385cd9 2bc46190b2394f9ea24c0ef16398a7b9 - - default default] Unable to schedule network a7a11294-5057-4618-8b83-070559b78e9b: no agents available; will retry on subsequent port and subnet creation events.
2026-05-09 22:55:26.930 10 INFO neutron.db.segments_db [None req-b1942ede-b28b-405a-b80f-9c9e27bd6946 ff5ff6d45c8c451b9ffb927ea07c5d4e f62ebea1315d4686aa334555245d89d0 - - default default] Added segment af9d38a2-3bd6-4d69-bc32-317c77f3b7f1 of type geneve for network a0fa808a-b26b-4a5f-884a-455fbddf7d82
2026-05-09 22:55:27.026 10 INFO neutron.db.ovn_revision_numbers_db [None req-ee4e9c6c-1a6d-4528-9d29-427de442796c 9bbc180c5a484edf9128827656385cd9 2bc46190b2394f9ea24c0ef16398a7b9 - - default default] Successfully bumped revision number for resource 4146d217-9900-48b0-b74d-0f6034a9bc35 (type: ports) to 1
2026-05-09 22:55:27.061 10 INFO neutron.db.ovn_revision_numbers_db [None req-b1942ede-b28b-405a-b80f-9c9e27bd6946 ff5ff6d45c8c451b9ffb927ea07c5d4e f62ebea1315d4686aa334555245d89d0 - - default default] Successfully bumped revision number for resource a0fa808a-b26b-4a5f-884a-455fbddf7d82 (type: networks) to 1
2026-05-09 22:55:27.155 9 INFO neutron.db.ovn_revision_numbers_db [None req-83842a4e-3429-461b-b9dd-7a5029a1ad31 - - - - - -] Successfully bumped revision number for resource b8225805-3b57-472b-80e9-3c46a5d0966a (type: ports) to 4
2026-05-09 22:55:27.244 10 WARNING neutron.scheduler.dhcp_agent_scheduler [None req-b1942ede-b28b-405a-b80f-9c9e27bd6946 ff5ff6d45c8c451b9ffb927ea07c5d4e f62ebea1315d4686aa334555245d89d0 - - default default] No more DHCP agents
2026-05-09 22:55:27.246 10 WARNING neutron.api.rpc.agentnotifiers.dhcp_rpc_agent_api [None req-b1942ede-b28b-405a-b80f-9c9e27bd6946 ff5ff6d45c8c451b9ffb927ea07c5d4e f62ebea1315d4686aa334555245d89d0 - - default default] Unable to schedule network a0fa808a-b26b-4a5f-884a-455fbddf7d82: no agents available; will retry on subsequent port and subnet creation events.
2026-05-09 22:55:27.331 10 INFO neutron.db.ovn_revision_numbers_db [None req-b1942ede-b28b-405a-b80f-9c9e27bd6946 ff5ff6d45c8c451b9ffb927ea07c5d4e f62ebea1315d4686aa334555245d89d0 - - default default] Successfully bumped revision number for resource c2e239bb-5c5a-4363-9783-149ea05df1be (type: ports) to 1
2026-05-09 22:55:27.357 10 INFO neutron.api.wsgi [None req-b1942ede-b28b-405a-b80f-9c9e27bd6946 ff5ff6d45c8c451b9ffb927ea07c5d4e f62ebea1315d4686aa334555245d89d0 - - default default] 10.0.0.215 "POST /v2.0/networks HTTP/1.1" status: 201 len: 831 time: 0.5155389
2026-05-09 22:55:27.366 10 WARNING neutron_lib.context [None req-206d9d8c-4456-469e-8d31-902c7d4fbdf3 ff5ff6d45c8c451b9ffb927ea07c5d4e f62ebea1315d4686aa334555245d89d0 - - default default] Method 'is_advsvc' is deprecated since 2023.2 release (neutron-lib 3.8.0) and will be removed once support for the old RBAC API policies will be removed from Neutron. Please use method 'is_service_role' instead.
2026-05-09 22:55:27.445 15 INFO neutron.plugins.ml2.drivers.ovn.mech_driver.ovsdb.maintenance [None req-ccbbf311-c62b-4af3-b48f-aac68a40585d - - - - - -] OVN maintenance task check_for_inconsistencies finished in 0.930 seconds
2026-05-09 22:55:27.448 9 INFO neutron.db.ovn_revision_numbers_db [None req-83842a4e-3429-461b-b9dd-7a5029a1ad31 - - - - - -] Successfully bumped revision number for resource b8225805-3b57-472b-80e9-3c46a5d0966a (type: ports) to 5
2026-05-09 22:55:27.570 10 WARNING neutron.scheduler.dhcp_agent_scheduler [None req-206d9d8c-4456-469e-8d31-902c7d4fbdf3 ff5ff6d45c8c451b9ffb927ea07c5d4e f62ebea1315d4686aa334555245d89d0 - - default default] No more DHCP agents
2026-05-09 22:55:27.571 10 WARNING neutron.api.rpc.agentnotifiers.dhcp_rpc_agent_api [None req-206d9d8c-4456-469e-8d31-902c7d4fbdf3 ff5ff6d45c8c451b9ffb927ea07c5d4e f62ebea1315d4686aa334555245d89d0 - - default default] Unable to schedule network a0fa808a-b26b-4a5f-884a-455fbddf7d82: no agents available; will retry on subsequent port and subnet creation events.
2026-05-09 22:55:27.678 10 INFO neutron.db.ovn_revision_numbers_db [None req-ee4e9c6c-1a6d-4528-9d29-427de442796c 9bbc180c5a484edf9128827656385cd9 2bc46190b2394f9ea24c0ef16398a7b9 - - default default] Successfully bumped revision number for resource 4146d217-9900-48b0-b74d-0f6034a9bc35 (type: ports) to 1
2026-05-09 22:55:27.735 10 WARNING neutron.scheduler.dhcp_agent_scheduler [None req-ee4e9c6c-1a6d-4528-9d29-427de442796c 9bbc180c5a484edf9128827656385cd9 2bc46190b2394f9ea24c0ef16398a7b9 - - default default] No more DHCP agents
2026-05-09 22:55:27.738 10 WARNING neutron.api.rpc.agentnotifiers.dhcp_rpc_agent_api [None req-ee4e9c6c-1a6d-4528-9d29-427de442796c 9bbc180c5a484edf9128827656385cd9 2bc46190b2394f9ea24c0ef16398a7b9 - - default default] Unable to schedule network a7a11294-5057-4618-8b83-070559b78e9b: no agents available; will retry on subsequent port and subnet creation events.
2026-05-09 22:55:28.098 10 INFO neutron.db.ovn_revision_numbers_db [None req-0c29d329-5909-43ff-b360-e02cd01b2d04 - - - - - -] Successfully bumped revision number for resource c2e239bb-5c5a-4363-9783-149ea05df1be (type: ports) to 2
2026-05-09 22:55:28.132 10 INFO neutron.db.ovn_revision_numbers_db [None req-0c29d329-5909-43ff-b360-e02cd01b2d04 - - - - - -] Successfully bumped revision number for resource 88287fbb-8e7d-40b2-bc99-30e20db9ed68 (type: subnets) to 0
2026-05-09 22:55:28.154 10 INFO neutron.api.wsgi [None req-206d9d8c-4456-469e-8d31-902c7d4fbdf3 ff5ff6d45c8c451b9ffb927ea07c5d4e f62ebea1315d4686aa334555245d89d0 - - default default] 10.0.0.215 "POST /v2.0/subnets HTTP/1.1" status: 201 len: 828 time: 0.7923281
2026-05-09 22:55:28.165 10 WARNING neutron_lib.context [None req-d5da80f0-ff12-4649-875f-65c43cf173d5 ff5ff6d45c8c451b9ffb927ea07c5d4e f62ebea1315d4686aa334555245d89d0 - - default default] Method 'is_advsvc' is deprecated since 2023.2 release (neutron-lib 3.8.0) and will be removed once support for the old RBAC API policies will be removed from Neutron. Please use method 'is_service_role' instead.
2026-05-09 22:55:28.261 10 INFO neutron.db.segments_db [None req-d5da80f0-ff12-4649-875f-65c43cf173d5 ff5ff6d45c8c451b9ffb927ea07c5d4e f62ebea1315d4686aa334555245d89d0 - - default default] Added segment e219ab12-c4a5-4e76-a42c-c277551b63bd of type geneve for network 46b715aa-73f7-449c-8ea9-92bda1e6b899
2026-05-09 22:55:28.264 10 INFO neutron.db.ovn_revision_numbers_db [None req-ee4e9c6c-1a6d-4528-9d29-427de442796c 9bbc180c5a484edf9128827656385cd9 2bc46190b2394f9ea24c0ef16398a7b9 - - default default] Successfully bumped revision number for resource 4146d217-9900-48b0-b74d-0f6034a9bc35 (type: router_ports) to 1
2026-05-09 22:55:28.269 10 INFO neutron.api.wsgi [None req-ee4e9c6c-1a6d-4528-9d29-427de442796c 9bbc180c5a484edf9128827656385cd9 2bc46190b2394f9ea24c0ef16398a7b9 - - default default] 10.0.0.215 "PUT /v2.0/routers/7047dbea-3eee-4f77-966b-09e280a095c2/add_router_interface HTTP/1.1" status: 200 len: 503 time: 1.8162348
2026-05-09 22:55:28.388 10 INFO neutron.db.ovn_revision_numbers_db [None req-d5da80f0-ff12-4649-875f-65c43cf173d5 ff5ff6d45c8c451b9ffb927ea07c5d4e f62ebea1315d4686aa334555245d89d0 - - default default] Successfully bumped revision number for resource 46b715aa-73f7-449c-8ea9-92bda1e6b899 (type: networks) to 1
2026-05-09 22:55:28.545 10 WARNING neutron.scheduler.dhcp_agent_scheduler [None req-d5da80f0-ff12-4649-875f-65c43cf173d5 ff5ff6d45c8c451b9ffb927ea07c5d4e f62ebea1315d4686aa334555245d89d0 - - default default] No more DHCP agents
2026-05-09 22:55:28.547 10 WARNING neutron.api.rpc.agentnotifiers.dhcp_rpc_agent_api [None req-d5da80f0-ff12-4649-875f-65c43cf173d5 ff5ff6d45c8c451b9ffb927ea07c5d4e f62ebea1315d4686aa334555245d89d0 - - default default] Unable to schedule network 46b715aa-73f7-449c-8ea9-92bda1e6b899: no agents available; will retry on subsequent port and subnet creation events.
2026-05-09 22:55:28.619 10 INFO neutron.db.ovn_revision_numbers_db [None req-d5da80f0-ff12-4649-875f-65c43cf173d5 ff5ff6d45c8c451b9ffb927ea07c5d4e f62ebea1315d4686aa334555245d89d0 - - default default] Successfully bumped revision number for resource fc58691d-0810-4859-8842-98ed05b1f326 (type: ports) to 1
2026-05-09 22:55:28.644 10 INFO neutron.api.wsgi [None req-d5da80f0-ff12-4649-875f-65c43cf173d5 ff5ff6d45c8c451b9ffb927ea07c5d4e f62ebea1315d4686aa334555245d89d0 - - default default] 10.0.0.215 "POST /v2.0/networks HTTP/1.1" status: 201 len: 831 time: 0.4837852
2026-05-09 22:55:28.656 10 WARNING neutron_lib.context [None req-b102a348-303c-4c23-8438-f67545b42e01 ff5ff6d45c8c451b9ffb927ea07c5d4e f62ebea1315d4686aa334555245d89d0 - - default default] Method 'is_advsvc' is deprecated since 2023.2 release (neutron-lib 3.8.0) and will be removed once support for the old RBAC API policies will be removed from Neutron. Please use method 'is_service_role' instead.
2026-05-09 22:55:28.810 10 WARNING neutron.scheduler.dhcp_agent_scheduler [None req-b102a348-303c-4c23-8438-f67545b42e01 ff5ff6d45c8c451b9ffb927ea07c5d4e f62ebea1315d4686aa334555245d89d0 - - default default] No more DHCP agents
2026-05-09 22:55:28.811 10 WARNING neutron.api.rpc.agentnotifiers.dhcp_rpc_agent_api [None req-b102a348-303c-4c23-8438-f67545b42e01 ff5ff6d45c8c451b9ffb927ea07c5d4e f62ebea1315d4686aa334555245d89d0 - - default default] Unable to schedule network 46b715aa-73f7-449c-8ea9-92bda1e6b899: no agents available; will retry on subsequent port and subnet creation events.
2026-05-09 22:55:29.211 10 INFO neutron.api.wsgi [req-0d9b33a1-b6f6-4013-bb88-e83058848d98 req-3365da5c-3913-4b85-b9d5-7834e0ea1be7 f3db9f781a88427b926dd4984d1d2cda a2cf1754203e48f4ae1d34b770dc204e - - default default] 10.0.0.116 "GET /v2.0/networks?id=a7a11294-5057-4618-8b83-070559b78e9b HTTP/1.1" status: 200 len: 877 time: 0.0669994
2026-05-09 22:55:29.233 10 INFO neutron.api.wsgi [req-0d9b33a1-b6f6-4013-bb88-e83058848d98 req-3f528969-bccb-4fb8-8776-0311093192aa f3db9f781a88427b926dd4984d1d2cda a2cf1754203e48f4ae1d34b770dc204e - - default default] 10.0.0.116 "GET /v2.0/quotas/a2cf1754203e48f4ae1d34b770dc204e HTTP/1.1" status: 200 len: 491 time: 0.0152915
2026-05-09 22:55:29.334 10 INFO neutron.api.wsgi [req-0d9b33a1-b6f6-4013-bb88-e83058848d98 req-abed017f-645f-44bc-bb4b-9faa5e8144fd f3db9f781a88427b926dd4984d1d2cda a2cf1754203e48f4ae1d34b770dc204e - - default default] 10.0.0.116 "GET /v2.0/ports?tenant_id=a2cf1754203e48f4ae1d34b770dc204e&fields=id HTTP/1.1" status: 200 len: 302 time: 0.0938692
2026-05-09 22:55:29.354 10 INFO neutron.db.ovn_revision_numbers_db [None req-fa300eed-baf6-4b6a-8199-34661e52170d - - - - - -] Successfully bumped revision number for resource fc58691d-0810-4859-8842-98ed05b1f326 (type: ports) to 2
2026-05-09 22:55:29.390 10 INFO neutron.api.wsgi [req-0d9b33a1-b6f6-4013-bb88-e83058848d98 req-46ed00cf-a7b4-4adc-bd0d-e65ef8c8f3bc 5cddc22acd2a45c495bbf03e23def64f 95c991d61fd74039a97361e703a045b9 - - b74fb1e0c7fc469a8132ce3fe1e367c8 b74fb1e0c7fc469a8132ce3fe1e367c8] 10.0.0.116 "GET /v2.0/networks/a7a11294-5057-4618-8b83-070559b78e9b?fields=segments HTTP/1.1" status: 200 len: 212 time: 0.0473895
2026-05-09 22:55:29.391 10 INFO neutron.db.ovn_revision_numbers_db [None req-fa300eed-baf6-4b6a-8199-34661e52170d - - - - - -] Successfully bumped revision number for resource c5cd73bd-6d58-4e66-9e78-d3b3b12cfb81 (type: subnets) to 0
2026-05-09 22:55:29.408 10 INFO neutron.api.wsgi [None req-b102a348-303c-4c23-8438-f67545b42e01 ff5ff6d45c8c451b9ffb927ea07c5d4e f62ebea1315d4686aa334555245d89d0 - - default default] 10.0.0.215 "POST /v2.0/subnets HTTP/1.1" status: 201 len: 828 time: 0.7587481
2026-05-09 22:55:29.441 10 INFO neutron.api.wsgi [req-0d9b33a1-b6f6-4013-bb88-e83058848d98 req-5d49f622-1e5f-4d8e-a054-4bf4e71658a9 5cddc22acd2a45c495bbf03e23def64f 95c991d61fd74039a97361e703a045b9 - - b74fb1e0c7fc469a8132ce3fe1e367c8 b74fb1e0c7fc469a8132ce3fe1e367c8] 10.0.0.116 "GET /v2.0/networks/a7a11294-5057-4618-8b83-070559b78e9b?fields=provider%3Aphysical_network&fields=provider%3Anetwork_type HTTP/1.1" status: 200 len: 277 time: 0.0425031
2026-05-09 22:55:29.802 9 INFO neutron.plugins.ml2.drivers.ovn.mech_driver.mech_driver [None req-efa66201-c0ae-4163-b4d1-af3dc02a9073 - - - - - -] OVN reports status up for port: 4146d217-9900-48b0-b74d-0f6034a9bc35
2026-05-09 22:55:29.809 9 INFO neutron.api.wsgi [req-a295d2b5-0cff-4409-972b-5b34af1f5dc3 req-6c0b9456-46cb-4f9b-a861-0601252ca880 f3db9f781a88427b926dd4984d1d2cda a2cf1754203e48f4ae1d34b770dc204e - - default default] 10.0.0.116 "GET /v2.0/ports?device_id=56b5c89b-4fe7-45e9-928b-574c76fb627b HTTP/1.1" status: 200 len: 210 time: 0.0182879
2026-05-09 22:55:29.814 9 INFO neutron.plugins.ml2.plugin [None req-efa66201-c0ae-4163-b4d1-af3dc02a9073 - - - - - -] Attempt 1 to provision port 4146d217-9900-48b0-b74d-0f6034a9bc35
2026-05-09 22:55:29.821 9 INFO neutron.api.wsgi [None req-81c05c0c-973c-4b51-a089-3b0ea40396d4 ff5ff6d45c8c451b9ffb927ea07c5d4e f62ebea1315d4686aa334555245d89d0 - - default default] 10.0.0.215 "PUT /v2.0/subnets/5c60d1f2-cb70-43af-acbc-50e5c14e999e/tags HTTP/1.1" status: 200 len: 210 time: 0.4050951
2026-05-09 22:55:29.875 10 INFO neutron.api.wsgi [None req-dd89aba7-7eac-44d8-8b0d-1edacb3287de ff5ff6d45c8c451b9ffb927ea07c5d4e f62ebea1315d4686aa334555245d89d0 - - default default] 10.0.0.215 "PUT /v2.0/subnets/e88ec421-dcc3-4a9e-9152-41da24f30c0a/tags HTTP/1.1" status: 200 len: 218 time: 0.0483367
2026-05-09 22:55:29.916 10 INFO neutron.api.wsgi [None req-129bbc50-b7d0-4597-b8d1-87321121e909 ff5ff6d45c8c451b9ffb927ea07c5d4e f62ebea1315d4686aa334555245d89d0 - - default default] 10.0.0.215 "PUT /v2.0/subnets/e0c38560-d15d-4f47-9bd0-cdf4ba213fd6/tags HTTP/1.1" status: 200 len: 227 time: 0.0371480
2026-05-09 22:55:29.950 10 INFO neutron.api.wsgi [None req-45ebd893-2304-4af1-beec-b8a19d5500ba ff5ff6d45c8c451b9ffb927ea07c5d4e f62ebea1315d4686aa334555245d89d0 - - default default] 10.0.0.215 "PUT /v2.0/subnets/88287fbb-8e7d-40b2-bc99-30e20db9ed68/tags HTTP/1.1" status: 200 len: 212 time: 0.0304399
2026-05-09 22:55:29.991 10 INFO neutron.api.wsgi [None req-5848f7b8-fbfc-4c7f-acd0-8d40ff7f3629 ff5ff6d45c8c451b9ffb927ea07c5d4e f62ebea1315d4686aa334555245d89d0 - - default default] 10.0.0.215 "GET /v2.0/subnets?tags=red HTTP/1.1" status: 200 len: 2099 time: 0.0362852
2026-05-09 22:55:30.035 10 INFO neutron.api.wsgi [None req-8ccb8821-b8db-43cf-8323-0762ee073eaf ff5ff6d45c8c451b9ffb927ea07c5d4e f62ebea1315d4686aa334555245d89d0 - - default default] 10.0.0.215 "GET /v2.0/subnets?tags=red%2Cblue HTTP/1.1" status: 200 len: 1478 time: 0.0395503
2026-05-09 22:55:30.082 10 INFO neutron.api.wsgi [None req-09827ca6-2b1e-4b64-bb3a-036657a85f51 ff5ff6d45c8c451b9ffb927ea07c5d4e f62ebea1315d4686aa334555245d89d0 - - default default] 10.0.0.215 "GET /v2.0/subnets?tags-any=blue HTTP/1.1" status: 200 len: 1478 time: 0.0414674
2026-05-09 22:55:30.117 10 INFO neutron.api.wsgi [None req-6fc64b2c-3ed7-464e-8b43-6dfcfae6f18c ff5ff6d45c8c451b9ffb927ea07c5d4e f62ebea1315d4686aa334555245d89d0 - - default default] 10.0.0.215 "GET /v2.0/subnets?tags-any=red%2Cblue HTTP/1.1" status: 200 len: 2099 time: 0.0311036
2026-05-09 22:55:30.158 10 INFO neutron.api.wsgi [None req-5aab184a-6e0e-4d9a-8641-72f262e84f1e ff5ff6d45c8c451b9ffb927ea07c5d4e f62ebea1315d4686aa334555245d89d0 - - default default] 10.0.0.215 "GET /v2.0/subnets?not-tags=red HTTP/1.1" status: 200 len: 2089 time: 0.0366309
2026-05-09 22:55:30.184 9 INFO neutron.db.ovn_revision_numbers_db [None req-efa66201-c0ae-4163-b4d1-af3dc02a9073 - - - - - -] Successfully bumped revision number for resource 4146d217-9900-48b0-b74d-0f6034a9bc35 (type: ports) to 2
2026-05-09 22:55:30.209 10 INFO neutron.api.wsgi [None req-55dd459f-33dc-4a82-a9f4-a2b338b65de9 ff5ff6d45c8c451b9ffb927ea07c5d4e f62ebea1315d4686aa334555245d89d0 - - default default] 10.0.0.215 "GET /v2.0/subnets?not-tags=red%2Cblue HTTP/1.1" status: 200 len: 2710 time: 0.0462179
2026-05-09 22:55:30.261 9 INFO neutron.api.wsgi [None req-9c82f4bd-8afa-4b0e-b409-3fbb2d63646f ff5ff6d45c8c451b9ffb927ea07c5d4e f62ebea1315d4686aa334555245d89d0 - - default default] 10.0.0.215 "GET /v2.0/subnets?not-tags-any=blue HTTP/1.1" status: 200 len: 2710 time: 0.0460887
2026-05-09 22:55:30.314 10 INFO neutron.api.wsgi [None req-19628a4d-f58e-48e4-a13b-c01c1912277b ff5ff6d45c8c451b9ffb927ea07c5d4e f62ebea1315d4686aa334555245d89d0 - - default default] 10.0.0.215 "GET /v2.0/subnets?not-tags-any=red%2Cblue HTTP/1.1" status: 200 len: 2089 time: 0.0476277
2026-05-09 22:55:30.339 9 INFO neutron.db.ovn_revision_numbers_db [None req-2bc8c693-5413-470b-8647-744f0fb8588e 9bbc180c5a484edf9128827656385cd9 2bc46190b2394f9ea24c0ef16398a7b9 - - default default] Successfully bumped revision number for resource ef246915-e74c-4c3d-8140-69c582a2a6d8 (type: security_groups) to 1
2026-05-09 22:55:30.353 9 INFO neutron.db.ovn_revision_numbers_db [None req-2bc8c693-5413-470b-8647-744f0fb8588e 9bbc180c5a484edf9128827656385cd9 2bc46190b2394f9ea24c0ef16398a7b9 - - default default] Successfully bumped revision number for resource 2a8649ba-b1ee-49a8-9769-d4642f2455f7 (type: security_group_rules) to 0
2026-05-09 22:55:30.365 9 INFO neutron.db.ovn_revision_numbers_db [None req-2bc8c693-5413-470b-8647-744f0fb8588e 9bbc180c5a484edf9128827656385cd9 2bc46190b2394f9ea24c0ef16398a7b9 - - default default] Successfully bumped revision number for resource 83aa7a76-6540-4121-806b-3d3e5481d78c (type: security_group_rules) to 0
2026-05-09 22:55:30.383 9 INFO neutron.db.ovn_revision_numbers_db [None req-2bc8c693-5413-470b-8647-744f0fb8588e 9bbc180c5a484edf9128827656385cd9 2bc46190b2394f9ea24c0ef16398a7b9 - - default default] Successfully bumped revision number for resource 879437c0-8dbf-46e9-ab28-b30bd53cff6d (type: security_group_rules) to 0
2026-05-09 22:55:30.398 9 INFO neutron.db.ovn_revision_numbers_db [None req-2bc8c693-5413-470b-8647-744f0fb8588e 9bbc180c5a484edf9128827656385cd9 2bc46190b2394f9ea24c0ef16398a7b9 - - default default] Successfully bumped revision number for resource dc18adfa-7435-42fd-9fb7-c710d229e65d (type: security_group_rules) to 0
2026-05-09 22:55:30.443 9 INFO neutron.api.wsgi [None req-2bc8c693-5413-470b-8647-744f0fb8588e 9bbc180c5a484edf9128827656385cd9 2bc46190b2394f9ea24c0ef16398a7b9 - - default default] 10.0.0.215 "GET /v2.0/security-groups?tenant_id=ab0bd0afc82e4e14a1f103ce49d2a850&name=default HTTP/1.1" status: 200 len: 3120 time: 0.3856244
2026-05-09 22:55:30.509 10 INFO neutron.api.wsgi [None req-b2d0817b-20f5-4603-86cb-45a447e8e936 ff5ff6d45c8c451b9ffb927ea07c5d4e f62ebea1315d4686aa334555245d89d0 - - default default] 10.0.0.215 "DELETE /v2.0/subnets/5c60d1f2-cb70-43af-acbc-50e5c14e999e HTTP/1.1" status: 204 len: 168 time: 0.1887691
2026-05-09 22:55:30.657 10 INFO neutron.api.wsgi [None req-03342ac0-d3fa-453a-a41a-a030e92a2a74 9bbc180c5a484edf9128827656385cd9 2bc46190b2394f9ea24c0ef16398a7b9 - - default default] 10.0.0.215 "DELETE /v2.0/security-groups/ef246915-e74c-4c3d-8140-69c582a2a6d8 HTTP/1.1" status: 204 len: 168 time: 0.2093642
2026-05-09 22:55:30.675 9 INFO neutron.api.wsgi [None req-bc923da2-cfe5-4eb1-b0de-7c4fd17eaf78 ff5ff6d45c8c451b9ffb927ea07c5d4e f62ebea1315d4686aa334555245d89d0 - - default default] 10.0.0.215 "DELETE /v2.0/subnets/e88ec421-dcc3-4a9e-9152-41da24f30c0a HTTP/1.1" status: 204 len: 168 time: 0.1597071
2026-05-09 22:55:30.829 9 INFO neutron.api.wsgi [None req-d802ec60-3ca6-4220-961c-6d6ce5823aa6 ff5ff6d45c8c451b9ffb927ea07c5d4e f62ebea1315d4686aa334555245d89d0 - - default default] 10.0.0.215 "DELETE /v2.0/subnets/e0c38560-d15d-4f47-9bd0-cdf4ba213fd6 HTTP/1.1" status: 204 len: 168 time: 0.1484714
2026-05-09 22:55:30.860 10 INFO neutron.db.ovn_revision_numbers_db [None req-f83d9fbb-d255-4118-bd71-17c7d1cc2445 9bbc180c5a484edf9128827656385cd9 2bc46190b2394f9ea24c0ef16398a7b9 - - default default] Successfully bumped revision number for resource 654da827-8cea-447c-8bd6-5ac71fc92547 (type: security_groups) to 1
2026-05-09 22:55:30.880 10 INFO neutron.api.wsgi [req-c4882292-f4b4-47a2-b92b-ab1723aa808e req-427029d3-0949-4258-95f9-afcd9dcf9141 f3db9f781a88427b926dd4984d1d2cda a2cf1754203e48f4ae1d34b770dc204e - - default default] 10.0.0.116 "GET /v2.0/ports?device_id=56b5c89b-4fe7-45e9-928b-574c76fb627b HTTP/1.1" status: 200 len: 210 time: 0.0151222
2026-05-09 22:55:30.881 10 INFO neutron.db.ovn_revision_numbers_db [None req-f83d9fbb-d255-4118-bd71-17c7d1cc2445 9bbc180c5a484edf9128827656385cd9 2bc46190b2394f9ea24c0ef16398a7b9 - - default default] Successfully bumped revision number for resource 11089447-52ef-43ac-ab5c-f536de951578 (type: security_group_rules) to 0
2026-05-09 22:55:30.898 10 INFO neutron.db.ovn_revision_numbers_db [None req-f83d9fbb-d255-4118-bd71-17c7d1cc2445 9bbc180c5a484edf9128827656385cd9 2bc46190b2394f9ea24c0ef16398a7b9 - - default default] Successfully bumped revision number for resource 33f124ab-4dad-4f4c-b24e-257f7ed72d7a (type: security_group_rules) to 0
2026-05-09 22:55:30.913 10 INFO neutron.db.ovn_revision_numbers_db [None req-f83d9fbb-d255-4118-bd71-17c7d1cc2445 9bbc180c5a484edf9128827656385cd9 2bc46190b2394f9ea24c0ef16398a7b9 - - default default] Successfully bumped revision number for resource 7e7d3beb-33fa-4357-9ede-5d6a3528506a (type: security_group_rules) to 0
2026-05-09 22:55:30.932 10 INFO neutron.db.ovn_revision_numbers_db [None req-f83d9fbb-d255-4118-bd71-17c7d1cc2445 9bbc180c5a484edf9128827656385cd9 2bc46190b2394f9ea24c0ef16398a7b9 - - default default] Successfully bumped revision number for resource b2ad9559-79dd-4946-9ca1-461539d7e2a3 (type: security_group_rules) to 0
2026-05-09 22:55:30.969 10 INFO neutron.api.wsgi [None req-f83d9fbb-d255-4118-bd71-17c7d1cc2445 9bbc180c5a484edf9128827656385cd9 2bc46190b2394f9ea24c0ef16398a7b9 - - default default] 10.0.0.215 "GET /v2.0/security-groups?tenant_id=403b8f8d57e649a19e5d20033df242a7&name=default HTTP/1.1" status: 200 len: 3120 time: 0.2266622
2026-05-09 22:55:31.005 10 INFO neutron.api.wsgi [None req-21d4d57d-676d-4ceb-9ea4-7e293e657a3a ff5ff6d45c8c451b9ffb927ea07c5d4e f62ebea1315d4686aa334555245d89d0 - - default default] 10.0.0.215 "DELETE /v2.0/subnets/88287fbb-8e7d-40b2-bc99-30e20db9ed68 HTTP/1.1" status: 204 len: 168 time: 0.1707413
2026-05-09 22:55:31.163 10 INFO neutron.api.wsgi [None req-8a0fbca4-68b0-4b56-a642-7171435783c7 ff5ff6d45c8c451b9ffb927ea07c5d4e f62ebea1315d4686aa334555245d89d0 - - default default] 10.0.0.215 "DELETE /v2.0/subnets/c5cd73bd-6d58-4e66-9e78-d3b3b12cfb81 HTTP/1.1" status: 204 len: 168 time: 0.1547120
2026-05-09 22:55:31.187 10 INFO neutron.api.wsgi [None req-21e02e23-a6ed-4200-8c4b-cf9296971f98 9bbc180c5a484edf9128827656385cd9 2bc46190b2394f9ea24c0ef16398a7b9 - - default default] 10.0.0.215 "DELETE /v2.0/security-groups/654da827-8cea-447c-8bd6-5ac71fc92547 HTTP/1.1" status: 204 len: 168 time: 0.2136197
2026-05-09 22:55:31.463 9 INFO neutron.services.segments.plugin [-] Segment bf01ee51-099c-4d76-875d-aab7f07dd2ca resource provider aggregate not found
2026-05-09 22:55:31.482 9 INFO neutron.services.segments.plugin [-] Segment bf01ee51-099c-4d76-875d-aab7f07dd2ca resource provider not found; error: Placement Client Error (4xx): {"errors": [{"status": 404, "title": "Not Found", "detail": "The resource could not be found.\n\n No resource provider with uuid bf01ee51-099c-4d76-875d-aab7f07dd2ca found for delete ", "request_id": "req-0aeda710-7044-4021-bbd7-f18d2950f292"}]}
2026-05-09 22:55:31.492 9 INFO neutron.services.segments.plugin [-] Segment bf01ee51-099c-4d76-875d-aab7f07dd2ca resource provider aggregate not found
2026-05-09 22:55:31.504 9 INFO neutron.services.segments.plugin [-] Segment bf01ee51-099c-4d76-875d-aab7f07dd2ca resource provider not found; error: Placement Client Error (4xx): {"errors": [{"status": 404, "title": "Not Found", "detail": "The resource could not be found.\n\n No resource provider with uuid bf01ee51-099c-4d76-875d-aab7f07dd2ca found for delete ", "request_id": "req-18f39539-e8cd-45c0-a0a1-b4b30a879208"}]}
2026-05-09 22:55:31.518 9 INFO neutron.api.wsgi [None req-3b18fc51-8379-48e4-bff0-66187f0ddd1e ff5ff6d45c8c451b9ffb927ea07c5d4e f62ebea1315d4686aa334555245d89d0 - - default default] 10.0.0.215 "DELETE /v2.0/networks/dd6a7869-d049-4585-9786-d5fe6658720f HTTP/1.1" status: 204 len: 168 time: 0.3484545
2026-05-09 22:55:31.861 9 INFO neutron.api.wsgi [None req-1b73cb9f-0710-4d3b-9394-bfc0b78c15ec ff5ff6d45c8c451b9ffb927ea07c5d4e f62ebea1315d4686aa334555245d89d0 - - default default] 10.0.0.215 "DELETE /v2.0/networks/c7a5b4c7-7cac-439e-b696-5644dad71c51 HTTP/1.1" status: 204 len: 168 time: 0.3375146
2026-05-09 22:55:31.973 9 INFO neutron.api.wsgi [req-87b56e2d-6984-4493-953b-d76c65b5f6c6 req-58a27bcd-a0e1-49b7-88fc-c9e95428e12f f3db9f781a88427b926dd4984d1d2cda a2cf1754203e48f4ae1d34b770dc204e - - default default] 10.0.0.116 "GET /v2.0/ports?device_id=56b5c89b-4fe7-45e9-928b-574c76fb627b HTTP/1.1" status: 200 len: 210 time: 0.0364835
2026-05-09 22:55:32.217 9 INFO neutron.api.wsgi [None req-d8e89079-9aa5-47c7-9cb4-292ddd212b50 ff5ff6d45c8c451b9ffb927ea07c5d4e f62ebea1315d4686aa334555245d89d0 - - default default] 10.0.0.215 "DELETE /v2.0/networks/05509ee2-bfa0-4ab8-b334-065f6273c3ce HTTP/1.1" status: 204 len: 168 time: 0.3517568
2026-05-09 22:55:32.557 9 INFO neutron.api.wsgi [None req-49553052-24af-41af-8a50-ed2c11f2ac6e ff5ff6d45c8c451b9ffb927ea07c5d4e f62ebea1315d4686aa334555245d89d0 - - default default] 10.0.0.215 "DELETE /v2.0/networks/a0fa808a-b26b-4a5f-884a-455fbddf7d82 HTTP/1.1" status: 204 len: 168 time: 0.3329847
2026-05-09 22:55:32.881 9 INFO neutron.api.wsgi [None req-06a5042a-889f-4fea-b638-442933e38d3b ff5ff6d45c8c451b9ffb927ea07c5d4e f62ebea1315d4686aa334555245d89d0 - - default default] 10.0.0.215 "DELETE /v2.0/networks/46b715aa-73f7-449c-8ea9-92bda1e6b899 HTTP/1.1" status: 204 len: 168 time: 0.3195016
2026-05-09 22:55:33.018 10 INFO neutron.api.wsgi [-] 10.0.0.115 "GET / HTTP/1.1" status: 200 len: 247 time: 0.0029974
2026-05-09 22:55:33.020 10 INFO neutron.api.wsgi [-] 10.0.0.115 "GET / HTTP/1.1" status: 200 len: 247 time: 0.0012712
2026-05-09 22:55:33.048 10 INFO neutron.api.wsgi [req-2a0fd385-08a4-4287-b026-c742185c84d2 req-10f77b8c-b2fc-491d-aa88-442825d0d203 f3db9f781a88427b926dd4984d1d2cda a2cf1754203e48f4ae1d34b770dc204e - - default default] 10.0.0.116 "GET /v2.0/ports?device_id=56b5c89b-4fe7-45e9-928b-574c76fb627b HTTP/1.1" status: 200 len: 210 time: 0.0201347
2026-05-09 22:55:33.501 9 INFO neutron.services.segments.plugin [-] Segment de0f4b01-db18-4ea3-8d33-6da8a3515e45 resource provider aggregate not found
2026-05-09 22:55:33.521 9 INFO neutron.services.segments.plugin [-] Segment de0f4b01-db18-4ea3-8d33-6da8a3515e45 resource provider aggregate not found
2026-05-09 22:55:33.529 9 INFO neutron.services.segments.plugin [-] Segment de0f4b01-db18-4ea3-8d33-6da8a3515e45 resource provider not found; error: Placement Client Error (4xx): {"errors": [{"status": 404, "title": "Not Found", "detail": "The resource could not be found.\n\n No resource provider with uuid de0f4b01-db18-4ea3-8d33-6da8a3515e45 found for delete ", "request_id": "req-9e3a6429-1a38-45e2-b583-f0ca86d618eb"}]}
2026-05-09 22:55:33.542 9 INFO neutron.services.segments.plugin [-] Segment 84f604d5-4fae-4166-bc98-2f978b13f9ea resource provider aggregate not found
2026-05-09 22:55:33.547 9 INFO neutron.services.segments.plugin [-] Segment de0f4b01-db18-4ea3-8d33-6da8a3515e45 resource provider not found; error: Placement Client Error (4xx): {"errors": [{"status": 404, "title": "Not Found", "detail": "The resource could not be found.\n\n No resource provider with uuid de0f4b01-db18-4ea3-8d33-6da8a3515e45 found for delete ", "request_id": "req-a6197a20-58de-4f64-baa2-c0d6bf0d5949"}]}
2026-05-09 22:55:33.562 9 INFO neutron.services.segments.plugin [-] Segment 84f604d5-4fae-4166-bc98-2f978b13f9ea resource provider not found; error: Placement Client Error (4xx): {"errors": [{"status": 404, "title": "Not Found", "detail": "The resource could not be found.\n\n No resource provider with uuid 84f604d5-4fae-4166-bc98-2f978b13f9ea found for delete ", "request_id": "req-2da43223-a5f9-4cd1-8f1b-4cb7bdbb1aa4"}]}
2026-05-09 22:55:33.574 9 INFO neutron.services.segments.plugin [-] Segment 84f604d5-4fae-4166-bc98-2f978b13f9ea resource provider aggregate not found
2026-05-09 22:55:33.581 9 INFO neutron.services.segments.plugin [-] Segment af9d38a2-3bd6-4d69-bc32-317c77f3b7f1 resource provider aggregate not found
2026-05-09 22:55:33.588 9 INFO neutron.services.segments.plugin [-] Segment 84f604d5-4fae-4166-bc98-2f978b13f9ea resource provider not found; error: Placement Client Error (4xx): {"errors": [{"status": 404, "title": "Not Found", "detail": "The resource could not be found.\n\n No resource provider with uuid 84f604d5-4fae-4166-bc98-2f978b13f9ea found for delete ", "request_id": "req-65cb3457-dc1c-4a07-8c07-077c9a12fe5d"}]}
2026-05-09 22:55:33.593 9 INFO neutron.services.segments.plugin [-] Segment af9d38a2-3bd6-4d69-bc32-317c77f3b7f1 resource provider not found; error: Placement Client Error (4xx): {"errors": [{"status": 404, "title": "Not Found", "detail": "The resource could not be found.\n\n No resource provider with uuid af9d38a2-3bd6-4d69-bc32-317c77f3b7f1 found for delete ", "request_id": "req-bfe11342-7221-49e9-9a3d-d72f361bc685"}]}
2026-05-09 22:55:33.603 9 INFO neutron.services.segments.plugin [-] Segment af9d38a2-3bd6-4d69-bc32-317c77f3b7f1 resource provider aggregate not found
2026-05-09 22:55:33.607 9 INFO neutron.services.segments.plugin [-] Segment e219ab12-c4a5-4e76-a42c-c277551b63bd resource provider aggregate not found
2026-05-09 22:55:33.617 9 INFO neutron.services.segments.plugin [-] Segment e219ab12-c4a5-4e76-a42c-c277551b63bd resource provider not found; error: Placement Client Error (4xx): {"errors": [{"status": 404, "title": "Not Found", "detail": "The resource could not be found.\n\n No resource provider with uuid e219ab12-c4a5-4e76-a42c-c277551b63bd found for delete ", "request_id": "req-4fd8b35b-3a5c-42b7-98e6-600658acd306"}]}
2026-05-09 22:55:33.619 9 INFO neutron.services.segments.plugin [-] Segment af9d38a2-3bd6-4d69-bc32-317c77f3b7f1 resource provider not found; error: Placement Client Error (4xx): {"errors": [{"status": 404, "title": "Not Found", "detail": "The resource could not be found.\n\n No resource provider with uuid af9d38a2-3bd6-4d69-bc32-317c77f3b7f1 found for delete ", "request_id": "req-1532ec7d-0d46-4d03-9828-022e517a6d0b"}]}
2026-05-09 22:55:33.633 9 INFO neutron.services.segments.plugin [-] Segment e219ab12-c4a5-4e76-a42c-c277551b63bd resource provider aggregate not found
2026-05-09 22:55:33.651 9 INFO neutron.services.segments.plugin [-] Segment e219ab12-c4a5-4e76-a42c-c277551b63bd resource provider not found; error: Placement Client Error (4xx): {"errors": [{"status": 404, "title": "Not Found", "detail": "The resource could not be found.\n\n No resource provider with uuid e219ab12-c4a5-4e76-a42c-c277551b63bd found for delete ", "request_id": "req-8fbe2d43-a7a9-44cc-b1a2-ad248942556a"}]}
2026-05-09 22:55:33.849 9 INFO neutron.api.wsgi [req-0d9b33a1-b6f6-4013-bb88-e83058848d98 req-aa118439-bc18-49b6-b001-61ccc68fafc7 f3db9f781a88427b926dd4984d1d2cda a2cf1754203e48f4ae1d34b770dc204e - - default default] 199.204.45.250 "GET /v2.0/networks?id=a7a11294-5057-4618-8b83-070559b78e9b HTTP/1.1" status: 200 len: 877 time: 0.0536184
2026-05-09 22:55:33.860 9 WARNING neutron_lib.context [req-0d9b33a1-b6f6-4013-bb88-e83058848d98 req-c60e252b-49fc-496f-87f0-f858412cd113 f3db9f781a88427b926dd4984d1d2cda a2cf1754203e48f4ae1d34b770dc204e - - default default] Method 'is_advsvc' is deprecated since 2023.2 release (neutron-lib 3.8.0) and will be removed once support for the old RBAC API policies will be removed from Neutron. Please use method 'is_service_role' instead.
2026-05-09 22:55:34.055 10 INFO neutron.db.ovn_revision_numbers_db [None req-69bbe368-a98b-4ef9-9743-13141f02eefe 9bbc180c5a484edf9128827656385cd9 2bc46190b2394f9ea24c0ef16398a7b9 - - default default] Successfully bumped revision number for resource 36d74780-fef0-4e58-8ecd-a374bc396886 (type: security_groups) to 1
2026-05-09 22:55:34.068 10 INFO neutron.db.ovn_revision_numbers_db [None req-69bbe368-a98b-4ef9-9743-13141f02eefe 9bbc180c5a484edf9128827656385cd9 2bc46190b2394f9ea24c0ef16398a7b9 - - default default] Successfully bumped revision number for resource 3ad1c1a0-2e50-47d4-9133-86d24ddc7cf3 (type: security_group_rules) to 0
2026-05-09 22:55:34.087 10 INFO neutron.db.ovn_revision_numbers_db [None req-69bbe368-a98b-4ef9-9743-13141f02eefe 9bbc180c5a484edf9128827656385cd9 2bc46190b2394f9ea24c0ef16398a7b9 - - default default] Successfully bumped revision number for resource af1280c4-97a6-4d58-90f7-c467aead2d39 (type: security_group_rules) to 0
2026-05-09 22:55:34.102 10 INFO neutron.db.ovn_revision_numbers_db [None req-69bbe368-a98b-4ef9-9743-13141f02eefe 9bbc180c5a484edf9128827656385cd9 2bc46190b2394f9ea24c0ef16398a7b9 - - default default] Successfully bumped revision number for resource b095a79a-8fba-4719-80f8-1afdd5dadab3 (type: security_group_rules) to 0
2026-05-09 22:55:34.115 10 INFO neutron.db.ovn_revision_numbers_db [None req-69bbe368-a98b-4ef9-9743-13141f02eefe 9bbc180c5a484edf9128827656385cd9 2bc46190b2394f9ea24c0ef16398a7b9 - - default default] Successfully bumped revision number for resource ddda73b8-9b58-448d-8afe-c6d41296d31e (type: security_group_rules) to 0 /var/lib/openstack/lib/python3.12/site-packages/pycadf/identifier.py:71: UserWarning: Invalid uuid: neutron. To ensure interoperability, identifiers should be a valid uuid. warnings.warn(('Invalid uuid: %s. To ensure interoperability, '
2026-05-09 22:55:34.145 10 INFO neutron.api.wsgi [None req-69bbe368-a98b-4ef9-9743-13141f02eefe 9bbc180c5a484edf9128827656385cd9 2bc46190b2394f9ea24c0ef16398a7b9 - - default default] 10.0.0.215 "GET /v2.0/security-groups?tenant_id=97fa321d1aaa4b0685b4de0c8aa9162c&name=default HTTP/1.1" status: 200 len: 3120 time: 0.4268296
2026-05-09 22:55:34.150 9 WARNING neutron.scheduler.dhcp_agent_scheduler [req-0d9b33a1-b6f6-4013-bb88-e83058848d98 req-c60e252b-49fc-496f-87f0-f858412cd113 f3db9f781a88427b926dd4984d1d2cda a2cf1754203e48f4ae1d34b770dc204e - - default default] No more DHCP agents
2026-05-09 22:55:34.152 9 WARNING neutron.api.rpc.agentnotifiers.dhcp_rpc_agent_api [req-0d9b33a1-b6f6-4013-bb88-e83058848d98 req-c60e252b-49fc-496f-87f0-f858412cd113 f3db9f781a88427b926dd4984d1d2cda a2cf1754203e48f4ae1d34b770dc204e - - default default] Unable to schedule network a7a11294-5057-4618-8b83-070559b78e9b: no agents available; will retry on subsequent port and subnet creation events.
2026-05-09 22:55:34.185 9 INFO neutron.api.wsgi [req-d71d3da8-e8f0-4786-bfb6-e5ee465cf3b3 req-45853205-0532-488f-a9c1-548aef0bbb34 f3db9f781a88427b926dd4984d1d2cda a2cf1754203e48f4ae1d34b770dc204e - - default default] 10.0.0.116 "GET /v2.0/ports?device_id=56b5c89b-4fe7-45e9-928b-574c76fb627b HTTP/1.1" status: 200 len: 1160 time: 0.0757470 /var/lib/openstack/lib/python3.12/site-packages/pycadf/identifier.py:71: UserWarning: Invalid uuid: neutron. To ensure interoperability, identifiers should be a valid uuid. warnings.warn(('Invalid uuid: %s. To ensure interoperability, '
2026-05-09 22:55:34.238 9 INFO neutron.api.wsgi [req-d71d3da8-e8f0-4786-bfb6-e5ee465cf3b3 req-3a85d156-293f-43ea-a4cc-27f7285b269c f3db9f781a88427b926dd4984d1d2cda a2cf1754203e48f4ae1d34b770dc204e - - default default] 10.0.0.116 "GET /v2.0/security-groups?id=022e4c28-2928-4057-9ecd-30a26ccef6d4&fields=id&fields=name HTTP/1.1" status: 200 len: 286 time: 0.0460207
2026-05-09 22:55:34.290 9 INFO neutron.db.ovn_revision_numbers_db [req-0d9b33a1-b6f6-4013-bb88-e83058848d98 req-c60e252b-49fc-496f-87f0-f858412cd113 f3db9f781a88427b926dd4984d1d2cda a2cf1754203e48f4ae1d34b770dc204e - - default default] Successfully bumped revision number for resource 51d5b23b-3530-4b43-94c5-66f8fb083aad (type: ports) to 1
2026-05-09 22:55:34.312 9 INFO neutron.api.wsgi [req-0d9b33a1-b6f6-4013-bb88-e83058848d98 req-c60e252b-49fc-496f-87f0-f858412cd113 f3db9f781a88427b926dd4984d1d2cda a2cf1754203e48f4ae1d34b770dc204e - - default default] 199.204.45.250 "POST /v2.0/ports HTTP/1.1" status: 201 len: 1162 time: 0.4577308
2026-05-09 22:55:34.362 10 INFO neutron.api.wsgi [None req-48d10d57-41ad-41cf-a641-3bc599d5edf8 9bbc180c5a484edf9128827656385cd9 2bc46190b2394f9ea24c0ef16398a7b9 - - default default] 10.0.0.215 "DELETE /v2.0/security-groups/36d74780-fef0-4e58-8ecd-a374bc396886 HTTP/1.1" status: 204 len: 168 time: 0.2111454
2026-05-09 22:55:34.603 10 INFO neutron.db.ovn_revision_numbers_db [None req-1ca73bb0-b932-4eda-99e4-1e996a069ffc 9bbc180c5a484edf9128827656385cd9 2bc46190b2394f9ea24c0ef16398a7b9 - - default default] Successfully bumped revision number for resource 457e78d5-c96f-4457-920d-dfc4e4305dba (type: security_groups) to 1
2026-05-09 22:55:34.618 10 INFO neutron.db.ovn_revision_numbers_db [None req-1ca73bb0-b932-4eda-99e4-1e996a069ffc 9bbc180c5a484edf9128827656385cd9 2bc46190b2394f9ea24c0ef16398a7b9 - - default default] Successfully bumped revision number for resource 6f8649de-b4b2-4d4b-835e-0c0bcd0b82d6 (type: security_group_rules) to 0
2026-05-09 22:55:34.632 10 INFO neutron.db.ovn_revision_numbers_db [None req-1ca73bb0-b932-4eda-99e4-1e996a069ffc 9bbc180c5a484edf9128827656385cd9 2bc46190b2394f9ea24c0ef16398a7b9 - - default default] Successfully bumped revision number for resource 752ef655-b5f6-4c93-acb4-9ae90dea09fe (type: security_group_rules) to 0
2026-05-09 22:55:34.648 10 INFO neutron.db.ovn_revision_numbers_db [None req-1ca73bb0-b932-4eda-99e4-1e996a069ffc 9bbc180c5a484edf9128827656385cd9 2bc46190b2394f9ea24c0ef16398a7b9 - - default default] Successfully bumped revision number for resource c0ec1075-d548-4db4-becf-c6bf93d09e94 (type: security_group_rules) to 0
2026-05-09 22:55:34.663 10 INFO neutron.db.ovn_revision_numbers_db [None req-1ca73bb0-b932-4eda-99e4-1e996a069ffc 9bbc180c5a484edf9128827656385cd9 2bc46190b2394f9ea24c0ef16398a7b9 - - default default] Successfully bumped revision number for resource cf88aec0-8b2f-458c-878d-7370bfad1eb1 (type: security_group_rules) to 0
2026-05-09 22:55:34.697 9 INFO neutron.db.ovn_revision_numbers_db [req-0d9b33a1-b6f6-4013-bb88-e83058848d98 req-eb91897a-4431-46af-90a1-04a4e0bcbb9c 5cddc22acd2a45c495bbf03e23def64f 95c991d61fd74039a97361e703a045b9 - - b74fb1e0c7fc469a8132ce3fe1e367c8 b74fb1e0c7fc469a8132ce3fe1e367c8] Successfully bumped revision number for resource 51d5b23b-3530-4b43-94c5-66f8fb083aad (type: ports) to 2
2026-05-09 22:55:34.704 10 INFO neutron.api.wsgi [None req-1ca73bb0-b932-4eda-99e4-1e996a069ffc 9bbc180c5a484edf9128827656385cd9 2bc46190b2394f9ea24c0ef16398a7b9 - - default default] 10.0.0.215 "GET /v2.0/security-groups?tenant_id=49fdf79c53c542ef89ee46abd2acc358&name=default HTTP/1.1" status: 200 len: 3120 time: 0.2422349
2026-05-09 22:55:34.936 10 INFO neutron.api.wsgi [None req-8360d9bc-a037-4aa6-ab13-84b8f9484365 9bbc180c5a484edf9128827656385cd9 2bc46190b2394f9ea24c0ef16398a7b9 - - default default] 10.0.0.215 "DELETE /v2.0/security-groups/457e78d5-c96f-4457-920d-dfc4e4305dba HTTP/1.1" status: 204 len: 168 time: 0.2261267
2026-05-09 22:55:34.942 9 INFO neutron.db.ovn_revision_numbers_db [req-0d9b33a1-b6f6-4013-bb88-e83058848d98 req-eb91897a-4431-46af-90a1-04a4e0bcbb9c 5cddc22acd2a45c495bbf03e23def64f 95c991d61fd74039a97361e703a045b9 - - b74fb1e0c7fc469a8132ce3fe1e367c8 b74fb1e0c7fc469a8132ce3fe1e367c8] Successfully bumped revision number for resource 51d5b23b-3530-4b43-94c5-66f8fb083aad (type: ports) to 4
2026-05-09 22:55:34.972 9 INFO neutron.api.wsgi [req-0d9b33a1-b6f6-4013-bb88-e83058848d98 req-eb91897a-4431-46af-90a1-04a4e0bcbb9c 5cddc22acd2a45c495bbf03e23def64f 95c991d61fd74039a97361e703a045b9 - - b74fb1e0c7fc469a8132ce3fe1e367c8 b74fb1e0c7fc469a8132ce3fe1e367c8] 199.204.45.250 "PUT /v2.0/ports/51d5b23b-3530-4b43-94c5-66f8fb083aad HTTP/1.1" status: 200 len: 1408 time: 0.6547940
2026-05-09 22:55:35.009 9 INFO neutron.notifiers.nova [-] Nova event matching ['req-3ff6db05-d496-49d3-92a4-c0edcfcfbf5b'] response: {'name': 'network-changed', 'server_uuid': '56b5c89b-4fe7-45e9-928b-574c76fb627b', 'tag': '51d5b23b-3530-4b43-94c5-66f8fb083aad', 'status': 'completed', 'code': 200}
2026-05-09 22:55:35.107 9 WARNING neutron.plugins.ml2.drivers.ovn.mech_driver.ovsdb.ovn_client [None req-4783fdc1-f898-4e05-a964-b16a7cf35396 - - - - - -] No hosting information found for port 4146d217-9900-48b0-b74d-0f6034a9bc35: RuntimeError: No hosting information found for port 4146d217-9900-48b0-b74d-0f6034a9bc35
2026-05-09 22:55:35.125 10 INFO neutron.api.wsgi [None req-c1feca1f-9838-4385-bbf6-9bb0136dc1eb 9bbc180c5a484edf9128827656385cd9 2bc46190b2394f9ea24c0ef16398a7b9 - - default default] 10.0.0.215 "GET /v2.0/security-groups?tenant_id=f62ebea1315d4686aa334555245d89d0&name=default HTTP/1.1" status: 200 len: 3120 time: 0.0324469
2026-05-09 22:55:35.184 9 INFO neutron.db.ovn_revision_numbers_db [None req-4783fdc1-f898-4e05-a964-b16a7cf35396 - - - - - -] Successfully bumped revision number for resource 4146d217-9900-48b0-b74d-0f6034a9bc35 (type: router_ports) to 2 /var/lib/openstack/lib/python3.12/site-packages/pycadf/identifier.py:71: UserWarning: Invalid uuid: neutron. To ensure interoperability, identifiers should be a valid uuid. warnings.warn(('Invalid uuid: %s. To ensure interoperability, '
2026-05-09 22:55:35.327 9 INFO neutron.api.wsgi [req-78549aca-2b2e-4b0b-b309-c8dfc8f3baf4 req-0509a9a4-68fa-4039-9f9f-c668d748354f f3db9f781a88427b926dd4984d1d2cda a2cf1754203e48f4ae1d34b770dc204e - - default default] 10.0.0.116 "GET /v2.0/ports?device_id=56b5c89b-4fe7-45e9-928b-574c76fb627b HTTP/1.1" status: 200 len: 1172 time: 0.0336668
2026-05-09 22:55:35.334 10 INFO neutron.api.wsgi [None req-1e3c67e9-3d2c-4398-b164-9ccf4fa3e041 9bbc180c5a484edf9128827656385cd9 2bc46190b2394f9ea24c0ef16398a7b9 - - default default] 10.0.0.215 "DELETE /v2.0/security-groups/8d965254-8697-4fc3-a223-7a9d02ab0e89 HTTP/1.1" status: 204 len: 168 time: 0.2051806
2026-05-09 22:55:35.363 9 INFO neutron.api.wsgi [req-78549aca-2b2e-4b0b-b309-c8dfc8f3baf4 req-364541a7-5f33-48d8-bd5a-5417d57fe56b f3db9f781a88427b926dd4984d1d2cda a2cf1754203e48f4ae1d34b770dc204e - - default default] 10.0.0.116 "GET /v2.0/security-groups?id=022e4c28-2928-4057-9ecd-30a26ccef6d4&fields=id&fields=name HTTP/1.1" status: 200 len: 286 time: 0.0322094
2026-05-09 22:55:35.552 9 INFO neutron.api.wsgi [req-6f6c77fa-74fa-477a-b099-7ac2bdd637b2 req-e8993a22-72da-4cd7-a3c8-3af5e03807eb 5cddc22acd2a45c495bbf03e23def64f 95c991d61fd74039a97361e703a045b9 - - b74fb1e0c7fc469a8132ce3fe1e367c8 b74fb1e0c7fc469a8132ce3fe1e367c8] 199.204.45.250 "GET /v2.0/ports?tenant_id=a2cf1754203e48f4ae1d34b770dc204e&device_id=56b5c89b-4fe7-45e9-928b-574c76fb627b HTTP/1.1" status: 200 len: 1411 time: 0.0330579
2026-05-09 22:55:35.601 9 INFO neutron.api.wsgi [req-6f6c77fa-74fa-477a-b099-7ac2bdd637b2 req-6606a867-137f-4b5a-b966-f6c6b694a7fd 5cddc22acd2a45c495bbf03e23def64f 95c991d61fd74039a97361e703a045b9 - - b74fb1e0c7fc469a8132ce3fe1e367c8 b74fb1e0c7fc469a8132ce3fe1e367c8] 199.204.45.250 "GET /v2.0/networks?tenant_id=a2cf1754203e48f4ae1d34b770dc204e&shared=False HTTP/1.1" status: 200 len: 976 time: 0.0428660
2026-05-09 22:55:35.669 9 INFO neutron.api.wsgi [req-6f6c77fa-74fa-477a-b099-7ac2bdd637b2 req-574d4292-d4cc-4594-bd49-54bc0090602e 5cddc22acd2a45c495bbf03e23def64f 95c991d61fd74039a97361e703a045b9 - - b74fb1e0c7fc469a8132ce3fe1e367c8 b74fb1e0c7fc469a8132ce3fe1e367c8] 199.204.45.250 "GET /v2.0/networks?shared=True HTTP/1.1" status: 200 len: 952 time: 0.0624173
2026-05-09 22:55:36.094 10 INFO neutron.db.ovn_revision_numbers_db [None req-8898715d-2e1f-40a1-a5f6-4c06a39a2dcb 9bbc180c5a484edf9128827656385cd9 2bc46190b2394f9ea24c0ef16398a7b9 - - default default] Successfully bumped revision number for resource 4be33d0f-ad01-4b7f-8498-505c90ad79fd (type: security_groups) to 1
2026-05-09 22:55:36.109 10 INFO neutron.db.ovn_revision_numbers_db [None req-8898715d-2e1f-40a1-a5f6-4c06a39a2dcb 9bbc180c5a484edf9128827656385cd9 2bc46190b2394f9ea24c0ef16398a7b9 - - default default] Successfully bumped revision number for resource 0f1604b7-7352-4b77-8b5e-8e4a868f8c13 (type: security_group_rules) to 0
2026-05-09 22:55:36.122 10 INFO neutron.db.ovn_revision_numbers_db [None req-8898715d-2e1f-40a1-a5f6-4c06a39a2dcb 9bbc180c5a484edf9128827656385cd9 2bc46190b2394f9ea24c0ef16398a7b9 - - default default] Successfully bumped revision number for resource 4df48e45-ec21-4098-bc53-c9f1ce8ea684 (type: security_group_rules) to 0
2026-05-09 22:55:36.136 10 INFO neutron.db.ovn_revision_numbers_db [None req-8898715d-2e1f-40a1-a5f6-4c06a39a2dcb 9bbc180c5a484edf9128827656385cd9 2bc46190b2394f9ea24c0ef16398a7b9 - - default default] Successfully bumped revision number for resource 7e49e4ad-fb9f-4881-b824-f845cdebe0c4 (type: security_group_rules) to 0
2026-05-09 22:55:36.151 10 INFO neutron.db.ovn_revision_numbers_db [None req-8898715d-2e1f-40a1-a5f6-4c06a39a2dcb 9bbc180c5a484edf9128827656385cd9 2bc46190b2394f9ea24c0ef16398a7b9 - - default default] Successfully bumped revision number for resource f7884164-cba9-420b-a844-379548465a45 (type: security_group_rules) to 0
2026-05-09 22:55:36.197 10 INFO neutron.api.wsgi [None req-8898715d-2e1f-40a1-a5f6-4c06a39a2dcb 9bbc180c5a484edf9128827656385cd9 2bc46190b2394f9ea24c0ef16398a7b9 - - default default] 10.0.0.215 "GET /v2.0/security-groups?tenant_id=9172ee55f01b42b8a3c87654b358be11&name=default HTTP/1.1" status: 200 len: 3120 time: 0.3514924
2026-05-09 22:55:36.464 9 INFO neutron.api.wsgi [None req-a0c0e4cf-4c2d-4b47-a733-696b2d1a0200 9bbc180c5a484edf9128827656385cd9 2bc46190b2394f9ea24c0ef16398a7b9 - - default default] 10.0.0.215 "DELETE /v2.0/security-groups/4be33d0f-ad01-4b7f-8498-505c90ad79fd HTTP/1.1" status: 204 len: 168 time: 0.2515078
2026-05-09 22:55:36.517 10 INFO neutron.api.wsgi [req-e38bbf27-2499-43c6-b3ca-1ade00efe08e req-f83eaf1f-92e6-4652-b68a-9357c7dd8cdd f3db9f781a88427b926dd4984d1d2cda a2cf1754203e48f4ae1d34b770dc204e - - default default] 10.0.0.116 "GET /v2.0/ports?device_id=56b5c89b-4fe7-45e9-928b-574c76fb627b HTTP/1.1" status: 200 len: 1172 time: 0.0876448
2026-05-09 22:55:36.555 10 INFO neutron.api.wsgi [req-e38bbf27-2499-43c6-b3ca-1ade00efe08e req-3ac16273-6d92-412d-840a-21b52d9c5c31 f3db9f781a88427b926dd4984d1d2cda a2cf1754203e48f4ae1d34b770dc204e - - default default] 10.0.0.116 "GET /v2.0/security-groups?id=022e4c28-2928-4057-9ecd-30a26ccef6d4&fields=id&fields=name HTTP/1.1" status: 200 len: 286 time: 0.0338159
2026-05-09 22:55:36.686 10 INFO neutron.db.ovn_revision_numbers_db [None req-a44f82c4-64ad-4f90-a5c6-7af8e9e1a6e7 9bbc180c5a484edf9128827656385cd9 2bc46190b2394f9ea24c0ef16398a7b9 - - default default] Successfully bumped revision number for resource 6bca33c1-bf42-4890-964c-6e132cad3ddc (type: security_groups) to 1
2026-05-09 22:55:36.703 10 INFO neutron.db.ovn_revision_numbers_db [None req-a44f82c4-64ad-4f90-a5c6-7af8e9e1a6e7 9bbc180c5a484edf9128827656385cd9 2bc46190b2394f9ea24c0ef16398a7b9 - - default default] Successfully bumped revision number for resource 4b8a6661-c540-4d3a-a019-dd59cb0424cb (type: security_group_rules) to 0
2026-05-09 22:55:36.722 9 INFO neutron.api.wsgi [req-0d9b33a1-b6f6-4013-bb88-e83058848d98 req-dc151755-ccb9-4a65-928d-642635d95012 5cddc22acd2a45c495bbf03e23def64f 95c991d61fd74039a97361e703a045b9 - - b74fb1e0c7fc469a8132ce3fe1e367c8 b74fb1e0c7fc469a8132ce3fe1e367c8] 199.204.45.250 "GET /v2.0/ports?tenant_id=a2cf1754203e48f4ae1d34b770dc204e&device_id=56b5c89b-4fe7-45e9-928b-574c76fb627b HTTP/1.1" status: 200 len: 1411 time: 0.0397999
