2026-05-09 22:53:41.700 10 WARNING neutron.api.rpc.agentnotifiers.dhcp_rpc_agent_api [None req-3939251a-c646-4b0d-b8ab-66e83113a439 91466550c776497b972f73f2a984b1f6 241173e15f40492c88386c05fa3d4b79 - - default default] Unable to schedule network f4d52246-a3b8-4661-9e5f-42f941348a2a: no agents available; will retry on subsequent port and subnet creation events.
2026-05-09 22:53:41.975 10 INFO neutron.api.wsgi [None req-3939251a-c646-4b0d-b8ab-66e83113a439 91466550c776497b972f73f2a984b1f6 241173e15f40492c88386c05fa3d4b79 - - default default] 10.0.0.215 "POST /v2.0/floatingips HTTP/1.1" status: 201 len: 751 time: 0.5608420
2026-05-09 22:53:42.172 9 WARNING neutron_lib.context [None req-1e463511-b3d9-4a3a-8aae-2fdac3b952d3 dada8693956849ee8022963b17121c13 f29778f5e7b04a78b4648de20ee8f0a7 - - default default] Method 'is_advsvc' is deprecated since 2023.2 release (neutron-lib 3.8.0) and will be removed once support for the old RBAC API policies will be removed from Neutron. Please use method 'is_service_role' instead.
2026-05-09 22:53:42.280 9 INFO neutron.db.ovn_revision_numbers_db [None req-1e463511-b3d9-4a3a-8aae-2fdac3b952d3 dada8693956849ee8022963b17121c13 f29778f5e7b04a78b4648de20ee8f0a7 - - default default] Successfully bumped revision number for resource e7a35455-d586-428c-8909-b6ed8656f3bc (type: security_groups) to 1
2026-05-09 22:53:42.292 9 INFO neutron.db.ovn_revision_numbers_db [None req-1e463511-b3d9-4a3a-8aae-2fdac3b952d3 dada8693956849ee8022963b17121c13 f29778f5e7b04a78b4648de20ee8f0a7 - - default default] Successfully bumped revision number for resource 751d2624-53d6-4ab3-9152-c7ed76df3685 (type: security_group_rules) to 0
2026-05-09 22:53:42.309 9 INFO neutron.db.ovn_revision_numbers_db [None req-1e463511-b3d9-4a3a-8aae-2fdac3b952d3 dada8693956849ee8022963b17121c13 f29778f5e7b04a78b4648de20ee8f0a7 - - default default] Successfully bumped revision number for resource 77ee7900-45ab-4290-b1bc-876b4f5a79cc (type: security_group_rules) to 0
2026-05-09 22:53:42.348 9 INFO neutron.api.wsgi [None req-1e463511-b3d9-4a3a-8aae-2fdac3b952d3 dada8693956849ee8022963b17121c13 f29778f5e7b04a78b4648de20ee8f0a7 - - default default] 10.0.0.215 "POST /v2.0/security-groups HTTP/1.1" status: 201 len: 1860 time: 0.1832154
2026-05-09 22:53:42.357 9 WARNING neutron_lib.context [None req-a1a2cc86-7bf3-41ae-ba83-fe303afdd1ea dada8693956849ee8022963b17121c13 f29778f5e7b04a78b4648de20ee8f0a7 - - default default] Method 'is_advsvc' is deprecated since 2023.2 release (neutron-lib 3.8.0) and will be removed once support for the old RBAC API policies will be removed from Neutron. Please use method 'is_service_role' instead.
2026-05-09 22:53:42.429 9 INFO neutron.api.wsgi [req-67e0dbd5-2b79-4988-944a-6289f48b185f req-5b036aa6-d6ae-4be0-a0ea-f85eb638b11a 91466550c776497b972f73f2a984b1f6 241173e15f40492c88386c05fa3d4b79 - - default default] 10.0.0.116 "GET /v2.0/security-groups?name=tempest-securitygroup--131614999&fields=id&tenant_id=241173e15f40492c88386c05fa3d4b79 HTTP/1.1" status: 200 len: 267 time: 0.0360365
2026-05-09 22:53:42.487 9 INFO neutron.api.wsgi [req-67e0dbd5-2b79-4988-944a-6289f48b185f req-f5f378a1-f572-4758-aaa9-7eb01b523c10 91466550c776497b972f73f2a984b1f6 241173e15f40492c88386c05fa3d4b79 - - default default] 10.0.0.116 "GET /v2.0/networks?id=7c97aa9f-f85a-4204-87bf-27aa4228eecf HTTP/1.1" status: 200 len: 869 time: 0.0497484
2026-05-09 22:53:42.504 9 INFO neutron.api.wsgi [req-67e0dbd5-2b79-4988-944a-6289f48b185f req-b344672c-0b6b-491d-8b0d-8e6fe11bcc22 91466550c776497b972f73f2a984b1f6 241173e15f40492c88386c05fa3d4b79 - - default default] 10.0.0.116 "GET /v2.0/quotas/241173e15f40492c88386c05fa3d4b79 HTTP/1.1" status: 200 len: 491 time: 0.0095348
2026-05-09 22:53:42.506 9 INFO neutron.db.ovn_revision_numbers_db [None req-a1a2cc86-7bf3-41ae-ba83-fe303afdd1ea dada8693956849ee8022963b17121c13 f29778f5e7b04a78b4648de20ee8f0a7 - - default default] Successfully bumped revision number for resource d78a8a08-47dc-412b-9d62-14bdc9f17043 (type: security_group_rules) to 0
2026-05-09 22:53:42.544 10 WARNING neutron_lib.context [None req-87e3bf3a-06bc-4e9d-b34a-78ae3a956c4a 63e159527a5c4bab96016f04dd22ad8d 1972c4b3a08245e7a6209902846c9bb3 - - default default] Method 'is_advsvc' is deprecated since 2023.2 release (neutron-lib 3.8.0) and will be removed once support for the old RBAC API policies will be removed from Neutron. Please use method 'is_service_role' instead.
2026-05-09 22:53:42.545 10 WARNING neutron_lib.context [None req-87e3bf3a-06bc-4e9d-b34a-78ae3a956c4a 63e159527a5c4bab96016f04dd22ad8d 1972c4b3a08245e7a6209902846c9bb3 - - default default] Method 'is_advsvc' is deprecated since 2023.2 release (neutron-lib 3.8.0) and will be removed once support for the old RBAC API policies will be removed from Neutron. Please use method 'is_service_role' instead.
2026-05-09 22:53:42.548 9 INFO neutron.api.wsgi [None req-a1a2cc86-7bf3-41ae-ba83-fe303afdd1ea dada8693956849ee8022963b17121c13 f29778f5e7b04a78b4648de20ee8f0a7 - - default default] 10.0.0.215 "POST /v2.0/security-group-rules HTTP/1.1" status: 201 len: 796 time: 0.1957982
2026-05-09 22:53:42.561 10 WARNING neutron_lib.context [None req-ba9a3834-5230-48c3-85a9-26b03fb4e7d1 dada8693956849ee8022963b17121c13 f29778f5e7b04a78b4648de20ee8f0a7 - - default default] Method 'is_advsvc' is deprecated since 2023.2 release (neutron-lib 3.8.0) and will be removed once support for the old RBAC API policies will be removed from Neutron. Please use method 'is_service_role' instead.
2026-05-09 22:53:42.579 9 INFO neutron.api.wsgi [req-67e0dbd5-2b79-4988-944a-6289f48b185f req-4c2d32e1-48f9-4159-974a-b1b0f9a7a4be 91466550c776497b972f73f2a984b1f6 241173e15f40492c88386c05fa3d4b79 - - default default] 10.0.0.116 "GET /v2.0/ports?tenant_id=241173e15f40492c88386c05fa3d4b79&fields=id HTTP/1.1" status: 200 len: 302 time: 0.0661216
2026-05-09 22:53:42.601 10 INFO neutron.plugins.ml2.drivers.ovn.mech_driver.mech_driver [None req-ed342d23-6ea8-4a71-a307-de1bafe00cd7 - - - - - -] OVN reports status up for port: 0e0d3998-f025-44b1-95c3-d0dfa7e44613
2026-05-09 22:53:42.610 10 INFO neutron.plugins.ml2.plugin [None req-ed342d23-6ea8-4a71-a307-de1bafe00cd7 - - - - - -] Attempt 1 to provision port 0e0d3998-f025-44b1-95c3-d0dfa7e44613
2026-05-09 22:53:42.652 9 INFO neutron.api.wsgi [req-67e0dbd5-2b79-4988-944a-6289f48b185f req-9e62a259-cbf1-464a-999f-074ef08e14a1 5cddc22acd2a45c495bbf03e23def64f 95c991d61fd74039a97361e703a045b9 - - b74fb1e0c7fc469a8132ce3fe1e367c8 b74fb1e0c7fc469a8132ce3fe1e367c8] 10.0.0.116 "GET /v2.0/networks/7c97aa9f-f85a-4204-87bf-27aa4228eecf?fields=segments HTTP/1.1" status: 200 len: 212 time: 0.0600863
2026-05-09 22:53:42.712 9 INFO neutron.api.wsgi [req-67e0dbd5-2b79-4988-944a-6289f48b185f req-92ef0f20-9612-4901-aeea-4ae47cf9aa83 5cddc22acd2a45c495bbf03e23def64f 95c991d61fd74039a97361e703a045b9 - - b74fb1e0c7fc469a8132ce3fe1e367c8 b74fb1e0c7fc469a8132ce3fe1e367c8] 10.0.0.116 "GET /v2.0/networks/7c97aa9f-f85a-4204-87bf-27aa4228eecf?fields=provider%3Aphysical_network&fields=provider%3Anetwork_type HTTP/1.1" status: 200 len: 277 time: 0.0475364
2026-05-09 22:53:42.722 10 INFO neutron.db.ovn_revision_numbers_db [None req-87e3bf3a-06bc-4e9d-b34a-78ae3a956c4a 63e159527a5c4bab96016f04dd22ad8d 1972c4b3a08245e7a6209902846c9bb3 - - default default] Successfully bumped revision number for resource 9acf8cf7-e375-480d-ba12-635bfa43fc12 (type: security_groups) to 1
2026-05-09 22:53:42.737 10 INFO neutron.db.ovn_revision_numbers_db [None req-87e3bf3a-06bc-4e9d-b34a-78ae3a956c4a 63e159527a5c4bab96016f04dd22ad8d 1972c4b3a08245e7a6209902846c9bb3 - - default default] Successfully bumped revision number for resource 6f38d2d4-a24f-4420-b417-e8bea9ebfbdb (type: security_group_rules) to 0
2026-05-09 22:53:42.851 9 INFO neutron.api.wsgi [req-121e7ce6-a73a-4361-abd4-5844236e0d1f req-6ee9c6d4-e5d8-45f3-91f3-cee0b0b54b38 91466550c776497b972f73f2a984b1f6 241173e15f40492c88386c05fa3d4b79 - - default default] 10.0.0.116 "GET /v2.0/ports?device_id=cdacf1a6-7640-490b-8e74-50ce401ac448 HTTP/1.1" status: 200 len: 210 time: 0.0152819
2026-05-09 22:53:42.868 10 INFO neutron.db.ovn_revision_numbers_db [None req-ba9a3834-5230-48c3-85a9-26b03fb4e7d1 dada8693956849ee8022963b17121c13 f29778f5e7b04a78b4648de20ee8f0a7 - - default default] Successfully bumped revision number for resource c0ce61bd-df44-477d-ac46-1ef30637fedc (type: security_group_rules) to 0
2026-05-09 22:53:42.892 10 INFO neutron.api.wsgi [req-0f57f7a1-d533-426e-ae68-d1d4e97da3f9 req-edad16ab-bfad-4cd6-b937-a0592dc53c06 0a16beb6ab50466b8dc5c4f3aded0563 b0e853e1f16a4658b45795bc07b3ba69 - - default default] 10.0.0.116 "GET /v2.0/ports?device_id=e6aef4cd-90c2-43d2-9210-51cea36c6ec8 HTTP/1.1" status: 200 len: 210 time: 0.0262322
2026-05-09 22:53:42.894 10 INFO neutron.db.ovn_revision_numbers_db [None req-87e3bf3a-06bc-4e9d-b34a-78ae3a956c4a 63e159527a5c4bab96016f04dd22ad8d 1972c4b3a08245e7a6209902846c9bb3 - - default default] Successfully bumped revision number for resource 86fec9ff-b748-4b6b-8915-f61e11a5a39b (type: security_group_rules) to 0
2026-05-09 22:53:42.913 10 INFO neutron.db.ovn_revision_numbers_db [None req-87e3bf3a-06bc-4e9d-b34a-78ae3a956c4a 63e159527a5c4bab96016f04dd22ad8d 1972c4b3a08245e7a6209902846c9bb3 - - default default] Successfully bumped revision number for resource 8d5a9bbe-69eb-4ed0-a008-818af300c7a0 (type: security_group_rules) to 0
2026-05-09 22:53:42.923 10 INFO neutron.api.wsgi [None req-ba9a3834-5230-48c3-85a9-26b03fb4e7d1 dada8693956849ee8022963b17121c13 f29778f5e7b04a78b4648de20ee8f0a7 - - default default] 10.0.0.215 "POST /v2.0/security-group-rules HTTP/1.1" status: 201 len: 801 time: 0.3680573
2026-05-09 22:53:42.929 10 INFO neutron.db.ovn_revision_numbers_db [None req-87e3bf3a-06bc-4e9d-b34a-78ae3a956c4a 63e159527a5c4bab96016f04dd22ad8d 1972c4b3a08245e7a6209902846c9bb3 - - default default] Successfully bumped revision number for resource cca4c2e5-e60c-4942-8e7e-9e96ff007bda (type: security_group_rules) to 0
2026-05-09 22:53:42.936 9 WARNING neutron_lib.context [None req-a06808c8-89ec-4c14-997e-6701ab858dc0 dada8693956849ee8022963b17121c13 f29778f5e7b04a78b4648de20ee8f0a7 - - default default] Method 'is_advsvc' is deprecated since 2023.2 release (neutron-lib 3.8.0) and will be removed once support for the old RBAC API policies will be removed from Neutron. Please use method 'is_service_role' instead.
2026-05-09 22:53:43.016 10 INFO neutron.db.segments_db [None req-87e3bf3a-06bc-4e9d-b34a-78ae3a956c4a 63e159527a5c4bab96016f04dd22ad8d 1972c4b3a08245e7a6209902846c9bb3 - - default default] Added segment e2c87f39-13d7-4d48-8ea4-05414b54a6fb of type geneve for network 753db52e-51a4-4432-b7bc-c8aeb4ac0be3
2026-05-09 22:53:43.124 10 INFO neutron.db.segments_db [None req-87e3bf3a-06bc-4e9d-b34a-78ae3a956c4a 63e159527a5c4bab96016f04dd22ad8d 1972c4b3a08245e7a6209902846c9bb3 - - default default] Added segment 9e1a1f0b-22a4-43a7-8c00-db774c2b5e76 of type geneve for network 6785eac3-1d5c-4d08-8511-dbe050661c5c
2026-05-09 22:53:43.135 9 WARNING neutron.scheduler.dhcp_agent_scheduler [None req-a06808c8-89ec-4c14-997e-6701ab858dc0 dada8693956849ee8022963b17121c13 f29778f5e7b04a78b4648de20ee8f0a7 - - default default] No more DHCP agents
2026-05-09 22:53:43.136 9 WARNING neutron.api.rpc.agentnotifiers.dhcp_rpc_agent_api [None req-a06808c8-89ec-4c14-997e-6701ab858dc0 dada8693956849ee8022963b17121c13 f29778f5e7b04a78b4648de20ee8f0a7 - - default default] Unable to schedule network f4d52246-a3b8-4661-9e5f-42f941348a2a: no agents available; will retry on subsequent port and subnet creation events.
2026-05-09 22:53:43.199 10 INFO neutron.db.ovn_revision_numbers_db [None req-ed342d23-6ea8-4a71-a307-de1bafe00cd7 - - - - - -] Successfully bumped revision number for resource 0e0d3998-f025-44b1-95c3-d0dfa7e44613 (type: ports) to 2
2026-05-09 22:53:43.237 10 INFO neutron.db.ovn_revision_numbers_db [None req-87e3bf3a-06bc-4e9d-b34a-78ae3a956c4a 63e159527a5c4bab96016f04dd22ad8d 1972c4b3a08245e7a6209902846c9bb3 - - default default] Successfully bumped revision number for resource 753db52e-51a4-4432-b7bc-c8aeb4ac0be3 (type: networks) to 1
2026-05-09 22:53:43.398 9 INFO neutron.api.wsgi [None req-a06808c8-89ec-4c14-997e-6701ab858dc0 dada8693956849ee8022963b17121c13 f29778f5e7b04a78b4648de20ee8f0a7 - - default default] 10.0.0.215 "POST /v2.0/floatingips HTTP/1.1" status: 201 len: 751 time: 0.4683499
2026-05-09 22:53:43.419 10 WARNING neutron.scheduler.dhcp_agent_scheduler [None req-87e3bf3a-06bc-4e9d-b34a-78ae3a956c4a 63e159527a5c4bab96016f04dd22ad8d 1972c4b3a08245e7a6209902846c9bb3 - - default default] No more DHCP agents
2026-05-09 22:53:43.421 10 WARNING neutron.api.rpc.agentnotifiers.dhcp_rpc_agent_api [None req-87e3bf3a-06bc-4e9d-b34a-78ae3a956c4a 63e159527a5c4bab96016f04dd22ad8d 1972c4b3a08245e7a6209902846c9bb3 - - default default] Unable to schedule network 753db52e-51a4-4432-b7bc-c8aeb4ac0be3: no agents available; will retry on subsequent port and subnet creation events.
2026-05-09 22:53:43.479 10 INFO neutron.db.ovn_revision_numbers_db [None req-87e3bf3a-06bc-4e9d-b34a-78ae3a956c4a 63e159527a5c4bab96016f04dd22ad8d 1972c4b3a08245e7a6209902846c9bb3 - - default default] Successfully bumped revision number for resource dd006b92-7940-45a0-a31f-9a4e0aa386f1 (type: ports) to 1
2026-05-09 22:53:43.548 10 INFO neutron.db.ovn_revision_numbers_db [None req-87e3bf3a-06bc-4e9d-b34a-78ae3a956c4a 63e159527a5c4bab96016f04dd22ad8d 1972c4b3a08245e7a6209902846c9bb3 - - default default] Successfully bumped revision number for resource 6785eac3-1d5c-4d08-8511-dbe050661c5c (type: networks) to 1
2026-05-09 22:53:43.742 10 WARNING neutron.scheduler.dhcp_agent_scheduler [None req-87e3bf3a-06bc-4e9d-b34a-78ae3a956c4a 63e159527a5c4bab96016f04dd22ad8d 1972c4b3a08245e7a6209902846c9bb3 - - default default] No more DHCP agents
2026-05-09 22:53:43.744 10 WARNING neutron.api.rpc.agentnotifiers.dhcp_rpc_agent_api [None req-87e3bf3a-06bc-4e9d-b34a-78ae3a956c4a 63e159527a5c4bab96016f04dd22ad8d 1972c4b3a08245e7a6209902846c9bb3 - - default default] Unable to schedule network 6785eac3-1d5c-4d08-8511-dbe050661c5c: no agents available; will retry on subsequent port and subnet creation events.
2026-05-09 22:53:43.812 10 INFO neutron.db.ovn_revision_numbers_db [None req-87e3bf3a-06bc-4e9d-b34a-78ae3a956c4a 63e159527a5c4bab96016f04dd22ad8d 1972c4b3a08245e7a6209902846c9bb3 - - default default] Successfully bumped revision number for resource 1246b9e4-b034-41bc-b70e-4fe300602707 (type: ports) to 1
2026-05-09 22:53:43.834 10 INFO neutron.api.wsgi [None req-87e3bf3a-06bc-4e9d-b34a-78ae3a956c4a 63e159527a5c4bab96016f04dd22ad8d 1972c4b3a08245e7a6209902846c9bb3 - - default default] 10.0.0.215 "POST /v2.0/networks HTTP/1.1" status: 201 len: 1445 time: 1.3622165
2026-05-09 22:53:43.852 9 INFO neutron.api.wsgi [req-840866a3-267c-484a-94e6-f6f6c0b4c5be req-5ceba975-f23c-4532-979b-71c7f4aa59da dada8693956849ee8022963b17121c13 f29778f5e7b04a78b4648de20ee8f0a7 - - default default] 10.0.0.116 "GET /v2.0/security-groups?name=tempest-securitygroup--522909209&fields=id&tenant_id=f29778f5e7b04a78b4648de20ee8f0a7 HTTP/1.1" status: 200 len: 267 time: 0.0307724
2026-05-09 22:53:43.891 9 INFO neutron.api.wsgi [req-840866a3-267c-484a-94e6-f6f6c0b4c5be req-f38a2131-8bfc-454b-8979-7cf25aaa106c dada8693956849ee8022963b17121c13 f29778f5e7b04a78b4648de20ee8f0a7 - - default default] 10.0.0.116 "GET /v2.0/networks?id=75136c03-e8fc-4b5b-adb3-5f620b39ba2b HTTP/1.1" status: 200 len: 883 time: 0.0318718
2026-05-09 22:53:43.899 10 INFO neutron.api.wsgi [None req-12699102-3918-4367-acb7-07f31e4accfd 63e159527a5c4bab96016f04dd22ad8d 1972c4b3a08245e7a6209902846c9bb3 - - default default] 10.0.0.215 "GET /v2.0/networks HTTP/1.1" status: 200 len: 2051 time: 0.0607574
2026-05-09 22:53:43.905 9 INFO neutron.api.wsgi [req-840866a3-267c-484a-94e6-f6f6c0b4c5be req-281a6ae5-ed32-4f58-96d6-e36ddd17715f dada8693956849ee8022963b17121c13 f29778f5e7b04a78b4648de20ee8f0a7 - - default default] 10.0.0.116 "GET /v2.0/quotas/f29778f5e7b04a78b4648de20ee8f0a7 HTTP/1.1" status: 200 len: 491 time: 0.0098722
2026-05-09 22:53:43.941 10 INFO neutron.api.wsgi [req-fff2bbd4-7ea9-4ce8-8668-c79eb15bc8eb req-8eb5e516-fcbf-4df5-aab7-d6aa86212cf9 91466550c776497b972f73f2a984b1f6 241173e15f40492c88386c05fa3d4b79 - - default default] 10.0.0.116 "GET /v2.0/ports?device_id=cdacf1a6-7640-490b-8e74-50ce401ac448 HTTP/1.1" status: 200 len: 210 time: 0.0125449
2026-05-09 22:53:43.996 9 INFO neutron.api.wsgi [req-840866a3-267c-484a-94e6-f6f6c0b4c5be req-867e729b-d68f-4fc3-a24c-9952200cc792 dada8693956849ee8022963b17121c13 f29778f5e7b04a78b4648de20ee8f0a7 - - default default] 10.0.0.116 "GET /v2.0/ports?tenant_id=f29778f5e7b04a78b4648de20ee8f0a7&fields=id HTTP/1.1" status: 200 len: 302 time: 0.0850050
2026-05-09 22:53:44.023 10 INFO neutron.api.wsgi [req-f4fb727f-b726-49aa-864b-f77d7527b729 req-b1f69c63-9346-401d-99ba-5b39055c51de 0a16beb6ab50466b8dc5c4f3aded0563 b0e853e1f16a4658b45795bc07b3ba69 - - default default] 10.0.0.116 "GET /v2.0/ports?device_id=e6aef4cd-90c2-43d2-9210-51cea36c6ec8 HTTP/1.1" status: 200 len: 210 time: 0.0191607
2026-05-09 22:53:44.053 9 INFO neutron.api.wsgi [req-840866a3-267c-484a-94e6-f6f6c0b4c5be req-a469a94d-7f18-4095-8ae7-7dd1889ec386 5cddc22acd2a45c495bbf03e23def64f 95c991d61fd74039a97361e703a045b9 - - b74fb1e0c7fc469a8132ce3fe1e367c8 b74fb1e0c7fc469a8132ce3fe1e367c8] 10.0.0.116 "GET /v2.0/networks/75136c03-e8fc-4b5b-adb3-5f620b39ba2b?fields=segments HTTP/1.1" status: 200 len: 212 time: 0.0436752
2026-05-09 22:53:44.115 9 INFO neutron.api.wsgi [req-840866a3-267c-484a-94e6-f6f6c0b4c5be req-6cf7fd13-8da0-43cf-958f-82af3c1f3953 5cddc22acd2a45c495bbf03e23def64f 95c991d61fd74039a97361e703a045b9 - - b74fb1e0c7fc469a8132ce3fe1e367c8 b74fb1e0c7fc469a8132ce3fe1e367c8] 10.0.0.116 "GET /v2.0/networks/75136c03-e8fc-4b5b-adb3-5f620b39ba2b?fields=provider%3Aphysical_network&fields=provider%3Anetwork_type HTTP/1.1" status: 200 len: 277 time: 0.0563030
2026-05-09 22:53:44.129 9 INFO neutron.api.wsgi [req-5125033f-5311-42ad-896b-6cbe30d47cc0 req-f070c40b-5af0-4f4a-8272-1f6da1a76ebc 0a16beb6ab50466b8dc5c4f3aded0563 b0e853e1f16a4658b45795bc07b3ba69 - - default default] 199.204.45.250 "GET /v2.0/networks?id=5de22078-8fbd-4a53-9533-26025b5792f2 HTTP/1.1" status: 200 len: 878 time: 0.0800979
2026-05-09 22:53:44.183 9 INFO neutron.api.wsgi [req-5125033f-5311-42ad-896b-6cbe30d47cc0 req-1e790ba1-77f1-4440-8516-26a8eeea1710 0a16beb6ab50466b8dc5c4f3aded0563 b0e853e1f16a4658b45795bc07b3ba69 - - default default] 199.204.45.250 "GET /v2.0/security-groups?fields=id&fields=name&tenant_id=b0e853e1f16a4658b45795bc07b3ba69 HTTP/1.1" status: 200 len: 379 time: 0.0354154
2026-05-09 22:53:44.193 9 WARNING neutron_lib.context [req-5125033f-5311-42ad-896b-6cbe30d47cc0 req-e9944e04-a00f-4113-a066-33ceb45d7642 0a16beb6ab50466b8dc5c4f3aded0563 b0e853e1f16a4658b45795bc07b3ba69 - - default default] Method 'is_advsvc' is deprecated since 2023.2 release (neutron-lib 3.8.0) and will be removed once support for the old RBAC API policies will be removed from Neutron. Please use method 'is_service_role' instead.
2026-05-09 22:53:44.216 10 INFO neutron.services.segments.plugin [-] Segment e2c87f39-13d7-4d48-8ea4-05414b54a6fb resource provider aggregate not found
2026-05-09 22:53:44.220 10 INFO neutron.services.segments.plugin [-] Segment e2c87f39-13d7-4d48-8ea4-05414b54a6fb resource provider aggregate not found
2026-05-09 22:53:44.228 10 INFO neutron.services.segments.plugin [-] Segment e2c87f39-13d7-4d48-8ea4-05414b54a6fb resource provider not found; error: Placement Client Error (4xx): {"errors": [{"status": 404, "title": "Not Found", "detail": "The resource could not be found.\n\n No resource provider with uuid e2c87f39-13d7-4d48-8ea4-05414b54a6fb found for delete ", "request_id": "req-65724f1b-aa77-45d3-99c7-07fa11044060"}]}
2026-05-09 22:53:44.240 10 INFO neutron.services.segments.plugin [-] Segment e2c87f39-13d7-4d48-8ea4-05414b54a6fb resource provider not found; error: Placement Client Error (4xx): {"errors": [{"status": 404, "title": "Not Found", "detail": "The resource could not be found.\n\n No resource provider with uuid e2c87f39-13d7-4d48-8ea4-05414b54a6fb found for delete ", "request_id": "req-56b82745-e231-4f37-b5f6-ac49947369cb"}]}
2026-05-09 22:53:44.248 10 INFO neutron.api.wsgi [req-bc755dbf-c3ff-4774-86f1-4ed64fa0d8bc req-dd5b55df-fdd2-405a-9224-283382264891 dada8693956849ee8022963b17121c13 f29778f5e7b04a78b4648de20ee8f0a7 - - default default] 10.0.0.116 "GET /v2.0/ports?device_id=ec49d7e9-e4d9-4323-ba9b-b0a76698da7c HTTP/1.1" status: 200 len: 210 time: 0.0157840
2026-05-09 22:53:44.253 10 INFO neutron.api.wsgi [None req-7afb80b3-f8ae-4b87-a864-5cf6481c1689 63e159527a5c4bab96016f04dd22ad8d 1972c4b3a08245e7a6209902846c9bb3 - - default default] 10.0.0.215 "DELETE /v2.0/networks/753db52e-51a4-4432-b7bc-c8aeb4ac0be3 HTTP/1.1" status: 204 len: 168 time: 0.3487089
2026-05-09 22:53:44.537 10 INFO neutron.api.wsgi [None req-5c06a62a-45e3-4fa2-aeee-f513b8a15ae1 63e159527a5c4bab96016f04dd22ad8d 1972c4b3a08245e7a6209902846c9bb3 - - default default] 10.0.0.215 "DELETE /v2.0/networks/6785eac3-1d5c-4d08-8511-dbe050661c5c HTTP/1.1" status: 204 len: 168 time: 0.2794623
2026-05-09 22:53:44.581 10 INFO neutron.api.wsgi [None req-eb9d0206-8cf0-43a0-af05-b38cae6fc003 63e159527a5c4bab96016f04dd22ad8d 1972c4b3a08245e7a6209902846c9bb3 - - default default] 10.0.0.215 "GET /v2.0/networks HTTP/1.1" status: 200 len: 845 time: 0.0396006
2026-05-09 22:53:44.592 10 WARNING neutron_lib.context [None req-eb4729b9-95f3-4faa-b361-a993e0d76d60 63e159527a5c4bab96016f04dd22ad8d 1972c4b3a08245e7a6209902846c9bb3 - - default default] Method 'is_advsvc' is deprecated since 2023.2 release (neutron-lib 3.8.0) and will be removed once support for the old RBAC API policies will be removed from Neutron. Please use method 'is_service_role' instead.
2026-05-09 22:53:44.601 9 WARNING neutron.scheduler.dhcp_agent_scheduler [req-5125033f-5311-42ad-896b-6cbe30d47cc0 req-e9944e04-a00f-4113-a066-33ceb45d7642 0a16beb6ab50466b8dc5c4f3aded0563 b0e853e1f16a4658b45795bc07b3ba69 - - default default] No more DHCP agents
2026-05-09 22:53:44.602 9 WARNING neutron.api.rpc.agentnotifiers.dhcp_rpc_agent_api [req-5125033f-5311-42ad-896b-6cbe30d47cc0 req-e9944e04-a00f-4113-a066-33ceb45d7642 0a16beb6ab50466b8dc5c4f3aded0563 b0e853e1f16a4658b45795bc07b3ba69 - - default default] Unable to schedule network 5de22078-8fbd-4a53-9533-26025b5792f2: no agents available; will retry on subsequent port and subnet creation events.
2026-05-09 22:53:44.672 10 INFO neutron.db.segments_db [None req-eb4729b9-95f3-4faa-b361-a993e0d76d60 63e159527a5c4bab96016f04dd22ad8d 1972c4b3a08245e7a6209902846c9bb3 - - default default] Added segment 1e7f28e5-47e1-4136-be2f-e65f787d14b7 of type geneve for network a3b47c67-843a-491b-a95c-2d6da5e094d0
2026-05-09 22:53:44.711 9 INFO neutron.db.ovn_revision_numbers_db [req-5125033f-5311-42ad-896b-6cbe30d47cc0 req-e9944e04-a00f-4113-a066-33ceb45d7642 0a16beb6ab50466b8dc5c4f3aded0563 b0e853e1f16a4658b45795bc07b3ba69 - - default default] Successfully bumped revision number for resource 6a35437e-f604-4d73-af1c-963d5ecf488d (type: ports) to 1
2026-05-09 22:53:44.731 9 INFO neutron.api.wsgi [req-5125033f-5311-42ad-896b-6cbe30d47cc0 req-e9944e04-a00f-4113-a066-33ceb45d7642 0a16beb6ab50466b8dc5c4f3aded0563 b0e853e1f16a4658b45795bc07b3ba69 - - default default] 199.204.45.250 "POST /v2.0/ports HTTP/1.1" status: 201 len: 1158 time: 0.5426130 /var/lib/openstack/lib/python3.12/site-packages/pycadf/identifier.py:71: UserWarning: Invalid uuid: neutron. To ensure interoperability, identifiers should be a valid uuid. warnings.warn(('Invalid uuid: %s. To ensure interoperability, '
2026-05-09 22:53:44.741 9 INFO neutron.api.wsgi [req-5125033f-5311-42ad-896b-6cbe30d47cc0 req-e475f368-6f8c-4da3-b7f8-a3ca11f7b808 0a16beb6ab50466b8dc5c4f3aded0563 b0e853e1f16a4658b45795bc07b3ba69 - - default default] 199.204.45.250 "GET /v2.0/extensions HTTP/1.1" status: 200 len: 19298 time: 0.0056264
2026-05-09 22:53:44.780 10 INFO neutron.db.ovn_revision_numbers_db [None req-eb4729b9-95f3-4faa-b361-a993e0d76d60 63e159527a5c4bab96016f04dd22ad8d 1972c4b3a08245e7a6209902846c9bb3 - - default default] Successfully bumped revision number for resource a3b47c67-843a-491b-a95c-2d6da5e094d0 (type: networks) to 1
2026-05-09 22:53:44.917 10 WARNING neutron.scheduler.dhcp_agent_scheduler [None req-eb4729b9-95f3-4faa-b361-a993e0d76d60 63e159527a5c4bab96016f04dd22ad8d 1972c4b3a08245e7a6209902846c9bb3 - - default default] No more DHCP agents
2026-05-09 22:53:44.918 10 WARNING neutron.api.rpc.agentnotifiers.dhcp_rpc_agent_api [None req-eb4729b9-95f3-4faa-b361-a993e0d76d60 63e159527a5c4bab96016f04dd22ad8d 1972c4b3a08245e7a6209902846c9bb3 - - default default] Unable to schedule network a3b47c67-843a-491b-a95c-2d6da5e094d0: no agents available; will retry on subsequent port and subnet creation events.
2026-05-09 22:53:44.983 10 INFO neutron.db.ovn_revision_numbers_db [None req-eb4729b9-95f3-4faa-b361-a993e0d76d60 63e159527a5c4bab96016f04dd22ad8d 1972c4b3a08245e7a6209902846c9bb3 - - default default] Successfully bumped revision number for resource 5a1d53d1-eb91-4024-a7b5-ad06a8ee5c69 (type: ports) to 1
2026-05-09 22:53:45.010 10 INFO neutron.api.wsgi [None req-eb4729b9-95f3-4faa-b361-a993e0d76d60 63e159527a5c4bab96016f04dd22ad8d 1972c4b3a08245e7a6209902846c9bb3 - - default default] 10.0.0.215 "POST /v2.0/networks HTTP/1.1" status: 201 len: 849 time: 0.4213901
2026-05-09 22:53:45.018 10 WARNING neutron_lib.context [None req-8d19500c-4505-4fc9-a353-f5116c707f6c 63e159527a5c4bab96016f04dd22ad8d 1972c4b3a08245e7a6209902846c9bb3 - - default default] Method 'is_advsvc' is deprecated since 2023.2 release (neutron-lib 3.8.0) and will be removed once support for the old RBAC API policies will be removed from Neutron. Please use method 'is_service_role' instead.
2026-05-09 22:53:45.032 9 INFO neutron.api.wsgi [req-fc8efe64-0db2-494b-91fb-22287693c250 req-c14ad0d9-48b7-4c73-9cac-b36c57208238 91466550c776497b972f73f2a984b1f6 241173e15f40492c88386c05fa3d4b79 - - default default] 10.0.0.116 "GET /v2.0/ports?device_id=cdacf1a6-7640-490b-8e74-50ce401ac448 HTTP/1.1" status: 200 len: 210 time: 0.0181801
2026-05-09 22:53:45.108 10 INFO neutron.db.segments_db [None req-8d19500c-4505-4fc9-a353-f5116c707f6c 63e159527a5c4bab96016f04dd22ad8d 1972c4b3a08245e7a6209902846c9bb3 - - default default] Added segment 83a25479-6067-4f70-a017-69ece54e045f of type geneve for network f5fd82e9-d1f0-45cd-b928-d74b62ef1364
2026-05-09 22:53:45.170 10 INFO neutron.api.wsgi [req-2d180372-40a6-4471-8a97-710daba68388 req-7917c6fa-32bc-47b7-934a-a463cc88185b 0a16beb6ab50466b8dc5c4f3aded0563 b0e853e1f16a4658b45795bc07b3ba69 - - default default] 10.0.0.116 "GET /v2.0/ports?device_id=e6aef4cd-90c2-43d2-9210-51cea36c6ec8 HTTP/1.1" status: 200 len: 1156 time: 0.0879412
2026-05-09 22:53:45.222 10 INFO neutron.api.wsgi [req-2d180372-40a6-4471-8a97-710daba68388 req-ffd25836-3de2-40c6-941f-bd08e85e6436 0a16beb6ab50466b8dc5c4f3aded0563 b0e853e1f16a4658b45795bc07b3ba69 - - default default] 10.0.0.116 "GET /v2.0/security-groups?id=7ded3e20-b50a-4f1c-be3c-c6376ee34cd8&fields=id&fields=name HTTP/1.1" status: 200 len: 312 time: 0.0455542
2026-05-09 22:53:45.236 10 INFO neutron.db.ovn_revision_numbers_db [None req-8d19500c-4505-4fc9-a353-f5116c707f6c 63e159527a5c4bab96016f04dd22ad8d 1972c4b3a08245e7a6209902846c9bb3 - - default default] Successfully bumped revision number for resource f5fd82e9-d1f0-45cd-b928-d74b62ef1364 (type: networks) to 1 /var/lib/openstack/lib/python3.12/site-packages/pycadf/identifier.py:71: UserWarning: Invalid uuid: neutron. To ensure interoperability, identifiers should be a valid uuid. warnings.warn(('Invalid uuid: %s. To ensure interoperability, '
2026-05-09 22:53:45.318 9 INFO neutron.api.wsgi [req-65f8830e-bd13-4f06-8f47-520c5654faf8 req-4045869e-7e52-4da3-8835-564465082a26 dada8693956849ee8022963b17121c13 f29778f5e7b04a78b4648de20ee8f0a7 - - default default] 10.0.0.116 "GET /v2.0/ports?device_id=ec49d7e9-e4d9-4323-ba9b-b0a76698da7c HTTP/1.1" status: 200 len: 210 time: 0.0180180
2026-05-09 22:53:45.401 10 WARNING neutron.scheduler.dhcp_agent_scheduler [None req-8d19500c-4505-4fc9-a353-f5116c707f6c 63e159527a5c4bab96016f04dd22ad8d 1972c4b3a08245e7a6209902846c9bb3 - - default default] No more DHCP agents
2026-05-09 22:53:45.403 10 WARNING neutron.api.rpc.agentnotifiers.dhcp_rpc_agent_api [None req-8d19500c-4505-4fc9-a353-f5116c707f6c 63e159527a5c4bab96016f04dd22ad8d 1972c4b3a08245e7a6209902846c9bb3 - - default default] Unable to schedule network f5fd82e9-d1f0-45cd-b928-d74b62ef1364: no agents available; will retry on subsequent port and subnet creation events.
2026-05-09 22:53:45.418 9 INFO neutron.db.ovn_revision_numbers_db [req-5125033f-5311-42ad-896b-6cbe30d47cc0 req-9d2c2262-fdac-4f81-bc7a-fb4c96234e06 5cddc22acd2a45c495bbf03e23def64f 95c991d61fd74039a97361e703a045b9 - - b74fb1e0c7fc469a8132ce3fe1e367c8 b74fb1e0c7fc469a8132ce3fe1e367c8] Successfully bumped revision number for resource 6a35437e-f604-4d73-af1c-963d5ecf488d (type: ports) to 2
2026-05-09 22:53:45.463 10 INFO neutron.db.ovn_revision_numbers_db [None req-8d19500c-4505-4fc9-a353-f5116c707f6c 63e159527a5c4bab96016f04dd22ad8d 1972c4b3a08245e7a6209902846c9bb3 - - default default] Successfully bumped revision number for resource ccec3ad8-e61f-4082-9b35-6568403bfbee (type: ports) to 1
2026-05-09 22:53:45.482 10 INFO neutron.api.wsgi [None req-8d19500c-4505-4fc9-a353-f5116c707f6c 63e159527a5c4bab96016f04dd22ad8d 1972c4b3a08245e7a6209902846c9bb3 - - default default] 10.0.0.215 "POST /v2.0/networks HTTP/1.1" status: 201 len: 849 time: 0.4674160
2026-05-09 22:53:45.492 10 WARNING neutron_lib.context [None req-0e912b73-a504-4334-9fa4-0f8d95987eac 63e159527a5c4bab96016f04dd22ad8d 1972c4b3a08245e7a6209902846c9bb3 - - default default] Method 'is_advsvc' is deprecated since 2023.2 release (neutron-lib 3.8.0) and will be removed once support for the old RBAC API policies will be removed from Neutron. Please use method 'is_service_role' instead.
2026-05-09 22:53:45.514 10 WARNING neutron_lib.context [None req-0e912b73-a504-4334-9fa4-0f8d95987eac 63e159527a5c4bab96016f04dd22ad8d 1972c4b3a08245e7a6209902846c9bb3 - - default default] Method 'is_advsvc' is deprecated since 2023.2 release (neutron-lib 3.8.0) and will be removed once support for the old RBAC API policies will be removed from Neutron. Please use method 'is_service_role' instead.
2026-05-09 22:53:45.618 9 INFO neutron.db.ovn_revision_numbers_db [req-5125033f-5311-42ad-896b-6cbe30d47cc0 req-9d2c2262-fdac-4f81-bc7a-fb4c96234e06 5cddc22acd2a45c495bbf03e23def64f 95c991d61fd74039a97361e703a045b9 - - b74fb1e0c7fc469a8132ce3fe1e367c8 b74fb1e0c7fc469a8132ce3fe1e367c8] Successfully bumped revision number for resource 6a35437e-f604-4d73-af1c-963d5ecf488d (type: ports) to 4
2026-05-09 22:53:45.634 9 INFO neutron.api.wsgi [req-5125033f-5311-42ad-896b-6cbe30d47cc0 req-9d2c2262-fdac-4f81-bc7a-fb4c96234e06 5cddc22acd2a45c495bbf03e23def64f 95c991d61fd74039a97361e703a045b9 - - b74fb1e0c7fc469a8132ce3fe1e367c8 b74fb1e0c7fc469a8132ce3fe1e367c8] 199.204.45.250 "PUT /v2.0/ports/6a35437e-f604-4d73-af1c-963d5ecf488d HTTP/1.1" status: 200 len: 1404 time: 0.5912986
2026-05-09 22:53:45.941 10 WARNING neutron.scheduler.dhcp_agent_scheduler [None req-0e912b73-a504-4334-9fa4-0f8d95987eac 63e159527a5c4bab96016f04dd22ad8d 1972c4b3a08245e7a6209902846c9bb3 - - default default] No more DHCP agents
2026-05-09 22:53:45.942 10 WARNING neutron.api.rpc.agentnotifiers.dhcp_rpc_agent_api [None req-0e912b73-a504-4334-9fa4-0f8d95987eac 63e159527a5c4bab96016f04dd22ad8d 1972c4b3a08245e7a6209902846c9bb3 - - default default] Unable to schedule network a3b47c67-843a-491b-a95c-2d6da5e094d0: no agents available; will retry on subsequent port and subnet creation events.
2026-05-09 22:53:46.015 10 INFO neutron.db.ovn_revision_numbers_db [None req-0e912b73-a504-4334-9fa4-0f8d95987eac 63e159527a5c4bab96016f04dd22ad8d 1972c4b3a08245e7a6209902846c9bb3 - - default default] Successfully bumped revision number for resource 1a1c4bc8-35f3-4338-9bc4-0c4c64f174a6 (type: ports) to 1
2026-05-09 22:53:46.056 10 WARNING neutron.scheduler.dhcp_agent_scheduler [None req-0e912b73-a504-4334-9fa4-0f8d95987eac 63e159527a5c4bab96016f04dd22ad8d 1972c4b3a08245e7a6209902846c9bb3 - - default default] No more DHCP agents
2026-05-09 22:53:46.058 10 WARNING neutron.api.rpc.agentnotifiers.dhcp_rpc_agent_api [None req-0e912b73-a504-4334-9fa4-0f8d95987eac 63e159527a5c4bab96016f04dd22ad8d 1972c4b3a08245e7a6209902846c9bb3 - - default default] Unable to schedule network f5fd82e9-d1f0-45cd-b928-d74b62ef1364: no agents available; will retry on subsequent port and subnet creation events. /var/lib/openstack/lib/python3.12/site-packages/pycadf/identifier.py:71: UserWarning: Invalid uuid: neutron. To ensure interoperability, identifiers should be a valid uuid. warnings.warn(('Invalid uuid: %s. To ensure interoperability, '
2026-05-09 22:53:46.128 9 INFO neutron.api.wsgi [req-61bca711-805b-4de2-a174-0b026d1a80ae req-e2d7a59e-fa27-4948-ad82-f3b27833b242 91466550c776497b972f73f2a984b1f6 241173e15f40492c88386c05fa3d4b79 - - default default] 10.0.0.116 "GET /v2.0/ports?device_id=cdacf1a6-7640-490b-8e74-50ce401ac448 HTTP/1.1" status: 200 len: 210 time: 0.0342484
2026-05-09 22:53:46.134 9 INFO neutron.notifiers.nova [-] Nova event matching ['req-1a9c3b5c-1880-4463-8b5c-c517f084da9e'] response: {'name': 'network-changed', 'server_uuid': 'e6aef4cd-90c2-43d2-9210-51cea36c6ec8', 'tag': '6a35437e-f604-4d73-af1c-963d5ecf488d', 'status': 'completed', 'code': 200}
2026-05-09 22:53:46.162 10 INFO neutron.db.ovn_revision_numbers_db [None req-0e912b73-a504-4334-9fa4-0f8d95987eac 63e159527a5c4bab96016f04dd22ad8d 1972c4b3a08245e7a6209902846c9bb3 - - default default] Successfully bumped revision number for resource fc8bc1bc-68c9-4720-a8da-e5204ca77f49 (type: ports) to 1
2026-05-09 22:53:46.184 10 INFO neutron.api.wsgi [None req-0e912b73-a504-4334-9fa4-0f8d95987eac 63e159527a5c4bab96016f04dd22ad8d 1972c4b3a08245e7a6209902846c9bb3 - - default default] 10.0.0.215 "POST /v2.0/ports HTTP/1.1" status: 201 len: 1706 time: 0.6961322 /var/lib/openstack/lib/python3.12/site-packages/pycadf/identifier.py:71: UserWarning: Invalid uuid: neutron. To ensure interoperability, identifiers should be a valid uuid. warnings.warn(('Invalid uuid: %s. To ensure interoperability, '
2026-05-09 22:53:46.229 9 WARNING neutron.plugins.ml2.drivers.ovn.mech_driver.ovsdb.ovn_client [None req-5d0c540c-5b66-4f87-a790-b415a0a582d9 - - - - - -] No hosting information found for port b6338e01-0008-413b-8414-7159e51c6e9b: RuntimeError: No hosting information found for port b6338e01-0008-413b-8414-7159e51c6e9b
2026-05-09 22:53:46.247 10 INFO neutron.services.segments.plugin [-] Segment 9e1a1f0b-22a4-43a7-8c00-db774c2b5e76 resource provider aggregate not found
2026-05-09 22:53:46.264 10 INFO neutron.services.segments.plugin [-] Segment 9e1a1f0b-22a4-43a7-8c00-db774c2b5e76 resource provider not found; error: Placement Client Error (4xx): {"errors": [{"status": 404, "title": "Not Found", "detail": "The resource could not be found.\n\n No resource provider with uuid 9e1a1f0b-22a4-43a7-8c00-db774c2b5e76 found for delete ", "request_id": "req-34b1417a-6ca8-4549-80bd-524405591f35"}]}
2026-05-09 22:53:46.265 10 INFO neutron.services.segments.plugin [-] Segment 9e1a1f0b-22a4-43a7-8c00-db774c2b5e76 resource provider aggregate not found
2026-05-09 22:53:46.280 10 INFO neutron.services.segments.plugin [-] Segment 9e1a1f0b-22a4-43a7-8c00-db774c2b5e76 resource provider not found; error: Placement Client Error (4xx): {"errors": [{"status": 404, "title": "Not Found", "detail": "The resource could not be found.\n\n No resource provider with uuid 9e1a1f0b-22a4-43a7-8c00-db774c2b5e76 found for delete ", "request_id": "req-a1419e1c-77ac-4bb6-bd3e-263fc062ef3d"}]}
2026-05-09 22:53:46.325 9 INFO neutron.db.ovn_revision_numbers_db [None req-5d0c540c-5b66-4f87-a790-b415a0a582d9 - - - - - -] Successfully bumped revision number for resource b6338e01-0008-413b-8414-7159e51c6e9b (type: router_ports) to 2
2026-05-09 22:53:46.328 10 INFO neutron.api.wsgi [req-f9d819a3-29a1-452c-89bd-920f5797008a req-ea000337-94ea-42f5-b876-335f7001089d 0a16beb6ab50466b8dc5c4f3aded0563 b0e853e1f16a4658b45795bc07b3ba69 - - default default] 10.0.0.116 "GET /v2.0/ports?device_id=e6aef4cd-90c2-43d2-9210-51cea36c6ec8 HTTP/1.1" status: 200 len: 1168 time: 0.0395515
2026-05-09 22:53:46.343 10 INFO neutron.api.wsgi [None req-d1a7802a-9ae0-4b02-bbf4-169a43ed25a3 63e159527a5c4bab96016f04dd22ad8d 1972c4b3a08245e7a6209902846c9bb3 - - default default] 10.0.0.215 "GET /v2.0/ports HTTP/1.1" status: 200 len: 3213 time: 0.1500535
2026-05-09 22:53:46.379 10 INFO neutron.api.wsgi [req-f9d819a3-29a1-452c-89bd-920f5797008a req-feae5424-16bb-48f3-8db6-6758fe744ca2 0a16beb6ab50466b8dc5c4f3aded0563 b0e853e1f16a4658b45795bc07b3ba69 - - default default] 10.0.0.116 "GET /v2.0/security-groups?id=7ded3e20-b50a-4f1c-be3c-c6376ee34cd8&fields=id&fields=name HTTP/1.1" status: 200 len: 312 time: 0.0472362
2026-05-09 22:53:46.411 9 INFO neutron.api.wsgi [req-b3872dc8-dea9-4bdf-bbd3-8ab01a076aa9 req-c5231182-1352-494d-a949-aed7d53bc427 dada8693956849ee8022963b17121c13 f29778f5e7b04a78b4648de20ee8f0a7 - - default default] 10.0.0.116 "GET /v2.0/ports?device_id=ec49d7e9-e4d9-4323-ba9b-b0a76698da7c HTTP/1.1" status: 200 len: 210 time: 0.0209272
2026-05-09 22:53:46.646 9 INFO neutron.api.wsgi [None req-c86a5235-3123-4852-a9cc-282a713efc61 63e159527a5c4bab96016f04dd22ad8d 1972c4b3a08245e7a6209902846c9bb3 - - default default] 10.0.0.215 "DELETE /v2.0/ports/1a1c4bc8-35f3-4338-9bc4-0c4c64f174a6 HTTP/1.1" status: 204 len: 168 time: 0.2789943
2026-05-09 22:53:46.716 9 INFO neutron.api.wsgi [req-512f0627-0896-488c-95d5-a0f6fbe02a37 req-4057ad3b-470e-4f05-9d83-6a26fdf28821 5cddc22acd2a45c495bbf03e23def64f 95c991d61fd74039a97361e703a045b9 - - b74fb1e0c7fc469a8132ce3fe1e367c8 b74fb1e0c7fc469a8132ce3fe1e367c8] 199.204.45.250 "GET /v2.0/ports?tenant_id=b0e853e1f16a4658b45795bc07b3ba69&device_id=e6aef4cd-90c2-43d2-9210-51cea36c6ec8 HTTP/1.1" status: 200 len: 1407 time: 0.0685120
2026-05-09 22:53:46.760 9 INFO neutron.api.wsgi [req-512f0627-0896-488c-95d5-a0f6fbe02a37 req-e0127a7a-c5a0-4097-908b-ab4cfe67427c 5cddc22acd2a45c495bbf03e23def64f 95c991d61fd74039a97361e703a045b9 - - b74fb1e0c7fc469a8132ce3fe1e367c8 b74fb1e0c7fc469a8132ce3fe1e367c8] 199.204.45.250 "GET /v2.0/networks?tenant_id=b0e853e1f16a4658b45795bc07b3ba69&shared=False HTTP/1.1" status: 200 len: 977 time: 0.0388672
2026-05-09 22:53:46.820 9 INFO neutron.api.wsgi [req-512f0627-0896-488c-95d5-a0f6fbe02a37 req-9ce1940a-2e68-4a7f-b339-75d3100bb903 5cddc22acd2a45c495bbf03e23def64f 95c991d61fd74039a97361e703a045b9 - - b74fb1e0c7fc469a8132ce3fe1e367c8 b74fb1e0c7fc469a8132ce3fe1e367c8] 199.204.45.250 "GET /v2.0/networks?shared=True HTTP/1.1" status: 200 len: 952 time: 0.0541942
2026-05-09 22:53:46.939 10 INFO neutron.api.wsgi [None req-6e62812a-8767-4d5f-9be5-b0fd218a0716 63e159527a5c4bab96016f04dd22ad8d 1972c4b3a08245e7a6209902846c9bb3 - - default default] 10.0.0.215 "DELETE /v2.0/ports/fc8bc1bc-68c9-4720-a8da-e5204ca77f49 HTTP/1.1" status: 204 len: 168 time: 0.2752306
2026-05-09 22:53:46.981 10 INFO neutron.api.wsgi [None req-b40162de-d916-46db-8e65-9f04eb0d6195 63e159527a5c4bab96016f04dd22ad8d 1972c4b3a08245e7a6209902846c9bb3 - - default default] 10.0.0.215 "GET /v2.0/ports HTTP/1.1" status: 200 len: 1718 time: 0.0374966
2026-05-09 22:53:46.991 10 WARNING neutron_lib.context [None req-eb436890-fc19-466f-a8eb-11644e23cc01 63e159527a5c4bab96016f04dd22ad8d 1972c4b3a08245e7a6209902846c9bb3 - - default default] Method 'is_advsvc' is deprecated since 2023.2 release (neutron-lib 3.8.0) and will be removed once support for the old RBAC API policies will be removed from Neutron. Please use method 'is_service_role' instead.
2026-05-09 22:53:47.069 10 INFO neutron.db.segments_db [None req-eb436890-fc19-466f-a8eb-11644e23cc01 63e159527a5c4bab96016f04dd22ad8d 1972c4b3a08245e7a6209902846c9bb3 - - default default] Added segment c687c430-a8fb-45ff-a460-5eaaa4599260 of type geneve for network 281259f8-0181-45a3-b3f8-ecdd123f0ebb
2026-05-09 22:53:47.179 10 INFO neutron.db.ovn_revision_numbers_db [None req-eb436890-fc19-466f-a8eb-11644e23cc01 63e159527a5c4bab96016f04dd22ad8d 1972c4b3a08245e7a6209902846c9bb3 - - default default] Successfully bumped revision number for resource 281259f8-0181-45a3-b3f8-ecdd123f0ebb (type: networks) to 1
2026-05-09 22:53:47.208 10 INFO neutron.api.wsgi [req-07c5ef27-9efd-421c-8733-bd1923f01e5a req-47b117b0-7a83-43a9-8737-587f44917d54 91466550c776497b972f73f2a984b1f6 241173e15f40492c88386c05fa3d4b79 - - default default] 10.0.0.116 "GET /v2.0/ports?device_id=cdacf1a6-7640-490b-8e74-50ce401ac448 HTTP/1.1" status: 200 len: 210 time: 0.0240047
2026-05-09 22:53:47.339 9 INFO neutron.api.wsgi [req-67e0dbd5-2b79-4988-944a-6289f48b185f req-a0d52f44-b54d-4bee-a80f-f5847d4d63a7 91466550c776497b972f73f2a984b1f6 241173e15f40492c88386c05fa3d4b79 - - default default] 199.204.45.250 "GET /v2.0/networks?id=7c97aa9f-f85a-4204-87bf-27aa4228eecf HTTP/1.1" status: 200 len: 869 time: 0.0428543
2026-05-09 22:53:47.355 10 WARNING neutron.scheduler.dhcp_agent_scheduler [None req-eb436890-fc19-466f-a8eb-11644e23cc01 63e159527a5c4bab96016f04dd22ad8d 1972c4b3a08245e7a6209902846c9bb3 - - default default] No more DHCP agents
2026-05-09 22:53:47.356 10 WARNING neutron.api.rpc.agentnotifiers.dhcp_rpc_agent_api [None req-eb436890-fc19-466f-a8eb-11644e23cc01 63e159527a5c4bab96016f04dd22ad8d 1972c4b3a08245e7a6209902846c9bb3 - - default default] Unable to schedule network 281259f8-0181-45a3-b3f8-ecdd123f0ebb: no agents available; will retry on subsequent port and subnet creation events.
2026-05-09 22:53:47.374 9 INFO neutron.api.wsgi [req-67e0dbd5-2b79-4988-944a-6289f48b185f req-86e30e8c-88a3-446d-b061-aa9ec2738e98 91466550c776497b972f73f2a984b1f6 241173e15f40492c88386c05fa3d4b79 - - default default] 199.204.45.250 "GET /v2.0/security-groups?fields=id&fields=name&tenant_id=241173e15f40492c88386c05fa3d4b79 HTTP/1.1" status: 200 len: 379 time: 0.0295527
2026-05-09 22:53:47.388 9 WARNING neutron_lib.context [req-67e0dbd5-2b79-4988-944a-6289f48b185f req-fe08bea5-99d9-4273-b15d-ee8c7c01a1a6 91466550c776497b972f73f2a984b1f6 241173e15f40492c88386c05fa3d4b79 - - default default] Method 'is_advsvc' is deprecated since 2023.2 release (neutron-lib 3.8.0) and will be removed once support for the old RBAC API policies will be removed from Neutron. Please use method 'is_service_role' instead.
2026-05-09 22:53:47.416 10 INFO neutron.db.ovn_revision_numbers_db [None req-eb436890-fc19-466f-a8eb-11644e23cc01 63e159527a5c4bab96016f04dd22ad8d 1972c4b3a08245e7a6209902846c9bb3 - - default default] Successfully bumped revision number for resource e8624833-449c-4422-9bfc-ace896cf650e (type: ports) to 1
2026-05-09 22:53:47.456 10 INFO neutron.api.wsgi [None req-eb436890-fc19-466f-a8eb-11644e23cc01 63e159527a5c4bab96016f04dd22ad8d 1972c4b3a08245e7a6209902846c9bb3 - - default default] 10.0.0.215 "POST /v2.0/networks HTTP/1.1" status: 201 len: 849 time: 0.4691052
2026-05-09 22:53:47.468 10 WARNING neutron_lib.context [None req-a1d65cdb-d8d8-4b99-9654-0526201e6dfe 63e159527a5c4bab96016f04dd22ad8d 1972c4b3a08245e7a6209902846c9bb3 - - default default] Method 'is_advsvc' is deprecated since 2023.2 release (neutron-lib 3.8.0) and will be removed once support for the old RBAC API policies will be removed from Neutron. Please use method 'is_service_role' instead.
2026-05-09 22:53:47.505 10 INFO neutron.api.wsgi [req-aa30abda-9c52-4499-aab6-9dd9a66503c7 req-80092a1e-0ecc-4431-b679-d4ebe9997eec dada8693956849ee8022963b17121c13 f29778f5e7b04a78b4648de20ee8f0a7 - - default default] 10.0.0.116 "GET /v2.0/ports?device_id=ec49d7e9-e4d9-4323-ba9b-b0a76698da7c HTTP/1.1" status: 200 len: 210 time: 0.0277512
2026-05-09 22:53:47.555 9 INFO neutron.api.wsgi [req-1d1ab4e4-5d47-4bbf-95e3-ce7ee8cb8488 req-369d24d9-0289-45d4-9f45-7fddc2364a28 0a16beb6ab50466b8dc5c4f3aded0563 b0e853e1f16a4658b45795bc07b3ba69 - - default default] 10.0.0.116 "GET /v2.0/ports?device_id=e6aef4cd-90c2-43d2-9210-51cea36c6ec8 HTTP/1.1" status: 200 len: 1168 time: 0.0961478
2026-05-09 22:53:47.599 10 INFO neutron.db.segments_db [None req-a1d65cdb-d8d8-4b99-9654-0526201e6dfe 63e159527a5c4bab96016f04dd22ad8d 1972c4b3a08245e7a6209902846c9bb3 - - default default] Added segment 0c4414ea-ad3f-41e1-8f35-7c3e9a93cc0d of type geneve for network 5f4fb491-d0fa-48d6-8ea7-4fb68188b8c3
2026-05-09 22:53:47.604 9 INFO neutron.api.wsgi [req-1d1ab4e4-5d47-4bbf-95e3-ce7ee8cb8488 req-e0a3cb5f-81b9-486e-9f85-7afe6672d408 0a16beb6ab50466b8dc5c4f3aded0563 b0e853e1f16a4658b45795bc07b3ba69 - - default default] 10.0.0.116 "GET /v2.0/security-groups?id=7ded3e20-b50a-4f1c-be3c-c6376ee34cd8&fields=id&fields=name HTTP/1.1" status: 200 len: 312 time: 0.0420310
2026-05-09 22:53:47.719 10 INFO neutron.db.ovn_revision_numbers_db [None req-a1d65cdb-d8d8-4b99-9654-0526201e6dfe 63e159527a5c4bab96016f04dd22ad8d 1972c4b3a08245e7a6209902846c9bb3 - - default default] Successfully bumped revision number for resource 5f4fb491-d0fa-48d6-8ea7-4fb68188b8c3 (type: networks) to 1
2026-05-09 22:53:47.725 9 WARNING neutron.scheduler.dhcp_agent_scheduler [req-67e0dbd5-2b79-4988-944a-6289f48b185f req-fe08bea5-99d9-4273-b15d-ee8c7c01a1a6 91466550c776497b972f73f2a984b1f6 241173e15f40492c88386c05fa3d4b79 - - default default] No more DHCP agents
2026-05-09 22:53:47.726 9 WARNING neutron.api.rpc.agentnotifiers.dhcp_rpc_agent_api [req-67e0dbd5-2b79-4988-944a-6289f48b185f req-fe08bea5-99d9-4273-b15d-ee8c7c01a1a6 91466550c776497b972f73f2a984b1f6 241173e15f40492c88386c05fa3d4b79 - - default default] Unable to schedule network 7c97aa9f-f85a-4204-87bf-27aa4228eecf: no agents available; will retry on subsequent port and subnet creation events. /var/lib/openstack/lib/python3.12/site-packages/pycadf/identifier.py:71: UserWarning: Invalid uuid: neutron. To ensure interoperability, identifiers should be a valid uuid. warnings.warn(('Invalid uuid: %s. To ensure interoperability, '
2026-05-09 22:53:47.859 9 INFO neutron.db.ovn_revision_numbers_db [req-67e0dbd5-2b79-4988-944a-6289f48b185f req-fe08bea5-99d9-4273-b15d-ee8c7c01a1a6 91466550c776497b972f73f2a984b1f6 241173e15f40492c88386c05fa3d4b79 - - default default] Successfully bumped revision number for resource 2f39c691-71d7-4ecb-9a2e-60bf2c8709e6 (type: ports) to 1
2026-05-09 22:53:47.864 9 INFO neutron.api.wsgi [req-5125033f-5311-42ad-896b-6cbe30d47cc0 req-d5c68ec9-b582-4e63-b388-33b644d9f6eb 5cddc22acd2a45c495bbf03e23def64f 95c991d61fd74039a97361e703a045b9 - - b74fb1e0c7fc469a8132ce3fe1e367c8 b74fb1e0c7fc469a8132ce3fe1e367c8] 199.204.45.250 "GET /v2.0/ports?tenant_id=b0e853e1f16a4658b45795bc07b3ba69&device_id=e6aef4cd-90c2-43d2-9210-51cea36c6ec8 HTTP/1.1" status: 200 len: 1407 time: 0.0302579
2026-05-09 22:53:47.875 10 WARNING neutron.scheduler.dhcp_agent_scheduler [None req-a1d65cdb-d8d8-4b99-9654-0526201e6dfe 63e159527a5c4bab96016f04dd22ad8d 1972c4b3a08245e7a6209902846c9bb3 - - default default] No more DHCP agents
2026-05-09 22:53:47.876 10 WARNING neutron.api.rpc.agentnotifiers.dhcp_rpc_agent_api [None req-a1d65cdb-d8d8-4b99-9654-0526201e6dfe 63e159527a5c4bab96016f04dd22ad8d 1972c4b3a08245e7a6209902846c9bb3 - - default default] Unable to schedule network 5f4fb491-d0fa-48d6-8ea7-4fb68188b8c3: no agents available; will retry on subsequent port and subnet creation events.
2026-05-09 22:53:47.881 9 INFO neutron.api.wsgi [req-67e0dbd5-2b79-4988-944a-6289f48b185f req-fe08bea5-99d9-4273-b15d-ee8c7c01a1a6 91466550c776497b972f73f2a984b1f6 241173e15f40492c88386c05fa3d4b79 - - default default] 199.204.45.250 "POST /v2.0/ports HTTP/1.1" status: 201 len: 1158 time: 0.4999902
2026-05-09 22:53:47.927 9 INFO neutron.api.wsgi [req-5125033f-5311-42ad-896b-6cbe30d47cc0 req-9bc670c5-ad5c-47b2-8d21-60b19adfeb81 5cddc22acd2a45c495bbf03e23def64f 95c991d61fd74039a97361e703a045b9 - - b74fb1e0c7fc469a8132ce3fe1e367c8 b74fb1e0c7fc469a8132ce3fe1e367c8] 199.204.45.250 "GET /v2.0/floatingips?fixed_ip_address=10.100.0.9&port_id=6a35437e-f604-4d73-af1c-963d5ecf488d HTTP/1.1" status: 200 len: 217 time: 0.0526276
2026-05-09 22:53:47.933 10 INFO neutron.db.ovn_revision_numbers_db [None req-a1d65cdb-d8d8-4b99-9654-0526201e6dfe 63e159527a5c4bab96016f04dd22ad8d 1972c4b3a08245e7a6209902846c9bb3 - - default default] Successfully bumped revision number for resource 6c7d4aab-934e-4941-91b5-e05f6a2094db (type: ports) to 1
2026-05-09 22:53:47.954 10 INFO neutron.api.wsgi [None req-a1d65cdb-d8d8-4b99-9654-0526201e6dfe 63e159527a5c4bab96016f04dd22ad8d 1972c4b3a08245e7a6209902846c9bb3 - - default default] 10.0.0.215 "POST /v2.0/networks HTTP/1.1" status: 201 len: 849 time: 0.4906645
2026-05-09 22:53:47.977 9 INFO neutron.api.wsgi [req-5125033f-5311-42ad-896b-6cbe30d47cc0 req-f503b823-0470-418a-b0d6-ce54037fbce8 5cddc22acd2a45c495bbf03e23def64f 95c991d61fd74039a97361e703a045b9 - - b74fb1e0c7fc469a8132ce3fe1e367c8 b74fb1e0c7fc469a8132ce3fe1e367c8] 199.204.45.250 "GET /v2.0/subnets?id=456410ef-2b48-4a1a-8e71-9d3720c9be72 HTTP/1.1" status: 200 len: 896 time: 0.0430377
2026-05-09 22:53:47.993 10 WARNING neutron_lib.context [None req-0f46882a-33ff-42ad-bfdf-4b6e9e3ff339 63e159527a5c4bab96016f04dd22ad8d 1972c4b3a08245e7a6209902846c9bb3 - - default default] Method 'is_advsvc' is deprecated since 2023.2 release (neutron-lib 3.8.0) and will be removed once support for the old RBAC API policies will be removed from Neutron. Please use method 'is_service_role' instead.
2026-05-09 22:53:48.015 9 INFO neutron.api.wsgi [-] 10.0.0.115 "GET / HTTP/1.1" status: 200 len: 247 time: 0.0013990
2026-05-09 22:53:48.016 9 INFO neutron.api.wsgi [-] 10.0.0.115 "GET / HTTP/1.1" status: 200 len: 247 time: 0.0012000
