2026-05-09 22:57:32.101 10 INFO neutron.api.wsgi [req-cd34273a-0723-493b-853c-fb906eafdfef req-3502ef8d-2380-49b1-a131-e6a78abd17ec 9bbc180c5a484edf9128827656385cd9 2bc46190b2394f9ea24c0ef16398a7b9 - - default default] 10.0.0.116 "GET /v2.0/ports?device_id=d57c55b2-eea4-48c4-9e0d-18b8cdd7b3bf HTTP/1.1" status: 200 len: 1407 time: 0.0330489
2026-05-09 22:57:32.135 10 INFO neutron.api.wsgi [req-cd34273a-0723-493b-853c-fb906eafdfef req-5805a8a8-558a-47e7-893d-a8718449c442 9bbc180c5a484edf9128827656385cd9 2bc46190b2394f9ea24c0ef16398a7b9 - - default default] 10.0.0.116 "GET /v2.0/security-groups?id=ee776810-b09c-40e1-96ee-2d3d62fe1acb&fields=id&fields=name HTTP/1.1" status: 200 len: 294 time: 0.0281932
2026-05-09 22:57:32.226 9 INFO neutron.api.wsgi [req-e2a18b4a-a109-4e04-a6cb-a16a64c9aa87 req-848799e7-4e87-4a4f-9d66-6cc65d1751eb 9bbc180c5a484edf9128827656385cd9 2bc46190b2394f9ea24c0ef16398a7b9 - - default default] 10.0.0.116 "GET /v2.0/ports?device_id=d57c55b2-eea4-48c4-9e0d-18b8cdd7b3bf HTTP/1.1" status: 200 len: 1407 time: 0.0409796
2026-05-09 22:57:32.329 9 INFO neutron.db.ovn_revision_numbers_db [None req-18139bff-1cc9-43e2-8d59-5c6b78ced2d5 3e942bfbae2948daa4b5b527b14e31d2 d167aff0a40541e3afaab34212eb4ab9 - - default default] Successfully bumped revision number for resource 11b6a670-bbba-4abf-a02c-6f7880f10694 (type: routers) to 5
2026-05-09 22:57:32.333 9 INFO neutron.api.wsgi [None req-18139bff-1cc9-43e2-8d59-5c6b78ced2d5 3e942bfbae2948daa4b5b527b14e31d2 d167aff0a40541e3afaab34212eb4ab9 - - default default] 10.0.0.215 "PUT /v2.0/routers/11b6a670-bbba-4abf-a02c-6f7880f10694 HTTP/1.1" status: 200 len: 1136 time: 0.6937382
2026-05-09 22:57:32.338 9 INFO neutron.api.wsgi [req-275c1dff-ce3c-4eec-8543-f739a11c554d req-36f17570-1032-40bf-ae44-061cdd64b1ef b7c9cab15e0047a7a42ce2c3c90658a4 5a79bc6f9726466e8815d507fb9c0df0 - - default default] 10.0.0.116 "GET /v2.0/ports?device_id=d1cd6a54-2f49-477d-8984-066fa11e586d HTTP/1.1" status: 200 len: 210 time: 0.0168426
2026-05-09 22:57:32.411 9 INFO neutron.api.wsgi [None req-0d696859-a8c8-4422-ba15-21f76d3a70cb 3e942bfbae2948daa4b5b527b14e31d2 d167aff0a40541e3afaab34212eb4ab9 - - default default] 10.0.0.215 "GET /v2.0/ports?device_id=11b6a670-bbba-4abf-a02c-6f7880f10694 HTTP/1.1" status: 200 len: 1144 time: 0.0713596
2026-05-09 22:57:33.015 9 INFO neutron.api.wsgi [-] 10.0.0.115 "GET / HTTP/1.1" status: 200 len: 247 time: 0.0018761
2026-05-09 22:57:33.018 10 INFO neutron.api.wsgi [-] 10.0.0.115 "GET / HTTP/1.1" status: 200 len: 247 time: 0.0028965
2026-05-09 22:57:33.219 9 INFO neutron.api.wsgi [None req-a7bc98f9-2bec-4b3b-82b1-3a84491dfde9 3e942bfbae2948daa4b5b527b14e31d2 d167aff0a40541e3afaab34212eb4ab9 - - default default] 10.0.0.215 "PUT /v2.0/routers/11b6a670-bbba-4abf-a02c-6f7880f10694/remove_router_interface HTTP/1.1" status: 200 len: 503 time: 0.8024113 /var/lib/openstack/lib/python3.12/site-packages/pycadf/identifier.py:71: UserWarning: Invalid uuid: neutron. To ensure interoperability, identifiers should be a valid uuid. warnings.warn(('Invalid uuid: %s. To ensure interoperability, '
2026-05-09 22:57:33.428 10 INFO neutron.api.wsgi [req-b091aa9e-85fc-4237-9549-c628eb1b8d45 req-6595d090-f6da-43c4-8ffb-7e9e5009498f b7c9cab15e0047a7a42ce2c3c90658a4 5a79bc6f9726466e8815d507fb9c0df0 - - default default] 10.0.0.116 "GET /v2.0/ports?device_id=d1cd6a54-2f49-477d-8984-066fa11e586d HTTP/1.1" status: 200 len: 210 time: 0.0220275
2026-05-09 22:57:33.510 9 INFO neutron.api.wsgi [req-0c113cf2-5d86-44d0-b683-a879409e9a42 req-d300ac7a-5f9b-407c-a35a-3ac7ee8d5504 5cddc22acd2a45c495bbf03e23def64f 95c991d61fd74039a97361e703a045b9 - - b74fb1e0c7fc469a8132ce3fe1e367c8 b74fb1e0c7fc469a8132ce3fe1e367c8] 199.204.45.250 "GET /v2.0/ports?device_id=d57c55b2-eea4-48c4-9e0d-18b8cdd7b3bf HTTP/1.1" status: 200 len: 1407 time: 0.0373607
2026-05-09 22:57:33.559 9 INFO neutron.api.wsgi [req-0c113cf2-5d86-44d0-b683-a879409e9a42 req-9a9ca64e-1bdb-4348-baf5-931b20f1fc70 5cddc22acd2a45c495bbf03e23def64f 95c991d61fd74039a97361e703a045b9 - - b74fb1e0c7fc469a8132ce3fe1e367c8 b74fb1e0c7fc469a8132ce3fe1e367c8] 199.204.45.250 "GET /v2.0/security-groups?id=ee776810-b09c-40e1-96ee-2d3d62fe1acb&fields=id&fields=name HTTP/1.1" status: 200 len: 294 time: 0.0443559
2026-05-09 22:57:33.597 10 INFO neutron.db.ovn_revision_numbers_db [None req-5ae8169e-8239-4b49-b465-4f7e21a55955 9bbc180c5a484edf9128827656385cd9 2bc46190b2394f9ea24c0ef16398a7b9 - - default default] Successfully bumped revision number for resource fdbc1950-a03c-4886-947e-8fdc3b90e801 (type: security_groups) to 1
2026-05-09 22:57:33.613 10 INFO neutron.db.ovn_revision_numbers_db [None req-5ae8169e-8239-4b49-b465-4f7e21a55955 9bbc180c5a484edf9128827656385cd9 2bc46190b2394f9ea24c0ef16398a7b9 - - default default] Successfully bumped revision number for resource 36a31b4f-a8f9-4792-8112-ef636f8e24ef (type: security_group_rules) to 0
2026-05-09 22:57:33.631 10 INFO neutron.db.ovn_revision_numbers_db [None req-5ae8169e-8239-4b49-b465-4f7e21a55955 9bbc180c5a484edf9128827656385cd9 2bc46190b2394f9ea24c0ef16398a7b9 - - default default] Successfully bumped revision number for resource 440ddb5d-9b55-4ba3-b7e7-5b7bbb34cca1 (type: security_group_rules) to 0
2026-05-09 22:57:33.646 10 INFO neutron.db.ovn_revision_numbers_db [None req-5ae8169e-8239-4b49-b465-4f7e21a55955 9bbc180c5a484edf9128827656385cd9 2bc46190b2394f9ea24c0ef16398a7b9 - - default default] Successfully bumped revision number for resource 62817b95-0c97-4877-a647-7e19f23ce3a8 (type: security_group_rules) to 0
2026-05-09 22:57:33.662 10 INFO neutron.db.ovn_revision_numbers_db [None req-5ae8169e-8239-4b49-b465-4f7e21a55955 9bbc180c5a484edf9128827656385cd9 2bc46190b2394f9ea24c0ef16398a7b9 - - default default] Successfully bumped revision number for resource e49ad7be-e34f-40aa-a087-0dced76c47ca (type: security_group_rules) to 0
2026-05-09 22:57:33.700 9 INFO neutron.plugins.ml2.drivers.ovn.mech_driver.mech_driver [None req-78b7758e-233c-4833-b2d5-dffa61b7c37f - - - - - -] OVN reports status up for port: 32ce4449-f170-4aca-910f-2fabd6505a30
2026-05-09 22:57:33.711 9 INFO neutron.plugins.ml2.plugin [None req-78b7758e-233c-4833-b2d5-dffa61b7c37f - - - - - -] Attempt 1 to provision port 32ce4449-f170-4aca-910f-2fabd6505a30
2026-05-09 22:57:33.716 10 INFO neutron.api.wsgi [None req-5ae8169e-8239-4b49-b465-4f7e21a55955 9bbc180c5a484edf9128827656385cd9 2bc46190b2394f9ea24c0ef16398a7b9 - - default default] 10.0.0.215 "GET /v2.0/security-groups?tenant_id=776a04ae43654cb4929518c5821ee436&name=default HTTP/1.1" status: 200 len: 3124 time: 0.3392990
2026-05-09 22:57:33.950 10 INFO neutron.api.wsgi [None req-9979e553-64ca-47ce-ac44-1c3ed884c7a2 9bbc180c5a484edf9128827656385cd9 2bc46190b2394f9ea24c0ef16398a7b9 - - default default] 10.0.0.215 "DELETE /v2.0/security-groups/fdbc1950-a03c-4886-947e-8fdc3b90e801 HTTP/1.1" status: 204 len: 168 time: 0.2282615
2026-05-09 22:57:34.124 9 INFO neutron.notifiers.nova [-] Nova event matching ['req-842cb366-3de9-4d03-b7f5-ce723a71b5c2'] response: {'server_uuid': 'd57c55b2-eea4-48c4-9e0d-18b8cdd7b3bf', 'name': 'network-vif-plugged', 'status': 'completed', 'tag': '32ce4449-f170-4aca-910f-2fabd6505a30', 'code': 200}
2026-05-09 22:57:34.181 9 INFO neutron.api.wsgi [None req-b390e9c4-bdc5-46da-96b2-79e6bb5cb081 3e942bfbae2948daa4b5b527b14e31d2 d167aff0a40541e3afaab34212eb4ab9 - - default default] 10.0.0.215 "DELETE /v2.0/routers/11b6a670-bbba-4abf-a02c-6f7880f10694 HTTP/1.1" status: 204 len: 168 time: 0.9560578
2026-05-09 22:57:34.204 10 INFO neutron.api.v2.resource [None req-34871d7d-a80c-441a-89e3-8982991e93ca 3e942bfbae2948daa4b5b527b14e31d2 d167aff0a40541e3afaab34212eb4ab9 - - default default] show failed (client error): The resource could not be found.
2026-05-09 22:57:34.205 10 INFO neutron.api.wsgi [None req-34871d7d-a80c-441a-89e3-8982991e93ca 3e942bfbae2948daa4b5b527b14e31d2 d167aff0a40541e3afaab34212eb4ab9 - - default default] 10.0.0.215 "GET /v2.0/routers/577240a7-e300-4d64-9530-1175fcadae9c HTTP/1.1" status: 404 len: 336 time: 0.0181134
2026-05-09 22:57:34.255 9 INFO neutron.db.ovn_revision_numbers_db [None req-78b7758e-233c-4833-b2d5-dffa61b7c37f - - - - - -] Successfully bumped revision number for resource 32ce4449-f170-4aca-910f-2fabd6505a30 (type: ports) to 5
2026-05-09 22:57:34.427 10 INFO neutron.api.wsgi [None req-e9d42e8e-5d60-4acb-97e9-4f858be57dc2 3e942bfbae2948daa4b5b527b14e31d2 d167aff0a40541e3afaab34212eb4ab9 - - default default] 10.0.0.215 "DELETE /v2.0/subnets/6167e47f-17ca-4cb7-bb37-daf67630ef4a HTTP/1.1" status: 204 len: 168 time: 0.2192206 /var/lib/openstack/lib/python3.12/site-packages/pycadf/identifier.py:71: UserWarning: Invalid uuid: neutron. To ensure interoperability, identifiers should be a valid uuid. warnings.warn(('Invalid uuid: %s. To ensure interoperability, '
2026-05-09 22:57:34.526 10 INFO neutron.api.wsgi [req-9d22db1a-45aa-45f5-9dc4-06e91a4decb5 req-c13eb125-f581-4444-888e-0d60afb0a494 b7c9cab15e0047a7a42ce2c3c90658a4 5a79bc6f9726466e8815d507fb9c0df0 - - default default] 10.0.0.116 "GET /v2.0/ports?device_id=d1cd6a54-2f49-477d-8984-066fa11e586d HTTP/1.1" status: 200 len: 210 time: 0.0234032
2026-05-09 22:57:34.540 9 INFO neutron.api.wsgi [req-fe285732-3f48-46b1-98ad-d735141e9b7e req-0e25ae89-f7bb-4eae-ae19-44dc22a9d884 b7c9cab15e0047a7a42ce2c3c90658a4 5a79bc6f9726466e8815d507fb9c0df0 - - default default] 199.204.45.250 "GET /v2.0/networks?id=7e4245cd-0948-4d9a-883c-a9b7920aff55 HTTP/1.1" status: 200 len: 871 time: 0.0517557
2026-05-09 22:57:34.588 9 INFO neutron.api.wsgi [req-fe285732-3f48-46b1-98ad-d735141e9b7e req-52280320-c434-4fcc-a6a6-7242de7b15a4 b7c9cab15e0047a7a42ce2c3c90658a4 5a79bc6f9726466e8815d507fb9c0df0 - - default default] 199.204.45.250 "GET /v2.0/security-groups?fields=id&fields=name&tenant_id=5a79bc6f9726466e8815d507fb9c0df0 HTTP/1.1" status: 200 len: 471 time: 0.0396957
2026-05-09 22:57:34.598 9 WARNING neutron_lib.context [req-fe285732-3f48-46b1-98ad-d735141e9b7e req-5874e99b-7a6d-42af-a667-efbfc3ba7cb1 b7c9cab15e0047a7a42ce2c3c90658a4 5a79bc6f9726466e8815d507fb9c0df0 - - default default] Method 'is_advsvc' is deprecated since 2023.2 release (neutron-lib 3.8.0) and will be removed once support for the old RBAC API policies will be removed from Neutron. Please use method 'is_service_role' instead.
2026-05-09 22:57:34.643 10 INFO neutron.api.wsgi [None req-ca84c7ae-c903-4df6-b8dd-6baf4e8aaf42 3e942bfbae2948daa4b5b527b14e31d2 d167aff0a40541e3afaab34212eb4ab9 - - default default] 10.0.0.215 "DELETE /v2.0/subnets/63ce9b40-790e-482a-9675-09c1f753b44c HTTP/1.1" status: 204 len: 168 time: 0.2116230
2026-05-09 22:57:34.863 9 INFO neutron.api.wsgi [None req-093d5a6e-dd00-490f-9f00-f32f68688f07 3e942bfbae2948daa4b5b527b14e31d2 d167aff0a40541e3afaab34212eb4ab9 - - default default] 10.0.0.215 "DELETE /v2.0/subnets/9c2f8c6b-74a6-44c6-91b7-5bf841b996ad HTTP/1.1" status: 204 len: 168 time: 0.2113812
2026-05-09 22:57:34.879 10 INFO neutron.pecan_wsgi.hooks.translation [None req-9e9f123b-b0a0-47a2-a3ce-5791ca119ce3 3e942bfbae2948daa4b5b527b14e31d2 d167aff0a40541e3afaab34212eb4ab9 - - default default] DELETE failed (client error): The resource could not be found.
2026-05-09 22:57:34.881 10 INFO neutron.api.wsgi [None req-9e9f123b-b0a0-47a2-a3ce-5791ca119ce3 3e942bfbae2948daa4b5b527b14e31d2 d167aff0a40541e3afaab34212eb4ab9 - - default default] 10.0.0.215 "DELETE /v2.0/subnets/53b05f0f-1947-45b8-8040-081c14918cf1 HTTP/1.1" status: 404 len: 337 time: 0.0140281
2026-05-09 22:57:34.955 9 WARNING neutron.scheduler.dhcp_agent_scheduler [req-fe285732-3f48-46b1-98ad-d735141e9b7e req-5874e99b-7a6d-42af-a667-efbfc3ba7cb1 b7c9cab15e0047a7a42ce2c3c90658a4 5a79bc6f9726466e8815d507fb9c0df0 - - default default] No more DHCP agents
2026-05-09 22:57:34.957 9 WARNING neutron.api.rpc.agentnotifiers.dhcp_rpc_agent_api [req-fe285732-3f48-46b1-98ad-d735141e9b7e req-5874e99b-7a6d-42af-a667-efbfc3ba7cb1 b7c9cab15e0047a7a42ce2c3c90658a4 5a79bc6f9726466e8815d507fb9c0df0 - - default default] Unable to schedule network 7e4245cd-0948-4d9a-883c-a9b7920aff55: no agents available; will retry on subsequent port and subnet creation events.
2026-05-09 22:57:35.084 9 INFO neutron.db.ovn_revision_numbers_db [req-fe285732-3f48-46b1-98ad-d735141e9b7e req-5874e99b-7a6d-42af-a667-efbfc3ba7cb1 b7c9cab15e0047a7a42ce2c3c90658a4 5a79bc6f9726466e8815d507fb9c0df0 - - default default] Successfully bumped revision number for resource e6c4e8fd-930a-46c5-94ce-57331c255346 (type: ports) to 1
2026-05-09 22:57:35.105 9 INFO neutron.api.wsgi [req-fe285732-3f48-46b1-98ad-d735141e9b7e req-5874e99b-7a6d-42af-a667-efbfc3ba7cb1 b7c9cab15e0047a7a42ce2c3c90658a4 5a79bc6f9726466e8815d507fb9c0df0 - - default default] 199.204.45.250 "POST /v2.0/ports HTTP/1.1" status: 201 len: 1201 time: 0.5110328 /var/lib/openstack/lib/python3.12/site-packages/pycadf/identifier.py:71: UserWarning: Invalid uuid: neutron. To ensure interoperability, identifiers should be a valid uuid. warnings.warn(('Invalid uuid: %s. To ensure interoperability, '
2026-05-09 22:57:35.175 10 INFO neutron.services.segments.plugin [-] Segment 9a7fb47e-0f42-48b3-90b2-f102f6c24d2e resource provider aggregate not found
2026-05-09 22:57:35.182 10 INFO neutron.services.segments.plugin [-] Segment 9a7fb47e-0f42-48b3-90b2-f102f6c24d2e resource provider aggregate not found
2026-05-09 22:57:35.195 10 INFO neutron.services.segments.plugin [-] Segment 9a7fb47e-0f42-48b3-90b2-f102f6c24d2e resource provider not found; error: Placement Client Error (4xx): {"errors": [{"status": 404, "title": "Not Found", "detail": "The resource could not be found.\n\n No resource provider with uuid 9a7fb47e-0f42-48b3-90b2-f102f6c24d2e found for delete ", "request_id": "req-db1ec5ec-422e-4779-bdcf-cd15e070eb8e"}]}
2026-05-09 22:57:35.203 10 INFO neutron.services.segments.plugin [-] Segment 9a7fb47e-0f42-48b3-90b2-f102f6c24d2e resource provider not found; error: Placement Client Error (4xx): {"errors": [{"status": 404, "title": "Not Found", "detail": "The resource could not be found.\n\n No resource provider with uuid 9a7fb47e-0f42-48b3-90b2-f102f6c24d2e found for delete ", "request_id": "req-9197b89e-4c68-431c-9b25-6ca8f6455a8f"}]}
2026-05-09 22:57:35.216 10 INFO neutron.api.wsgi [None req-5eae984b-1454-41d9-b1a9-cd35cb423274 3e942bfbae2948daa4b5b527b14e31d2 d167aff0a40541e3afaab34212eb4ab9 - - default default] 10.0.0.215 "DELETE /v2.0/networks/d0d7062b-4bbe-4d37-b7c0-daf10f0212ef HTTP/1.1" status: 204 len: 168 time: 0.3300560
2026-05-09 22:57:35.467 9 INFO neutron.db.ovn_revision_numbers_db [req-fe285732-3f48-46b1-98ad-d735141e9b7e req-a812e4dd-c83c-41da-9bd2-0e7d1d5de9f3 5cddc22acd2a45c495bbf03e23def64f 95c991d61fd74039a97361e703a045b9 - - b74fb1e0c7fc469a8132ce3fe1e367c8 b74fb1e0c7fc469a8132ce3fe1e367c8] Successfully bumped revision number for resource e6c4e8fd-930a-46c5-94ce-57331c255346 (type: ports) to 2 /var/lib/openstack/lib/python3.12/site-packages/pycadf/identifier.py:71: UserWarning: Invalid uuid: neutron. To ensure interoperability, identifiers should be a valid uuid. warnings.warn(('Invalid uuid: %s. To ensure interoperability, '
2026-05-09 22:57:35.534 9 INFO neutron.api.wsgi [req-f1c7ed89-22b6-4415-a551-73060ccae741 req-0a349433-473c-45ec-aab1-bddeca53b59d 9bbc180c5a484edf9128827656385cd9 2bc46190b2394f9ea24c0ef16398a7b9 - - default default] 10.0.0.116 "GET /v2.0/ports?device_id=d57c55b2-eea4-48c4-9e0d-18b8cdd7b3bf HTTP/1.1" status: 200 len: 1409 time: 0.0477724
2026-05-09 22:57:35.546 10 INFO neutron.api.wsgi [None req-80799be2-ceca-4cc3-8404-d245c5815680 3e942bfbae2948daa4b5b527b14e31d2 d167aff0a40541e3afaab34212eb4ab9 - - default default] 10.0.0.215 "DELETE /v2.0/networks/f1c896fd-6678-4d8a-a4bd-c274ce0f1531 HTTP/1.1" status: 204 len: 168 time: 0.3206861
2026-05-09 22:57:35.571 9 INFO neutron.api.wsgi [req-f1c7ed89-22b6-4415-a551-73060ccae741 req-5476f3b8-a905-4f98-862f-e28e56cabb03 9bbc180c5a484edf9128827656385cd9 2bc46190b2394f9ea24c0ef16398a7b9 - - default default] 10.0.0.116 "GET /v2.0/security-groups?id=ee776810-b09c-40e1-96ee-2d3d62fe1acb&fields=id&fields=name HTTP/1.1" status: 200 len: 294 time: 0.0298676 /var/lib/openstack/lib/python3.12/site-packages/pycadf/identifier.py:71: UserWarning: Invalid uuid: neutron. To ensure interoperability, identifiers should be a valid uuid. warnings.warn(('Invalid uuid: %s. To ensure interoperability, '
2026-05-09 22:57:35.649 9 INFO neutron.api.wsgi [req-34cc4b98-11b1-4bfa-9565-1ea68cfee6a1 req-987308ac-f70a-4506-9094-fc5bd45c13a3 9bbc180c5a484edf9128827656385cd9 2bc46190b2394f9ea24c0ef16398a7b9 - - default default] 10.0.0.116 "GET /v2.0/ports?device_id=d57c55b2-eea4-48c4-9e0d-18b8cdd7b3bf HTTP/1.1" status: 200 len: 1409 time: 0.0313935
2026-05-09 22:57:35.678 10 INFO neutron.api.wsgi [req-de83a667-84ef-47a8-a95d-e4a77a09458a req-e66d135b-fce1-4b94-a1e6-595e0330f068 b7c9cab15e0047a7a42ce2c3c90658a4 5a79bc6f9726466e8815d507fb9c0df0 - - default default] 10.0.0.116 "GET /v2.0/ports?device_id=d1cd6a54-2f49-477d-8984-066fa11e586d HTTP/1.1" status: 200 len: 1212 time: 0.0671659
2026-05-09 22:57:35.722 10 INFO neutron.api.wsgi [req-de83a667-84ef-47a8-a95d-e4a77a09458a req-1c735e61-3dd8-419a-8a63-40b87858b61d b7c9cab15e0047a7a42ce2c3c90658a4 5a79bc6f9726466e8815d507fb9c0df0 - - default default] 10.0.0.116 "GET /v2.0/security-groups?id=798aad4e-d117-4a43-acca-68b3c25cf3a7&id=de1d692b-4d6c-4c4c-af5a-637065180765&fields=id&fields=name HTTP/1.1" status: 200 len: 404 time: 0.0360384
2026-05-09 22:57:35.728 9 INFO neutron.db.ovn_revision_numbers_db [req-fe285732-3f48-46b1-98ad-d735141e9b7e req-a812e4dd-c83c-41da-9bd2-0e7d1d5de9f3 5cddc22acd2a45c495bbf03e23def64f 95c991d61fd74039a97361e703a045b9 - - b74fb1e0c7fc469a8132ce3fe1e367c8 b74fb1e0c7fc469a8132ce3fe1e367c8] Successfully bumped revision number for resource e6c4e8fd-930a-46c5-94ce-57331c255346 (type: ports) to 4
2026-05-09 22:57:35.754 9 INFO neutron.api.wsgi [req-fe285732-3f48-46b1-98ad-d735141e9b7e req-a812e4dd-c83c-41da-9bd2-0e7d1d5de9f3 5cddc22acd2a45c495bbf03e23def64f 95c991d61fd74039a97361e703a045b9 - - b74fb1e0c7fc469a8132ce3fe1e367c8 b74fb1e0c7fc469a8132ce3fe1e367c8] 199.204.45.250 "PUT /v2.0/ports/e6c4e8fd-930a-46c5-94ce-57331c255346 HTTP/1.1" status: 200 len: 1447 time: 0.6416044
2026-05-09 22:57:35.981 10 INFO neutron.api.wsgi [None req-275f853a-aa3c-4695-bff5-d2d71247f21c 3e942bfbae2948daa4b5b527b14e31d2 d167aff0a40541e3afaab34212eb4ab9 - - default default] 10.0.0.215 "DELETE /v2.0/networks/f58a8d4f-910d-4a75-818b-db2441866e02 HTTP/1.1" status: 204 len: 168 time: 0.4086418
2026-05-09 22:57:36.000 10 INFO neutron.pecan_wsgi.hooks.translation [None req-32db6914-2857-45ad-894f-13a3ca52bec5 3e942bfbae2948daa4b5b527b14e31d2 d167aff0a40541e3afaab34212eb4ab9 - - default default] DELETE failed (client error): The resource could not be found.
2026-05-09 22:57:36.003 10 INFO neutron.api.wsgi [None req-32db6914-2857-45ad-894f-13a3ca52bec5 3e942bfbae2948daa4b5b527b14e31d2 d167aff0a40541e3afaab34212eb4ab9 - - default default] 10.0.0.215 "DELETE /v2.0/networks/bb95707c-b2bb-46e2-8b85-0615282a2fd3 HTTP/1.1" status: 404 len: 339 time: 0.0137372
2026-05-09 22:57:36.156 9 INFO neutron.notifiers.nova [-] Nova event matching ['req-1119badf-89aa-41e3-a347-3474e2a55f32'] response: {'server_uuid': 'd57c55b2-eea4-48c4-9e0d-18b8cdd7b3bf', 'name': 'network-vif-plugged', 'status': 'completed', 'tag': '32ce4449-f170-4aca-910f-2fabd6505a30', 'code': 200}
2026-05-09 22:57:36.157 9 INFO neutron.notifiers.nova [-] Nova event matching ['req-1119badf-89aa-41e3-a347-3474e2a55f32'] response: {'name': 'network-changed', 'server_uuid': 'd1cd6a54-2f49-477d-8984-066fa11e586d', 'tag': 'e6c4e8fd-930a-46c5-94ce-57331c255346', 'status': 'completed', 'code': 200}
2026-05-09 22:57:36.716 9 INFO neutron.api.wsgi [req-2deb7471-69a6-4838-b677-15171d246285 req-450e24e4-47c7-4f8f-b4e6-3145938b3f55 5cddc22acd2a45c495bbf03e23def64f 95c991d61fd74039a97361e703a045b9 - - b74fb1e0c7fc469a8132ce3fe1e367c8 b74fb1e0c7fc469a8132ce3fe1e367c8] 199.204.45.250 "GET /v2.0/ports?tenant_id=5a79bc6f9726466e8815d507fb9c0df0&device_id=d1cd6a54-2f49-477d-8984-066fa11e586d HTTP/1.1" status: 200 len: 1450 time: 0.0451953
2026-05-09 22:57:36.775 9 INFO neutron.api.wsgi [req-2deb7471-69a6-4838-b677-15171d246285 req-051fdcca-b406-4487-bfbd-d37f3ced0365 5cddc22acd2a45c495bbf03e23def64f 95c991d61fd74039a97361e703a045b9 - - b74fb1e0c7fc469a8132ce3fe1e367c8 b74fb1e0c7fc469a8132ce3fe1e367c8] 199.204.45.250 "GET /v2.0/networks?tenant_id=5a79bc6f9726466e8815d507fb9c0df0&shared=False HTTP/1.1" status: 200 len: 969 time: 0.0491085
2026-05-09 22:57:36.832 10 INFO neutron.api.wsgi [req-70b1b89d-9f41-4c0a-b355-aa68e62dbe3e req-c342bb8c-ed4f-4a58-9684-74abed6e7ee6 b7c9cab15e0047a7a42ce2c3c90658a4 5a79bc6f9726466e8815d507fb9c0df0 - - default default] 10.0.0.116 "GET /v2.0/ports?device_id=d1cd6a54-2f49-477d-8984-066fa11e586d HTTP/1.1" status: 200 len: 1212 time: 0.0334387
2026-05-09 22:57:36.837 9 INFO neutron.api.wsgi [req-2deb7471-69a6-4838-b677-15171d246285 req-ae43818a-735a-48a4-81a8-a1724df0ab4e 5cddc22acd2a45c495bbf03e23def64f 95c991d61fd74039a97361e703a045b9 - - b74fb1e0c7fc469a8132ce3fe1e367c8 b74fb1e0c7fc469a8132ce3fe1e367c8] 199.204.45.250 "GET /v2.0/networks?shared=True HTTP/1.1" status: 200 len: 952 time: 0.0552974
2026-05-09 22:57:36.899 10 INFO neutron.api.wsgi [None req-60ddfe6b-e8f3-4d2c-9edf-307660aa022f 9bbc180c5a484edf9128827656385cd9 2bc46190b2394f9ea24c0ef16398a7b9 - - default default] 10.0.0.215 "GET /v2.0/security-groups?tenant_id=d167aff0a40541e3afaab34212eb4ab9&name=default HTTP/1.1" status: 200 len: 3120 time: 0.2357519
2026-05-09 22:57:36.928 10 INFO neutron.api.wsgi [req-70b1b89d-9f41-4c0a-b355-aa68e62dbe3e req-88435be6-59d2-4ba0-8332-1bb1c409d067 b7c9cab15e0047a7a42ce2c3c90658a4 5a79bc6f9726466e8815d507fb9c0df0 - - default default] 10.0.0.116 "GET /v2.0/security-groups?id=798aad4e-d117-4a43-acca-68b3c25cf3a7&id=de1d692b-4d6c-4c4c-af5a-637065180765&fields=id&fields=name HTTP/1.1" status: 200 len: 404 time: 0.0892510
2026-05-09 22:57:37.099 10 INFO neutron.api.wsgi [None req-dd55f683-f0a3-4462-bf3f-e6bf7f4671ac 9bbc180c5a484edf9128827656385cd9 2bc46190b2394f9ea24c0ef16398a7b9 - - default default] 10.0.0.215 "DELETE /v2.0/security-groups/770da8c1-8f98-4ce7-b005-577e78ed08c1 HTTP/1.1" status: 204 len: 168 time: 0.1954648
2026-05-09 22:57:37.211 10 INFO neutron.services.segments.plugin [-] Segment 78e8a360-4b94-4f9f-b26b-3210ea7291e6 resource provider aggregate not found
2026-05-09 22:57:37.223 10 INFO neutron.services.segments.plugin [-] Segment 78e8a360-4b94-4f9f-b26b-3210ea7291e6 resource provider aggregate not found
2026-05-09 22:57:37.225 10 INFO neutron.services.segments.plugin [-] Segment 78e8a360-4b94-4f9f-b26b-3210ea7291e6 resource provider not found; error: Placement Client Error (4xx): {"errors": [{"status": 404, "title": "Not Found", "detail": "The resource could not be found.\n\n No resource provider with uuid 78e8a360-4b94-4f9f-b26b-3210ea7291e6 found for delete ", "request_id": "req-09c90b19-7977-4765-9509-a30efdfa091a"}]}
2026-05-09 22:57:37.236 10 INFO neutron.services.segments.plugin [-] Segment 78e8a360-4b94-4f9f-b26b-3210ea7291e6 resource provider not found; error: Placement Client Error (4xx): {"errors": [{"status": 404, "title": "Not Found", "detail": "The resource could not be found.\n\n No resource provider with uuid 78e8a360-4b94-4f9f-b26b-3210ea7291e6 found for delete ", "request_id": "req-fd423c06-1a43-4c05-85f1-67d7e14199c2"}]}
2026-05-09 22:57:37.240 10 INFO neutron.services.segments.plugin [-] Segment c9ff6456-ad4a-456c-bf46-a2966fd71cfe resource provider aggregate not found
2026-05-09 22:57:37.250 10 INFO neutron.services.segments.plugin [-] Segment c9ff6456-ad4a-456c-bf46-a2966fd71cfe resource provider not found; error: Placement Client Error (4xx): {"errors": [{"status": 404, "title": "Not Found", "detail": "The resource could not be found.\n\n No resource provider with uuid c9ff6456-ad4a-456c-bf46-a2966fd71cfe found for delete ", "request_id": "req-1c3dfd42-9241-420d-beb7-b72713a03cf1"}]}
2026-05-09 22:57:37.251 10 INFO neutron.services.segments.plugin [-] Segment c9ff6456-ad4a-456c-bf46-a2966fd71cfe resource provider aggregate not found
2026-05-09 22:57:37.263 10 INFO neutron.services.segments.plugin [-] Segment c9ff6456-ad4a-456c-bf46-a2966fd71cfe resource provider not found; error: Placement Client Error (4xx): {"errors": [{"status": 404, "title": "Not Found", "detail": "The resource could not be found.\n\n No resource provider with uuid c9ff6456-ad4a-456c-bf46-a2966fd71cfe found for delete ", "request_id": "req-389958f2-a447-4ff8-9fb6-da7df9502431"}]}
2026-05-09 22:57:37.316 10 INFO neutron.db.ovn_revision_numbers_db [None req-04acdcdd-7a53-4929-b99d-dc875194feb0 9bbc180c5a484edf9128827656385cd9 2bc46190b2394f9ea24c0ef16398a7b9 - - default default] Successfully bumped revision number for resource 87d61c70-9b34-4de5-8a6f-ff163ebb7562 (type: security_groups) to 1
2026-05-09 22:57:37.330 10 INFO neutron.db.ovn_revision_numbers_db [None req-04acdcdd-7a53-4929-b99d-dc875194feb0 9bbc180c5a484edf9128827656385cd9 2bc46190b2394f9ea24c0ef16398a7b9 - - default default] Successfully bumped revision number for resource 208682c3-75a7-48cb-ab68-2307bd53a56e (type: security_group_rules) to 0
2026-05-09 22:57:37.355 10 INFO neutron.db.ovn_revision_numbers_db [None req-04acdcdd-7a53-4929-b99d-dc875194feb0 9bbc180c5a484edf9128827656385cd9 2bc46190b2394f9ea24c0ef16398a7b9 - - default default] Successfully bumped revision number for resource 37fc3bde-d8c1-4cc4-9f16-c544ea462368 (type: security_group_rules) to 0
2026-05-09 22:57:37.373 10 INFO neutron.db.ovn_revision_numbers_db [None req-04acdcdd-7a53-4929-b99d-dc875194feb0 9bbc180c5a484edf9128827656385cd9 2bc46190b2394f9ea24c0ef16398a7b9 - - default default] Successfully bumped revision number for resource 75b521e2-7ac0-4a04-a9b0-f6c5dfa1bf41 (type: security_group_rules) to 0
2026-05-09 22:57:37.386 10 INFO neutron.db.ovn_revision_numbers_db [None req-04acdcdd-7a53-4929-b99d-dc875194feb0 9bbc180c5a484edf9128827656385cd9 2bc46190b2394f9ea24c0ef16398a7b9 - - default default] Successfully bumped revision number for resource f4808e65-36cc-46b2-bc62-b622848d15d1 (type: security_group_rules) to 0
2026-05-09 22:57:37.418 10 INFO neutron.api.wsgi [None req-04acdcdd-7a53-4929-b99d-dc875194feb0 9bbc180c5a484edf9128827656385cd9 2bc46190b2394f9ea24c0ef16398a7b9 - - default default] 10.0.0.215 "GET /v2.0/security-groups?tenant_id=15969b50e40a48ff98a57fa9ed4abb7e&name=default HTTP/1.1" status: 200 len: 3124 time: 0.2186692
2026-05-09 22:57:37.578 9 WARNING neutron_lib.context [None req-9dbdbfc2-d9e6-4d3d-a0f8-bf2df944858b 2db7edd001ca4d00a441e6e1d5b80783 bf6e7f4820354bbebb91694743f4eb12 - - default default] Method 'is_advsvc' is deprecated since 2023.2 release (neutron-lib 3.8.0) and will be removed once support for the old RBAC API policies will be removed from Neutron. Please use method 'is_service_role' instead.
2026-05-09 22:57:37.651 10 INFO neutron.api.wsgi [None req-5d983406-ed56-43bf-93b3-70eda4bb3bc3 9bbc180c5a484edf9128827656385cd9 2bc46190b2394f9ea24c0ef16398a7b9 - - default default] 10.0.0.215 "DELETE /v2.0/security-groups/87d61c70-9b34-4de5-8a6f-ff163ebb7562 HTTP/1.1" status: 204 len: 168 time: 0.2247138
2026-05-09 22:57:37.706 9 INFO neutron.db.ovn_revision_numbers_db [None req-9dbdbfc2-d9e6-4d3d-a0f8-bf2df944858b 2db7edd001ca4d00a441e6e1d5b80783 bf6e7f4820354bbebb91694743f4eb12 - - default default] Successfully bumped revision number for resource 4eaeda79-35c8-4d5f-891e-8017e9a2ff64 (type: security_groups) to 1
2026-05-09 22:57:37.717 9 INFO neutron.db.ovn_revision_numbers_db [None req-9dbdbfc2-d9e6-4d3d-a0f8-bf2df944858b 2db7edd001ca4d00a441e6e1d5b80783 bf6e7f4820354bbebb91694743f4eb12 - - default default] Successfully bumped revision number for resource 91571b09-09a3-470d-8952-ee23bbec616b (type: security_group_rules) to 0
2026-05-09 22:57:37.730 9 INFO neutron.db.ovn_revision_numbers_db [None req-9dbdbfc2-d9e6-4d3d-a0f8-bf2df944858b 2db7edd001ca4d00a441e6e1d5b80783 bf6e7f4820354bbebb91694743f4eb12 - - default default] Successfully bumped revision number for resource 9c5facaa-fca3-4d77-9e8e-28d5a5b8f3a0 (type: security_group_rules) to 0
2026-05-09 22:57:37.751 9 INFO neutron.db.ovn_revision_numbers_db [None req-9dbdbfc2-d9e6-4d3d-a0f8-bf2df944858b 2db7edd001ca4d00a441e6e1d5b80783 bf6e7f4820354bbebb91694743f4eb12 - - default default] Successfully bumped revision number for resource ca63fcb7-cd72-4ba1-a741-24d7db4c334b (type: security_group_rules) to 0
2026-05-09 22:57:37.763 9 INFO neutron.db.ovn_revision_numbers_db [None req-9dbdbfc2-d9e6-4d3d-a0f8-bf2df944858b 2db7edd001ca4d00a441e6e1d5b80783 bf6e7f4820354bbebb91694743f4eb12 - - default default] Successfully bumped revision number for resource f18652ff-8d4f-40b2-9bdc-c137927a91df (type: security_group_rules) to 0
2026-05-09 22:57:37.884 9 INFO neutron.db.segments_db [None req-9dbdbfc2-d9e6-4d3d-a0f8-bf2df944858b 2db7edd001ca4d00a441e6e1d5b80783 bf6e7f4820354bbebb91694743f4eb12 - - default default] Added segment 0bbba543-079b-4a24-9fe2-ff6b3a0f185c of type geneve for network 13a44448-9170-4af1-9f20-1084357cc4f5
2026-05-09 22:57:37.917 9 INFO neutron.api.wsgi [req-fe285732-3f48-46b1-98ad-d735141e9b7e req-6087fa45-f57b-4f80-b5ad-0b53326ab93c 5cddc22acd2a45c495bbf03e23def64f 95c991d61fd74039a97361e703a045b9 - - b74fb1e0c7fc469a8132ce3fe1e367c8 b74fb1e0c7fc469a8132ce3fe1e367c8] 199.204.45.250 "GET /v2.0/ports?tenant_id=5a79bc6f9726466e8815d507fb9c0df0&device_id=d1cd6a54-2f49-477d-8984-066fa11e586d HTTP/1.1" status: 200 len: 1450 time: 0.0593317
2026-05-09 22:57:37.936 9 INFO neutron.api.wsgi [req-fe285732-3f48-46b1-98ad-d735141e9b7e req-1ac9a006-e118-40e1-b253-704a1a21d32c 5cddc22acd2a45c495bbf03e23def64f 95c991d61fd74039a97361e703a045b9 - - b74fb1e0c7fc469a8132ce3fe1e367c8 b74fb1e0c7fc469a8132ce3fe1e367c8] 199.204.45.250 "GET /v2.0/floatingips?fixed_ip_address=10.100.0.11&port_id=e6c4e8fd-930a-46c5-94ce-57331c255346 HTTP/1.1" status: 200 len: 217 time: 0.0145395
2026-05-09 22:57:37.978 9 INFO neutron.api.wsgi [req-fe285732-3f48-46b1-98ad-d735141e9b7e req-4ad11c9a-7a27-407b-8037-55d5b091b28f 5cddc22acd2a45c495bbf03e23def64f 95c991d61fd74039a97361e703a045b9 - - b74fb1e0c7fc469a8132ce3fe1e367c8 b74fb1e0c7fc469a8132ce3fe1e367c8] 199.204.45.250 "GET /v2.0/subnets?id=db4d656c-01c7-48c7-9c8e-9335b6d7a3eb HTTP/1.1" status: 200 len: 889 time: 0.0367718
2026-05-09 22:57:37.999 9 INFO neutron.api.wsgi [req-fe285732-3f48-46b1-98ad-d735141e9b7e req-d808ae6c-ad61-4d3b-8343-8ee5f2534c04 5cddc22acd2a45c495bbf03e23def64f 95c991d61fd74039a97361e703a045b9 - - b74fb1e0c7fc469a8132ce3fe1e367c8 b74fb1e0c7fc469a8132ce3fe1e367c8] 199.204.45.250 "GET /v2.0/ports?network_id=7e4245cd-0948-4d9a-883c-a9b7920aff55&device_owner=network%3Adhcp HTTP/1.1" status: 200 len: 210 time: 0.0157998
2026-05-09 22:57:38.092 9 INFO neutron.api.wsgi [req-fe285732-3f48-46b1-98ad-d735141e9b7e req-d2cc137b-45b2-4f84-8e43-2a6472d23735 5cddc22acd2a45c495bbf03e23def64f 95c991d61fd74039a97361e703a045b9 - - b74fb1e0c7fc469a8132ce3fe1e367c8 b74fb1e0c7fc469a8132ce3fe1e367c8] 199.204.45.250 "GET /v2.0/networks/7e4245cd-0948-4d9a-883c-a9b7920aff55?fields=segments HTTP/1.1" status: 200 len: 212 time: 0.0815175
2026-05-09 22:57:38.110 9 INFO neutron.db.ovn_revision_numbers_db [None req-9dbdbfc2-d9e6-4d3d-a0f8-bf2df944858b 2db7edd001ca4d00a441e6e1d5b80783 bf6e7f4820354bbebb91694743f4eb12 - - default default] Successfully bumped revision number for resource 13a44448-9170-4af1-9f20-1084357cc4f5 (type: networks) to 1
2026-05-09 22:57:38.123 9 INFO neutron.api.wsgi [req-8f572341-3b00-4c6c-a5b7-d9ba348f2f1f req-a6af9bee-23ac-4a1b-b104-0d0f7b25d520 b7c9cab15e0047a7a42ce2c3c90658a4 5a79bc6f9726466e8815d507fb9c0df0 - - default default] 10.0.0.116 "GET /v2.0/ports?device_id=d1cd6a54-2f49-477d-8984-066fa11e586d HTTP/1.1" status: 200 len: 1212 time: 0.1138175
2026-05-09 22:57:38.165 9 INFO neutron.api.wsgi [req-fe285732-3f48-46b1-98ad-d735141e9b7e req-582528a3-a650-4276-91f8-f0c0b14cf595 5cddc22acd2a45c495bbf03e23def64f 95c991d61fd74039a97361e703a045b9 - - b74fb1e0c7fc469a8132ce3fe1e367c8 b74fb1e0c7fc469a8132ce3fe1e367c8] 199.204.45.250 "GET /v2.0/networks/7e4245cd-0948-4d9a-883c-a9b7920aff55?fields=provider%3Aphysical_network&fields=provider%3Anetwork_type HTTP/1.1" status: 200 len: 277 time: 0.0671377
2026-05-09 22:57:38.175 9 INFO neutron.api.wsgi [req-8f572341-3b00-4c6c-a5b7-d9ba348f2f1f req-3765c473-320f-42f7-9e04-6b87522e8b29 b7c9cab15e0047a7a42ce2c3c90658a4 5a79bc6f9726466e8815d507fb9c0df0 - - default default] 10.0.0.116 "GET /v2.0/security-groups?id=798aad4e-d117-4a43-acca-68b3c25cf3a7&id=de1d692b-4d6c-4c4c-af5a-637065180765&fields=id&fields=name HTTP/1.1" status: 200 len: 404 time: 0.0442889
2026-05-09 22:57:38.325 9 WARNING neutron.scheduler.dhcp_agent_scheduler [None req-9dbdbfc2-d9e6-4d3d-a0f8-bf2df944858b 2db7edd001ca4d00a441e6e1d5b80783 bf6e7f4820354bbebb91694743f4eb12 - - default default] No more DHCP agents
2026-05-09 22:57:38.329 9 WARNING neutron.api.rpc.agentnotifiers.dhcp_rpc_agent_api [None req-9dbdbfc2-d9e6-4d3d-a0f8-bf2df944858b 2db7edd001ca4d00a441e6e1d5b80783 bf6e7f4820354bbebb91694743f4eb12 - - default default] Unable to schedule network 13a44448-9170-4af1-9f20-1084357cc4f5: no agents available; will retry on subsequent port and subnet creation events.
2026-05-09 22:57:38.393 9 INFO neutron.db.ovn_revision_numbers_db [None req-9dbdbfc2-d9e6-4d3d-a0f8-bf2df944858b 2db7edd001ca4d00a441e6e1d5b80783 bf6e7f4820354bbebb91694743f4eb12 - - default default] Successfully bumped revision number for resource f6756d35-3bf5-4e76-a029-03e8819890fa (type: ports) to 1
2026-05-09 22:57:38.413 9 INFO neutron.api.wsgi [None req-9dbdbfc2-d9e6-4d3d-a0f8-bf2df944858b 2db7edd001ca4d00a441e6e1d5b80783 bf6e7f4820354bbebb91694743f4eb12 - - default default] 10.0.0.215 "POST /v2.0/networks HTTP/1.1" status: 201 len: 830 time: 0.9494123
2026-05-09 22:57:38.421 9 WARNING neutron_lib.context [None req-02fe62fe-03e8-4235-91de-dcf4457cd921 2db7edd001ca4d00a441e6e1d5b80783 bf6e7f4820354bbebb91694743f4eb12 - - default default] Method 'is_advsvc' is deprecated since 2023.2 release (neutron-lib 3.8.0) and will be removed once support for the old RBAC API policies will be removed from Neutron. Please use method 'is_service_role' instead.
2026-05-09 22:57:38.633 9 WARNING neutron.scheduler.dhcp_agent_scheduler [None req-02fe62fe-03e8-4235-91de-dcf4457cd921 2db7edd001ca4d00a441e6e1d5b80783 bf6e7f4820354bbebb91694743f4eb12 - - default default] No more DHCP agents
2026-05-09 22:57:38.635 9 WARNING neutron.api.rpc.agentnotifiers.dhcp_rpc_agent_api [None req-02fe62fe-03e8-4235-91de-dcf4457cd921 2db7edd001ca4d00a441e6e1d5b80783 bf6e7f4820354bbebb91694743f4eb12 - - default default] Unable to schedule network 13a44448-9170-4af1-9f20-1084357cc4f5: no agents available; will retry on subsequent port and subnet creation events.
2026-05-09 22:57:38.698 9 INFO neutron.db.ovn_revision_numbers_db [None req-02fe62fe-03e8-4235-91de-dcf4457cd921 2db7edd001ca4d00a441e6e1d5b80783 bf6e7f4820354bbebb91694743f4eb12 - - default default] Successfully bumped revision number for resource af4c5fde-5042-4c4f-94dc-0158cc3a47a8 (type: ports) to 1
2026-05-09 22:57:38.719 9 INFO neutron.api.wsgi [None req-02fe62fe-03e8-4235-91de-dcf4457cd921 2db7edd001ca4d00a441e6e1d5b80783 bf6e7f4820354bbebb91694743f4eb12 - - default default] 10.0.0.215 "POST /v2.0/ports HTTP/1.1" status: 201 len: 942 time: 0.3013873 /var/lib/openstack/lib/python3.12/site-packages/pycadf/identifier.py:71: UserWarning: Invalid uuid: neutron. To ensure interoperability, identifiers should be a valid uuid. warnings.warn(('Invalid uuid: %s. To ensure interoperability, '
2026-05-09 22:57:38.770 9 INFO neutron.api.wsgi [None req-ee891985-c12b-4665-8e0e-230701b80757 2db7edd001ca4d00a441e6e1d5b80783 bf6e7f4820354bbebb91694743f4eb12 - - default default] 10.0.0.215 "PUT /v2.0/ports/af4c5fde-5042-4c4f-94dc-0158cc3a47a8/tags HTTP/1.1" status: 200 len: 218 time: 0.0449240
2026-05-09 22:57:38.807 9 INFO neutron.api.wsgi [None req-12a8b814-362b-4511-bdcf-feec36a3242d 2db7edd001ca4d00a441e6e1d5b80783 bf6e7f4820354bbebb91694743f4eb12 - - default default] 10.0.0.215 "GET /v2.0/ports/af4c5fde-5042-4c4f-94dc-0158cc3a47a8/tags HTTP/1.1" status: 200 len: 218 time: 0.0312428
2026-05-09 22:57:38.850 9 INFO neutron.api.wsgi [None req-64b246a8-d5e3-42b7-bb4e-f635d53d5ef9 2db7edd001ca4d00a441e6e1d5b80783 bf6e7f4820354bbebb91694743f4eb12 - - default default] 10.0.0.215 "PUT /v2.0/ports/af4c5fde-5042-4c4f-94dc-0158cc3a47a8/tags/green HTTP/1.1" status: 201 len: 201 time: 0.0385101
2026-05-09 22:57:38.883 9 INFO neutron.api.wsgi [None req-a7b1710b-5f58-4b87-a495-06003dab87dc 2db7edd001ca4d00a441e6e1d5b80783 bf6e7f4820354bbebb91694743f4eb12 - - default default] 10.0.0.215 "GET /v2.0/ports/af4c5fde-5042-4c4f-94dc-0158cc3a47a8/tags HTTP/1.1" status: 200 len: 227 time: 0.0281513
2026-05-09 22:57:38.922 9 INFO neutron.api.wsgi [None req-054e2f70-6e9b-4844-babe-c334cd4bf225 2db7edd001ca4d00a441e6e1d5b80783 bf6e7f4820354bbebb91694743f4eb12 - - default default] 10.0.0.215 "PUT /v2.0/ports/af4c5fde-5042-4c4f-94dc-0158cc3a47a8/tags/red HTTP/1.1" status: 201 len: 201 time: 0.0332532
2026-05-09 22:57:38.959 9 INFO neutron.api.wsgi [None req-de914d6c-c0a4-475b-8ad1-0fee883f3aef 2db7edd001ca4d00a441e6e1d5b80783 bf6e7f4820354bbebb91694743f4eb12 - - default default] 10.0.0.215 "GET /v2.0/ports/af4c5fde-5042-4c4f-94dc-0158cc3a47a8/tags HTTP/1.1" status: 200 len: 227 time: 0.0310671
2026-05-09 22:57:39.006 9 INFO neutron.api.wsgi [None req-23bdc675-e511-4e69-9c3f-bd5615a674df 2db7edd001ca4d00a441e6e1d5b80783 bf6e7f4820354bbebb91694743f4eb12 - - default default] 10.0.0.215 "PUT /v2.0/ports/af4c5fde-5042-4c4f-94dc-0158cc3a47a8/tags/black.or.white HTTP/1.1" status: 201 len: 201 time: 0.0419798
2026-05-09 22:57:39.045 9 INFO neutron.api.wsgi [None req-7342e7a6-bcd4-4957-b74a-b4ab3db67921 2db7edd001ca4d00a441e6e1d5b80783 bf6e7f4820354bbebb91694743f4eb12 - - default default] 10.0.0.215 "GET /v2.0/ports/af4c5fde-5042-4c4f-94dc-0158cc3a47a8/tags HTTP/1.1" status: 200 len: 245 time: 0.0323887
2026-05-09 22:57:39.101 9 INFO neutron.api.wsgi [None req-57a3b9ec-827a-4dfc-bfb3-2555308cd425 2db7edd001ca4d00a441e6e1d5b80783 bf6e7f4820354bbebb91694743f4eb12 - - default default] 10.0.0.215 "PUT /v2.0/ports/af4c5fde-5042-4c4f-94dc-0158cc3a47a8/tags HTTP/1.1" status: 200 len: 230 time: 0.0492139
2026-05-09 22:57:39.139 9 INFO neutron.api.wsgi [None req-29777b18-4065-4ef3-9f7b-b2e84f7c1cb7 2db7edd001ca4d00a441e6e1d5b80783 bf6e7f4820354bbebb91694743f4eb12 - - default default] 10.0.0.215 "GET /v2.0/ports/af4c5fde-5042-4c4f-94dc-0158cc3a47a8/tags HTTP/1.1" status: 200 len: 230 time: 0.0309896
2026-05-09 22:57:39.174 9 INFO neutron.api.wsgi [None req-cde3a39c-ed05-4021-b5ea-7baed2d5b168 2db7edd001ca4d00a441e6e1d5b80783 bf6e7f4820354bbebb91694743f4eb12 - - default default] 10.0.0.215 "GET /v2.0/ports/af4c5fde-5042-4c4f-94dc-0158cc3a47a8/tags/red HTTP/1.1" status: 204 len: 168 time: 0.0285041
2026-05-09 22:57:39.210 9 INFO neutron.api.v2.resource [None req-375be08e-c434-46ed-9ecf-062e37690fab 2db7edd001ca4d00a441e6e1d5b80783 bf6e7f4820354bbebb91694743f4eb12 - - default default] show failed (client error): The resource could not be found.
2026-05-09 22:57:39.212 9 INFO neutron.api.wsgi [None req-375be08e-c434-46ed-9ecf-062e37690fab 2db7edd001ca4d00a441e6e1d5b80783 bf6e7f4820354bbebb91694743f4eb12 - - default default] 10.0.0.215 "GET /v2.0/ports/af4c5fde-5042-4c4f-94dc-0158cc3a47a8/tags/green HTTP/1.1" status: 404 len: 299 time: 0.0319436
2026-05-09 22:57:39.269 9 INFO neutron.api.wsgi [None req-b9131cc8-6804-4e20-ba2c-a02947e16dad 2db7edd001ca4d00a441e6e1d5b80783 bf6e7f4820354bbebb91694743f4eb12 - - default default] 10.0.0.215 "DELETE /v2.0/ports/af4c5fde-5042-4c4f-94dc-0158cc3a47a8/tags/red HTTP/1.1" status: 204 len: 168 time: 0.0516713
2026-05-09 22:57:39.292 10 INFO neutron.api.wsgi [req-8d58d6cc-61c9-43c7-ab35-a4ac31ba8314 req-20f422b8-61e6-42bc-9d41-f722351aa14c b7c9cab15e0047a7a42ce2c3c90658a4 5a79bc6f9726466e8815d507fb9c0df0 - - default default] 10.0.0.116 "GET /v2.0/ports?device_id=d1cd6a54-2f49-477d-8984-066fa11e586d HTTP/1.1" status: 200 len: 1212 time: 0.0412204
2026-05-09 22:57:39.304 9 INFO neutron.api.wsgi [None req-acb73161-1904-45fd-afde-b7fbfbf72a33 2db7edd001ca4d00a441e6e1d5b80783 bf6e7f4820354bbebb91694743f4eb12 - - default default] 10.0.0.215 "GET /v2.0/ports/af4c5fde-5042-4c4f-94dc-0158cc3a47a8/tags HTTP/1.1" status: 200 len: 223 time: 0.0298944
2026-05-09 22:57:39.340 9 INFO neutron.api.v2.resource [None req-feeae352-4a4d-4661-a6ed-d368eed034f8 2db7edd001ca4d00a441e6e1d5b80783 bf6e7f4820354bbebb91694743f4eb12 - - default default] delete failed (client error): The resource could not be found.
2026-05-09 22:57:39.341 9 INFO neutron.api.wsgi [None req-feeae352-4a4d-4661-a6ed-d368eed034f8 2db7edd001ca4d00a441e6e1d5b80783 bf6e7f4820354bbebb91694743f4eb12 - - default default] 10.0.0.215 "DELETE /v2.0/ports/af4c5fde-5042-4c4f-94dc-0158cc3a47a8/tags/green HTTP/1.1" status: 404 len: 299 time: 0.0327625
2026-05-09 22:57:39.342 10 INFO neutron.api.wsgi [req-8d58d6cc-61c9-43c7-ab35-a4ac31ba8314 req-e851e498-238f-46d9-b622-3c494aa0b247 b7c9cab15e0047a7a42ce2c3c90658a4 5a79bc6f9726466e8815d507fb9c0df0 - - default default] 10.0.0.116 "GET /v2.0/security-groups?id=798aad4e-d117-4a43-acca-68b3c25cf3a7&id=de1d692b-4d6c-4c4c-af5a-637065180765&fields=id&fields=name HTTP/1.1" status: 200 len: 404 time: 0.0437126
2026-05-09 22:57:39.390 9 INFO neutron.api.wsgi [None req-f2cc797d-10f6-466f-ba67-42157fd5568f 2db7edd001ca4d00a441e6e1d5b80783 bf6e7f4820354bbebb91694743f4eb12 - - default default] 10.0.0.215 "DELETE /v2.0/ports/af4c5fde-5042-4c4f-94dc-0158cc3a47a8/tags HTTP/1.1" status: 204 len: 168 time: 0.0444145
2026-05-09 22:57:39.421 9 INFO neutron.api.wsgi [None req-35cc9bbb-e8f0-47bb-9724-464430b7176d 2db7edd001ca4d00a441e6e1d5b80783 bf6e7f4820354bbebb91694743f4eb12 - - default default] 10.0.0.215 "GET /v2.0/ports/af4c5fde-5042-4c4f-94dc-0158cc3a47a8/tags HTTP/1.1" status: 200 len: 205 time: 0.0267887
2026-05-09 22:57:39.672 9 INFO neutron.api.wsgi [None req-902e5f03-2332-4407-8d4e-ea2289458de9 2db7edd001ca4d00a441e6e1d5b80783 bf6e7f4820354bbebb91694743f4eb12 - - default default] 10.0.0.215 "DELETE /v2.0/ports/af4c5fde-5042-4c4f-94dc-0158cc3a47a8 HTTP/1.1" status: 204 len: 168 time: 0.2445807
2026-05-09 22:57:39.964 10 INFO neutron.services.segments.plugin [-] Segment 0bbba543-079b-4a24-9fe2-ff6b3a0f185c resource provider aggregate not found
2026-05-09 22:57:39.969 10 INFO neutron.services.segments.plugin [-] Segment 0bbba543-079b-4a24-9fe2-ff6b3a0f185c resource provider aggregate not found
2026-05-09 22:57:39.987 10 INFO neutron.services.segments.plugin [-] Segment 0bbba543-079b-4a24-9fe2-ff6b3a0f185c resource provider not found; error: Placement Client Error (4xx): {"errors": [{"status": 404, "title": "Not Found", "detail": "The resource could not be found.\n\n No resource provider with uuid 0bbba543-079b-4a24-9fe2-ff6b3a0f185c found for delete ", "request_id": "req-e0157ac9-4da7-4075-bb28-f590f45125df"}]}
2026-05-09 22:57:39.989 10 INFO neutron.services.segments.plugin [-] Segment 0bbba543-079b-4a24-9fe2-ff6b3a0f185c resource provider not found; error: Placement Client Error (4xx): {"errors": [{"status": 404, "title": "Not Found", "detail": "The resource could not be found.\n\n No resource provider with uuid 0bbba543-079b-4a24-9fe2-ff6b3a0f185c found for delete ", "request_id": "req-625c62b7-5782-42b9-b074-3c85d5755cf8"}]}
2026-05-09 22:57:39.996 10 INFO neutron.api.wsgi [None req-8900befd-97e6-4916-8162-ce09322b44b2 2db7edd001ca4d00a441e6e1d5b80783 bf6e7f4820354bbebb91694743f4eb12 - - default default] 10.0.0.215 "DELETE /v2.0/networks/13a44448-9170-4af1-9f20-1084357cc4f5 HTTP/1.1" status: 204 len: 168 time: 0.3187413
2026-05-09 22:57:40.449 9 INFO neutron.api.wsgi [req-4b3776fe-be25-4754-9ed3-695814667956 req-ee3993ef-100d-4b37-a4e4-4ac59c463cd6 b7c9cab15e0047a7a42ce2c3c90658a4 5a79bc6f9726466e8815d507fb9c0df0 - - default default] 10.0.0.116 "GET /v2.0/ports?device_id=d1cd6a54-2f49-477d-8984-066fa11e586d HTTP/1.1" status: 200 len: 1212 time: 0.0364566
2026-05-09 22:57:40.493 9 INFO neutron.api.wsgi [req-4b3776fe-be25-4754-9ed3-695814667956 req-98a3faef-60df-4f7c-90db-b2025b7b6e1e b7c9cab15e0047a7a42ce2c3c90658a4 5a79bc6f9726466e8815d507fb9c0df0 - - default default] 10.0.0.116 "GET /v2.0/security-groups?id=798aad4e-d117-4a43-acca-68b3c25cf3a7&id=de1d692b-4d6c-4c4c-af5a-637065180765&fields=id&fields=name HTTP/1.1" status: 200 len: 404 time: 0.0372682
2026-05-09 22:57:40.789 9 INFO neutron.api.wsgi [req-e5593671-37e5-433c-b872-6d321e9c26aa req-0c0b8e31-6b72-46f0-9e87-22f6d75a495f 5cddc22acd2a45c495bbf03e23def64f 95c991d61fd74039a97361e703a045b9 - - b74fb1e0c7fc469a8132ce3fe1e367c8 b74fb1e0c7fc469a8132ce3fe1e367c8] 199.204.45.250 "GET /v2.0/ports?device_id=d1cd6a54-2f49-477d-8984-066fa11e586d HTTP/1.1" status: 200 len: 1450 time: 0.0323954
2026-05-09 22:57:40.826 9 INFO neutron.api.wsgi [req-e5593671-37e5-433c-b872-6d321e9c26aa req-aa2d301c-1be7-4ccc-b7b5-3a58cb2ee428 5cddc22acd2a45c495bbf03e23def64f 95c991d61fd74039a97361e703a045b9 - - b74fb1e0c7fc469a8132ce3fe1e367c8 b74fb1e0c7fc469a8132ce3fe1e367c8] 199.204.45.250 "GET /v2.0/security-groups?id=798aad4e-d117-4a43-acca-68b3c25cf3a7&id=de1d692b-4d6c-4c4c-af5a-637065180765&fields=id&fields=name HTTP/1.1" status: 200 len: 404 time: 0.0337682
2026-05-09 22:57:40.948 10 INFO neutron.plugins.ml2.drivers.ovn.mech_driver.mech_driver [None req-40d7efb1-843b-43cd-9f2e-a2dbb61f4f14 - - - - - -] OVN reports status up for port: e6c4e8fd-930a-46c5-94ce-57331c255346
2026-05-09 22:57:40.966 10 INFO neutron.plugins.ml2.plugin [None req-40d7efb1-843b-43cd-9f2e-a2dbb61f4f14 - - - - - -] Attempt 1 to provision port e6c4e8fd-930a-46c5-94ce-57331c255346
2026-05-09 22:57:41.351 10 INFO neutron.db.ovn_revision_numbers_db [None req-70fd952e-e090-437c-bb3f-bd5ae9579c01 9bbc180c5a484edf9128827656385cd9 2bc46190b2394f9ea24c0ef16398a7b9 - - default default] Successfully bumped revision number for resource e1e9a3e0-d218-4ce5-901d-5441fd99a204 (type: security_groups) to 1
2026-05-09 22:57:41.374 10 INFO neutron.db.ovn_revision_numbers_db [None req-70fd952e-e090-437c-bb3f-bd5ae9579c01 9bbc180c5a484edf9128827656385cd9 2bc46190b2394f9ea24c0ef16398a7b9 - - default default] Successfully bumped revision number for resource 035a8ff3-2079-4be1-bc52-e4d09dc60655 (type: security_group_rules) to 0
2026-05-09 22:57:41.397 10 INFO neutron.db.ovn_revision_numbers_db [None req-70fd952e-e090-437c-bb3f-bd5ae9579c01 9bbc180c5a484edf9128827656385cd9 2bc46190b2394f9ea24c0ef16398a7b9 - - default default] Successfully bumped revision number for resource 235a37f7-ac7b-424a-862a-b3df29da0b1f (type: security_group_rules) to 0
2026-05-09 22:57:41.419 10 INFO neutron.db.ovn_revision_numbers_db [None req-70fd952e-e090-437c-bb3f-bd5ae9579c01 9bbc180c5a484edf9128827656385cd9 2bc46190b2394f9ea24c0ef16398a7b9 - - default default] Successfully bumped revision number for resource 9d6c9510-c212-488a-9278-34cbf82c08e7 (type: security_group_rules) to 0
2026-05-09 22:57:41.429 10 INFO neutron.notifiers.nova [-] Nova event matching ['req-58f96bee-2ce6-4e8b-b1d9-14cbd292f864'] response: {'server_uuid': 'd1cd6a54-2f49-477d-8984-066fa11e586d', 'name': 'network-vif-plugged', 'status': 'completed', 'tag': 'e6c4e8fd-930a-46c5-94ce-57331c255346', 'code': 200}
2026-05-09 22:57:41.442 10 INFO neutron.db.ovn_revision_numbers_db [None req-70fd952e-e090-437c-bb3f-bd5ae9579c01 9bbc180c5a484edf9128827656385cd9 2bc46190b2394f9ea24c0ef16398a7b9 - - default default] Successfully bumped revision number for resource b1e578df-e623-445d-98fd-2f3a9a4e8a06 (type: security_group_rules) to 0
2026-05-09 22:57:41.484 10 INFO neutron.api.wsgi [None req-70fd952e-e090-437c-bb3f-bd5ae9579c01 9bbc180c5a484edf9128827656385cd9 2bc46190b2394f9ea24c0ef16398a7b9 - - default default] 10.0.0.215 "GET /v2.0/security-groups?tenant_id=61b5ec1111e349df9789ee95c59fc55b&name=default HTTP/1.1" status: 200 len: 3124 time: 0.7898221
2026-05-09 22:57:41.568 10 INFO neutron.db.ovn_revision_numbers_db [None req-40d7efb1-843b-43cd-9f2e-a2dbb61f4f14 - - - - - -] Successfully bumped revision number for resource e6c4e8fd-930a-46c5-94ce-57331c255346 (type: ports) to 5
2026-05-09 22:57:41.618 9 INFO neutron.api.wsgi [req-8326a9f7-cdbc-4448-9434-61608ffcb931 req-5d147221-9dce-424a-8d90-3ac57dadddd2 b7c9cab15e0047a7a42ce2c3c90658a4 5a79bc6f9726466e8815d507fb9c0df0 - - default default] 10.0.0.116 "GET /v2.0/ports?device_id=d1cd6a54-2f49-477d-8984-066fa11e586d HTTP/1.1" status: 200 len: 1214 time: 0.0529311
2026-05-09 22:57:41.695 9 INFO neutron.api.wsgi [req-8326a9f7-cdbc-4448-9434-61608ffcb931 req-90509583-a8fd-4f1e-80a9-a187c6ef2a9c b7c9cab15e0047a7a42ce2c3c90658a4 5a79bc6f9726466e8815d507fb9c0df0 - - default default] 10.0.0.116 "GET /v2.0/security-groups?id=798aad4e-d117-4a43-acca-68b3c25cf3a7&id=de1d692b-4d6c-4c4c-af5a-637065180765&fields=id&fields=name HTTP/1.1" status: 200 len: 404 time: 0.0705981
2026-05-09 22:57:41.826 9 INFO neutron.api.wsgi [None req-3388df0b-ca6f-431f-a99b-09636bd94658 9bbc180c5a484edf9128827656385cd9 2bc46190b2394f9ea24c0ef16398a7b9 - - default default] 10.0.0.215 "DELETE /v2.0/security-groups/e1e9a3e0-d218-4ce5-901d-5441fd99a204 HTTP/1.1" status: 204 len: 168 time: 0.3338022 /var/lib/openstack/lib/python3.12/site-packages/pycadf/identifier.py:71: UserWarning: Invalid uuid: neutron. To ensure interoperability, identifiers should be a valid uuid. warnings.warn(('Invalid uuid: %s. To ensure interoperability, '
2026-05-09 22:57:42.002 10 INFO neutron.api.wsgi [None req-d74ddc75-dc24-4276-a1e8-7a28e2d6569e 9bbc180c5a484edf9128827656385cd9 2bc46190b2394f9ea24c0ef16398a7b9 - - default default] 10.0.0.215 "GET /v2.0/security-groups?tenant_id=bf6e7f4820354bbebb91694743f4eb12&name=default HTTP/1.1" status: 200 len: 3124 time: 0.0366116
