2026-05-09 22:57:13.390 9 INFO neutron.db.ovn_revision_numbers_db [None req-4e47dd19-f87b-4114-adfa-f0eee81dce5b - - - - - -] Successfully bumped revision number for resource 589bca7e-6476-4d6e-95c8-b942ef0c8b48 (type: ports) to 2
2026-05-09 22:57:13.427 9 INFO neutron.db.ovn_revision_numbers_db [None req-4e47dd19-f87b-4114-adfa-f0eee81dce5b - - - - - -] Successfully bumped revision number for resource db4d656c-01c7-48c7-9c8e-9335b6d7a3eb (type: subnets) to 0
2026-05-09 22:57:13.441 9 INFO neutron.api.wsgi [None req-fb814fa4-bb88-4904-a22d-c93de2463a87 9bbc180c5a484edf9128827656385cd9 2bc46190b2394f9ea24c0ef16398a7b9 - - default default] 10.0.0.215 "POST /v2.0/subnets HTTP/1.1" status: 201 len: 886 time: 0.8496010
2026-05-09 22:57:13.530 10 INFO neutron.db.ovn_revision_numbers_db [None req-bf87465f-ddff-4c5e-95b7-906d2bdd21bd 9bbc180c5a484edf9128827656385cd9 2bc46190b2394f9ea24c0ef16398a7b9 - - default default] Successfully bumped revision number for resource 31289e89-a075-40f0-8ff6-07b13a1f2a6c (type: security_groups) to 1
2026-05-09 22:57:13.546 10 INFO neutron.db.ovn_revision_numbers_db [None req-bf87465f-ddff-4c5e-95b7-906d2bdd21bd 9bbc180c5a484edf9128827656385cd9 2bc46190b2394f9ea24c0ef16398a7b9 - - default default] Successfully bumped revision number for resource 536e9784-bfba-4191-bf46-23cc524bfe82 (type: security_group_rules) to 0
2026-05-09 22:57:13.573 10 INFO neutron.db.ovn_revision_numbers_db [None req-bf87465f-ddff-4c5e-95b7-906d2bdd21bd 9bbc180c5a484edf9128827656385cd9 2bc46190b2394f9ea24c0ef16398a7b9 - - default default] Successfully bumped revision number for resource bda9c597-f55e-4e23-b32c-d8b95fbd0541 (type: security_group_rules) to 0
2026-05-09 22:57:13.614 10 INFO neutron.api.wsgi [None req-bf87465f-ddff-4c5e-95b7-906d2bdd21bd 9bbc180c5a484edf9128827656385cd9 2bc46190b2394f9ea24c0ef16398a7b9 - - default default] 199.204.45.250 "POST /v2.0/security-groups HTTP/1.1" status: 201 len: 1841 time: 0.2576525
2026-05-09 22:57:13.642 9 INFO neutron.api.wsgi [req-4d635c8d-5e44-4cb0-b5e7-34066bf9e6ec req-d3167ff0-2eb3-49a5-99b1-7c970b005a6e 2212902c3e4345748fc61568cb6a33da 0a1807cb8e1f4decbb7a8832d00643ba - - default default] 199.204.45.250 "DELETE /v2.0/ports/7bd55ad1-1e08-4147-ae0b-ac869da0cae1 HTTP/1.1" status: 204 len: 173 time: 0.3531573
2026-05-09 22:57:13.669 10 INFO neutron.api.wsgi [None req-65dd97d6-7792-482d-a257-d9a10528a0af 9bbc180c5a484edf9128827656385cd9 2bc46190b2394f9ea24c0ef16398a7b9 - - default default] 199.204.45.250 "GET /v2.0/security-group-rules?security_group_id=31289e89-a075-40f0-8ff6-07b13a1f2a6c HTTP/1.1" status: 200 len: 1382 time: 0.0490415
2026-05-09 22:57:13.689 9 INFO neutron.notifiers.nova [-] Nova event matching ['req-ab0b8da0-69f5-4c7a-8d91-738c24c85f8e'] response: {'server_uuid': 'ce66a8f7-9658-4637-8f36-18b178c720e5', 'name': 'network-vif-deleted', 'tag': '7bd55ad1-1e08-4147-ae0b-ac869da0cae1', 'status': 'completed', 'code': 200}
2026-05-09 22:57:13.904 9 WARNING neutron.scheduler.dhcp_agent_scheduler [None req-166ede51-bbfa-41aa-b89a-9c9ba690b5d6 9bbc180c5a484edf9128827656385cd9 2bc46190b2394f9ea24c0ef16398a7b9 - - default default] No more DHCP agents
2026-05-09 22:57:13.907 9 WARNING neutron.api.rpc.agentnotifiers.dhcp_rpc_agent_api [None req-166ede51-bbfa-41aa-b89a-9c9ba690b5d6 9bbc180c5a484edf9128827656385cd9 2bc46190b2394f9ea24c0ef16398a7b9 - - default default] Unable to schedule network f4d52246-a3b8-4661-9e5f-42f941348a2a: no agents available; will retry on subsequent port and subnet creation events.
2026-05-09 22:57:13.948 9 INFO neutron.api.wsgi [req-e442fbf7-d691-448a-9e98-36b7f646f14d req-119ea8fa-1dd5-462d-b61a-12ed21bdf94f 2212902c3e4345748fc61568cb6a33da 0a1807cb8e1f4decbb7a8832d00643ba - - default default] 10.0.0.116 "GET /v2.0/ports?device_id=ce66a8f7-9658-4637-8f36-18b178c720e5 HTTP/1.1" status: 200 len: 210 time: 0.0179162
2026-05-09 22:57:14.040 9 INFO neutron.db.ovn_revision_numbers_db [None req-166ede51-bbfa-41aa-b89a-9c9ba690b5d6 9bbc180c5a484edf9128827656385cd9 2bc46190b2394f9ea24c0ef16398a7b9 - - default default] Successfully bumped revision number for resource 5b8aa5fc-b264-43c0-87bd-8e237c41f90a (type: ports) to 1
2026-05-09 22:57:14.087 10 INFO neutron.db.ovn_revision_numbers_db [None req-49f1b1f1-80be-4592-878b-30b02873fbab 9bbc180c5a484edf9128827656385cd9 2bc46190b2394f9ea24c0ef16398a7b9 - - default default] Successfully bumped revision number for resource de29216e-686e-458b-b58d-7eab5f22c40c (type: ports) to 2
2026-05-09 22:57:14.099 10 INFO neutron.api.wsgi [None req-49f1b1f1-80be-4592-878b-30b02873fbab 9bbc180c5a484edf9128827656385cd9 2bc46190b2394f9ea24c0ef16398a7b9 - - default default] 199.204.45.250 "PUT /v2.0/ports/de29216e-686e-458b-b58d-7eab5f22c40c HTTP/1.1" status: 200 len: 1328 time: 0.4199929 /var/lib/openstack/lib/python3.12/site-packages/pycadf/identifier.py:71: UserWarning: Invalid uuid: neutron. To ensure interoperability, identifiers should be a valid uuid. warnings.warn(('Invalid uuid: %s. To ensure interoperability, '
2026-05-09 22:57:14.202 10 INFO neutron.api.wsgi [None req-df77399c-78d4-4b42-8bba-696bd0b58b99 9bbc180c5a484edf9128827656385cd9 2bc46190b2394f9ea24c0ef16398a7b9 - - default default] 199.204.45.250 "GET /v2.0/extensions/security-group HTTP/1.1" status: 200 len: 369 time: 0.0087037
2026-05-09 22:57:14.218 10 INFO neutron.api.wsgi [None req-1d90b6ff-69e0-4f86-87a2-07b0b02c7f16 9bbc180c5a484edf9128827656385cd9 2bc46190b2394f9ea24c0ef16398a7b9 - - default default] 199.204.45.250 "GET /v2.0/extensions/dns-integration HTTP/1.1" status: 200 len: 371 time: 0.0061927
2026-05-09 22:57:14.226 10 INFO neutron.api.wsgi [None req-09f1259f-9fca-41a5-bd91-9f2a099e3097 9bbc180c5a484edf9128827656385cd9 2bc46190b2394f9ea24c0ef16398a7b9 - - default default] 199.204.45.250 "GET /v2.0/extensions/qos HTTP/1.1" status: 200 len: 365 time: 0.0049651
2026-05-09 22:57:14.237 10 INFO neutron.api.wsgi [None req-d2064aee-71f0-45a4-87bd-230778ac7eb3 9bbc180c5a484edf9128827656385cd9 2bc46190b2394f9ea24c0ef16398a7b9 - - default default] 199.204.45.250 "GET /v2.0/extensions/allowed-address-pairs HTTP/1.1" status: 200 len: 383 time: 0.0065379
2026-05-09 22:57:14.278 10 INFO neutron.api.wsgi [None req-206d0121-f3b1-421e-a543-5dd5d9ff7946 9bbc180c5a484edf9128827656385cd9 2bc46190b2394f9ea24c0ef16398a7b9 - - default default] 199.204.45.250 "GET /v2.0/subnets/f98b4021-db3c-4209-8684-a11a6edb8578 HTTP/1.1" status: 200 len: 874 time: 0.0355663
2026-05-09 22:57:14.995 9 INFO neutron.plugins.ml2.drivers.ovn.mech_driver.ovsdb.commands [None req-ac74d07d-7411-40ad-85fa-169e86770b31 - - - - - -] Schedule LRP lrp-5b8aa5fc-b264-43c0-87bd-8e237c41f90a on gateway 838ac59a-4787-49ed-9e9b-71871336c82e with priority 1
2026-05-09 22:57:15.006 10 INFO neutron.plugins.ml2.drivers.ovn.mech_driver.mech_driver [None req-40d7efb1-843b-43cd-9f2e-a2dbb61f4f14 - - - - - -] OVN reports status up for port: 5b8aa5fc-b264-43c0-87bd-8e237c41f90a
2026-05-09 22:57:15.022 9 INFO neutron.plugins.ml2.drivers.ovn.mech_driver.ovsdb.ovsdb_monitor [None req-cdfd54be-61a7-4f5a-9cc6-aac66a6a104f - - - - - -] Router d3b26531-c6af-4dfd-a536-a362af1af3da is bound to host instance
2026-05-09 22:57:15.022 10 INFO neutron.plugins.ml2.plugin [None req-40d7efb1-843b-43cd-9f2e-a2dbb61f4f14 - - - - - -] Attempt 1 to provision port 5b8aa5fc-b264-43c0-87bd-8e237c41f90a
2026-05-09 22:57:15.059 9 INFO neutron.api.wsgi [req-cf986c57-1668-4d99-a689-76077ce533fd req-5c7a4604-f161-4762-a85f-5905ddf1251f 2212902c3e4345748fc61568cb6a33da 0a1807cb8e1f4decbb7a8832d00643ba - - default default] 10.0.0.116 "GET /v2.0/ports?device_id=ce66a8f7-9658-4637-8f36-18b178c720e5 HTTP/1.1" status: 200 len: 210 time: 0.0356426
2026-05-09 22:57:15.068 9 INFO neutron.db.ovn_revision_numbers_db [None req-166ede51-bbfa-41aa-b89a-9c9ba690b5d6 9bbc180c5a484edf9128827656385cd9 2bc46190b2394f9ea24c0ef16398a7b9 - - default default] Successfully bumped revision number for resource 5b8aa5fc-b264-43c0-87bd-8e237c41f90a (type: router_ports) to 1
2026-05-09 22:57:15.161 9 INFO neutron.db.ovn_revision_numbers_db [None req-166ede51-bbfa-41aa-b89a-9c9ba690b5d6 9bbc180c5a484edf9128827656385cd9 2bc46190b2394f9ea24c0ef16398a7b9 - - default default] Successfully bumped revision number for resource d3b26531-c6af-4dfd-a536-a362af1af3da (type: routers) to 2
2026-05-09 22:57:15.175 9 INFO neutron.api.wsgi [None req-166ede51-bbfa-41aa-b89a-9c9ba690b5d6 9bbc180c5a484edf9128827656385cd9 2bc46190b2394f9ea24c0ef16398a7b9 - - default default] 10.0.0.215 "POST /v2.0/routers HTTP/1.1" status: 201 len: 1164 time: 1.7268107
2026-05-09 22:57:15.488 9 INFO neutron.db.ovn_revision_numbers_db [None req-77af5c59-95e9-46ef-b713-e01f12dd19f6 - - - - - -] Successfully bumped revision number for resource 5b8aa5fc-b264-43c0-87bd-8e237c41f90a (type: ports) to 1
2026-05-09 22:57:15.786 10 WARNING neutron.scheduler.dhcp_agent_scheduler [None req-97d9478a-5206-4f99-8bdc-37b647bb73de 9bbc180c5a484edf9128827656385cd9 2bc46190b2394f9ea24c0ef16398a7b9 - - default default] No more DHCP agents
2026-05-09 22:57:15.791 10 WARNING neutron.api.rpc.agentnotifiers.dhcp_rpc_agent_api [None req-97d9478a-5206-4f99-8bdc-37b647bb73de 9bbc180c5a484edf9128827656385cd9 2bc46190b2394f9ea24c0ef16398a7b9 - - default default] Unable to schedule network 7e4245cd-0948-4d9a-883c-a9b7920aff55: no agents available; will retry on subsequent port and subnet creation events.
2026-05-09 22:57:15.808 9 INFO neutron.db.ovn_revision_numbers_db [None req-77af5c59-95e9-46ef-b713-e01f12dd19f6 - - - - - -] Successfully bumped revision number for resource 5b8aa5fc-b264-43c0-87bd-8e237c41f90a (type: ports) to 4
2026-05-09 22:57:15.980 10 INFO neutron.db.ovn_revision_numbers_db [None req-97d9478a-5206-4f99-8bdc-37b647bb73de 9bbc180c5a484edf9128827656385cd9 2bc46190b2394f9ea24c0ef16398a7b9 - - default default] Successfully bumped revision number for resource 69563019-d891-418a-bc1e-50038dd9571e (type: ports) to 1
2026-05-09 22:57:16.120 9 INFO neutron.db.ovn_revision_numbers_db [None req-77af5c59-95e9-46ef-b713-e01f12dd19f6 - - - - - -] Successfully bumped revision number for resource 5b8aa5fc-b264-43c0-87bd-8e237c41f90a (type: ports) to 5 /var/lib/openstack/lib/python3.12/site-packages/pycadf/identifier.py:71: UserWarning: Invalid uuid: neutron. To ensure interoperability, identifiers should be a valid uuid. warnings.warn(('Invalid uuid: %s. To ensure interoperability, '
2026-05-09 22:57:16.155 10 INFO neutron.api.wsgi [req-f5b70880-a60c-4ad2-8039-85b3cbe210ab req-61cb5051-2988-428a-94b7-efa1f1f1ff25 2212902c3e4345748fc61568cb6a33da 0a1807cb8e1f4decbb7a8832d00643ba - - default default] 10.0.0.116 "GET /v2.0/ports?device_id=ce66a8f7-9658-4637-8f36-18b178c720e5 HTTP/1.1" status: 200 len: 210 time: 0.0238609
2026-05-09 22:57:16.280 10 INFO neutron.services.segments.plugin [-] Segment 88624fcb-43cb-440a-bf08-8c7a3ce7dde7 resource provider aggregate not found
2026-05-09 22:57:16.285 10 INFO neutron.services.segments.plugin [-] Segment 88624fcb-43cb-440a-bf08-8c7a3ce7dde7 resource provider aggregate not found
2026-05-09 22:57:16.314 10 INFO neutron.services.segments.plugin [-] Segment 88624fcb-43cb-440a-bf08-8c7a3ce7dde7 resource provider not found; error: Placement Client Error (4xx): {"errors": [{"status": 404, "title": "Not Found", "detail": "The resource could not be found.\n\n No resource provider with uuid 88624fcb-43cb-440a-bf08-8c7a3ce7dde7 found for delete ", "request_id": "req-bb7ff596-0243-4e2f-87ae-69289fda56a4"}]}
2026-05-09 22:57:16.321 10 INFO neutron.services.segments.plugin [-] Segment 88624fcb-43cb-440a-bf08-8c7a3ce7dde7 resource provider not found; error: Placement Client Error (4xx): {"errors": [{"status": 404, "title": "Not Found", "detail": "The resource could not be found.\n\n No resource provider with uuid 88624fcb-43cb-440a-bf08-8c7a3ce7dde7 found for delete ", "request_id": "req-ee097d4c-1e22-4e09-ae43-8dbf05fdf24f"}]}
2026-05-09 22:57:16.339 10 INFO neutron.api.wsgi [None req-efa77b8c-16e7-44da-93cb-acedfe9f2fe1 3e942bfbae2948daa4b5b527b14e31d2 d167aff0a40541e3afaab34212eb4ab9 - - default default] 10.0.0.215 "DELETE /v2.0/vpn/vpnservices/491759d9-04ab-4c1b-ba23-c884443e992e HTTP/1.1" status: 204 len: 168 time: 3.0130072
2026-05-09 22:57:16.361 9 INFO neutron.api.wsgi [None req-d6bdc3f7-e074-4773-848f-6d59730c1323 3e942bfbae2948daa4b5b527b14e31d2 d167aff0a40541e3afaab34212eb4ab9 - - default default] 10.0.0.215 "GET /v2.0/vpn/vpnservices HTTP/1.1" status: 200 len: 1056 time: 0.0143738
2026-05-09 22:57:16.368 9 WARNING neutron_lib.context [None req-0698c61e-ebea-4904-9d47-b7d19ffa1c98 3e942bfbae2948daa4b5b527b14e31d2 d167aff0a40541e3afaab34212eb4ab9 - - default default] Method 'is_advsvc' is deprecated since 2023.2 release (neutron-lib 3.8.0) and will be removed once support for the old RBAC API policies will be removed from Neutron. Please use method 'is_service_role' instead.
2026-05-09 22:57:16.438 9 INFO neutron.api.v2.resource [None req-0698c61e-ebea-4904-9d47-b7d19ffa1c98 3e942bfbae2948daa4b5b527b14e31d2 d167aff0a40541e3afaab34212eb4ab9 - - default default] create failed (client error): The server could not comply with the request since it is either malformed or otherwise incorrect.
2026-05-09 22:57:16.439 9 INFO neutron.api.wsgi [None req-0698c61e-ebea-4904-9d47-b7d19ffa1c98 3e942bfbae2948daa4b5b527b14e31d2 d167aff0a40541e3afaab34212eb4ab9 - - default default] 10.0.0.215 "POST /v2.0/vpn/ipsec-site-connections HTTP/1.1" status: 400 len: 330 time: 0.0753152
2026-05-09 22:57:16.453 9 WARNING neutron_lib.context [None req-00c96ce7-fb3d-4f4a-8a05-0c5851336cdc 3e942bfbae2948daa4b5b527b14e31d2 d167aff0a40541e3afaab34212eb4ab9 - - default default] Method 'is_advsvc' is deprecated since 2023.2 release (neutron-lib 3.8.0) and will be removed once support for the old RBAC API policies will be removed from Neutron. Please use method 'is_service_role' instead.
2026-05-09 22:57:16.528 9 INFO neutron.api.v2.resource [None req-00c96ce7-fb3d-4f4a-8a05-0c5851336cdc 3e942bfbae2948daa4b5b527b14e31d2 d167aff0a40541e3afaab34212eb4ab9 - - default default] create failed (client error): The server could not comply with the request since it is either malformed or otherwise incorrect.
2026-05-09 22:57:16.530 9 INFO neutron.api.wsgi [None req-00c96ce7-fb3d-4f4a-8a05-0c5851336cdc 3e942bfbae2948daa4b5b527b14e31d2 d167aff0a40541e3afaab34212eb4ab9 - - default default] 10.0.0.215 "POST /v2.0/vpn/ipsec-site-connections HTTP/1.1" status: 400 len: 339 time: 0.0823078
2026-05-09 22:57:16.544 9 WARNING neutron.api.v2.base [None req-14654a87-0463-4817-9f09-769b4a45cc4c 3e942bfbae2948daa4b5b527b14e31d2 d167aff0a40541e3afaab34212eb4ab9 - - default default] An exception happened while processing the request body. The exception message is [Invalid input for dpd. Reason: '59' is not a dictionary.].: webob.exc.HTTPBadRequest: Invalid input for dpd. Reason: '59' is not a dictionary.
2026-05-09 22:57:16.545 9 INFO neutron.api.v2.resource [None req-14654a87-0463-4817-9f09-769b4a45cc4c 3e942bfbae2948daa4b5b527b14e31d2 d167aff0a40541e3afaab34212eb4ab9 - - default default] create failed (client error): Invalid input for dpd. Reason: '59' is not a dictionary.
2026-05-09 22:57:16.546 9 INFO neutron.api.wsgi [None req-14654a87-0463-4817-9f09-769b4a45cc4c 3e942bfbae2948daa4b5b527b14e31d2 d167aff0a40541e3afaab34212eb4ab9 - - default default] 10.0.0.215 "POST /v2.0/vpn/ipsec-site-connections HTTP/1.1" status: 400 len: 332 time: 0.0078986
2026-05-09 22:57:16.561 9 WARNING neutron_lib.context [None req-9ca1f38c-699c-4dda-9b8f-10ecf6bc4004 3e942bfbae2948daa4b5b527b14e31d2 d167aff0a40541e3afaab34212eb4ab9 - - default default] Method 'is_advsvc' is deprecated since 2023.2 release (neutron-lib 3.8.0) and will be removed once support for the old RBAC API policies will be removed from Neutron. Please use method 'is_service_role' instead.
2026-05-09 22:57:16.601 9 INFO neutron.api.wsgi [None req-9ca1f38c-699c-4dda-9b8f-10ecf6bc4004 3e942bfbae2948daa4b5b527b14e31d2 d167aff0a40541e3afaab34212eb4ab9 - - default default] 10.0.0.215 "POST /v2.0/vpn/endpoint-groups HTTP/1.1" status: 201 len: 493 time: 0.0471787
2026-05-09 22:57:16.614 10 WARNING neutron_lib.context [None req-0b2d985d-b57c-4229-9954-afa53c8356f4 3e942bfbae2948daa4b5b527b14e31d2 d167aff0a40541e3afaab34212eb4ab9 - - default default] Method 'is_advsvc' is deprecated since 2023.2 release (neutron-lib 3.8.0) and will be removed once support for the old RBAC API policies will be removed from Neutron. Please use method 'is_service_role' instead.
2026-05-09 22:57:16.661 10 INFO neutron.api.v2.resource [None req-0b2d985d-b57c-4229-9954-afa53c8356f4 3e942bfbae2948daa4b5b527b14e31d2 d167aff0a40541e3afaab34212eb4ab9 - - default default] create failed (client error): The server could not comply with the request since it is either malformed or otherwise incorrect.
2026-05-09 22:57:16.662 10 INFO neutron.api.wsgi [None req-0b2d985d-b57c-4229-9954-afa53c8356f4 3e942bfbae2948daa4b5b527b14e31d2 d167aff0a40541e3afaab34212eb4ab9 - - default default] 10.0.0.215 "POST /v2.0/vpn/ipsec-site-connections HTTP/1.1" status: 400 len: 352 time: 0.0550759
2026-05-09 22:57:16.678 10 INFO neutron.api.wsgi [None req-c2d4433c-b121-4e1b-8437-290efc08d13b 3e942bfbae2948daa4b5b527b14e31d2 d167aff0a40541e3afaab34212eb4ab9 - - default default] 10.0.0.215 "GET /v2.0/vpn/endpoint-groups HTTP/1.1" status: 200 len: 1104 time: 0.0107195
2026-05-09 22:57:16.716 10 INFO neutron.api.wsgi [None req-63a26bbb-85ca-4be2-8b7f-34c7f42096d9 3e942bfbae2948daa4b5b527b14e31d2 d167aff0a40541e3afaab34212eb4ab9 - - default default] 10.0.0.215 "DELETE /v2.0/vpn/endpoint-groups/5e811da7-da96-464f-aa9c-f1319674435d HTTP/1.1" status: 204 len: 168 time: 0.0314984
2026-05-09 22:57:16.718 10 INFO neutron.db.ovn_revision_numbers_db [None req-97d9478a-5206-4f99-8bdc-37b647bb73de 9bbc180c5a484edf9128827656385cd9 2bc46190b2394f9ea24c0ef16398a7b9 - - default default] Successfully bumped revision number for resource 69563019-d891-418a-bc1e-50038dd9571e (type: ports) to 1
2026-05-09 22:57:16.730 10 INFO neutron.api.wsgi [None req-754f2284-61ec-45b4-82ae-459ddb059ce1 3e942bfbae2948daa4b5b527b14e31d2 d167aff0a40541e3afaab34212eb4ab9 - - default default] 10.0.0.215 "GET /v2.0/vpn/endpoint-groups HTTP/1.1" status: 200 len: 828 time: 0.0074966
2026-05-09 22:57:16.749 10 WARNING neutron_lib.context [None req-ff114062-28a2-4555-9eac-062cecbb9e7a 3e942bfbae2948daa4b5b527b14e31d2 d167aff0a40541e3afaab34212eb4ab9 - - default default] Method 'is_advsvc' is deprecated since 2023.2 release (neutron-lib 3.8.0) and will be removed once support for the old RBAC API policies will be removed from Neutron. Please use method 'is_service_role' instead.
2026-05-09 22:57:16.804 10 WARNING neutron.scheduler.dhcp_agent_scheduler [None req-97d9478a-5206-4f99-8bdc-37b647bb73de 9bbc180c5a484edf9128827656385cd9 2bc46190b2394f9ea24c0ef16398a7b9 - - default default] No more DHCP agents
2026-05-09 22:57:16.806 10 WARNING neutron.api.rpc.agentnotifiers.dhcp_rpc_agent_api [None req-97d9478a-5206-4f99-8bdc-37b647bb73de 9bbc180c5a484edf9128827656385cd9 2bc46190b2394f9ea24c0ef16398a7b9 - - default default] Unable to schedule network 7e4245cd-0948-4d9a-883c-a9b7920aff55: no agents available; will retry on subsequent port and subnet creation events.
2026-05-09 22:57:16.822 10 INFO neutron.api.wsgi [None req-ff114062-28a2-4555-9eac-062cecbb9e7a 3e942bfbae2948daa4b5b527b14e31d2 d167aff0a40541e3afaab34212eb4ab9 - - default default] 10.0.0.215 "POST /v2.0/vpn/endpoint-groups HTTP/1.1" status: 201 len: 501 time: 0.0778062
2026-05-09 22:57:16.839 9 WARNING neutron_lib.context [None req-536d4eb7-40aa-4e92-bf1e-819604d2291a 3e942bfbae2948daa4b5b527b14e31d2 d167aff0a40541e3afaab34212eb4ab9 - - default default] Method 'is_advsvc' is deprecated since 2023.2 release (neutron-lib 3.8.0) and will be removed once support for the old RBAC API policies will be removed from Neutron. Please use method 'is_service_role' instead.
2026-05-09 22:57:16.882 9 INFO neutron.api.v2.resource [None req-536d4eb7-40aa-4e92-bf1e-819604d2291a 3e942bfbae2948daa4b5b527b14e31d2 d167aff0a40541e3afaab34212eb4ab9 - - default default] create failed (client error): The server could not comply with the request since it is either malformed or otherwise incorrect.
2026-05-09 22:57:16.883 9 INFO neutron.api.wsgi [None req-536d4eb7-40aa-4e92-bf1e-819604d2291a 3e942bfbae2948daa4b5b527b14e31d2 d167aff0a40541e3afaab34212eb4ab9 - - default default] 10.0.0.215 "POST /v2.0/vpn/ipsec-site-connections HTTP/1.1" status: 400 len: 351 time: 0.0499721
2026-05-09 22:57:16.902 9 INFO neutron.api.wsgi [None req-7cf1ce27-13b1-41f8-901d-d0f58f2795ad 3e942bfbae2948daa4b5b527b14e31d2 d167aff0a40541e3afaab34212eb4ab9 - - default default] 10.0.0.215 "GET /v2.0/vpn/endpoint-groups HTTP/1.1" status: 200 len: 1112 time: 0.0109291
2026-05-09 22:57:16.927 9 INFO neutron.api.wsgi [None req-b5023856-879b-4ba9-943d-79d4ca708468 3e942bfbae2948daa4b5b527b14e31d2 d167aff0a40541e3afaab34212eb4ab9 - - default default] 10.0.0.215 "DELETE /v2.0/vpn/endpoint-groups/75a6e96b-4093-4912-a075-b8b39ccfa9f0 HTTP/1.1" status: 204 len: 168 time: 0.0202122
2026-05-09 22:57:16.941 9 INFO neutron.api.wsgi [None req-00553988-709e-4a20-ab2d-b50f76a6337a 3e942bfbae2948daa4b5b527b14e31d2 d167aff0a40541e3afaab34212eb4ab9 - - default default] 10.0.0.215 "GET /v2.0/vpn/endpoint-groups HTTP/1.1" status: 200 len: 828 time: 0.0102327
2026-05-09 22:57:16.950 9 WARNING neutron.api.v2.base [None req-f787c94b-68cc-4947-9f5d-11c3ff00fa03 3e942bfbae2948daa4b5b527b14e31d2 d167aff0a40541e3afaab34212eb4ab9 - - default default] An exception happened while processing the request body. The exception message is [Invalid input for peer_cidrs. Reason: '1.0.0.0/33' is not a valid IP subnet.].: webob.exc.HTTPBadRequest: Invalid input for peer_cidrs. Reason: '1.0.0.0/33' is not a valid IP subnet.
2026-05-09 22:57:16.951 9 INFO neutron.api.v2.resource [None req-f787c94b-68cc-4947-9f5d-11c3ff00fa03 3e942bfbae2948daa4b5b527b14e31d2 d167aff0a40541e3afaab34212eb4ab9 - - default default] create failed (client error): Invalid input for peer_cidrs. Reason: '1.0.0.0/33' is not a valid IP subnet.
2026-05-09 22:57:16.952 9 INFO neutron.api.wsgi [None req-f787c94b-68cc-4947-9f5d-11c3ff00fa03 3e942bfbae2948daa4b5b527b14e31d2 d167aff0a40541e3afaab34212eb4ab9 - - default default] 10.0.0.215 "POST /v2.0/vpn/ipsec-site-connections HTTP/1.1" status: 400 len: 352 time: 0.0055623
2026-05-09 22:57:16.964 9 WARNING neutron_lib.context [None req-a41b5a21-25c1-40dd-b088-42198e5357e5 3e942bfbae2948daa4b5b527b14e31d2 d167aff0a40541e3afaab34212eb4ab9 - - default default] Method 'is_advsvc' is deprecated since 2023.2 release (neutron-lib 3.8.0) and will be removed once support for the old RBAC API policies will be removed from Neutron. Please use method 'is_service_role' instead.
2026-05-09 22:57:17.051 9 INFO neutron.db.segments_db [None req-a41b5a21-25c1-40dd-b088-42198e5357e5 3e942bfbae2948daa4b5b527b14e31d2 d167aff0a40541e3afaab34212eb4ab9 - - default default] Added segment 1f4a6ff2-65c0-4b10-9623-7ed8a62d1ede of type geneve for network bb95707c-b2bb-46e2-8b85-0615282a2fd3
2026-05-09 22:57:17.055 9 WARNING neutron.plugins.ml2.drivers.ovn.mech_driver.ovsdb.ovn_client [None req-9f0f9239-8a1d-42f7-b89a-350fa0378f60 - - - - - -] No hosting information found for port 8fcf8c2e-4816-4fd0-8ed3-fb822f336746: RuntimeError: No hosting information found for port 8fcf8c2e-4816-4fd0-8ed3-fb822f336746
2026-05-09 22:57:17.129 9 INFO neutron.db.ovn_revision_numbers_db [None req-9f0f9239-8a1d-42f7-b89a-350fa0378f60 - - - - - -] Successfully bumped revision number for resource 8fcf8c2e-4816-4fd0-8ed3-fb822f336746 (type: router_ports) to 2
2026-05-09 22:57:17.129 9 INFO neutron.plugins.ml2.drivers.ovn.mech_driver.mech_driver [None req-9f0f9239-8a1d-42f7-b89a-350fa0378f60 - - - - - -] OVN reports status up for port: ed58b7da-f537-4ebf-9e55-e1fa0c75c4c6
2026-05-09 22:57:17.188 9 INFO neutron.db.ovn_revision_numbers_db [None req-a41b5a21-25c1-40dd-b088-42198e5357e5 3e942bfbae2948daa4b5b527b14e31d2 d167aff0a40541e3afaab34212eb4ab9 - - default default] Successfully bumped revision number for resource bb95707c-b2bb-46e2-8b85-0615282a2fd3 (type: networks) to 1
2026-05-09 22:57:17.211 9 INFO neutron.plugins.ml2.drivers.ovn.mech_driver.mech_driver [None req-9f0f9239-8a1d-42f7-b89a-350fa0378f60 - - - - - -] OVN reports status up for port: 69563019-d891-418a-bc1e-50038dd9571e
2026-05-09 22:57:17.225 9 INFO neutron.plugins.ml2.plugin [None req-9f0f9239-8a1d-42f7-b89a-350fa0378f60 - - - - - -] Attempt 1 to provision port 69563019-d891-418a-bc1e-50038dd9571e
2026-05-09 22:57:17.425 9 WARNING neutron.scheduler.dhcp_agent_scheduler [None req-a41b5a21-25c1-40dd-b088-42198e5357e5 3e942bfbae2948daa4b5b527b14e31d2 d167aff0a40541e3afaab34212eb4ab9 - - default default] No more DHCP agents
2026-05-09 22:57:17.426 9 WARNING neutron.api.rpc.agentnotifiers.dhcp_rpc_agent_api [None req-a41b5a21-25c1-40dd-b088-42198e5357e5 3e942bfbae2948daa4b5b527b14e31d2 d167aff0a40541e3afaab34212eb4ab9 - - default default] Unable to schedule network bb95707c-b2bb-46e2-8b85-0615282a2fd3: no agents available; will retry on subsequent port and subnet creation events.
2026-05-09 22:57:17.502 9 INFO neutron.db.ovn_revision_numbers_db [None req-a41b5a21-25c1-40dd-b088-42198e5357e5 3e942bfbae2948daa4b5b527b14e31d2 d167aff0a40541e3afaab34212eb4ab9 - - default default] Successfully bumped revision number for resource e8af6a1b-8072-4ef9-a98d-6dd0f0511d5d (type: ports) to 1
2026-05-09 22:57:17.522 9 INFO neutron.api.wsgi [None req-a41b5a21-25c1-40dd-b088-42198e5357e5 3e942bfbae2948daa4b5b527b14e31d2 d167aff0a40541e3afaab34212eb4ab9 - - default default] 10.0.0.215 "POST /v2.0/networks HTTP/1.1" status: 201 len: 831 time: 0.5624564
2026-05-09 22:57:17.531 9 WARNING neutron_lib.context [None req-a393e81f-8587-4e45-b0d4-03d6d75827b1 3e942bfbae2948daa4b5b527b14e31d2 d167aff0a40541e3afaab34212eb4ab9 - - default default] Method 'is_advsvc' is deprecated since 2023.2 release (neutron-lib 3.8.0) and will be removed once support for the old RBAC API policies will be removed from Neutron. Please use method 'is_service_role' instead.
2026-05-09 22:57:17.651 9 INFO neutron.db.ovn_revision_numbers_db [None req-9f0f9239-8a1d-42f7-b89a-350fa0378f60 - - - - - -] Successfully bumped revision number for resource 69563019-d891-418a-bc1e-50038dd9571e (type: ports) to 2
2026-05-09 22:57:17.753 9 WARNING neutron.scheduler.dhcp_agent_scheduler [None req-a393e81f-8587-4e45-b0d4-03d6d75827b1 3e942bfbae2948daa4b5b527b14e31d2 d167aff0a40541e3afaab34212eb4ab9 - - default default] No more DHCP agents
2026-05-09 22:57:17.758 9 WARNING neutron.api.rpc.agentnotifiers.dhcp_rpc_agent_api [None req-a393e81f-8587-4e45-b0d4-03d6d75827b1 3e942bfbae2948daa4b5b527b14e31d2 d167aff0a40541e3afaab34212eb4ab9 - - default default] Unable to schedule network bb95707c-b2bb-46e2-8b85-0615282a2fd3: no agents available; will retry on subsequent port and subnet creation events.
2026-05-09 22:57:17.816 10 INFO neutron.db.ovn_revision_numbers_db [None req-97d9478a-5206-4f99-8bdc-37b647bb73de 9bbc180c5a484edf9128827656385cd9 2bc46190b2394f9ea24c0ef16398a7b9 - - default default] Successfully bumped revision number for resource 69563019-d891-418a-bc1e-50038dd9571e (type: router_ports) to 1
2026-05-09 22:57:17.822 10 INFO neutron.api.wsgi [None req-97d9478a-5206-4f99-8bdc-37b647bb73de 9bbc180c5a484edf9128827656385cd9 2bc46190b2394f9ea24c0ef16398a7b9 - - default default] 10.0.0.215 "PUT /v2.0/routers/d3b26531-c6af-4dfd-a536-a362af1af3da/add_router_interface HTTP/1.1" status: 200 len: 503 time: 2.6377447
2026-05-09 22:57:18.016 9 INFO neutron.api.wsgi [-] 10.0.0.115 "GET / HTTP/1.1" status: 200 len: 247 time: 0.0015490
2026-05-09 22:57:18.017 10 INFO neutron.api.wsgi [-] 10.0.0.115 "GET / HTTP/1.1" status: 200 len: 247 time: 0.0021091
2026-05-09 22:57:18.180 9 INFO neutron.db.ovn_revision_numbers_db [None req-fb5ce862-78c2-4371-8f14-20194ef3a054 - - - - - -] Successfully bumped revision number for resource e8af6a1b-8072-4ef9-a98d-6dd0f0511d5d (type: ports) to 2
2026-05-09 22:57:18.215 9 INFO neutron.db.ovn_revision_numbers_db [None req-fb5ce862-78c2-4371-8f14-20194ef3a054 - - - - - -] Successfully bumped revision number for resource 53b05f0f-1947-45b8-8040-081c14918cf1 (type: subnets) to 0
2026-05-09 22:57:18.233 9 INFO neutron.api.wsgi [None req-a393e81f-8587-4e45-b0d4-03d6d75827b1 3e942bfbae2948daa4b5b527b14e31d2 d167aff0a40541e3afaab34212eb4ab9 - - default default] 10.0.0.215 "POST /v2.0/subnets HTTP/1.1" status: 201 len: 828 time: 0.7065747
2026-05-09 22:57:18.246 9 WARNING neutron_lib.context [None req-01000bd8-a0be-4442-bdc9-fb89099797e3 3e942bfbae2948daa4b5b527b14e31d2 d167aff0a40541e3afaab34212eb4ab9 - - default default] Method 'is_advsvc' is deprecated since 2023.2 release (neutron-lib 3.8.0) and will be removed once support for the old RBAC API policies will be removed from Neutron. Please use method 'is_service_role' instead.
2026-05-09 22:57:18.645 9 WARNING neutron.scheduler.dhcp_agent_scheduler [None req-01000bd8-a0be-4442-bdc9-fb89099797e3 3e942bfbae2948daa4b5b527b14e31d2 d167aff0a40541e3afaab34212eb4ab9 - - default default] No more DHCP agents
2026-05-09 22:57:18.647 9 WARNING neutron.api.rpc.agentnotifiers.dhcp_rpc_agent_api [None req-01000bd8-a0be-4442-bdc9-fb89099797e3 3e942bfbae2948daa4b5b527b14e31d2 d167aff0a40541e3afaab34212eb4ab9 - - default default] Unable to schedule network f4d52246-a3b8-4661-9e5f-42f941348a2a: no agents available; will retry on subsequent port and subnet creation events.
2026-05-09 22:57:18.776 9 INFO neutron.db.ovn_revision_numbers_db [None req-01000bd8-a0be-4442-bdc9-fb89099797e3 3e942bfbae2948daa4b5b527b14e31d2 d167aff0a40541e3afaab34212eb4ab9 - - default default] Successfully bumped revision number for resource af8abb5c-c89f-4143-8ca3-591e79443144 (type: ports) to 1
2026-05-09 22:57:18.969 10 INFO neutron.db.ovn_revision_numbers_db [None req-1d6af548-e8e3-42e3-a9a6-dc5790290fe3 9bbc180c5a484edf9128827656385cd9 2bc46190b2394f9ea24c0ef16398a7b9 - - default default] Successfully bumped revision number for resource 1e77a0be-076c-48fc-a4cc-05ed6f652d13 (type: security_groups) to 1
2026-05-09 22:57:19.004 10 INFO neutron.db.ovn_revision_numbers_db [None req-1d6af548-e8e3-42e3-a9a6-dc5790290fe3 9bbc180c5a484edf9128827656385cd9 2bc46190b2394f9ea24c0ef16398a7b9 - - default default] Successfully bumped revision number for resource 30562f09-89ae-4c57-ae6e-e7d3b365affa (type: security_group_rules) to 0
2026-05-09 22:57:19.044 10 INFO neutron.db.ovn_revision_numbers_db [None req-1d6af548-e8e3-42e3-a9a6-dc5790290fe3 9bbc180c5a484edf9128827656385cd9 2bc46190b2394f9ea24c0ef16398a7b9 - - default default] Successfully bumped revision number for resource 9a97e86e-9ef8-4dd0-b936-c662e36279fe (type: security_group_rules) to 0
2026-05-09 22:57:19.069 10 INFO neutron.db.ovn_revision_numbers_db [None req-1d6af548-e8e3-42e3-a9a6-dc5790290fe3 9bbc180c5a484edf9128827656385cd9 2bc46190b2394f9ea24c0ef16398a7b9 - - default default] Successfully bumped revision number for resource d5ba5d61-b15f-447f-bd45-8790f4f5dee2 (type: security_group_rules) to 0
2026-05-09 22:57:19.098 10 INFO neutron.db.ovn_revision_numbers_db [None req-1d6af548-e8e3-42e3-a9a6-dc5790290fe3 9bbc180c5a484edf9128827656385cd9 2bc46190b2394f9ea24c0ef16398a7b9 - - default default] Successfully bumped revision number for resource e513bbbe-54a7-46a0-bd18-7ffa1e1c418a (type: security_group_rules) to 0
2026-05-09 22:57:19.167 10 INFO neutron.db.segments_db [None req-1d6af548-e8e3-42e3-a9a6-dc5790290fe3 9bbc180c5a484edf9128827656385cd9 2bc46190b2394f9ea24c0ef16398a7b9 - - default default] Added segment abb2f48d-6a8d-4268-bd27-343422152e44 of type geneve for network 27d4c27e-f62b-4429-9e30-685b5df5024e
2026-05-09 22:57:19.326 10 INFO neutron.db.ovn_revision_numbers_db [None req-1d6af548-e8e3-42e3-a9a6-dc5790290fe3 9bbc180c5a484edf9128827656385cd9 2bc46190b2394f9ea24c0ef16398a7b9 - - default default] Successfully bumped revision number for resource 27d4c27e-f62b-4429-9e30-685b5df5024e (type: networks) to 1
2026-05-09 22:57:19.467 9 INFO neutron.plugins.ml2.drivers.ovn.mech_driver.ovsdb.commands [None req-ac74d07d-7411-40ad-85fa-169e86770b31 - - - - - -] Schedule LRP lrp-af8abb5c-c89f-4143-8ca3-591e79443144 on gateway 838ac59a-4787-49ed-9e9b-71871336c82e with priority 1
2026-05-09 22:57:19.521 9 INFO neutron.db.ovn_revision_numbers_db [None req-01000bd8-a0be-4442-bdc9-fb89099797e3 3e942bfbae2948daa4b5b527b14e31d2 d167aff0a40541e3afaab34212eb4ab9 - - default default] Successfully bumped revision number for resource af8abb5c-c89f-4143-8ca3-591e79443144 (type: router_ports) to 1
2026-05-09 22:57:19.527 10 WARNING neutron.scheduler.dhcp_agent_scheduler [None req-1d6af548-e8e3-42e3-a9a6-dc5790290fe3 9bbc180c5a484edf9128827656385cd9 2bc46190b2394f9ea24c0ef16398a7b9 - - default default] No more DHCP agents
2026-05-09 22:57:19.528 10 WARNING neutron.api.rpc.agentnotifiers.dhcp_rpc_agent_api [None req-1d6af548-e8e3-42e3-a9a6-dc5790290fe3 9bbc180c5a484edf9128827656385cd9 2bc46190b2394f9ea24c0ef16398a7b9 - - default default] Unable to schedule network 27d4c27e-f62b-4429-9e30-685b5df5024e: no agents available; will retry on subsequent port and subnet creation events.
2026-05-09 22:57:19.599 9 INFO neutron.db.ovn_revision_numbers_db [None req-01000bd8-a0be-4442-bdc9-fb89099797e3 3e942bfbae2948daa4b5b527b14e31d2 d167aff0a40541e3afaab34212eb4ab9 - - default default] Successfully bumped revision number for resource 577240a7-e300-4d64-9530-1175fcadae9c (type: routers) to 2
2026-05-09 22:57:19.609 10 INFO neutron.db.ovn_revision_numbers_db [None req-1d6af548-e8e3-42e3-a9a6-dc5790290fe3 9bbc180c5a484edf9128827656385cd9 2bc46190b2394f9ea24c0ef16398a7b9 - - default default] Successfully bumped revision number for resource 00d63fc6-7584-45ef-8981-e16ccdb2cb87 (type: ports) to 1
2026-05-09 22:57:19.615 9 INFO neutron.api.wsgi [None req-01000bd8-a0be-4442-bdc9-fb89099797e3 3e942bfbae2948daa4b5b527b14e31d2 d167aff0a40541e3afaab34212eb4ab9 - - default default] 10.0.0.215 "POST /v2.0/routers HTTP/1.1" status: 201 len: 1135 time: 1.3739374
2026-05-09 22:57:19.636 10 INFO neutron.api.wsgi [None req-1d6af548-e8e3-42e3-a9a6-dc5790290fe3 9bbc180c5a484edf9128827656385cd9 2bc46190b2394f9ea24c0ef16398a7b9 - - default default] 10.0.0.215 "POST /v2.0/networks HTTP/1.1" status: 201 len: 941 time: 0.8499875
2026-05-09 22:57:19.732 9 INFO neutron.api.v2.resource [None req-d48c5e45-ee9a-4b81-a6f6-d3de75d72bad ab8b2ca123d54d9c9f0a0997aca3e910 15969b50e40a48ff98a57fa9ed4abb7e - - default default] create failed (client error): The server could not comply with the request since it is either malformed or otherwise incorrect.
2026-05-09 22:57:19.733 9 INFO neutron.api.wsgi [None req-d48c5e45-ee9a-4b81-a6f6-d3de75d72bad ab8b2ca123d54d9c9f0a0997aca3e910 15969b50e40a48ff98a57fa9ed4abb7e - - default default] 10.0.0.215 "POST /v2.0/vpn/vpnservices HTTP/1.1" status: 400 len: 397 time: 0.1127052
2026-05-09 22:57:19.802 10 WARNING neutron.scheduler.dhcp_agent_scheduler [None req-3c85fcb0-3de8-43ee-843c-1a2c9dc25344 9bbc180c5a484edf9128827656385cd9 2bc46190b2394f9ea24c0ef16398a7b9 - - default default] No more DHCP agents
2026-05-09 22:57:19.804 10 WARNING neutron.api.rpc.agentnotifiers.dhcp_rpc_agent_api [None req-3c85fcb0-3de8-43ee-843c-1a2c9dc25344 9bbc180c5a484edf9128827656385cd9 2bc46190b2394f9ea24c0ef16398a7b9 - - default default] Unable to schedule network 27d4c27e-f62b-4429-9e30-685b5df5024e: no agents available; will retry on subsequent port and subnet creation events.
2026-05-09 22:57:20.111 10 INFO neutron.api.wsgi [None req-e6216529-b11e-426d-895a-ebb0daff5781 9bbc180c5a484edf9128827656385cd9 2bc46190b2394f9ea24c0ef16398a7b9 - - default default] 10.0.0.215 "PUT /v2.0/routers/f4bd947b-ffca-409b-b6ca-7d887928fdd6/remove_router_interface HTTP/1.1" status: 200 len: 503 time: 1.7139773
2026-05-09 22:57:20.200 9 INFO neutron.services.segments.plugin [-] Segment 1f4a6ff2-65c0-4b10-9623-7ed8a62d1ede resource provider aggregate not found
2026-05-09 22:57:20.207 9 INFO neutron.services.segments.plugin [-] Segment 1f4a6ff2-65c0-4b10-9623-7ed8a62d1ede resource provider aggregate not found
2026-05-09 22:57:20.212 9 INFO neutron.services.segments.plugin [-] Segment 1f4a6ff2-65c0-4b10-9623-7ed8a62d1ede resource provider not found; error: Placement Client Error (4xx): {"errors": [{"status": 404, "title": "Not Found", "detail": "The resource could not be found.\n\n No resource provider with uuid 1f4a6ff2-65c0-4b10-9623-7ed8a62d1ede found for delete ", "request_id": "req-ec9323b8-e48b-419c-8ab2-567aaa8ed602"}]}
2026-05-09 22:57:20.222 9 INFO neutron.services.segments.plugin [-] Segment 1f4a6ff2-65c0-4b10-9623-7ed8a62d1ede resource provider not found; error: Placement Client Error (4xx): {"errors": [{"status": 404, "title": "Not Found", "detail": "The resource could not be found.\n\n No resource provider with uuid 1f4a6ff2-65c0-4b10-9623-7ed8a62d1ede found for delete ", "request_id": "req-e4516214-9117-4bd1-95cc-0c186a049269"}]}
2026-05-09 22:57:20.255 9 INFO neutron.api.wsgi [None req-07126c94-8c5c-4149-a0c0-23c6f2edb490 ab8b2ca123d54d9c9f0a0997aca3e910 15969b50e40a48ff98a57fa9ed4abb7e - - default default] 10.0.0.215 "DELETE /v2.0/networks/bb95707c-b2bb-46e2-8b85-0615282a2fd3 HTTP/1.1" status: 204 len: 168 time: 0.5171943
2026-05-09 22:57:20.291 10 INFO neutron.db.ovn_revision_numbers_db [None req-17e7d255-e908-4760-a695-9297caab2968 - - - - - -] Successfully bumped revision number for resource 00d63fc6-7584-45ef-8981-e16ccdb2cb87 (type: ports) to 2
2026-05-09 22:57:20.319 10 INFO neutron.db.ovn_revision_numbers_db [None req-17e7d255-e908-4760-a695-9297caab2968 - - - - - -] Successfully bumped revision number for resource 01da4416-9e7b-46e3-bef8-59023aad9aff (type: subnets) to 0
2026-05-09 22:57:20.337 10 INFO neutron.api.wsgi [None req-3c85fcb0-3de8-43ee-843c-1a2c9dc25344 9bbc180c5a484edf9128827656385cd9 2bc46190b2394f9ea24c0ef16398a7b9 - - default default] 10.0.0.215 "POST /v2.0/subnets HTTP/1.1" status: 201 len: 886 time: 0.6937342
2026-05-09 22:57:21.021 9 WARNING neutron.scheduler.dhcp_agent_scheduler [None req-c7f77288-f081-4c32-91f9-c6bdbc293dc6 9bbc180c5a484edf9128827656385cd9 2bc46190b2394f9ea24c0ef16398a7b9 - - default default] No more DHCP agents
2026-05-09 22:57:21.024 9 WARNING neutron.api.rpc.agentnotifiers.dhcp_rpc_agent_api [None req-c7f77288-f081-4c32-91f9-c6bdbc293dc6 9bbc180c5a484edf9128827656385cd9 2bc46190b2394f9ea24c0ef16398a7b9 - - default default] Unable to schedule network f4d52246-a3b8-4661-9e5f-42f941348a2a: no agents available; will retry on subsequent port and subnet creation events.
2026-05-09 22:57:21.470 9 INFO neutron.api.wsgi [None req-67b1fab3-b008-4710-994c-b7ee8d205ad2 9bbc180c5a484edf9128827656385cd9 2bc46190b2394f9ea24c0ef16398a7b9 - - default default] 10.0.0.215 "DELETE /v2.0/routers/f4bd947b-ffca-409b-b6ca-7d887928fdd6 HTTP/1.1" status: 204 len: 168 time: 1.3539221
2026-05-09 22:57:21.559 9 INFO neutron.db.ovn_revision_numbers_db [None req-c7f77288-f081-4c32-91f9-c6bdbc293dc6 9bbc180c5a484edf9128827656385cd9 2bc46190b2394f9ea24c0ef16398a7b9 - - default default] Successfully bumped revision number for resource 35abaa45-8497-4edc-b6b1-c7f5ae1a5e7a (type: ports) to 1
2026-05-09 22:57:21.678 9 INFO neutron.api.wsgi [None req-aa6bf058-3fd2-402e-a7de-ea9e787e2ee1 ab8b2ca123d54d9c9f0a0997aca3e910 15969b50e40a48ff98a57fa9ed4abb7e - - default default] 10.0.0.215 "DELETE /v2.0/routers/577240a7-e300-4d64-9530-1175fcadae9c HTTP/1.1" status: 204 len: 168 time: 1.4168432 /var/lib/openstack/lib/python3.12/site-packages/pycadf/identifier.py:71: UserWarning: Invalid uuid: neutron. To ensure interoperability, identifiers should be a valid uuid. warnings.warn(('Invalid uuid: %s. To ensure interoperability, '
2026-05-09 22:57:21.695 10 WARNING neutron.api.v2.base [None req-25d13ebb-ce75-426b-be6c-797d5a243ed9 3e942bfbae2948daa4b5b527b14e31d2 d167aff0a40541e3afaab34212eb4ab9 - - default default] An exception happened while processing the request body. The exception message is [Invalid input for description. Reason: 'yyyyyyyyyyyyyyyyyyyyyyyyyyyyyyyyyyyyyyyyyyyyyyyyyyyyyyyyyyyyyyyyyyyyyyyyyyyyyyyyyyyyyyyyyyyyyyyyyyyyyyyyyyyyyyyyyyyyyyyyyyyyyyyyyyyyyyyyyyyyyyyyyyyyyyyyyyyyyyyyyyyyyyyyyyyyyyyyyyyyyyyyyyyyyyyyyyyyyyyyyyyyyyyyyyyyyyyyyyyyyyyyyyyyyyyyyyyyyyyyyyyyyyyyyyyyyyyy' exceeds maximum length of 255.].: webob.exc.HTTPBadRequest: Invalid input for description. Reason: 'yyyyyyyyyyyyyyyyyyyyyyyyyyyyyyyyyyyyyyyyyyyyyyyyyyyyyyyyyyyyyyyyyyyyyyyyyyyyyyyyyyyyyyyyyyyyyyyyyyyyyyyyyyyyyyyyyyyyyyyyyyyyyyyyyyyyyyyyyyyyyyyyyyyyyyyyyyyyyyyyyyyyyyyyyyyyyyyyyyyyyyyyyyyyyyyyyyyyyyyyyyyyyyyyyyyyyyyyyyyyyyyyyyyyyyyyyyyyyyyyyyyyyyyyyyyyyyyy' exceeds maximum length of 255.
2026-05-09 22:57:21.695 10 INFO neutron.api.v2.resource [None req-25d13ebb-ce75-426b-be6c-797d5a243ed9 3e942bfbae2948daa4b5b527b14e31d2 d167aff0a40541e3afaab34212eb4ab9 - - default default] create failed (client error): Invalid input for description. Reason: 'yyyyyyyyyyyyyyyyyyyyyyyyyyyyyyyyyyyyyyyyyyyyyyyyyyyyyyyyyyyyyyyyyyyyyyyyyyyyyyyyyyyyyyyyyyyyyyyyyyyyyyyyyyyyyyyyyyyyyyyyyyyyyyyyyyyyyyyyyyyyyyyyyyyyyyyyyyyyyyyyyyyyyyyyyyyyyyyyyyyyyyyyyyyyyyyyyyyyyyyyyyyyyyyyyyyyyyyyyyyyyyyyyyyyyyyyyyyyyyyyyyyyyyyyyyyyyyyy' exceeds maximum length of 255.
2026-05-09 22:57:21.696 10 INFO neutron.api.wsgi [None req-25d13ebb-ce75-426b-be6c-797d5a243ed9 3e942bfbae2948daa4b5b527b14e31d2 d167aff0a40541e3afaab34212eb4ab9 - - default default] 10.0.0.215 "POST /v2.0/vpn/vpnservices HTTP/1.1" status: 400 len: 604 time: 0.0109234
2026-05-09 22:57:21.711 10 WARNING neutron.api.v2.base [None req-bd0c19fa-63c7-4602-86f9-6c56726a8f58 3e942bfbae2948daa4b5b527b14e31d2 d167aff0a40541e3afaab34212eb4ab9 - - default default] An exception happened while processing the request body. The exception message is [Invalid input for name. Reason: 'xxxxxxxxxxxxxxxxxxxxxxxxxxxxxxxxxxxxxxxxxxxxxxxxxxxxxxxxxxxxxxxxxxxxxxxxxxxxxxxxxxxxxxxxxxxxxxxxxxxxxxxxxxxxxxxxxxxxxxxxxxxxxxxxxxxxxxxxxxxxxxxxxxxxxxxxxxxxxxxxxxxxxxxxxxxxxxxxxxxxxxxxxxxxxxxxxxxxxxxxxxxxxxxxxxxxxxxxxxxxxxxxxxxxxxxxxxxxxxxxxxxxxxxxxxxxxxxx' exceeds maximum length of 255.].: webob.exc.HTTPBadRequest: Invalid input for name. Reason: 'xxxxxxxxxxxxxxxxxxxxxxxxxxxxxxxxxxxxxxxxxxxxxxxxxxxxxxxxxxxxxxxxxxxxxxxxxxxxxxxxxxxxxxxxxxxxxxxxxxxxxxxxxxxxxxxxxxxxxxxxxxxxxxxxxxxxxxxxxxxxxxxxxxxxxxxxxxxxxxxxxxxxxxxxxxxxxxxxxxxxxxxxxxxxxxxxxxxxxxxxxxxxxxxxxxxxxxxxxxxxxxxxxxxxxxxxxxxxxxxxxxxxxxxxxxxxxxxx' exceeds maximum length of 255.
2026-05-09 22:57:21.716 10 INFO neutron.api.v2.resource [None req-bd0c19fa-63c7-4602-86f9-6c56726a8f58 3e942bfbae2948daa4b5b527b14e31d2 d167aff0a40541e3afaab34212eb4ab9 - - default default] create failed (client error): Invalid input for name. Reason: 'xxxxxxxxxxxxxxxxxxxxxxxxxxxxxxxxxxxxxxxxxxxxxxxxxxxxxxxxxxxxxxxxxxxxxxxxxxxxxxxxxxxxxxxxxxxxxxxxxxxxxxxxxxxxxxxxxxxxxxxxxxxxxxxxxxxxxxxxxxxxxxxxxxxxxxxxxxxxxxxxxxxxxxxxxxxxxxxxxxxxxxxxxxxxxxxxxxxxxxxxxxxxxxxxxxxxxxxxxxxxxxxxxxxxxxxxxxxxxxxxxxxxxxxxxxxxxxxx' exceeds maximum length of 255.
2026-05-09 22:57:21.717 10 INFO neutron.api.wsgi [None req-bd0c19fa-63c7-4602-86f9-6c56726a8f58 3e942bfbae2948daa4b5b527b14e31d2 d167aff0a40541e3afaab34212eb4ab9 - - default default] 10.0.0.215 "POST /v2.0/vpn/vpnservices HTTP/1.1" status: 400 len: 597 time: 0.0094910
2026-05-09 22:57:21.730 10 WARNING neutron_lib.context [None req-b00e0a18-2431-4ea1-afe5-f747cc5eb890 3e942bfbae2948daa4b5b527b14e31d2 d167aff0a40541e3afaab34212eb4ab9 - - default default] Method 'is_advsvc' is deprecated since 2023.2 release (neutron-lib 3.8.0) and will be removed once support for the old RBAC API policies will be removed from Neutron. Please use method 'is_service_role' instead.
2026-05-09 22:57:21.757 10 INFO neutron.api.v2.resource [None req-b00e0a18-2431-4ea1-afe5-f747cc5eb890 3e942bfbae2948daa4b5b527b14e31d2 d167aff0a40541e3afaab34212eb4ab9 - - default default] create failed (client error): The server could not comply with the request since it is either malformed or otherwise incorrect.
2026-05-09 22:57:21.759 10 INFO neutron.api.wsgi [None req-b00e0a18-2431-4ea1-afe5-f747cc5eb890 3e942bfbae2948daa4b5b527b14e31d2 d167aff0a40541e3afaab34212eb4ab9 - - default default] 10.0.0.215 "POST /v2.0/vpn/endpoint-groups HTTP/1.1" status: 400 len: 386 time: 0.0341165
2026-05-09 22:57:21.772 9 WARNING neutron_lib.context [None req-f0ca8b63-5c15-4ca0-b42e-6bc8624bcd12 3e942bfbae2948daa4b5b527b14e31d2 d167aff0a40541e3afaab34212eb4ab9 - - default default] Method 'is_advsvc' is deprecated since 2023.2 release (neutron-lib 3.8.0) and will be removed once support for the old RBAC API policies will be removed from Neutron. Please use method 'is_service_role' instead.
2026-05-09 22:57:21.795 9 INFO neutron.api.wsgi [None req-6bde8892-11f0-4caf-901d-7501569406a5 9bbc180c5a484edf9128827656385cd9 2bc46190b2394f9ea24c0ef16398a7b9 - - default default] 10.0.0.215 "DELETE /v2.0/subnets/090ae2ff-63ee-4ed4-89fe-ec405abcaa0c HTTP/1.1" status: 204 len: 168 time: 0.3162501
2026-05-09 22:57:21.811 9 INFO neutron.api.v2.resource [None req-f0ca8b63-5c15-4ca0-b42e-6bc8624bcd12 3e942bfbae2948daa4b5b527b14e31d2 d167aff0a40541e3afaab34212eb4ab9 - - default default] create failed (client error): The server could not comply with the request since it is either malformed or otherwise incorrect.
2026-05-09 22:57:21.812 9 INFO neutron.api.wsgi [None req-f0ca8b63-5c15-4ca0-b42e-6bc8624bcd12 3e942bfbae2948daa4b5b527b14e31d2 d167aff0a40541e3afaab34212eb4ab9 - - default default] 10.0.0.215 "POST /v2.0/vpn/endpoint-groups HTTP/1.1" status: 400 len: 363 time: 0.0476651
2026-05-09 22:57:21.825 9 WARNING neutron_lib.context [None req-10172f1d-b284-47af-b4f6-e8b0d9ab4352 3e942bfbae2948daa4b5b527b14e31d2 d167aff0a40541e3afaab34212eb4ab9 - - default default] Method 'is_advsvc' is deprecated since 2023.2 release (neutron-lib 3.8.0) and will be removed once support for the old RBAC API policies will be removed from Neutron. Please use method 'is_service_role' instead.
2026-05-09 22:57:21.855 10 INFO neutron.api.wsgi [req-70338be1-b7f4-4671-a45f-b62fcaf109e7 req-b6afc2a0-b70a-4182-aefe-d2b5e7b0da1b 9bbc180c5a484edf9128827656385cd9 2bc46190b2394f9ea24c0ef16398a7b9 - - default default] 10.0.0.116 "GET /v2.0/security-groups?id=ee776810-b09c-40e1-96ee-2d3d62fe1acb&fields=id HTTP/1.1" status: 200 len: 267 time: 0.0540087
2026-05-09 22:57:21.864 9 INFO neutron.api.v2.resource [None req-10172f1d-b284-47af-b4f6-e8b0d9ab4352 3e942bfbae2948daa4b5b527b14e31d2 d167aff0a40541e3afaab34212eb4ab9 - - default default] create failed (client error): The server could not comply with the request since it is either malformed or otherwise incorrect.
2026-05-09 22:57:21.865 9 INFO neutron.api.wsgi [None req-10172f1d-b284-47af-b4f6-e8b0d9ab4352 3e942bfbae2948daa4b5b527b14e31d2 d167aff0a40541e3afaab34212eb4ab9 - - default default] 10.0.0.215 "POST /v2.0/vpn/endpoint-groups HTTP/1.1" status: 400 len: 357 time: 0.0450797
2026-05-09 22:57:21.880 9 INFO neutron.api.wsgi [None req-e6ea050b-f1f5-4f87-9506-1fe26b8b1f82 3e942bfbae2948daa4b5b527b14e31d2 d167aff0a40541e3afaab34212eb4ab9 - - default default] 10.0.0.215 "GET /v2.0/vpn/ikepolicies HTTP/1.1" status: 200 len: 602 time: 0.0083025
2026-05-09 22:57:21.895 9 INFO neutron.api.wsgi [None req-9beb59af-f0df-4bc6-9a89-d05f17f3b277 3e942bfbae2948daa4b5b527b14e31d2 d167aff0a40541e3afaab34212eb4ab9 - - default default] 10.0.0.215 "GET /v2.0/vpn/ipsecpolicies HTTP/1.1" status: 200 len: 611 time: 0.0088050
2026-05-09 22:57:21.913 10 INFO neutron.api.wsgi [None req-bd5ce767-00aa-41ed-8694-ea725f34e3c8 3e942bfbae2948daa4b5b527b14e31d2 d167aff0a40541e3afaab34212eb4ab9 - - default default] 10.0.0.215 "GET /v2.0/vpn/ipsec-site-connections HTTP/1.1" status: 200 len: 989 time: 0.0107985
2026-05-09 22:57:21.922 10 INFO neutron.api.wsgi [req-70338be1-b7f4-4671-a45f-b62fcaf109e7 req-f8c026ff-9741-4ee5-b73c-0265c91c5640 9bbc180c5a484edf9128827656385cd9 2bc46190b2394f9ea24c0ef16398a7b9 - - default default] 10.0.0.116 "GET /v2.0/networks?id=749070a1-745c-435b-a001-f57ce5d1d592 HTTP/1.1" status: 200 len: 936 time: 0.0605421
2026-05-09 22:57:21.931 9 INFO neutron.api.wsgi [None req-29166a01-e87c-47f8-8dd7-ef438a68cb38 3e942bfbae2948daa4b5b527b14e31d2 d167aff0a40541e3afaab34212eb4ab9 - - default default] 10.0.0.215 "GET /v2.0/vpn/vpnservices HTTP/1.1" status: 200 len: 1056 time: 0.0108407
2026-05-09 22:57:21.944 10 INFO neutron.api.wsgi [req-70338be1-b7f4-4671-a45f-b62fcaf109e7 req-9e1c54ab-67f7-4aac-a8bf-da598de772b3 9bbc180c5a484edf9128827656385cd9 2bc46190b2394f9ea24c0ef16398a7b9 - - default default] 10.0.0.116 "GET /v2.0/quotas/2bc46190b2394f9ea24c0ef16398a7b9 HTTP/1.1" status: 200 len: 490 time: 0.0143878
2026-05-09 22:57:21.952 9 INFO neutron.api.wsgi [None req-6bb166f5-466d-4157-8e36-4ce77378e87c 3e942bfbae2948daa4b5b527b14e31d2 d167aff0a40541e3afaab34212eb4ab9 - - default default] 10.0.0.215 "GET /v2.0/vpn/endpoint-groups/3f5ff370-e800-4599-be7d-f68f076a40e6 HTTP/1.1" status: 200 len: 523 time: 0.0152574
2026-05-09 22:57:21.968 9 INFO neutron.api.wsgi [None req-0b421acd-dae8-4a1e-b53f-651c2ca25744 3e942bfbae2948daa4b5b527b14e31d2 d167aff0a40541e3afaab34212eb4ab9 - - default default] 10.0.0.215 "GET /v2.0/vpn/endpoint-groups/9bde2627-5d01-4a6d-b905-11d85793c3d3 HTTP/1.1" status: 200 len: 514 time: 0.0116267
2026-05-09 22:57:21.984 9 INFO neutron.api.wsgi [None req-b164c59b-5a43-4af0-b2e7-8af1de6ee1f9 3e942bfbae2948daa4b5b527b14e31d2 d167aff0a40541e3afaab34212eb4ab9 - - default default] 10.0.0.215 "GET /v2.0/vpn/ikepolicies/8564f993-eafd-43fe-823c-30923568434c HTTP/1.1" status: 200 len: 598 time: 0.0105746
2026-05-09 22:57:21.995 9 INFO neutron.api.wsgi [None req-6370e62e-80ec-4408-ac8e-aedd93691adb 3e942bfbae2948daa4b5b527b14e31d2 d167aff0a40541e3afaab34212eb4ab9 - - default default] 10.0.0.215 "GET /v2.0/vpn/ipsecpolicies/015c4219-fc94-40ef-8cba-dfa440bd2af4 HTTP/1.1" status: 200 len: 607 time: 0.0081398
