2026-05-09 22:56:58.216 9 INFO neutron.db.l3_db [None req-ebbacfd1-22ac-4874-8241-e131ed105828 2eaf80209d80400ba31d857242c21d27 09ecb68156164f1ebe094d526efd593e - - default default] Floating IP 21d2f3ae-d467-4549-a80d-e43e6e3a089b associated. External IP: 10.96.250.219, port: cafdf3c5-71a8-43b2-abbe-5af8a621c26a.
2026-05-09 22:56:58.225 10 WARNING neutron_lib.context [None req-6498d81e-b05a-4f0f-a2f6-1dd782f7e1c4 3e942bfbae2948daa4b5b527b14e31d2 d167aff0a40541e3afaab34212eb4ab9 - - default default] Method 'is_advsvc' is deprecated since 2023.2 release (neutron-lib 3.8.0) and will be removed once support for the old RBAC API policies will be removed from Neutron. Please use method 'is_service_role' instead.
2026-05-09 22:56:58.267 10 INFO neutron.api.v2.resource [None req-6498d81e-b05a-4f0f-a2f6-1dd782f7e1c4 3e942bfbae2948daa4b5b527b14e31d2 d167aff0a40541e3afaab34212eb4ab9 - - default default] create failed (client error): The server could not comply with the request since it is either malformed or otherwise incorrect.
2026-05-09 22:56:58.269 10 INFO neutron.api.wsgi [None req-6498d81e-b05a-4f0f-a2f6-1dd782f7e1c4 3e942bfbae2948daa4b5b527b14e31d2 d167aff0a40541e3afaab34212eb4ab9 - - default default] 10.0.0.215 "POST /v2.0/vpn/ipsec-site-connections HTTP/1.1" status: 400 len: 373 time: 0.0493176
2026-05-09 22:56:58.271 9 INFO neutron.api.wsgi [None req-ebbacfd1-22ac-4874-8241-e131ed105828 2eaf80209d80400ba31d857242c21d27 09ecb68156164f1ebe094d526efd593e - - default default] 10.0.0.215 "POST /v2.0/floatingips HTTP/1.1" status: 201 len: 1054 time: 1.2364349
2026-05-09 22:56:58.301 9 INFO neutron.api.wsgi [None req-d2ec00f3-8e66-4e87-b237-2120ab90fac7 3e942bfbae2948daa4b5b527b14e31d2 d167aff0a40541e3afaab34212eb4ab9 - - default default] 10.0.0.215 "GET /v2.0/vpn/endpoint-groups HTTP/1.1" status: 200 len: 1389 time: 0.0206146
2026-05-09 22:56:58.345 9 INFO neutron.notifiers.nova [-] Nova event matching ['req-c71b64b7-1f63-4dc2-9618-289ffb0d0b9c'] response: {'name': 'network-changed', 'server_uuid': '268102f0-becb-4d21-b446-9a64bd18021a', 'tag': 'cafdf3c5-71a8-43b2-abbe-5af8a621c26a', 'status': 'completed', 'code': 200}
2026-05-09 22:56:58.357 9 INFO neutron.api.wsgi [None req-b34bfde9-7385-422d-8878-70fc95c665bf 3e942bfbae2948daa4b5b527b14e31d2 d167aff0a40541e3afaab34212eb4ab9 - - default default] 10.0.0.215 "DELETE /v2.0/vpn/endpoint-groups/cdc64de7-fced-427a-9657-0443ee1dfbe3 HTTP/1.1" status: 204 len: 168 time: 0.0406146
2026-05-09 22:56:58.381 10 INFO neutron.api.wsgi [None req-23c659d7-a16d-4739-a656-85469f198b94 3e942bfbae2948daa4b5b527b14e31d2 d167aff0a40541e3afaab34212eb4ab9 - - default default] 10.0.0.215 "GET /v2.0/vpn/endpoint-groups HTTP/1.1" status: 200 len: 1112 time: 0.0110774
2026-05-09 22:56:58.410 10 INFO neutron.api.wsgi [None req-f8a8e13c-48db-4566-a314-22166b6d9550 3e942bfbae2948daa4b5b527b14e31d2 d167aff0a40541e3afaab34212eb4ab9 - - default default] 10.0.0.215 "GET /v2.0/vpn/endpoint-groups HTTP/1.1" status: 200 len: 1112 time: 0.0227675
2026-05-09 22:56:58.446 10 INFO neutron.api.wsgi [None req-cb22c738-1697-44d4-8dde-6518cafe0ff5 3e942bfbae2948daa4b5b527b14e31d2 d167aff0a40541e3afaab34212eb4ab9 - - default default] 10.0.0.215 "DELETE /v2.0/vpn/endpoint-groups/5b59bcbd-42c8-4da5-8fd4-5f2512239d4d HTTP/1.1" status: 204 len: 168 time: 0.0303421
2026-05-09 22:56:58.460 10 INFO neutron.api.wsgi [None req-0b6cb065-4602-48a3-9ce1-630a8b0d62fb 3e942bfbae2948daa4b5b527b14e31d2 d167aff0a40541e3afaab34212eb4ab9 - - default default] 10.0.0.215 "GET /v2.0/vpn/endpoint-groups HTTP/1.1" status: 200 len: 828 time: 0.0085158
2026-05-09 22:56:58.471 10 WARNING neutron_lib.context [None req-79bc404a-07db-4846-bc5c-f287320cd5cc 3e942bfbae2948daa4b5b527b14e31d2 d167aff0a40541e3afaab34212eb4ab9 - - default default] Method 'is_advsvc' is deprecated since 2023.2 release (neutron-lib 3.8.0) and will be removed once support for the old RBAC API policies will be removed from Neutron. Please use method 'is_service_role' instead.
2026-05-09 22:56:58.483 9 INFO neutron.api.wsgi [None req-79713047-dcbc-4c76-9df9-e11a10b05c17 dd1e66e9cf0c45c2b03a2c9f4e18f049 ef99adaa55f84ccca7d5f7965b4541bd - - default default] 10.0.0.215 "DELETE /v2.0/security-groups/f23c6ba8-4acb-4010-a258-7433f2084263 HTTP/1.1" status: 204 len: 168 time: 0.2337720
2026-05-09 22:56:58.521 10 INFO neutron.api.wsgi [None req-79bc404a-07db-4846-bc5c-f287320cd5cc 3e942bfbae2948daa4b5b527b14e31d2 d167aff0a40541e3afaab34212eb4ab9 - - default default] 10.0.0.215 "POST /v2.0/vpn/endpoint-groups HTTP/1.1" status: 201 len: 501 time: 0.0545349
2026-05-09 22:56:58.530 10 WARNING neutron.api.v2.base [None req-950e5b41-87fb-40e6-8ffc-9cc0ec332c50 3e942bfbae2948daa4b5b527b14e31d2 d167aff0a40541e3afaab34212eb4ab9 - - default default] An exception happened while processing the request body. The exception message is [Failed to parse request. Required attribute 'peer_id' not specified].: webob.exc.HTTPBadRequest: Failed to parse request. Required attribute 'peer_id' not specified
2026-05-09 22:56:58.530 10 INFO neutron.api.v2.resource [None req-950e5b41-87fb-40e6-8ffc-9cc0ec332c50 3e942bfbae2948daa4b5b527b14e31d2 d167aff0a40541e3afaab34212eb4ab9 - - default default] create failed (client error): Failed to parse request. Required attribute 'peer_id' not specified
2026-05-09 22:56:58.531 10 INFO neutron.api.wsgi [None req-950e5b41-87fb-40e6-8ffc-9cc0ec332c50 3e942bfbae2948daa4b5b527b14e31d2 d167aff0a40541e3afaab34212eb4ab9 - - default default] 10.0.0.215 "POST /v2.0/vpn/ipsec-site-connections HTTP/1.1" status: 400 len: 343 time: 0.0055230
2026-05-09 22:56:58.547 10 INFO neutron.api.wsgi [None req-b5f2fb19-4177-44ce-9c10-682515311a75 3e942bfbae2948daa4b5b527b14e31d2 d167aff0a40541e3afaab34212eb4ab9 - - default default] 10.0.0.215 "GET /v2.0/vpn/endpoint-groups HTTP/1.1" status: 200 len: 1112 time: 0.0108039
2026-05-09 22:56:58.577 10 INFO neutron.api.wsgi [None req-1b472772-d3dc-4075-8b85-2f215388d37b 3e942bfbae2948daa4b5b527b14e31d2 d167aff0a40541e3afaab34212eb4ab9 - - default default] 10.0.0.215 "DELETE /v2.0/vpn/endpoint-groups/972426b6-2e16-4dd3-83d4-abf1a4c824f5 HTTP/1.1" status: 204 len: 168 time: 0.0249224
2026-05-09 22:56:58.592 10 INFO neutron.api.wsgi [None req-bec94858-69c5-4ef6-a8b2-668a52831def 3e942bfbae2948daa4b5b527b14e31d2 d167aff0a40541e3afaab34212eb4ab9 - - default default] 10.0.0.215 "GET /v2.0/vpn/endpoint-groups HTTP/1.1" status: 200 len: 828 time: 0.0094485
2026-05-09 22:56:58.617 10 WARNING neutron_lib.context [None req-b1bd29d5-17b5-4a61-a3dc-e96843c280ba 3e942bfbae2948daa4b5b527b14e31d2 d167aff0a40541e3afaab34212eb4ab9 - - default default] Method 'is_advsvc' is deprecated since 2023.2 release (neutron-lib 3.8.0) and will be removed once support for the old RBAC API policies will be removed from Neutron. Please use method 'is_service_role' instead.
2026-05-09 22:56:58.673 10 INFO neutron.api.wsgi [None req-b1bd29d5-17b5-4a61-a3dc-e96843c280ba 3e942bfbae2948daa4b5b527b14e31d2 d167aff0a40541e3afaab34212eb4ab9 - - default default] 10.0.0.215 "POST /v2.0/vpn/endpoint-groups HTTP/1.1" status: 201 len: 492 time: 0.0610671
2026-05-09 22:56:58.684 10 WARNING neutron.api.v2.base [None req-7a8f3032-61a7-4aa3-b52e-61866862cf01 3e942bfbae2948daa4b5b527b14e31d2 d167aff0a40541e3afaab34212eb4ab9 - - default default] An exception happened while processing the request body. The exception message is [Failed to parse request. Required attribute 'peer_id' not specified].: webob.exc.HTTPBadRequest: Failed to parse request. Required attribute 'peer_id' not specified
2026-05-09 22:56:58.684 10 INFO neutron.api.v2.resource [None req-7a8f3032-61a7-4aa3-b52e-61866862cf01 3e942bfbae2948daa4b5b527b14e31d2 d167aff0a40541e3afaab34212eb4ab9 - - default default] create failed (client error): Failed to parse request. Required attribute 'peer_id' not specified
2026-05-09 22:56:58.685 10 INFO neutron.api.wsgi [None req-7a8f3032-61a7-4aa3-b52e-61866862cf01 3e942bfbae2948daa4b5b527b14e31d2 d167aff0a40541e3afaab34212eb4ab9 - - default default] 10.0.0.215 "POST /v2.0/vpn/ipsec-site-connections HTTP/1.1" status: 400 len: 343 time: 0.0057971
2026-05-09 22:56:58.709 10 INFO neutron.api.wsgi [None req-e203421d-018d-4d30-bbd2-6cffaa2fd1b0 3e942bfbae2948daa4b5b527b14e31d2 d167aff0a40541e3afaab34212eb4ab9 - - default default] 10.0.0.215 "GET /v2.0/vpn/endpoint-groups HTTP/1.1" status: 200 len: 1103 time: 0.0153389
2026-05-09 22:56:58.759 9 INFO neutron.api.wsgi [None req-1eaff30b-1560-43f3-b222-2979246f78af 3e942bfbae2948daa4b5b527b14e31d2 d167aff0a40541e3afaab34212eb4ab9 - - default default] 10.0.0.215 "DELETE /v2.0/vpn/endpoint-groups/bee6f8ea-f56b-4b6f-bc25-50275d700c0d HTTP/1.1" status: 204 len: 168 time: 0.0445900
2026-05-09 22:56:58.779 10 INFO neutron.api.wsgi [None req-0e94dce9-e3c1-454c-8649-9198474de3dd 3e942bfbae2948daa4b5b527b14e31d2 d167aff0a40541e3afaab34212eb4ab9 - - default default] 10.0.0.215 "GET /v2.0/vpn/endpoint-groups HTTP/1.1" status: 200 len: 828 time: 0.0137403
2026-05-09 22:56:58.790 10 WARNING neutron_lib.context [None req-cd1ecc6d-ee12-49f0-b971-6c7d6537d339 3e942bfbae2948daa4b5b527b14e31d2 d167aff0a40541e3afaab34212eb4ab9 - - default default] Method 'is_advsvc' is deprecated since 2023.2 release (neutron-lib 3.8.0) and will be removed once support for the old RBAC API policies will be removed from Neutron. Please use method 'is_service_role' instead.
2026-05-09 22:56:58.826 10 INFO neutron.api.wsgi [None req-cd1ecc6d-ee12-49f0-b971-6c7d6537d339 3e942bfbae2948daa4b5b527b14e31d2 d167aff0a40541e3afaab34212eb4ab9 - - default default] 10.0.0.215 "POST /v2.0/vpn/endpoint-groups HTTP/1.1" status: 201 len: 488 time: 0.0410376
2026-05-09 22:56:58.838 10 WARNING neutron_lib.context [None req-04686d48-4125-461d-8456-aac2065d61bc 3e942bfbae2948daa4b5b527b14e31d2 d167aff0a40541e3afaab34212eb4ab9 - - default default] Method 'is_advsvc' is deprecated since 2023.2 release (neutron-lib 3.8.0) and will be removed once support for the old RBAC API policies will be removed from Neutron. Please use method 'is_service_role' instead.
2026-05-09 22:56:58.889 10 INFO neutron.api.wsgi [None req-04686d48-4125-461d-8456-aac2065d61bc 3e942bfbae2948daa4b5b527b14e31d2 d167aff0a40541e3afaab34212eb4ab9 - - default default] 10.0.0.215 "POST /v2.0/vpn/endpoint-groups HTTP/1.1" status: 201 len: 500 time: 0.0557432
2026-05-09 22:56:58.896 9 INFO neutron.api.wsgi [req-62a9d332-ab16-4276-bfa8-3b51d9bba694 req-1be1a45d-ebee-443e-b26c-d5bcf41b26a1 5cddc22acd2a45c495bbf03e23def64f 95c991d61fd74039a97361e703a045b9 - - b74fb1e0c7fc469a8132ce3fe1e367c8 b74fb1e0c7fc469a8132ce3fe1e367c8] 199.204.45.250 "GET /v2.0/ports?tenant_id=09ecb68156164f1ebe094d526efd593e&device_id=268102f0-becb-4d21-b446-9a64bd18021a HTTP/1.1" status: 200 len: 1642 time: 0.0423005
2026-05-09 22:56:58.903 10 WARNING neutron_lib.context [None req-23ff50bd-f107-427f-be5e-df5c00ca9719 3e942bfbae2948daa4b5b527b14e31d2 d167aff0a40541e3afaab34212eb4ab9 - - default default] Method 'is_advsvc' is deprecated since 2023.2 release (neutron-lib 3.8.0) and will be removed once support for the old RBAC API policies will be removed from Neutron. Please use method 'is_service_role' instead.
2026-05-09 22:56:58.911 9 INFO neutron.api.wsgi [None req-6ce14adb-e219-4e16-a5f6-4cf17bbcc899 dd1e66e9cf0c45c2b03a2c9f4e18f049 ef99adaa55f84ccca7d5f7965b4541bd - - default default] 10.0.0.215 "DELETE /v2.0/floatingips/e1bfdb38-700f-4cbf-9ed8-e3084cfd5792 HTTP/1.1" status: 204 len: 168 time: 0.3811753
2026-05-09 22:56:58.954 9 INFO neutron.api.wsgi [req-62a9d332-ab16-4276-bfa8-3b51d9bba694 req-d4c16d89-833c-4719-be20-c1e7eccf9ada 5cddc22acd2a45c495bbf03e23def64f 95c991d61fd74039a97361e703a045b9 - - b74fb1e0c7fc469a8132ce3fe1e367c8 b74fb1e0c7fc469a8132ce3fe1e367c8] 199.204.45.250 "GET /v2.0/networks?id=173fcdd9-41a2-4567-9c59-47e29899a2d2 HTTP/1.1" status: 200 len: 1003 time: 0.0511315
2026-05-09 22:56:59.020 9 INFO neutron.api.wsgi [req-62a9d332-ab16-4276-bfa8-3b51d9bba694 req-7760218a-fff6-4471-bb6a-846f048cfe36 5cddc22acd2a45c495bbf03e23def64f 95c991d61fd74039a97361e703a045b9 - - b74fb1e0c7fc469a8132ce3fe1e367c8 b74fb1e0c7fc469a8132ce3fe1e367c8] 199.204.45.250 "GET /v2.0/floatingips?fixed_ip_address=10.2.2.254&port_id=cafdf3c5-71a8-43b2-abbe-5af8a621c26a HTTP/1.1" status: 200 len: 1059 time: 0.0603061
2026-05-09 22:56:59.048 9 INFO neutron.api.wsgi [req-62a9d332-ab16-4276-bfa8-3b51d9bba694 req-98025eec-f60e-4ebd-95f6-8ce6c664c700 5cddc22acd2a45c495bbf03e23def64f 95c991d61fd74039a97361e703a045b9 - - b74fb1e0c7fc469a8132ce3fe1e367c8 b74fb1e0c7fc469a8132ce3fe1e367c8] 199.204.45.250 "GET /v2.0/floatingips?fixed_ip_address=fd77%3A1457%3A4cf0%3A26a8%3A%3A2b2&port_id=cafdf3c5-71a8-43b2-abbe-5af8a621c26a HTTP/1.1" status: 200 len: 217 time: 0.0217676
2026-05-09 22:56:59.084 9 INFO neutron.api.wsgi [req-62a9d332-ab16-4276-bfa8-3b51d9bba694 req-6f54b2a7-f308-4bea-bff9-7cbda89929f8 5cddc22acd2a45c495bbf03e23def64f 95c991d61fd74039a97361e703a045b9 - - b74fb1e0c7fc469a8132ce3fe1e367c8 b74fb1e0c7fc469a8132ce3fe1e367c8] 199.204.45.250 "GET /v2.0/subnets?id=a6c0a852-06e3-4fcb-be4f-af1bf300e535&id=b5ae36d2-0725-4665-9b0d-c55f40fb9716 HTTP/1.1" status: 200 len: 1614 time: 0.0303583
2026-05-09 22:56:59.108 9 INFO neutron.api.wsgi [req-62a9d332-ab16-4276-bfa8-3b51d9bba694 req-87bdd6d8-7a88-4cbf-a7ab-253686edb03a 5cddc22acd2a45c495bbf03e23def64f 95c991d61fd74039a97361e703a045b9 - - b74fb1e0c7fc469a8132ce3fe1e367c8 b74fb1e0c7fc469a8132ce3fe1e367c8] 199.204.45.250 "GET /v2.0/ports?network_id=173fcdd9-41a2-4567-9c59-47e29899a2d2&device_owner=network%3Adhcp HTTP/1.1" status: 200 len: 210 time: 0.0169780
2026-05-09 22:56:59.129 9 INFO neutron.api.wsgi [req-62a9d332-ab16-4276-bfa8-3b51d9bba694 req-0bd7802e-59ba-489b-8bb3-cc86025441a5 5cddc22acd2a45c495bbf03e23def64f 95c991d61fd74039a97361e703a045b9 - - b74fb1e0c7fc469a8132ce3fe1e367c8 b74fb1e0c7fc469a8132ce3fe1e367c8] 199.204.45.250 "GET /v2.0/ports?network_id=173fcdd9-41a2-4567-9c59-47e29899a2d2&device_owner=network%3Adhcp HTTP/1.1" status: 200 len: 210 time: 0.0159140
2026-05-09 22:56:59.176 9 INFO neutron.api.wsgi [req-62a9d332-ab16-4276-bfa8-3b51d9bba694 req-4158ff5f-1229-4f13-b744-5a22a0693a9d 5cddc22acd2a45c495bbf03e23def64f 95c991d61fd74039a97361e703a045b9 - - b74fb1e0c7fc469a8132ce3fe1e367c8 b74fb1e0c7fc469a8132ce3fe1e367c8] 199.204.45.250 "GET /v2.0/networks/173fcdd9-41a2-4567-9c59-47e29899a2d2?fields=segments HTTP/1.1" status: 200 len: 212 time: 0.0427039
2026-05-09 22:56:59.197 10 INFO neutron.api.wsgi [req-f6d720c3-0d08-40ee-890a-5888929215d6 req-d1553c4e-638a-4a65-9293-c42d2684a0d5 dd1e66e9cf0c45c2b03a2c9f4e18f049 ef99adaa55f84ccca7d5f7965b4541bd - - default default] 10.0.0.116 "GET /v2.0/ports?device_id=d352eb93-b307-481f-92f8-3991c421d808 HTTP/1.1" status: 200 len: 1170 time: 0.1085498
2026-05-09 22:56:59.228 9 INFO neutron.api.wsgi [req-62a9d332-ab16-4276-bfa8-3b51d9bba694 req-7c071d68-22d1-4003-9c88-be70b2acb12a 5cddc22acd2a45c495bbf03e23def64f 95c991d61fd74039a97361e703a045b9 - - b74fb1e0c7fc469a8132ce3fe1e367c8 b74fb1e0c7fc469a8132ce3fe1e367c8] 199.204.45.250 "GET /v2.0/networks/173fcdd9-41a2-4567-9c59-47e29899a2d2?fields=provider%3Aphysical_network&fields=provider%3Anetwork_type HTTP/1.1" status: 200 len: 277 time: 0.0461829
2026-05-09 22:56:59.267 10 INFO neutron.api.wsgi [req-f6d720c3-0d08-40ee-890a-5888929215d6 req-2a62b264-6131-4262-9f03-03121368ca6f dd1e66e9cf0c45c2b03a2c9f4e18f049 ef99adaa55f84ccca7d5f7965b4541bd - - default default] 10.0.0.116 "GET /v2.0/security-groups?id=3253d6a7-c5b3-4330-b55d-4ad72cde0852&fields=id&fields=name HTTP/1.1" status: 200 len: 312 time: 0.0616777
2026-05-09 22:56:59.296 9 INFO neutron.api.wsgi [req-53a999d7-9819-417b-a6a2-c4b22b548d4e req-c0ec18a5-8574-47f8-bc3a-85543562da0c 2212902c3e4345748fc61568cb6a33da 0a1807cb8e1f4decbb7a8832d00643ba - - default default] 10.0.0.116 "GET /v2.0/ports?device_id=ce66a8f7-9658-4637-8f36-18b178c720e5 HTTP/1.1" status: 200 len: 210 time: 0.0235493
2026-05-09 22:56:59.614 10 INFO neutron.db.ovn_revision_numbers_db [None req-23ff50bd-f107-427f-be5e-df5c00ca9719 3e942bfbae2948daa4b5b527b14e31d2 d167aff0a40541e3afaab34212eb4ab9 - - default default] Successfully bumped revision number for resource 30588e92-11ec-436e-9adb-46a604722ca4 (type: routers) to 6
2026-05-09 22:56:59.652 9 WARNING neutron.plugins.ml2.drivers.ovn.mech_driver.ovsdb.ovn_client [None req-77faeb12-59e2-455e-bbcf-7bb4302205e2 - - - - - -] No hosting information found for port fd62f60c-2545-4f79-9432-aafef70f48c0: RuntimeError: No hosting information found for port fd62f60c-2545-4f79-9432-aafef70f48c0
2026-05-09 22:56:59.675 10 INFO neutron.api.wsgi [None req-23ff50bd-f107-427f-be5e-df5c00ca9719 3e942bfbae2948daa4b5b527b14e31d2 d167aff0a40541e3afaab34212eb4ab9 - - default default] 10.0.0.215 "POST /v2.0/vpn/ipsec-site-connections HTTP/1.1" status: 201 len: 1043 time: 0.7786736
2026-05-09 22:56:59.804 9 INFO neutron.db.ovn_revision_numbers_db [None req-77faeb12-59e2-455e-bbcf-7bb4302205e2 - - - - - -] Successfully bumped revision number for resource fd62f60c-2545-4f79-9432-aafef70f48c0 (type: router_ports) to 2
2026-05-09 22:56:59.804 9 INFO neutron.plugins.ml2.drivers.ovn.mech_driver.mech_driver [None req-77faeb12-59e2-455e-bbcf-7bb4302205e2 - - - - - -] OVN reports status up for port: 33166ab8-7622-441e-836f-23bb04d17d84
2026-05-09 22:56:59.825 9 INFO neutron.plugins.ml2.plugin [None req-77faeb12-59e2-455e-bbcf-7bb4302205e2 - - - - - -] Attempt 1 to provision port 33166ab8-7622-441e-836f-23bb04d17d84
2026-05-09 22:57:00.044 9 INFO neutron.db.ovn_revision_numbers_db [None req-77faeb12-59e2-455e-bbcf-7bb4302205e2 - - - - - -] Successfully bumped revision number for resource 33166ab8-7622-441e-836f-23bb04d17d84 (type: ports) to 4
2026-05-09 22:57:00.165 9 INFO neutron.plugins.ml2.drivers.ovn.mech_driver.mech_driver [None req-9f1a0940-6d84-4715-98e1-3f7314ea9a70 - - - - - -] OVN reports status down for port: 02c87a85-f4b4-4ace-8d6c-76294a16f436
2026-05-09 22:57:00.244 10 INFO neutron.db.ovn_revision_numbers_db [None req-a50abfc1-9cde-43a6-ba28-900acfa22d87 3e942bfbae2948daa4b5b527b14e31d2 d167aff0a40541e3afaab34212eb4ab9 - - default default] Successfully bumped revision number for resource 30588e92-11ec-436e-9adb-46a604722ca4 (type: routers) to 7
2026-05-09 22:57:00.270 10 INFO neutron.api.wsgi [None req-a50abfc1-9cde-43a6-ba28-900acfa22d87 3e942bfbae2948daa4b5b527b14e31d2 d167aff0a40541e3afaab34212eb4ab9 - - default default] 10.0.0.215 "DELETE /v2.0/vpn/ipsec-site-connections/8d62752f-7174-49fb-ac74-8c8e84dae88c HTTP/1.1" status: 204 len: 168 time: 0.5876555
2026-05-09 22:57:00.289 9 INFO neutron.api.wsgi [None req-0a2854ca-6f2c-42e1-ae25-065764bad384 3e942bfbae2948daa4b5b527b14e31d2 d167aff0a40541e3afaab34212eb4ab9 - - default default] 10.0.0.215 "GET /v2.0/vpn/ipsec-site-connections HTTP/1.1" status: 200 len: 999 time: 0.0124669
2026-05-09 22:57:00.307 9 INFO neutron.api.v2.resource [None req-966d3666-753e-4a18-aa42-201758b7b8ed 3e942bfbae2948daa4b5b527b14e31d2 d167aff0a40541e3afaab34212eb4ab9 - - default default] delete failed (client error): The resource could not be found.
2026-05-09 22:57:00.308 9 INFO neutron.api.wsgi [None req-966d3666-753e-4a18-aa42-201758b7b8ed 3e942bfbae2948daa4b5b527b14e31d2 d167aff0a40541e3afaab34212eb4ab9 - - default default] 10.0.0.215 "DELETE /v2.0/vpn/ipsec-site-connections/8d62752f-7174-49fb-ac74-8c8e84dae88c HTTP/1.1" status: 404 len: 355 time: 0.0130010
2026-05-09 22:57:00.341 9 INFO neutron.api.wsgi [None req-cd05baed-752b-4608-bbe9-cbae589dd4ec 3e942bfbae2948daa4b5b527b14e31d2 d167aff0a40541e3afaab34212eb4ab9 - - default default] 10.0.0.215 "GET /v2.0/vpn/endpoint-groups HTTP/1.1" status: 200 len: 1383 time: 0.0268631
2026-05-09 22:57:00.375 10 INFO neutron.api.wsgi [req-35f6f41a-a1e7-4b12-bcd7-9c0a5bdadd32 req-74cb41c7-aec8-488b-85db-daaacbe48da6 dd1e66e9cf0c45c2b03a2c9f4e18f049 ef99adaa55f84ccca7d5f7965b4541bd - - default default] 10.0.0.116 "GET /v2.0/ports?device_id=d352eb93-b307-481f-92f8-3991c421d808 HTTP/1.1" status: 200 len: 1170 time: 0.0483370
2026-05-09 22:57:00.397 9 INFO neutron.api.wsgi [None req-a436fb0e-5b0a-4394-a890-d9d740ec2cd9 3e942bfbae2948daa4b5b527b14e31d2 d167aff0a40541e3afaab34212eb4ab9 - - default default] 10.0.0.215 "DELETE /v2.0/vpn/endpoint-groups/26c55aa6-dff3-4562-8194-1f726c29d90c HTTP/1.1" status: 204 len: 168 time: 0.0444179
2026-05-09 22:57:00.400 9 INFO neutron.api.wsgi [req-bc0aaf6b-ba7d-4217-9f9b-bfd4cc943407 req-df4d1e03-2e9b-467a-b546-3a8966a3ad58 2212902c3e4345748fc61568cb6a33da 0a1807cb8e1f4decbb7a8832d00643ba - - default default] 10.0.0.116 "GET /v2.0/ports?device_id=ce66a8f7-9658-4637-8f36-18b178c720e5 HTTP/1.1" status: 200 len: 210 time: 0.0235071
2026-05-09 22:57:00.423 10 INFO neutron.api.wsgi [req-35f6f41a-a1e7-4b12-bcd7-9c0a5bdadd32 req-8db4eeb4-5882-4c19-b55c-19680cd048ae dd1e66e9cf0c45c2b03a2c9f4e18f049 ef99adaa55f84ccca7d5f7965b4541bd - - default default] 10.0.0.116 "GET /v2.0/security-groups?id=3253d6a7-c5b3-4330-b55d-4ad72cde0852&fields=id&fields=name HTTP/1.1" status: 200 len: 312 time: 0.0421164
2026-05-09 22:57:00.427 9 INFO neutron.api.wsgi [None req-0b7cc21d-bc74-4d0e-88ec-6ffb8358b0b1 3e942bfbae2948daa4b5b527b14e31d2 d167aff0a40541e3afaab34212eb4ab9 - - default default] 10.0.0.215 "GET /v2.0/vpn/endpoint-groups HTTP/1.1" status: 200 len: 1099 time: 0.0195854
2026-05-09 22:57:00.442 9 INFO neutron.api.wsgi [None req-8280815f-8274-4eeb-9c0b-4a259eba9c77 3e942bfbae2948daa4b5b527b14e31d2 d167aff0a40541e3afaab34212eb4ab9 - - default default] 10.0.0.215 "GET /v2.0/vpn/endpoint-groups HTTP/1.1" status: 200 len: 1099 time: 0.0092041
2026-05-09 22:57:00.470 9 INFO neutron.api.wsgi [None req-54519bd8-cb21-4dac-bf54-968229f428d4 3e942bfbae2948daa4b5b527b14e31d2 d167aff0a40541e3afaab34212eb4ab9 - - default default] 10.0.0.215 "DELETE /v2.0/vpn/endpoint-groups/0b718783-b24e-48e2-a2c8-ea888e676c3e HTTP/1.1" status: 204 len: 168 time: 0.0232038
2026-05-09 22:57:00.481 9 INFO neutron.api.wsgi [None req-9d4255d4-ca9b-4e26-a030-56a0cf852ac9 3e942bfbae2948daa4b5b527b14e31d2 d167aff0a40541e3afaab34212eb4ab9 - - default default] 10.0.0.215 "GET /v2.0/vpn/endpoint-groups HTTP/1.1" status: 200 len: 828 time: 0.0082178
2026-05-09 22:57:00.488 9 WARNING neutron_lib.context [None req-2b1968cf-a43b-4e0a-8026-b44c2e90c51f 3e942bfbae2948daa4b5b527b14e31d2 d167aff0a40541e3afaab34212eb4ab9 - - default default] Method 'is_advsvc' is deprecated since 2023.2 release (neutron-lib 3.8.0) and will be removed once support for the old RBAC API policies will be removed from Neutron. Please use method 'is_service_role' instead.
2026-05-09 22:57:00.923 9 INFO neutron.api.wsgi [req-b00f859c-95d0-4fe0-86b7-24ff5baaf18c req-5ef21387-f055-4701-b6e1-3cc1c3339887 dd1e66e9cf0c45c2b03a2c9f4e18f049 ef99adaa55f84ccca7d5f7965b4541bd - - default default] 199.204.45.250 "GET /v2.0/ports?device_id=d352eb93-b307-481f-92f8-3991c421d808 HTTP/1.1" status: 200 len: 1170 time: 0.0860643
2026-05-09 22:57:01.103 9 INFO neutron.db.ovn_revision_numbers_db [None req-2b1968cf-a43b-4e0a-8026-b44c2e90c51f 3e942bfbae2948daa4b5b527b14e31d2 d167aff0a40541e3afaab34212eb4ab9 - - default default] Successfully bumped revision number for resource 30588e92-11ec-436e-9adb-46a604722ca4 (type: routers) to 8
2026-05-09 22:57:01.115 10 WARNING neutron.plugins.ml2.drivers.ovn.mech_driver.ovsdb.ovn_client [None req-3558c23c-3a6c-4741-ab84-f37b602c164f - - - - - -] No port found with ID c097641f-c0ee-405d-8b5f-7026171c4590: RuntimeError: No port found with ID c097641f-c0ee-405d-8b5f-7026171c4590
2026-05-09 22:57:01.125 10 INFO neutron.plugins.ml2.drivers.ovn.mech_driver.mech_driver [None req-3558c23c-3a6c-4741-ab84-f37b602c164f - - - - - -] OVN reports status up for port: d8675e4e-592a-4618-b8e8-d2cc30636294
2026-05-09 22:57:01.134 10 INFO neutron.plugins.ml2.plugin [None req-3558c23c-3a6c-4741-ab84-f37b602c164f - - - - - -] Attempt 1 to provision port d8675e4e-592a-4618-b8e8-d2cc30636294
2026-05-09 22:57:01.154 9 INFO neutron.api.wsgi [None req-2b1968cf-a43b-4e0a-8026-b44c2e90c51f 3e942bfbae2948daa4b5b527b14e31d2 d167aff0a40541e3afaab34212eb4ab9 - - default default] 10.0.0.215 "POST /v2.0/vpn/ipsec-site-connections HTTP/1.1" status: 201 len: 1004 time: 0.6686299
2026-05-09 22:57:01.249 9 INFO neutron.api.wsgi [req-b00f859c-95d0-4fe0-86b7-24ff5baaf18c req-bce015ee-c3a8-4088-8612-96bd4fdb7bc7 dd1e66e9cf0c45c2b03a2c9f4e18f049 ef99adaa55f84ccca7d5f7965b4541bd - - default default] 199.204.45.250 "DELETE /v2.0/ports/ab955288-ff4f-4dcd-8864-30f616245af3 HTTP/1.1" status: 204 len: 173 time: 0.3164783
2026-05-09 22:57:01.283 9 INFO neutron.notifiers.nova [-] Nova event matching ['req-6b7fc7ba-2609-4c5e-8096-8e3ac6979f64'] response: {'server_uuid': 'd352eb93-b307-481f-92f8-3991c421d808', 'name': 'network-vif-deleted', 'tag': 'ab955288-ff4f-4dcd-8864-30f616245af3', 'status': 'completed', 'code': 200}
2026-05-09 22:57:01.514 9 INFO neutron.api.wsgi [req-658c8b45-cf98-4453-a26d-46a2c6781ca4 req-43989b3d-91a0-4739-aa7c-a299842f07fe dd1e66e9cf0c45c2b03a2c9f4e18f049 ef99adaa55f84ccca7d5f7965b4541bd - - default default] 10.0.0.116 "GET /v2.0/ports?device_id=d352eb93-b307-481f-92f8-3991c421d808 HTTP/1.1" status: 200 len: 210 time: 0.0201917
2026-05-09 22:57:01.773 10 INFO neutron.api.wsgi [req-47d0b314-8ed7-4c29-9403-64436ee3029c req-6ace8856-c59e-44b5-a70b-7031cd28479b 2212902c3e4345748fc61568cb6a33da 0a1807cb8e1f4decbb7a8832d00643ba - - default default] 10.0.0.116 "GET /v2.0/ports?device_id=ce66a8f7-9658-4637-8f36-18b178c720e5 HTTP/1.1" status: 200 len: 210 time: 0.0247085
2026-05-09 22:57:02.292 10 INFO neutron.api.wsgi [None req-91b758fb-44f6-46e4-a1b7-95d6eea35a71 9bbc180c5a484edf9128827656385cd9 2bc46190b2394f9ea24c0ef16398a7b9 - - default default] 10.0.0.126 "GET /v2.0/floatingips HTTP/1.1" status: 200 len: 1878 time: 0.1328413
2026-05-09 22:57:02.293 10 INFO neutron.db.ovn_revision_numbers_db [None req-3558c23c-3a6c-4741-ab84-f37b602c164f - - - - - -] Successfully bumped revision number for resource d8675e4e-592a-4618-b8e8-d2cc30636294 (type: ports) to 2
2026-05-09 22:57:02.420 10 INFO neutron.api.wsgi [None req-82e3a460-9e50-4119-bc92-6693c78c081e 9bbc180c5a484edf9128827656385cd9 2bc46190b2394f9ea24c0ef16398a7b9 - - default default] 10.0.0.126 "GET /v2.0/ports HTTP/1.1" status: 200 len: 34429 time: 0.1256070
2026-05-09 22:57:02.534 10 INFO neutron.api.wsgi [None req-3fd8153c-1c8a-47c9-8a0e-89bb1a7f7fce 9bbc180c5a484edf9128827656385cd9 2bc46190b2394f9ea24c0ef16398a7b9 - - default default] 10.0.0.126 "GET /v2.0/networks HTTP/1.1" status: 200 len: 8412 time: 0.0969324
2026-05-09 22:57:02.543 9 INFO neutron.api.wsgi [req-62f908c9-205a-4f62-92f2-f2b6aee56e7d req-f1c0379b-168f-4620-a11e-5a02b4aa5d63 2212902c3e4345748fc61568cb6a33da 0a1807cb8e1f4decbb7a8832d00643ba - - default default] 199.204.45.250 "GET /v2.0/networks?id=8d1b34d8-826f-4ef8-bc2f-8943aa91c666 HTTP/1.1" status: 200 len: 871 time: 0.0565667
2026-05-09 22:57:02.553 9 WARNING neutron_lib.context [req-62f908c9-205a-4f62-92f2-f2b6aee56e7d req-1d7ddd0d-472e-45d6-b586-df50252f43cb 2212902c3e4345748fc61568cb6a33da 0a1807cb8e1f4decbb7a8832d00643ba - - default default] Method 'is_advsvc' is deprecated since 2023.2 release (neutron-lib 3.8.0) and will be removed once support for the old RBAC API policies will be removed from Neutron. Please use method 'is_service_role' instead.
2026-05-09 22:57:02.583 10 INFO neutron.db.ovn_revision_numbers_db [None req-e1c07111-d5bf-4f9c-b454-e86ba7b162b1 3e942bfbae2948daa4b5b527b14e31d2 d167aff0a40541e3afaab34212eb4ab9 - - default default] Successfully bumped revision number for resource 30588e92-11ec-436e-9adb-46a604722ca4 (type: routers) to 9
2026-05-09 22:57:02.592 10 INFO neutron.api.wsgi [None req-c412c5b6-b733-4969-960b-e3731ebe3b1a 9bbc180c5a484edf9128827656385cd9 2bc46190b2394f9ea24c0ef16398a7b9 - - default default] 10.0.0.126 "GET /v2.0/security-groups HTTP/1.1" status: 200 len: 42861 time: 0.0463161
2026-05-09 22:57:02.615 9 INFO neutron.api.wsgi [req-b525402c-d481-444d-9ea1-7335705cc223 req-c9c62ebb-87bd-4d68-84f4-ddbe4aa87eb6 dd1e66e9cf0c45c2b03a2c9f4e18f049 ef99adaa55f84ccca7d5f7965b4541bd - - default default] 10.0.0.116 "GET /v2.0/ports?device_id=d352eb93-b307-481f-92f8-3991c421d808 HTTP/1.1" status: 200 len: 210 time: 0.0210824
2026-05-09 22:57:02.675 10 INFO neutron.api.wsgi [None req-e1c07111-d5bf-4f9c-b454-e86ba7b162b1 3e942bfbae2948daa4b5b527b14e31d2 d167aff0a40541e3afaab34212eb4ab9 - - default default] 10.0.0.215 "DELETE /v2.0/vpn/ipsec-site-connections/f08083d1-abc4-4221-986a-60853c0cf682 HTTP/1.1" status: 204 len: 168 time: 1.5149400
2026-05-09 22:57:02.704 10 INFO neutron.api.wsgi [None req-880f9ad3-3862-4fcc-a193-1acd7bff5940 3e942bfbae2948daa4b5b527b14e31d2 d167aff0a40541e3afaab34212eb4ab9 - - default default] 10.0.0.215 "GET /v2.0/vpn/ipsec-site-connections HTTP/1.1" status: 200 len: 989 time: 0.0237944
2026-05-09 22:57:02.719 9 INFO neutron.api.v2.resource [None req-7cdf5db5-7c7b-4f03-b38c-d7a7ac0fbbac 3e942bfbae2948daa4b5b527b14e31d2 d167aff0a40541e3afaab34212eb4ab9 - - default default] delete failed (client error): The resource could not be found.
2026-05-09 22:57:02.721 9 INFO neutron.api.wsgi [None req-7cdf5db5-7c7b-4f03-b38c-d7a7ac0fbbac 3e942bfbae2948daa4b5b527b14e31d2 d167aff0a40541e3afaab34212eb4ab9 - - default default] 10.0.0.215 "DELETE /v2.0/vpn/ipsec-site-connections/f08083d1-abc4-4221-986a-60853c0cf682 HTTP/1.1" status: 404 len: 355 time: 0.0121994
2026-05-09 22:57:02.736 9 WARNING neutron_lib.context [None req-1b5466c0-f019-4986-ab90-d7a1503cec1a 3e942bfbae2948daa4b5b527b14e31d2 d167aff0a40541e3afaab34212eb4ab9 - - default default] Method 'is_advsvc' is deprecated since 2023.2 release (neutron-lib 3.8.0) and will be removed once support for the old RBAC API policies will be removed from Neutron. Please use method 'is_service_role' instead.
2026-05-09 22:57:02.747 10 INFO neutron.api.wsgi [None req-044d890b-7379-46cf-84d9-270a7613dae5 9bbc180c5a484edf9128827656385cd9 2bc46190b2394f9ea24c0ef16398a7b9 - - default default] 10.0.0.126 "GET /v2.0/routers HTTP/1.1" status: 200 len: 5066 time: 0.1442757
2026-05-09 22:57:02.763 10 INFO neutron.api.wsgi [None req-4dd04871-0f22-46d0-a9ba-4222a5a1e0b3 9bbc180c5a484edf9128827656385cd9 2bc46190b2394f9ea24c0ef16398a7b9 - - default default] 10.0.0.126 "GET /v2.0/agents?binary=ovn-controller HTTP/1.1" status: 200 len: 591 time: 0.0144446
2026-05-09 22:57:02.788 9 INFO neutron.api.wsgi [None req-1b5466c0-f019-4986-ab90-d7a1503cec1a 3e942bfbae2948daa4b5b527b14e31d2 d167aff0a40541e3afaab34212eb4ab9 - - default default] 10.0.0.215 "POST /v2.0/vpn/endpoint-groups HTTP/1.1" status: 201 len: 489 time: 0.0580161
2026-05-09 22:57:02.817 10 INFO neutron.api.wsgi [None req-133393eb-86e3-4249-a990-a44fc1ec6b3a 9bbc180c5a484edf9128827656385cd9 2bc46190b2394f9ea24c0ef16398a7b9 - - default default] 10.0.0.126 "GET /v2.0/subnets HTTP/1.1" status: 200 len: 8993 time: 0.0529745
2026-05-09 22:57:02.821 9 INFO neutron.api.wsgi [None req-c3842b58-cdc1-4c9c-ae83-81928b8af3b3 3e942bfbae2948daa4b5b527b14e31d2 d167aff0a40541e3afaab34212eb4ab9 - - default default] 10.0.0.215 "PUT /v2.0/vpn/endpoint-groups/bf57b570-2659-47d4-9dfb-f2dde89f02ed HTTP/1.1" status: 200 len: 484 time: 0.0268552
2026-05-09 22:57:02.838 10 INFO neutron.api.wsgi [None req-8d93df72-5e76-4ea5-8daa-b2495c168e72 9bbc180c5a484edf9128827656385cd9 2bc46190b2394f9ea24c0ef16398a7b9 - - default default] 10.0.0.126 "GET /v2.0/subnetpools HTTP/1.1" status: 200 len: 193 time: 0.0131299
2026-05-09 22:57:02.843 9 INFO neutron.api.wsgi [None req-d6fa6972-357c-427e-9a89-06cdd5441f62 3e942bfbae2948daa4b5b527b14e31d2 d167aff0a40541e3afaab34212eb4ab9 - - default default] 10.0.0.215 "GET /v2.0/vpn/endpoint-groups/bf57b570-2659-47d4-9dfb-f2dde89f02ed HTTP/1.1" status: 200 len: 484 time: 0.0144935
2026-05-09 22:57:02.866 10 INFO neutron.api.wsgi [None req-0698a63b-57b4-4aad-9961-378a7ee6b80b 9bbc180c5a484edf9128827656385cd9 2bc46190b2394f9ea24c0ef16398a7b9 - - default default] 10.0.0.126 "GET /v2.0/agents HTTP/1.1" status: 200 len: 1390 time: 0.0232437
2026-05-09 22:57:02.876 10 INFO neutron.api.wsgi [req-0920c569-72ec-4e4d-9365-4c7b9d7dbe49 req-14e5042c-4b44-47dc-b844-139badcd3756 2212902c3e4345748fc61568cb6a33da 0a1807cb8e1f4decbb7a8832d00643ba - - default default] 10.0.0.116 "GET /v2.0/ports?device_id=ce66a8f7-9658-4637-8f36-18b178c720e5 HTTP/1.1" status: 200 len: 210 time: 0.0256739
2026-05-09 22:57:02.886 9 INFO neutron.api.wsgi [None req-b08377af-9b98-49b8-8d65-b75be96cb00c 3e942bfbae2948daa4b5b527b14e31d2 d167aff0a40541e3afaab34212eb4ab9 - - default default] 10.0.0.215 "DELETE /v2.0/vpn/endpoint-groups/bf57b570-2659-47d4-9dfb-f2dde89f02ed HTTP/1.1" status: 204 len: 168 time: 0.0386386
2026-05-09 22:57:02.888 10 INFO neutron.api.wsgi [None req-c476e01b-0ed5-4c19-ae79-9e56c0ac3b94 9bbc180c5a484edf9128827656385cd9 2bc46190b2394f9ea24c0ef16398a7b9 - - default default] 10.0.0.126 "GET /v2.0/network-ip-availabilities HTTP/1.1" status: 200 len: 5536 time: 0.0170858
2026-05-09 22:57:02.906 9 INFO neutron.api.wsgi [None req-904e4d17-e26e-4702-8778-a789a7c23f0b 3e942bfbae2948daa4b5b527b14e31d2 d167aff0a40541e3afaab34212eb4ab9 - - default default] 10.0.0.215 "GET /v2.0/vpn/endpoint-groups HTTP/1.1" status: 200 len: 828 time: 0.0135751 /var/lib/openstack/lib/python3.12/site-packages/pycadf/identifier.py:71: UserWarning: Invalid uuid: neutron. To ensure interoperability, identifiers should be a valid uuid. warnings.warn(('Invalid uuid: %s. To ensure interoperability, '
2026-05-09 22:57:02.922 9 INFO neutron.api.wsgi [None req-a3c92a28-ed30-4c24-9a78-93903cfd53a6 3e942bfbae2948daa4b5b527b14e31d2 d167aff0a40541e3afaab34212eb4ab9 - - default default] 10.0.0.215 "GET /v2.0/vpn/endpoint-groups HTTP/1.1" status: 200 len: 828 time: 0.0101790
2026-05-09 22:57:02.932 9 WARNING neutron_lib.context [None req-a87200c3-16c4-4f2b-b227-ca21d16933be 3e942bfbae2948daa4b5b527b14e31d2 d167aff0a40541e3afaab34212eb4ab9 - - default default] Method 'is_advsvc' is deprecated since 2023.2 release (neutron-lib 3.8.0) and will be removed once support for the old RBAC API policies will be removed from Neutron. Please use method 'is_service_role' instead.
2026-05-09 22:57:02.944 10 INFO neutron.api.wsgi [None req-1f6c48a9-20c2-4d13-bb5a-ede601a87492 9bbc180c5a484edf9128827656385cd9 2bc46190b2394f9ea24c0ef16398a7b9 - - default default] 10.0.0.126 "GET /v2.0/subnets HTTP/1.1" status: 200 len: 8993 time: 0.0542109
2026-05-09 22:57:02.962 9 WARNING neutron.scheduler.dhcp_agent_scheduler [req-62f908c9-205a-4f62-92f2-f2b6aee56e7d req-1d7ddd0d-472e-45d6-b586-df50252f43cb 2212902c3e4345748fc61568cb6a33da 0a1807cb8e1f4decbb7a8832d00643ba - - default default] No more DHCP agents
2026-05-09 22:57:02.963 9 WARNING neutron.api.rpc.agentnotifiers.dhcp_rpc_agent_api [req-62f908c9-205a-4f62-92f2-f2b6aee56e7d req-1d7ddd0d-472e-45d6-b586-df50252f43cb 2212902c3e4345748fc61568cb6a33da 0a1807cb8e1f4decbb7a8832d00643ba - - default default] Unable to schedule network 8d1b34d8-826f-4ef8-bc2f-8943aa91c666: no agents available; will retry on subsequent port and subnet creation events.
2026-05-09 22:57:02.968 9 INFO neutron.api.wsgi [None req-a87200c3-16c4-4f2b-b227-ca21d16933be 3e942bfbae2948daa4b5b527b14e31d2 d167aff0a40541e3afaab34212eb4ab9 - - default default] 10.0.0.215 "POST /v2.0/vpn/ikepolicies HTTP/1.1" status: 201 len: 601 time: 0.0386868
2026-05-09 22:57:03.005 10 INFO neutron.api.wsgi [None req-7e671b06-7546-4192-b520-336d1468141e 3e942bfbae2948daa4b5b527b14e31d2 d167aff0a40541e3afaab34212eb4ab9 - - default default] 10.0.0.215 "PUT /v2.0/vpn/ikepolicies/6786fe5c-e23c-43e3-9afe-c956485357d4 HTTP/1.1" status: 200 len: 613 time: 0.0320358
2026-05-09 22:57:03.017 9 INFO neutron.api.wsgi [-] 10.0.0.115 "GET / HTTP/1.1" status: 200 len: 247 time: 0.0024054
2026-05-09 22:57:03.019 9 INFO neutron.api.wsgi [-] 10.0.0.115 "GET / HTTP/1.1" status: 200 len: 247 time: 0.0011356
2026-05-09 22:57:03.023 10 INFO neutron.api.wsgi [None req-7181a4bc-4722-4404-a20e-dd9572fe9402 3e942bfbae2948daa4b5b527b14e31d2 d167aff0a40541e3afaab34212eb4ab9 - - default default] 10.0.0.215 "GET /v2.0/vpn/ikepolicies/6786fe5c-e23c-43e3-9afe-c956485357d4 HTTP/1.1" status: 200 len: 613 time: 0.0131495
2026-05-09 22:57:03.058 10 INFO neutron.api.wsgi [None req-7e469612-5d8a-4a86-86b6-baa6b166ebea 3e942bfbae2948daa4b5b527b14e31d2 d167aff0a40541e3afaab34212eb4ab9 - - default default] 10.0.0.215 "DELETE /v2.0/vpn/ikepolicies/6786fe5c-e23c-43e3-9afe-c956485357d4 HTTP/1.1" status: 204 len: 168 time: 0.0292609
2026-05-09 22:57:03.075 10 INFO neutron.api.wsgi [None req-81820abd-44b6-415b-b64e-5e83f3a54f16 3e942bfbae2948daa4b5b527b14e31d2 d167aff0a40541e3afaab34212eb4ab9 - - default default] 10.0.0.215 "GET /v2.0/vpn/ikepolicies HTTP/1.1" status: 200 len: 602 time: 0.0123482 /var/lib/openstack/lib/python3.12/site-packages/pycadf/identifier.py:71: UserWarning: Invalid uuid: neutron. To ensure interoperability, identifiers should be a valid uuid. warnings.warn(('Invalid uuid: %s. To ensure interoperability, '
2026-05-09 22:57:03.095 9 INFO neutron.api.wsgi [None req-1e83b391-a933-4f43-bb15-bff8c24a7ee8 3e942bfbae2948daa4b5b527b14e31d2 d167aff0a40541e3afaab34212eb4ab9 - - default default] 10.0.0.215 "GET /v2.0/vpn/ikepolicies HTTP/1.1" status: 200 len: 602 time: 0.0125012
2026-05-09 22:57:03.108 9 INFO neutron.db.ovn_revision_numbers_db [req-62f908c9-205a-4f62-92f2-f2b6aee56e7d req-1d7ddd0d-472e-45d6-b586-df50252f43cb 2212902c3e4345748fc61568cb6a33da 0a1807cb8e1f4decbb7a8832d00643ba - - default default] Successfully bumped revision number for resource 7bd55ad1-1e08-4147-ae0b-ac869da0cae1 (type: ports) to 1
2026-05-09 22:57:03.108 10 WARNING neutron_lib.context [None req-c90229ea-2df1-42f1-91db-86307f19f6c7 3e942bfbae2948daa4b5b527b14e31d2 d167aff0a40541e3afaab34212eb4ab9 - - default default] Method 'is_advsvc' is deprecated since 2023.2 release (neutron-lib 3.8.0) and will be removed once support for the old RBAC API policies will be removed from Neutron. Please use method 'is_service_role' instead.
2026-05-09 22:57:03.133 9 INFO neutron.api.wsgi [req-62f908c9-205a-4f62-92f2-f2b6aee56e7d req-1d7ddd0d-472e-45d6-b586-df50252f43cb 2212902c3e4345748fc61568cb6a33da 0a1807cb8e1f4decbb7a8832d00643ba - - default default] 199.204.45.250 "POST /v2.0/ports HTTP/1.1" status: 201 len: 1158 time: 0.5837312
2026-05-09 22:57:03.145 10 INFO neutron.api.wsgi [None req-c90229ea-2df1-42f1-91db-86307f19f6c7 3e942bfbae2948daa4b5b527b14e31d2 d167aff0a40541e3afaab34212eb4ab9 - - default default] 10.0.0.215 "POST /v2.0/vpn/ipsecpolicies HTTP/1.1" status: 201 len: 610 time: 0.0421355
2026-05-09 22:57:03.188 10 INFO neutron.api.wsgi [None req-e462564a-e320-4ec4-9a80-5f220ba5fa40 3e942bfbae2948daa4b5b527b14e31d2 d167aff0a40541e3afaab34212eb4ab9 - - default default] 10.0.0.215 "PUT /v2.0/vpn/ipsecpolicies/35a61919-905e-40ff-bafa-c3d81c4a9e8c HTTP/1.1" status: 200 len: 624 time: 0.0365329
2026-05-09 22:57:03.223 10 INFO neutron.api.wsgi [None req-3537b8a2-5090-49f8-a974-4d5be1984ef4 3e942bfbae2948daa4b5b527b14e31d2 d167aff0a40541e3afaab34212eb4ab9 - - default default] 10.0.0.215 "DELETE /v2.0/vpn/ipsecpolicies/35a61919-905e-40ff-bafa-c3d81c4a9e8c HTTP/1.1" status: 204 len: 168 time: 0.0305085
2026-05-09 22:57:03.239 9 INFO neutron.api.v2.resource [None req-25714812-6a2c-4fd6-8b0f-1d2c93ecccf5 3e942bfbae2948daa4b5b527b14e31d2 d167aff0a40541e3afaab34212eb4ab9 - - default default] delete failed (client error): The resource could not be found.
2026-05-09 22:57:03.240 9 INFO neutron.api.wsgi [None req-25714812-6a2c-4fd6-8b0f-1d2c93ecccf5 3e942bfbae2948daa4b5b527b14e31d2 d167aff0a40541e3afaab34212eb4ab9 - - default default] 10.0.0.215 "DELETE /v2.0/vpn/ipsecpolicies/35a61919-905e-40ff-bafa-c3d81c4a9e8c HTTP/1.1" status: 404 len: 346 time: 0.0115716
2026-05-09 22:57:03.255 10 INFO neutron.api.v2.resource [None req-8ffd7764-5187-4404-b70c-8543479dc460 3e942bfbae2948daa4b5b527b14e31d2 d167aff0a40541e3afaab34212eb4ab9 - - default default] delete failed (client error): The resource could not be found.
2026-05-09 22:57:03.256 10 INFO neutron.api.wsgi [None req-8ffd7764-5187-4404-b70c-8543479dc460 3e942bfbae2948daa4b5b527b14e31d2 d167aff0a40541e3afaab34212eb4ab9 - - default default] 10.0.0.215 "DELETE /v2.0/vpn/ipsecpolicies/35a61919-905e-40ff-bafa-c3d81c4a9e8c HTTP/1.1" status: 404 len: 346 time: 0.0104892
2026-05-09 22:57:03.270 10 WARNING neutron_lib.context [None req-8b59363c-14b4-4ece-a7c1-832cbe7b5f81 3e942bfbae2948daa4b5b527b14e31d2 d167aff0a40541e3afaab34212eb4ab9 - - default default] Method 'is_advsvc' is deprecated since 2023.2 release (neutron-lib 3.8.0) and will be removed once support for the old RBAC API policies will be removed from Neutron. Please use method 'is_service_role' instead.
2026-05-09 22:57:03.359 10 INFO neutron.db.segments_db [None req-8b59363c-14b4-4ece-a7c1-832cbe7b5f81 3e942bfbae2948daa4b5b527b14e31d2 d167aff0a40541e3afaab34212eb4ab9 - - default default] Added segment c9ff6456-ad4a-456c-bf46-a2966fd71cfe of type geneve for network f58a8d4f-910d-4a75-818b-db2441866e02
2026-05-09 22:57:03.507 10 INFO neutron.db.ovn_revision_numbers_db [None req-8b59363c-14b4-4ece-a7c1-832cbe7b5f81 3e942bfbae2948daa4b5b527b14e31d2 d167aff0a40541e3afaab34212eb4ab9 - - default default] Successfully bumped revision number for resource f58a8d4f-910d-4a75-818b-db2441866e02 (type: networks) to 1
2026-05-09 22:57:03.600 9 INFO neutron.db.ovn_revision_numbers_db [req-62f908c9-205a-4f62-92f2-f2b6aee56e7d req-3a801a30-04cd-4827-8b46-e86db71863e5 5cddc22acd2a45c495bbf03e23def64f 95c991d61fd74039a97361e703a045b9 - - b74fb1e0c7fc469a8132ce3fe1e367c8 b74fb1e0c7fc469a8132ce3fe1e367c8] Successfully bumped revision number for resource 7bd55ad1-1e08-4147-ae0b-ac869da0cae1 (type: ports) to 2 /var/lib/openstack/lib/python3.12/site-packages/pycadf/identifier.py:71: UserWarning: Invalid uuid: neutron. To ensure interoperability, identifiers should be a valid uuid. warnings.warn(('Invalid uuid: %s. To ensure interoperability, '
2026-05-09 22:57:03.734 10 WARNING neutron.scheduler.dhcp_agent_scheduler [None req-8b59363c-14b4-4ece-a7c1-832cbe7b5f81 3e942bfbae2948daa4b5b527b14e31d2 d167aff0a40541e3afaab34212eb4ab9 - - default default] No more DHCP agents
2026-05-09 22:57:03.736 9 INFO neutron.api.wsgi [req-14c31a62-fe99-4e4d-b08f-69a54b2b1b09 req-4f31efaa-6afc-4cbf-9151-cd169be010ab dd1e66e9cf0c45c2b03a2c9f4e18f049 ef99adaa55f84ccca7d5f7965b4541bd - - default default] 10.0.0.116 "GET /v2.0/ports?device_id=d352eb93-b307-481f-92f8-3991c421d808 HTTP/1.1" status: 200 len: 210 time: 0.0205967
2026-05-09 22:57:03.739 10 WARNING neutron.api.rpc.agentnotifiers.dhcp_rpc_agent_api [None req-8b59363c-14b4-4ece-a7c1-832cbe7b5f81 3e942bfbae2948daa4b5b527b14e31d2 d167aff0a40541e3afaab34212eb4ab9 - - default default] Unable to schedule network f58a8d4f-910d-4a75-818b-db2441866e02: no agents available; will retry on subsequent port and subnet creation events.
2026-05-09 22:57:03.804 10 INFO neutron.db.ovn_revision_numbers_db [None req-8b59363c-14b4-4ece-a7c1-832cbe7b5f81 3e942bfbae2948daa4b5b527b14e31d2 d167aff0a40541e3afaab34212eb4ab9 - - default default] Successfully bumped revision number for resource e5e7a952-49f4-4919-a26d-c901e34ad594 (type: ports) to 1
2026-05-09 22:57:03.827 10 INFO neutron.api.wsgi [None req-8b59363c-14b4-4ece-a7c1-832cbe7b5f81 3e942bfbae2948daa4b5b527b14e31d2 d167aff0a40541e3afaab34212eb4ab9 - - default default] 10.0.0.215 "POST /v2.0/networks HTTP/1.1" status: 201 len: 830 time: 0.5642476
2026-05-09 22:57:03.838 10 WARNING neutron_lib.context [None req-4cc07a54-3025-4652-a513-f0432c7bb774 3e942bfbae2948daa4b5b527b14e31d2 d167aff0a40541e3afaab34212eb4ab9 - - default default] Method 'is_advsvc' is deprecated since 2023.2 release (neutron-lib 3.8.0) and will be removed once support for the old RBAC API policies will be removed from Neutron. Please use method 'is_service_role' instead.
2026-05-09 22:57:03.861 9 INFO neutron.db.ovn_revision_numbers_db [req-62f908c9-205a-4f62-92f2-f2b6aee56e7d req-3a801a30-04cd-4827-8b46-e86db71863e5 5cddc22acd2a45c495bbf03e23def64f 95c991d61fd74039a97361e703a045b9 - - b74fb1e0c7fc469a8132ce3fe1e367c8 b74fb1e0c7fc469a8132ce3fe1e367c8] Successfully bumped revision number for resource 7bd55ad1-1e08-4147-ae0b-ac869da0cae1 (type: ports) to 4
2026-05-09 22:57:03.880 9 INFO neutron.api.wsgi [req-62f908c9-205a-4f62-92f2-f2b6aee56e7d req-3a801a30-04cd-4827-8b46-e86db71863e5 5cddc22acd2a45c495bbf03e23def64f 95c991d61fd74039a97361e703a045b9 - - b74fb1e0c7fc469a8132ce3fe1e367c8 b74fb1e0c7fc469a8132ce3fe1e367c8] 199.204.45.250 "PUT /v2.0/ports/7bd55ad1-1e08-4147-ae0b-ac869da0cae1 HTTP/1.1" status: 200 len: 1404 time: 0.7413025
2026-05-09 22:57:03.912 9 INFO neutron.notifiers.nova [-] Nova event matching ['req-13702fa9-4c55-4159-a362-b5eefea1bd8f'] response: {'name': 'network-changed', 'server_uuid': 'ce66a8f7-9658-4637-8f36-18b178c720e5', 'tag': '7bd55ad1-1e08-4147-ae0b-ac869da0cae1', 'status': 'completed', 'code': 200} /var/lib/openstack/lib/python3.12/site-packages/pycadf/identifier.py:71: UserWarning: Invalid uuid: neutron. To ensure interoperability, identifiers should be a valid uuid. warnings.warn(('Invalid uuid: %s. To ensure interoperability, '
2026-05-09 22:57:04.008 10 WARNING neutron.scheduler.dhcp_agent_scheduler [None req-4cc07a54-3025-4652-a513-f0432c7bb774 3e942bfbae2948daa4b5b527b14e31d2 d167aff0a40541e3afaab34212eb4ab9 - - default default] No more DHCP agents
2026-05-09 22:57:04.009 10 WARNING neutron.api.rpc.agentnotifiers.dhcp_rpc_agent_api [None req-4cc07a54-3025-4652-a513-f0432c7bb774 3e942bfbae2948daa4b5b527b14e31d2 d167aff0a40541e3afaab34212eb4ab9 - - default default] Unable to schedule network f58a8d4f-910d-4a75-818b-db2441866e02: no agents available; will retry on subsequent port and subnet creation events.
2026-05-09 22:57:04.030 9 INFO neutron.api.wsgi [req-a33efbf2-5c83-4000-a3f2-4c0fc9c127c4 req-691e4d46-71a9-48e5-962b-0700e0f12cb6 2212902c3e4345748fc61568cb6a33da 0a1807cb8e1f4decbb7a8832d00643ba - - default default] 10.0.0.116 "GET /v2.0/ports?device_id=ce66a8f7-9658-4637-8f36-18b178c720e5 HTTP/1.1" status: 200 len: 1168 time: 0.0810423
2026-05-09 22:57:04.087 9 INFO neutron.api.wsgi [req-a33efbf2-5c83-4000-a3f2-4c0fc9c127c4 req-7ebfaabc-fcd1-4b82-9104-d1091714ca54 2212902c3e4345748fc61568cb6a33da 0a1807cb8e1f4decbb7a8832d00643ba - - default default] 10.0.0.116 "GET /v2.0/security-groups?id=d0111b9b-959d-45df-8939-2ba67d293093&fields=id&fields=name HTTP/1.1" status: 200 len: 286 time: 0.0486152
2026-05-09 22:57:04.362 10 INFO neutron.api.wsgi [req-9ce9f4f4-b69c-4585-bfaf-900418403cd2 req-7983c8cf-5d0f-4ced-976f-3f3b27d22fa0 5cddc22acd2a45c495bbf03e23def64f 95c991d61fd74039a97361e703a045b9 - - b74fb1e0c7fc469a8132ce3fe1e367c8 b74fb1e0c7fc469a8132ce3fe1e367c8] 10.0.0.110 "GET /v2.0/ports?device_id=268102f0-becb-4d21-b446-9a64bd18021a HTTP/1.1" status: 200 len: 1642 time: 0.0308886
2026-05-09 22:57:04.414 10 INFO neutron.api.wsgi [req-9ce9f4f4-b69c-4585-bfaf-900418403cd2 req-d8beb645-cfae-442b-96cf-968a75ba3416 5cddc22acd2a45c495bbf03e23def64f 95c991d61fd74039a97361e703a045b9 - - b74fb1e0c7fc469a8132ce3fe1e367c8 b74fb1e0c7fc469a8132ce3fe1e367c8] 10.0.0.110 "GET /v2.0/security-groups?id=3ac645f9-334a-467a-83dd-f5ca79d85a7a&fields=id&fields=name HTTP/1.1" status: 200 len: 311 time: 0.0433152
2026-05-09 22:57:04.467 9 INFO neutron.api.wsgi [req-df4091f4-b45d-4f50-bc12-55beb2227cd3 req-3ad15379-e539-4810-8ad6-a29ca6b0911a 5cddc22acd2a45c495bbf03e23def64f 95c991d61fd74039a97361e703a045b9 - - b74fb1e0c7fc469a8132ce3fe1e367c8 b74fb1e0c7fc469a8132ce3fe1e367c8] 199.204.45.250 "GET /v2.0/ports?tenant_id=0a1807cb8e1f4decbb7a8832d00643ba&device_id=ce66a8f7-9658-4637-8f36-18b178c720e5 HTTP/1.1" status: 200 len: 1407 time: 0.0389571
2026-05-09 22:57:04.476 10 INFO neutron.db.ovn_revision_numbers_db [None req-d70c8fa2-586a-47a2-900f-2da8f90ae8bd - - - - - -] Successfully bumped revision number for resource e5e7a952-49f4-4919-a26d-c901e34ad594 (type: ports) to 2
2026-05-09 22:57:04.529 10 INFO neutron.db.ovn_revision_numbers_db [None req-d70c8fa2-586a-47a2-900f-2da8f90ae8bd - - - - - -] Successfully bumped revision number for resource 9c2f8c6b-74a6-44c6-91b7-5bf841b996ad (type: subnets) to 0
2026-05-09 22:57:04.557 9 INFO neutron.api.wsgi [req-df4091f4-b45d-4f50-bc12-55beb2227cd3 req-2dd79366-308d-4b2a-8630-a83838122b3b 5cddc22acd2a45c495bbf03e23def64f 95c991d61fd74039a97361e703a045b9 - - b74fb1e0c7fc469a8132ce3fe1e367c8 b74fb1e0c7fc469a8132ce3fe1e367c8] 199.204.45.250 "GET /v2.0/networks?tenant_id=0a1807cb8e1f4decbb7a8832d00643ba&shared=False HTTP/1.1" status: 200 len: 970 time: 0.0842462
2026-05-09 22:57:04.565 10 INFO neutron.api.wsgi [None req-4cc07a54-3025-4652-a513-f0432c7bb774 3e942bfbae2948daa4b5b527b14e31d2 d167aff0a40541e3afaab34212eb4ab9 - - default default] 10.0.0.215 "POST /v2.0/subnets HTTP/1.1" status: 201 len: 828 time: 0.7313578
2026-05-09 22:57:04.576 10 WARNING neutron_lib.context [None req-a6a4ccd6-95cd-469d-9561-d5f4eb75a1fd 3e942bfbae2948daa4b5b527b14e31d2 d167aff0a40541e3afaab34212eb4ab9 - - default default] Method 'is_advsvc' is deprecated since 2023.2 release (neutron-lib 3.8.0) and will be removed once support for the old RBAC API policies will be removed from Neutron. Please use method 'is_service_role' instead.
2026-05-09 22:57:04.612 9 INFO neutron.api.wsgi [req-df4091f4-b45d-4f50-bc12-55beb2227cd3 req-0a683033-836b-481d-bc62-a3a44df77306 5cddc22acd2a45c495bbf03e23def64f 95c991d61fd74039a97361e703a045b9 - - b74fb1e0c7fc469a8132ce3fe1e367c8 b74fb1e0c7fc469a8132ce3fe1e367c8] 199.204.45.250 "GET /v2.0/networks?shared=True HTTP/1.1" status: 200 len: 952 time: 0.0462351
2026-05-09 22:57:05.029 10 INFO neutron.api.wsgi [None req-6ca86c73-8cbd-49e7-9739-27e769c00e2e dd1e66e9cf0c45c2b03a2c9f4e18f049 ef99adaa55f84ccca7d5f7965b4541bd - - default default] 10.0.0.215 "DELETE /v2.0/security-groups/3253d6a7-c5b3-4330-b55d-4ad72cde0852 HTTP/1.1" status: 204 len: 168 time: 0.2113457
