2026-05-09 22:54:13.042 9 INFO neutron.db.ovn_revision_numbers_db [None req-3b94642a-25ec-47e2-82f5-80b10394fd8a 9bbc180c5a484edf9128827656385cd9 2bc46190b2394f9ea24c0ef16398a7b9 - - default default] Successfully bumped revision number for resource 40e6b20c-ec8a-44cb-babc-76bbf579c517 (type: ports) to 1
2026-05-09 22:54:13.477 10 INFO neutron.db.ovn_revision_numbers_db [None req-a19b705a-07c0-4f69-8ed0-aafb30cde7a3 9bbc180c5a484edf9128827656385cd9 2bc46190b2394f9ea24c0ef16398a7b9 - - default default] Successfully bumped revision number for resource c4f714dc-35bc-4f67-820b-92e7d67049c2 (type: security_groups) to 1
2026-05-09 22:54:13.481 9 INFO neutron.api.wsgi [req-e08f5365-d305-4d07-bc22-7a7271b4aeda req-e7c658fb-2407-4476-bd52-5204921e2630 5cddc22acd2a45c495bbf03e23def64f 95c991d61fd74039a97361e703a045b9 - - b74fb1e0c7fc469a8132ce3fe1e367c8 b74fb1e0c7fc469a8132ce3fe1e367c8] 199.204.45.250 "GET /v2.0/ports?tenant_id=f29778f5e7b04a78b4648de20ee8f0a7&device_id=ec49d7e9-e4d9-4323-ba9b-b0a76698da7c HTTP/1.1" status: 200 len: 1590 time: 0.0499775
2026-05-09 22:54:13.494 10 INFO neutron.db.ovn_revision_numbers_db [None req-a19b705a-07c0-4f69-8ed0-aafb30cde7a3 9bbc180c5a484edf9128827656385cd9 2bc46190b2394f9ea24c0ef16398a7b9 - - default default] Successfully bumped revision number for resource 30edeb46-6432-4984-b051-7a94675e8245 (type: security_group_rules) to 0
2026-05-09 22:54:13.505 10 INFO neutron.db.ovn_revision_numbers_db [None req-a19b705a-07c0-4f69-8ed0-aafb30cde7a3 9bbc180c5a484edf9128827656385cd9 2bc46190b2394f9ea24c0ef16398a7b9 - - default default] Successfully bumped revision number for resource 41bc719c-0d18-4518-810a-5f915a92d48e (type: security_group_rules) to 0
2026-05-09 22:54:13.519 10 INFO neutron.db.ovn_revision_numbers_db [None req-a19b705a-07c0-4f69-8ed0-aafb30cde7a3 9bbc180c5a484edf9128827656385cd9 2bc46190b2394f9ea24c0ef16398a7b9 - - default default] Successfully bumped revision number for resource d420128b-ff06-42c9-8d17-da0cfa722436 (type: security_group_rules) to 0
2026-05-09 22:54:13.530 10 INFO neutron.db.ovn_revision_numbers_db [None req-a19b705a-07c0-4f69-8ed0-aafb30cde7a3 9bbc180c5a484edf9128827656385cd9 2bc46190b2394f9ea24c0ef16398a7b9 - - default default] Successfully bumped revision number for resource e263ea5a-85a7-482b-b256-3a612b74b002 (type: security_group_rules) to 0
2026-05-09 22:54:13.538 9 INFO neutron.api.wsgi [req-e08f5365-d305-4d07-bc22-7a7271b4aeda req-e257761d-38c6-4850-ba0f-016a7db08d4d 5cddc22acd2a45c495bbf03e23def64f 95c991d61fd74039a97361e703a045b9 - - b74fb1e0c7fc469a8132ce3fe1e367c8 b74fb1e0c7fc469a8132ce3fe1e367c8] 199.204.45.250 "GET /v2.0/networks?id=75136c03-e8fc-4b5b-adb3-5f620b39ba2b HTTP/1.1" status: 200 len: 982 time: 0.0521204
2026-05-09 22:54:13.597 9 INFO neutron.api.wsgi [req-e08f5365-d305-4d07-bc22-7a7271b4aeda req-5cd51c0f-9e8e-43f4-a355-7092a3e663f8 5cddc22acd2a45c495bbf03e23def64f 95c991d61fd74039a97361e703a045b9 - - b74fb1e0c7fc469a8132ce3fe1e367c8 b74fb1e0c7fc469a8132ce3fe1e367c8] 199.204.45.250 "GET /v2.0/floatingips?fixed_ip_address=10.100.0.10&port_id=05b883cf-cf39-4299-af8c-e6af98abb75a HTTP/1.1" status: 200 len: 1060 time: 0.0548208
2026-05-09 22:54:13.600 10 INFO neutron.db.segments_db [None req-a19b705a-07c0-4f69-8ed0-aafb30cde7a3 9bbc180c5a484edf9128827656385cd9 2bc46190b2394f9ea24c0ef16398a7b9 - - default default] Added segment 480a707f-6acb-4e1d-ad26-73f034e8222d of type geneve for network 95c7f210-4e8d-4bd7-b148-5c84a6b29eab
2026-05-09 22:54:13.624 9 INFO neutron.api.wsgi [req-e08f5365-d305-4d07-bc22-7a7271b4aeda req-e7172664-2665-4202-824d-cffbc8aeabf3 5cddc22acd2a45c495bbf03e23def64f 95c991d61fd74039a97361e703a045b9 - - b74fb1e0c7fc469a8132ce3fe1e367c8 b74fb1e0c7fc469a8132ce3fe1e367c8] 199.204.45.250 "GET /v2.0/floatingips?fixed_ip_address=10.100.0.5&port_id=05b883cf-cf39-4299-af8c-e6af98abb75a HTTP/1.1" status: 200 len: 217 time: 0.0139372
2026-05-09 22:54:13.651 10 WARNING neutron_lib.context [None req-424b3cd6-06d1-4a2d-8125-fcc3072585a7 c7f4c3622e714d97b96efbe6b10cc920 1b11aa16d92a47598aee9b59aded5ee6 - - default default] Method 'is_advsvc' is deprecated since 2023.2 release (neutron-lib 3.8.0) and will be removed once support for the old RBAC API policies will be removed from Neutron. Please use method 'is_service_role' instead.
2026-05-09 22:54:13.674 9 INFO neutron.api.wsgi [req-e08f5365-d305-4d07-bc22-7a7271b4aeda req-02091511-8263-4ad6-a64a-98b233644fd7 5cddc22acd2a45c495bbf03e23def64f 95c991d61fd74039a97361e703a045b9 - - b74fb1e0c7fc469a8132ce3fe1e367c8 b74fb1e0c7fc469a8132ce3fe1e367c8] 199.204.45.250 "GET /v2.0/subnets?id=64031b0b-d133-4297-8c4f-9b2ce12b93ee HTTP/1.1" status: 200 len: 901 time: 0.0435102
2026-05-09 22:54:13.703 9 INFO neutron.api.wsgi [req-e08f5365-d305-4d07-bc22-7a7271b4aeda req-70951434-da01-48b8-bf1e-dee3d3eef9de 5cddc22acd2a45c495bbf03e23def64f 95c991d61fd74039a97361e703a045b9 - - b74fb1e0c7fc469a8132ce3fe1e367c8 b74fb1e0c7fc469a8132ce3fe1e367c8] 199.204.45.250 "GET /v2.0/ports?network_id=75136c03-e8fc-4b5b-adb3-5f620b39ba2b&device_owner=network%3Adhcp HTTP/1.1" status: 200 len: 210 time: 0.0223467
2026-05-09 22:54:13.718 9 INFO neutron.plugins.ml2.drivers.ovn.mech_driver.ovsdb.commands [None req-ac74d07d-7411-40ad-85fa-169e86770b31 - - - - - -] Schedule LRP lrp-40e6b20c-ec8a-44cb-babc-76bbf579c517 on gateway 838ac59a-4787-49ed-9e9b-71871336c82e with priority 1
2026-05-09 22:54:13.727 10 INFO neutron.plugins.ml2.drivers.ovn.mech_driver.mech_driver [None req-d25c6a6a-98ca-4547-a63c-00d1fe3c7349 - - - - - -] OVN reports status up for port: 40e6b20c-ec8a-44cb-babc-76bbf579c517
2026-05-09 22:54:13.728 10 INFO neutron.db.ovn_revision_numbers_db [None req-a19b705a-07c0-4f69-8ed0-aafb30cde7a3 9bbc180c5a484edf9128827656385cd9 2bc46190b2394f9ea24c0ef16398a7b9 - - default default] Successfully bumped revision number for resource 95c7f210-4e8d-4bd7-b148-5c84a6b29eab (type: networks) to 1
2026-05-09 22:54:13.745 10 INFO neutron.plugins.ml2.plugin [None req-d25c6a6a-98ca-4547-a63c-00d1fe3c7349 - - - - - -] Attempt 1 to provision port 40e6b20c-ec8a-44cb-babc-76bbf579c517
2026-05-09 22:54:13.748 10 INFO neutron.plugins.ml2.drivers.ovn.mech_driver.ovsdb.ovsdb_monitor [None req-b91e18ff-5f69-48de-8a9e-878eddf4814d - - - - - -] Router a05fb76a-7067-4d55-a569-e7a66a197050 is bound to host instance
2026-05-09 22:54:13.764 9 INFO neutron.db.ovn_revision_numbers_db [None req-3b94642a-25ec-47e2-82f5-80b10394fd8a 9bbc180c5a484edf9128827656385cd9 2bc46190b2394f9ea24c0ef16398a7b9 - - default default] Successfully bumped revision number for resource 40e6b20c-ec8a-44cb-babc-76bbf579c517 (type: router_ports) to 1
2026-05-09 22:54:13.781 9 INFO neutron.api.wsgi [req-e08f5365-d305-4d07-bc22-7a7271b4aeda req-77b693c7-4c50-4899-95a5-ab3b9d9bd23c 5cddc22acd2a45c495bbf03e23def64f 95c991d61fd74039a97361e703a045b9 - - b74fb1e0c7fc469a8132ce3fe1e367c8 b74fb1e0c7fc469a8132ce3fe1e367c8] 199.204.45.250 "GET /v2.0/networks/75136c03-e8fc-4b5b-adb3-5f620b39ba2b?fields=segments HTTP/1.1" status: 200 len: 212 time: 0.0717969
2026-05-09 22:54:13.847 9 INFO neutron.db.ovn_revision_numbers_db [None req-3b94642a-25ec-47e2-82f5-80b10394fd8a 9bbc180c5a484edf9128827656385cd9 2bc46190b2394f9ea24c0ef16398a7b9 - - default default] Successfully bumped revision number for resource a05fb76a-7067-4d55-a569-e7a66a197050 (type: routers) to 2
2026-05-09 22:54:13.857 9 INFO neutron.api.wsgi [req-e08f5365-d305-4d07-bc22-7a7271b4aeda req-f42955f4-f4d0-488a-b6a1-50c85ab870b3 5cddc22acd2a45c495bbf03e23def64f 95c991d61fd74039a97361e703a045b9 - - b74fb1e0c7fc469a8132ce3fe1e367c8 b74fb1e0c7fc469a8132ce3fe1e367c8] 199.204.45.250 "GET /v2.0/networks/75136c03-e8fc-4b5b-adb3-5f620b39ba2b?fields=provider%3Aphysical_network&fields=provider%3Anetwork_type HTTP/1.1" status: 200 len: 277 time: 0.0705307
2026-05-09 22:54:13.861 10 INFO neutron.db.ovn_revision_numbers_db [None req-424b3cd6-06d1-4a2d-8125-fcc3072585a7 c7f4c3622e714d97b96efbe6b10cc920 1b11aa16d92a47598aee9b59aded5ee6 - - default default] Successfully bumped revision number for resource c00994b3-773a-487a-ba3a-9cd5ab29df00 (type: security_groups) to 1
2026-05-09 22:54:13.864 9 INFO neutron.api.wsgi [None req-3b94642a-25ec-47e2-82f5-80b10394fd8a 9bbc180c5a484edf9128827656385cd9 2bc46190b2394f9ea24c0ef16398a7b9 - - default default] 10.0.0.215 "POST /v2.0/routers HTTP/1.1" status: 201 len: 1167 time: 1.4473538
2026-05-09 22:54:13.890 10 INFO neutron.db.ovn_revision_numbers_db [None req-424b3cd6-06d1-4a2d-8125-fcc3072585a7 c7f4c3622e714d97b96efbe6b10cc920 1b11aa16d92a47598aee9b59aded5ee6 - - default default] Successfully bumped revision number for resource 0e74f8cf-70f8-4664-8a79-9715001277a9 (type: security_group_rules) to 0
2026-05-09 22:54:13.912 10 INFO neutron.db.ovn_revision_numbers_db [None req-424b3cd6-06d1-4a2d-8125-fcc3072585a7 c7f4c3622e714d97b96efbe6b10cc920 1b11aa16d92a47598aee9b59aded5ee6 - - default default] Successfully bumped revision number for resource 125e8689-936c-4d15-8298-20c753b478cb (type: security_group_rules) to 0
2026-05-09 22:54:13.931 10 INFO neutron.db.ovn_revision_numbers_db [None req-424b3cd6-06d1-4a2d-8125-fcc3072585a7 c7f4c3622e714d97b96efbe6b10cc920 1b11aa16d92a47598aee9b59aded5ee6 - - default default] Successfully bumped revision number for resource 2721bebf-056f-47f4-aa36-66b3ec55c648 (type: security_group_rules) to 0
2026-05-09 22:54:13.953 10 INFO neutron.db.ovn_revision_numbers_db [None req-424b3cd6-06d1-4a2d-8125-fcc3072585a7 c7f4c3622e714d97b96efbe6b10cc920 1b11aa16d92a47598aee9b59aded5ee6 - - default default] Successfully bumped revision number for resource fab5f844-7ed6-459a-895f-6991cfce7f63 (type: security_group_rules) to 0
2026-05-09 22:54:13.974 10 WARNING neutron.scheduler.dhcp_agent_scheduler [None req-a19b705a-07c0-4f69-8ed0-aafb30cde7a3 9bbc180c5a484edf9128827656385cd9 2bc46190b2394f9ea24c0ef16398a7b9 - - default default] No more DHCP agents
2026-05-09 22:54:13.977 10 WARNING neutron.api.rpc.agentnotifiers.dhcp_rpc_agent_api [None req-a19b705a-07c0-4f69-8ed0-aafb30cde7a3 9bbc180c5a484edf9128827656385cd9 2bc46190b2394f9ea24c0ef16398a7b9 - - default default] Unable to schedule network 95c7f210-4e8d-4bd7-b148-5c84a6b29eab: no agents available; will retry on subsequent port and subnet creation events.
2026-05-09 22:54:14.038 10 INFO neutron.db.segments_db [None req-424b3cd6-06d1-4a2d-8125-fcc3072585a7 c7f4c3622e714d97b96efbe6b10cc920 1b11aa16d92a47598aee9b59aded5ee6 - - default default] Added segment f2f90624-1014-41ad-8c1b-2ca1508df658 of type geneve for network 1e8d4b63-bd73-4721-abf9-fc27235a9511
2026-05-09 22:54:14.075 10 INFO neutron.db.ovn_revision_numbers_db [None req-a19b705a-07c0-4f69-8ed0-aafb30cde7a3 9bbc180c5a484edf9128827656385cd9 2bc46190b2394f9ea24c0ef16398a7b9 - - default default] Successfully bumped revision number for resource 6f7ae6c1-bde3-435b-910f-7c09d674ebb6 (type: ports) to 1
2026-05-09 22:54:14.107 10 INFO neutron.api.wsgi [None req-a19b705a-07c0-4f69-8ed0-aafb30cde7a3 9bbc180c5a484edf9128827656385cd9 2bc46190b2394f9ea24c0ef16398a7b9 - - default default] 10.0.0.215 "POST /v2.0/networks HTTP/1.1" status: 201 len: 943 time: 0.9855716
2026-05-09 22:54:14.197 10 INFO neutron.db.ovn_revision_numbers_db [None req-424b3cd6-06d1-4a2d-8125-fcc3072585a7 c7f4c3622e714d97b96efbe6b10cc920 1b11aa16d92a47598aee9b59aded5ee6 - - default default] Successfully bumped revision number for resource 1e8d4b63-bd73-4721-abf9-fc27235a9511 (type: networks) to 1
2026-05-09 22:54:14.269 9 WARNING neutron.scheduler.dhcp_agent_scheduler [None req-bbf1f7e0-786e-482f-a06c-43e8a95d4d6a 9bbc180c5a484edf9128827656385cd9 2bc46190b2394f9ea24c0ef16398a7b9 - - default default] No more DHCP agents
2026-05-09 22:54:14.270 9 WARNING neutron.api.rpc.agentnotifiers.dhcp_rpc_agent_api [None req-bbf1f7e0-786e-482f-a06c-43e8a95d4d6a 9bbc180c5a484edf9128827656385cd9 2bc46190b2394f9ea24c0ef16398a7b9 - - default default] Unable to schedule network d9ab592e-1ecf-4e7c-b90f-e95dd575fb74: no agents available; will retry on subsequent port and subnet creation events.
2026-05-09 22:54:14.318 10 WARNING neutron.scheduler.dhcp_agent_scheduler [None req-fd03a632-fd9b-4d1f-828f-4b3f28dbcd0c 9bbc180c5a484edf9128827656385cd9 2bc46190b2394f9ea24c0ef16398a7b9 - - default default] No more DHCP agents
2026-05-09 22:54:14.321 10 WARNING neutron.api.rpc.agentnotifiers.dhcp_rpc_agent_api [None req-fd03a632-fd9b-4d1f-828f-4b3f28dbcd0c 9bbc180c5a484edf9128827656385cd9 2bc46190b2394f9ea24c0ef16398a7b9 - - default default] Unable to schedule network 95c7f210-4e8d-4bd7-b148-5c84a6b29eab: no agents available; will retry on subsequent port and subnet creation events.
2026-05-09 22:54:14.397 10 INFO neutron.db.ovn_revision_numbers_db [None req-a8d59eba-b9ed-4721-9373-032f5bf29dcc - - - - - -] Successfully bumped revision number for resource 40e6b20c-ec8a-44cb-babc-76bbf579c517 (type: ports) to 1
2026-05-09 22:54:14.429 9 INFO neutron.api.wsgi [req-141cc2a7-176c-4aca-9192-bcfbf39f90cf req-631f6b05-bbc6-4cee-abcd-cacdc23a5de1 dada8693956849ee8022963b17121c13 f29778f5e7b04a78b4648de20ee8f0a7 - - default default] 199.204.45.250 "GET /v2.0/ports?device_id=ec49d7e9-e4d9-4323-ba9b-b0a76698da7c&device_owner=compute%3Anova&fixed_ips=ip_address%3D10.100.0.5 HTTP/1.1" status: 200 len: 1352 time: 0.0543165
2026-05-09 22:54:14.430 9 INFO neutron.db.ovn_revision_numbers_db [None req-bbf1f7e0-786e-482f-a06c-43e8a95d4d6a 9bbc180c5a484edf9128827656385cd9 2bc46190b2394f9ea24c0ef16398a7b9 - - default default] Successfully bumped revision number for resource 7b65f14d-09e5-461b-b06e-ea058ba64eeb (type: ports) to 1
2026-05-09 22:54:14.432 10 WARNING neutron.scheduler.dhcp_agent_scheduler [None req-424b3cd6-06d1-4a2d-8125-fcc3072585a7 c7f4c3622e714d97b96efbe6b10cc920 1b11aa16d92a47598aee9b59aded5ee6 - - default default] No more DHCP agents
2026-05-09 22:54:14.436 10 WARNING neutron.api.rpc.agentnotifiers.dhcp_rpc_agent_api [None req-424b3cd6-06d1-4a2d-8125-fcc3072585a7 c7f4c3622e714d97b96efbe6b10cc920 1b11aa16d92a47598aee9b59aded5ee6 - - default default] Unable to schedule network 1e8d4b63-bd73-4721-abf9-fc27235a9511: no agents available; will retry on subsequent port and subnet creation events.
2026-05-09 22:54:14.545 10 INFO neutron.db.ovn_revision_numbers_db [None req-424b3cd6-06d1-4a2d-8125-fcc3072585a7 c7f4c3622e714d97b96efbe6b10cc920 1b11aa16d92a47598aee9b59aded5ee6 - - default default] Successfully bumped revision number for resource 76bd29e2-624e-4b50-b629-f360700d053f (type: ports) to 1
2026-05-09 22:54:14.584 10 INFO neutron.api.wsgi [None req-424b3cd6-06d1-4a2d-8125-fcc3072585a7 c7f4c3622e714d97b96efbe6b10cc920 1b11aa16d92a47598aee9b59aded5ee6 - - default default] 10.0.0.215 "POST /v2.0/networks HTTP/1.1" status: 201 len: 833 time: 1.0405717
2026-05-09 22:54:14.596 10 WARNING neutron_lib.context [None req-471ec2c6-d7f2-4968-83cc-d42a4349f95e c7f4c3622e714d97b96efbe6b10cc920 1b11aa16d92a47598aee9b59aded5ee6 - - default default] Method 'is_advsvc' is deprecated since 2023.2 release (neutron-lib 3.8.0) and will be removed once support for the old RBAC API policies will be removed from Neutron. Please use method 'is_service_role' instead.
2026-05-09 22:54:14.697 10 INFO neutron.db.segments_db [None req-471ec2c6-d7f2-4968-83cc-d42a4349f95e c7f4c3622e714d97b96efbe6b10cc920 1b11aa16d92a47598aee9b59aded5ee6 - - default default] Added segment 5d45c4a2-d5df-44cf-9077-912b91c3f290 of type geneve for network dd77156a-d597-4965-965d-4901f4b6085c
2026-05-09 22:54:14.852 10 INFO neutron.db.ovn_revision_numbers_db [None req-471ec2c6-d7f2-4968-83cc-d42a4349f95e c7f4c3622e714d97b96efbe6b10cc920 1b11aa16d92a47598aee9b59aded5ee6 - - default default] Successfully bumped revision number for resource dd77156a-d597-4965-965d-4901f4b6085c (type: networks) to 1
2026-05-09 22:54:14.870 10 INFO neutron.db.ovn_revision_numbers_db [None req-a8d59eba-b9ed-4721-9373-032f5bf29dcc - - - - - -] Successfully bumped revision number for resource 40e6b20c-ec8a-44cb-babc-76bbf579c517 (type: ports) to 4
2026-05-09 22:54:14.953 10 INFO neutron.db.ovn_revision_numbers_db [None req-bf4267d8-85f9-44a2-9912-6f98ac73e703 - - - - - -] Successfully bumped revision number for resource 6f7ae6c1-bde3-435b-910f-7c09d674ebb6 (type: ports) to 2
2026-05-09 22:54:15.008 10 INFO neutron.db.ovn_revision_numbers_db [None req-bf4267d8-85f9-44a2-9912-6f98ac73e703 - - - - - -] Successfully bumped revision number for resource 5e48be15-8ea2-4484-af38-0e275c75f690 (type: subnets) to 0
2026-05-09 22:54:15.028 10 INFO neutron.api.wsgi [None req-fd03a632-fd9b-4d1f-828f-4b3f28dbcd0c 9bbc180c5a484edf9128827656385cd9 2bc46190b2394f9ea24c0ef16398a7b9 - - default default] 10.0.0.215 "POST /v2.0/subnets HTTP/1.1" status: 201 len: 888 time: 0.9156611
2026-05-09 22:54:15.087 10 WARNING neutron.scheduler.dhcp_agent_scheduler [None req-471ec2c6-d7f2-4968-83cc-d42a4349f95e c7f4c3622e714d97b96efbe6b10cc920 1b11aa16d92a47598aee9b59aded5ee6 - - default default] No more DHCP agents
2026-05-09 22:54:15.090 10 WARNING neutron.api.rpc.agentnotifiers.dhcp_rpc_agent_api [None req-471ec2c6-d7f2-4968-83cc-d42a4349f95e c7f4c3622e714d97b96efbe6b10cc920 1b11aa16d92a47598aee9b59aded5ee6 - - default default] Unable to schedule network dd77156a-d597-4965-965d-4901f4b6085c: no agents available; will retry on subsequent port and subnet creation events.
2026-05-09 22:54:15.146 9 INFO neutron.db.ovn_revision_numbers_db [req-141cc2a7-176c-4aca-9192-bcfbf39f90cf req-98796feb-79e8-477a-88c4-355aab7f1b4c dada8693956849ee8022963b17121c13 f29778f5e7b04a78b4648de20ee8f0a7 - - default default] Successfully bumped revision number for resource 05b883cf-cf39-4299-af8c-e6af98abb75a (type: ports) to 7
2026-05-09 22:54:15.160 9 INFO neutron.api.wsgi [req-141cc2a7-176c-4aca-9192-bcfbf39f90cf req-98796feb-79e8-477a-88c4-355aab7f1b4c dada8693956849ee8022963b17121c13 f29778f5e7b04a78b4648de20ee8f0a7 - - default default] 199.204.45.250 "PUT /v2.0/ports/05b883cf-cf39-4299-af8c-e6af98abb75a HTTP/1.1" status: 200 len: 1171 time: 0.7286348
2026-05-09 22:54:15.198 9 INFO neutron.notifiers.nova [-] Nova event matching ['req-d7cf1d38-0f20-4ef0-95a0-23121cc5f91f'] response: {'name': 'network-changed', 'server_uuid': 'ec49d7e9-e4d9-4323-ba9b-b0a76698da7c', 'tag': '05b883cf-cf39-4299-af8c-e6af98abb75a', 'status': 'completed', 'code': 200}
2026-05-09 22:54:15.217 10 INFO neutron.db.ovn_revision_numbers_db [None req-471ec2c6-d7f2-4968-83cc-d42a4349f95e c7f4c3622e714d97b96efbe6b10cc920 1b11aa16d92a47598aee9b59aded5ee6 - - default default] Successfully bumped revision number for resource 77cee7ee-70de-4b4a-bb03-9741eec5498d (type: ports) to 1
2026-05-09 22:54:15.268 10 INFO neutron.api.wsgi [None req-471ec2c6-d7f2-4968-83cc-d42a4349f95e c7f4c3622e714d97b96efbe6b10cc920 1b11aa16d92a47598aee9b59aded5ee6 - - default default] 10.0.0.215 "POST /v2.0/networks HTTP/1.1" status: 201 len: 833 time: 0.6759968 /var/lib/openstack/lib/python3.12/site-packages/pycadf/identifier.py:71: UserWarning: Invalid uuid: neutron. To ensure interoperability, identifiers should be a valid uuid. warnings.warn(('Invalid uuid: %s. To ensure interoperability, '
2026-05-09 22:54:15.279 9 WARNING neutron_lib.context [None req-1fca0f1e-7ab1-4439-bade-618c21d2fab0 c7f4c3622e714d97b96efbe6b10cc920 1b11aa16d92a47598aee9b59aded5ee6 - - default default] Method 'is_advsvc' is deprecated since 2023.2 release (neutron-lib 3.8.0) and will be removed once support for the old RBAC API policies will be removed from Neutron. Please use method 'is_service_role' instead.
2026-05-09 22:54:15.280 9 INFO neutron.db.ovn_revision_numbers_db [None req-bbf1f7e0-786e-482f-a06c-43e8a95d4d6a 9bbc180c5a484edf9128827656385cd9 2bc46190b2394f9ea24c0ef16398a7b9 - - default default] Successfully bumped revision number for resource 7b65f14d-09e5-461b-b06e-ea058ba64eeb (type: ports) to 1
2026-05-09 22:54:15.332 10 INFO neutron.db.ovn_revision_numbers_db [None req-a8d59eba-b9ed-4721-9373-032f5bf29dcc - - - - - -] Successfully bumped revision number for resource 40e6b20c-ec8a-44cb-babc-76bbf579c517 (type: ports) to 5
2026-05-09 22:54:15.347 9 WARNING neutron.scheduler.dhcp_agent_scheduler [None req-bbf1f7e0-786e-482f-a06c-43e8a95d4d6a 9bbc180c5a484edf9128827656385cd9 2bc46190b2394f9ea24c0ef16398a7b9 - - default default] No more DHCP agents
2026-05-09 22:54:15.349 9 WARNING neutron.api.rpc.agentnotifiers.dhcp_rpc_agent_api [None req-bbf1f7e0-786e-482f-a06c-43e8a95d4d6a 9bbc180c5a484edf9128827656385cd9 2bc46190b2394f9ea24c0ef16398a7b9 - - default default] Unable to schedule network d9ab592e-1ecf-4e7c-b90f-e95dd575fb74: no agents available; will retry on subsequent port and subnet creation events.
2026-05-09 22:54:15.483 10 WARNING neutron.scheduler.dhcp_agent_scheduler [None req-d2d8b969-25b3-4e93-ab54-14b154847e6e 9bbc180c5a484edf9128827656385cd9 2bc46190b2394f9ea24c0ef16398a7b9 - - default default] No more DHCP agents
2026-05-09 22:54:15.485 10 WARNING neutron.api.rpc.agentnotifiers.dhcp_rpc_agent_api [None req-d2d8b969-25b3-4e93-ab54-14b154847e6e 9bbc180c5a484edf9128827656385cd9 2bc46190b2394f9ea24c0ef16398a7b9 - - default default] Unable to schedule network f4d52246-a3b8-4661-9e5f-42f941348a2a: no agents available; will retry on subsequent port and subnet creation events.
2026-05-09 22:54:15.492 9 WARNING neutron.scheduler.dhcp_agent_scheduler [None req-1fca0f1e-7ab1-4439-bade-618c21d2fab0 c7f4c3622e714d97b96efbe6b10cc920 1b11aa16d92a47598aee9b59aded5ee6 - - default default] No more DHCP agents
2026-05-09 22:54:15.493 9 WARNING neutron.api.rpc.agentnotifiers.dhcp_rpc_agent_api [None req-1fca0f1e-7ab1-4439-bade-618c21d2fab0 c7f4c3622e714d97b96efbe6b10cc920 1b11aa16d92a47598aee9b59aded5ee6 - - default default] Unable to schedule network 1e8d4b63-bd73-4721-abf9-fc27235a9511: no agents available; will retry on subsequent port and subnet creation events.
2026-05-09 22:54:15.531 9 INFO neutron.db.ovn_revision_numbers_db [None req-1fca0f1e-7ab1-4439-bade-618c21d2fab0 c7f4c3622e714d97b96efbe6b10cc920 1b11aa16d92a47598aee9b59aded5ee6 - - default default] Successfully bumped revision number for resource b91c2c5e-63e2-4d09-88f9-b9a907ae3bb2 (type: subnets) to 0
2026-05-09 22:54:15.545 9 INFO neutron.api.wsgi [None req-1fca0f1e-7ab1-4439-bade-618c21d2fab0 c7f4c3622e714d97b96efbe6b10cc920 1b11aa16d92a47598aee9b59aded5ee6 - - default default] 10.0.0.215 "POST /v2.0/subnets HTTP/1.1" status: 201 len: 845 time: 0.2721243
2026-05-09 22:54:15.554 9 WARNING neutron_lib.context [None req-9641dc3f-87b2-4d42-a2dc-f7ab0580e9cc c7f4c3622e714d97b96efbe6b10cc920 1b11aa16d92a47598aee9b59aded5ee6 - - default default] Method 'is_advsvc' is deprecated since 2023.2 release (neutron-lib 3.8.0) and will be removed once support for the old RBAC API policies will be removed from Neutron. Please use method 'is_service_role' instead.
2026-05-09 22:54:15.612 10 INFO neutron.db.ovn_revision_numbers_db [None req-d2d8b969-25b3-4e93-ab54-14b154847e6e 9bbc180c5a484edf9128827656385cd9 2bc46190b2394f9ea24c0ef16398a7b9 - - default default] Successfully bumped revision number for resource 0f798e13-6047-495c-84ef-ae0c837ca5b4 (type: ports) to 1
2026-05-09 22:54:15.726 9 INFO neutron.api.wsgi [req-141cc2a7-176c-4aca-9192-bcfbf39f90cf req-2d8c765d-5c8c-4702-83ed-9a6f36d5dfe3 5cddc22acd2a45c495bbf03e23def64f 95c991d61fd74039a97361e703a045b9 - - b74fb1e0c7fc469a8132ce3fe1e367c8 b74fb1e0c7fc469a8132ce3fe1e367c8] 199.204.45.250 "GET /v2.0/ports?tenant_id=f29778f5e7b04a78b4648de20ee8f0a7&device_id=ec49d7e9-e4d9-4323-ba9b-b0a76698da7c HTTP/1.1" status: 200 len: 1413 time: 0.0562994
2026-05-09 22:54:15.802 9 INFO neutron.api.wsgi [req-141cc2a7-176c-4aca-9192-bcfbf39f90cf req-c3936a93-559e-461a-8620-0a15e5eeea93 5cddc22acd2a45c495bbf03e23def64f 95c991d61fd74039a97361e703a045b9 - - b74fb1e0c7fc469a8132ce3fe1e367c8 b74fb1e0c7fc469a8132ce3fe1e367c8] 199.204.45.250 "GET /v2.0/networks?id=75136c03-e8fc-4b5b-adb3-5f620b39ba2b HTTP/1.1" status: 200 len: 982 time: 0.0710289
2026-05-09 22:54:15.864 9 INFO neutron.api.wsgi [req-141cc2a7-176c-4aca-9192-bcfbf39f90cf req-fa92bfe1-17ad-4835-af40-206d2eb42448 5cddc22acd2a45c495bbf03e23def64f 95c991d61fd74039a97361e703a045b9 - - b74fb1e0c7fc469a8132ce3fe1e367c8 b74fb1e0c7fc469a8132ce3fe1e367c8] 199.204.45.250 "GET /v2.0/floatingips?fixed_ip_address=10.100.0.10&port_id=05b883cf-cf39-4299-af8c-e6af98abb75a HTTP/1.1" status: 200 len: 1060 time: 0.0575054
2026-05-09 22:54:15.881 9 WARNING neutron.scheduler.dhcp_agent_scheduler [None req-9641dc3f-87b2-4d42-a2dc-f7ab0580e9cc c7f4c3622e714d97b96efbe6b10cc920 1b11aa16d92a47598aee9b59aded5ee6 - - default default] No more DHCP agents
2026-05-09 22:54:15.886 9 WARNING neutron.api.rpc.agentnotifiers.dhcp_rpc_agent_api [None req-9641dc3f-87b2-4d42-a2dc-f7ab0580e9cc c7f4c3622e714d97b96efbe6b10cc920 1b11aa16d92a47598aee9b59aded5ee6 - - default default] Unable to schedule network dd77156a-d597-4965-965d-4901f4b6085c: no agents available; will retry on subsequent port and subnet creation events.
2026-05-09 22:54:15.903 9 INFO neutron.api.wsgi [req-141cc2a7-176c-4aca-9192-bcfbf39f90cf req-1bb98a93-4c35-46f7-9b75-0bf1113074c8 5cddc22acd2a45c495bbf03e23def64f 95c991d61fd74039a97361e703a045b9 - - b74fb1e0c7fc469a8132ce3fe1e367c8 b74fb1e0c7fc469a8132ce3fe1e367c8] 199.204.45.250 "GET /v2.0/subnets?id=64031b0b-d133-4297-8c4f-9b2ce12b93ee HTTP/1.1" status: 200 len: 901 time: 0.0302944
2026-05-09 22:54:15.927 9 INFO neutron.api.wsgi [req-141cc2a7-176c-4aca-9192-bcfbf39f90cf req-1fe9553b-3353-40c6-8e01-d45c7b215dba 5cddc22acd2a45c495bbf03e23def64f 95c991d61fd74039a97361e703a045b9 - - b74fb1e0c7fc469a8132ce3fe1e367c8 b74fb1e0c7fc469a8132ce3fe1e367c8] 199.204.45.250 "GET /v2.0/ports?network_id=75136c03-e8fc-4b5b-adb3-5f620b39ba2b&device_owner=network%3Adhcp HTTP/1.1" status: 200 len: 210 time: 0.0197604
2026-05-09 22:54:15.929 9 INFO neutron.db.ovn_revision_numbers_db [None req-9641dc3f-87b2-4d42-a2dc-f7ab0580e9cc c7f4c3622e714d97b96efbe6b10cc920 1b11aa16d92a47598aee9b59aded5ee6 - - default default] Successfully bumped revision number for resource 17a21e31-3d0a-41ac-9b53-ee169f5112f9 (type: subnets) to 0
2026-05-09 22:54:15.953 9 INFO neutron.api.wsgi [None req-9641dc3f-87b2-4d42-a2dc-f7ab0580e9cc c7f4c3622e714d97b96efbe6b10cc920 1b11aa16d92a47598aee9b59aded5ee6 - - default default] 10.0.0.215 "POST /v2.0/subnets HTTP/1.1" status: 201 len: 854 time: 0.4024882
2026-05-09 22:54:15.966 10 WARNING neutron_lib.context [None req-7ca1b503-9ae3-41da-aa72-add18bcc2e4f c7f4c3622e714d97b96efbe6b10cc920 1b11aa16d92a47598aee9b59aded5ee6 - - default default] Method 'is_advsvc' is deprecated since 2023.2 release (neutron-lib 3.8.0) and will be removed once support for the old RBAC API policies will be removed from Neutron. Please use method 'is_service_role' instead.
2026-05-09 22:54:15.995 9 INFO neutron.api.wsgi [req-141cc2a7-176c-4aca-9192-bcfbf39f90cf req-bf0e1460-3999-4491-ab3a-fa77d1e8d86e 5cddc22acd2a45c495bbf03e23def64f 95c991d61fd74039a97361e703a045b9 - - b74fb1e0c7fc469a8132ce3fe1e367c8 b74fb1e0c7fc469a8132ce3fe1e367c8] 199.204.45.250 "GET /v2.0/networks/75136c03-e8fc-4b5b-adb3-5f620b39ba2b?fields=segments HTTP/1.1" status: 200 len: 212 time: 0.0629056
2026-05-09 22:54:16.058 9 INFO neutron.api.wsgi [req-141cc2a7-176c-4aca-9192-bcfbf39f90cf req-88b9a3ad-6932-4da8-a15d-037bf513a01f 5cddc22acd2a45c495bbf03e23def64f 95c991d61fd74039a97361e703a045b9 - - b74fb1e0c7fc469a8132ce3fe1e367c8 b74fb1e0c7fc469a8132ce3fe1e367c8] 199.204.45.250 "GET /v2.0/networks/75136c03-e8fc-4b5b-adb3-5f620b39ba2b?fields=provider%3Aphysical_network&fields=provider%3Anetwork_type HTTP/1.1" status: 200 len: 277 time: 0.0530484
2026-05-09 22:54:16.091 10 INFO neutron.db.ovn_revision_numbers_db [None req-7ca1b503-9ae3-41da-aa72-add18bcc2e4f c7f4c3622e714d97b96efbe6b10cc920 1b11aa16d92a47598aee9b59aded5ee6 - - default default] Successfully bumped revision number for resource 31bb969d-af62-41c9-a425-6f79710819f1 (type: routers) to 1
2026-05-09 22:54:16.099 9 INFO neutron.db.ovn_revision_numbers_db [None req-bbf1f7e0-786e-482f-a06c-43e8a95d4d6a 9bbc180c5a484edf9128827656385cd9 2bc46190b2394f9ea24c0ef16398a7b9 - - default default] Successfully bumped revision number for resource 7b65f14d-09e5-461b-b06e-ea058ba64eeb (type: router_ports) to 1
2026-05-09 22:54:16.104 9 INFO neutron.api.wsgi [None req-bbf1f7e0-786e-482f-a06c-43e8a95d4d6a 9bbc180c5a484edf9128827656385cd9 2bc46190b2394f9ea24c0ef16398a7b9 - - default default] 10.0.0.215 "PUT /v2.0/routers/a05fb76a-7067-4d55-a569-e7a66a197050/add_router_interface HTTP/1.1" status: 200 len: 503 time: 2.2366667
2026-05-09 22:54:16.131 10 INFO neutron.api.wsgi [None req-7ca1b503-9ae3-41da-aa72-add18bcc2e4f c7f4c3622e714d97b96efbe6b10cc920 1b11aa16d92a47598aee9b59aded5ee6 - - default default] 10.0.0.215 "POST /v2.0/routers HTTP/1.1" status: 201 len: 806 time: 0.1710410
2026-05-09 22:54:16.196 10 INFO neutron.plugins.ml2.drivers.ovn.mech_driver.ovsdb.commands [None req-6e73a8a0-88c9-4889-ab62-76e1d71f363c - - - - - -] Schedule LRP lrp-0f798e13-6047-495c-84ef-ae0c837ca5b4 on gateway 838ac59a-4787-49ed-9e9b-71871336c82e with priority 1
2026-05-09 22:54:16.225 10 INFO neutron.plugins.ml2.drivers.ovn.mech_driver.ovsdb.ovsdb_monitor [None req-a8d59eba-b9ed-4721-9373-032f5bf29dcc - - - - - -] Router 1980d424-95d4-4d56-8238-10f54ae8d394 is bound to host instance
2026-05-09 22:54:16.425 10 INFO neutron.db.ovn_revision_numbers_db [None req-d2d8b969-25b3-4e93-ab54-14b154847e6e 9bbc180c5a484edf9128827656385cd9 2bc46190b2394f9ea24c0ef16398a7b9 - - default default] Successfully bumped revision number for resource 0f798e13-6047-495c-84ef-ae0c837ca5b4 (type: router_ports) to 1
2026-05-09 22:54:16.493 10 INFO neutron.db.ovn_revision_numbers_db [None req-d2d8b969-25b3-4e93-ab54-14b154847e6e 9bbc180c5a484edf9128827656385cd9 2bc46190b2394f9ea24c0ef16398a7b9 - - default default] Successfully bumped revision number for resource 1980d424-95d4-4d56-8238-10f54ae8d394 (type: routers) to 2
2026-05-09 22:54:16.509 10 INFO neutron.api.wsgi [None req-d2d8b969-25b3-4e93-ab54-14b154847e6e 9bbc180c5a484edf9128827656385cd9 2bc46190b2394f9ea24c0ef16398a7b9 - - default default] 10.0.0.215 "POST /v2.0/routers HTTP/1.1" status: 201 len: 1166 time: 1.4746537
2026-05-09 22:54:16.539 9 WARNING neutron.scheduler.dhcp_agent_scheduler [None req-9d47a8ee-7f36-491e-8f76-89ca5a1676bc c7f4c3622e714d97b96efbe6b10cc920 1b11aa16d92a47598aee9b59aded5ee6 - - default default] No more DHCP agents
2026-05-09 22:54:16.542 9 WARNING neutron.api.rpc.agentnotifiers.dhcp_rpc_agent_api [None req-9d47a8ee-7f36-491e-8f76-89ca5a1676bc c7f4c3622e714d97b96efbe6b10cc920 1b11aa16d92a47598aee9b59aded5ee6 - - default default] Unable to schedule network 1e8d4b63-bd73-4721-abf9-fc27235a9511: no agents available; will retry on subsequent port and subnet creation events.
2026-05-09 22:54:16.572 10 INFO neutron.plugins.ml2.drivers.ovn.mech_driver.mech_driver [None req-d25c6a6a-98ca-4547-a63c-00d1fe3c7349 - - - - - -] OVN reports status up for port: 7b65f14d-09e5-461b-b06e-ea058ba64eeb
2026-05-09 22:54:16.584 10 INFO neutron.plugins.ml2.plugin [None req-d25c6a6a-98ca-4547-a63c-00d1fe3c7349 - - - - - -] Attempt 1 to provision port 7b65f14d-09e5-461b-b06e-ea058ba64eeb
2026-05-09 22:54:16.655 9 INFO neutron.db.ovn_revision_numbers_db [None req-9d47a8ee-7f36-491e-8f76-89ca5a1676bc c7f4c3622e714d97b96efbe6b10cc920 1b11aa16d92a47598aee9b59aded5ee6 - - default default] Successfully bumped revision number for resource 612c713e-5e8b-4801-bca9-fc7a3cb92d53 (type: ports) to 1
2026-05-09 22:54:16.677 9 WARNING neutron_lib.context [None req-e1cc6968-a461-4c4d-ba52-c4ca9bea8026 a34849889eb6430abdfc7f32e0cd6129 ecc0a67319a542d883d3c984a2d60a6f - - default default] Method 'is_advsvc' is deprecated since 2023.2 release (neutron-lib 3.8.0) and will be removed once support for the old RBAC API policies will be removed from Neutron. Please use method 'is_service_role' instead.
2026-05-09 22:54:16.820 9 INFO neutron.db.ovn_revision_numbers_db [None req-e1cc6968-a461-4c4d-ba52-c4ca9bea8026 a34849889eb6430abdfc7f32e0cd6129 ecc0a67319a542d883d3c984a2d60a6f - - default default] Successfully bumped revision number for resource 5ce6275a-86f4-4a52-89dd-b4170abc86b8 (type: security_groups) to 1
2026-05-09 22:54:16.833 9 INFO neutron.db.ovn_revision_numbers_db [None req-e1cc6968-a461-4c4d-ba52-c4ca9bea8026 a34849889eb6430abdfc7f32e0cd6129 ecc0a67319a542d883d3c984a2d60a6f - - default default] Successfully bumped revision number for resource 0ebaebaf-d859-46d9-8b39-a3f850725946 (type: security_group_rules) to 0
2026-05-09 22:54:16.855 9 INFO neutron.db.ovn_revision_numbers_db [None req-e1cc6968-a461-4c4d-ba52-c4ca9bea8026 a34849889eb6430abdfc7f32e0cd6129 ecc0a67319a542d883d3c984a2d60a6f - - default default] Successfully bumped revision number for resource 1c201a6e-930e-4bac-9222-c72e96111d2c (type: security_group_rules) to 0
2026-05-09 22:54:16.916 9 INFO neutron.api.wsgi [None req-e1cc6968-a461-4c4d-ba52-c4ca9bea8026 a34849889eb6430abdfc7f32e0cd6129 ecc0a67319a542d883d3c984a2d60a6f - - default default] 10.0.0.215 "POST /v2.0/security-groups HTTP/1.1" status: 201 len: 1861 time: 0.2443938
2026-05-09 22:54:16.926 10 WARNING neutron_lib.context [None req-c609572b-3c00-4aaf-b4d8-9a2c90819213 a34849889eb6430abdfc7f32e0cd6129 ecc0a67319a542d883d3c984a2d60a6f - - default default] Method 'is_advsvc' is deprecated since 2023.2 release (neutron-lib 3.8.0) and will be removed once support for the old RBAC API policies will be removed from Neutron. Please use method 'is_service_role' instead.
2026-05-09 22:54:17.073 9 INFO neutron.plugins.ml2.drivers.ovn.mech_driver.mech_driver [None req-c18977d7-e740-4e48-9177-8cd4ea6ff12e - - - - - -] OVN reports status up for port: 612c713e-5e8b-4801-bca9-fc7a3cb92d53
2026-05-09 22:54:17.090 9 INFO neutron.plugins.ml2.plugin [None req-c18977d7-e740-4e48-9177-8cd4ea6ff12e - - - - - -] Attempt 1 to provision port 612c713e-5e8b-4801-bca9-fc7a3cb92d53
2026-05-09 22:54:17.106 9 INFO neutron.db.ovn_revision_numbers_db [None req-9d47a8ee-7f36-491e-8f76-89ca5a1676bc c7f4c3622e714d97b96efbe6b10cc920 1b11aa16d92a47598aee9b59aded5ee6 - - default default] Successfully bumped revision number for resource 612c713e-5e8b-4801-bca9-fc7a3cb92d53 (type: ports) to 1
2026-05-09 22:54:17.134 9 INFO neutron.api.wsgi [req-36eca4a3-4aee-481e-8379-07d0c1a9feaa req-fef55ab3-aaa8-424d-9170-d7fc44a58c57 5cddc22acd2a45c495bbf03e23def64f 95c991d61fd74039a97361e703a045b9 - - b74fb1e0c7fc469a8132ce3fe1e367c8 b74fb1e0c7fc469a8132ce3fe1e367c8] 199.204.45.250 "GET /v2.0/ports?tenant_id=f29778f5e7b04a78b4648de20ee8f0a7&device_id=ec49d7e9-e4d9-4323-ba9b-b0a76698da7c HTTP/1.1" status: 200 len: 1413 time: 0.0548058
2026-05-09 22:54:17.155 10 INFO neutron.db.ovn_revision_numbers_db [None req-c684b429-a911-4201-af1c-14e1132414fc - - - - - -] Successfully bumped revision number for resource 0f798e13-6047-495c-84ef-ae0c837ca5b4 (type: ports) to 1
2026-05-09 22:54:17.210 10 WARNING neutron.scheduler.dhcp_agent_scheduler [None req-d2b27f5b-c3a0-4c6c-b5a0-c65c25151271 9bbc180c5a484edf9128827656385cd9 2bc46190b2394f9ea24c0ef16398a7b9 - - default default] No more DHCP agents
2026-05-09 22:54:17.219 10 WARNING neutron.api.rpc.agentnotifiers.dhcp_rpc_agent_api [None req-d2b27f5b-c3a0-4c6c-b5a0-c65c25151271 9bbc180c5a484edf9128827656385cd9 2bc46190b2394f9ea24c0ef16398a7b9 - - default default] Unable to schedule network 95c7f210-4e8d-4bd7-b148-5c84a6b29eab: no agents available; will retry on subsequent port and subnet creation events.
2026-05-09 22:54:17.230 9 INFO neutron.api.wsgi [req-36eca4a3-4aee-481e-8379-07d0c1a9feaa req-ea5cc3db-8343-41b2-b151-08c89c3de0cd 5cddc22acd2a45c495bbf03e23def64f 95c991d61fd74039a97361e703a045b9 - - b74fb1e0c7fc469a8132ce3fe1e367c8 b74fb1e0c7fc469a8132ce3fe1e367c8] 199.204.45.250 "GET /v2.0/networks?id=75136c03-e8fc-4b5b-adb3-5f620b39ba2b HTTP/1.1" status: 200 len: 982 time: 0.0908935
2026-05-09 22:54:17.231 9 WARNING neutron.scheduler.dhcp_agent_scheduler [None req-9d47a8ee-7f36-491e-8f76-89ca5a1676bc c7f4c3622e714d97b96efbe6b10cc920 1b11aa16d92a47598aee9b59aded5ee6 - - default default] No more DHCP agents
2026-05-09 22:54:17.234 9 WARNING neutron.api.rpc.agentnotifiers.dhcp_rpc_agent_api [None req-9d47a8ee-7f36-491e-8f76-89ca5a1676bc c7f4c3622e714d97b96efbe6b10cc920 1b11aa16d92a47598aee9b59aded5ee6 - - default default] Unable to schedule network 1e8d4b63-bd73-4721-abf9-fc27235a9511: no agents available; will retry on subsequent port and subnet creation events.
2026-05-09 22:54:17.244 10 INFO neutron.db.ovn_revision_numbers_db [None req-c609572b-3c00-4aaf-b4d8-9a2c90819213 a34849889eb6430abdfc7f32e0cd6129 ecc0a67319a542d883d3c984a2d60a6f - - default default] Successfully bumped revision number for resource 65c873e4-a43f-47da-9465-9b2b3d7e7bf8 (type: security_group_rules) to 0
2026-05-09 22:54:17.249 10 INFO neutron.db.ovn_revision_numbers_db [None req-d25c6a6a-98ca-4547-a63c-00d1fe3c7349 - - - - - -] Successfully bumped revision number for resource 7b65f14d-09e5-461b-b06e-ea058ba64eeb (type: ports) to 2
2026-05-09 22:54:17.276 9 INFO neutron.api.wsgi [req-155f163a-1104-4720-9bb3-2f24e3a3d9e4 req-bdeab9f6-6a6d-4038-927c-faa0de1d0420 dada8693956849ee8022963b17121c13 f29778f5e7b04a78b4648de20ee8f0a7 - - default default] 10.0.0.116 "GET /v2.0/ports?device_id=ec49d7e9-e4d9-4323-ba9b-b0a76698da7c HTTP/1.1" status: 200 len: 1174 time: 0.1344228
2026-05-09 22:54:17.313 10 INFO neutron.api.wsgi [None req-c609572b-3c00-4aaf-b4d8-9a2c90819213 a34849889eb6430abdfc7f32e0cd6129 ecc0a67319a542d883d3c984a2d60a6f - - default default] 10.0.0.215 "POST /v2.0/security-group-rules HTTP/1.1" status: 201 len: 796 time: 0.3925874
2026-05-09 22:54:17.329 10 WARNING neutron_lib.context [None req-a78cfa24-e820-4428-a4ec-d2a3b0c04400 a34849889eb6430abdfc7f32e0cd6129 ecc0a67319a542d883d3c984a2d60a6f - - default default] Method 'is_advsvc' is deprecated since 2023.2 release (neutron-lib 3.8.0) and will be removed once support for the old RBAC API policies will be removed from Neutron. Please use method 'is_service_role' instead.
2026-05-09 22:54:17.331 9 INFO neutron.api.wsgi [req-36eca4a3-4aee-481e-8379-07d0c1a9feaa req-51395267-b1fd-41e3-ae80-8b9e266a338d 5cddc22acd2a45c495bbf03e23def64f 95c991d61fd74039a97361e703a045b9 - - b74fb1e0c7fc469a8132ce3fe1e367c8 b74fb1e0c7fc469a8132ce3fe1e367c8] 199.204.45.250 "GET /v2.0/floatingips?fixed_ip_address=10.100.0.10&port_id=05b883cf-cf39-4299-af8c-e6af98abb75a HTTP/1.1" status: 200 len: 1060 time: 0.0936432
2026-05-09 22:54:17.364 9 INFO neutron.api.wsgi [req-155f163a-1104-4720-9bb3-2f24e3a3d9e4 req-7c7f6498-a85a-46de-b336-bd1da1889680 dada8693956849ee8022963b17121c13 f29778f5e7b04a78b4648de20ee8f0a7 - - default default] 10.0.0.116 "GET /v2.0/security-groups?id=e7a35455-d586-428c-8909-b6ed8656f3bc&fields=id&fields=name HTTP/1.1" status: 200 len: 312 time: 0.0820985
2026-05-09 22:54:17.375 9 INFO neutron.api.wsgi [req-36eca4a3-4aee-481e-8379-07d0c1a9feaa req-e3c1a6a6-7b3b-4fb6-b1b4-7735596e31eb 5cddc22acd2a45c495bbf03e23def64f 95c991d61fd74039a97361e703a045b9 - - b74fb1e0c7fc469a8132ce3fe1e367c8 b74fb1e0c7fc469a8132ce3fe1e367c8] 199.204.45.250 "GET /v2.0/subnets?id=64031b0b-d133-4297-8c4f-9b2ce12b93ee HTTP/1.1" status: 200 len: 901 time: 0.0371251
2026-05-09 22:54:17.402 9 INFO neutron.api.wsgi [req-36eca4a3-4aee-481e-8379-07d0c1a9feaa req-bed40b1c-cba8-4e91-8c3f-96e036dc7b41 5cddc22acd2a45c495bbf03e23def64f 95c991d61fd74039a97361e703a045b9 - - b74fb1e0c7fc469a8132ce3fe1e367c8 b74fb1e0c7fc469a8132ce3fe1e367c8] 199.204.45.250 "GET /v2.0/ports?network_id=75136c03-e8fc-4b5b-adb3-5f620b39ba2b&device_owner=network%3Adhcp HTTP/1.1" status: 200 len: 210 time: 0.0211112
2026-05-09 22:54:17.459 9 INFO neutron.api.wsgi [req-36eca4a3-4aee-481e-8379-07d0c1a9feaa req-7d0999ba-6685-4491-9929-bcd1301ee161 5cddc22acd2a45c495bbf03e23def64f 95c991d61fd74039a97361e703a045b9 - - b74fb1e0c7fc469a8132ce3fe1e367c8 b74fb1e0c7fc469a8132ce3fe1e367c8] 199.204.45.250 "GET /v2.0/networks/75136c03-e8fc-4b5b-adb3-5f620b39ba2b?fields=segments HTTP/1.1" status: 200 len: 212 time: 0.0491247
2026-05-09 22:54:17.460 10 INFO neutron.db.ovn_revision_numbers_db [None req-d2b27f5b-c3a0-4c6c-b5a0-c65c25151271 9bbc180c5a484edf9128827656385cd9 2bc46190b2394f9ea24c0ef16398a7b9 - - default default] Successfully bumped revision number for resource 4df39803-9d37-4588-b4f0-2340917532e5 (type: ports) to 1
2026-05-09 22:54:17.535 9 INFO neutron.api.wsgi [req-36eca4a3-4aee-481e-8379-07d0c1a9feaa req-acd92e5b-6efb-474f-bafe-bd19ef502294 5cddc22acd2a45c495bbf03e23def64f 95c991d61fd74039a97361e703a045b9 - - b74fb1e0c7fc469a8132ce3fe1e367c8 b74fb1e0c7fc469a8132ce3fe1e367c8] 199.204.45.250 "GET /v2.0/networks/75136c03-e8fc-4b5b-adb3-5f620b39ba2b?fields=provider%3Aphysical_network&fields=provider%3Anetwork_type HTTP/1.1" status: 200 len: 277 time: 0.0706022
2026-05-09 22:54:17.556 10 INFO neutron.db.ovn_revision_numbers_db [None req-a78cfa24-e820-4428-a4ec-d2a3b0c04400 a34849889eb6430abdfc7f32e0cd6129 ecc0a67319a542d883d3c984a2d60a6f - - default default] Successfully bumped revision number for resource 824e84fd-f0c1-45df-b1e7-bb3d3c702e4a (type: security_group_rules) to 0
2026-05-09 22:54:17.558 9 INFO neutron.db.ovn_revision_numbers_db [None req-9d47a8ee-7f36-491e-8f76-89ca5a1676bc c7f4c3622e714d97b96efbe6b10cc920 1b11aa16d92a47598aee9b59aded5ee6 - - default default] Successfully bumped revision number for resource 612c713e-5e8b-4801-bca9-fc7a3cb92d53 (type: router_ports) to 1
2026-05-09 22:54:17.563 9 INFO neutron.api.wsgi [None req-9d47a8ee-7f36-491e-8f76-89ca5a1676bc c7f4c3622e714d97b96efbe6b10cc920 1b11aa16d92a47598aee9b59aded5ee6 - - default default] 10.0.0.215 "PUT /v2.0/routers/31bb969d-af62-41c9-a425-6f79710819f1/add_router_interface HTTP/1.1" status: 200 len: 503 time: 1.4261982
2026-05-09 22:54:17.604 9 INFO neutron.api.wsgi [None req-2550c463-f8d3-4764-a371-d705f1e76caf c7f4c3622e714d97b96efbe6b10cc920 1b11aa16d92a47598aee9b59aded5ee6 - - default default] 10.0.0.215 "GET /v2.0/ports/612c713e-5e8b-4801-bca9-fc7a3cb92d53 HTTP/1.1" status: 200 len: 1141 time: 0.0360515
2026-05-09 22:54:17.611 10 INFO neutron.api.wsgi [None req-a78cfa24-e820-4428-a4ec-d2a3b0c04400 a34849889eb6430abdfc7f32e0cd6129 ecc0a67319a542d883d3c984a2d60a6f - - default default] 10.0.0.215 "POST /v2.0/security-group-rules HTTP/1.1" status: 201 len: 801 time: 0.2896163
2026-05-09 22:54:17.622 9 WARNING neutron_lib.context [None req-be5b1d78-4153-4ed8-b14b-3c390f260003 a34849889eb6430abdfc7f32e0cd6129 ecc0a67319a542d883d3c984a2d60a6f - - default default] Method 'is_advsvc' is deprecated since 2023.2 release (neutron-lib 3.8.0) and will be removed once support for the old RBAC API policies will be removed from Neutron. Please use method 'is_service_role' instead.
2026-05-09 22:54:17.689 9 INFO neutron.db.ovn_revision_numbers_db [None req-c18977d7-e740-4e48-9177-8cd4ea6ff12e - - - - - -] Successfully bumped revision number for resource 612c713e-5e8b-4801-bca9-fc7a3cb92d53 (type: ports) to 2
2026-05-09 22:54:17.782 10 INFO neutron.db.ovn_revision_numbers_db [None req-c684b429-a911-4201-af1c-14e1132414fc - - - - - -] Successfully bumped revision number for resource 0f798e13-6047-495c-84ef-ae0c837ca5b4 (type: ports) to 4
2026-05-09 22:54:17.896 9 WARNING neutron.scheduler.dhcp_agent_scheduler [None req-be5b1d78-4153-4ed8-b14b-3c390f260003 a34849889eb6430abdfc7f32e0cd6129 ecc0a67319a542d883d3c984a2d60a6f - - default default] No more DHCP agents
2026-05-09 22:54:17.897 9 WARNING neutron.api.rpc.agentnotifiers.dhcp_rpc_agent_api [None req-be5b1d78-4153-4ed8-b14b-3c390f260003 a34849889eb6430abdfc7f32e0cd6129 ecc0a67319a542d883d3c984a2d60a6f - - default default] Unable to schedule network f4d52246-a3b8-4661-9e5f-42f941348a2a: no agents available; will retry on subsequent port and subnet creation events.
2026-05-09 22:54:18.017 9 INFO neutron.api.wsgi [-] 10.0.0.115 "GET / HTTP/1.1" status: 200 len: 247 time: 0.0024664
2026-05-09 22:54:18.019 9 INFO neutron.api.wsgi [-] 10.0.0.115 "GET / HTTP/1.1" status: 200 len: 247 time: 0.0010388
2026-05-09 22:54:18.177 9 INFO neutron.api.wsgi [None req-be5b1d78-4153-4ed8-b14b-3c390f260003 a34849889eb6430abdfc7f32e0cd6129 ecc0a67319a542d883d3c984a2d60a6f - - default default] 10.0.0.215 "POST /v2.0/floatingips HTTP/1.1" status: 201 len: 751 time: 0.5613418
2026-05-09 22:54:18.593 9 INFO neutron.api.wsgi [req-7acde4b4-f483-4978-95ef-91bf068ec466 req-13dc0cb3-6ec6-4c67-964c-81a224c0a917 a34849889eb6430abdfc7f32e0cd6129 ecc0a67319a542d883d3c984a2d60a6f - - default default] 10.0.0.116 "GET /v2.0/security-groups?name=tempest-securitygroup--1198452300&fields=id&tenant_id=ecc0a67319a542d883d3c984a2d60a6f HTTP/1.1" status: 200 len: 267 time: 0.0294070
2026-05-09 22:54:18.635 9 INFO neutron.api.wsgi [req-7acde4b4-f483-4978-95ef-91bf068ec466 req-a3e5345f-ad9e-4d97-b2d9-4885f2dd7079 a34849889eb6430abdfc7f32e0cd6129 ecc0a67319a542d883d3c984a2d60a6f - - default default] 10.0.0.116 "GET /v2.0/networks?id=d9ab592e-1ecf-4e7c-b90f-e95dd575fb74 HTTP/1.1" status: 200 len: 874 time: 0.0368934
2026-05-09 22:54:18.657 9 INFO neutron.api.wsgi [req-7acde4b4-f483-4978-95ef-91bf068ec466 req-3f11b24a-3d54-4446-b90c-407737e9c372 a34849889eb6430abdfc7f32e0cd6129 ecc0a67319a542d883d3c984a2d60a6f - - default default] 10.0.0.116 "GET /v2.0/quotas/ecc0a67319a542d883d3c984a2d60a6f HTTP/1.1" status: 200 len: 491 time: 0.0147491
2026-05-09 22:54:18.750 9 INFO neutron.api.wsgi [req-7acde4b4-f483-4978-95ef-91bf068ec466 req-989c2153-a4a0-4ef9-806a-c59c87bfdf86 a34849889eb6430abdfc7f32e0cd6129 ecc0a67319a542d883d3c984a2d60a6f - - default default] 10.0.0.116 "GET /v2.0/ports?tenant_id=ecc0a67319a542d883d3c984a2d60a6f&fields=id HTTP/1.1" status: 200 len: 302 time: 0.0860353
2026-05-09 22:54:18.753 10 INFO neutron.api.wsgi [req-c60661e7-6b96-42d4-8c83-86525d0a42ac req-b6f565a1-ff54-442c-acb0-dd9de541e72c dada8693956849ee8022963b17121c13 f29778f5e7b04a78b4648de20ee8f0a7 - - default default] 10.0.0.116 "GET /v2.0/ports?device_id=ec49d7e9-e4d9-4323-ba9b-b0a76698da7c HTTP/1.1" status: 200 len: 1174 time: 0.1586151
2026-05-09 22:54:18.779 10 WARNING neutron.scheduler.dhcp_agent_scheduler [None req-6f9b898d-3ba5-43bd-9a09-0f821491a3f9 c7f4c3622e714d97b96efbe6b10cc920 1b11aa16d92a47598aee9b59aded5ee6 - - default default] No more DHCP agents
2026-05-09 22:54:18.787 10 WARNING neutron.api.rpc.agentnotifiers.dhcp_rpc_agent_api [None req-6f9b898d-3ba5-43bd-9a09-0f821491a3f9 c7f4c3622e714d97b96efbe6b10cc920 1b11aa16d92a47598aee9b59aded5ee6 - - default default] Unable to schedule network dd77156a-d597-4965-965d-4901f4b6085c: no agents available; will retry on subsequent port and subnet creation events.
2026-05-09 22:54:18.802 10 INFO neutron.db.ovn_revision_numbers_db [None req-c684b429-a911-4201-af1c-14e1132414fc - - - - - -] Successfully bumped revision number for resource 0f798e13-6047-495c-84ef-ae0c837ca5b4 (type: ports) to 5
2026-05-09 22:54:18.818 9 INFO neutron.api.wsgi [req-7acde4b4-f483-4978-95ef-91bf068ec466 req-81161989-b5fa-4a46-97d7-e68afd47a251 5cddc22acd2a45c495bbf03e23def64f 95c991d61fd74039a97361e703a045b9 - - b74fb1e0c7fc469a8132ce3fe1e367c8 b74fb1e0c7fc469a8132ce3fe1e367c8] 10.0.0.116 "GET /v2.0/networks/d9ab592e-1ecf-4e7c-b90f-e95dd575fb74?fields=segments HTTP/1.1" status: 200 len: 212 time: 0.0478365
2026-05-09 22:54:18.839 10 INFO neutron.api.wsgi [req-c60661e7-6b96-42d4-8c83-86525d0a42ac req-27793182-21ce-4fb1-86fc-aec71a6ea647 dada8693956849ee8022963b17121c13 f29778f5e7b04a78b4648de20ee8f0a7 - - default default] 10.0.0.116 "GET /v2.0/security-groups?id=e7a35455-d586-428c-8909-b6ed8656f3bc&fields=id&fields=name HTTP/1.1" status: 200 len: 312 time: 0.0759511
2026-05-09 22:54:18.866 9 INFO neutron.api.wsgi [req-7acde4b4-f483-4978-95ef-91bf068ec466 req-2d8bdcaf-38f5-49b1-8a0b-8c414cc2e6b3 5cddc22acd2a45c495bbf03e23def64f 95c991d61fd74039a97361e703a045b9 - - b74fb1e0c7fc469a8132ce3fe1e367c8 b74fb1e0c7fc469a8132ce3fe1e367c8] 10.0.0.116 "GET /v2.0/networks/d9ab592e-1ecf-4e7c-b90f-e95dd575fb74?fields=provider%3Aphysical_network&fields=provider%3Anetwork_type HTTP/1.1" status: 200 len: 277 time: 0.0418534
2026-05-09 22:54:18.928 9 INFO neutron.api.wsgi [req-965c56ae-777a-44b2-bb0f-97ba465fbd11 req-8d3ce5fa-4446-4827-a8f6-221e5dc14280 dada8693956849ee8022963b17121c13 f29778f5e7b04a78b4648de20ee8f0a7 - - default default] 199.204.45.250 "GET /v2.0/ports?device_id=ec49d7e9-e4d9-4323-ba9b-b0a76698da7c HTTP/1.1" status: 200 len: 1174 time: 0.0383708
2026-05-09 22:54:18.935 10 INFO neutron.db.ovn_revision_numbers_db [None req-6f9b898d-3ba5-43bd-9a09-0f821491a3f9 c7f4c3622e714d97b96efbe6b10cc920 1b11aa16d92a47598aee9b59aded5ee6 - - default default] Successfully bumped revision number for resource 17708ca2-ac4e-4c37-bbf7-43724715753a (type: ports) to 1
2026-05-09 22:54:18.947 10 INFO neutron.db.ovn_revision_numbers_db [None req-d2b27f5b-c3a0-4c6c-b5a0-c65c25151271 9bbc180c5a484edf9128827656385cd9 2bc46190b2394f9ea24c0ef16398a7b9 - - default default] Successfully bumped revision number for resource 4df39803-9d37-4588-b4f0-2340917532e5 (type: ports) to 1
2026-05-09 22:54:18.995 10 INFO neutron.api.wsgi [req-096e96e3-7906-4fc5-9e0d-a057bf1f2a22 req-90cf120a-c575-480b-9cb7-9ef9fdf64a56 a34849889eb6430abdfc7f32e0cd6129 ecc0a67319a542d883d3c984a2d60a6f - - default default] 10.0.0.116 "GET /v2.0/ports?device_id=f02f2ca6-1118-4f9d-9cca-4a5b1b912f85 HTTP/1.1" status: 200 len: 210 time: 0.0188973
2026-05-09 22:54:19.026 10 WARNING neutron.scheduler.dhcp_agent_scheduler [None req-d2b27f5b-c3a0-4c6c-b5a0-c65c25151271 9bbc180c5a484edf9128827656385cd9 2bc46190b2394f9ea24c0ef16398a7b9 - - default default] No more DHCP agents
2026-05-09 22:54:19.027 10 WARNING neutron.api.rpc.agentnotifiers.dhcp_rpc_agent_api [None req-d2b27f5b-c3a0-4c6c-b5a0-c65c25151271 9bbc180c5a484edf9128827656385cd9 2bc46190b2394f9ea24c0ef16398a7b9 - - default default] Unable to schedule network 95c7f210-4e8d-4bd7-b148-5c84a6b29eab: no agents available; will retry on subsequent port and subnet creation events.
