2026-05-09 22:52:02.359 10 INFO neutron.api.wsgi [None req-6c5c0972-68a4-4a04-a426-aeacf830c69a 9bbc180c5a484edf9128827656385cd9 2bc46190b2394f9ea24c0ef16398a7b9 - - default default] 10.0.0.126 "GET /v2.0/agents HTTP/1.1" status: 200 len: 1390 time: 0.0100930
2026-05-09 22:52:02.371 10 INFO neutron.api.wsgi [None req-90cfdb2f-ddae-4fc3-80b7-b54e71aee4e4 9bbc180c5a484edf9128827656385cd9 2bc46190b2394f9ea24c0ef16398a7b9 - - default default] 10.0.0.126 "GET /v2.0/floatingips HTTP/1.1" status: 200 len: 193 time: 0.0106645
2026-05-09 22:52:02.404 10 INFO neutron.api.wsgi [None req-4f072cb6-6f80-4cb9-9a30-80d5bb282cad 9bbc180c5a484edf9128827656385cd9 2bc46190b2394f9ea24c0ef16398a7b9 - - default default] 10.0.0.126 "GET /v2.0/ports HTTP/1.1" status: 200 len: 5343 time: 0.0325127
2026-05-09 22:52:02.419 10 INFO neutron.api.wsgi [None req-f4ad2fae-db12-4afe-bb1b-83d084f56c1e 9bbc180c5a484edf9128827656385cd9 2bc46190b2394f9ea24c0ef16398a7b9 - - default default] 10.0.0.126 "GET /v2.0/network-ip-availabilities HTTP/1.1" status: 200 len: 1280 time: 0.0104861
2026-05-09 22:52:03.017 10 INFO neutron.api.wsgi [-] 10.0.0.115 "GET / HTTP/1.1" status: 200 len: 247 time: 0.0024047
2026-05-09 22:52:03.018 9 INFO neutron.api.wsgi [-] 10.0.0.115 "GET / HTTP/1.1" status: 200 len: 247 time: 0.0027337
2026-05-09 22:52:18.017 10 INFO neutron.api.wsgi [-] 10.0.0.115 "GET / HTTP/1.1" status: 200 len: 247 time: 0.0023501
2026-05-09 22:52:18.021 10 INFO neutron.api.wsgi [-] 10.0.0.115 "GET / HTTP/1.1" status: 200 len: 247 time: 0.0027497
2026-05-09 22:52:32.068 10 INFO neutron.api.wsgi [None req-4693eeca-251f-477e-aed3-0e6f665d3e6f 9bbc180c5a484edf9128827656385cd9 2bc46190b2394f9ea24c0ef16398a7b9 - - default default] 199.204.45.250,10.0.0.115 "GET /v2.0/networks?name=public HTTP/1.1" status: 200 len: 928 time: 0.0857894
2026-05-09 22:52:33.015 10 INFO neutron.api.wsgi [-] 10.0.0.115 "GET / HTTP/1.1" status: 200 len: 247 time: 0.0012970
2026-05-09 22:52:33.017 10 INFO neutron.api.wsgi [-] 10.0.0.115 "GET / HTTP/1.1" status: 200 len: 247 time: 0.0008640
2026-05-09 22:52:48.017 10 INFO neutron.api.wsgi [-] 10.0.0.115 "GET / HTTP/1.1" status: 200 len: 247 time: 0.0021424
2026-05-09 22:52:48.018 9 INFO neutron.api.wsgi [-] 10.0.0.115 "GET / HTTP/1.1" status: 200 len: 247 time: 0.0032220
2026-05-09 22:53:02.327 10 INFO neutron.api.wsgi [None req-4da33cfd-4df4-4714-9720-648ae121c605 9bbc180c5a484edf9128827656385cd9 2bc46190b2394f9ea24c0ef16398a7b9 - - default default] 10.0.0.126 "GET /v2.0/security-groups HTTP/1.1" status: 200 len: 17570 time: 0.1400223
2026-05-09 22:53:02.368 10 INFO neutron.api.wsgi [None req-7f847a30-21a3-4bfb-b227-eeee7b62fb30 9bbc180c5a484edf9128827656385cd9 2bc46190b2394f9ea24c0ef16398a7b9 - - default default] 10.0.0.126 "GET /v2.0/subnets HTTP/1.1" status: 200 len: 1484 time: 0.0282040
2026-05-09 22:53:02.376 10 INFO neutron.api.wsgi [None req-9ce8e12a-5e43-4ef2-a766-d228c1d2384e 9bbc180c5a484edf9128827656385cd9 2bc46190b2394f9ea24c0ef16398a7b9 - - default default] 10.0.0.126 "GET /v2.0/subnetpools HTTP/1.1" status: 200 len: 193 time: 0.0064247
2026-05-09 22:53:02.387 10 INFO neutron.api.wsgi [None req-db76302e-f0ea-40d3-a568-c911d6045f22 9bbc180c5a484edf9128827656385cd9 2bc46190b2394f9ea24c0ef16398a7b9 - - default default] 10.0.0.126 "GET /v2.0/floatingips HTTP/1.1" status: 200 len: 193 time: 0.0103290
2026-05-09 22:53:02.409 10 INFO neutron.api.wsgi [None req-80d7260d-5d3c-4bc1-b8c4-3acb1d2965f8 9bbc180c5a484edf9128827656385cd9 2bc46190b2394f9ea24c0ef16398a7b9 - - default default] 10.0.0.126 "GET /v2.0/subnets HTTP/1.1" status: 200 len: 1484 time: 0.0214314
2026-05-09 22:53:02.422 10 INFO neutron.api.wsgi [None req-c6ba73fb-67f4-4b95-81ea-d86a0e78e307 9bbc180c5a484edf9128827656385cd9 2bc46190b2394f9ea24c0ef16398a7b9 - - default default] 10.0.0.126 "GET /v2.0/routers HTTP/1.1" status: 200 len: 189 time: 0.0110030
2026-05-09 22:53:02.454 10 INFO neutron.api.wsgi [None req-ac94019b-fe8f-48c8-81c4-b0fe5f9618ac 9bbc180c5a484edf9128827656385cd9 2bc46190b2394f9ea24c0ef16398a7b9 - - default default] 10.0.0.126 "GET /v2.0/agents?binary=ovn-controller HTTP/1.1" status: 200 len: 591 time: 0.0321898
2026-05-09 22:53:02.465 10 INFO neutron.api.wsgi [None req-aa4b4a68-9c74-46f1-97b8-1c313591ac7c 9bbc180c5a484edf9128827656385cd9 2bc46190b2394f9ea24c0ef16398a7b9 - - default default] 10.0.0.126 "GET /v2.0/agents HTTP/1.1" status: 200 len: 1390 time: 0.0096774
2026-05-09 22:53:02.475 10 INFO neutron.api.wsgi [None req-f1881505-0944-49d7-a6df-6043243cfa47 9bbc180c5a484edf9128827656385cd9 2bc46190b2394f9ea24c0ef16398a7b9 - - default default] 10.0.0.126 "GET /v2.0/network-ip-availabilities HTTP/1.1" status: 200 len: 1280 time: 0.0088534
2026-05-09 22:53:02.520 10 INFO neutron.api.wsgi [None req-88010c20-de39-4d22-9e14-699669310529 9bbc180c5a484edf9128827656385cd9 2bc46190b2394f9ea24c0ef16398a7b9 - - default default] 10.0.0.126 "GET /v2.0/networks HTTP/1.1" status: 200 len: 2349 time: 0.0437136
2026-05-09 22:53:02.562 10 INFO neutron.api.wsgi [None req-659e12a9-c8b0-4265-a7d7-ec1b476b1510 9bbc180c5a484edf9128827656385cd9 2bc46190b2394f9ea24c0ef16398a7b9 - - default default] 10.0.0.126 "GET /v2.0/ports HTTP/1.1" status: 200 len: 5343 time: 0.0393059
2026-05-09 22:53:03.017 10 INFO neutron.api.wsgi [-] 10.0.0.115 "GET / HTTP/1.1" status: 200 len: 247 time: 0.0028529
2026-05-09 22:53:03.020 10 INFO neutron.api.wsgi [-] 10.0.0.115 "GET / HTTP/1.1" status: 200 len: 247 time: 0.0014861
2026-05-09 22:53:10.115 10 INFO neutron.api.wsgi [None req-9eac314c-8bdb-47c7-9b27-f133a8e07efa 9bbc180c5a484edf9128827656385cd9 2bc46190b2394f9ea24c0ef16398a7b9 - - default default] 10.0.0.215 "GET /v2.0/networks HTTP/1.1" status: 200 len: 2368 time: 0.0752540
2026-05-09 22:53:11.296 9 INFO neutron.api.wsgi [None req-44b33b38-62f4-4326-a04c-4f42639f759c 9bbc180c5a484edf9128827656385cd9 2bc46190b2394f9ea24c0ef16398a7b9 - - default default] 10.0.0.215 "GET /v2.0/floatingips HTTP/1.1" status: 200 len: 212 time: 0.0722914
2026-05-09 22:53:11.314 10 INFO neutron.api.wsgi [None req-4d58a85b-1e55-4f37-81c3-560b3201b93d 9bbc180c5a484edf9128827656385cd9 2bc46190b2394f9ea24c0ef16398a7b9 - - default default] 10.0.0.215 "GET /v2.0/routers HTTP/1.1" status: 200 len: 208 time: 0.0131555
2026-05-09 22:53:11.353 10 INFO neutron.api.wsgi [None req-126fe03a-df49-4c29-ad04-a8c349d4dd69 9bbc180c5a484edf9128827656385cd9 2bc46190b2394f9ea24c0ef16398a7b9 - - default default] 10.0.0.215 "GET /v2.0/ports HTTP/1.1" status: 200 len: 5362 time: 0.0359938
2026-05-09 22:53:11.376 10 INFO neutron.api.wsgi [None req-2653ca5a-1b0c-4c43-9df0-f6cd0b9445be 9bbc180c5a484edf9128827656385cd9 2bc46190b2394f9ea24c0ef16398a7b9 - - default default] 10.0.0.215 "GET /v2.0/subnets HTTP/1.1" status: 200 len: 1503 time: 0.0185659
2026-05-09 22:53:11.424 10 INFO neutron.api.wsgi [None req-dbb019ab-4f96-4c45-9ab4-e6c98777d908 9bbc180c5a484edf9128827656385cd9 2bc46190b2394f9ea24c0ef16398a7b9 - - default default] 10.0.0.215 "GET /v2.0/networks HTTP/1.1" status: 200 len: 2368 time: 0.0423932
2026-05-09 22:53:11.455 10 INFO neutron.api.wsgi [None req-ed45d944-32a1-46d8-8026-a52d5e0f19fb 9bbc180c5a484edf9128827656385cd9 2bc46190b2394f9ea24c0ef16398a7b9 - - default default] 10.0.0.215 "GET /v2.0/security-groups HTTP/1.1" status: 200 len: 17589 time: 0.0267518
2026-05-09 22:53:11.467 10 INFO neutron.api.wsgi [None req-5ff5ae1c-0dcc-44f9-9369-c62fd092de3e 9bbc180c5a484edf9128827656385cd9 2bc46190b2394f9ea24c0ef16398a7b9 - - default default] 10.0.0.215 "GET /v2.0/subnetpools HTTP/1.1" status: 200 len: 212 time: 0.0061438
2026-05-09 22:53:18.017 9 INFO neutron.api.wsgi [-] 10.0.0.115 "GET / HTTP/1.1" status: 200 len: 247 time: 0.0022919
2026-05-09 22:53:18.017 10 INFO neutron.api.wsgi [-] 10.0.0.115 "GET / HTTP/1.1" status: 200 len: 247 time: 0.0026505
2026-05-09 22:53:22.381 10 INFO neutron.db.ovn_revision_numbers_db [None req-b0323c99-18a8-42af-8531-bf4fdcad86f2 9bbc180c5a484edf9128827656385cd9 2bc46190b2394f9ea24c0ef16398a7b9 - - default default] Successfully bumped revision number for resource dc5f4203-ca93-4b6f-aff0-0ee8b7af1713 (type: security_groups) to 1
2026-05-09 22:53:22.391 10 INFO neutron.db.ovn_revision_numbers_db [None req-4f6451a6-27f5-4cac-aea5-b0248279dba5 9bbc180c5a484edf9128827656385cd9 2bc46190b2394f9ea24c0ef16398a7b9 - - default default] Successfully bumped revision number for resource 2e61edc1-88d1-4f91-9f3e-f14b34069b20 (type: security_groups) to 1
2026-05-09 22:53:22.396 10 INFO neutron.db.ovn_revision_numbers_db [None req-b0323c99-18a8-42af-8531-bf4fdcad86f2 9bbc180c5a484edf9128827656385cd9 2bc46190b2394f9ea24c0ef16398a7b9 - - default default] Successfully bumped revision number for resource 27c92df8-3277-4dff-9102-7b2ea3c9ad4a (type: security_group_rules) to 0
2026-05-09 22:53:22.402 10 INFO neutron.db.ovn_revision_numbers_db [None req-4f6451a6-27f5-4cac-aea5-b0248279dba5 9bbc180c5a484edf9128827656385cd9 2bc46190b2394f9ea24c0ef16398a7b9 - - default default] Successfully bumped revision number for resource 3347533d-5aea-4895-b156-028b867670ad (type: security_group_rules) to 0
2026-05-09 22:53:22.415 10 INFO neutron.db.ovn_revision_numbers_db [None req-b0323c99-18a8-42af-8531-bf4fdcad86f2 9bbc180c5a484edf9128827656385cd9 2bc46190b2394f9ea24c0ef16398a7b9 - - default default] Successfully bumped revision number for resource 44abe3e0-7479-47c4-876c-0c4626a366b9 (type: security_group_rules) to 0
2026-05-09 22:53:22.417 10 INFO neutron.db.ovn_revision_numbers_db [None req-4f6451a6-27f5-4cac-aea5-b0248279dba5 9bbc180c5a484edf9128827656385cd9 2bc46190b2394f9ea24c0ef16398a7b9 - - default default] Successfully bumped revision number for resource a28960e6-f904-4f87-a815-232d34a8b4b7 (type: security_group_rules) to 0
2026-05-09 22:53:22.426 10 INFO neutron.db.ovn_revision_numbers_db [None req-b0323c99-18a8-42af-8531-bf4fdcad86f2 9bbc180c5a484edf9128827656385cd9 2bc46190b2394f9ea24c0ef16398a7b9 - - default default] Successfully bumped revision number for resource c2b4ca2c-4dad-4adf-a257-5ed03fe87735 (type: security_group_rules) to 0
2026-05-09 22:53:22.430 10 INFO neutron.db.ovn_revision_numbers_db [None req-4f6451a6-27f5-4cac-aea5-b0248279dba5 9bbc180c5a484edf9128827656385cd9 2bc46190b2394f9ea24c0ef16398a7b9 - - default default] Successfully bumped revision number for resource b989d82f-7757-42d4-80c8-26ae1fdb52e4 (type: security_group_rules) to 0
2026-05-09 22:53:22.438 10 INFO neutron.db.ovn_revision_numbers_db [None req-b0323c99-18a8-42af-8531-bf4fdcad86f2 9bbc180c5a484edf9128827656385cd9 2bc46190b2394f9ea24c0ef16398a7b9 - - default default] Successfully bumped revision number for resource d1ebc7fd-d7b9-420a-b6fa-0fc1ddccb7fb (type: security_group_rules) to 0
2026-05-09 22:53:22.443 10 INFO neutron.db.ovn_revision_numbers_db [None req-4f6451a6-27f5-4cac-aea5-b0248279dba5 9bbc180c5a484edf9128827656385cd9 2bc46190b2394f9ea24c0ef16398a7b9 - - default default] Successfully bumped revision number for resource f89220d7-f953-4d12-82b7-e1bc69ab4799 (type: security_group_rules) to 0
2026-05-09 22:53:22.591 10 INFO neutron.db.segments_db [None req-4f6451a6-27f5-4cac-aea5-b0248279dba5 9bbc180c5a484edf9128827656385cd9 2bc46190b2394f9ea24c0ef16398a7b9 - - default default] Added segment bfd5ae3b-5bbf-4ef7-8240-f3d18a59a7b1 of type geneve for network 3f7b3de5-9d1b-4b0a-89a9-a42247b9dbbc
2026-05-09 22:53:22.592 10 INFO neutron.db.segments_db [None req-b0323c99-18a8-42af-8531-bf4fdcad86f2 9bbc180c5a484edf9128827656385cd9 2bc46190b2394f9ea24c0ef16398a7b9 - - default default] Added segment 1dc8ef1c-a6cf-459c-a1ca-50ae003e1ad3 of type geneve for network 80ad792b-9a0c-4014-99b5-43f5ae519f99
2026-05-09 22:53:22.715 10 INFO neutron.db.ovn_revision_numbers_db [None req-4f6451a6-27f5-4cac-aea5-b0248279dba5 9bbc180c5a484edf9128827656385cd9 2bc46190b2394f9ea24c0ef16398a7b9 - - default default] Successfully bumped revision number for resource 3f7b3de5-9d1b-4b0a-89a9-a42247b9dbbc (type: networks) to 1
2026-05-09 22:53:22.722 10 INFO neutron.db.ovn_revision_numbers_db [None req-b0323c99-18a8-42af-8531-bf4fdcad86f2 9bbc180c5a484edf9128827656385cd9 2bc46190b2394f9ea24c0ef16398a7b9 - - default default] Successfully bumped revision number for resource 80ad792b-9a0c-4014-99b5-43f5ae519f99 (type: networks) to 1
2026-05-09 22:53:22.870 10 WARNING neutron.scheduler.dhcp_agent_scheduler [None req-4f6451a6-27f5-4cac-aea5-b0248279dba5 9bbc180c5a484edf9128827656385cd9 2bc46190b2394f9ea24c0ef16398a7b9 - - default default] No more DHCP agents
2026-05-09 22:53:22.871 10 WARNING neutron.api.rpc.agentnotifiers.dhcp_rpc_agent_api [None req-4f6451a6-27f5-4cac-aea5-b0248279dba5 9bbc180c5a484edf9128827656385cd9 2bc46190b2394f9ea24c0ef16398a7b9 - - default default] Unable to schedule network 3f7b3de5-9d1b-4b0a-89a9-a42247b9dbbc: no agents available; will retry on subsequent port and subnet creation events.
2026-05-09 22:53:22.873 10 WARNING neutron.scheduler.dhcp_agent_scheduler [None req-b0323c99-18a8-42af-8531-bf4fdcad86f2 9bbc180c5a484edf9128827656385cd9 2bc46190b2394f9ea24c0ef16398a7b9 - - default default] No more DHCP agents
2026-05-09 22:53:22.874 10 WARNING neutron.api.rpc.agentnotifiers.dhcp_rpc_agent_api [None req-b0323c99-18a8-42af-8531-bf4fdcad86f2 9bbc180c5a484edf9128827656385cd9 2bc46190b2394f9ea24c0ef16398a7b9 - - default default] Unable to schedule network 80ad792b-9a0c-4014-99b5-43f5ae519f99: no agents available; will retry on subsequent port and subnet creation events.
2026-05-09 22:53:22.936 10 INFO neutron.db.ovn_revision_numbers_db [None req-4f6451a6-27f5-4cac-aea5-b0248279dba5 9bbc180c5a484edf9128827656385cd9 2bc46190b2394f9ea24c0ef16398a7b9 - - default default] Successfully bumped revision number for resource 6041e95b-6279-412c-857d-e1d3ae91d6be (type: ports) to 1
2026-05-09 22:53:22.942 10 INFO neutron.db.ovn_revision_numbers_db [None req-b0323c99-18a8-42af-8531-bf4fdcad86f2 9bbc180c5a484edf9128827656385cd9 2bc46190b2394f9ea24c0ef16398a7b9 - - default default] Successfully bumped revision number for resource cc0497b7-d592-402c-978b-ea70e3d179d5 (type: ports) to 1
2026-05-09 22:53:22.955 10 INFO neutron.api.wsgi [None req-4f6451a6-27f5-4cac-aea5-b0248279dba5 9bbc180c5a484edf9128827656385cd9 2bc46190b2394f9ea24c0ef16398a7b9 - - default default] 10.0.0.215 "POST /v2.0/networks HTTP/1.1" status: 201 len: 946 time: 0.7556469
2026-05-09 22:53:22.958 10 INFO neutron.api.wsgi [None req-b0323c99-18a8-42af-8531-bf4fdcad86f2 9bbc180c5a484edf9128827656385cd9 2bc46190b2394f9ea24c0ef16398a7b9 - - default default] 10.0.0.215 "POST /v2.0/networks HTTP/1.1" status: 201 len: 951 time: 0.8695149
2026-05-09 22:53:23.098 10 WARNING neutron.scheduler.dhcp_agent_scheduler [None req-9e2e85e3-be01-43ba-b5bf-84cbb5434141 9bbc180c5a484edf9128827656385cd9 2bc46190b2394f9ea24c0ef16398a7b9 - - default default] No more DHCP agents
2026-05-09 22:53:23.100 10 WARNING neutron.api.rpc.agentnotifiers.dhcp_rpc_agent_api [None req-9e2e85e3-be01-43ba-b5bf-84cbb5434141 9bbc180c5a484edf9128827656385cd9 2bc46190b2394f9ea24c0ef16398a7b9 - - default default] Unable to schedule network 3f7b3de5-9d1b-4b0a-89a9-a42247b9dbbc: no agents available; will retry on subsequent port and subnet creation events.
2026-05-09 22:53:23.158 9 WARNING neutron.scheduler.dhcp_agent_scheduler [None req-389567bb-c771-4bd8-af20-0c279e994ef1 9bbc180c5a484edf9128827656385cd9 2bc46190b2394f9ea24c0ef16398a7b9 - - default default] No more DHCP agents
2026-05-09 22:53:23.159 9 WARNING neutron.api.rpc.agentnotifiers.dhcp_rpc_agent_api [None req-389567bb-c771-4bd8-af20-0c279e994ef1 9bbc180c5a484edf9128827656385cd9 2bc46190b2394f9ea24c0ef16398a7b9 - - default default] Unable to schedule network 80ad792b-9a0c-4014-99b5-43f5ae519f99: no agents available; will retry on subsequent port and subnet creation events.
2026-05-09 22:53:23.361 10 INFO neutron.db.ovn_revision_numbers_db [None req-efb67cd7-fd2f-42d1-bbff-728983559615 9bbc180c5a484edf9128827656385cd9 2bc46190b2394f9ea24c0ef16398a7b9 - - default default] Successfully bumped revision number for resource 96378396-39d6-4cb9-a47d-a729a3ad79a8 (type: security_groups) to 1
2026-05-09 22:53:23.377 10 INFO neutron.db.ovn_revision_numbers_db [None req-efb67cd7-fd2f-42d1-bbff-728983559615 9bbc180c5a484edf9128827656385cd9 2bc46190b2394f9ea24c0ef16398a7b9 - - default default] Successfully bumped revision number for resource 051fdefc-2bdb-4078-9978-b4bdcd8a0aeb (type: security_group_rules) to 0
2026-05-09 22:53:23.393 10 INFO neutron.db.ovn_revision_numbers_db [None req-efb67cd7-fd2f-42d1-bbff-728983559615 9bbc180c5a484edf9128827656385cd9 2bc46190b2394f9ea24c0ef16398a7b9 - - default default] Successfully bumped revision number for resource b932c5b3-029a-498e-b1b1-2b123c6ffada (type: security_group_rules) to 0
2026-05-09 22:53:23.405 10 INFO neutron.db.ovn_revision_numbers_db [None req-efb67cd7-fd2f-42d1-bbff-728983559615 9bbc180c5a484edf9128827656385cd9 2bc46190b2394f9ea24c0ef16398a7b9 - - default default] Successfully bumped revision number for resource d25c0bce-ccbb-4ae4-a3a7-013b48422cde (type: security_group_rules) to 0
2026-05-09 22:53:23.424 10 INFO neutron.db.ovn_revision_numbers_db [None req-efb67cd7-fd2f-42d1-bbff-728983559615 9bbc180c5a484edf9128827656385cd9 2bc46190b2394f9ea24c0ef16398a7b9 - - default default] Successfully bumped revision number for resource f6664157-2e8f-42b5-9870-1d8ca8dcd6c1 (type: security_group_rules) to 0
2026-05-09 22:53:23.424 9 INFO neutron.db.ovn_revision_numbers_db [None req-3a8bdee0-0769-4ac8-a97e-63f3528e0925 9bbc180c5a484edf9128827656385cd9 2bc46190b2394f9ea24c0ef16398a7b9 - - default default] Successfully bumped revision number for resource 24baaa73-15df-4d8f-a496-b53df126ebb2 (type: security_groups) to 1
2026-05-09 22:53:23.452 9 INFO neutron.db.ovn_revision_numbers_db [None req-3a8bdee0-0769-4ac8-a97e-63f3528e0925 9bbc180c5a484edf9128827656385cd9 2bc46190b2394f9ea24c0ef16398a7b9 - - default default] Successfully bumped revision number for resource 4fdd545e-6416-45a0-adb7-9fc37d798882 (type: security_group_rules) to 0
2026-05-09 22:53:23.466 10 INFO neutron.api.wsgi [None req-efb67cd7-fd2f-42d1-bbff-728983559615 9bbc180c5a484edf9128827656385cd9 2bc46190b2394f9ea24c0ef16398a7b9 - - default default] 10.0.0.215 "GET /v2.0/security-groups?tenant_id=70b277054b514e17a2e6cf828593bbae&name=default HTTP/1.1" status: 200 len: 3116 time: 0.3765042
2026-05-09 22:53:23.469 9 INFO neutron.db.ovn_revision_numbers_db [None req-3a8bdee0-0769-4ac8-a97e-63f3528e0925 9bbc180c5a484edf9128827656385cd9 2bc46190b2394f9ea24c0ef16398a7b9 - - default default] Successfully bumped revision number for resource d18c19e9-8b2e-4491-b1aa-151a56bf1802 (type: security_group_rules) to 0
2026-05-09 22:53:23.492 9 INFO neutron.db.ovn_revision_numbers_db [None req-3a8bdee0-0769-4ac8-a97e-63f3528e0925 9bbc180c5a484edf9128827656385cd9 2bc46190b2394f9ea24c0ef16398a7b9 - - default default] Successfully bumped revision number for resource deffc6ba-b065-40d6-96f1-19822bf880bf (type: security_group_rules) to 0
2026-05-09 22:53:23.514 9 INFO neutron.db.ovn_revision_numbers_db [None req-3a8bdee0-0769-4ac8-a97e-63f3528e0925 9bbc180c5a484edf9128827656385cd9 2bc46190b2394f9ea24c0ef16398a7b9 - - default default] Successfully bumped revision number for resource eb9262a7-0147-40d4-990b-0195d5a3caaa (type: security_group_rules) to 0
2026-05-09 22:53:23.522 10 INFO neutron.db.ovn_revision_numbers_db [None req-6d6e90f8-7f09-49da-af18-2cfefe14c832 - - - - - -] Successfully bumped revision number for resource 6041e95b-6279-412c-857d-e1d3ae91d6be (type: ports) to 2
2026-05-09 22:53:23.548 10 INFO neutron.db.ovn_revision_numbers_db [None req-6d6e90f8-7f09-49da-af18-2cfefe14c832 - - - - - -] Successfully bumped revision number for resource 757bb1c0-232a-48d8-a78f-3a0fd29947d8 (type: subnets) to 0
2026-05-09 22:53:23.576 10 INFO neutron.api.wsgi [None req-9e2e85e3-be01-43ba-b5bf-84cbb5434141 9bbc180c5a484edf9128827656385cd9 2bc46190b2394f9ea24c0ef16398a7b9 - - default default] 10.0.0.215 "POST /v2.0/subnets HTTP/1.1" status: 201 len: 890 time: 0.6154561
2026-05-09 22:53:23.595 9 INFO neutron.api.wsgi [None req-3a8bdee0-0769-4ac8-a97e-63f3528e0925 9bbc180c5a484edf9128827656385cd9 2bc46190b2394f9ea24c0ef16398a7b9 - - default default] 10.0.0.215 "GET /v2.0/security-groups?tenant_id=f0510da9b6e04f9088471d625c3311f6&name=default HTTP/1.1" status: 200 len: 3116 time: 0.4721558
2026-05-09 22:53:23.812 9 INFO neutron.db.ovn_revision_numbers_db [None req-fa045ad1-c54e-4213-93ee-bf6823358a94 - - - - - -] Successfully bumped revision number for resource cc0497b7-d592-402c-978b-ea70e3d179d5 (type: ports) to 2
2026-05-09 22:53:23.849 9 INFO neutron.api.wsgi [None req-f934972a-9b8c-447d-ac65-129c8125e337 9bbc180c5a484edf9128827656385cd9 2bc46190b2394f9ea24c0ef16398a7b9 - - default default] 10.0.0.215 "DELETE /v2.0/security-groups/96378396-39d6-4cb9-a47d-a729a3ad79a8 HTTP/1.1" status: 204 len: 168 time: 0.3761284
2026-05-09 22:53:23.853 9 INFO neutron.db.ovn_revision_numbers_db [None req-fa045ad1-c54e-4213-93ee-bf6823358a94 - - - - - -] Successfully bumped revision number for resource 83f264d7-b4f3-4d7e-9f7f-025ff91b3d9b (type: subnets) to 0
2026-05-09 22:53:23.866 9 INFO neutron.api.wsgi [None req-389567bb-c771-4bd8-af20-0c279e994ef1 9bbc180c5a484edf9128827656385cd9 2bc46190b2394f9ea24c0ef16398a7b9 - - default default] 10.0.0.215 "POST /v2.0/subnets HTTP/1.1" status: 201 len: 895 time: 0.9033477
2026-05-09 22:53:23.899 9 INFO neutron.api.wsgi [None req-b11153c8-2168-41f4-bd2c-e7d65dcc8573 9bbc180c5a484edf9128827656385cd9 2bc46190b2394f9ea24c0ef16398a7b9 - - default default] 10.0.0.215 "DELETE /v2.0/security-groups/24baaa73-15df-4d8f-a496-b53df126ebb2 HTTP/1.1" status: 204 len: 168 time: 0.2976830
2026-05-09 22:53:24.041 10 WARNING neutron.scheduler.dhcp_agent_scheduler [None req-df670b42-fc77-4df6-8db5-cac9b9af2c12 9bbc180c5a484edf9128827656385cd9 2bc46190b2394f9ea24c0ef16398a7b9 - - default default] No more DHCP agents
2026-05-09 22:53:24.043 10 WARNING neutron.api.rpc.agentnotifiers.dhcp_rpc_agent_api [None req-df670b42-fc77-4df6-8db5-cac9b9af2c12 9bbc180c5a484edf9128827656385cd9 2bc46190b2394f9ea24c0ef16398a7b9 - - default default] Unable to schedule network f4d52246-a3b8-4661-9e5f-42f941348a2a: no agents available; will retry on subsequent port and subnet creation events.
2026-05-09 22:53:24.141 10 INFO neutron.db.ovn_revision_numbers_db [None req-df670b42-fc77-4df6-8db5-cac9b9af2c12 9bbc180c5a484edf9128827656385cd9 2bc46190b2394f9ea24c0ef16398a7b9 - - default default] Successfully bumped revision number for resource 6b02d01a-c0ab-4f6f-9925-2b68cca2dc68 (type: ports) to 1
2026-05-09 22:53:24.471 9 WARNING neutron.scheduler.dhcp_agent_scheduler [None req-3924dba1-c14a-47fd-a8cf-3289032c8a25 9bbc180c5a484edf9128827656385cd9 2bc46190b2394f9ea24c0ef16398a7b9 - - default default] No more DHCP agents
2026-05-09 22:53:24.472 9 WARNING neutron.api.rpc.agentnotifiers.dhcp_rpc_agent_api [None req-3924dba1-c14a-47fd-a8cf-3289032c8a25 9bbc180c5a484edf9128827656385cd9 2bc46190b2394f9ea24c0ef16398a7b9 - - default default] Unable to schedule network f4d52246-a3b8-4661-9e5f-42f941348a2a: no agents available; will retry on subsequent port and subnet creation events.
2026-05-09 22:53:24.529 10 INFO neutron.plugins.ml2.drivers.ovn.mech_driver.ovsdb.extensions.qos [None req-df670b42-fc77-4df6-8db5-cac9b9af2c12 9bbc180c5a484edf9128827656385cd9 2bc46190b2394f9ea24c0ef16398a7b9 - - default default] Starting OVNClientQosExtension
2026-05-09 22:53:24.581 9 INFO neutron.db.ovn_revision_numbers_db [None req-3924dba1-c14a-47fd-a8cf-3289032c8a25 9bbc180c5a484edf9128827656385cd9 2bc46190b2394f9ea24c0ef16398a7b9 - - default default] Successfully bumped revision number for resource 7753cf85-4ff0-492d-88e2-e33b5df7c849 (type: ports) to 1
2026-05-09 22:53:24.853 10 INFO neutron.plugins.ml2.drivers.ovn.mech_driver.ovsdb.commands [None req-6e73a8a0-88c9-4889-ab62-76e1d71f363c - - - - - -] Schedule LRP lrp-6b02d01a-c0ab-4f6f-9925-2b68cca2dc68 on gateway 838ac59a-4787-49ed-9e9b-71871336c82e with priority 1
2026-05-09 22:53:24.866 10 INFO neutron.plugins.ml2.drivers.ovn.mech_driver.mech_driver [None req-9e5fcfa6-695d-42c0-b820-da3adb23a6a6 - - - - - -] OVN reports status up for port: 6b02d01a-c0ab-4f6f-9925-2b68cca2dc68
2026-05-09 22:53:24.878 10 INFO neutron.plugins.ml2.plugin [None req-9e5fcfa6-695d-42c0-b820-da3adb23a6a6 - - - - - -] Attempt 1 to provision port 6b02d01a-c0ab-4f6f-9925-2b68cca2dc68
2026-05-09 22:53:24.889 9 INFO neutron.plugins.ml2.drivers.ovn.mech_driver.ovsdb.ovsdb_monitor [-] Router f279f250-4580-44d0-ace5-48183efd073d is bound to host instance
2026-05-09 22:53:24.893 10 INFO neutron.db.ovn_revision_numbers_db [None req-df670b42-fc77-4df6-8db5-cac9b9af2c12 9bbc180c5a484edf9128827656385cd9 2bc46190b2394f9ea24c0ef16398a7b9 - - default default] Successfully bumped revision number for resource 6b02d01a-c0ab-4f6f-9925-2b68cca2dc68 (type: router_ports) to 1
2026-05-09 22:53:24.973 10 INFO neutron.db.ovn_revision_numbers_db [None req-df670b42-fc77-4df6-8db5-cac9b9af2c12 9bbc180c5a484edf9128827656385cd9 2bc46190b2394f9ea24c0ef16398a7b9 - - default default] Successfully bumped revision number for resource f279f250-4580-44d0-ace5-48183efd073d (type: routers) to 2
2026-05-09 22:53:24.991 10 INFO neutron.api.wsgi [None req-df670b42-fc77-4df6-8db5-cac9b9af2c12 9bbc180c5a484edf9128827656385cd9 2bc46190b2394f9ea24c0ef16398a7b9 - - default default] 10.0.0.215 "POST /v2.0/routers HTTP/1.1" status: 201 len: 1168 time: 1.4115646
2026-05-09 22:53:25.013 9 INFO neutron.plugins.ml2.drivers.ovn.mech_driver.ovsdb.extensions.qos [None req-3924dba1-c14a-47fd-a8cf-3289032c8a25 9bbc180c5a484edf9128827656385cd9 2bc46190b2394f9ea24c0ef16398a7b9 - - default default] Starting OVNClientQosExtension
2026-05-09 22:53:25.405 9 INFO neutron.plugins.ml2.drivers.ovn.mech_driver.ovsdb.commands [None req-ac74d07d-7411-40ad-85fa-169e86770b31 - - - - - -] Schedule LRP lrp-7753cf85-4ff0-492d-88e2-e33b5df7c849 on gateway 838ac59a-4787-49ed-9e9b-71871336c82e with priority 1
2026-05-09 22:53:25.412 9 INFO neutron.plugins.ml2.drivers.ovn.mech_driver.mech_driver [None req-fdae5544-a70d-418a-8d84-981fade65d47 - - - - - -] OVN reports status up for port: 7753cf85-4ff0-492d-88e2-e33b5df7c849
2026-05-09 22:53:25.436 10 INFO neutron.plugins.ml2.drivers.ovn.mech_driver.ovsdb.ovsdb_monitor [-] Router 606dbd75-6a5d-4931-a3ac-e2b71b46af2e is bound to host instance
2026-05-09 22:53:25.443 9 INFO neutron.plugins.ml2.plugin [None req-fdae5544-a70d-418a-8d84-981fade65d47 - - - - - -] Attempt 1 to provision port 7753cf85-4ff0-492d-88e2-e33b5df7c849
2026-05-09 22:53:25.449 9 INFO neutron.db.ovn_revision_numbers_db [None req-629ff43e-0220-40e2-8da4-3d8bc83df4be - - - - - -] Successfully bumped revision number for resource 6b02d01a-c0ab-4f6f-9925-2b68cca2dc68 (type: ports) to 1
2026-05-09 22:53:25.464 10 WARNING neutron.scheduler.dhcp_agent_scheduler [None req-e61c5671-e84b-450c-940b-f18112301f9b 9bbc180c5a484edf9128827656385cd9 2bc46190b2394f9ea24c0ef16398a7b9 - - default default] No more DHCP agents
2026-05-09 22:53:25.465 10 WARNING neutron.api.rpc.agentnotifiers.dhcp_rpc_agent_api [None req-e61c5671-e84b-450c-940b-f18112301f9b 9bbc180c5a484edf9128827656385cd9 2bc46190b2394f9ea24c0ef16398a7b9 - - default default] Unable to schedule network 3f7b3de5-9d1b-4b0a-89a9-a42247b9dbbc: no agents available; will retry on subsequent port and subnet creation events.
2026-05-09 22:53:25.469 9 INFO neutron.db.ovn_revision_numbers_db [None req-3924dba1-c14a-47fd-a8cf-3289032c8a25 9bbc180c5a484edf9128827656385cd9 2bc46190b2394f9ea24c0ef16398a7b9 - - default default] Successfully bumped revision number for resource 7753cf85-4ff0-492d-88e2-e33b5df7c849 (type: router_ports) to 1
2026-05-09 22:53:25.568 9 INFO neutron.db.ovn_revision_numbers_db [None req-3924dba1-c14a-47fd-a8cf-3289032c8a25 9bbc180c5a484edf9128827656385cd9 2bc46190b2394f9ea24c0ef16398a7b9 - - default default] Successfully bumped revision number for resource 606dbd75-6a5d-4931-a3ac-e2b71b46af2e (type: routers) to 2
2026-05-09 22:53:25.578 10 INFO neutron.db.ovn_revision_numbers_db [None req-e61c5671-e84b-450c-940b-f18112301f9b 9bbc180c5a484edf9128827656385cd9 2bc46190b2394f9ea24c0ef16398a7b9 - - default default] Successfully bumped revision number for resource 7456c6d4-24f1-4b11-a262-b72cd68846df (type: ports) to 1
2026-05-09 22:53:25.585 9 INFO neutron.api.wsgi [None req-3924dba1-c14a-47fd-a8cf-3289032c8a25 9bbc180c5a484edf9128827656385cd9 2bc46190b2394f9ea24c0ef16398a7b9 - - default default] 10.0.0.215 "POST /v2.0/routers HTTP/1.1" status: 201 len: 1173 time: 1.7138011
2026-05-09 22:53:25.916 9 INFO neutron.db.ovn_revision_numbers_db [None req-629ff43e-0220-40e2-8da4-3d8bc83df4be - - - - - -] Successfully bumped revision number for resource 6b02d01a-c0ab-4f6f-9925-2b68cca2dc68 (type: ports) to 4
2026-05-09 22:53:26.085 10 INFO neutron.db.ovn_revision_numbers_db [None req-5643aae6-b8e3-4aa4-a964-e9847433c78b 9bbc180c5a484edf9128827656385cd9 2bc46190b2394f9ea24c0ef16398a7b9 - - default default] Successfully bumped revision number for resource 1d1ef605-6cbb-4a0a-ba04-da2f16929aa8 (type: security_groups) to 1
2026-05-09 22:53:26.112 10 INFO neutron.db.ovn_revision_numbers_db [None req-5643aae6-b8e3-4aa4-a964-e9847433c78b 9bbc180c5a484edf9128827656385cd9 2bc46190b2394f9ea24c0ef16398a7b9 - - default default] Successfully bumped revision number for resource 4a8e20d6-aeb7-431d-a57d-0365aa412894 (type: security_group_rules) to 0
2026-05-09 22:53:26.140 10 INFO neutron.db.ovn_revision_numbers_db [None req-5643aae6-b8e3-4aa4-a964-e9847433c78b 9bbc180c5a484edf9128827656385cd9 2bc46190b2394f9ea24c0ef16398a7b9 - - default default] Successfully bumped revision number for resource 61d1bde9-2371-41ec-9188-4c88150d2bcc (type: security_group_rules) to 0
2026-05-09 22:53:26.144 9 WARNING neutron.scheduler.dhcp_agent_scheduler [None req-fa0f6517-1d14-4c23-bbdb-0ec544c2c0fc 9bbc180c5a484edf9128827656385cd9 2bc46190b2394f9ea24c0ef16398a7b9 - - default default] No more DHCP agents
2026-05-09 22:53:26.146 9 WARNING neutron.api.rpc.agentnotifiers.dhcp_rpc_agent_api [None req-fa0f6517-1d14-4c23-bbdb-0ec544c2c0fc 9bbc180c5a484edf9128827656385cd9 2bc46190b2394f9ea24c0ef16398a7b9 - - default default] Unable to schedule network 80ad792b-9a0c-4014-99b5-43f5ae519f99: no agents available; will retry on subsequent port and subnet creation events.
2026-05-09 22:53:26.162 10 INFO neutron.db.ovn_revision_numbers_db [None req-5643aae6-b8e3-4aa4-a964-e9847433c78b 9bbc180c5a484edf9128827656385cd9 2bc46190b2394f9ea24c0ef16398a7b9 - - default default] Successfully bumped revision number for resource d6ac5353-7448-456a-bd22-dc4c3d6ef47e (type: security_group_rules) to 0
2026-05-09 22:53:26.180 10 INFO neutron.db.ovn_revision_numbers_db [None req-5643aae6-b8e3-4aa4-a964-e9847433c78b 9bbc180c5a484edf9128827656385cd9 2bc46190b2394f9ea24c0ef16398a7b9 - - default default] Successfully bumped revision number for resource e179d63a-1305-4967-884a-7a03f0c3c6f9 (type: security_group_rules) to 0
2026-05-09 22:53:26.224 10 INFO neutron.db.ovn_revision_numbers_db [None req-971a05b8-26db-4297-8574-5a93acfbd27f - - - - - -] Successfully bumped revision number for resource 7753cf85-4ff0-492d-88e2-e33b5df7c849 (type: ports) to 1
2026-05-09 22:53:26.256 9 INFO neutron.db.ovn_revision_numbers_db [None req-629ff43e-0220-40e2-8da4-3d8bc83df4be - - - - - -] Successfully bumped revision number for resource 6b02d01a-c0ab-4f6f-9925-2b68cca2dc68 (type: ports) to 5
2026-05-09 22:53:26.268 9 INFO neutron.db.ovn_revision_numbers_db [None req-fa0f6517-1d14-4c23-bbdb-0ec544c2c0fc 9bbc180c5a484edf9128827656385cd9 2bc46190b2394f9ea24c0ef16398a7b9 - - default default] Successfully bumped revision number for resource 83e9df29-8750-4659-a180-ed39c40ab1db (type: ports) to 1
2026-05-09 22:53:26.277 10 INFO neutron.db.segments_db [None req-5643aae6-b8e3-4aa4-a964-e9847433c78b 9bbc180c5a484edf9128827656385cd9 2bc46190b2394f9ea24c0ef16398a7b9 - - default default] Added segment e6248466-c9bb-46cc-8864-244e5868ed2f of type geneve for network 5de22078-8fbd-4a53-9533-26025b5792f2
2026-05-09 22:53:26.481 10 INFO neutron.db.ovn_revision_numbers_db [None req-5643aae6-b8e3-4aa4-a964-e9847433c78b 9bbc180c5a484edf9128827656385cd9 2bc46190b2394f9ea24c0ef16398a7b9 - - default default] Successfully bumped revision number for resource 5de22078-8fbd-4a53-9533-26025b5792f2 (type: networks) to 1
2026-05-09 22:53:26.616 10 INFO neutron.db.ovn_revision_numbers_db [None req-e61c5671-e84b-450c-940b-f18112301f9b 9bbc180c5a484edf9128827656385cd9 2bc46190b2394f9ea24c0ef16398a7b9 - - default default] Successfully bumped revision number for resource 7456c6d4-24f1-4b11-a262-b72cd68846df (type: ports) to 1
2026-05-09 22:53:26.699 10 WARNING neutron.scheduler.dhcp_agent_scheduler [None req-e61c5671-e84b-450c-940b-f18112301f9b 9bbc180c5a484edf9128827656385cd9 2bc46190b2394f9ea24c0ef16398a7b9 - - default default] No more DHCP agents
2026-05-09 22:53:26.701 10 WARNING neutron.scheduler.dhcp_agent_scheduler [None req-5643aae6-b8e3-4aa4-a964-e9847433c78b 9bbc180c5a484edf9128827656385cd9 2bc46190b2394f9ea24c0ef16398a7b9 - - default default] No more DHCP agents
2026-05-09 22:53:26.701 10 WARNING neutron.api.rpc.agentnotifiers.dhcp_rpc_agent_api [None req-e61c5671-e84b-450c-940b-f18112301f9b 9bbc180c5a484edf9128827656385cd9 2bc46190b2394f9ea24c0ef16398a7b9 - - default default] Unable to schedule network 3f7b3de5-9d1b-4b0a-89a9-a42247b9dbbc: no agents available; will retry on subsequent port and subnet creation events.
2026-05-09 22:53:26.710 10 WARNING neutron.api.rpc.agentnotifiers.dhcp_rpc_agent_api [None req-5643aae6-b8e3-4aa4-a964-e9847433c78b 9bbc180c5a484edf9128827656385cd9 2bc46190b2394f9ea24c0ef16398a7b9 - - default default] Unable to schedule network 5de22078-8fbd-4a53-9533-26025b5792f2: no agents available; will retry on subsequent port and subnet creation events.
2026-05-09 22:53:26.744 10 INFO neutron.db.ovn_revision_numbers_db [None req-971a05b8-26db-4297-8574-5a93acfbd27f - - - - - -] Successfully bumped revision number for resource 7753cf85-4ff0-492d-88e2-e33b5df7c849 (type: ports) to 4
2026-05-09 22:53:26.804 10 INFO neutron.db.ovn_revision_numbers_db [None req-5643aae6-b8e3-4aa4-a964-e9847433c78b 9bbc180c5a484edf9128827656385cd9 2bc46190b2394f9ea24c0ef16398a7b9 - - default default] Successfully bumped revision number for resource ca21d77a-c08b-42e1-b3a4-1f9daf17c744 (type: ports) to 1
2026-05-09 22:53:26.831 10 INFO neutron.api.wsgi [None req-5643aae6-b8e3-4aa4-a964-e9847433c78b 9bbc180c5a484edf9128827656385cd9 2bc46190b2394f9ea24c0ef16398a7b9 - - default default] 10.0.0.215 "POST /v2.0/networks HTTP/1.1" status: 201 len: 949 time: 1.1861727
2026-05-09 22:53:26.886 9 INFO neutron.db.ovn_revision_numbers_db [None req-fa0f6517-1d14-4c23-bbdb-0ec544c2c0fc 9bbc180c5a484edf9128827656385cd9 2bc46190b2394f9ea24c0ef16398a7b9 - - default default] Successfully bumped revision number for resource 83e9df29-8750-4659-a180-ed39c40ab1db (type: ports) to 1
2026-05-09 22:53:26.945 9 WARNING neutron.scheduler.dhcp_agent_scheduler [None req-fa0f6517-1d14-4c23-bbdb-0ec544c2c0fc 9bbc180c5a484edf9128827656385cd9 2bc46190b2394f9ea24c0ef16398a7b9 - - default default] No more DHCP agents
2026-05-09 22:53:26.947 9 WARNING neutron.api.rpc.agentnotifiers.dhcp_rpc_agent_api [None req-fa0f6517-1d14-4c23-bbdb-0ec544c2c0fc 9bbc180c5a484edf9128827656385cd9 2bc46190b2394f9ea24c0ef16398a7b9 - - default default] Unable to schedule network 80ad792b-9a0c-4014-99b5-43f5ae519f99: no agents available; will retry on subsequent port and subnet creation events.
2026-05-09 22:53:27.070 10 WARNING neutron.scheduler.dhcp_agent_scheduler [None req-dce80806-d7d8-4857-8b43-83301f0556d2 9bbc180c5a484edf9128827656385cd9 2bc46190b2394f9ea24c0ef16398a7b9 - - default default] No more DHCP agents
2026-05-09 22:53:27.073 10 WARNING neutron.api.rpc.agentnotifiers.dhcp_rpc_agent_api [None req-dce80806-d7d8-4857-8b43-83301f0556d2 9bbc180c5a484edf9128827656385cd9 2bc46190b2394f9ea24c0ef16398a7b9 - - default default] Unable to schedule network 5de22078-8fbd-4a53-9533-26025b5792f2: no agents available; will retry on subsequent port and subnet creation events.
2026-05-09 22:53:27.219 10 INFO neutron.db.ovn_revision_numbers_db [None req-971a05b8-26db-4297-8574-5a93acfbd27f - - - - - -] Successfully bumped revision number for resource 7753cf85-4ff0-492d-88e2-e33b5df7c849 (type: ports) to 5
2026-05-09 22:53:27.478 10 INFO neutron.db.ovn_revision_numbers_db [None req-e61c5671-e84b-450c-940b-f18112301f9b 9bbc180c5a484edf9128827656385cd9 2bc46190b2394f9ea24c0ef16398a7b9 - - default default] Successfully bumped revision number for resource 7456c6d4-24f1-4b11-a262-b72cd68846df (type: router_ports) to 1
2026-05-09 22:53:27.483 10 INFO neutron.api.wsgi [None req-e61c5671-e84b-450c-940b-f18112301f9b 9bbc180c5a484edf9128827656385cd9 2bc46190b2394f9ea24c0ef16398a7b9 - - default default] 10.0.0.215 "PUT /v2.0/routers/f279f250-4580-44d0-ace5-48183efd073d/add_router_interface HTTP/1.1" status: 200 len: 503 time: 2.4885621
2026-05-09 22:53:27.603 9 INFO neutron.db.ovn_revision_numbers_db [None req-fa0f6517-1d14-4c23-bbdb-0ec544c2c0fc 9bbc180c5a484edf9128827656385cd9 2bc46190b2394f9ea24c0ef16398a7b9 - - default default] Successfully bumped revision number for resource 83e9df29-8750-4659-a180-ed39c40ab1db (type: router_ports) to 1
2026-05-09 22:53:27.610 9 INFO neutron.api.wsgi [None req-fa0f6517-1d14-4c23-bbdb-0ec544c2c0fc 9bbc180c5a484edf9128827656385cd9 2bc46190b2394f9ea24c0ef16398a7b9 - - default default] 10.0.0.215 "PUT /v2.0/routers/606dbd75-6a5d-4931-a3ac-e2b71b46af2e/add_router_interface HTTP/1.1" status: 200 len: 503 time: 2.0182285
2026-05-09 22:53:27.669 10 INFO neutron.plugins.ml2.drivers.ovn.mech_driver.mech_driver [None req-9e5fcfa6-695d-42c0-b820-da3adb23a6a6 - - - - - -] OVN reports status up for port: 7456c6d4-24f1-4b11-a262-b72cd68846df
2026-05-09 22:53:27.675 10 INFO neutron.plugins.ml2.plugin [None req-9e5fcfa6-695d-42c0-b820-da3adb23a6a6 - - - - - -] Attempt 1 to provision port 7456c6d4-24f1-4b11-a262-b72cd68846df
2026-05-09 22:53:27.691 10 INFO neutron.db.ovn_revision_numbers_db [None req-ee3e2327-c333-43ba-8449-8077f175531c - - - - - -] Successfully bumped revision number for resource ca21d77a-c08b-42e1-b3a4-1f9daf17c744 (type: ports) to 2
2026-05-09 22:53:27.721 10 INFO neutron.db.ovn_revision_numbers_db [None req-ee3e2327-c333-43ba-8449-8077f175531c - - - - - -] Successfully bumped revision number for resource 456410ef-2b48-4a1a-8e71-9d3720c9be72 (type: subnets) to 0
2026-05-09 22:53:27.735 10 INFO neutron.api.wsgi [None req-dce80806-d7d8-4857-8b43-83301f0556d2 9bbc180c5a484edf9128827656385cd9 2bc46190b2394f9ea24c0ef16398a7b9 - - default default] 10.0.0.215 "POST /v2.0/subnets HTTP/1.1" status: 201 len: 893 time: 0.8979859
2026-05-09 22:53:28.188 10 INFO neutron.db.ovn_revision_numbers_db [None req-9e5fcfa6-695d-42c0-b820-da3adb23a6a6 - - - - - -] Successfully bumped revision number for resource 7456c6d4-24f1-4b11-a262-b72cd68846df (type: ports) to 2
2026-05-09 22:53:28.280 10 WARNING neutron.scheduler.dhcp_agent_scheduler [None req-84629536-b9cd-4b4a-91d1-d48a2f2bd570 9bbc180c5a484edf9128827656385cd9 2bc46190b2394f9ea24c0ef16398a7b9 - - default default] No more DHCP agents
2026-05-09 22:53:28.281 10 WARNING neutron.api.rpc.agentnotifiers.dhcp_rpc_agent_api [None req-84629536-b9cd-4b4a-91d1-d48a2f2bd570 9bbc180c5a484edf9128827656385cd9 2bc46190b2394f9ea24c0ef16398a7b9 - - default default] Unable to schedule network f4d52246-a3b8-4661-9e5f-42f941348a2a: no agents available; will retry on subsequent port and subnet creation events.
2026-05-09 22:53:28.379 10 INFO neutron.db.ovn_revision_numbers_db [None req-84629536-b9cd-4b4a-91d1-d48a2f2bd570 9bbc180c5a484edf9128827656385cd9 2bc46190b2394f9ea24c0ef16398a7b9 - - default default] Successfully bumped revision number for resource fd7bfcad-0869-41ed-b1cf-9fc6bf84fb46 (type: ports) to 1
2026-05-09 22:53:28.644 9 WARNING neutron_lib.context [req-5fcb23f1-931a-43f6-bf5a-246deb9c6a9d req-5cbd6e85-d9f2-4821-9a55-65d6b0b616e1 3e371c504b5949e8a548001f0fa366fc 324566e4f4c3423a864557f5e6e96b0b - - default default] Method 'is_advsvc' is deprecated since 2023.2 release (neutron-lib 3.8.0) and will be removed once support for the old RBAC API policies will be removed from Neutron. Please use method 'is_service_role' instead.
2026-05-09 22:53:28.765 9 INFO neutron.db.ovn_revision_numbers_db [req-5fcb23f1-931a-43f6-bf5a-246deb9c6a9d req-5cbd6e85-d9f2-4821-9a55-65d6b0b616e1 3e371c504b5949e8a548001f0fa366fc 324566e4f4c3423a864557f5e6e96b0b - - default default] Successfully bumped revision number for resource 6c0af541-097e-4b19-8b4a-1012537fbf2a (type: security_groups) to 1
2026-05-09 22:53:28.777 9 INFO neutron.db.ovn_revision_numbers_db [req-5fcb23f1-931a-43f6-bf5a-246deb9c6a9d req-5cbd6e85-d9f2-4821-9a55-65d6b0b616e1 3e371c504b5949e8a548001f0fa366fc 324566e4f4c3423a864557f5e6e96b0b - - default default] Successfully bumped revision number for resource 7d67920f-23ec-4837-9ad4-baec79231d74 (type: security_group_rules) to 0
2026-05-09 22:53:28.789 9 INFO neutron.db.ovn_revision_numbers_db [req-5fcb23f1-931a-43f6-bf5a-246deb9c6a9d req-5cbd6e85-d9f2-4821-9a55-65d6b0b616e1 3e371c504b5949e8a548001f0fa366fc 324566e4f4c3423a864557f5e6e96b0b - - default default] Successfully bumped revision number for resource b7ad7f9f-42cf-4194-8e2e-51e9e1870632 (type: security_group_rules) to 0
2026-05-09 22:53:28.822 9 INFO neutron.api.wsgi [req-5fcb23f1-931a-43f6-bf5a-246deb9c6a9d req-5cbd6e85-d9f2-4821-9a55-65d6b0b616e1 3e371c504b5949e8a548001f0fa366fc 324566e4f4c3423a864557f5e6e96b0b - - default default] 10.0.0.116 "POST /v2.0/security-groups HTTP/1.1" status: 201 len: 1884 time: 0.3446159
2026-05-09 22:53:28.852 10 WARNING neutron_lib.context [req-56c787c4-ef54-4ff5-a342-ed5609514a15 req-fd46b17b-5978-4ac9-b867-57d42ed19d2f 5e3f9c46bcdf4793b6afc8a9f27104db f2b8f6ee7b894fffaac9acf4c904ef12 - - default default] Method 'is_advsvc' is deprecated since 2023.2 release (neutron-lib 3.8.0) and will be removed once support for the old RBAC API policies will be removed from Neutron. Please use method 'is_service_role' instead.
2026-05-09 22:53:28.856 9 WARNING neutron_lib.context [req-dbac3129-af81-4818-8b5d-e455264b4a0a req-1e2ab429-e968-4d64-aa50-8741f585e4ae 3e371c504b5949e8a548001f0fa366fc 324566e4f4c3423a864557f5e6e96b0b - - default default] Method 'is_advsvc' is deprecated since 2023.2 release (neutron-lib 3.8.0) and will be removed once support for the old RBAC API policies will be removed from Neutron. Please use method 'is_service_role' instead.
2026-05-09 22:53:28.952 10 INFO neutron.plugins.ml2.drivers.ovn.mech_driver.ovsdb.commands [None req-6e73a8a0-88c9-4889-ab62-76e1d71f363c - - - - - -] Schedule LRP lrp-fd7bfcad-0869-41ed-b1cf-9fc6bf84fb46 on gateway 838ac59a-4787-49ed-9e9b-71871336c82e with priority 1
2026-05-09 22:53:28.961 9 INFO neutron.plugins.ml2.drivers.ovn.mech_driver.mech_driver [None req-fdae5544-a70d-418a-8d84-981fade65d47 - - - - - -] OVN reports status up for port: fd7bfcad-0869-41ed-b1cf-9fc6bf84fb46
2026-05-09 22:53:28.969 9 INFO neutron.db.ovn_revision_numbers_db [req-dbac3129-af81-4818-8b5d-e455264b4a0a req-1e2ab429-e968-4d64-aa50-8741f585e4ae 3e371c504b5949e8a548001f0fa366fc 324566e4f4c3423a864557f5e6e96b0b - - default default] Successfully bumped revision number for resource 761134a3-cd9c-404d-9a58-e3aef7f8e3eb (type: security_groups) to 1
2026-05-09 22:53:28.971 9 INFO neutron.plugins.ml2.plugin [None req-fdae5544-a70d-418a-8d84-981fade65d47 - - - - - -] Attempt 1 to provision port fd7bfcad-0869-41ed-b1cf-9fc6bf84fb46
2026-05-09 22:53:28.974 10 INFO neutron.plugins.ml2.drivers.ovn.mech_driver.ovsdb.ovsdb_monitor [None req-971a05b8-26db-4297-8574-5a93acfbd27f - - - - - -] Router c4e3bd11-a383-4da1-82f2-6482f6128db0 is bound to host instance
2026-05-09 22:53:28.986 9 INFO neutron.db.ovn_revision_numbers_db [req-dbac3129-af81-4818-8b5d-e455264b4a0a req-1e2ab429-e968-4d64-aa50-8741f585e4ae 3e371c504b5949e8a548001f0fa366fc 324566e4f4c3423a864557f5e6e96b0b - - default default] Successfully bumped revision number for resource 98dec3bb-3ffc-46eb-bd5e-b214a08b6fff (type: security_group_rules) to 0
2026-05-09 22:53:28.999 10 INFO neutron.db.ovn_revision_numbers_db [req-56c787c4-ef54-4ff5-a342-ed5609514a15 req-fd46b17b-5978-4ac9-b867-57d42ed19d2f 5e3f9c46bcdf4793b6afc8a9f27104db f2b8f6ee7b894fffaac9acf4c904ef12 - - default default] Successfully bumped revision number for resource eda2bb93-056b-4146-aff2-fe2055a530d5 (type: security_groups) to 1
2026-05-09 22:53:29.001 9 INFO neutron.db.ovn_revision_numbers_db [req-dbac3129-af81-4818-8b5d-e455264b4a0a req-1e2ab429-e968-4d64-aa50-8741f585e4ae 3e371c504b5949e8a548001f0fa366fc 324566e4f4c3423a864557f5e6e96b0b - - default default] Successfully bumped revision number for resource f510b888-77fc-4561-8574-8bb90cf55647 (type: security_group_rules) to 0
2026-05-09 22:53:29.001 10 INFO neutron.db.ovn_revision_numbers_db [None req-84629536-b9cd-4b4a-91d1-d48a2f2bd570 9bbc180c5a484edf9128827656385cd9 2bc46190b2394f9ea24c0ef16398a7b9 - - default default] Successfully bumped revision number for resource fd7bfcad-0869-41ed-b1cf-9fc6bf84fb46 (type: router_ports) to 1
2026-05-09 22:53:29.025 10 INFO neutron.db.ovn_revision_numbers_db [req-56c787c4-ef54-4ff5-a342-ed5609514a15 req-fd46b17b-5978-4ac9-b867-57d42ed19d2f 5e3f9c46bcdf4793b6afc8a9f27104db f2b8f6ee7b894fffaac9acf4c904ef12 - - default default] Successfully bumped revision number for resource 40999794-cc0b-4b84-929f-29ca9fc8a16d (type: security_group_rules) to 0
2026-05-09 22:53:29.034 9 INFO neutron.api.wsgi [req-dbac3129-af81-4818-8b5d-e455264b4a0a req-1e2ab429-e968-4d64-aa50-8741f585e4ae 3e371c504b5949e8a548001f0fa366fc 324566e4f4c3423a864557f5e6e96b0b - - default default] 10.0.0.116 "POST /v2.0/security-groups HTTP/1.1" status: 201 len: 1884 time: 0.1861629
2026-05-09 22:53:29.050 10 INFO neutron.db.ovn_revision_numbers_db [req-56c787c4-ef54-4ff5-a342-ed5609514a15 req-fd46b17b-5978-4ac9-b867-57d42ed19d2f 5e3f9c46bcdf4793b6afc8a9f27104db f2b8f6ee7b894fffaac9acf4c904ef12 - - default default] Successfully bumped revision number for resource 510be35e-118c-4210-8678-7a6d8a0a6ad9 (type: security_group_rules) to 0
2026-05-09 22:53:29.067 9 WARNING neutron_lib.context [req-2212cfe7-6702-443b-908f-eb69db67db41 req-8ad75a51-4131-4549-8088-f1e506168502 3e371c504b5949e8a548001f0fa366fc 324566e4f4c3423a864557f5e6e96b0b - - default default] Method 'is_advsvc' is deprecated since 2023.2 release (neutron-lib 3.8.0) and will be removed once support for the old RBAC API policies will be removed from Neutron. Please use method 'is_service_role' instead.
2026-05-09 22:53:29.097 10 INFO neutron.db.ovn_revision_numbers_db [None req-84629536-b9cd-4b4a-91d1-d48a2f2bd570 9bbc180c5a484edf9128827656385cd9 2bc46190b2394f9ea24c0ef16398a7b9 - - default default] Successfully bumped revision number for resource c4e3bd11-a383-4da1-82f2-6482f6128db0 (type: routers) to 2
2026-05-09 22:53:29.107 10 INFO neutron.api.wsgi [req-56c787c4-ef54-4ff5-a342-ed5609514a15 req-fd46b17b-5978-4ac9-b867-57d42ed19d2f 5e3f9c46bcdf4793b6afc8a9f27104db f2b8f6ee7b894fffaac9acf4c904ef12 - - default default] 10.0.0.116 "POST /v2.0/security-groups HTTP/1.1" status: 201 len: 1890 time: 0.4830015
2026-05-09 22:53:29.118 10 INFO neutron.api.wsgi [None req-84629536-b9cd-4b4a-91d1-d48a2f2bd570 9bbc180c5a484edf9128827656385cd9 2bc46190b2394f9ea24c0ef16398a7b9 - - default default] 10.0.0.215 "POST /v2.0/routers HTTP/1.1" status: 201 len: 1171 time: 1.3791461
2026-05-09 22:53:29.162 9 INFO neutron.db.ovn_revision_numbers_db [req-2212cfe7-6702-443b-908f-eb69db67db41 req-8ad75a51-4131-4549-8088-f1e506168502 3e371c504b5949e8a548001f0fa366fc 324566e4f4c3423a864557f5e6e96b0b - - default default] Successfully bumped revision number for resource a8b44ca0-8a9c-4367-9fb9-26689fc410db (type: security_groups) to 1
2026-05-09 22:53:29.172 10 INFO neutron.api.wsgi [req-37fc4964-13d4-4a08-b8de-6e8932af4879 req-75eff8a3-b7e5-4f13-84ad-e76a6843ec64 5e3f9c46bcdf4793b6afc8a9f27104db f2b8f6ee7b894fffaac9acf4c904ef12 - - default default] 10.0.0.116 "GET /v2.0/security-groups/eda2bb93-056b-4146-aff2-fe2055a530d5 HTTP/1.1" status: 200 len: 1885 time: 0.0354841
2026-05-09 22:53:29.176 9 INFO neutron.db.ovn_revision_numbers_db [req-2212cfe7-6702-443b-908f-eb69db67db41 req-8ad75a51-4131-4549-8088-f1e506168502 3e371c504b5949e8a548001f0fa366fc 324566e4f4c3423a864557f5e6e96b0b - - default default] Successfully bumped revision number for resource 1e8225cc-f0b4-4d81-b7a6-b925552a4fea (type: security_group_rules) to 0
2026-05-09 22:53:29.185 9 INFO neutron.db.ovn_revision_numbers_db [req-2212cfe7-6702-443b-908f-eb69db67db41 req-8ad75a51-4131-4549-8088-f1e506168502 3e371c504b5949e8a548001f0fa366fc 324566e4f4c3423a864557f5e6e96b0b - - default default] Successfully bumped revision number for resource a00a317f-12c9-4c65-8528-1089f222c17b (type: security_group_rules) to 0
2026-05-09 22:53:29.190 10 WARNING neutron_lib.context [req-37fc4964-13d4-4a08-b8de-6e8932af4879 req-684e51f3-0f7c-419d-b0a1-5924c524b6fd 5e3f9c46bcdf4793b6afc8a9f27104db f2b8f6ee7b894fffaac9acf4c904ef12 - - default default] Method 'is_advsvc' is deprecated since 2023.2 release (neutron-lib 3.8.0) and will be removed once support for the old RBAC API policies will be removed from Neutron. Please use method 'is_service_role' instead.
2026-05-09 22:53:29.214 9 INFO neutron.api.wsgi [req-2212cfe7-6702-443b-908f-eb69db67db41 req-8ad75a51-4131-4549-8088-f1e506168502 3e371c504b5949e8a548001f0fa366fc 324566e4f4c3423a864557f5e6e96b0b - - default default] 10.0.0.116 "POST /v2.0/security-groups HTTP/1.1" status: 201 len: 1885 time: 0.1523499
2026-05-09 22:53:29.276 9 INFO neutron.api.wsgi [req-e345fa3a-0fb5-4406-9ca9-c4f20393eeee req-747fd513-0e2c-46fb-9796-06c681361799 3e371c504b5949e8a548001f0fa366fc 324566e4f4c3423a864557f5e6e96b0b - - default default] 10.0.0.116 "GET /v2.0/security-groups?tenant_id=324566e4f4c3423a864557f5e6e96b0b HTTP/1.1" status: 200 len: 8099 time: 0.0348618
