2026-05-09 22:56:18.416 10 INFO neutron.api.wsgi [None req-b523346b-36bf-4e78-8cc6-7ee072937677 e7a5b55ae04648ddbcae0af1ef0e29ef 6b7cdd11bcb54fcfa2268ba2989d98c3 - - default default] 10.0.0.215 "POST /v2.0/subnets HTTP/1.1" status: 201 len: 826 time: 0.2683220
2026-05-09 22:56:18.426 10 WARNING neutron_lib.context [None req-da01ec04-4cf4-4713-9e00-3e50ab7d6959 e7a5b55ae04648ddbcae0af1ef0e29ef 6b7cdd11bcb54fcfa2268ba2989d98c3 - - default default] Method 'is_advsvc' is deprecated since 2023.2 release (neutron-lib 3.8.0) and will be removed once support for the old RBAC API policies will be removed from Neutron. Please use method 'is_service_role' instead.
2026-05-09 22:56:18.447 9 INFO neutron.api.wsgi [None req-8c682642-2dc8-4446-a65c-fac856176b0d 8da7e67089e746b3a2632443379d089b 5ddc15ce811342bd831f71d669c6d622 - - default default] 10.0.0.215 "PUT /v2.0/routers/8952cb56-3a7b-410e-806a-a55cbc241b64/tags/black.or.white HTTP/1.1" status: 201 len: 201 time: 0.0511475
2026-05-09 22:56:18.493 9 INFO neutron.api.wsgi [None req-3eab2275-0b43-4564-b183-4efb8f28efff 8da7e67089e746b3a2632443379d089b 5ddc15ce811342bd831f71d669c6d622 - - default default] 10.0.0.215 "GET /v2.0/routers/8952cb56-3a7b-410e-806a-a55cbc241b64/tags HTTP/1.1" status: 200 len: 245 time: 0.0385649
2026-05-09 22:56:18.545 9 INFO neutron.api.wsgi [None req-354a05a5-49e7-46ad-ac13-cd853e56abee 8da7e67089e746b3a2632443379d089b 5ddc15ce811342bd831f71d669c6d622 - - default default] 10.0.0.215 "PUT /v2.0/routers/8952cb56-3a7b-410e-806a-a55cbc241b64/tags HTTP/1.1" status: 200 len: 230 time: 0.0466740
2026-05-09 22:56:18.588 9 INFO neutron.api.wsgi [None req-a9c84629-2bfc-401f-b5b3-f201acb381d1 8da7e67089e746b3a2632443379d089b 5ddc15ce811342bd831f71d669c6d622 - - default default] 10.0.0.215 "GET /v2.0/routers/8952cb56-3a7b-410e-806a-a55cbc241b64/tags HTTP/1.1" status: 200 len: 230 time: 0.0365698
2026-05-09 22:56:18.629 9 INFO neutron.api.wsgi [None req-d7409a38-10db-4d78-a757-40de7005d9ad 8da7e67089e746b3a2632443379d089b 5ddc15ce811342bd831f71d669c6d622 - - default default] 10.0.0.215 "GET /v2.0/routers/8952cb56-3a7b-410e-806a-a55cbc241b64/tags/red HTTP/1.1" status: 204 len: 168 time: 0.0347543
2026-05-09 22:56:18.668 9 INFO neutron.api.v2.resource [None req-8933682d-5e46-4463-a508-f34a3fc8eb04 8da7e67089e746b3a2632443379d089b 5ddc15ce811342bd831f71d669c6d622 - - default default] show failed (client error): The resource could not be found.
2026-05-09 22:56:18.669 9 INFO neutron.api.wsgi [None req-8933682d-5e46-4463-a508-f34a3fc8eb04 8da7e67089e746b3a2632443379d089b 5ddc15ce811342bd831f71d669c6d622 - - default default] 10.0.0.215 "GET /v2.0/routers/8952cb56-3a7b-410e-806a-a55cbc241b64/tags/green HTTP/1.1" status: 404 len: 299 time: 0.0340450
2026-05-09 22:56:18.726 9 INFO neutron.api.wsgi [None req-531f65af-32de-4c8b-8acb-5fddc721fca1 8da7e67089e746b3a2632443379d089b 5ddc15ce811342bd831f71d669c6d622 - - default default] 10.0.0.215 "DELETE /v2.0/routers/8952cb56-3a7b-410e-806a-a55cbc241b64/tags/red HTTP/1.1" status: 204 len: 168 time: 0.0505831
2026-05-09 22:56:18.765 9 INFO neutron.api.wsgi [None req-f9b841ef-84ff-4aa4-92a5-3cbd87400a5c 8da7e67089e746b3a2632443379d089b 5ddc15ce811342bd831f71d669c6d622 - - default default] 10.0.0.215 "GET /v2.0/routers/8952cb56-3a7b-410e-806a-a55cbc241b64/tags HTTP/1.1" status: 200 len: 223 time: 0.0323613
2026-05-09 22:56:18.816 9 INFO neutron.api.v2.resource [None req-00dcc9c3-ac8b-4971-8df1-934ab65c3f2c 8da7e67089e746b3a2632443379d089b 5ddc15ce811342bd831f71d669c6d622 - - default default] delete failed (client error): The resource could not be found.
2026-05-09 22:56:18.817 9 INFO neutron.api.wsgi [None req-00dcc9c3-ac8b-4971-8df1-934ab65c3f2c 8da7e67089e746b3a2632443379d089b 5ddc15ce811342bd831f71d669c6d622 - - default default] 10.0.0.215 "DELETE /v2.0/routers/8952cb56-3a7b-410e-806a-a55cbc241b64/tags/green HTTP/1.1" status: 404 len: 299 time: 0.0464110
2026-05-09 22:56:18.876 9 INFO neutron.api.wsgi [None req-54f3e714-cf87-49b4-949a-9e068c7fd89a 8da7e67089e746b3a2632443379d089b 5ddc15ce811342bd831f71d669c6d622 - - default default] 10.0.0.215 "DELETE /v2.0/routers/8952cb56-3a7b-410e-806a-a55cbc241b64/tags HTTP/1.1" status: 204 len: 168 time: 0.0524940
2026-05-09 22:56:18.942 10 INFO neutron.api.wsgi [None req-ed7139e6-4957-407e-b188-41602ec5c701 8da7e67089e746b3a2632443379d089b 5ddc15ce811342bd831f71d669c6d622 - - default default] 10.0.0.215 "GET /v2.0/routers/8952cb56-3a7b-410e-806a-a55cbc241b64/tags HTTP/1.1" status: 200 len: 205 time: 0.0595863
2026-05-09 22:56:18.992 9 INFO neutron.api.wsgi [None req-9c00f631-e052-4cde-89ac-2791f42e0675 8da7e67089e746b3a2632443379d089b 5ddc15ce811342bd831f71d669c6d622 - - default default] 10.0.0.215 "GET /v2.0/routers/8952cb56-3a7b-410e-806a-a55cbc241b64 HTTP/1.1" status: 200 len: 770 time: 0.0411806
2026-05-09 22:56:19.115 10 WARNING neutron.scheduler.dhcp_agent_scheduler [None req-da01ec04-4cf4-4713-9e00-3e50ab7d6959 e7a5b55ae04648ddbcae0af1ef0e29ef 6b7cdd11bcb54fcfa2268ba2989d98c3 - - default default] No more DHCP agents
2026-05-09 22:56:19.118 10 WARNING neutron.api.rpc.agentnotifiers.dhcp_rpc_agent_api [None req-da01ec04-4cf4-4713-9e00-3e50ab7d6959 e7a5b55ae04648ddbcae0af1ef0e29ef 6b7cdd11bcb54fcfa2268ba2989d98c3 - - default default] Unable to schedule network f4d52246-a3b8-4661-9e5f-42f941348a2a: no agents available; will retry on subsequent port and subnet creation events.
2026-05-09 22:56:19.268 10 INFO neutron.db.ovn_revision_numbers_db [None req-da01ec04-4cf4-4713-9e00-3e50ab7d6959 e7a5b55ae04648ddbcae0af1ef0e29ef 6b7cdd11bcb54fcfa2268ba2989d98c3 - - default default] Successfully bumped revision number for resource 80a76982-d708-40f6-ba35-9a4b92cbb130 (type: ports) to 1
2026-05-09 22:56:19.314 10 INFO neutron.db.ovn_revision_numbers_db [None req-b2e45198-24a9-4b87-baa8-0f7a73473a9f 2eaf80209d80400ba31d857242c21d27 09ecb68156164f1ebe094d526efd593e - - default default] Successfully bumped revision number for resource dbce0e8c-1488-49e9-bcb0-069efee6c0d5 (type: ports) to 1
2026-05-09 22:56:19.329 9 INFO neutron.db.ovn_revision_numbers_db [None req-1255075e-2387-42a4-9cdb-be323325b6c2 8da7e67089e746b3a2632443379d089b 5ddc15ce811342bd831f71d669c6d622 - - default default] Successfully bumped revision number for resource 8952cb56-3a7b-410e-806a-a55cbc241b64 (type: routers) to 7
2026-05-09 22:56:19.338 9 INFO neutron.api.wsgi [None req-1255075e-2387-42a4-9cdb-be323325b6c2 8da7e67089e746b3a2632443379d089b 5ddc15ce811342bd831f71d669c6d622 - - default default] 10.0.0.215 "PUT /v2.0/routers/8952cb56-3a7b-410e-806a-a55cbc241b64 HTTP/1.1" status: 200 len: 770 time: 0.3409760
2026-05-09 22:56:19.371 9 INFO neutron.api.wsgi [None req-3a225352-5a0e-4583-a8e8-5b3ae899cacf 8da7e67089e746b3a2632443379d089b 5ddc15ce811342bd831f71d669c6d622 - - default default] 10.0.0.215 "GET /v2.0/ports?device_id=8952cb56-3a7b-410e-806a-a55cbc241b64 HTTP/1.1" status: 200 len: 205 time: 0.0205252
2026-05-09 22:56:19.388 10 WARNING neutron.scheduler.dhcp_agent_scheduler [None req-b2e45198-24a9-4b87-baa8-0f7a73473a9f 2eaf80209d80400ba31d857242c21d27 09ecb68156164f1ebe094d526efd593e - - default default] No more DHCP agents
2026-05-09 22:56:19.390 10 WARNING neutron.api.rpc.agentnotifiers.dhcp_rpc_agent_api [None req-b2e45198-24a9-4b87-baa8-0f7a73473a9f 2eaf80209d80400ba31d857242c21d27 09ecb68156164f1ebe094d526efd593e - - default default] Unable to schedule network 173fcdd9-41a2-4567-9c59-47e29899a2d2: no agents available; will retry on subsequent port and subnet creation events.
2026-05-09 22:56:19.549 9 INFO neutron.api.wsgi [None req-7aeedcf7-734f-4fa6-82db-14bb34159519 8da7e67089e746b3a2632443379d089b 5ddc15ce811342bd831f71d669c6d622 - - default default] 10.0.0.215 "DELETE /v2.0/routers/8952cb56-3a7b-410e-806a-a55cbc241b64 HTTP/1.1" status: 204 len: 168 time: 0.1735899
2026-05-09 22:56:19.736 10 INFO neutron.db.ovn_revision_numbers_db [None req-b2e45198-24a9-4b87-baa8-0f7a73473a9f 2eaf80209d80400ba31d857242c21d27 09ecb68156164f1ebe094d526efd593e - - default default] Successfully bumped revision number for resource dbce0e8c-1488-49e9-bcb0-069efee6c0d5 (type: router_ports) to 1
2026-05-09 22:56:19.740 10 INFO neutron.api.wsgi [None req-b2e45198-24a9-4b87-baa8-0f7a73473a9f 2eaf80209d80400ba31d857242c21d27 09ecb68156164f1ebe094d526efd593e - - default default] 10.0.0.215 "PUT /v2.0/routers/5ba81f04-3054-4e91-95bc-bf1c418393ed/add_router_interface HTTP/1.1" status: 200 len: 503 time: 2.2168400
2026-05-09 22:56:19.805 9 WARNING neutron_lib.context [None req-6622725d-4684-4f75-899e-f72811ab8a0b 2eaf80209d80400ba31d857242c21d27 09ecb68156164f1ebe094d526efd593e - - default default] Method 'is_advsvc' is deprecated since 2023.2 release (neutron-lib 3.8.0) and will be removed once support for the old RBAC API policies will be removed from Neutron. Please use method 'is_service_role' instead.
2026-05-09 22:56:19.848 10 INFO neutron.plugins.ml2.drivers.ovn.mech_driver.ovsdb.commands [None req-6e73a8a0-88c9-4889-ab62-76e1d71f363c - - - - - -] Schedule LRP lrp-80a76982-d708-40f6-ba35-9a4b92cbb130 on gateway 838ac59a-4787-49ed-9e9b-71871336c82e with priority 1
2026-05-09 22:56:19.885 10 INFO neutron.db.ovn_revision_numbers_db [None req-da01ec04-4cf4-4713-9e00-3e50ab7d6959 e7a5b55ae04648ddbcae0af1ef0e29ef 6b7cdd11bcb54fcfa2268ba2989d98c3 - - default default] Successfully bumped revision number for resource 80a76982-d708-40f6-ba35-9a4b92cbb130 (type: router_ports) to 1
2026-05-09 22:56:19.913 9 INFO neutron.db.ovn_revision_numbers_db [None req-6622725d-4684-4f75-899e-f72811ab8a0b 2eaf80209d80400ba31d857242c21d27 09ecb68156164f1ebe094d526efd593e - - default default] Successfully bumped revision number for resource 3ac645f9-334a-467a-83dd-f5ca79d85a7a (type: security_groups) to 1
2026-05-09 22:56:19.926 9 INFO neutron.db.ovn_revision_numbers_db [None req-6622725d-4684-4f75-899e-f72811ab8a0b 2eaf80209d80400ba31d857242c21d27 09ecb68156164f1ebe094d526efd593e - - default default] Successfully bumped revision number for resource 12b1f53e-6dfa-4d20-a3c0-8aaaced4dade (type: security_group_rules) to 0
2026-05-09 22:56:19.939 9 INFO neutron.db.ovn_revision_numbers_db [None req-6622725d-4684-4f75-899e-f72811ab8a0b 2eaf80209d80400ba31d857242c21d27 09ecb68156164f1ebe094d526efd593e - - default default] Successfully bumped revision number for resource 9986cd2b-f3ae-4e80-9ee4-ee7c4b93ad13 (type: security_group_rules) to 0
2026-05-09 22:56:19.942 10 INFO neutron.db.ovn_revision_numbers_db [None req-da01ec04-4cf4-4713-9e00-3e50ab7d6959 e7a5b55ae04648ddbcae0af1ef0e29ef 6b7cdd11bcb54fcfa2268ba2989d98c3 - - default default] Successfully bumped revision number for resource 130b55de-4978-4bf0-98c3-92341cf0d41f (type: routers) to 2
2026-05-09 22:56:19.959 10 INFO neutron.api.wsgi [None req-da01ec04-4cf4-4713-9e00-3e50ab7d6959 e7a5b55ae04648ddbcae0af1ef0e29ef 6b7cdd11bcb54fcfa2268ba2989d98c3 - - default default] 10.0.0.215 "POST /v2.0/routers HTTP/1.1" status: 201 len: 1154 time: 1.5383091
2026-05-09 22:56:19.972 9 INFO neutron.api.wsgi [None req-6622725d-4684-4f75-899e-f72811ab8a0b 2eaf80209d80400ba31d857242c21d27 09ecb68156164f1ebe094d526efd593e - - default default] 10.0.0.215 "POST /v2.0/security-groups HTTP/1.1" status: 201 len: 1828 time: 0.1752274
2026-05-09 22:56:19.982 9 WARNING neutron_lib.context [None req-83a8e3c3-08f4-4800-acf3-9c9171d68473 2eaf80209d80400ba31d857242c21d27 09ecb68156164f1ebe094d526efd593e - - default default] Method 'is_advsvc' is deprecated since 2023.2 release (neutron-lib 3.8.0) and will be removed once support for the old RBAC API policies will be removed from Neutron. Please use method 'is_service_role' instead.
2026-05-09 22:56:20.103 9 INFO neutron.db.ovn_revision_numbers_db [None req-83a8e3c3-08f4-4800-acf3-9c9171d68473 2eaf80209d80400ba31d857242c21d27 09ecb68156164f1ebe094d526efd593e - - default default] Successfully bumped revision number for resource 382e61f4-6924-4514-b555-e4706fd7e605 (type: security_group_rules) to 0
2026-05-09 22:56:20.133 9 INFO neutron.api.wsgi [None req-83a8e3c3-08f4-4800-acf3-9c9171d68473 2eaf80209d80400ba31d857242c21d27 09ecb68156164f1ebe094d526efd593e - - default default] 10.0.0.215 "POST /v2.0/security-group-rules HTTP/1.1" status: 201 len: 796 time: 0.1546140
2026-05-09 22:56:20.145 9 WARNING neutron_lib.context [None req-23f8d9de-0948-4081-b800-98aac4df0a2a 2eaf80209d80400ba31d857242c21d27 09ecb68156164f1ebe094d526efd593e - - default default] Method 'is_advsvc' is deprecated since 2023.2 release (neutron-lib 3.8.0) and will be removed once support for the old RBAC API policies will be removed from Neutron. Please use method 'is_service_role' instead.
2026-05-09 22:56:20.271 9 INFO neutron.api.wsgi [req-27c9f7f3-01e5-465a-843b-ea13aadb3ccd req-6dba238e-074a-496b-9ad0-a429c3b708ba 5cddc22acd2a45c495bbf03e23def64f 95c991d61fd74039a97361e703a045b9 - - b74fb1e0c7fc469a8132ce3fe1e367c8 b74fb1e0c7fc469a8132ce3fe1e367c8] 10.0.0.110 "GET /v2.0/ports?device_id=d352eb93-b307-481f-92f8-3991c421d808 HTTP/1.1" status: 200 len: 1409 time: 0.2295220
2026-05-09 22:56:20.275 9 INFO neutron.db.ovn_revision_numbers_db [None req-23f8d9de-0948-4081-b800-98aac4df0a2a 2eaf80209d80400ba31d857242c21d27 09ecb68156164f1ebe094d526efd593e - - default default] Successfully bumped revision number for resource cd6b6076-c190-46d0-b139-1d6f5c9ff7e3 (type: security_group_rules) to 0
2026-05-09 22:56:20.329 9 INFO neutron.api.wsgi [None req-23f8d9de-0948-4081-b800-98aac4df0a2a 2eaf80209d80400ba31d857242c21d27 09ecb68156164f1ebe094d526efd593e - - default default] 10.0.0.215 "POST /v2.0/security-group-rules HTTP/1.1" status: 201 len: 796 time: 0.1907756
2026-05-09 22:56:20.332 9 INFO neutron.api.wsgi [req-27c9f7f3-01e5-465a-843b-ea13aadb3ccd req-86cbb6e9-af65-4fd9-99e9-16f4d7d4c7a7 5cddc22acd2a45c495bbf03e23def64f 95c991d61fd74039a97361e703a045b9 - - b74fb1e0c7fc469a8132ce3fe1e367c8 b74fb1e0c7fc469a8132ce3fe1e367c8] 10.0.0.110 "GET /v2.0/security-groups?id=3253d6a7-c5b3-4330-b55d-4ad72cde0852&fields=id&fields=name HTTP/1.1" status: 200 len: 312 time: 0.0509470
2026-05-09 22:56:20.340 9 WARNING neutron_lib.context [None req-6c5012a1-e6ba-42c8-a885-a9950c86a4b7 2eaf80209d80400ba31d857242c21d27 09ecb68156164f1ebe094d526efd593e - - default default] Method 'is_advsvc' is deprecated since 2023.2 release (neutron-lib 3.8.0) and will be removed once support for the old RBAC API policies will be removed from Neutron. Please use method 'is_service_role' instead.
2026-05-09 22:56:20.405 9 INFO neutron.db.ovn_revision_numbers_db [None req-ed55d242-b589-4354-9854-4bd5637a5cf7 9bbc180c5a484edf9128827656385cd9 2bc46190b2394f9ea24c0ef16398a7b9 - - default default] Successfully bumped revision number for resource 61c5bbee-cab6-4e3c-8a6d-9d7635840c68 (type: security_groups) to 1
2026-05-09 22:56:20.422 9 INFO neutron.db.ovn_revision_numbers_db [None req-ed55d242-b589-4354-9854-4bd5637a5cf7 9bbc180c5a484edf9128827656385cd9 2bc46190b2394f9ea24c0ef16398a7b9 - - default default] Successfully bumped revision number for resource b6f0fd5c-6d27-42cb-a0ba-0e6b32cda4b3 (type: security_group_rules) to 0
2026-05-09 22:56:20.434 9 INFO neutron.db.ovn_revision_numbers_db [None req-ed55d242-b589-4354-9854-4bd5637a5cf7 9bbc180c5a484edf9128827656385cd9 2bc46190b2394f9ea24c0ef16398a7b9 - - default default] Successfully bumped revision number for resource d9e838ad-30f8-442c-80f5-b868ee7fbd29 (type: security_group_rules) to 0
2026-05-09 22:56:20.435 10 WARNING neutron.scheduler.dhcp_agent_scheduler [None req-8e524f82-d3cd-48ed-9e4d-e6b91e0a16b9 e7a5b55ae04648ddbcae0af1ef0e29ef 6b7cdd11bcb54fcfa2268ba2989d98c3 - - default default] No more DHCP agents
2026-05-09 22:56:20.436 10 WARNING neutron.api.rpc.agentnotifiers.dhcp_rpc_agent_api [None req-8e524f82-d3cd-48ed-9e4d-e6b91e0a16b9 e7a5b55ae04648ddbcae0af1ef0e29ef 6b7cdd11bcb54fcfa2268ba2989d98c3 - - default default] Unable to schedule network a1a84ef5-8042-4fe2-b6f2-4ef566dfc2ec: no agents available; will retry on subsequent port and subnet creation events.
2026-05-09 22:56:20.453 9 INFO neutron.db.ovn_revision_numbers_db [None req-ed55d242-b589-4354-9854-4bd5637a5cf7 9bbc180c5a484edf9128827656385cd9 2bc46190b2394f9ea24c0ef16398a7b9 - - default default] Successfully bumped revision number for resource f6af00a6-e37f-4ed4-9aa8-15f7c2f8b041 (type: security_group_rules) to 0
2026-05-09 22:56:20.468 9 INFO neutron.db.ovn_revision_numbers_db [None req-ed55d242-b589-4354-9854-4bd5637a5cf7 9bbc180c5a484edf9128827656385cd9 2bc46190b2394f9ea24c0ef16398a7b9 - - default default] Successfully bumped revision number for resource fa62abb6-d07f-4365-9a0a-e4ba392c6489 (type: security_group_rules) to 0
2026-05-09 22:56:20.479 9 INFO neutron.db.ovn_revision_numbers_db [None req-6c5012a1-e6ba-42c8-a885-a9950c86a4b7 2eaf80209d80400ba31d857242c21d27 09ecb68156164f1ebe094d526efd593e - - default default] Successfully bumped revision number for resource 3af77a62-81e9-4b53-b52b-8c2ce0f03e95 (type: security_group_rules) to 0
2026-05-09 22:56:20.505 9 INFO neutron.api.wsgi [None req-ed55d242-b589-4354-9854-4bd5637a5cf7 9bbc180c5a484edf9128827656385cd9 2bc46190b2394f9ea24c0ef16398a7b9 - - default default] 10.0.0.215 "GET /v2.0/security-groups?tenant_id=5ddc15ce811342bd831f71d669c6d622&name=default HTTP/1.1" status: 200 len: 3120 time: 0.2902400
2026-05-09 22:56:20.513 9 INFO neutron.api.wsgi [None req-6c5012a1-e6ba-42c8-a885-a9950c86a4b7 2eaf80209d80400ba31d857242c21d27 09ecb68156164f1ebe094d526efd593e - - default default] 10.0.0.215 "POST /v2.0/security-group-rules HTTP/1.1" status: 201 len: 798 time: 0.1774695
2026-05-09 22:56:20.522 9 WARNING neutron_lib.context [None req-69d13700-7d37-4f6a-a47b-3466e81046af 2eaf80209d80400ba31d857242c21d27 09ecb68156164f1ebe094d526efd593e - - default default] Method 'is_advsvc' is deprecated since 2023.2 release (neutron-lib 3.8.0) and will be removed once support for the old RBAC API policies will be removed from Neutron. Please use method 'is_service_role' instead.
2026-05-09 22:56:20.579 10 INFO neutron.db.ovn_revision_numbers_db [None req-8e524f82-d3cd-48ed-9e4d-e6b91e0a16b9 e7a5b55ae04648ddbcae0af1ef0e29ef 6b7cdd11bcb54fcfa2268ba2989d98c3 - - default default] Successfully bumped revision number for resource ffe68a8c-c9a4-413b-844f-5ccf91342825 (type: ports) to 1
2026-05-09 22:56:20.643 9 INFO neutron.db.ovn_revision_numbers_db [None req-69d13700-7d37-4f6a-a47b-3466e81046af 2eaf80209d80400ba31d857242c21d27 09ecb68156164f1ebe094d526efd593e - - default default] Successfully bumped revision number for resource 3ace4518-80bf-4e62-aa60-9e3bde75e94e (type: security_group_rules) to 0
2026-05-09 22:56:20.680 9 INFO neutron.api.wsgi [None req-69d13700-7d37-4f6a-a47b-3466e81046af 2eaf80209d80400ba31d857242c21d27 09ecb68156164f1ebe094d526efd593e - - default default] 10.0.0.215 "POST /v2.0/security-group-rules HTTP/1.1" status: 201 len: 800 time: 0.1615975
2026-05-09 22:56:20.693 9 WARNING neutron_lib.context [None req-be5ae951-e6c8-48e1-840e-270f6a04bd2e 2eaf80209d80400ba31d857242c21d27 09ecb68156164f1ebe094d526efd593e - - default default] Method 'is_advsvc' is deprecated since 2023.2 release (neutron-lib 3.8.0) and will be removed once support for the old RBAC API policies will be removed from Neutron. Please use method 'is_service_role' instead.
2026-05-09 22:56:20.742 10 INFO neutron.api.wsgi [None req-7010d0c1-2043-4f69-b3a8-9d14fae4351e 9bbc180c5a484edf9128827656385cd9 2bc46190b2394f9ea24c0ef16398a7b9 - - default default] 10.0.0.215 "DELETE /v2.0/security-groups/61c5bbee-cab6-4e3c-8a6d-9d7635840c68 HTTP/1.1" status: 204 len: 168 time: 0.2308478
2026-05-09 22:56:20.878 9 INFO neutron.db.ovn_revision_numbers_db [None req-be5ae951-e6c8-48e1-840e-270f6a04bd2e 2eaf80209d80400ba31d857242c21d27 09ecb68156164f1ebe094d526efd593e - - default default] Successfully bumped revision number for resource 70d66029-8112-4657-8e15-1f0fac70bfaa (type: security_group_rules) to 0
2026-05-09 22:56:20.921 9 INFO neutron.api.wsgi [None req-be5ae951-e6c8-48e1-840e-270f6a04bd2e 2eaf80209d80400ba31d857242c21d27 09ecb68156164f1ebe094d526efd593e - - default default] 10.0.0.215 "POST /v2.0/security-group-rules HTTP/1.1" status: 201 len: 800 time: 0.2327290
2026-05-09 22:56:20.933 9 WARNING neutron_lib.context [None req-e0ea47e1-1e31-4c87-b610-a1e2263966ac 2eaf80209d80400ba31d857242c21d27 09ecb68156164f1ebe094d526efd593e - - default default] Method 'is_advsvc' is deprecated since 2023.2 release (neutron-lib 3.8.0) and will be removed once support for the old RBAC API policies will be removed from Neutron. Please use method 'is_service_role' instead.
2026-05-09 22:56:21.008 9 INFO neutron.db.ovn_revision_numbers_db [None req-e6399bc4-65e8-4f8c-872d-876fc3d36a51 9bbc180c5a484edf9128827656385cd9 2bc46190b2394f9ea24c0ef16398a7b9 - - default default] Successfully bumped revision number for resource 890a0ecc-09f9-4f79-a277-f5efa4468f52 (type: security_groups) to 1
2026-05-09 22:56:21.036 9 INFO neutron.db.ovn_revision_numbers_db [None req-e6399bc4-65e8-4f8c-872d-876fc3d36a51 9bbc180c5a484edf9128827656385cd9 2bc46190b2394f9ea24c0ef16398a7b9 - - default default] Successfully bumped revision number for resource 0bb71273-6fd3-4c6b-833f-482874590187 (type: security_group_rules) to 0
2026-05-09 22:56:21.055 9 INFO neutron.db.ovn_revision_numbers_db [None req-e6399bc4-65e8-4f8c-872d-876fc3d36a51 9bbc180c5a484edf9128827656385cd9 2bc46190b2394f9ea24c0ef16398a7b9 - - default default] Successfully bumped revision number for resource 47c40682-4676-481f-9a1c-8935f755d5a8 (type: security_group_rules) to 0
2026-05-09 22:56:21.076 9 INFO neutron.db.ovn_revision_numbers_db [None req-e6399bc4-65e8-4f8c-872d-876fc3d36a51 9bbc180c5a484edf9128827656385cd9 2bc46190b2394f9ea24c0ef16398a7b9 - - default default] Successfully bumped revision number for resource 88868d7c-60f1-478d-9606-51006e0e621c (type: security_group_rules) to 0
2026-05-09 22:56:21.093 9 INFO neutron.db.ovn_revision_numbers_db [None req-e6399bc4-65e8-4f8c-872d-876fc3d36a51 9bbc180c5a484edf9128827656385cd9 2bc46190b2394f9ea24c0ef16398a7b9 - - default default] Successfully bumped revision number for resource a330c0ee-90a7-4592-ae6e-f346e40bd083 (type: security_group_rules) to 0
2026-05-09 22:56:21.134 9 INFO neutron.db.ovn_revision_numbers_db [None req-e0ea47e1-1e31-4c87-b610-a1e2263966ac 2eaf80209d80400ba31d857242c21d27 09ecb68156164f1ebe094d526efd593e - - default default] Successfully bumped revision number for resource c69ac42e-cda4-41f0-be46-f4f56477ea6a (type: security_group_rules) to 0
2026-05-09 22:56:21.161 9 INFO neutron.api.wsgi [None req-e6399bc4-65e8-4f8c-872d-876fc3d36a51 9bbc180c5a484edf9128827656385cd9 2bc46190b2394f9ea24c0ef16398a7b9 - - default default] 10.0.0.215 "GET /v2.0/security-groups?tenant_id=cc4e7f4725d346ba8588b5856c40c9db&name=default HTTP/1.1" status: 200 len: 3120 time: 0.3229487
2026-05-09 22:56:21.184 9 INFO neutron.api.wsgi [None req-e0ea47e1-1e31-4c87-b610-a1e2263966ac 2eaf80209d80400ba31d857242c21d27 09ecb68156164f1ebe094d526efd593e - - default default] 10.0.0.215 "POST /v2.0/security-group-rules HTTP/1.1" status: 201 len: 796 time: 0.2586360
2026-05-09 22:56:21.195 9 WARNING neutron_lib.context [None req-0a635b90-176e-4295-9c4d-dbc4df7ef201 2eaf80209d80400ba31d857242c21d27 09ecb68156164f1ebe094d526efd593e - - default default] Method 'is_advsvc' is deprecated since 2023.2 release (neutron-lib 3.8.0) and will be removed once support for the old RBAC API policies will be removed from Neutron. Please use method 'is_service_role' instead.
2026-05-09 22:56:21.235 10 INFO neutron.db.ovn_revision_numbers_db [None req-8e524f82-d3cd-48ed-9e4d-e6b91e0a16b9 e7a5b55ae04648ddbcae0af1ef0e29ef 6b7cdd11bcb54fcfa2268ba2989d98c3 - - default default] Successfully bumped revision number for resource ffe68a8c-c9a4-413b-844f-5ccf91342825 (type: ports) to 1
2026-05-09 22:56:21.298 10 WARNING neutron.scheduler.dhcp_agent_scheduler [None req-8e524f82-d3cd-48ed-9e4d-e6b91e0a16b9 e7a5b55ae04648ddbcae0af1ef0e29ef 6b7cdd11bcb54fcfa2268ba2989d98c3 - - default default] No more DHCP agents
2026-05-09 22:56:21.300 10 WARNING neutron.api.rpc.agentnotifiers.dhcp_rpc_agent_api [None req-8e524f82-d3cd-48ed-9e4d-e6b91e0a16b9 e7a5b55ae04648ddbcae0af1ef0e29ef 6b7cdd11bcb54fcfa2268ba2989d98c3 - - default default] Unable to schedule network a1a84ef5-8042-4fe2-b6f2-4ef566dfc2ec: no agents available; will retry on subsequent port and subnet creation events.
2026-05-09 22:56:21.345 9 INFO neutron.db.ovn_revision_numbers_db [None req-0a635b90-176e-4295-9c4d-dbc4df7ef201 2eaf80209d80400ba31d857242c21d27 09ecb68156164f1ebe094d526efd593e - - default default] Successfully bumped revision number for resource 23ab6911-b624-4e17-b949-16f1c742ecf5 (type: security_group_rules) to 0
2026-05-09 22:56:21.381 9 INFO neutron.api.wsgi [None req-0a635b90-176e-4295-9c4d-dbc4df7ef201 2eaf80209d80400ba31d857242c21d27 09ecb68156164f1ebe094d526efd593e - - default default] 10.0.0.215 "POST /v2.0/security-group-rules HTTP/1.1" status: 201 len: 796 time: 0.1922851
2026-05-09 22:56:21.391 9 WARNING neutron_lib.context [None req-16c1b6b1-ab8f-48cf-b78d-34161655a43d 2eaf80209d80400ba31d857242c21d27 09ecb68156164f1ebe094d526efd593e - - default default] Method 'is_advsvc' is deprecated since 2023.2 release (neutron-lib 3.8.0) and will be removed once support for the old RBAC API policies will be removed from Neutron. Please use method 'is_service_role' instead.
2026-05-09 22:56:21.403 10 INFO neutron.api.wsgi [None req-949aab20-5689-4c27-a7ca-0851fb8ea2bc 9bbc180c5a484edf9128827656385cd9 2bc46190b2394f9ea24c0ef16398a7b9 - - default default] 10.0.0.215 "DELETE /v2.0/security-groups/890a0ecc-09f9-4f79-a277-f5efa4468f52 HTTP/1.1" status: 204 len: 168 time: 0.2358611
2026-05-09 22:56:21.467 10 WARNING neutron.plugins.ml2.drivers.ovn.mech_driver.ovsdb.ovn_client [None req-f3ec3d91-342f-48a7-92fa-4108e451c238 - - - - - -] No hosting information found for port 72e1a121-4d5d-4ab9-8737-7041fe78ac31: RuntimeError: No hosting information found for port 72e1a121-4d5d-4ab9-8737-7041fe78ac31
2026-05-09 22:56:21.476 10 INFO neutron.api.wsgi [None req-c7e4fa5c-1da7-472c-a949-89862acde2d1 07ad0b2ba80b4584ba939f18e39745f3 24c3868ed0384d73af27e945b57b4714 - - default default] 10.0.0.215 "GET /v2.0/ports?project_id=ef99adaa55f84ccca7d5f7965b4541bd&network_id=fca294ad-965b-42f9-87c0-77fe249a8254 HTTP/1.1" status: 200 len: 3510 time: 0.0684538
2026-05-09 22:56:21.555 10 INFO neutron.db.ovn_revision_numbers_db [None req-f3ec3d91-342f-48a7-92fa-4108e451c238 - - - - - -] Successfully bumped revision number for resource 72e1a121-4d5d-4ab9-8737-7041fe78ac31 (type: router_ports) to 2
2026-05-09 22:56:21.557 9 INFO neutron.db.ovn_revision_numbers_db [None req-16c1b6b1-ab8f-48cf-b78d-34161655a43d 2eaf80209d80400ba31d857242c21d27 09ecb68156164f1ebe094d526efd593e - - default default] Successfully bumped revision number for resource 320cef9a-0e7a-4e09-8333-45c3f8f31a13 (type: security_group_rules) to 0
2026-05-09 22:56:21.595 9 INFO neutron.api.wsgi [None req-16c1b6b1-ab8f-48cf-b78d-34161655a43d 2eaf80209d80400ba31d857242c21d27 09ecb68156164f1ebe094d526efd593e - - default default] 10.0.0.215 "POST /v2.0/security-group-rules HTTP/1.1" status: 201 len: 796 time: 0.2086573
2026-05-09 22:56:21.596 10 INFO neutron.plugins.ml2.drivers.ovn.mech_driver.mech_driver [None req-f3ec3d91-342f-48a7-92fa-4108e451c238 - - - - - -] OVN reports status up for port: 80a76982-d708-40f6-ba35-9a4b92cbb130
2026-05-09 22:56:21.604 9 WARNING neutron_lib.context [None req-a6583621-de90-4bef-8aec-ec8309ef9df0 2eaf80209d80400ba31d857242c21d27 09ecb68156164f1ebe094d526efd593e - - default default] Method 'is_advsvc' is deprecated since 2023.2 release (neutron-lib 3.8.0) and will be removed once support for the old RBAC API policies will be removed from Neutron. Please use method 'is_service_role' instead.
2026-05-09 22:56:21.611 10 INFO neutron.plugins.ml2.plugin [None req-f3ec3d91-342f-48a7-92fa-4108e451c238 - - - - - -] Attempt 1 to provision port 80a76982-d708-40f6-ba35-9a4b92cbb130
2026-05-09 22:56:21.727 10 INFO neutron.db.ovn_revision_numbers_db [None req-8e524f82-d3cd-48ed-9e4d-e6b91e0a16b9 e7a5b55ae04648ddbcae0af1ef0e29ef 6b7cdd11bcb54fcfa2268ba2989d98c3 - - default default] Successfully bumped revision number for resource ffe68a8c-c9a4-413b-844f-5ccf91342825 (type: router_ports) to 1
2026-05-09 22:56:21.731 10 INFO neutron.api.wsgi [None req-8e524f82-d3cd-48ed-9e4d-e6b91e0a16b9 e7a5b55ae04648ddbcae0af1ef0e29ef 6b7cdd11bcb54fcfa2268ba2989d98c3 - - default default] 10.0.0.215 "PUT /v2.0/routers/130b55de-4978-4bf0-98c3-92341cf0d41f/add_router_interface HTTP/1.1" status: 200 len: 503 time: 1.7670977
2026-05-09 22:56:21.741 10 WARNING neutron_lib.context [None req-796a3f20-1b68-437e-8628-c8af3da2a27a e7a5b55ae04648ddbcae0af1ef0e29ef 6b7cdd11bcb54fcfa2268ba2989d98c3 - - default default] Method 'is_advsvc' is deprecated since 2023.2 release (neutron-lib 3.8.0) and will be removed once support for the old RBAC API policies will be removed from Neutron. Please use method 'is_service_role' instead.
2026-05-09 22:56:21.746 9 INFO neutron.api.wsgi [None req-449c722e-596d-44f5-a63d-9e8954bd0158 07ad0b2ba80b4584ba939f18e39745f3 24c3868ed0384d73af27e945b57b4714 - - default default] 10.0.0.215 "GET /v2.0/subnets?network_id=f4d52246-a3b8-4661-9e5f-42f941348a2a HTTP/1.1" status: 200 len: 861 time: 0.0428615
2026-05-09 22:56:21.799 9 INFO neutron.db.ovn_revision_numbers_db [None req-a6583621-de90-4bef-8aec-ec8309ef9df0 2eaf80209d80400ba31d857242c21d27 09ecb68156164f1ebe094d526efd593e - - default default] Successfully bumped revision number for resource 4faca673-871a-4f6f-98a6-781cb4f35aec (type: security_group_rules) to 0
2026-05-09 22:56:21.827 9 INFO neutron.api.wsgi [None req-a6583621-de90-4bef-8aec-ec8309ef9df0 2eaf80209d80400ba31d857242c21d27 09ecb68156164f1ebe094d526efd593e - - default default] 10.0.0.215 "POST /v2.0/security-group-rules HTTP/1.1" status: 201 len: 798 time: 0.2275512
2026-05-09 22:56:21.836 9 WARNING neutron_lib.context [None req-fc4f487d-dbdb-4f8b-953b-2ee5dc86ccea 2eaf80209d80400ba31d857242c21d27 09ecb68156164f1ebe094d526efd593e - - default default] Method 'is_advsvc' is deprecated since 2023.2 release (neutron-lib 3.8.0) and will be removed once support for the old RBAC API policies will be removed from Neutron. Please use method 'is_service_role' instead.
2026-05-09 22:56:21.993 9 INFO neutron.db.ovn_revision_numbers_db [None req-fc4f487d-dbdb-4f8b-953b-2ee5dc86ccea 2eaf80209d80400ba31d857242c21d27 09ecb68156164f1ebe094d526efd593e - - default default] Successfully bumped revision number for resource 8a1ee69c-86db-471d-9e42-1ec60a444c8c (type: security_group_rules) to 0
2026-05-09 22:56:22.026 9 INFO neutron.api.wsgi [None req-fc4f487d-dbdb-4f8b-953b-2ee5dc86ccea 2eaf80209d80400ba31d857242c21d27 09ecb68156164f1ebe094d526efd593e - - default default] 10.0.0.215 "POST /v2.0/security-group-rules HTTP/1.1" status: 201 len: 800 time: 0.1936064
2026-05-09 22:56:22.036 9 WARNING neutron_lib.context [None req-c6372652-f32e-4be9-9366-e502ed995812 2eaf80209d80400ba31d857242c21d27 09ecb68156164f1ebe094d526efd593e - - default default] Method 'is_advsvc' is deprecated since 2023.2 release (neutron-lib 3.8.0) and will be removed once support for the old RBAC API policies will be removed from Neutron. Please use method 'is_service_role' instead.
2026-05-09 22:56:22.051 10 WARNING neutron.scheduler.dhcp_agent_scheduler [None req-796a3f20-1b68-437e-8628-c8af3da2a27a e7a5b55ae04648ddbcae0af1ef0e29ef 6b7cdd11bcb54fcfa2268ba2989d98c3 - - default default] No more DHCP agents
2026-05-09 22:56:22.052 10 WARNING neutron.api.rpc.agentnotifiers.dhcp_rpc_agent_api [None req-796a3f20-1b68-437e-8628-c8af3da2a27a e7a5b55ae04648ddbcae0af1ef0e29ef 6b7cdd11bcb54fcfa2268ba2989d98c3 - - default default] Unable to schedule network a1a84ef5-8042-4fe2-b6f2-4ef566dfc2ec: no agents available; will retry on subsequent port and subnet creation events.
2026-05-09 22:56:22.076 10 INFO neutron.db.ovn_revision_numbers_db [None req-18770ac4-0e13-4be6-b740-d3591602a2de dd1e66e9cf0c45c2b03a2c9f4e18f049 ef99adaa55f84ccca7d5f7965b4541bd - - default default] Successfully bumped revision number for resource e1bfdb38-700f-4cbf-9ed8-e3084cfd5792 (type: floatingips) to 2
2026-05-09 22:56:22.122 10 INFO neutron.db.l3_db [None req-18770ac4-0e13-4be6-b740-d3591602a2de dd1e66e9cf0c45c2b03a2c9f4e18f049 ef99adaa55f84ccca7d5f7965b4541bd - - default default] Floating IP e1bfdb38-700f-4cbf-9ed8-e3084cfd5792 disassociated. External IP: 10.96.250.212, port: ab955288-ff4f-4dcd-8864-30f616245af3.
2026-05-09 22:56:22.157 10 INFO neutron.api.wsgi [None req-18770ac4-0e13-4be6-b740-d3591602a2de dd1e66e9cf0c45c2b03a2c9f4e18f049 ef99adaa55f84ccca7d5f7965b4541bd - - default default] 10.0.0.215 "PUT /v2.0/floatingips/e1bfdb38-700f-4cbf-9ed8-e3084cfd5792 HTTP/1.1" status: 200 len: 748 time: 0.2294936 /var/lib/openstack/lib/python3.12/site-packages/pycadf/identifier.py:71: UserWarning: Invalid uuid: neutron. To ensure interoperability, identifiers should be a valid uuid. warnings.warn(('Invalid uuid: %s. To ensure interoperability, '
2026-05-09 22:56:22.185 10 INFO neutron.api.wsgi [None req-3e821da5-23af-4d91-a1ea-6e1464f773a1 dd1e66e9cf0c45c2b03a2c9f4e18f049 ef99adaa55f84ccca7d5f7965b4541bd - - default default] 10.0.0.215 "GET /v2.0/floatingips/e1bfdb38-700f-4cbf-9ed8-e3084cfd5792 HTTP/1.1" status: 200 len: 746 time: 0.0220273
2026-05-09 22:56:22.214 10 INFO neutron.notifiers.nova [-] Nova event matching ['req-a4ab1c50-0fdb-49ee-abeb-b86523e425e5'] response: {'name': 'network-changed', 'server_uuid': 'd352eb93-b307-481f-92f8-3991c421d808', 'tag': 'ab955288-ff4f-4dcd-8864-30f616245af3', 'status': 'completed', 'code': 200}
2026-05-09 22:56:22.222 9 INFO neutron.db.ovn_revision_numbers_db [None req-c6372652-f32e-4be9-9366-e502ed995812 2eaf80209d80400ba31d857242c21d27 09ecb68156164f1ebe094d526efd593e - - default default] Successfully bumped revision number for resource 861da265-08b6-4ade-a714-cc8798d93b22 (type: security_group_rules) to 0
2026-05-09 22:56:22.227 10 INFO neutron.db.ovn_revision_numbers_db [None req-796a3f20-1b68-437e-8628-c8af3da2a27a e7a5b55ae04648ddbcae0af1ef0e29ef 6b7cdd11bcb54fcfa2268ba2989d98c3 - - default default] Successfully bumped revision number for resource ce373d45-21e6-4033-baa3-871c521edb03 (type: ports) to 1
2026-05-09 22:56:22.251 9 INFO neutron.api.wsgi [None req-c6372652-f32e-4be9-9366-e502ed995812 2eaf80209d80400ba31d857242c21d27 09ecb68156164f1ebe094d526efd593e - - default default] 10.0.0.215 "POST /v2.0/security-group-rules HTTP/1.1" status: 201 len: 796 time: 0.2194674
2026-05-09 22:56:22.255 10 INFO neutron.api.wsgi [None req-796a3f20-1b68-437e-8628-c8af3da2a27a e7a5b55ae04648ddbcae0af1ef0e29ef 6b7cdd11bcb54fcfa2268ba2989d98c3 - - default default] 10.0.0.215 "POST /v2.0/ports HTTP/1.1" status: 201 len: 1158 time: 0.5184822
2026-05-09 22:56:22.265 10 WARNING neutron_lib.context [None req-1ead7a06-c24c-4308-a695-6c40273d8614 e7a5b55ae04648ddbcae0af1ef0e29ef 6b7cdd11bcb54fcfa2268ba2989d98c3 - - default default] Method 'is_advsvc' is deprecated since 2023.2 release (neutron-lib 3.8.0) and will be removed once support for the old RBAC API policies will be removed from Neutron. Please use method 'is_service_role' instead.
2026-05-09 22:56:22.552 10 WARNING neutron.scheduler.dhcp_agent_scheduler [None req-1ead7a06-c24c-4308-a695-6c40273d8614 e7a5b55ae04648ddbcae0af1ef0e29ef 6b7cdd11bcb54fcfa2268ba2989d98c3 - - default default] No more DHCP agents
2026-05-09 22:56:22.559 10 WARNING neutron.api.rpc.agentnotifiers.dhcp_rpc_agent_api [None req-1ead7a06-c24c-4308-a695-6c40273d8614 e7a5b55ae04648ddbcae0af1ef0e29ef 6b7cdd11bcb54fcfa2268ba2989d98c3 - - default default] Unable to schedule network a1a84ef5-8042-4fe2-b6f2-4ef566dfc2ec: no agents available; will retry on subsequent port and subnet creation events.
2026-05-09 22:56:22.582 9 INFO neutron.api.wsgi [req-565801c7-af0d-4ce5-835a-7864c8c14335 req-a48659c1-feb0-482e-8828-73d47ce255aa 2eaf80209d80400ba31d857242c21d27 09ecb68156164f1ebe094d526efd593e - - default default] 10.0.0.116 "GET /v2.0/security-groups?name=tempest-lb_member_SG-1741201806&fields=id&tenant_id=09ecb68156164f1ebe094d526efd593e HTTP/1.1" status: 200 len: 267 time: 0.0452378
2026-05-09 22:56:22.633 9 INFO neutron.api.wsgi [req-565801c7-af0d-4ce5-835a-7864c8c14335 req-8a21f5c0-c253-4d51-9bbe-6622d5eff26d 2eaf80209d80400ba31d857242c21d27 09ecb68156164f1ebe094d526efd593e - - default default] 10.0.0.116 "GET /v2.0/networks?id=a024e5c9-ef31-48a0-8cb2-ca477f5e15cc HTTP/1.1" status: 200 len: 904 time: 0.0444353
2026-05-09 22:56:22.664 9 INFO neutron.api.wsgi [req-565801c7-af0d-4ce5-835a-7864c8c14335 req-635d27bd-54d0-4022-8feb-2fa1453079f1 2eaf80209d80400ba31d857242c21d27 09ecb68156164f1ebe094d526efd593e - - default default] 10.0.0.116 "GET /v2.0/quotas/09ecb68156164f1ebe094d526efd593e HTTP/1.1" status: 200 len: 491 time: 0.0102096
2026-05-09 22:56:22.710 10 INFO neutron.db.ovn_revision_numbers_db [None req-1ead7a06-c24c-4308-a695-6c40273d8614 e7a5b55ae04648ddbcae0af1ef0e29ef 6b7cdd11bcb54fcfa2268ba2989d98c3 - - default default] Successfully bumped revision number for resource d89e5df7-c03a-4d45-a5be-16e51bb5f7a7 (type: ports) to 1
2026-05-09 22:56:22.714 9 WARNING neutron.plugins.ml2.drivers.ovn.mech_driver.ovsdb.ovn_client [None req-67f4b8a1-133c-4115-98d2-25fdf9064970 - - - - - -] No hosting information found for port 40b56ff5-fb8f-4719-9fb3-fbd5f42c24d9: RuntimeError: No hosting information found for port 40b56ff5-fb8f-4719-9fb3-fbd5f42c24d9
2026-05-09 22:56:22.734 10 INFO neutron.api.wsgi [None req-1ead7a06-c24c-4308-a695-6c40273d8614 e7a5b55ae04648ddbcae0af1ef0e29ef 6b7cdd11bcb54fcfa2268ba2989d98c3 - - default default] 10.0.0.215 "POST /v2.0/ports HTTP/1.1" status: 201 len: 1154 time: 0.4733722 /var/lib/openstack/lib/python3.12/site-packages/pycadf/identifier.py:71: UserWarning: Invalid uuid: neutron. To ensure interoperability, identifiers should be a valid uuid. warnings.warn(('Invalid uuid: %s. To ensure interoperability, '
2026-05-09 22:56:22.745 10 WARNING neutron_lib.context [None req-34718ed6-bb4e-470c-aa7e-66b55db2c94f e7a5b55ae04648ddbcae0af1ef0e29ef 6b7cdd11bcb54fcfa2268ba2989d98c3 - - default default] Method 'is_advsvc' is deprecated since 2023.2 release (neutron-lib 3.8.0) and will be removed once support for the old RBAC API policies will be removed from Neutron. Please use method 'is_service_role' instead.
2026-05-09 22:56:22.772 9 INFO neutron.api.wsgi [req-6a9bba8e-0e6c-457e-9faf-7c697e0c2a81 req-09638355-1ab4-4cfb-8a95-9ddb3b629288 5cddc22acd2a45c495bbf03e23def64f 95c991d61fd74039a97361e703a045b9 - - b74fb1e0c7fc469a8132ce3fe1e367c8 b74fb1e0c7fc469a8132ce3fe1e367c8] 199.204.45.250 "GET /v2.0/ports?tenant_id=ef99adaa55f84ccca7d5f7965b4541bd&device_id=d352eb93-b307-481f-92f8-3991c421d808 HTTP/1.1" status: 200 len: 1409 time: 0.0464852
2026-05-09 22:56:22.841 9 INFO neutron.db.ovn_revision_numbers_db [None req-67f4b8a1-133c-4115-98d2-25fdf9064970 - - - - - -] Successfully bumped revision number for resource 40b56ff5-fb8f-4719-9fb3-fbd5f42c24d9 (type: router_ports) to 2
2026-05-09 22:56:22.842 9 INFO neutron.plugins.ml2.drivers.ovn.mech_driver.mech_driver [None req-67f4b8a1-133c-4115-98d2-25fdf9064970 - - - - - -] OVN reports status up for port: dbce0e8c-1488-49e9-bcb0-069efee6c0d5
2026-05-09 22:56:22.853 9 INFO neutron.api.wsgi [req-6a9bba8e-0e6c-457e-9faf-7c697e0c2a81 req-fc1e9094-f971-4c5b-8d86-7d22df5519a4 5cddc22acd2a45c495bbf03e23def64f 95c991d61fd74039a97361e703a045b9 - - b74fb1e0c7fc469a8132ce3fe1e367c8 b74fb1e0c7fc469a8132ce3fe1e367c8] 199.204.45.250 "GET /v2.0/networks?id=fca294ad-965b-42f9-87c0-77fe249a8254 HTTP/1.1" status: 200 len: 959 time: 0.0743525
2026-05-09 22:56:22.855 9 INFO neutron.plugins.ml2.plugin [None req-67f4b8a1-133c-4115-98d2-25fdf9064970 - - - - - -] Attempt 1 to provision port dbce0e8c-1488-49e9-bcb0-069efee6c0d5
2026-05-09 22:56:22.879 9 INFO neutron.api.wsgi [req-6a9bba8e-0e6c-457e-9faf-7c697e0c2a81 req-c2b1888b-5df6-4c15-ba1f-eb9f677db556 5cddc22acd2a45c495bbf03e23def64f 95c991d61fd74039a97361e703a045b9 - - b74fb1e0c7fc469a8132ce3fe1e367c8 b74fb1e0c7fc469a8132ce3fe1e367c8] 199.204.45.250 "GET /v2.0/floatingips?fixed_ip_address=10.100.0.4&port_id=ab955288-ff4f-4dcd-8864-30f616245af3 HTTP/1.1" status: 200 len: 217 time: 0.0205569
2026-05-09 22:56:22.917 9 INFO neutron.api.wsgi [req-565801c7-af0d-4ce5-835a-7864c8c14335 req-7acd04dd-a92d-44d9-8d9f-9bf544191c14 2eaf80209d80400ba31d857242c21d27 09ecb68156164f1ebe094d526efd593e - - default default] 10.0.0.116 "GET /v2.0/ports?tenant_id=09ecb68156164f1ebe094d526efd593e&fields=id HTTP/1.1" status: 200 len: 486 time: 0.2482045
2026-05-09 22:56:22.921 9 INFO neutron.api.wsgi [req-6a9bba8e-0e6c-457e-9faf-7c697e0c2a81 req-4e8424cf-b837-4d0e-95a5-f45a81e53cca 5cddc22acd2a45c495bbf03e23def64f 95c991d61fd74039a97361e703a045b9 - - b74fb1e0c7fc469a8132ce3fe1e367c8 b74fb1e0c7fc469a8132ce3fe1e367c8] 199.204.45.250 "GET /v2.0/subnets?id=dfadf1d3-d515-4977-812a-8cab186e9f87 HTTP/1.1" status: 200 len: 876 time: 0.0344594
2026-05-09 22:56:22.954 9 INFO neutron.api.wsgi [req-6a9bba8e-0e6c-457e-9faf-7c697e0c2a81 req-518f9526-7e84-4498-9022-225ed95cc0d1 5cddc22acd2a45c495bbf03e23def64f 95c991d61fd74039a97361e703a045b9 - - b74fb1e0c7fc469a8132ce3fe1e367c8 b74fb1e0c7fc469a8132ce3fe1e367c8] 199.204.45.250 "GET /v2.0/ports?network_id=fca294ad-965b-42f9-87c0-77fe249a8254&device_owner=network%3Adhcp HTTP/1.1" status: 200 len: 210 time: 0.0225921
2026-05-09 22:56:22.978 10 WARNING neutron.scheduler.dhcp_agent_scheduler [None req-34718ed6-bb4e-470c-aa7e-66b55db2c94f e7a5b55ae04648ddbcae0af1ef0e29ef 6b7cdd11bcb54fcfa2268ba2989d98c3 - - default default] No more DHCP agents
2026-05-09 22:56:22.979 10 WARNING neutron.api.rpc.agentnotifiers.dhcp_rpc_agent_api [None req-34718ed6-bb4e-470c-aa7e-66b55db2c94f e7a5b55ae04648ddbcae0af1ef0e29ef 6b7cdd11bcb54fcfa2268ba2989d98c3 - - default default] Unable to schedule network f4d52246-a3b8-4661-9e5f-42f941348a2a: no agents available; will retry on subsequent port and subnet creation events.
2026-05-09 22:56:22.996 9 INFO neutron.api.wsgi [req-565801c7-af0d-4ce5-835a-7864c8c14335 req-c042e3d3-a82e-4c6e-9ead-62ab0a0a30d5 5cddc22acd2a45c495bbf03e23def64f 95c991d61fd74039a97361e703a045b9 - - b74fb1e0c7fc469a8132ce3fe1e367c8 b74fb1e0c7fc469a8132ce3fe1e367c8] 10.0.0.116 "GET /v2.0/networks/a024e5c9-ef31-48a0-8cb2-ca477f5e15cc?fields=segments HTTP/1.1" status: 200 len: 212 time: 0.0638101
2026-05-09 22:56:23.049 9 INFO neutron.api.wsgi [req-6a9bba8e-0e6c-457e-9faf-7c697e0c2a81 req-a62c59d1-732a-4ca0-affe-777cb3da8063 5cddc22acd2a45c495bbf03e23def64f 95c991d61fd74039a97361e703a045b9 - - b74fb1e0c7fc469a8132ce3fe1e367c8 b74fb1e0c7fc469a8132ce3fe1e367c8] 199.204.45.250 "GET /v2.0/networks/fca294ad-965b-42f9-87c0-77fe249a8254?fields=segments HTTP/1.1" status: 200 len: 212 time: 0.0869970
2026-05-09 22:56:23.259 10 WARNING neutron_lib.context [None req-a3fa142e-3d5e-40e8-994b-b26d4f4ea307 dd1e66e9cf0c45c2b03a2c9f4e18f049 ef99adaa55f84ccca7d5f7965b4541bd - - default default] Method 'is_advsvc' is deprecated since 2023.2 release (neutron-lib 3.8.0) and will be removed once support for the old RBAC API policies will be removed from Neutron. Please use method 'is_service_role' instead.
2026-05-09 22:56:23.410 10 INFO neutron.db.ovn_revision_numbers_db [None req-a3fa142e-3d5e-40e8-994b-b26d4f4ea307 dd1e66e9cf0c45c2b03a2c9f4e18f049 ef99adaa55f84ccca7d5f7965b4541bd - - default default] Successfully bumped revision number for resource f23c6ba8-4acb-4010-a258-7433f2084263 (type: security_groups) to 1
2026-05-09 22:56:23.423 10 INFO neutron.db.ovn_revision_numbers_db [None req-a3fa142e-3d5e-40e8-994b-b26d4f4ea307 dd1e66e9cf0c45c2b03a2c9f4e18f049 ef99adaa55f84ccca7d5f7965b4541bd - - default default] Successfully bumped revision number for resource 7c75cbf4-a338-4739-bb2e-bb6607dd22dd (type: security_group_rules) to 0
2026-05-09 22:56:23.440 10 INFO neutron.db.ovn_revision_numbers_db [None req-a3fa142e-3d5e-40e8-994b-b26d4f4ea307 dd1e66e9cf0c45c2b03a2c9f4e18f049 ef99adaa55f84ccca7d5f7965b4541bd - - default default] Successfully bumped revision number for resource c792760c-d274-44a6-90df-2c36dcfc39e4 (type: security_group_rules) to 0
2026-05-09 22:56:23.488 10 INFO neutron.api.wsgi [None req-a3fa142e-3d5e-40e8-994b-b26d4f4ea307 dd1e66e9cf0c45c2b03a2c9f4e18f049 ef99adaa55f84ccca7d5f7965b4541bd - - default default] 10.0.0.215 "POST /v2.0/security-groups HTTP/1.1" status: 201 len: 1875 time: 0.2350662
2026-05-09 22:56:23.490 9 INFO neutron.api.wsgi [req-565801c7-af0d-4ce5-835a-7864c8c14335 req-6d0edab8-1b98-46cf-87d9-44bcb133b1a4 5cddc22acd2a45c495bbf03e23def64f 95c991d61fd74039a97361e703a045b9 - - b74fb1e0c7fc469a8132ce3fe1e367c8 b74fb1e0c7fc469a8132ce3fe1e367c8] 10.0.0.116 "GET /v2.0/networks/a024e5c9-ef31-48a0-8cb2-ca477f5e15cc?fields=provider%3Aphysical_network&fields=provider%3Anetwork_type HTTP/1.1" status: 200 len: 277 time: 0.4848576
2026-05-09 22:56:23.502 9 WARNING neutron_lib.context [None req-bcf08bf0-26db-4678-a217-930f419fd306 dd1e66e9cf0c45c2b03a2c9f4e18f049 ef99adaa55f84ccca7d5f7965b4541bd - - default default] Method 'is_advsvc' is deprecated since 2023.2 release (neutron-lib 3.8.0) and will be removed once support for the old RBAC API policies will be removed from Neutron. Please use method 'is_service_role' instead.
2026-05-09 22:56:23.520 9 INFO neutron.api.wsgi [req-19e35ed6-f463-4386-80aa-ce293db2bebe req-d6ee838a-314f-4929-99a9-587d564d170b 5cddc22acd2a45c495bbf03e23def64f 95c991d61fd74039a97361e703a045b9 - - b74fb1e0c7fc469a8132ce3fe1e367c8 b74fb1e0c7fc469a8132ce3fe1e367c8] 199.204.45.250 "GET /v2.0/ports?device_id=d352eb93-b307-481f-92f8-3991c421d808&fields=binding%3Ahost_id&fields=binding%3Avif_type HTTP/1.1" status: 200 len: 265 time: 0.0506115
2026-05-09 22:56:23.537 9 INFO neutron.api.wsgi [req-6a9bba8e-0e6c-457e-9faf-7c697e0c2a81 req-dce82609-d81d-4e42-ba84-fb221054811d 5cddc22acd2a45c495bbf03e23def64f 95c991d61fd74039a97361e703a045b9 - - b74fb1e0c7fc469a8132ce3fe1e367c8 b74fb1e0c7fc469a8132ce3fe1e367c8] 199.204.45.250 "GET /v2.0/networks/fca294ad-965b-42f9-87c0-77fe249a8254?fields=provider%3Aphysical_network&fields=provider%3Anetwork_type HTTP/1.1" status: 200 len: 277 time: 0.4803836
2026-05-09 22:56:23.643 10 INFO neutron.api.wsgi [req-bbccd367-498d-4848-b458-0640e59a9092 req-709b169d-a0e7-4e7b-b5f6-d6c01ee572fb 2eaf80209d80400ba31d857242c21d27 09ecb68156164f1ebe094d526efd593e - - default default] 10.0.0.116 "GET /v2.0/ports?device_id=da2b369a-1157-44fd-9d67-40eb05cb0439 HTTP/1.1" status: 200 len: 210 time: 0.0180364
2026-05-09 22:56:23.673 9 INFO neutron.db.ovn_revision_numbers_db [None req-bcf08bf0-26db-4678-a217-930f419fd306 dd1e66e9cf0c45c2b03a2c9f4e18f049 ef99adaa55f84ccca7d5f7965b4541bd - - default default] Successfully bumped revision number for resource dcf6f8a4-e7a2-46cd-b373-0b639b396c8d (type: security_group_rules) to 0
2026-05-09 22:56:23.701 10 INFO neutron.db.ovn_revision_numbers_db [None req-34718ed6-bb4e-470c-aa7e-66b55db2c94f e7a5b55ae04648ddbcae0af1ef0e29ef 6b7cdd11bcb54fcfa2268ba2989d98c3 - - default default] Successfully bumped revision number for resource 503f5a50-bd04-4340-844c-33bf4ddee975 (type: floatingips) to -1
2026-05-09 22:56:23.704 9 INFO neutron.api.wsgi [None req-bcf08bf0-26db-4678-a217-930f419fd306 dd1e66e9cf0c45c2b03a2c9f4e18f049 ef99adaa55f84ccca7d5f7965b4541bd - - default default] 10.0.0.215 "POST /v2.0/security-group-rules HTTP/1.1" status: 201 len: 796 time: 0.2071240
2026-05-09 22:56:23.717 10 WARNING neutron_lib.context [None req-8350e2c5-2a07-42bb-b3ea-cd52305b7246 dd1e66e9cf0c45c2b03a2c9f4e18f049 ef99adaa55f84ccca7d5f7965b4541bd - - default default] Method 'is_advsvc' is deprecated since 2023.2 release (neutron-lib 3.8.0) and will be removed once support for the old RBAC API policies will be removed from Neutron. Please use method 'is_service_role' instead.
2026-05-09 22:56:23.783 9 INFO neutron.db.ovn_revision_numbers_db [None req-67f4b8a1-133c-4115-98d2-25fdf9064970 - - - - - -] Successfully bumped revision number for resource dbce0e8c-1488-49e9-bcb0-069efee6c0d5 (type: ports) to 2
2026-05-09 22:56:23.825 10 INFO neutron.db.ovn_revision_numbers_db [None req-34718ed6-bb4e-470c-aa7e-66b55db2c94f e7a5b55ae04648ddbcae0af1ef0e29ef 6b7cdd11bcb54fcfa2268ba2989d98c3 - - default default] Successfully bumped revision number for resource 503f5a50-bd04-4340-844c-33bf4ddee975 (type: floatingips) to 1
2026-05-09 22:56:23.825 10 INFO neutron.db.l3_db [None req-34718ed6-bb4e-470c-aa7e-66b55db2c94f e7a5b55ae04648ddbcae0af1ef0e29ef 6b7cdd11bcb54fcfa2268ba2989d98c3 - - default default] Floating IP 503f5a50-bd04-4340-844c-33bf4ddee975 associated. External IP: 10.96.250.203, port: d89e5df7-c03a-4d45-a5be-16e51bb5f7a7.
2026-05-09 22:56:23.870 10 INFO neutron.api.wsgi [None req-34718ed6-bb4e-470c-aa7e-66b55db2c94f e7a5b55ae04648ddbcae0af1ef0e29ef 6b7cdd11bcb54fcfa2268ba2989d98c3 - - default default] 10.0.0.215 "POST /v2.0/floatingips HTTP/1.1" status: 201 len: 1041 time: 1.1303234
2026-05-09 22:56:23.881 10 INFO neutron.db.ovn_revision_numbers_db [None req-8350e2c5-2a07-42bb-b3ea-cd52305b7246 dd1e66e9cf0c45c2b03a2c9f4e18f049 ef99adaa55f84ccca7d5f7965b4541bd - - default default] Successfully bumped revision number for resource 22f7a112-509d-422d-adfa-82207738241f (type: security_group_rules) to 0
2026-05-09 22:56:23.925 10 INFO neutron.api.wsgi [None req-8350e2c5-2a07-42bb-b3ea-cd52305b7246 dd1e66e9cf0c45c2b03a2c9f4e18f049 ef99adaa55f84ccca7d5f7965b4541bd - - default default] 10.0.0.215 "POST /v2.0/security-group-rules HTTP/1.1" status: 201 len: 795 time: 0.2120144
2026-05-09 22:56:23.936 10 WARNING neutron_lib.context [None req-c366f54e-7c25-4de7-97f4-9e287f4637b7 dd1e66e9cf0c45c2b03a2c9f4e18f049 ef99adaa55f84ccca7d5f7965b4541bd - - default default] Method 'is_advsvc' is deprecated since 2023.2 release (neutron-lib 3.8.0) and will be removed once support for the old RBAC API policies will be removed from Neutron. Please use method 'is_service_role' instead.
