2026-05-09 22:54:29.725 10 INFO neutron.api.wsgi [None req-2428fdc1-24f5-4618-817a-7317bcd4c39c c7f4c3622e714d97b96efbe6b10cc920 1b11aa16d92a47598aee9b59aded5ee6 - - default default] 10.0.0.215 "PUT /v2.0/routers/31bb969d-af62-41c9-a425-6f79710819f1/remove_router_interface HTTP/1.1" status: 200 len: 503 time: 0.5959423 /var/lib/openstack/lib/python3.12/site-packages/pycadf/identifier.py:71: UserWarning: Invalid uuid: neutron. To ensure interoperability, identifiers should be a valid uuid. warnings.warn(('Invalid uuid: %s. To ensure interoperability, '
2026-05-09 22:54:29.734 9 INFO neutron.api.wsgi [req-f750202a-95ee-4821-ad72-ebe8f4587292 req-f3e8fca3-4a25-4e8a-b30c-1d6496088666 5cddc22acd2a45c495bbf03e23def64f 95c991d61fd74039a97361e703a045b9 - - b74fb1e0c7fc469a8132ce3fe1e367c8 b74fb1e0c7fc469a8132ce3fe1e367c8] 199.204.45.250 "GET /v2.0/ports?network_id=95c7f210-4e8d-4bd7-b148-5c84a6b29eab&device_owner=network%3Adhcp HTTP/1.1" status: 200 len: 210 time: 0.0198634
2026-05-09 22:54:29.756 10 INFO neutron.api.wsgi [None req-445d155c-e002-4f4c-9924-5192eadc68e8 c7f4c3622e714d97b96efbe6b10cc920 1b11aa16d92a47598aee9b59aded5ee6 - - default default] 10.0.0.215 "GET /v2.0/ports?device_id=31bb969d-af62-41c9-a425-6f79710819f1 HTTP/1.1" status: 200 len: 205 time: 0.0251253
2026-05-09 22:54:29.777 9 INFO neutron.api.wsgi [req-f750202a-95ee-4821-ad72-ebe8f4587292 req-b62a46b3-686a-4018-ac34-6d827a6c563b 5cddc22acd2a45c495bbf03e23def64f 95c991d61fd74039a97361e703a045b9 - - b74fb1e0c7fc469a8132ce3fe1e367c8 b74fb1e0c7fc469a8132ce3fe1e367c8] 199.204.45.250 "GET /v2.0/networks/95c7f210-4e8d-4bd7-b148-5c84a6b29eab?fields=segments HTTP/1.1" status: 200 len: 212 time: 0.0375180
2026-05-09 22:54:29.829 9 INFO neutron.api.wsgi [req-f750202a-95ee-4821-ad72-ebe8f4587292 req-eb585e8f-00c5-43a5-883f-fd3458c51d61 5cddc22acd2a45c495bbf03e23def64f 95c991d61fd74039a97361e703a045b9 - - b74fb1e0c7fc469a8132ce3fe1e367c8 b74fb1e0c7fc469a8132ce3fe1e367c8] 199.204.45.250 "GET /v2.0/networks/95c7f210-4e8d-4bd7-b148-5c84a6b29eab?fields=provider%3Aphysical_network&fields=provider%3Anetwork_type HTTP/1.1" status: 200 len: 277 time: 0.0463309
2026-05-09 22:54:29.957 10 INFO neutron.api.wsgi [None req-3ceb7470-1dbd-4570-8a7b-e0a543398bf1 c7f4c3622e714d97b96efbe6b10cc920 1b11aa16d92a47598aee9b59aded5ee6 - - default default] 10.0.0.215 "DELETE /v2.0/routers/31bb969d-af62-41c9-a425-6f79710819f1 HTTP/1.1" status: 204 len: 168 time: 0.1959801
2026-05-09 22:54:30.114 9 INFO neutron.api.wsgi [None req-964a5a58-f3ee-4643-a373-f60a3ccfafa2 c7f4c3622e714d97b96efbe6b10cc920 1b11aa16d92a47598aee9b59aded5ee6 - - default default] 10.0.0.215 "DELETE /v2.0/subnets/17a21e31-3d0a-41ac-9b53-ee169f5112f9 HTTP/1.1" status: 204 len: 168 time: 0.1485531
2026-05-09 22:54:30.259 9 INFO neutron.api.wsgi [req-38ff4ad4-b148-438c-98af-73fa34ec9686 req-27443672-35a6-439d-9d4a-82f1818733b6 a34849889eb6430abdfc7f32e0cd6129 ecc0a67319a542d883d3c984a2d60a6f - - default default] 10.0.0.116 "GET /v2.0/ports?device_id=f02f2ca6-1118-4f9d-9cca-4a5b1b912f85 HTTP/1.1" status: 200 len: 1174 time: 0.1043274
2026-05-09 22:54:30.299 9 INFO neutron.api.wsgi [None req-2865b953-0b35-4277-887e-07aaf371e1f8 c7f4c3622e714d97b96efbe6b10cc920 1b11aa16d92a47598aee9b59aded5ee6 - - default default] 10.0.0.215 "DELETE /v2.0/subnets/b91c2c5e-63e2-4d09-88f9-b9a907ae3bb2 HTTP/1.1" status: 204 len: 168 time: 0.1812134
2026-05-09 22:54:30.323 9 INFO neutron.api.wsgi [req-38ff4ad4-b148-438c-98af-73fa34ec9686 req-5a98369f-d429-43e7-bd97-b000cb662cb4 a34849889eb6430abdfc7f32e0cd6129 ecc0a67319a542d883d3c984a2d60a6f - - default default] 10.0.0.116 "GET /v2.0/security-groups?id=5ce6275a-86f4-4a52-89dd-b4170abc86b8&fields=id&fields=name HTTP/1.1" status: 200 len: 313 time: 0.0608609
2026-05-09 22:54:30.427 10 INFO neutron.api.wsgi [req-f83a1517-5c10-4641-97c6-97cc6b95c73e req-2594e4ec-6fbc-41e2-a941-306b63f68d4e 242cda58f62c42f790da4ae1d497f170 df467e671fc14dbbb2a42b47943fdd99 - - default default] 10.0.0.116 "GET /v2.0/ports?device_id=6540e620-42df-4104-8430-35495ea1fa1c HTTP/1.1" status: 200 len: 1168 time: 0.0391502
2026-05-09 22:54:30.474 10 INFO neutron.api.wsgi [req-f83a1517-5c10-4641-97c6-97cc6b95c73e req-c0861e0c-3700-4a20-ad4e-98354a590be6 242cda58f62c42f790da4ae1d497f170 df467e671fc14dbbb2a42b47943fdd99 - - default default] 10.0.0.116 "GET /v2.0/security-groups?id=c1d28179-f14d-4029-b737-1b09de3c0d3b&fields=id&fields=name HTTP/1.1" status: 200 len: 312 time: 0.0401342
2026-05-09 22:54:30.646 10 INFO neutron.services.segments.plugin [-] Segment 5d45c4a2-d5df-44cf-9077-912b91c3f290 resource provider aggregate not found
2026-05-09 22:54:30.649 10 INFO neutron.services.segments.plugin [-] Segment 5d45c4a2-d5df-44cf-9077-912b91c3f290 resource provider aggregate not found
2026-05-09 22:54:30.659 10 INFO neutron.services.segments.plugin [-] Segment 5d45c4a2-d5df-44cf-9077-912b91c3f290 resource provider not found; error: Placement Client Error (4xx): {"errors": [{"status": 404, "title": "Not Found", "detail": "The resource could not be found.\n\n No resource provider with uuid 5d45c4a2-d5df-44cf-9077-912b91c3f290 found for delete ", "request_id": "req-dc9276eb-13be-4341-9f13-300a8915fce8"}]}
2026-05-09 22:54:30.666 10 INFO neutron.services.segments.plugin [-] Segment 5d45c4a2-d5df-44cf-9077-912b91c3f290 resource provider not found; error: Placement Client Error (4xx): {"errors": [{"status": 404, "title": "Not Found", "detail": "The resource could not be found.\n\n No resource provider with uuid 5d45c4a2-d5df-44cf-9077-912b91c3f290 found for delete ", "request_id": "req-4aca86b5-99b1-4205-b051-e589fbc9d3b9"}]}
2026-05-09 22:54:30.691 10 INFO neutron.api.wsgi [None req-51526663-dda6-4fa4-886a-e50582872aa3 c7f4c3622e714d97b96efbe6b10cc920 1b11aa16d92a47598aee9b59aded5ee6 - - default default] 10.0.0.215 "DELETE /v2.0/networks/dd77156a-d597-4965-965d-4901f4b6085c HTTP/1.1" status: 204 len: 168 time: 0.3869395
2026-05-09 22:54:31.045 10 INFO neutron.api.wsgi [None req-0d3e20af-0d3e-4f4d-b498-00502042c4af c7f4c3622e714d97b96efbe6b10cc920 1b11aa16d92a47598aee9b59aded5ee6 - - default default] 10.0.0.215 "DELETE /v2.0/networks/1e8d4b63-bd73-4721-abf9-fc27235a9511 HTTP/1.1" status: 204 len: 168 time: 0.3360319
2026-05-09 22:54:31.051 10 INFO neutron.notifiers.nova [-] Nova event matching ['req-1ba85f71-6555-4448-80d2-01e091ec6956'] response: {'server_uuid': 'f02f2ca6-1118-4f9d-9cca-4a5b1b912f85', 'name': 'network-vif-plugged', 'status': 'completed', 'tag': '7081af91-6753-4844-93fd-0604115b11c2', 'code': 200}
2026-05-09 22:54:31.056 10 WARNING neutron_lib.context [None req-d90caf68-0df7-4a08-aaed-773ed343fddb c7f4c3622e714d97b96efbe6b10cc920 1b11aa16d92a47598aee9b59aded5ee6 - - default default] Method 'is_advsvc' is deprecated since 2023.2 release (neutron-lib 3.8.0) and will be removed once support for the old RBAC API policies will be removed from Neutron. Please use method 'is_service_role' instead.
2026-05-09 22:54:31.132 10 INFO neutron.db.segments_db [None req-d90caf68-0df7-4a08-aaed-773ed343fddb c7f4c3622e714d97b96efbe6b10cc920 1b11aa16d92a47598aee9b59aded5ee6 - - default default] Added segment c60a161b-b104-4f26-810d-6f6f311f672e of type geneve for network 58838089-2cb1-45f0-846c-9f2c2977eab4
2026-05-09 22:54:31.260 10 INFO neutron.db.ovn_revision_numbers_db [None req-d90caf68-0df7-4a08-aaed-773ed343fddb c7f4c3622e714d97b96efbe6b10cc920 1b11aa16d92a47598aee9b59aded5ee6 - - default default] Successfully bumped revision number for resource 58838089-2cb1-45f0-846c-9f2c2977eab4 (type: networks) to 1
2026-05-09 22:54:31.457 10 WARNING neutron.scheduler.dhcp_agent_scheduler [None req-d90caf68-0df7-4a08-aaed-773ed343fddb c7f4c3622e714d97b96efbe6b10cc920 1b11aa16d92a47598aee9b59aded5ee6 - - default default] No more DHCP agents
2026-05-09 22:54:31.460 10 WARNING neutron.api.rpc.agentnotifiers.dhcp_rpc_agent_api [None req-d90caf68-0df7-4a08-aaed-773ed343fddb c7f4c3622e714d97b96efbe6b10cc920 1b11aa16d92a47598aee9b59aded5ee6 - - default default] Unable to schedule network 58838089-2cb1-45f0-846c-9f2c2977eab4: no agents available; will retry on subsequent port and subnet creation events.
2026-05-09 22:54:31.485 10 INFO neutron.api.wsgi [req-9aeb686c-db7f-498d-a077-a1b59bf4aa13 req-2f01800a-8e50-454f-9930-0bee54cdb209 a34849889eb6430abdfc7f32e0cd6129 ecc0a67319a542d883d3c984a2d60a6f - - default default] 10.0.0.116 "GET /v2.0/ports?device_id=f02f2ca6-1118-4f9d-9cca-4a5b1b912f85 HTTP/1.1" status: 200 len: 1174 time: 0.0876069
2026-05-09 22:54:31.541 10 INFO neutron.api.wsgi [req-9aeb686c-db7f-498d-a077-a1b59bf4aa13 req-5858abed-7825-49f4-a4ea-f03cbd293673 a34849889eb6430abdfc7f32e0cd6129 ecc0a67319a542d883d3c984a2d60a6f - - default default] 10.0.0.116 "GET /v2.0/security-groups?id=5ce6275a-86f4-4a52-89dd-b4170abc86b8&fields=id&fields=name HTTP/1.1" status: 200 len: 313 time: 0.0504057
2026-05-09 22:54:31.563 10 INFO neutron.db.ovn_revision_numbers_db [None req-d90caf68-0df7-4a08-aaed-773ed343fddb c7f4c3622e714d97b96efbe6b10cc920 1b11aa16d92a47598aee9b59aded5ee6 - - default default] Successfully bumped revision number for resource 9fa049dc-e048-408f-8f43-5c876a3f0582 (type: ports) to 1
2026-05-09 22:54:31.590 10 INFO neutron.api.wsgi [None req-d90caf68-0df7-4a08-aaed-773ed343fddb c7f4c3622e714d97b96efbe6b10cc920 1b11aa16d92a47598aee9b59aded5ee6 - - default default] 10.0.0.215 "POST /v2.0/networks HTTP/1.1" status: 201 len: 832 time: 0.5381956
2026-05-09 22:54:31.600 10 WARNING neutron_lib.context [None req-d1706d30-b4cb-4753-bb66-99fecfbe8962 c7f4c3622e714d97b96efbe6b10cc920 1b11aa16d92a47598aee9b59aded5ee6 - - default default] Method 'is_advsvc' is deprecated since 2023.2 release (neutron-lib 3.8.0) and will be removed once support for the old RBAC API policies will be removed from Neutron. Please use method 'is_service_role' instead.
2026-05-09 22:54:31.643 9 INFO neutron.api.wsgi [req-d4404f25-1577-40f7-b192-e138d2595678 req-ad089422-ddb0-4271-99c5-f315205db19c 242cda58f62c42f790da4ae1d497f170 df467e671fc14dbbb2a42b47943fdd99 - - default default] 10.0.0.116 "GET /v2.0/ports?device_id=6540e620-42df-4104-8430-35495ea1fa1c HTTP/1.1" status: 200 len: 1168 time: 0.0753620
2026-05-09 22:54:31.651 10 INFO neutron.api.wsgi [req-89e6a125-9f2f-4874-9cb8-897893ffb228 req-f10a1b7d-857b-4e93-af1a-9e5264233b77 a34849889eb6430abdfc7f32e0cd6129 ecc0a67319a542d883d3c984a2d60a6f - - default default] 10.0.0.116 "GET /v2.0/ports?device_id=f02f2ca6-1118-4f9d-9cca-4a5b1b912f85 HTTP/1.1" status: 200 len: 1174 time: 0.0373766
2026-05-09 22:54:31.703 9 INFO neutron.api.wsgi [req-d4404f25-1577-40f7-b192-e138d2595678 req-aa4a5fb6-9e2e-4479-bbec-ce9fdd4e407d 242cda58f62c42f790da4ae1d497f170 df467e671fc14dbbb2a42b47943fdd99 - - default default] 10.0.0.116 "GET /v2.0/security-groups?id=c1d28179-f14d-4029-b737-1b09de3c0d3b&fields=id&fields=name HTTP/1.1" status: 200 len: 312 time: 0.0548248
2026-05-09 22:54:31.799 10 WARNING neutron.scheduler.dhcp_agent_scheduler [None req-d1706d30-b4cb-4753-bb66-99fecfbe8962 c7f4c3622e714d97b96efbe6b10cc920 1b11aa16d92a47598aee9b59aded5ee6 - - default default] No more DHCP agents
2026-05-09 22:54:31.800 10 WARNING neutron.api.rpc.agentnotifiers.dhcp_rpc_agent_api [None req-d1706d30-b4cb-4753-bb66-99fecfbe8962 c7f4c3622e714d97b96efbe6b10cc920 1b11aa16d92a47598aee9b59aded5ee6 - - default default] Unable to schedule network 58838089-2cb1-45f0-846c-9f2c2977eab4: no agents available; will retry on subsequent port and subnet creation events.
2026-05-09 22:54:31.830 10 INFO neutron.db.ovn_revision_numbers_db [None req-d1706d30-b4cb-4753-bb66-99fecfbe8962 c7f4c3622e714d97b96efbe6b10cc920 1b11aa16d92a47598aee9b59aded5ee6 - - default default] Successfully bumped revision number for resource 26f0bad2-dce4-4ae1-bc78-fb7baa21420b (type: subnets) to 0
2026-05-09 22:54:31.848 10 INFO neutron.api.wsgi [None req-d1706d30-b4cb-4753-bb66-99fecfbe8962 c7f4c3622e714d97b96efbe6b10cc920 1b11aa16d92a47598aee9b59aded5ee6 - - default default] 10.0.0.215 "POST /v2.0/subnets HTTP/1.1" status: 201 len: 845 time: 0.2516370
2026-05-09 22:54:31.857 10 WARNING neutron_lib.context [None req-52ba0b68-7c34-4a9d-b830-11308b0b7526 c7f4c3622e714d97b96efbe6b10cc920 1b11aa16d92a47598aee9b59aded5ee6 - - default default] Method 'is_advsvc' is deprecated since 2023.2 release (neutron-lib 3.8.0) and will be removed once support for the old RBAC API policies will be removed from Neutron. Please use method 'is_service_role' instead.
2026-05-09 22:54:31.951 10 INFO neutron.db.ovn_revision_numbers_db [None req-52ba0b68-7c34-4a9d-b830-11308b0b7526 c7f4c3622e714d97b96efbe6b10cc920 1b11aa16d92a47598aee9b59aded5ee6 - - default default] Successfully bumped revision number for resource ea1de94e-aa60-44c1-a575-4de2bf40d1aa (type: routers) to 1
2026-05-09 22:54:31.984 10 INFO neutron.api.wsgi [None req-52ba0b68-7c34-4a9d-b830-11308b0b7526 c7f4c3622e714d97b96efbe6b10cc920 1b11aa16d92a47598aee9b59aded5ee6 - - default default] 10.0.0.215 "POST /v2.0/routers HTTP/1.1" status: 201 len: 806 time: 0.1313167
2026-05-09 22:54:31.998 9 WARNING neutron_lib.context [None req-91ae81aa-d29a-48ee-92a8-d65b30ab5d66 c7f4c3622e714d97b96efbe6b10cc920 1b11aa16d92a47598aee9b59aded5ee6 - - default default] Method 'is_advsvc' is deprecated since 2023.2 release (neutron-lib 3.8.0) and will be removed once support for the old RBAC API policies will be removed from Neutron. Please use method 'is_service_role' instead.
2026-05-09 22:54:32.268 9 INFO neutron.db.ovn_revision_numbers_db [None req-d7aa84ca-86ab-4489-9ba0-dfa53786b235 a34849889eb6430abdfc7f32e0cd6129 ecc0a67319a542d883d3c984a2d60a6f - - default default] Successfully bumped revision number for resource eb2d64f4-385e-457f-8b6f-f05df5c1b350 (type: floatingips) to 1
2026-05-09 22:54:32.425 9 INFO neutron.db.ovn_revision_numbers_db [None req-d7aa84ca-86ab-4489-9ba0-dfa53786b235 a34849889eb6430abdfc7f32e0cd6129 ecc0a67319a542d883d3c984a2d60a6f - - default default] Successfully bumped revision number for resource eb2d64f4-385e-457f-8b6f-f05df5c1b350 (type: floatingips) to 2
2026-05-09 22:54:32.425 9 INFO neutron.db.l3_db [None req-d7aa84ca-86ab-4489-9ba0-dfa53786b235 a34849889eb6430abdfc7f32e0cd6129 ecc0a67319a542d883d3c984a2d60a6f - - default default] Floating IP eb2d64f4-385e-457f-8b6f-f05df5c1b350 associated. External IP: 10.96.250.207, port: 7081af91-6753-4844-93fd-0604115b11c2.
2026-05-09 22:54:32.442 9 WARNING neutron.scheduler.dhcp_agent_scheduler [None req-91ae81aa-d29a-48ee-92a8-d65b30ab5d66 c7f4c3622e714d97b96efbe6b10cc920 1b11aa16d92a47598aee9b59aded5ee6 - - default default] No more DHCP agents
2026-05-09 22:54:32.445 9 WARNING neutron.api.rpc.agentnotifiers.dhcp_rpc_agent_api [None req-91ae81aa-d29a-48ee-92a8-d65b30ab5d66 c7f4c3622e714d97b96efbe6b10cc920 1b11aa16d92a47598aee9b59aded5ee6 - - default default] Unable to schedule network 58838089-2cb1-45f0-846c-9f2c2977eab4: no agents available; will retry on subsequent port and subnet creation events.
2026-05-09 22:54:32.455 9 INFO neutron.api.wsgi [None req-d7aa84ca-86ab-4489-9ba0-dfa53786b235 a34849889eb6430abdfc7f32e0cd6129 ecc0a67319a542d883d3c984a2d60a6f - - default default] 10.0.0.215 "PUT /v2.0/floatingips/eb2d64f4-385e-457f-8b6f-f05df5c1b350 HTTP/1.1" status: 200 len: 1050 time: 0.7930737
2026-05-09 22:54:32.490 9 INFO neutron.notifiers.nova [-] Nova event matching ['req-77986d76-75d5-4c1f-8c48-b0ab34380b66'] response: {'name': 'network-changed', 'server_uuid': 'f02f2ca6-1118-4f9d-9cca-4a5b1b912f85', 'tag': '7081af91-6753-4844-93fd-0604115b11c2', 'status': 'completed', 'code': 200}
2026-05-09 22:54:32.552 9 INFO neutron.db.ovn_revision_numbers_db [None req-91ae81aa-d29a-48ee-92a8-d65b30ab5d66 c7f4c3622e714d97b96efbe6b10cc920 1b11aa16d92a47598aee9b59aded5ee6 - - default default] Successfully bumped revision number for resource e57dd738-6992-4b52-9169-a9bd2c457638 (type: ports) to 1
2026-05-09 22:54:32.577 9 INFO neutron.api.wsgi [None req-91ae81aa-d29a-48ee-92a8-d65b30ab5d66 c7f4c3622e714d97b96efbe6b10cc920 1b11aa16d92a47598aee9b59aded5ee6 - - default default] 10.0.0.215 "POST /v2.0/ports HTTP/1.1" status: 201 len: 1162 time: 0.5828474 /var/lib/openstack/lib/python3.12/site-packages/pycadf/identifier.py:71: UserWarning: Invalid uuid: neutron. To ensure interoperability, identifiers should be a valid uuid. warnings.warn(('Invalid uuid: %s. To ensure interoperability, '
2026-05-09 22:54:32.685 10 INFO neutron.services.segments.plugin [-] Segment f2f90624-1014-41ad-8c1b-2ca1508df658 resource provider aggregate not found
2026-05-09 22:54:32.698 10 INFO neutron.services.segments.plugin [-] Segment f2f90624-1014-41ad-8c1b-2ca1508df658 resource provider not found; error: Placement Client Error (4xx): {"errors": [{"status": 404, "title": "Not Found", "detail": "The resource could not be found.\n\n No resource provider with uuid f2f90624-1014-41ad-8c1b-2ca1508df658 found for delete ", "request_id": "req-a0e4f1a3-c492-4527-8cfd-5425453381b5"}]}
2026-05-09 22:54:32.704 10 INFO neutron.services.segments.plugin [-] Segment f2f90624-1014-41ad-8c1b-2ca1508df658 resource provider aggregate not found
2026-05-09 22:54:32.724 10 INFO neutron.services.segments.plugin [-] Segment f2f90624-1014-41ad-8c1b-2ca1508df658 resource provider not found; error: Placement Client Error (4xx): {"errors": [{"status": 404, "title": "Not Found", "detail": "The resource could not be found.\n\n No resource provider with uuid f2f90624-1014-41ad-8c1b-2ca1508df658 found for delete ", "request_id": "req-fda19d85-f00d-433e-b265-82a04e4e95f2"}]}
2026-05-09 22:54:32.772 9 WARNING neutron.plugins.ml2.drivers.ovn.mech_driver.ovsdb.ovn_client [None req-2bf4d264-8ea2-4e63-948f-05cb0c3bf913 - - - - - -] No port found with ID 17708ca2-ac4e-4c37-bbf7-43724715753a: RuntimeError: No port found with ID 17708ca2-ac4e-4c37-bbf7-43724715753a
2026-05-09 22:54:32.813 9 INFO neutron.api.wsgi [req-6ed72d17-c4c1-4d73-8212-2ec93c424115 req-56385b4a-fd2a-455c-9f64-d0614694c4d1 242cda58f62c42f790da4ae1d497f170 df467e671fc14dbbb2a42b47943fdd99 - - default default] 10.0.0.116 "GET /v2.0/ports?device_id=6540e620-42df-4104-8430-35495ea1fa1c HTTP/1.1" status: 200 len: 1168 time: 0.0514510
2026-05-09 22:54:32.875 9 INFO neutron.api.wsgi [req-6ed72d17-c4c1-4d73-8212-2ec93c424115 req-1bc56cf4-0e90-4358-9c4c-51ba42ef7484 242cda58f62c42f790da4ae1d497f170 df467e671fc14dbbb2a42b47943fdd99 - - default default] 10.0.0.116 "GET /v2.0/security-groups?id=c1d28179-f14d-4029-b737-1b09de3c0d3b&fields=id&fields=name HTTP/1.1" status: 200 len: 312 time: 0.0513599
2026-05-09 22:54:32.924 9 INFO neutron.db.ovn_revision_numbers_db [None req-2bf4d264-8ea2-4e63-948f-05cb0c3bf913 - - - - - -] Successfully bumped revision number for resource 4df39803-9d37-4588-b4f0-2340917532e5 (type: router_ports) to 2
2026-05-09 22:54:32.983 9 INFO neutron.plugins.ml2.drivers.ovn.mech_driver.mech_driver [None req-2bf4d264-8ea2-4e63-948f-05cb0c3bf913 - - - - - -] OVN reports status up for port: 844b3ca4-19b6-4249-9b47-8fbcae9f219c
2026-05-09 22:54:32.995 9 INFO neutron.plugins.ml2.plugin [None req-2bf4d264-8ea2-4e63-948f-05cb0c3bf913 - - - - - -] Attempt 1 to provision port 844b3ca4-19b6-4249-9b47-8fbcae9f219c /var/lib/openstack/lib/python3.12/site-packages/pycadf/identifier.py:71: UserWarning: Invalid uuid: neutron. To ensure interoperability, identifiers should be a valid uuid. warnings.warn(('Invalid uuid: %s. To ensure interoperability, '
2026-05-09 22:54:33.017 10 INFO neutron.api.wsgi [-] 10.0.0.115 "GET / HTTP/1.1" status: 200 len: 247 time: 0.0025680
2026-05-09 22:54:33.019 10 INFO neutron.api.wsgi [-] 10.0.0.115 "GET / HTTP/1.1" status: 200 len: 247 time: 0.0013900
2026-05-09 22:54:33.039 9 INFO neutron.api.wsgi [req-6566530e-caa7-4913-971a-921f66bbcc12 req-70d54696-6227-426a-9e2a-01a797f26b22 5cddc22acd2a45c495bbf03e23def64f 95c991d61fd74039a97361e703a045b9 - - b74fb1e0c7fc469a8132ce3fe1e367c8 b74fb1e0c7fc469a8132ce3fe1e367c8] 199.204.45.250 "GET /v2.0/ports?tenant_id=ecc0a67319a542d883d3c984a2d60a6f&device_id=f02f2ca6-1118-4f9d-9cca-4a5b1b912f85 HTTP/1.1" status: 200 len: 1413 time: 0.0358269
2026-05-09 22:54:33.118 10 INFO neutron.plugins.ml2.drivers.ovn.mech_driver.mech_driver [None req-aea5b9e0-1dd0-493a-a3bd-7027b73a4478 - - - - - -] OVN reports status up for port: e57dd738-6992-4b52-9169-a9bd2c457638
2026-05-09 22:54:33.125 9 INFO neutron.api.wsgi [req-6566530e-caa7-4913-971a-921f66bbcc12 req-187bd8ad-da5e-4e7d-96c6-7a96abbac59e 5cddc22acd2a45c495bbf03e23def64f 95c991d61fd74039a97361e703a045b9 - - b74fb1e0c7fc469a8132ce3fe1e367c8 b74fb1e0c7fc469a8132ce3fe1e367c8] 199.204.45.250 "GET /v2.0/networks?id=d9ab592e-1ecf-4e7c-b90f-e95dd575fb74 HTTP/1.1" status: 200 len: 973 time: 0.0730600
2026-05-09 22:54:33.127 10 INFO neutron.plugins.ml2.plugin [None req-aea5b9e0-1dd0-493a-a3bd-7027b73a4478 - - - - - -] Attempt 1 to provision port e57dd738-6992-4b52-9169-a9bd2c457638
2026-05-09 22:54:33.159 9 INFO neutron.db.ovn_revision_numbers_db [None req-10b06f5d-1989-470b-bb2e-7c8c58114da6 c7f4c3622e714d97b96efbe6b10cc920 1b11aa16d92a47598aee9b59aded5ee6 - - default default] Successfully bumped revision number for resource e57dd738-6992-4b52-9169-a9bd2c457638 (type: ports) to 2
2026-05-09 22:54:33.180 9 INFO neutron.api.wsgi [req-6566530e-caa7-4913-971a-921f66bbcc12 req-ce9fd034-53eb-47d8-b678-497f62993be9 5cddc22acd2a45c495bbf03e23def64f 95c991d61fd74039a97361e703a045b9 - - b74fb1e0c7fc469a8132ce3fe1e367c8 b74fb1e0c7fc469a8132ce3fe1e367c8] 199.204.45.250 "GET /v2.0/floatingips?fixed_ip_address=10.100.0.10&port_id=7081af91-6753-4844-93fd-0604115b11c2 HTTP/1.1" status: 200 len: 1060 time: 0.0484943
2026-05-09 22:54:33.223 9 INFO neutron.api.wsgi [req-6566530e-caa7-4913-971a-921f66bbcc12 req-137c4978-1332-41c2-b4ec-2a6ce30ac7f8 5cddc22acd2a45c495bbf03e23def64f 95c991d61fd74039a97361e703a045b9 - - b74fb1e0c7fc469a8132ce3fe1e367c8 b74fb1e0c7fc469a8132ce3fe1e367c8] 199.204.45.250 "GET /v2.0/subnets?id=db8430cc-4329-4536-9d64-52b9ffbd033b HTTP/1.1" status: 200 len: 892 time: 0.0335205
2026-05-09 22:54:33.246 9 INFO neutron.api.wsgi [req-6566530e-caa7-4913-971a-921f66bbcc12 req-33157abd-e4aa-45cd-8709-716aefd24b43 5cddc22acd2a45c495bbf03e23def64f 95c991d61fd74039a97361e703a045b9 - - b74fb1e0c7fc469a8132ce3fe1e367c8 b74fb1e0c7fc469a8132ce3fe1e367c8] 199.204.45.250 "GET /v2.0/ports?network_id=d9ab592e-1ecf-4e7c-b90f-e95dd575fb74&device_owner=network%3Adhcp HTTP/1.1" status: 200 len: 210 time: 0.0176215
2026-05-09 22:54:33.319 9 INFO neutron.api.wsgi [req-6566530e-caa7-4913-971a-921f66bbcc12 req-14f0f813-c978-4da6-8222-fda7065b7717 5cddc22acd2a45c495bbf03e23def64f 95c991d61fd74039a97361e703a045b9 - - b74fb1e0c7fc469a8132ce3fe1e367c8 b74fb1e0c7fc469a8132ce3fe1e367c8] 199.204.45.250 "GET /v2.0/networks/d9ab592e-1ecf-4e7c-b90f-e95dd575fb74?fields=segments HTTP/1.1" status: 200 len: 212 time: 0.0666168
2026-05-09 22:54:33.338 9 INFO neutron.db.ovn_revision_numbers_db [None req-2bf4d264-8ea2-4e63-948f-05cb0c3bf913 - - - - - -] Successfully bumped revision number for resource 844b3ca4-19b6-4249-9b47-8fbcae9f219c (type: ports) to 5
2026-05-09 22:54:33.386 9 INFO neutron.api.wsgi [req-6566530e-caa7-4913-971a-921f66bbcc12 req-6ba18a25-f304-4792-9009-a6bb90c1e879 5cddc22acd2a45c495bbf03e23def64f 95c991d61fd74039a97361e703a045b9 - - b74fb1e0c7fc469a8132ce3fe1e367c8 b74fb1e0c7fc469a8132ce3fe1e367c8] 199.204.45.250 "GET /v2.0/networks/d9ab592e-1ecf-4e7c-b90f-e95dd575fb74?fields=provider%3Aphysical_network&fields=provider%3Anetwork_type HTTP/1.1" status: 200 len: 277 time: 0.0594203
2026-05-09 22:54:33.424 10 INFO neutron.db.ovn_revision_numbers_db [None req-aea5b9e0-1dd0-493a-a3bd-7027b73a4478 - - - - - -] Successfully bumped revision number for resource e57dd738-6992-4b52-9169-a9bd2c457638 (type: ports) to 3
2026-05-09 22:54:33.734 9 INFO neutron.db.ovn_revision_numbers_db [None req-10b06f5d-1989-470b-bb2e-7c8c58114da6 c7f4c3622e714d97b96efbe6b10cc920 1b11aa16d92a47598aee9b59aded5ee6 - - default default] Successfully bumped revision number for resource e57dd738-6992-4b52-9169-a9bd2c457638 (type: ports) to 3
2026-05-09 22:54:33.785 9 WARNING neutron.scheduler.dhcp_agent_scheduler [None req-10b06f5d-1989-470b-bb2e-7c8c58114da6 c7f4c3622e714d97b96efbe6b10cc920 1b11aa16d92a47598aee9b59aded5ee6 - - default default] No more DHCP agents
2026-05-09 22:54:33.786 9 WARNING neutron.api.rpc.agentnotifiers.dhcp_rpc_agent_api [None req-10b06f5d-1989-470b-bb2e-7c8c58114da6 c7f4c3622e714d97b96efbe6b10cc920 1b11aa16d92a47598aee9b59aded5ee6 - - default default] Unable to schedule network 58838089-2cb1-45f0-846c-9f2c2977eab4: no agents available; will retry on subsequent port and subnet creation events. /var/lib/openstack/lib/python3.12/site-packages/pycadf/identifier.py:71: UserWarning: Invalid uuid: neutron. To ensure interoperability, identifiers should be a valid uuid. warnings.warn(('Invalid uuid: %s. To ensure interoperability, '
2026-05-09 22:54:33.941 9 INFO neutron.db.ovn_revision_numbers_db [None req-10b06f5d-1989-470b-bb2e-7c8c58114da6 c7f4c3622e714d97b96efbe6b10cc920 1b11aa16d92a47598aee9b59aded5ee6 - - default default] Successfully bumped revision number for resource e57dd738-6992-4b52-9169-a9bd2c457638 (type: router_ports) to 3
2026-05-09 22:54:33.945 9 INFO neutron.api.wsgi [None req-10b06f5d-1989-470b-bb2e-7c8c58114da6 c7f4c3622e714d97b96efbe6b10cc920 1b11aa16d92a47598aee9b59aded5ee6 - - default default] 10.0.0.215 "PUT /v2.0/routers/ea1de94e-aa60-44c1-a575-4de2bf40d1aa/add_router_interface HTTP/1.1" status: 200 len: 503 time: 1.3609359 /var/lib/openstack/lib/python3.12/site-packages/pycadf/identifier.py:71: UserWarning: Invalid uuid: neutron. To ensure interoperability, identifiers should be a valid uuid. warnings.warn(('Invalid uuid: %s. To ensure interoperability, '
2026-05-09 22:54:34.010 10 INFO neutron.api.wsgi [req-5d3890e4-e7c7-4cd4-bfbb-59b306b48bab req-580888a1-dc95-457f-a82a-4a2d8e41f70d 242cda58f62c42f790da4ae1d497f170 df467e671fc14dbbb2a42b47943fdd99 - - default default] 10.0.0.116 "GET /v2.0/ports?device_id=6540e620-42df-4104-8430-35495ea1fa1c HTTP/1.1" status: 200 len: 1170 time: 0.0793047
2026-05-09 22:54:34.017 9 INFO neutron.api.wsgi [None req-ab8e7087-d554-4edd-ada7-6563b45eb5d5 c7f4c3622e714d97b96efbe6b10cc920 1b11aa16d92a47598aee9b59aded5ee6 - - default default] 10.0.0.215 "GET /v2.0/ports/e57dd738-6992-4b52-9169-a9bd2c457638 HTTP/1.1" status: 200 len: 1220 time: 0.0662577
2026-05-09 22:54:34.050 10 INFO neutron.api.wsgi [req-5d3890e4-e7c7-4cd4-bfbb-59b306b48bab req-bd0fa00a-c344-444b-8c2a-8b1887509d4d 242cda58f62c42f790da4ae1d497f170 df467e671fc14dbbb2a42b47943fdd99 - - default default] 10.0.0.116 "GET /v2.0/security-groups?id=c1d28179-f14d-4029-b737-1b09de3c0d3b&fields=id&fields=name HTTP/1.1" status: 200 len: 312 time: 0.0362456
2026-05-09 22:54:34.540 9 INFO neutron.notifiers.nova [-] Nova event matching ['req-4131d055-caf1-4535-9a74-7e0f555af56f'] response: {'server_uuid': '6540e620-42df-4104-8430-35495ea1fa1c', 'name': 'network-vif-plugged', 'status': 'completed', 'tag': '844b3ca4-19b6-4249-9b47-8fbcae9f219c', 'code': 200}
2026-05-09 22:54:34.541 9 INFO neutron.notifiers.nova [-] Nova event matching ['req-4131d055-caf1-4535-9a74-7e0f555af56f'] response: {'server_uuid': '6540e620-42df-4104-8430-35495ea1fa1c', 'name': 'network-vif-plugged', 'status': 'completed', 'tag': '844b3ca4-19b6-4249-9b47-8fbcae9f219c', 'code': 200}
2026-05-09 22:54:34.553 9 INFO neutron.api.wsgi [None req-c07d5605-af1f-4ee9-91cc-5e4cd414bd6f c7f4c3622e714d97b96efbe6b10cc920 1b11aa16d92a47598aee9b59aded5ee6 - - default default] 10.0.0.215 "PUT /v2.0/routers/ea1de94e-aa60-44c1-a575-4de2bf40d1aa/remove_router_interface HTTP/1.1" status: 200 len: 503 time: 0.5311122 /var/lib/openstack/lib/python3.12/site-packages/pycadf/identifier.py:71: UserWarning: Invalid uuid: neutron. To ensure interoperability, identifiers should be a valid uuid. warnings.warn(('Invalid uuid: %s. To ensure interoperability, '
2026-05-09 22:54:34.607 9 INFO neutron.api.v2.resource [None req-9eb05673-207d-40aa-81df-88cf372606f6 c7f4c3622e714d97b96efbe6b10cc920 1b11aa16d92a47598aee9b59aded5ee6 - - default default] remove_router_interface failed (client error): The resource could not be found.
2026-05-09 22:54:34.609 9 INFO neutron.api.wsgi [None req-9eb05673-207d-40aa-81df-88cf372606f6 c7f4c3622e714d97b96efbe6b10cc920 1b11aa16d92a47598aee9b59aded5ee6 - - default default] 10.0.0.215 "PUT /v2.0/routers/ea1de94e-aa60-44c1-a575-4de2bf40d1aa/remove_router_interface HTTP/1.1" status: 404 len: 398 time: 0.0506094
2026-05-09 22:54:34.635 9 INFO neutron.api.wsgi [None req-6e98cb89-bad6-40c4-9f5c-3d4be9f15713 c7f4c3622e714d97b96efbe6b10cc920 1b11aa16d92a47598aee9b59aded5ee6 - - default default] 10.0.0.215 "GET /v2.0/ports?device_id=ea1de94e-aa60-44c1-a575-4de2bf40d1aa HTTP/1.1" status: 200 len: 205 time: 0.0209572
2026-05-09 22:54:34.830 10 INFO neutron.api.wsgi [None req-dc0a15d5-2ef2-4717-b147-39cb131f477d c7f4c3622e714d97b96efbe6b10cc920 1b11aa16d92a47598aee9b59aded5ee6 - - default default] 10.0.0.215 "DELETE /v2.0/routers/ea1de94e-aa60-44c1-a575-4de2bf40d1aa HTTP/1.1" status: 204 len: 168 time: 0.1901207
2026-05-09 22:54:34.877 10 INFO neutron.db.ovn_revision_numbers_db [None req-1256ac38-5ce0-4cbe-8b92-858eaefc648c 9bbc180c5a484edf9128827656385cd9 2bc46190b2394f9ea24c0ef16398a7b9 - - default default] Successfully bumped revision number for resource 8b1f19b4-bc4b-40c7-b701-128885322f8f (type: security_groups) to 1
2026-05-09 22:54:34.895 10 INFO neutron.db.ovn_revision_numbers_db [None req-1256ac38-5ce0-4cbe-8b92-858eaefc648c 9bbc180c5a484edf9128827656385cd9 2bc46190b2394f9ea24c0ef16398a7b9 - - default default] Successfully bumped revision number for resource 04b3cbe9-1cd7-4a91-8f74-1bce0efe9e3e (type: security_group_rules) to 0
2026-05-09 22:54:34.910 10 INFO neutron.db.ovn_revision_numbers_db [None req-1256ac38-5ce0-4cbe-8b92-858eaefc648c 9bbc180c5a484edf9128827656385cd9 2bc46190b2394f9ea24c0ef16398a7b9 - - default default] Successfully bumped revision number for resource 71253ae4-ef8e-4c90-b873-41cf536e7795 (type: security_group_rules) to 0
2026-05-09 22:54:34.926 10 INFO neutron.db.ovn_revision_numbers_db [None req-1256ac38-5ce0-4cbe-8b92-858eaefc648c 9bbc180c5a484edf9128827656385cd9 2bc46190b2394f9ea24c0ef16398a7b9 - - default default] Successfully bumped revision number for resource 751fb9f2-a3f5-4fee-92b9-916b673d8a3f (type: security_group_rules) to 0
2026-05-09 22:54:34.938 10 INFO neutron.db.ovn_revision_numbers_db [None req-1256ac38-5ce0-4cbe-8b92-858eaefc648c 9bbc180c5a484edf9128827656385cd9 2bc46190b2394f9ea24c0ef16398a7b9 - - default default] Successfully bumped revision number for resource 86d05812-8b19-4505-8ada-627f12d9e6bc (type: security_group_rules) to 0
2026-05-09 22:54:34.974 10 INFO neutron.api.wsgi [None req-3a4ddc28-d447-44dd-bb0a-23fef4711f9e c7f4c3622e714d97b96efbe6b10cc920 1b11aa16d92a47598aee9b59aded5ee6 - - default default] 10.0.0.215 "DELETE /v2.0/subnets/26f0bad2-dce4-4ae1-bc78-fb7baa21420b HTTP/1.1" status: 204 len: 168 time: 0.1391912
2026-05-09 22:54:34.982 10 INFO neutron.api.wsgi [None req-1256ac38-5ce0-4cbe-8b92-858eaefc648c 9bbc180c5a484edf9128827656385cd9 2bc46190b2394f9ea24c0ef16398a7b9 - - default default] 10.0.0.215 "GET /v2.0/security-groups?tenant_id=5dd82c65a9a548af845bafe763040cd2&name=default HTTP/1.1" status: 200 len: 3120 time: 0.4282417
2026-05-09 22:54:35.195 9 INFO neutron.api.wsgi [req-6ceb1a3b-c528-412f-8f44-a1bb75466843 req-e1ce4875-a825-4166-b384-4cbe8ce6fefd 242cda58f62c42f790da4ae1d497f170 df467e671fc14dbbb2a42b47943fdd99 - - default default] 10.0.0.116 "GET /v2.0/ports?device_id=6540e620-42df-4104-8430-35495ea1fa1c HTTP/1.1" status: 200 len: 1170 time: 0.0635428
2026-05-09 22:54:35.277 9 INFO neutron.api.wsgi [req-6ceb1a3b-c528-412f-8f44-a1bb75466843 req-2d6f32d6-f423-4a9d-b25c-c4c48f315bce 242cda58f62c42f790da4ae1d497f170 df467e671fc14dbbb2a42b47943fdd99 - - default default] 10.0.0.116 "GET /v2.0/security-groups?id=c1d28179-f14d-4029-b737-1b09de3c0d3b&fields=id&fields=name HTTP/1.1" status: 200 len: 312 time: 0.0773444
2026-05-09 22:54:35.330 9 INFO neutron.api.wsgi [None req-7b03d197-d042-447b-887b-c93878424242 9bbc180c5a484edf9128827656385cd9 2bc46190b2394f9ea24c0ef16398a7b9 - - default default] 10.0.0.215 "DELETE /v2.0/security-groups/8b1f19b4-bc4b-40c7-b701-128885322f8f HTTP/1.1" status: 204 len: 168 time: 0.3437061
2026-05-09 22:54:35.344 10 INFO neutron.services.segments.plugin [-] Segment c60a161b-b104-4f26-810d-6f6f311f672e resource provider aggregate not found
2026-05-09 22:54:35.349 10 INFO neutron.services.segments.plugin [-] Segment c60a161b-b104-4f26-810d-6f6f311f672e resource provider aggregate not found
2026-05-09 22:54:35.354 10 INFO neutron.services.segments.plugin [-] Segment c60a161b-b104-4f26-810d-6f6f311f672e resource provider not found; error: Placement Client Error (4xx): {"errors": [{"status": 404, "title": "Not Found", "detail": "The resource could not be found.\n\n No resource provider with uuid c60a161b-b104-4f26-810d-6f6f311f672e found for delete ", "request_id": "req-f335c8cf-0416-4de4-9620-948d74802108"}]}
2026-05-09 22:54:35.359 10 INFO neutron.services.segments.plugin [-] Segment c60a161b-b104-4f26-810d-6f6f311f672e resource provider not found; error: Placement Client Error (4xx): {"errors": [{"status": 404, "title": "Not Found", "detail": "The resource could not be found.\n\n No resource provider with uuid c60a161b-b104-4f26-810d-6f6f311f672e found for delete ", "request_id": "req-474dfaa1-2062-4f79-9c1e-8770b2d71493"}]}
2026-05-09 22:54:35.381 10 INFO neutron.api.wsgi [None req-2f891bd8-4e51-47f8-9596-bd5f1e7fb978 c7f4c3622e714d97b96efbe6b10cc920 1b11aa16d92a47598aee9b59aded5ee6 - - default default] 10.0.0.215 "DELETE /v2.0/networks/58838089-2cb1-45f0-846c-9f2c2977eab4 HTTP/1.1" status: 204 len: 168 time: 0.4013076
2026-05-09 22:54:35.392 10 WARNING neutron_lib.context [None req-225a1b0d-66aa-49f4-b20d-8cfb6d5c42d3 c7f4c3622e714d97b96efbe6b10cc920 1b11aa16d92a47598aee9b59aded5ee6 - - default default] Method 'is_advsvc' is deprecated since 2023.2 release (neutron-lib 3.8.0) and will be removed once support for the old RBAC API policies will be removed from Neutron. Please use method 'is_service_role' instead.
2026-05-09 22:54:35.485 10 INFO neutron.db.segments_db [None req-225a1b0d-66aa-49f4-b20d-8cfb6d5c42d3 c7f4c3622e714d97b96efbe6b10cc920 1b11aa16d92a47598aee9b59aded5ee6 - - default default] Added segment 357824fc-146c-4a35-bae2-1fba68eaed31 of type geneve for network 4d768b00-4bc2-4bbc-9226-4ad951ab9f97
2026-05-09 22:54:35.538 10 INFO neutron.db.ovn_revision_numbers_db [None req-5d4b2181-f934-4fd9-9e52-5c5ebc0de1df 9bbc180c5a484edf9128827656385cd9 2bc46190b2394f9ea24c0ef16398a7b9 - - default default] Successfully bumped revision number for resource 08cbc3c7-bb04-4a1d-abe0-4e45f23e41b5 (type: security_groups) to 1
2026-05-09 22:54:35.554 10 INFO neutron.db.ovn_revision_numbers_db [None req-5d4b2181-f934-4fd9-9e52-5c5ebc0de1df 9bbc180c5a484edf9128827656385cd9 2bc46190b2394f9ea24c0ef16398a7b9 - - default default] Successfully bumped revision number for resource 086498a0-e338-4988-bf1a-a5e31f56de59 (type: security_group_rules) to 0
2026-05-09 22:54:35.568 10 INFO neutron.db.ovn_revision_numbers_db [None req-5d4b2181-f934-4fd9-9e52-5c5ebc0de1df 9bbc180c5a484edf9128827656385cd9 2bc46190b2394f9ea24c0ef16398a7b9 - - default default] Successfully bumped revision number for resource 2ee0e36a-9224-49aa-84ed-e254d2f27601 (type: security_group_rules) to 0
2026-05-09 22:54:35.584 10 INFO neutron.db.ovn_revision_numbers_db [None req-5d4b2181-f934-4fd9-9e52-5c5ebc0de1df 9bbc180c5a484edf9128827656385cd9 2bc46190b2394f9ea24c0ef16398a7b9 - - default default] Successfully bumped revision number for resource 70e4b8da-d7a4-4940-a887-056b59e9db14 (type: security_group_rules) to 0
2026-05-09 22:54:35.608 10 INFO neutron.db.ovn_revision_numbers_db [None req-5d4b2181-f934-4fd9-9e52-5c5ebc0de1df 9bbc180c5a484edf9128827656385cd9 2bc46190b2394f9ea24c0ef16398a7b9 - - default default] Successfully bumped revision number for resource e0e717a6-207b-4bea-b075-14b980dc3c65 (type: security_group_rules) to 0
2026-05-09 22:54:35.610 10 INFO neutron.db.ovn_revision_numbers_db [None req-225a1b0d-66aa-49f4-b20d-8cfb6d5c42d3 c7f4c3622e714d97b96efbe6b10cc920 1b11aa16d92a47598aee9b59aded5ee6 - - default default] Successfully bumped revision number for resource 4d768b00-4bc2-4bbc-9226-4ad951ab9f97 (type: networks) to 1
2026-05-09 22:54:35.653 10 INFO neutron.api.wsgi [None req-5d4b2181-f934-4fd9-9e52-5c5ebc0de1df 9bbc180c5a484edf9128827656385cd9 2bc46190b2394f9ea24c0ef16398a7b9 - - default default] 10.0.0.215 "GET /v2.0/security-groups?tenant_id=afb035dae4d04991a88e68a21869ca79&name=default HTTP/1.1" status: 200 len: 3120 time: 0.2252853
2026-05-09 22:54:35.799 10 WARNING neutron.scheduler.dhcp_agent_scheduler [None req-225a1b0d-66aa-49f4-b20d-8cfb6d5c42d3 c7f4c3622e714d97b96efbe6b10cc920 1b11aa16d92a47598aee9b59aded5ee6 - - default default] No more DHCP agents
2026-05-09 22:54:35.800 10 WARNING neutron.api.rpc.agentnotifiers.dhcp_rpc_agent_api [None req-225a1b0d-66aa-49f4-b20d-8cfb6d5c42d3 c7f4c3622e714d97b96efbe6b10cc920 1b11aa16d92a47598aee9b59aded5ee6 - - default default] Unable to schedule network 4d768b00-4bc2-4bbc-9226-4ad951ab9f97: no agents available; will retry on subsequent port and subnet creation events.
2026-05-09 22:54:35.885 10 INFO neutron.db.ovn_revision_numbers_db [None req-225a1b0d-66aa-49f4-b20d-8cfb6d5c42d3 c7f4c3622e714d97b96efbe6b10cc920 1b11aa16d92a47598aee9b59aded5ee6 - - default default] Successfully bumped revision number for resource 00eeee19-ad71-4ca0-8339-c1522cc96498 (type: ports) to 1
2026-05-09 22:54:35.911 10 INFO neutron.api.wsgi [None req-225a1b0d-66aa-49f4-b20d-8cfb6d5c42d3 c7f4c3622e714d97b96efbe6b10cc920 1b11aa16d92a47598aee9b59aded5ee6 - - default default] 10.0.0.215 "POST /v2.0/networks HTTP/1.1" status: 201 len: 832 time: 0.5234604
2026-05-09 22:54:35.916 9 INFO neutron.api.wsgi [None req-201e3c44-0f88-47fc-b549-bd947669b3db 9bbc180c5a484edf9128827656385cd9 2bc46190b2394f9ea24c0ef16398a7b9 - - default default] 10.0.0.215 "DELETE /v2.0/security-groups/08cbc3c7-bb04-4a1d-abe0-4e45f23e41b5 HTTP/1.1" status: 204 len: 168 time: 0.2540367
2026-05-09 22:54:35.923 10 WARNING neutron_lib.context [None req-4d596fd8-b2eb-4dcf-8269-13b6b3f577c5 c7f4c3622e714d97b96efbe6b10cc920 1b11aa16d92a47598aee9b59aded5ee6 - - default default] Method 'is_advsvc' is deprecated since 2023.2 release (neutron-lib 3.8.0) and will be removed once support for the old RBAC API policies will be removed from Neutron. Please use method 'is_service_role' instead.
2026-05-09 22:54:36.172 10 WARNING neutron.scheduler.dhcp_agent_scheduler [None req-4d596fd8-b2eb-4dcf-8269-13b6b3f577c5 c7f4c3622e714d97b96efbe6b10cc920 1b11aa16d92a47598aee9b59aded5ee6 - - default default] No more DHCP agents
2026-05-09 22:54:36.174 10 WARNING neutron.api.rpc.agentnotifiers.dhcp_rpc_agent_api [None req-4d596fd8-b2eb-4dcf-8269-13b6b3f577c5 c7f4c3622e714d97b96efbe6b10cc920 1b11aa16d92a47598aee9b59aded5ee6 - - default default] Unable to schedule network 4d768b00-4bc2-4bbc-9226-4ad951ab9f97: no agents available; will retry on subsequent port and subnet creation events.
2026-05-09 22:54:36.200 10 INFO neutron.db.ovn_revision_numbers_db [None req-4d596fd8-b2eb-4dcf-8269-13b6b3f577c5 c7f4c3622e714d97b96efbe6b10cc920 1b11aa16d92a47598aee9b59aded5ee6 - - default default] Successfully bumped revision number for resource 234ae315-45a4-442a-942b-b48f4e54cfdb (type: subnets) to 0
2026-05-09 22:54:36.218 10 INFO neutron.api.wsgi [None req-4d596fd8-b2eb-4dcf-8269-13b6b3f577c5 c7f4c3622e714d97b96efbe6b10cc920 1b11aa16d92a47598aee9b59aded5ee6 - - default default] 10.0.0.215 "POST /v2.0/subnets HTTP/1.1" status: 201 len: 845 time: 0.3016179
2026-05-09 22:54:36.228 10 WARNING neutron_lib.context [None req-3ea7e767-d195-4f82-b2d5-9ea434d3358a c7f4c3622e714d97b96efbe6b10cc920 1b11aa16d92a47598aee9b59aded5ee6 - - default default] Method 'is_advsvc' is deprecated since 2023.2 release (neutron-lib 3.8.0) and will be removed once support for the old RBAC API policies will be removed from Neutron. Please use method 'is_service_role' instead.
2026-05-09 22:54:36.330 10 INFO neutron.db.ovn_revision_numbers_db [None req-3ea7e767-d195-4f82-b2d5-9ea434d3358a c7f4c3622e714d97b96efbe6b10cc920 1b11aa16d92a47598aee9b59aded5ee6 - - default default] Successfully bumped revision number for resource 7c97b751-4980-482c-835d-96527b647e1e (type: routers) to 1
2026-05-09 22:54:36.346 10 INFO neutron.api.wsgi [None req-3ea7e767-d195-4f82-b2d5-9ea434d3358a c7f4c3622e714d97b96efbe6b10cc920 1b11aa16d92a47598aee9b59aded5ee6 - - default default] 10.0.0.215 "POST /v2.0/routers HTTP/1.1" status: 201 len: 805 time: 0.1222730
2026-05-09 22:54:36.400 10 INFO neutron.api.wsgi [req-ee7c09ee-f6f8-4f7d-ae8a-3b5b2a7b7927 req-af5a19b3-59f6-4841-908b-92d1ae78eb7e 242cda58f62c42f790da4ae1d497f170 df467e671fc14dbbb2a42b47943fdd99 - - default default] 10.0.0.116 "GET /v2.0/ports?device_id=6540e620-42df-4104-8430-35495ea1fa1c HTTP/1.1" status: 200 len: 1170 time: 0.0489302
2026-05-09 22:54:36.446 10 INFO neutron.api.wsgi [req-ee7c09ee-f6f8-4f7d-ae8a-3b5b2a7b7927 req-87e98b11-dfca-44ad-8a5f-099b4c2ee9c9 242cda58f62c42f790da4ae1d497f170 df467e671fc14dbbb2a42b47943fdd99 - - default default] 10.0.0.116 "GET /v2.0/security-groups?id=c1d28179-f14d-4029-b737-1b09de3c0d3b&fields=id&fields=name HTTP/1.1" status: 200 len: 312 time: 0.0412481
2026-05-09 22:54:36.545 9 INFO neutron.api.wsgi [req-da360731-b1b9-45f4-b55a-3e058317119e req-38774324-5fb8-4709-a071-c9a7c9ccc764 242cda58f62c42f790da4ae1d497f170 df467e671fc14dbbb2a42b47943fdd99 - - default default] 10.0.0.116 "GET /v2.0/ports?device_id=6540e620-42df-4104-8430-35495ea1fa1c HTTP/1.1" status: 200 len: 1170 time: 0.0415571
2026-05-09 22:54:36.738 9 WARNING neutron.scheduler.dhcp_agent_scheduler [None req-b753bf53-890a-45a0-8e29-5ab32d72b81b c7f4c3622e714d97b96efbe6b10cc920 1b11aa16d92a47598aee9b59aded5ee6 - - default default] No more DHCP agents
2026-05-09 22:54:36.739 9 WARNING neutron.api.rpc.agentnotifiers.dhcp_rpc_agent_api [None req-b753bf53-890a-45a0-8e29-5ab32d72b81b c7f4c3622e714d97b96efbe6b10cc920 1b11aa16d92a47598aee9b59aded5ee6 - - default default] Unable to schedule network 4d768b00-4bc2-4bbc-9226-4ad951ab9f97: no agents available; will retry on subsequent port and subnet creation events.
2026-05-09 22:54:36.823 9 INFO neutron.db.ovn_revision_numbers_db [None req-b753bf53-890a-45a0-8e29-5ab32d72b81b c7f4c3622e714d97b96efbe6b10cc920 1b11aa16d92a47598aee9b59aded5ee6 - - default default] Successfully bumped revision number for resource 39308c9a-2a56-4f7f-b8ab-9edebff670bd (type: ports) to 1
2026-05-09 22:54:37.338 10 INFO neutron.db.ovn_revision_numbers_db [None req-26cd8fff-a2ba-452b-951c-9b0e2c97c835 242cda58f62c42f790da4ae1d497f170 df467e671fc14dbbb2a42b47943fdd99 - - default default] Successfully bumped revision number for resource a7f092a7-7c9d-499a-8321-136e5a4bae6a (type: floatingips) to 1
2026-05-09 22:54:37.442 10 INFO neutron.db.ovn_revision_numbers_db [None req-26cd8fff-a2ba-452b-951c-9b0e2c97c835 242cda58f62c42f790da4ae1d497f170 df467e671fc14dbbb2a42b47943fdd99 - - default default] Successfully bumped revision number for resource a7f092a7-7c9d-499a-8321-136e5a4bae6a (type: floatingips) to 2
2026-05-09 22:54:37.443 10 INFO neutron.db.l3_db [None req-26cd8fff-a2ba-452b-951c-9b0e2c97c835 242cda58f62c42f790da4ae1d497f170 df467e671fc14dbbb2a42b47943fdd99 - - default default] Floating IP a7f092a7-7c9d-499a-8321-136e5a4bae6a associated. External IP: 10.96.250.201, port: 844b3ca4-19b6-4249-9b47-8fbcae9f219c.
2026-05-09 22:54:37.470 10 INFO neutron.api.wsgi [None req-26cd8fff-a2ba-452b-951c-9b0e2c97c835 242cda58f62c42f790da4ae1d497f170 df467e671fc14dbbb2a42b47943fdd99 - - default default] 10.0.0.215 "PUT /v2.0/floatingips/a7f092a7-7c9d-499a-8321-136e5a4bae6a HTTP/1.1" status: 200 len: 1049 time: 0.9131279
2026-05-09 22:54:37.503 10 INFO neutron.notifiers.nova [-] Nova event matching ['req-012c0486-5786-477a-ab19-b7b95ae96ad9'] response: {'name': 'network-changed', 'server_uuid': '6540e620-42df-4104-8430-35495ea1fa1c', 'tag': '844b3ca4-19b6-4249-9b47-8fbcae9f219c', 'status': 'completed', 'code': 200} /var/lib/openstack/lib/python3.12/site-packages/pycadf/identifier.py:71: UserWarning: Invalid uuid: neutron. To ensure interoperability, identifiers should be a valid uuid. warnings.warn(('Invalid uuid: %s. To ensure interoperability, '
2026-05-09 22:54:37.573 9 INFO neutron.db.ovn_revision_numbers_db [None req-b753bf53-890a-45a0-8e29-5ab32d72b81b c7f4c3622e714d97b96efbe6b10cc920 1b11aa16d92a47598aee9b59aded5ee6 - - default default] Successfully bumped revision number for resource 39308c9a-2a56-4f7f-b8ab-9edebff670bd (type: ports) to 1
2026-05-09 22:54:37.610 9 INFO neutron.api.wsgi [req-32c66b97-16e0-44fb-9607-482bc097dd7d req-647c2cbb-8b66-4863-bc76-4dc9297e7f52 242cda58f62c42f790da4ae1d497f170 df467e671fc14dbbb2a42b47943fdd99 - - default default] 10.0.0.116 "GET /v2.0/ports?device_id=6540e620-42df-4104-8430-35495ea1fa1c HTTP/1.1" status: 200 len: 1170 time: 0.0970652
2026-05-09 22:54:37.644 9 WARNING neutron.scheduler.dhcp_agent_scheduler [None req-b753bf53-890a-45a0-8e29-5ab32d72b81b c7f4c3622e714d97b96efbe6b10cc920 1b11aa16d92a47598aee9b59aded5ee6 - - default default] No more DHCP agents
2026-05-09 22:54:37.646 9 WARNING neutron.api.rpc.agentnotifiers.dhcp_rpc_agent_api [None req-b753bf53-890a-45a0-8e29-5ab32d72b81b c7f4c3622e714d97b96efbe6b10cc920 1b11aa16d92a47598aee9b59aded5ee6 - - default default] Unable to schedule network 4d768b00-4bc2-4bbc-9226-4ad951ab9f97: no agents available; will retry on subsequent port and subnet creation events.
2026-05-09 22:54:37.664 9 INFO neutron.api.wsgi [req-32c66b97-16e0-44fb-9607-482bc097dd7d req-eb5e9366-1451-4529-89d5-0cd61cb8905d 242cda58f62c42f790da4ae1d497f170 df467e671fc14dbbb2a42b47943fdd99 - - default default] 10.0.0.116 "GET /v2.0/security-groups?id=c1d28179-f14d-4029-b737-1b09de3c0d3b&fields=id&fields=name HTTP/1.1" status: 200 len: 312 time: 0.0479541
2026-05-09 22:54:37.877 9 INFO neutron.db.ovn_revision_numbers_db [None req-b753bf53-890a-45a0-8e29-5ab32d72b81b c7f4c3622e714d97b96efbe6b10cc920 1b11aa16d92a47598aee9b59aded5ee6 - - default default] Successfully bumped revision number for resource 39308c9a-2a56-4f7f-b8ab-9edebff670bd (type: router_ports) to 1
2026-05-09 22:54:37.882 9 INFO neutron.api.wsgi [None req-b753bf53-890a-45a0-8e29-5ab32d72b81b c7f4c3622e714d97b96efbe6b10cc920 1b11aa16d92a47598aee9b59aded5ee6 - - default default] 10.0.0.215 "PUT /v2.0/routers/7c97b751-4980-482c-835d-96527b647e1e/add_router_interface HTTP/1.1" status: 200 len: 503 time: 1.5310199
2026-05-09 22:54:37.918 10 INFO neutron.api.wsgi [req-29934e5f-eb8f-4059-981c-ce8c582d1b13 req-02c42917-2a73-4adb-9234-7a5a64d39cfc 242cda58f62c42f790da4ae1d497f170 df467e671fc14dbbb2a42b47943fdd99 - - default default] 10.0.0.116 "GET /v2.0/ports?device_id=6540e620-42df-4104-8430-35495ea1fa1c HTTP/1.1" status: 200 len: 1170 time: 0.0410936
2026-05-09 22:54:37.923 10 INFO neutron.api.wsgi [None req-41ed179b-8de0-4f63-82ec-b65e5293c906 c7f4c3622e714d97b96efbe6b10cc920 1b11aa16d92a47598aee9b59aded5ee6 - - default default] 10.0.0.215 "GET /v2.0/ports/39308c9a-2a56-4f7f-b8ab-9edebff670bd HTTP/1.1" status: 200 len: 1139 time: 0.0327532
2026-05-09 22:54:37.958 10 INFO neutron.api.wsgi [None req-3ce436de-b134-44a0-8058-4792e2db486d c7f4c3622e714d97b96efbe6b10cc920 1b11aa16d92a47598aee9b59aded5ee6 - - default default] 10.0.0.215 "GET /v2.0/ports/39308c9a-2a56-4f7f-b8ab-9edebff670bd HTTP/1.1" status: 200 len: 1139 time: 0.0258651
2026-05-09 22:54:37.961 10 INFO neutron.api.wsgi [req-29934e5f-eb8f-4059-981c-ce8c582d1b13 req-a20a24a7-2bfc-4181-8694-59aaf9525f8c 242cda58f62c42f790da4ae1d497f170 df467e671fc14dbbb2a42b47943fdd99 - - default default] 10.0.0.116 "GET /v2.0/security-groups?id=c1d28179-f14d-4029-b737-1b09de3c0d3b&fields=id&fields=name HTTP/1.1" status: 200 len: 312 time: 0.0367382
2026-05-09 22:54:38.048 9 INFO neutron.api.wsgi [req-c5044709-7df7-4a33-b31c-a7a0d3b50b4c req-ad0cf980-5f9b-4539-8a6c-ec538dd345d9 5cddc22acd2a45c495bbf03e23def64f 95c991d61fd74039a97361e703a045b9 - - b74fb1e0c7fc469a8132ce3fe1e367c8 b74fb1e0c7fc469a8132ce3fe1e367c8] 199.204.45.250 "GET /v2.0/ports?tenant_id=df467e671fc14dbbb2a42b47943fdd99&device_id=6540e620-42df-4104-8430-35495ea1fa1c HTTP/1.1" status: 200 len: 1409 time: 0.0344334
2026-05-09 22:54:38.108 9 INFO neutron.api.wsgi [req-c5044709-7df7-4a33-b31c-a7a0d3b50b4c req-8f0c6889-e739-4101-9d18-b108ffd53b51 5cddc22acd2a45c495bbf03e23def64f 95c991d61fd74039a97361e703a045b9 - - b74fb1e0c7fc469a8132ce3fe1e367c8 b74fb1e0c7fc469a8132ce3fe1e367c8] 199.204.45.250 "GET /v2.0/networks?id=95c7f210-4e8d-4bd7-b148-5c84a6b29eab HTTP/1.1" status: 200 len: 971 time: 0.0564234
2026-05-09 22:54:38.145 9 INFO neutron.api.wsgi [req-c5044709-7df7-4a33-b31c-a7a0d3b50b4c req-797850ec-dedc-47ad-bd1f-4902863db95c 5cddc22acd2a45c495bbf03e23def64f 95c991d61fd74039a97361e703a045b9 - - b74fb1e0c7fc469a8132ce3fe1e367c8 b74fb1e0c7fc469a8132ce3fe1e367c8] 199.204.45.250 "GET /v2.0/floatingips?fixed_ip_address=10.100.0.3&port_id=844b3ca4-19b6-4249-9b47-8fbcae9f219c HTTP/1.1" status: 200 len: 1059 time: 0.0331199
2026-05-09 22:54:38.170 9 INFO neutron.api.wsgi [req-c5044709-7df7-4a33-b31c-a7a0d3b50b4c req-efdd2867-28e2-41be-b095-6fdeb8767868 5cddc22acd2a45c495bbf03e23def64f 95c991d61fd74039a97361e703a045b9 - - b74fb1e0c7fc469a8132ce3fe1e367c8 b74fb1e0c7fc469a8132ce3fe1e367c8] 199.204.45.250 "GET /v2.0/subnets?id=5e48be15-8ea2-4484-af38-0e275c75f690 HTTP/1.1" status: 200 len: 891 time: 0.0217516
2026-05-09 22:54:38.191 9 INFO neutron.api.wsgi [req-c5044709-7df7-4a33-b31c-a7a0d3b50b4c req-5629a9c1-5dba-4466-af32-1ba4b4ff5989 5cddc22acd2a45c495bbf03e23def64f 95c991d61fd74039a97361e703a045b9 - - b74fb1e0c7fc469a8132ce3fe1e367c8 b74fb1e0c7fc469a8132ce3fe1e367c8] 199.204.45.250 "GET /v2.0/ports?network_id=95c7f210-4e8d-4bd7-b148-5c84a6b29eab&device_owner=network%3Adhcp HTTP/1.1" status: 200 len: 210 time: 0.0144482
