2026-05-09 22:58:03.267 10 INFO neutron.api.wsgi [req-c6de833f-6ff0-4b62-a2a1-0fca34ade1ec req-8f9d6445-6c43-4ffa-94b4-3d4000eafff0 b7c9cab15e0047a7a42ce2c3c90658a4 5a79bc6f9726466e8815d507fb9c0df0 - - default default] 10.0.0.116 "GET /v2.0/security-groups?id=798aad4e-d117-4a43-acca-68b3c25cf3a7&id=de1d692b-4d6c-4c4c-af5a-637065180765&fields=id&fields=name HTTP/1.1" status: 200 len: 404 time: 0.0405271
2026-05-09 22:58:03.808 9 INFO neutron.api.wsgi [req-a088343f-7913-45b1-ba91-d5e665f19189 req-20408bec-d971-44fe-af6f-7b48871d2103 b7c9cab15e0047a7a42ce2c3c90658a4 5a79bc6f9726466e8815d507fb9c0df0 - - default default] 199.204.45.250 "GET /v2.0/ports?device_id=d1cd6a54-2f49-477d-8984-066fa11e586d HTTP/1.1" status: 200 len: 1212 time: 0.0323412
2026-05-09 22:58:04.139 9 INFO neutron.db.l3_db [req-a088343f-7913-45b1-ba91-d5e665f19189 req-66af0a91-d158-49db-80e4-534b045608aa b7c9cab15e0047a7a42ce2c3c90658a4 5a79bc6f9726466e8815d507fb9c0df0 - - default default] Floating IP 7426c79a-452b-47f4-8886-878b5e17c51c disassociated. External IP: 10.96.250.218, port: e6c4e8fd-930a-46c5-94ce-57331c255346.
2026-05-09 22:58:04.251 9 INFO neutron.api.wsgi [req-a088343f-7913-45b1-ba91-d5e665f19189 req-66af0a91-d158-49db-80e4-534b045608aa b7c9cab15e0047a7a42ce2c3c90658a4 5a79bc6f9726466e8815d507fb9c0df0 - - default default] 199.204.45.250 "DELETE /v2.0/ports/e6c4e8fd-930a-46c5-94ce-57331c255346 HTTP/1.1" status: 204 len: 173 time: 0.4393418
2026-05-09 22:58:04.292 9 INFO neutron.notifiers.nova [-] Nova event matching ['req-5aaa605e-1037-4238-94cd-e7497a3483c8'] response: {'server_uuid': 'd1cd6a54-2f49-477d-8984-066fa11e586d', 'name': 'network-vif-deleted', 'tag': 'e6c4e8fd-930a-46c5-94ce-57331c255346', 'status': 'completed', 'code': 200}
2026-05-09 22:58:04.343 10 INFO neutron.api.wsgi [req-edd6d672-d792-49f8-881c-f16ca7a095e0 req-50149f9d-c049-4d03-8eb8-f5d2edf66426 b7c9cab15e0047a7a42ce2c3c90658a4 5a79bc6f9726466e8815d507fb9c0df0 - - default default] 10.0.0.116 "GET /v2.0/ports?device_id=d1cd6a54-2f49-477d-8984-066fa11e586d HTTP/1.1" status: 200 len: 210 time: 0.0211897
2026-05-09 22:58:04.848 10 INFO neutron.notifiers.nova [-] Nova event matching ['req-7d356fc9-4f1b-4c46-9a00-3982cc3df1ad'] response: {'server_uuid': 'd1cd6a54-2f49-477d-8984-066fa11e586d', 'name': 'network-vif-unplugged', 'status': 'completed', 'tag': 'e6c4e8fd-930a-46c5-94ce-57331c255346', 'code': 200} /var/lib/openstack/lib/python3.12/site-packages/pycadf/identifier.py:71: UserWarning: Invalid uuid: neutron. To ensure interoperability, identifiers should be a valid uuid. warnings.warn(('Invalid uuid: %s. To ensure interoperability, '
2026-05-09 22:58:05.437 9 INFO neutron.api.wsgi [req-6226604e-8e48-4696-a27b-e8354362b449 req-53beb11c-1a68-4e4f-b535-8b209f6a6951 b7c9cab15e0047a7a42ce2c3c90658a4 5a79bc6f9726466e8815d507fb9c0df0 - - default default] 10.0.0.116 "GET /v2.0/ports?device_id=d1cd6a54-2f49-477d-8984-066fa11e586d HTTP/1.1" status: 200 len: 210 time: 0.0211737
2026-05-09 22:58:06.522 10 INFO neutron.api.wsgi [req-8aec9446-a432-4ca7-938b-74aa31a627eb req-7da3834e-c556-4a71-b756-a81a62ccc964 b7c9cab15e0047a7a42ce2c3c90658a4 5a79bc6f9726466e8815d507fb9c0df0 - - default default] 10.0.0.116 "GET /v2.0/ports?device_id=d1cd6a54-2f49-477d-8984-066fa11e586d HTTP/1.1" status: 200 len: 210 time: 0.0211766
2026-05-09 22:58:07.614 9 INFO neutron.api.wsgi [req-bb8adab5-d323-440c-8a08-77447a8e4727 req-cd04401e-2c3f-4698-a7cf-80c346995279 b7c9cab15e0047a7a42ce2c3c90658a4 5a79bc6f9726466e8815d507fb9c0df0 - - default default] 10.0.0.116 "GET /v2.0/ports?device_id=d1cd6a54-2f49-477d-8984-066fa11e586d HTTP/1.1" status: 200 len: 210 time: 0.0186760
2026-05-09 22:58:08.901 10 INFO neutron.api.wsgi [None req-1ae742af-b5a7-44fb-9ccb-ce54bab823a8 b7c9cab15e0047a7a42ce2c3c90658a4 5a79bc6f9726466e8815d507fb9c0df0 - - default default] 10.0.0.215 "DELETE /v2.0/security-groups/de1d692b-4d6c-4c4c-af5a-637065180765 HTTP/1.1" status: 204 len: 168 time: 0.1454020
2026-05-09 22:58:08.919 9 INFO neutron.api.v2.resource [None req-72455b56-7df9-44dc-a770-9c21ef745169 b7c9cab15e0047a7a42ce2c3c90658a4 5a79bc6f9726466e8815d507fb9c0df0 - - default default] show failed (client error): The resource could not be found.
2026-05-09 22:58:08.920 9 INFO neutron.api.wsgi [None req-72455b56-7df9-44dc-a770-9c21ef745169 b7c9cab15e0047a7a42ce2c3c90658a4 5a79bc6f9726466e8815d507fb9c0df0 - - default default] 10.0.0.215 "GET /v2.0/security-groups/de1d692b-4d6c-4c4c-af5a-637065180765 HTTP/1.1" status: 404 len: 347 time: 0.0132406
2026-05-09 22:58:09.222 9 INFO neutron.api.wsgi [None req-f7794f82-f4f7-4906-b07a-598101bb8fa3 b7c9cab15e0047a7a42ce2c3c90658a4 5a79bc6f9726466e8815d507fb9c0df0 - - default default] 10.0.0.215 "DELETE /v2.0/floatingips/7426c79a-452b-47f4-8886-878b5e17c51c HTTP/1.1" status: 204 len: 168 time: 0.2972431
2026-05-09 22:58:09.420 9 INFO neutron.api.wsgi [None req-d389f275-25a9-4bb6-96fe-c1f8e4d0a07a b7c9cab15e0047a7a42ce2c3c90658a4 5a79bc6f9726466e8815d507fb9c0df0 - - default default] 10.0.0.215 "DELETE /v2.0/security-groups/798aad4e-d117-4a43-acca-68b3c25cf3a7 HTTP/1.1" status: 204 len: 168 time: 0.1912985
2026-05-09 22:58:10.665 10 INFO neutron.api.wsgi [None req-ce30d16a-083b-4df0-a512-4d0d9bf73971 9bbc180c5a484edf9128827656385cd9 2bc46190b2394f9ea24c0ef16398a7b9 - - default default] 10.0.0.215 "PUT /v2.0/routers/d3b26531-c6af-4dfd-a536-a362af1af3da/remove_router_interface HTTP/1.1" status: 200 len: 503 time: 1.1963136 /var/lib/openstack/lib/python3.12/site-packages/pycadf/identifier.py:71: UserWarning: Invalid uuid: neutron. To ensure interoperability, identifiers should be a valid uuid. warnings.warn(('Invalid uuid: %s. To ensure interoperability, '
2026-05-09 22:58:11.322 10 INFO neutron.api.wsgi [None req-e7e36a19-4e96-4394-82cb-a9b9d4b88645 9bbc180c5a484edf9128827656385cd9 2bc46190b2394f9ea24c0ef16398a7b9 - - default default] 10.0.0.215 "DELETE /v2.0/routers/d3b26531-c6af-4dfd-a536-a362af1af3da HTTP/1.1" status: 204 len: 168 time: 0.6530268
2026-05-09 22:58:11.503 10 INFO neutron.api.wsgi [None req-49c5b4c2-4a08-43ce-8176-7fa0b898eb71 9bbc180c5a484edf9128827656385cd9 2bc46190b2394f9ea24c0ef16398a7b9 - - default default] 10.0.0.215 "DELETE /v2.0/subnets/db4d656c-01c7-48c7-9c8e-9335b6d7a3eb HTTP/1.1" status: 204 len: 168 time: 0.1757534
2026-05-09 22:58:11.821 10 INFO neutron.services.segments.plugin [-] Segment 6d1457f4-585a-4172-9e06-7d9f5ff792ce resource provider aggregate not found
2026-05-09 22:58:11.828 10 INFO neutron.services.segments.plugin [-] Segment 6d1457f4-585a-4172-9e06-7d9f5ff792ce resource provider aggregate not found
2026-05-09 22:58:11.836 10 INFO neutron.services.segments.plugin [-] Segment 6d1457f4-585a-4172-9e06-7d9f5ff792ce resource provider not found; error: Placement Client Error (4xx): {"errors": [{"status": 404, "title": "Not Found", "detail": "The resource could not be found.\n\n No resource provider with uuid 6d1457f4-585a-4172-9e06-7d9f5ff792ce found for delete ", "request_id": "req-82d1b767-610a-4732-b81b-ecf144eaa62b"}]}
2026-05-09 22:58:11.844 10 INFO neutron.api.wsgi [None req-c7f68f33-785c-4617-b55a-00394aad8032 9bbc180c5a484edf9128827656385cd9 2bc46190b2394f9ea24c0ef16398a7b9 - - default default] 10.0.0.215 "DELETE /v2.0/networks/7e4245cd-0948-4d9a-883c-a9b7920aff55 HTTP/1.1" status: 204 len: 168 time: 0.3368611
2026-05-09 22:58:11.845 10 INFO neutron.services.segments.plugin [-] Segment 6d1457f4-585a-4172-9e06-7d9f5ff792ce resource provider not found; error: Placement Client Error (4xx): {"errors": [{"status": 404, "title": "Not Found", "detail": "The resource could not be found.\n\n No resource provider with uuid 6d1457f4-585a-4172-9e06-7d9f5ff792ce found for delete ", "request_id": "req-7f747955-d9e4-4fe3-8f87-a1afaa06efaf"}]}
2026-05-09 22:58:12.900 10 INFO neutron.api.wsgi [None req-634bfb7d-6349-4070-b5dd-f42c2b8959c8 9bbc180c5a484edf9128827656385cd9 2bc46190b2394f9ea24c0ef16398a7b9 - - default default] 10.0.0.215 "PUT /v2.0/routers/6b4663a5-5a4f-44fc-ab4a-2a6e16a09094/remove_router_interface HTTP/1.1" status: 200 len: 503 time: 1.0504351 /var/lib/openstack/lib/python3.12/site-packages/pycadf/identifier.py:71: UserWarning: Invalid uuid: neutron. To ensure interoperability, identifiers should be a valid uuid. warnings.warn(('Invalid uuid: %s. To ensure interoperability, '
2026-05-09 22:58:13.486 10 INFO neutron.api.wsgi [None req-939ae4b3-58c6-416a-99d7-16e786a52373 9bbc180c5a484edf9128827656385cd9 2bc46190b2394f9ea24c0ef16398a7b9 - - default default] 10.0.0.215 "DELETE /v2.0/routers/6b4663a5-5a4f-44fc-ab4a-2a6e16a09094 HTTP/1.1" status: 204 len: 168 time: 0.5814524
2026-05-09 22:58:13.641 9 INFO neutron.api.wsgi [None req-1eb450f0-993f-40e7-bfa8-c727fa99404e 9bbc180c5a484edf9128827656385cd9 2bc46190b2394f9ea24c0ef16398a7b9 - - default default] 10.0.0.215 "DELETE /v2.0/subnets/01da4416-9e7b-46e3-bef8-59023aad9aff HTTP/1.1" status: 204 len: 168 time: 0.1498456
2026-05-09 22:58:13.966 9 INFO neutron.services.segments.plugin [-] Segment abb2f48d-6a8d-4268-bd27-343422152e44 resource provider aggregate not found
2026-05-09 22:58:13.970 9 INFO neutron.services.segments.plugin [-] Segment abb2f48d-6a8d-4268-bd27-343422152e44 resource provider aggregate not found
2026-05-09 22:58:13.986 9 INFO neutron.services.segments.plugin [-] Segment abb2f48d-6a8d-4268-bd27-343422152e44 resource provider not found; error: Placement Client Error (4xx): {"errors": [{"status": 404, "title": "Not Found", "detail": "The resource could not be found.\n\n No resource provider with uuid abb2f48d-6a8d-4268-bd27-343422152e44 found for delete ", "request_id": "req-1089fca1-a2c1-4c97-89b9-467addc45b83"}]}
2026-05-09 22:58:13.988 9 INFO neutron.services.segments.plugin [-] Segment abb2f48d-6a8d-4268-bd27-343422152e44 resource provider not found; error: Placement Client Error (4xx): {"errors": [{"status": 404, "title": "Not Found", "detail": "The resource could not be found.\n\n No resource provider with uuid abb2f48d-6a8d-4268-bd27-343422152e44 found for delete ", "request_id": "req-d67cba7e-5c81-4047-b3f9-6b7d98a84b5d"}]}
2026-05-09 22:58:14.004 9 INFO neutron.api.wsgi [None req-50aef396-ddbb-4549-abf2-f70750d1e97d 9bbc180c5a484edf9128827656385cd9 2bc46190b2394f9ea24c0ef16398a7b9 - - default default] 10.0.0.215 "DELETE /v2.0/networks/27d4c27e-f62b-4429-9e30-685b5df5024e HTTP/1.1" status: 204 len: 168 time: 0.3572755
2026-05-09 22:58:14.270 10 INFO neutron.api.wsgi [None req-e8e0ec7e-37bf-4e9c-b8bb-64df4aacab90 9bbc180c5a484edf9128827656385cd9 2bc46190b2394f9ea24c0ef16398a7b9 - - default default] 10.0.0.215 "GET /v2.0/security-groups?tenant_id=5a79bc6f9726466e8815d507fb9c0df0&name=default HTTP/1.1" status: 200 len: 3120 time: 0.0397170
2026-05-09 22:58:14.477 10 INFO neutron.api.wsgi [None req-c63a933c-be9f-48c9-9cdb-57b7f0d22a11 9bbc180c5a484edf9128827656385cd9 2bc46190b2394f9ea24c0ef16398a7b9 - - default default] 10.0.0.215 "DELETE /v2.0/security-groups/91663ab4-0a3d-4130-91c2-3103b356f117 HTTP/1.1" status: 204 len: 168 time: 0.2012792
2026-05-09 22:58:14.646 9 INFO neutron.api.wsgi [None req-ff859f1d-3677-4ebd-a3c3-70759904bc8c 9bbc180c5a484edf9128827656385cd9 2bc46190b2394f9ea24c0ef16398a7b9 - - default default] 10.0.0.215 "GET /v2.0/security-groups?tenant_id=d5ebc88239bd4b4a8670a23695657f55&name=default HTTP/1.1" status: 200 len: 3124 time: 0.0282598
2026-05-09 22:58:14.848 9 INFO neutron.api.wsgi [None req-1dcc0f75-b19e-4fc5-8fff-f0bdac108b7e 9bbc180c5a484edf9128827656385cd9 2bc46190b2394f9ea24c0ef16398a7b9 - - default default] 10.0.0.215 "DELETE /v2.0/security-groups/1e77a0be-076c-48fc-a4cc-05ed6f652d13 HTTP/1.1" status: 204 len: 168 time: 0.1974564
2026-05-09 22:58:16.008 10 INFO neutron.api.wsgi [None req-02274675-29ac-466f-845d-4d2e4e964aea 9bbc180c5a484edf9128827656385cd9 2bc46190b2394f9ea24c0ef16398a7b9 - - default default] 199.204.45.250 "GET /v2.0/extensions/security-group HTTP/1.1" status: 200 len: 369 time: 0.0057790
2026-05-09 22:58:16.016 10 INFO neutron.api.wsgi [None req-356d1f1e-35ff-4578-bb0c-8dc09f4f5dc2 9bbc180c5a484edf9128827656385cd9 2bc46190b2394f9ea24c0ef16398a7b9 - - default default] 199.204.45.250 "GET /v2.0/extensions/dns-integration HTTP/1.1" status: 200 len: 371 time: 0.0033388
2026-05-09 22:58:16.022 10 INFO neutron.api.wsgi [None req-9a84c956-a961-46ed-8515-67725f37391c 9bbc180c5a484edf9128827656385cd9 2bc46190b2394f9ea24c0ef16398a7b9 - - default default] 199.204.45.250 "GET /v2.0/extensions/qos HTTP/1.1" status: 200 len: 365 time: 0.0032849
2026-05-09 22:58:16.027 10 INFO neutron.api.wsgi [None req-3200b2a9-0071-4842-897c-9dbbe7e12ece 9bbc180c5a484edf9128827656385cd9 2bc46190b2394f9ea24c0ef16398a7b9 - - default default] 199.204.45.250 "GET /v2.0/extensions/allowed-address-pairs HTTP/1.1" status: 200 len: 383 time: 0.0028336
2026-05-09 22:58:16.051 10 INFO neutron.api.wsgi [None req-20b7dc09-a84b-4c0c-9e01-1498d7679ea3 9bbc180c5a484edf9128827656385cd9 2bc46190b2394f9ea24c0ef16398a7b9 - - default default] 199.204.45.250 "GET /v2.0/subnets/f98b4021-db3c-4209-8684-a11a6edb8578 HTTP/1.1" status: 200 len: 874 time: 0.0208457
2026-05-09 22:58:16.089 10 INFO neutron.api.wsgi [None req-aef8a15f-adbe-4003-9983-7c90691a23a1 9bbc180c5a484edf9128827656385cd9 2bc46190b2394f9ea24c0ef16398a7b9 - - default default] 199.204.45.250 "GET /v2.0/ports?device_id=d57c55b2-eea4-48c4-9e0d-18b8cdd7b3bf HTTP/1.1" status: 200 len: 1409 time: 0.0291262
2026-05-09 22:58:16.384 10 WARNING neutron.scheduler.dhcp_agent_scheduler [None req-0583dfe7-5fe7-4c52-ba17-ac8c9242031d 9bbc180c5a484edf9128827656385cd9 2bc46190b2394f9ea24c0ef16398a7b9 - - default default] No more DHCP agents
2026-05-09 22:58:16.385 10 WARNING neutron.api.rpc.agentnotifiers.dhcp_rpc_agent_api [None req-0583dfe7-5fe7-4c52-ba17-ac8c9242031d 9bbc180c5a484edf9128827656385cd9 2bc46190b2394f9ea24c0ef16398a7b9 - - default default] Unable to schedule network 39e2d84f-c7a3-4d67-abf1-a613638dae73: no agents available; will retry on subsequent port and subnet creation events.
2026-05-09 22:58:16.529 10 INFO neutron.db.ovn_revision_numbers_db [None req-0583dfe7-5fe7-4c52-ba17-ac8c9242031d 9bbc180c5a484edf9128827656385cd9 2bc46190b2394f9ea24c0ef16398a7b9 - - default default] Successfully bumped revision number for resource c4072f14-0ca3-4972-b281-a76c38a7bc47 (type: ports) to 1
2026-05-09 22:58:16.551 10 INFO neutron.api.wsgi [None req-0583dfe7-5fe7-4c52-ba17-ac8c9242031d 9bbc180c5a484edf9128827656385cd9 2bc46190b2394f9ea24c0ef16398a7b9 - - default default] 199.204.45.250 "POST /v2.0/ports HTTP/1.1" status: 201 len: 1302 time: 0.4567232
2026-05-09 22:58:16.668 9 INFO neutron.api.wsgi [req-9d3f851e-610d-43b0-8e90-c03d4f7c909d req-b413f954-48a3-4a16-a0a6-a6b411d5b00f 9bbc180c5a484edf9128827656385cd9 2bc46190b2394f9ea24c0ef16398a7b9 - - default default] 10.0.0.116 "GET /v2.0/ports/c4072f14-0ca3-4972-b281-a76c38a7bc47 HTTP/1.1" status: 200 len: 1297 time: 0.0388322
2026-05-09 22:58:16.682 9 INFO neutron.api.wsgi [req-9d3f851e-610d-43b0-8e90-c03d4f7c909d req-1b9b12d8-4b3a-4f8b-876f-8c1a8dedaa7a 9bbc180c5a484edf9128827656385cd9 2bc46190b2394f9ea24c0ef16398a7b9 - - default default] 10.0.0.116 "GET /v2.0/extensions HTTP/1.1" status: 200 len: 19298 time: 0.0066893
2026-05-09 22:58:17.738 9 INFO neutron.api.wsgi [req-9d3f851e-610d-43b0-8e90-c03d4f7c909d req-2524fb3f-4a69-4fc7-9a4b-82c189bfe9df 5cddc22acd2a45c495bbf03e23def64f 95c991d61fd74039a97361e703a045b9 - - b74fb1e0c7fc469a8132ce3fe1e367c8 b74fb1e0c7fc469a8132ce3fe1e367c8] 199.204.45.250 "GET /v2.0/ports/c4072f14-0ca3-4972-b281-a76c38a7bc47?fields=binding%3Avnic_type&fields=binding%3Aprofile&fields=network_id&fields=resource_request&fields=numa_affinity_policy&fields=device_profile HTTP/1.1" status: 200 len: 335 time: 0.0320458
2026-05-09 22:58:17.790 9 INFO neutron.api.wsgi [req-9d3f851e-610d-43b0-8e90-c03d4f7c909d req-62dc1ff5-d20b-4549-b03d-7509fba30bff 5cddc22acd2a45c495bbf03e23def64f 95c991d61fd74039a97361e703a045b9 - - b74fb1e0c7fc469a8132ce3fe1e367c8 b74fb1e0c7fc469a8132ce3fe1e367c8] 199.204.45.250 "GET /v2.0/networks/39e2d84f-c7a3-4d67-abf1-a613638dae73?fields=segments HTTP/1.1" status: 200 len: 212 time: 0.0464442
2026-05-09 22:58:17.848 9 INFO neutron.api.wsgi [req-9d3f851e-610d-43b0-8e90-c03d4f7c909d req-de72f6c1-4391-417a-ba74-0398aec8b5a9 5cddc22acd2a45c495bbf03e23def64f 95c991d61fd74039a97361e703a045b9 - - b74fb1e0c7fc469a8132ce3fe1e367c8 b74fb1e0c7fc469a8132ce3fe1e367c8] 199.204.45.250 "GET /v2.0/networks/39e2d84f-c7a3-4d67-abf1-a613638dae73?fields=provider%3Aphysical_network&fields=provider%3Anetwork_type HTTP/1.1" status: 200 len: 277 time: 0.0524879
2026-05-09 22:58:18.017 10 INFO neutron.api.wsgi [-] 10.0.0.115 "GET / HTTP/1.1" status: 200 len: 247 time: 0.0031493
2026-05-09 22:58:18.020 10 INFO neutron.api.wsgi [-] 10.0.0.115 "GET / HTTP/1.1" status: 200 len: 247 time: 0.0015264
2026-05-09 22:58:18.387 9 INFO neutron.api.wsgi [req-9d3f851e-610d-43b0-8e90-c03d4f7c909d req-4664a5c3-0d24-46e1-9210-efe449703623 5cddc22acd2a45c495bbf03e23def64f 95c991d61fd74039a97361e703a045b9 - - b74fb1e0c7fc469a8132ce3fe1e367c8 b74fb1e0c7fc469a8132ce3fe1e367c8] 199.204.45.250 "GET /v2.0/ports/c4072f14-0ca3-4972-b281-a76c38a7bc47 HTTP/1.1" status: 200 len: 1297 time: 0.0303683
2026-05-09 22:58:18.439 9 INFO neutron.api.wsgi [req-9d3f851e-610d-43b0-8e90-c03d4f7c909d req-3739123a-39aa-469c-bf68-3e153607389e 9bbc180c5a484edf9128827656385cd9 2bc46190b2394f9ea24c0ef16398a7b9 - - default default] 199.204.45.250 "GET /v2.0/networks?id=39e2d84f-c7a3-4d67-abf1-a613638dae73 HTTP/1.1" status: 200 len: 1004 time: 0.0476043
2026-05-09 22:58:18.839 9 INFO neutron.db.ovn_revision_numbers_db [req-9d3f851e-610d-43b0-8e90-c03d4f7c909d req-46e4032d-95c9-42a0-819b-a6a434b0645c 5cddc22acd2a45c495bbf03e23def64f 95c991d61fd74039a97361e703a045b9 - - b74fb1e0c7fc469a8132ce3fe1e367c8 b74fb1e0c7fc469a8132ce3fe1e367c8] Successfully bumped revision number for resource c4072f14-0ca3-4972-b281-a76c38a7bc47 (type: ports) to 2
2026-05-09 22:58:19.069 9 INFO neutron.db.ovn_revision_numbers_db [req-9d3f851e-610d-43b0-8e90-c03d4f7c909d req-46e4032d-95c9-42a0-819b-a6a434b0645c 5cddc22acd2a45c495bbf03e23def64f 95c991d61fd74039a97361e703a045b9 - - b74fb1e0c7fc469a8132ce3fe1e367c8 b74fb1e0c7fc469a8132ce3fe1e367c8] Successfully bumped revision number for resource c4072f14-0ca3-4972-b281-a76c38a7bc47 (type: ports) to 4
2026-05-09 22:58:19.088 9 INFO neutron.api.wsgi [req-9d3f851e-610d-43b0-8e90-c03d4f7c909d req-46e4032d-95c9-42a0-819b-a6a434b0645c 5cddc22acd2a45c495bbf03e23def64f 95c991d61fd74039a97361e703a045b9 - - b74fb1e0c7fc469a8132ce3fe1e367c8 b74fb1e0c7fc469a8132ce3fe1e367c8] 199.204.45.250 "PUT /v2.0/ports/c4072f14-0ca3-4972-b281-a76c38a7bc47 HTTP/1.1" status: 200 len: 1456 time: 0.6433480
2026-05-09 22:58:19.121 9 INFO neutron.notifiers.nova [-] Nova event matching ['req-217c6774-ea99-4e8f-8417-6339025721a7'] response: {'name': 'network-changed', 'server_uuid': 'd57c55b2-eea4-48c4-9e0d-18b8cdd7b3bf', 'tag': 'c4072f14-0ca3-4972-b281-a76c38a7bc47', 'status': 'completed', 'code': 200} /var/lib/openstack/lib/python3.12/site-packages/pycadf/identifier.py:71: UserWarning: Invalid uuid: neutron. To ensure interoperability, identifiers should be a valid uuid. warnings.warn(('Invalid uuid: %s. To ensure interoperability, '
2026-05-09 22:58:19.150 9 WARNING neutron_lib.context [None req-82aa76f8-4263-4336-9add-bd7d9076b7fb be3196c631834474bade118736a29b13 dff7aa1626ff4399bceb4963ff9cf2eb - - default default] Method 'is_advsvc' is deprecated since 2023.2 release (neutron-lib 3.8.0) and will be removed once support for the old RBAC API policies will be removed from Neutron. Please use method 'is_service_role' instead.
2026-05-09 22:58:19.279 9 INFO neutron.db.ovn_revision_numbers_db [None req-82aa76f8-4263-4336-9add-bd7d9076b7fb be3196c631834474bade118736a29b13 dff7aa1626ff4399bceb4963ff9cf2eb - - default default] Successfully bumped revision number for resource c5a6e1fe-293f-48d9-b6db-6c98a81c316d (type: security_groups) to 1
2026-05-09 22:58:19.291 9 INFO neutron.db.ovn_revision_numbers_db [None req-82aa76f8-4263-4336-9add-bd7d9076b7fb be3196c631834474bade118736a29b13 dff7aa1626ff4399bceb4963ff9cf2eb - - default default] Successfully bumped revision number for resource 025731d6-4244-47b1-b988-50839b7e86cc (type: security_group_rules) to 0
2026-05-09 22:58:19.303 9 INFO neutron.db.ovn_revision_numbers_db [None req-82aa76f8-4263-4336-9add-bd7d9076b7fb be3196c631834474bade118736a29b13 dff7aa1626ff4399bceb4963ff9cf2eb - - default default] Successfully bumped revision number for resource 162d389b-687a-4d6b-acf9-d6226c6e21bd (type: security_group_rules) to 0
2026-05-09 22:58:19.316 9 INFO neutron.db.ovn_revision_numbers_db [None req-82aa76f8-4263-4336-9add-bd7d9076b7fb be3196c631834474bade118736a29b13 dff7aa1626ff4399bceb4963ff9cf2eb - - default default] Successfully bumped revision number for resource 32ec102e-b5a4-4687-90be-9edcde1c4dce (type: security_group_rules) to 0
2026-05-09 22:58:19.329 9 INFO neutron.db.ovn_revision_numbers_db [None req-82aa76f8-4263-4336-9add-bd7d9076b7fb be3196c631834474bade118736a29b13 dff7aa1626ff4399bceb4963ff9cf2eb - - default default] Successfully bumped revision number for resource f3fe49c3-6aab-4873-b9a8-88f51b21b86d (type: security_group_rules) to 0
2026-05-09 22:58:19.402 9 INFO neutron.db.segments_db [None req-82aa76f8-4263-4336-9add-bd7d9076b7fb be3196c631834474bade118736a29b13 dff7aa1626ff4399bceb4963ff9cf2eb - - default default] Added segment 3947a00e-70e0-4277-ad64-ac1951dcb8fa of type geneve for network 595b9c41-180f-4378-9942-de024d9b6771
2026-05-09 22:58:19.518 9 INFO neutron.db.ovn_revision_numbers_db [None req-82aa76f8-4263-4336-9add-bd7d9076b7fb be3196c631834474bade118736a29b13 dff7aa1626ff4399bceb4963ff9cf2eb - - default default] Successfully bumped revision number for resource 595b9c41-180f-4378-9942-de024d9b6771 (type: networks) to 1
2026-05-09 22:58:19.674 9 INFO neutron.api.wsgi [req-dcb24527-e031-43bc-bd59-508bc12b23fd req-ddc268f8-7dee-4ca2-921d-b4c44840ef31 5cddc22acd2a45c495bbf03e23def64f 95c991d61fd74039a97361e703a045b9 - - b74fb1e0c7fc469a8132ce3fe1e367c8 b74fb1e0c7fc469a8132ce3fe1e367c8] 199.204.45.250 "GET /v2.0/ports?tenant_id=2bc46190b2394f9ea24c0ef16398a7b9&device_id=d57c55b2-eea4-48c4-9e0d-18b8cdd7b3bf HTTP/1.1" status: 200 len: 2657 time: 0.0438843
2026-05-09 22:58:19.712 9 WARNING neutron.scheduler.dhcp_agent_scheduler [None req-82aa76f8-4263-4336-9add-bd7d9076b7fb be3196c631834474bade118736a29b13 dff7aa1626ff4399bceb4963ff9cf2eb - - default default] No more DHCP agents
2026-05-09 22:58:19.713 9 WARNING neutron.api.rpc.agentnotifiers.dhcp_rpc_agent_api [None req-82aa76f8-4263-4336-9add-bd7d9076b7fb be3196c631834474bade118736a29b13 dff7aa1626ff4399bceb4963ff9cf2eb - - default default] Unable to schedule network 595b9c41-180f-4378-9942-de024d9b6771: no agents available; will retry on subsequent port and subnet creation events.
2026-05-09 22:58:19.728 9 INFO neutron.api.wsgi [req-dcb24527-e031-43bc-bd59-508bc12b23fd req-6a495813-1dd4-4249-a2a7-62e226789ae1 5cddc22acd2a45c495bbf03e23def64f 95c991d61fd74039a97361e703a045b9 - - b74fb1e0c7fc469a8132ce3fe1e367c8 b74fb1e0c7fc469a8132ce3fe1e367c8] 199.204.45.250 "GET /v2.0/networks?id=39e2d84f-c7a3-4d67-abf1-a613638dae73 HTTP/1.1" status: 200 len: 1004 time: 0.0487125
2026-05-09 22:58:19.747 9 INFO neutron.api.wsgi [req-dcb24527-e031-43bc-bd59-508bc12b23fd req-d5ac6206-7774-4966-b869-7669c5789706 5cddc22acd2a45c495bbf03e23def64f 95c991d61fd74039a97361e703a045b9 - - b74fb1e0c7fc469a8132ce3fe1e367c8 b74fb1e0c7fc469a8132ce3fe1e367c8] 199.204.45.250 "GET /v2.0/floatingips?fixed_ip_address=10.1.1.216&port_id=c4072f14-0ca3-4972-b281-a76c38a7bc47 HTTP/1.1" status: 200 len: 217 time: 0.0147758
2026-05-09 22:58:19.792 9 INFO neutron.api.wsgi [req-dcb24527-e031-43bc-bd59-508bc12b23fd req-996335f1-76a8-4916-b3bd-a5ee35e368ad 5cddc22acd2a45c495bbf03e23def64f 95c991d61fd74039a97361e703a045b9 - - b74fb1e0c7fc469a8132ce3fe1e367c8 b74fb1e0c7fc469a8132ce3fe1e367c8] 199.204.45.250 "GET /v2.0/subnets?id=f98b4021-db3c-4209-8684-a11a6edb8578 HTTP/1.1" status: 200 len: 877 time: 0.0386539
2026-05-09 22:58:19.804 9 INFO neutron.db.ovn_revision_numbers_db [None req-82aa76f8-4263-4336-9add-bd7d9076b7fb be3196c631834474bade118736a29b13 dff7aa1626ff4399bceb4963ff9cf2eb - - default default] Successfully bumped revision number for resource a8b3a544-638b-4b83-b578-cfc207c70c65 (type: ports) to 1
2026-05-09 22:58:19.819 9 INFO neutron.api.wsgi [req-dcb24527-e031-43bc-bd59-508bc12b23fd req-c008c853-717c-4fa2-ad28-30b7d8f64c17 5cddc22acd2a45c495bbf03e23def64f 95c991d61fd74039a97361e703a045b9 - - b74fb1e0c7fc469a8132ce3fe1e367c8 b74fb1e0c7fc469a8132ce3fe1e367c8] 199.204.45.250 "GET /v2.0/ports?network_id=39e2d84f-c7a3-4d67-abf1-a613638dae73&device_owner=network%3Adhcp HTTP/1.1" status: 200 len: 210 time: 0.0209661
2026-05-09 22:58:19.838 9 INFO neutron.api.wsgi [None req-82aa76f8-4263-4336-9add-bd7d9076b7fb be3196c631834474bade118736a29b13 dff7aa1626ff4399bceb4963ff9cf2eb - - default default] 10.0.0.215 "POST /v2.0/networks HTTP/1.1" status: 201 len: 830 time: 0.8797619 /var/lib/openstack/lib/python3.12/site-packages/pycadf/identifier.py:71: UserWarning: Invalid uuid: neutron. To ensure interoperability, identifiers should be a valid uuid. warnings.warn(('Invalid uuid: %s. To ensure interoperability, '
2026-05-09 22:58:19.858 10 WARNING neutron_lib.context [None req-c5947121-f63b-4ff3-9906-58847ed0f83e be3196c631834474bade118736a29b13 dff7aa1626ff4399bceb4963ff9cf2eb - - default default] Method 'is_advsvc' is deprecated since 2023.2 release (neutron-lib 3.8.0) and will be removed once support for the old RBAC API policies will be removed from Neutron. Please use method 'is_service_role' instead.
2026-05-09 22:58:19.868 9 INFO neutron.api.wsgi [req-dcb24527-e031-43bc-bd59-508bc12b23fd req-19f20da4-df8f-4596-99eb-411f604aa69f 5cddc22acd2a45c495bbf03e23def64f 95c991d61fd74039a97361e703a045b9 - - b74fb1e0c7fc469a8132ce3fe1e367c8 b74fb1e0c7fc469a8132ce3fe1e367c8] 199.204.45.250 "GET /v2.0/networks/39e2d84f-c7a3-4d67-abf1-a613638dae73?fields=segments HTTP/1.1" status: 200 len: 212 time: 0.0437410
2026-05-09 22:58:19.915 9 INFO neutron.api.wsgi [req-dcb24527-e031-43bc-bd59-508bc12b23fd req-a6828c86-5f7e-4842-b476-1a6d4b6ea578 5cddc22acd2a45c495bbf03e23def64f 95c991d61fd74039a97361e703a045b9 - - b74fb1e0c7fc469a8132ce3fe1e367c8 b74fb1e0c7fc469a8132ce3fe1e367c8] 199.204.45.250 "GET /v2.0/networks/39e2d84f-c7a3-4d67-abf1-a613638dae73?fields=provider%3Aphysical_network&fields=provider%3Anetwork_type HTTP/1.1" status: 200 len: 277 time: 0.0431890
2026-05-09 22:58:19.945 10 INFO neutron.db.segments_db [None req-c5947121-f63b-4ff3-9906-58847ed0f83e be3196c631834474bade118736a29b13 dff7aa1626ff4399bceb4963ff9cf2eb - - default default] Added segment f7da8d4c-5ab0-4b9d-944b-f5006db329ed of type geneve for network 1bbd1af2-f3fd-4a83-8902-832afac511bd
2026-05-09 22:58:20.070 10 INFO neutron.db.ovn_revision_numbers_db [None req-c5947121-f63b-4ff3-9906-58847ed0f83e be3196c631834474bade118736a29b13 dff7aa1626ff4399bceb4963ff9cf2eb - - default default] Successfully bumped revision number for resource 1bbd1af2-f3fd-4a83-8902-832afac511bd (type: networks) to 1
2026-05-09 22:58:20.243 10 WARNING neutron.scheduler.dhcp_agent_scheduler [None req-c5947121-f63b-4ff3-9906-58847ed0f83e be3196c631834474bade118736a29b13 dff7aa1626ff4399bceb4963ff9cf2eb - - default default] No more DHCP agents
2026-05-09 22:58:20.244 10 WARNING neutron.api.rpc.agentnotifiers.dhcp_rpc_agent_api [None req-c5947121-f63b-4ff3-9906-58847ed0f83e be3196c631834474bade118736a29b13 dff7aa1626ff4399bceb4963ff9cf2eb - - default default] Unable to schedule network 1bbd1af2-f3fd-4a83-8902-832afac511bd: no agents available; will retry on subsequent port and subnet creation events.
2026-05-09 22:58:20.309 10 INFO neutron.db.ovn_revision_numbers_db [None req-c5947121-f63b-4ff3-9906-58847ed0f83e be3196c631834474bade118736a29b13 dff7aa1626ff4399bceb4963ff9cf2eb - - default default] Successfully bumped revision number for resource b792bb35-78ef-4509-954f-aa906be82b89 (type: ports) to 1
2026-05-09 22:58:20.333 10 INFO neutron.api.wsgi [None req-c5947121-f63b-4ff3-9906-58847ed0f83e be3196c631834474bade118736a29b13 dff7aa1626ff4399bceb4963ff9cf2eb - - default default] 10.0.0.215 "POST /v2.0/networks HTTP/1.1" status: 201 len: 831 time: 0.4853451
2026-05-09 22:58:20.343 10 WARNING neutron_lib.context [None req-8fb05fbc-7c3a-47cb-ab68-9b305115733a be3196c631834474bade118736a29b13 dff7aa1626ff4399bceb4963ff9cf2eb - - default default] Method 'is_advsvc' is deprecated since 2023.2 release (neutron-lib 3.8.0) and will be removed once support for the old RBAC API policies will be removed from Neutron. Please use method 'is_service_role' instead.
2026-05-09 22:58:20.428 10 INFO neutron.db.segments_db [None req-8fb05fbc-7c3a-47cb-ab68-9b305115733a be3196c631834474bade118736a29b13 dff7aa1626ff4399bceb4963ff9cf2eb - - default default] Added segment f96a2efd-d377-44f5-b209-d1108c1f9b85 of type geneve for network 7fdffe24-3d1d-4f66-92e1-776110090bc7
2026-05-09 22:58:20.585 10 INFO neutron.db.ovn_revision_numbers_db [None req-8fb05fbc-7c3a-47cb-ab68-9b305115733a be3196c631834474bade118736a29b13 dff7aa1626ff4399bceb4963ff9cf2eb - - default default] Successfully bumped revision number for resource 7fdffe24-3d1d-4f66-92e1-776110090bc7 (type: networks) to 1
2026-05-09 22:58:20.772 10 WARNING neutron.scheduler.dhcp_agent_scheduler [None req-8fb05fbc-7c3a-47cb-ab68-9b305115733a be3196c631834474bade118736a29b13 dff7aa1626ff4399bceb4963ff9cf2eb - - default default] No more DHCP agents
2026-05-09 22:58:20.774 10 WARNING neutron.api.rpc.agentnotifiers.dhcp_rpc_agent_api [None req-8fb05fbc-7c3a-47cb-ab68-9b305115733a be3196c631834474bade118736a29b13 dff7aa1626ff4399bceb4963ff9cf2eb - - default default] Unable to schedule network 7fdffe24-3d1d-4f66-92e1-776110090bc7: no agents available; will retry on subsequent port and subnet creation events.
2026-05-09 22:58:20.848 10 INFO neutron.db.ovn_revision_numbers_db [None req-8fb05fbc-7c3a-47cb-ab68-9b305115733a be3196c631834474bade118736a29b13 dff7aa1626ff4399bceb4963ff9cf2eb - - default default] Successfully bumped revision number for resource 137a5df0-766d-40a6-a865-8b25e2d3bed2 (type: ports) to 1
2026-05-09 22:58:20.871 10 INFO neutron.api.wsgi [None req-8fb05fbc-7c3a-47cb-ab68-9b305115733a be3196c631834474bade118736a29b13 dff7aa1626ff4399bceb4963ff9cf2eb - - default default] 10.0.0.215 "POST /v2.0/networks HTTP/1.1" status: 201 len: 830 time: 0.5322962
2026-05-09 22:58:20.884 10 WARNING neutron_lib.context [None req-b64dca5f-c34f-4383-9be3-c39eaf51d57e be3196c631834474bade118736a29b13 dff7aa1626ff4399bceb4963ff9cf2eb - - default default] Method 'is_advsvc' is deprecated since 2023.2 release (neutron-lib 3.8.0) and will be removed once support for the old RBAC API policies will be removed from Neutron. Please use method 'is_service_role' instead.
2026-05-09 22:58:20.968 10 INFO neutron.db.segments_db [None req-b64dca5f-c34f-4383-9be3-c39eaf51d57e be3196c631834474bade118736a29b13 dff7aa1626ff4399bceb4963ff9cf2eb - - default default] Added segment b7596664-b46b-4d1c-aac0-4d1d9542e13a of type geneve for network a668df81-1961-4f0d-8505-e6ceea9597f5
2026-05-09 22:58:20.969 9 INFO neutron.api.wsgi [req-9d3f851e-610d-43b0-8e90-c03d4f7c909d req-e4290c70-2add-4002-92e9-decb8c524bd0 5cddc22acd2a45c495bbf03e23def64f 95c991d61fd74039a97361e703a045b9 - - b74fb1e0c7fc469a8132ce3fe1e367c8 b74fb1e0c7fc469a8132ce3fe1e367c8] 199.204.45.250 "GET /v2.0/ports?tenant_id=2bc46190b2394f9ea24c0ef16398a7b9&device_id=d57c55b2-eea4-48c4-9e0d-18b8cdd7b3bf HTTP/1.1" status: 200 len: 2657 time: 0.0379169
2026-05-09 22:58:20.991 9 INFO neutron.api.wsgi [req-9d3f851e-610d-43b0-8e90-c03d4f7c909d req-9df38faa-308b-489d-a257-287df205ef0e 5cddc22acd2a45c495bbf03e23def64f 95c991d61fd74039a97361e703a045b9 - - b74fb1e0c7fc469a8132ce3fe1e367c8 b74fb1e0c7fc469a8132ce3fe1e367c8] 199.204.45.250 "GET /v2.0/floatingips?fixed_ip_address=172.24.1.0&port_id=32ce4449-f170-4aca-910f-2fabd6505a30 HTTP/1.1" status: 200 len: 217 time: 0.0152783
2026-05-09 22:58:21.021 9 INFO neutron.api.wsgi [req-9d3f851e-610d-43b0-8e90-c03d4f7c909d req-4d73f2fc-a865-42c8-8124-fb6584d6f9ac 5cddc22acd2a45c495bbf03e23def64f 95c991d61fd74039a97361e703a045b9 - - b74fb1e0c7fc469a8132ce3fe1e367c8 b74fb1e0c7fc469a8132ce3fe1e367c8] 199.204.45.250 "GET /v2.0/subnets?id=39c39290-fa65-4d5e-b125-c87f45f85eea HTTP/1.1" status: 200 len: 853 time: 0.0246015
2026-05-09 22:58:21.043 9 INFO neutron.api.wsgi [req-9d3f851e-610d-43b0-8e90-c03d4f7c909d req-bfccbaa3-f5f7-48b3-a55c-a1f6e414c19c 5cddc22acd2a45c495bbf03e23def64f 95c991d61fd74039a97361e703a045b9 - - b74fb1e0c7fc469a8132ce3fe1e367c8 b74fb1e0c7fc469a8132ce3fe1e367c8] 199.204.45.250 "GET /v2.0/ports?network_id=749070a1-745c-435b-a001-f57ce5d1d592&device_owner=network%3Adhcp HTTP/1.1" status: 200 len: 210 time: 0.0165579
2026-05-09 22:58:21.088 9 INFO neutron.api.wsgi [req-9d3f851e-610d-43b0-8e90-c03d4f7c909d req-c9a77ad4-fe77-42b3-b09d-ab6846beab29 5cddc22acd2a45c495bbf03e23def64f 95c991d61fd74039a97361e703a045b9 - - b74fb1e0c7fc469a8132ce3fe1e367c8 b74fb1e0c7fc469a8132ce3fe1e367c8] 199.204.45.250 "GET /v2.0/networks/749070a1-745c-435b-a001-f57ce5d1d592?fields=segments HTTP/1.1" status: 200 len: 212 time: 0.0391071
2026-05-09 22:58:21.109 10 INFO neutron.db.ovn_revision_numbers_db [None req-b64dca5f-c34f-4383-9be3-c39eaf51d57e be3196c631834474bade118736a29b13 dff7aa1626ff4399bceb4963ff9cf2eb - - default default] Successfully bumped revision number for resource a668df81-1961-4f0d-8505-e6ceea9597f5 (type: networks) to 1
2026-05-09 22:58:21.132 9 INFO neutron.api.wsgi [req-9d3f851e-610d-43b0-8e90-c03d4f7c909d req-1b60ad64-379e-4ef2-8165-53fdfa72e7ae 5cddc22acd2a45c495bbf03e23def64f 95c991d61fd74039a97361e703a045b9 - - b74fb1e0c7fc469a8132ce3fe1e367c8 b74fb1e0c7fc469a8132ce3fe1e367c8] 199.204.45.250 "GET /v2.0/networks/749070a1-745c-435b-a001-f57ce5d1d592?fields=provider%3Aphysical_network&fields=provider%3Anetwork_type HTTP/1.1" status: 200 len: 277 time: 0.0388968
2026-05-09 22:58:21.152 9 INFO neutron.api.wsgi [req-9d3f851e-610d-43b0-8e90-c03d4f7c909d req-00bb4b62-5047-498d-8dc8-a738a8ff2e62 5cddc22acd2a45c495bbf03e23def64f 95c991d61fd74039a97361e703a045b9 - - b74fb1e0c7fc469a8132ce3fe1e367c8 b74fb1e0c7fc469a8132ce3fe1e367c8] 199.204.45.250 "GET /v2.0/floatingips?fixed_ip_address=10.1.1.216&port_id=c4072f14-0ca3-4972-b281-a76c38a7bc47 HTTP/1.1" status: 200 len: 217 time: 0.0143218
2026-05-09 22:58:21.180 9 INFO neutron.api.wsgi [req-9d3f851e-610d-43b0-8e90-c03d4f7c909d req-fb1eaa2a-3775-483e-86bb-6c3bafa4dfa5 5cddc22acd2a45c495bbf03e23def64f 95c991d61fd74039a97361e703a045b9 - - b74fb1e0c7fc469a8132ce3fe1e367c8 b74fb1e0c7fc469a8132ce3fe1e367c8] 199.204.45.250 "GET /v2.0/subnets?id=f98b4021-db3c-4209-8684-a11a6edb8578 HTTP/1.1" status: 200 len: 877 time: 0.0239997
2026-05-09 22:58:21.206 9 INFO neutron.api.wsgi [req-9d3f851e-610d-43b0-8e90-c03d4f7c909d req-dc55948e-be36-495d-8218-1bfb329e5a4d 5cddc22acd2a45c495bbf03e23def64f 95c991d61fd74039a97361e703a045b9 - - b74fb1e0c7fc469a8132ce3fe1e367c8 b74fb1e0c7fc469a8132ce3fe1e367c8] 199.204.45.250 "GET /v2.0/ports?network_id=39e2d84f-c7a3-4d67-abf1-a613638dae73&device_owner=network%3Adhcp HTTP/1.1" status: 200 len: 210 time: 0.0168822
2026-05-09 22:58:21.248 9 INFO neutron.api.wsgi [req-9d3f851e-610d-43b0-8e90-c03d4f7c909d req-81571237-6d53-4ad7-b871-0a5b080b4226 5cddc22acd2a45c495bbf03e23def64f 95c991d61fd74039a97361e703a045b9 - - b74fb1e0c7fc469a8132ce3fe1e367c8 b74fb1e0c7fc469a8132ce3fe1e367c8] 199.204.45.250 "GET /v2.0/networks/39e2d84f-c7a3-4d67-abf1-a613638dae73?fields=segments HTTP/1.1" status: 200 len: 212 time: 0.0365536
2026-05-09 22:58:21.297 10 WARNING neutron.scheduler.dhcp_agent_scheduler [None req-b64dca5f-c34f-4383-9be3-c39eaf51d57e be3196c631834474bade118736a29b13 dff7aa1626ff4399bceb4963ff9cf2eb - - default default] No more DHCP agents
2026-05-09 22:58:21.299 10 WARNING neutron.api.rpc.agentnotifiers.dhcp_rpc_agent_api [None req-b64dca5f-c34f-4383-9be3-c39eaf51d57e be3196c631834474bade118736a29b13 dff7aa1626ff4399bceb4963ff9cf2eb - - default default] Unable to schedule network a668df81-1961-4f0d-8505-e6ceea9597f5: no agents available; will retry on subsequent port and subnet creation events.
2026-05-09 22:58:21.304 9 INFO neutron.api.wsgi [req-9d3f851e-610d-43b0-8e90-c03d4f7c909d req-3bfc8b10-66ec-465a-a268-1c02be31ba8e 5cddc22acd2a45c495bbf03e23def64f 95c991d61fd74039a97361e703a045b9 - - b74fb1e0c7fc469a8132ce3fe1e367c8 b74fb1e0c7fc469a8132ce3fe1e367c8] 199.204.45.250 "GET /v2.0/networks/39e2d84f-c7a3-4d67-abf1-a613638dae73?fields=provider%3Aphysical_network&fields=provider%3Anetwork_type HTTP/1.1" status: 200 len: 277 time: 0.0512295
2026-05-09 22:58:21.372 10 INFO neutron.db.ovn_revision_numbers_db [None req-b64dca5f-c34f-4383-9be3-c39eaf51d57e be3196c631834474bade118736a29b13 dff7aa1626ff4399bceb4963ff9cf2eb - - default default] Successfully bumped revision number for resource 5efe3595-8317-4cbc-993f-717a947834e1 (type: ports) to 1
2026-05-09 22:58:21.400 10 INFO neutron.api.wsgi [None req-b64dca5f-c34f-4383-9be3-c39eaf51d57e be3196c631834474bade118736a29b13 dff7aa1626ff4399bceb4963ff9cf2eb - - default default] 10.0.0.215 "POST /v2.0/networks HTTP/1.1" status: 201 len: 831 time: 0.5221503
2026-05-09 22:58:21.414 10 WARNING neutron_lib.context [None req-561f45eb-02eb-48ed-9876-59c03a422a66 be3196c631834474bade118736a29b13 dff7aa1626ff4399bceb4963ff9cf2eb - - default default] Method 'is_advsvc' is deprecated since 2023.2 release (neutron-lib 3.8.0) and will be removed once support for the old RBAC API policies will be removed from Neutron. Please use method 'is_service_role' instead.
2026-05-09 22:58:21.506 10 INFO neutron.db.segments_db [None req-561f45eb-02eb-48ed-9876-59c03a422a66 be3196c631834474bade118736a29b13 dff7aa1626ff4399bceb4963ff9cf2eb - - default default] Added segment caa33ee0-6fff-40be-98fd-545cd82268c9 of type geneve for network d46b7e99-a354-4ca2-9c0a-51bdcc9099db
2026-05-09 22:58:21.644 10 INFO neutron.db.ovn_revision_numbers_db [None req-561f45eb-02eb-48ed-9876-59c03a422a66 be3196c631834474bade118736a29b13 dff7aa1626ff4399bceb4963ff9cf2eb - - default default] Successfully bumped revision number for resource d46b7e99-a354-4ca2-9c0a-51bdcc9099db (type: networks) to 1
2026-05-09 22:58:21.805 10 WARNING neutron.scheduler.dhcp_agent_scheduler [None req-561f45eb-02eb-48ed-9876-59c03a422a66 be3196c631834474bade118736a29b13 dff7aa1626ff4399bceb4963ff9cf2eb - - default default] No more DHCP agents
2026-05-09 22:58:21.807 10 WARNING neutron.api.rpc.agentnotifiers.dhcp_rpc_agent_api [None req-561f45eb-02eb-48ed-9876-59c03a422a66 be3196c631834474bade118736a29b13 dff7aa1626ff4399bceb4963ff9cf2eb - - default default] Unable to schedule network d46b7e99-a354-4ca2-9c0a-51bdcc9099db: no agents available; will retry on subsequent port and subnet creation events.
2026-05-09 22:58:21.888 9 INFO neutron.plugins.ml2.drivers.ovn.mech_driver.mech_driver [None req-b5534718-e8bd-4133-af02-31b13561d6ab - - - - - -] OVN reports status up for port: c4072f14-0ca3-4972-b281-a76c38a7bc47
2026-05-09 22:58:21.901 10 INFO neutron.db.ovn_revision_numbers_db [None req-561f45eb-02eb-48ed-9876-59c03a422a66 be3196c631834474bade118736a29b13 dff7aa1626ff4399bceb4963ff9cf2eb - - default default] Successfully bumped revision number for resource a5671bfe-56b5-4954-9197-3f935fdbeb21 (type: ports) to 1
2026-05-09 22:58:21.904 9 INFO neutron.plugins.ml2.plugin [None req-b5534718-e8bd-4133-af02-31b13561d6ab - - - - - -] Attempt 1 to provision port c4072f14-0ca3-4972-b281-a76c38a7bc47
2026-05-09 22:58:21.932 10 INFO neutron.api.wsgi [None req-561f45eb-02eb-48ed-9876-59c03a422a66 be3196c631834474bade118736a29b13 dff7aa1626ff4399bceb4963ff9cf2eb - - default default] 10.0.0.215 "POST /v2.0/networks HTTP/1.1" status: 201 len: 831 time: 0.5240345
2026-05-09 22:58:21.988 10 INFO neutron.api.wsgi [None req-20c01b7b-96ce-46bc-a9a0-9248e7f802c2 be3196c631834474bade118736a29b13 dff7aa1626ff4399bceb4963ff9cf2eb - - default default] 10.0.0.215 "PUT /v2.0/networks/595b9c41-180f-4378-9942-de024d9b6771/tags HTTP/1.1" status: 200 len: 210 time: 0.0513389
2026-05-09 22:58:22.034 10 INFO neutron.api.wsgi [None req-c1caa9e3-4abc-4f71-94c5-620f93cfae4b be3196c631834474bade118736a29b13 dff7aa1626ff4399bceb4963ff9cf2eb - - default default] 10.0.0.215 "PUT /v2.0/networks/1bbd1af2-f3fd-4a83-8902-832afac511bd/tags HTTP/1.1" status: 200 len: 218 time: 0.0399370
2026-05-09 22:58:22.039 9 INFO neutron.notifiers.nova [-] Nova event matching ['req-48b84a95-b6bd-4205-996c-9c75ef4e63df'] response: {'server_uuid': 'd57c55b2-eea4-48c4-9e0d-18b8cdd7b3bf', 'name': 'network-vif-plugged', 'status': 'completed', 'tag': 'c4072f14-0ca3-4972-b281-a76c38a7bc47', 'code': 200}
2026-05-09 22:58:22.083 9 INFO neutron.api.wsgi [None req-3adcac69-7112-448b-b5ce-dc4e19c3df32 be3196c631834474bade118736a29b13 dff7aa1626ff4399bceb4963ff9cf2eb - - default default] 10.0.0.215 "PUT /v2.0/networks/7fdffe24-3d1d-4f66-92e1-776110090bc7/tags HTTP/1.1" status: 200 len: 227 time: 0.0399938
2026-05-09 22:58:22.126 9 INFO neutron.api.wsgi [None req-1a61929d-f1af-4ef4-aebf-f31526c27ff3 be3196c631834474bade118736a29b13 dff7aa1626ff4399bceb4963ff9cf2eb - - default default] 10.0.0.215 "PUT /v2.0/networks/a668df81-1961-4f0d-8505-e6ceea9597f5/tags HTTP/1.1" status: 200 len: 212 time: 0.0366192
2026-05-09 22:58:22.176 9 INFO neutron.api.wsgi [None req-02fb3470-1ee4-40f3-8125-4addac6d67a0 be3196c631834474bade118736a29b13 dff7aa1626ff4399bceb4963ff9cf2eb - - default default] 10.0.0.215 "GET /v2.0/networks?tags=red HTTP/1.1" status: 200 len: 2068 time: 0.0435095
2026-05-09 22:58:22.178 9 INFO neutron.db.ovn_revision_numbers_db [None req-b5534718-e8bd-4133-af02-31b13561d6ab - - - - - -] Successfully bumped revision number for resource c4072f14-0ca3-4972-b281-a76c38a7bc47 (type: ports) to 5
2026-05-09 22:58:22.230 9 INFO neutron.api.wsgi [None req-2e8d96e3-defa-4811-aad6-ddb4218e4e33 be3196c631834474bade118736a29b13 dff7aa1626ff4399bceb4963ff9cf2eb - - default default] 10.0.0.215 "GET /v2.0/networks?tags=red%2Cblue HTTP/1.1" status: 200 len: 1456 time: 0.0499017
2026-05-09 22:58:22.288 10 INFO neutron.api.wsgi [None req-00386f8d-051f-4c9e-b934-7a123ec5b2c7 be3196c631834474bade118736a29b13 dff7aa1626ff4399bceb4963ff9cf2eb - - default default] 10.0.0.215 "GET /v2.0/networks?tags-any=blue HTTP/1.1" status: 200 len: 1456 time: 0.0471933 /var/lib/openstack/lib/python3.12/site-packages/pycadf/identifier.py:71: UserWarning: Invalid uuid: neutron. To ensure interoperability, identifiers should be a valid uuid. warnings.warn(('Invalid uuid: %s. To ensure interoperability, '
2026-05-09 22:58:22.348 9 INFO neutron.api.wsgi [None req-0021cf9f-5e05-46bd-b7e9-2bd37cdae05e be3196c631834474bade118736a29b13 dff7aa1626ff4399bceb4963ff9cf2eb - - default default] 10.0.0.215 "GET /v2.0/networks?tags-any=red%2Cblue HTTP/1.1" status: 200 len: 2068 time: 0.0544004
2026-05-09 22:58:22.410 9 INFO neutron.api.wsgi [None req-7d9639a8-08d6-4965-9730-474d1473a9a7 be3196c631834474bade118736a29b13 dff7aa1626ff4399bceb4963ff9cf2eb - - default default] 10.0.0.215 "GET /v2.0/networks?not-tags=red HTTP/1.1" status: 200 len: 2069 time: 0.0559907
2026-05-09 22:58:22.478 9 INFO neutron.api.wsgi [None req-d61846e2-e84a-4411-9378-94d3a1bdb6fd be3196c631834474bade118736a29b13 dff7aa1626ff4399bceb4963ff9cf2eb - - default default] 10.0.0.215 "GET /v2.0/networks?not-tags=red%2Cblue HTTP/1.1" status: 200 len: 2681 time: 0.0617130
2026-05-09 22:58:22.546 9 INFO neutron.api.wsgi [None req-acdfee92-c4e5-4f3e-b07e-025c96365124 be3196c631834474bade118736a29b13 dff7aa1626ff4399bceb4963ff9cf2eb - - default default] 10.0.0.215 "GET /v2.0/networks?not-tags-any=blue HTTP/1.1" status: 200 len: 2681 time: 0.0615911
2026-05-09 22:58:22.600 9 INFO neutron.api.wsgi [None req-9fceaf2c-d337-44af-8575-f664567dba0c be3196c631834474bade118736a29b13 dff7aa1626ff4399bceb4963ff9cf2eb - - default default] 10.0.0.215 "GET /v2.0/networks?not-tags-any=red%2Cblue HTTP/1.1" status: 200 len: 2069 time: 0.0484653
2026-05-09 22:58:22.900 9 INFO neutron.services.segments.plugin [-] Segment 3947a00e-70e0-4277-ad64-ac1951dcb8fa resource provider aggregate not found
2026-05-09 22:58:22.903 9 INFO neutron.services.segments.plugin [-] Segment 3947a00e-70e0-4277-ad64-ac1951dcb8fa resource provider aggregate not found
2026-05-09 22:58:22.919 9 INFO neutron.services.segments.plugin [-] Segment 3947a00e-70e0-4277-ad64-ac1951dcb8fa resource provider not found; error: Placement Client Error (4xx): {"errors": [{"status": 404, "title": "Not Found", "detail": "The resource could not be found.\n\n No resource provider with uuid 3947a00e-70e0-4277-ad64-ac1951dcb8fa found for delete ", "request_id": "req-ee743a63-ce49-4c1b-a042-463d41cf5412"}]}
2026-05-09 22:58:22.919 9 INFO neutron.services.segments.plugin [-] Segment 3947a00e-70e0-4277-ad64-ac1951dcb8fa resource provider not found; error: Placement Client Error (4xx): {"errors": [{"status": 404, "title": "Not Found", "detail": "The resource could not be found.\n\n No resource provider with uuid 3947a00e-70e0-4277-ad64-ac1951dcb8fa found for delete ", "request_id": "req-684a3d0b-2434-4271-a2e1-4a7acf819469"}]}
2026-05-09 22:58:22.942 9 INFO neutron.api.wsgi [None req-79e3a25b-a4ac-4343-b70a-ecd1307ba587 be3196c631834474bade118736a29b13 dff7aa1626ff4399bceb4963ff9cf2eb - - default default] 10.0.0.215 "DELETE /v2.0/networks/595b9c41-180f-4378-9942-de024d9b6771 HTTP/1.1" status: 204 len: 168 time: 0.3333259
2026-05-09 22:58:23.268 9 INFO neutron.api.wsgi [None req-f1c97cbd-4df2-4cc8-9eee-9b34e6254e57 be3196c631834474bade118736a29b13 dff7aa1626ff4399bceb4963ff9cf2eb - - default default] 10.0.0.215 "DELETE /v2.0/networks/1bbd1af2-f3fd-4a83-8902-832afac511bd HTTP/1.1" status: 204 len: 168 time: 0.3213658
2026-05-09 22:58:23.594 9 INFO neutron.api.wsgi [None req-115164cc-af0f-492c-8e03-76bcead317fb be3196c631834474bade118736a29b13 dff7aa1626ff4399bceb4963ff9cf2eb - - default default] 10.0.0.215 "DELETE /v2.0/networks/7fdffe24-3d1d-4f66-92e1-776110090bc7 HTTP/1.1" status: 204 len: 168 time: 0.3200853
2026-05-09 22:58:23.924 9 INFO neutron.api.wsgi [None req-886da00b-537f-40ef-bb1a-7bf3c4ee9b22 be3196c631834474bade118736a29b13 dff7aa1626ff4399bceb4963ff9cf2eb - - default default] 10.0.0.215 "DELETE /v2.0/networks/a668df81-1961-4f0d-8505-e6ceea9597f5 HTTP/1.1" status: 204 len: 168 time: 0.3248515
2026-05-09 22:58:24.082 9 INFO neutron.notifiers.nova [-] Nova event matching ['req-d91a1c77-2547-4e51-b53b-c91112f3a8f9'] response: {'server_uuid': 'd57c55b2-eea4-48c4-9e0d-18b8cdd7b3bf', 'name': 'network-vif-plugged', 'status': 'completed', 'tag': 'c4072f14-0ca3-4972-b281-a76c38a7bc47', 'code': 200}
2026-05-09 22:58:24.295 9 INFO neutron.api.wsgi [None req-820eddde-cb4d-46e0-94c3-1839640a672e be3196c631834474bade118736a29b13 dff7aa1626ff4399bceb4963ff9cf2eb - - default default] 10.0.0.215 "DELETE /v2.0/networks/d46b7e99-a354-4ca2-9c0a-51bdcc9099db HTTP/1.1" status: 204 len: 168 time: 0.3661704
2026-05-09 22:58:24.760 9 INFO neutron.api.wsgi [req-9d3f851e-610d-43b0-8e90-c03d4f7c909d req-0d93206a-d9f9-4397-99a7-58fd642b4466 9bbc180c5a484edf9128827656385cd9 2bc46190b2394f9ea24c0ef16398a7b9 - - default default] 10.0.0.116 "GET /v2.0/ports/c4072f14-0ca3-4972-b281-a76c38a7bc47 HTTP/1.1" status: 200 len: 1458 time: 0.0340788
2026-05-09 22:58:24.941 9 INFO neutron.services.segments.plugin [-] Segment f7da8d4c-5ab0-4b9d-944b-f5006db329ed resource provider aggregate not found
2026-05-09 22:58:24.945 9 INFO neutron.services.segments.plugin [-] Segment f7da8d4c-5ab0-4b9d-944b-f5006db329ed resource provider aggregate not found
2026-05-09 22:58:24.956 9 INFO neutron.services.segments.plugin [-] Segment f7da8d4c-5ab0-4b9d-944b-f5006db329ed resource provider not found; error: Placement Client Error (4xx): {"errors": [{"status": 404, "title": "Not Found", "detail": "The resource could not be found.\n\n No resource provider with uuid f7da8d4c-5ab0-4b9d-944b-f5006db329ed found for delete ", "request_id": "req-dc36563a-db64-408f-bd24-910a21c274b5"}]}
2026-05-09 22:58:24.962 9 INFO neutron.services.segments.plugin [-] Segment f7da8d4c-5ab0-4b9d-944b-f5006db329ed resource provider not found; error: Placement Client Error (4xx): {"errors": [{"status": 404, "title": "Not Found", "detail": "The resource could not be found.\n\n No resource provider with uuid f7da8d4c-5ab0-4b9d-944b-f5006db329ed found for delete ", "request_id": "req-843d153f-f152-4791-8436-fe8b0de565d9"}]}
2026-05-09 22:58:24.967 9 INFO neutron.services.segments.plugin [-] Segment f96a2efd-d377-44f5-b209-d1108c1f9b85 resource provider aggregate not found
2026-05-09 22:58:24.976 9 INFO neutron.services.segments.plugin [-] Segment f96a2efd-d377-44f5-b209-d1108c1f9b85 resource provider aggregate not found
2026-05-09 22:58:24.978 9 INFO neutron.services.segments.plugin [-] Segment f96a2efd-d377-44f5-b209-d1108c1f9b85 resource provider not found; error: Placement Client Error (4xx): {"errors": [{"status": 404, "title": "Not Found", "detail": "The resource could not be found.\n\n No resource provider with uuid f96a2efd-d377-44f5-b209-d1108c1f9b85 found for delete ", "request_id": "req-fec3238b-e4e0-472a-b27a-18444afbaf01"}]}
2026-05-09 22:58:24.986 9 INFO neutron.services.segments.plugin [-] Segment b7596664-b46b-4d1c-aac0-4d1d9542e13a resource provider aggregate not found
2026-05-09 22:58:24.990 9 INFO neutron.services.segments.plugin [-] Segment f96a2efd-d377-44f5-b209-d1108c1f9b85 resource provider not found; error: Placement Client Error (4xx): {"errors": [{"status": 404, "title": "Not Found", "detail": "The resource could not be found.\n\n No resource provider with uuid f96a2efd-d377-44f5-b209-d1108c1f9b85 found for delete ", "request_id": "req-ca903573-93e1-445d-bf28-f7f933f539b3"}]}
