2026-05-30 11:04:01.801 9 INFO neutron.plugins.ml2.plugin [None req-5aadafb8-4832-48e1-a9df-f660e0dcf200 - - - - - -] Attempt 1 to provision port f1102625-d419-4e44-8562-8b9f7952c53a
2026-05-30 11:04:01.975 10 INFO neutron.plugins.ml2.plugin [None req-1b8ca32c-cc80-4f3e-a56b-e7c3283aab9b - - - - - -] Attempt 1 to provision port 00cccf9b-d2e5-4eda-ae99-5cf280dd8401
2026-05-30 11:04:02.174 10 INFO neutron.plugins.ml2.plugin [None req-1b8ca32c-cc80-4f3e-a56b-e7c3283aab9b - - - - - -] Attempt 1 to provision port 6bc8ea40-287a-451a-b96a-a8a884f02dae
2026-05-30 11:04:02.578 10 INFO neutron.plugins.ml2.plugin [None req-1b8ca32c-cc80-4f3e-a56b-e7c3283aab9b - - - - - -] Attempt 1 to provision port 2ad7718d-2a99-40cc-85c0-7fcd23928bd3
2026-05-30 11:04:02.677 9 INFO neutron.plugins.ml2.plugin [None req-631532ef-9afb-4719-af31-d6f6b68beb58 - - - - - -] Attempt 1 to provision port 6bc8ea40-287a-451a-b96a-a8a884f02dae
2026-05-30 11:04:04.196 9 INFO neutron.plugins.ml2.plugin [None req-38133ac3-6216-4cc5-8413-93f956347228 - - - - - -] Attempt 1 to provision port 6bc8ea40-287a-451a-b96a-a8a884f02dae
2026-05-30 11:04:04.909 10 INFO neutron.plugins.ml2.plugin [None req-1b8ca32c-cc80-4f3e-a56b-e7c3283aab9b - - - - - -] Attempt 1 to provision port a0983ee9-d962-4872-9c9b-77c11b75e63d
2026-05-30 11:04:04.910 9 INFO neutron.plugins.ml2.plugin [None req-bb596b7b-5c22-4649-9d8f-29bff9f6ebcf - - - - - -] Attempt 1 to provision port 52004407-a9a3-44ab-bc5a-ea3792e0c560
2026-05-30 11:04:05.070 10 INFO neutron.notifiers.nova [-] Nova event matching ['req-952f1bde-5eee-4b10-80fc-f3ccf470259f'] response: {'server_uuid': '57175b1c-77d7-4078-8799-1b0603e4ce8e', 'name': 'network-vif-plugged', 'status': 'completed', 'tag': 'a0983ee9-d962-4872-9c9b-77c11b75e63d', 'code': 200}
2026-05-30 11:04:05.396 10 INFO neutron.plugins.ml2.plugin [None req-1b8ca32c-cc80-4f3e-a56b-e7c3283aab9b - - - - - -] Attempt 1 to provision port 6bc8ea40-287a-451a-b96a-a8a884f02dae
2026-05-30 11:04:05.809 9 INFO neutron.plugins.ml2.plugin [None req-96fcdf13-837b-4350-aa00-73a9665cb1b6 - - - - - -] Attempt 1 to provision port 52004407-a9a3-44ab-bc5a-ea3792e0c560
2026-05-30 11:04:06.298 9 INFO neutron.plugins.ml2.plugin [None req-1b8ca32c-cc80-4f3e-a56b-e7c3283aab9b - - - - - -] Attempt 1 to provision port a0983ee9-d962-4872-9c9b-77c11b75e63d
2026-05-30 11:04:06.571 9 INFO neutron.plugins.ml2.plugin [None req-1b8ca32c-cc80-4f3e-a56b-e7c3283aab9b - - - - - -] Attempt 1 to provision port a67ae4c4-c76a-4914-bc7d-e5ed3b305f82
2026-05-30 11:04:08.111 9 INFO neutron.plugins.ml2.plugin [None req-1b8ca32c-cc80-4f3e-a56b-e7c3283aab9b - - - - - -] Attempt 1 to provision port a67ae4c4-c76a-4914-bc7d-e5ed3b305f82
2026-05-30 11:04:10.182 9 INFO neutron.plugins.ml2.plugin [None req-1b8ca32c-cc80-4f3e-a56b-e7c3283aab9b - - - - - -] Attempt 1 to provision port a721ec41-099b-4063-a9e5-bed30b513cea
2026-05-30 11:04:10.466 9 INFO neutron.plugins.ml2.plugin [None req-1b8ca32c-cc80-4f3e-a56b-e7c3283aab9b - - - - - -] Attempt 1 to provision port 242799d2-7c1d-48c5-8d34-1c6383154e59
2026-05-30 11:04:12.227 9 INFO neutron.plugins.ml2.plugin [None req-1b8ca32c-cc80-4f3e-a56b-e7c3283aab9b - - - - - -] Attempt 1 to provision port a721ec41-099b-4063-a9e5-bed30b513cea
2026-05-30 11:04:12.386 9 INFO neutron.plugins.ml2.plugin [None req-1b8ca32c-cc80-4f3e-a56b-e7c3283aab9b - - - - - -] Attempt 1 to provision port 242799d2-7c1d-48c5-8d34-1c6383154e59
2026-05-30 11:04:22.721 9 INFO neutron.plugins.ml2.plugin [None req-1b8ca32c-cc80-4f3e-a56b-e7c3283aab9b - - - - - -] Attempt 1 to provision port 49102aef-44ec-4390-a655-cd0c1a0cc8f4
2026-05-30 11:04:22.848 9 INFO neutron.notifiers.nova [-] Nova event matching ['req-0c351330-80d6-4728-9168-9baa91e4eabe'] response: {'server_uuid': '59902cbd-da0f-43cf-b8ed-f424477fe2fc', 'name': 'network-vif-plugged', 'status': 'completed', 'tag': '49102aef-44ec-4390-a655-cd0c1a0cc8f4', 'code': 200}
2026-05-30 11:04:23.138 9 INFO neutron.plugins.ml2.plugin [None req-1b8ca32c-cc80-4f3e-a56b-e7c3283aab9b - - - - - -] Attempt 1 to provision port f1102625-d419-4e44-8562-8b9f7952c53a
2026-05-30 11:04:23.428 9 INFO neutron.plugins.ml2.plugin [None req-1b8ca32c-cc80-4f3e-a56b-e7c3283aab9b - - - - - -] Attempt 1 to provision port 52004407-a9a3-44ab-bc5a-ea3792e0c560
2026-05-30 11:04:24.707 9 INFO neutron.plugins.ml2.plugin [None req-6f4b2b30-4ca6-43f8-9489-dc05d578d1e9 - - - - - -] Attempt 1 to provision port 5705d956-a2e7-4010-983c-4b36b2b8f1ec
2026-05-30 11:04:25.239 9 INFO neutron.plugins.ml2.plugin [None req-1b8ca32c-cc80-4f3e-a56b-e7c3283aab9b - - - - - -] Attempt 1 to provision port 52004407-a9a3-44ab-bc5a-ea3792e0c560
2026-05-30 11:04:25.512 9 INFO neutron.plugins.ml2.plugin [None req-1b8ca32c-cc80-4f3e-a56b-e7c3283aab9b - - - - - -] Attempt 1 to provision port 14c16db9-90e4-45fb-a6fc-b7ea584502aa
2026-05-30 11:04:25.810 9 INFO neutron.plugins.ml2.plugin [None req-69aef126-2b68-4085-9e24-6f7d0b6d4eec - - - - - -] Attempt 1 to provision port 14c16db9-90e4-45fb-a6fc-b7ea584502aa
2026-05-30 11:04:25.982 9 INFO neutron.plugins.ml2.plugin [None req-1b8ca32c-cc80-4f3e-a56b-e7c3283aab9b - - - - - -] Attempt 1 to provision port 49102aef-44ec-4390-a655-cd0c1a0cc8f4
2026-05-30 11:04:26.321 9 INFO neutron.plugins.ml2.plugin [None req-1b8ca32c-cc80-4f3e-a56b-e7c3283aab9b - - - - - -] Attempt 1 to provision port f1102625-d419-4e44-8562-8b9f7952c53a
2026-05-30 11:04:27.125 10 INFO neutron.plugins.ml2.plugin [None req-c4799464-ca79-4bb2-aa56-dba5ce3dba6e - - - - - -] Attempt 1 to provision port 14c16db9-90e4-45fb-a6fc-b7ea584502aa
2026-05-30 11:04:27.234 9 INFO neutron.plugins.ml2.plugin [None req-1b8ca32c-cc80-4f3e-a56b-e7c3283aab9b - - - - - -] Attempt 1 to provision port 14c16db9-90e4-45fb-a6fc-b7ea584502aa
2026-05-30 11:04:27.573 9 INFO neutron.plugins.ml2.plugin [None req-1b8ca32c-cc80-4f3e-a56b-e7c3283aab9b - - - - - -] Attempt 1 to provision port 46950439-3691-4bb8-9769-b3c710e86902
2026-05-30 11:04:27.825 10 INFO neutron.plugins.ml2.plugin [None req-9480b587-3989-462a-ba5a-dc42c901ccd2 - - - - - -] Attempt 1 to provision port 83d1cc51-496b-4c5c-a27c-4a80fefd4daf
2026-05-30 11:04:28.731 9 INFO neutron.plugins.ml2.plugin [None req-06c20156-8356-40c9-a3a4-46a4d55fbba5 - - - - - -] Attempt 1 to provision port 83d1cc51-496b-4c5c-a27c-4a80fefd4daf
2026-05-30 11:04:29.091 9 INFO neutron.plugins.ml2.plugin [None req-1b8ca32c-cc80-4f3e-a56b-e7c3283aab9b - - - - - -] Attempt 1 to provision port 46950439-3691-4bb8-9769-b3c710e86902
2026-05-30 11:04:30.841 10 INFO neutron.plugins.ml2.plugin [None req-6962daa4-43fa-46a4-91af-24f1aceddf51 - - - - - -] Attempt 1 to provision port dfeffec5-2d5d-496d-b763-35d1f9c9ca23
2026-05-30 11:04:31.173 10 INFO neutron.plugins.ml2.plugin [None req-1b8ca32c-cc80-4f3e-a56b-e7c3283aab9b - - - - - -] Attempt 1 to provision port 42f21f5f-8d8a-42d0-ad7a-9d6c319ef48e
2026-05-30 11:04:31.953 9 INFO neutron.plugins.ml2.plugin [None req-a13cc5f7-1722-4b36-a76e-6dfb91b23a27 - - - - - -] Attempt 1 to provision port 42f21f5f-8d8a-42d0-ad7a-9d6c319ef48e
2026-05-30 11:04:33.206 10 INFO neutron.plugins.ml2.plugin [None req-1b8ca32c-cc80-4f3e-a56b-e7c3283aab9b - - - - - -] Attempt 1 to provision port 8ed74677-4ac4-4d8f-b436-1321542f61fa
2026-05-30 11:04:33.261 10 INFO neutron.plugins.ml2.plugin [None req-4eefb0ad-ee6c-48d8-859b-9ad257f27be3 - - - - - -] Attempt 1 to provision port 42f21f5f-8d8a-42d0-ad7a-9d6c319ef48e
2026-05-30 11:04:33.714 10 INFO neutron.plugins.ml2.plugin [None req-1b8ca32c-cc80-4f3e-a56b-e7c3283aab9b - - - - - -] Attempt 1 to provision port 42f21f5f-8d8a-42d0-ad7a-9d6c319ef48e
2026-05-30 11:04:34.006 10 INFO neutron.plugins.ml2.plugin [None req-8bfeda08-4819-41fe-bb68-ff06b16c9b05 - - - - - -] Attempt 1 to provision port 427dd0fa-88f0-477f-87a5-c7466a02b9bd
2026-05-30 11:04:34.874 10 INFO neutron.plugins.ml2.plugin [None req-bc2aad6e-1b8f-49f2-b7dd-f6a5a69917af - - - - - -] Attempt 1 to provision port 427dd0fa-88f0-477f-87a5-c7466a02b9bd
2026-05-30 11:04:35.153 9 INFO neutron.plugins.ml2.plugin [None req-1b8ca32c-cc80-4f3e-a56b-e7c3283aab9b - - - - - -] Attempt 1 to provision port 8ed74677-4ac4-4d8f-b436-1321542f61fa
2026-05-30 11:04:42.613 10 INFO neutron.plugins.ml2.plugin [None req-077bc2fd-b30c-45f1-a556-c5db56245065 - - - - - -] Attempt 1 to provision port e4a98b25-ba78-4627-af71-2db413b75940
2026-05-30 11:04:43.120 9 INFO neutron.plugins.ml2.plugin [None req-1b8ca32c-cc80-4f3e-a56b-e7c3283aab9b - - - - - -] Attempt 1 to provision port 9b410716-3f72-482c-8dcd-3c342a416490
2026-05-30 11:04:44.032 9 INFO neutron.plugins.ml2.plugin [None req-54691035-538e-449e-be7b-12ac12e67a6b - - - - - -] Attempt 1 to provision port 9b410716-3f72-482c-8dcd-3c342a416490
2026-05-30 11:04:45.124 9 INFO neutron.plugins.ml2.plugin [None req-9852e7cb-43da-48a1-a6a0-9609afeb3a9d - - - - - -] Attempt 1 to provision port 9b410716-3f72-482c-8dcd-3c342a416490
2026-05-30 11:04:45.181 9 INFO neutron.plugins.ml2.plugin [None req-1b8ca32c-cc80-4f3e-a56b-e7c3283aab9b - - - - - -] Attempt 1 to provision port 9b410716-3f72-482c-8dcd-3c342a416490
2026-05-30 11:04:45.384 9 INFO neutron.plugins.ml2.plugin [None req-1b8ca32c-cc80-4f3e-a56b-e7c3283aab9b - - - - - -] Attempt 1 to provision port 6a10d15d-f427-4a55-8283-56c8b82c8087
2026-05-30 11:04:46.028 9 INFO neutron.plugins.ml2.plugin [None req-006d5e30-df76-4441-b509-90993d1d291e - - - - - -] Attempt 1 to provision port 849a9e20-09e2-47d5-b2d3-35545f70911f
2026-05-30 11:04:46.735 10 INFO neutron.plugins.ml2.plugin [None req-86310303-83fa-46e3-8e14-05fc3d5e8c2b - - - - - -] Attempt 1 to provision port 849a9e20-09e2-47d5-b2d3-35545f70911f
2026-05-30 11:04:48.255 9 INFO neutron.plugins.ml2.plugin [None req-1b8ca32c-cc80-4f3e-a56b-e7c3283aab9b - - - - - -] Attempt 1 to provision port ee84cbe7-7332-407b-85db-735b1679bc16
2026-05-30 11:04:48.396 9 INFO neutron.notifiers.nova [-] Nova event matching ['req-6a2a6802-65e4-4179-811b-f5f5d461ad3f'] response: {'server_uuid': 'e105b48d-bfcf-4dcc-bc64-32a3b29b7e16', 'name': 'network-vif-plugged', 'status': 'completed', 'tag': 'ee84cbe7-7332-407b-85db-735b1679bc16', 'code': 200}
2026-05-30 11:04:48.732 9 INFO neutron.plugins.ml2.plugin [None req-1b8ca32c-cc80-4f3e-a56b-e7c3283aab9b - - - - - -] Attempt 1 to provision port 6a10d15d-f427-4a55-8283-56c8b82c8087
2026-05-30 11:04:49.332 10 INFO neutron.plugins.ml2.plugin [None req-1b8ca32c-cc80-4f3e-a56b-e7c3283aab9b - - - - - -] Attempt 1 to provision port ee84cbe7-7332-407b-85db-735b1679bc16
2026-05-30 11:04:52.670 9 WARNING neutron.plugins.ml2.plugin [None req-483fc8c4-fc73-4547-9963-fac97d46689b - - - - - -] Concurrent port binding operations failed on port 83d1cc51-496b-4c5c-a27c-4a80fefd4daf
2026-05-30 11:04:52.675 9 INFO neutron.plugins.ml2.plugin [None req-483fc8c4-fc73-4547-9963-fac97d46689b - - - - - -] Attempt 2 to bind port 83d1cc51-496b-4c5c-a27c-4a80fefd4daf
2026-05-30 11:04:53.455 10 INFO neutron.plugins.ml2.plugin [None req-1b8ca32c-cc80-4f3e-a56b-e7c3283aab9b - - - - - -] Attempt 1 to provision port 83d1cc51-496b-4c5c-a27c-4a80fefd4daf
2026-05-30 11:04:53.776 10 INFO neutron.plugins.ml2.plugin [None req-1b8ca32c-cc80-4f3e-a56b-e7c3283aab9b - - - - - -] Attempt 1 to provision port 427dd0fa-88f0-477f-87a5-c7466a02b9bd
2026-05-30 11:04:54.183 10 INFO neutron.plugins.ml2.plugin [None req-1b8ca32c-cc80-4f3e-a56b-e7c3283aab9b - - - - - -] Attempt 1 to provision port 5705d956-a2e7-4010-983c-4b36b2b8f1ec
2026-05-30 11:04:55.334 10 INFO neutron.plugins.ml2.plugin [None req-1b8ca32c-cc80-4f3e-a56b-e7c3283aab9b - - - - - -] Attempt 1 to provision port 83d1cc51-496b-4c5c-a27c-4a80fefd4daf
2026-05-30 11:04:55.563 10 INFO neutron.plugins.ml2.plugin [None req-1b8ca32c-cc80-4f3e-a56b-e7c3283aab9b - - - - - -] Attempt 1 to provision port 5705d956-a2e7-4010-983c-4b36b2b8f1ec
2026-05-30 11:04:55.735 10 INFO neutron.plugins.ml2.plugin [None req-1b8ca32c-cc80-4f3e-a56b-e7c3283aab9b - - - - - -] Attempt 1 to provision port 427dd0fa-88f0-477f-87a5-c7466a02b9bd
2026-05-30 11:04:56.008 10 INFO neutron.plugins.ml2.plugin [None req-1b8ca32c-cc80-4f3e-a56b-e7c3283aab9b - - - - - -] Attempt 1 to provision port dfeffec5-2d5d-496d-b763-35d1f9c9ca23
2026-05-30 11:04:57.955 9 INFO neutron.plugins.ml2.plugin [None req-1b8ca32c-cc80-4f3e-a56b-e7c3283aab9b - - - - - -] Attempt 1 to provision port 6027abd9-f4f7-4553-b230-bb6667d90526
2026-05-30 11:04:58.107 9 INFO neutron.notifiers.nova [-] Nova event matching ['req-9a7fd4c9-1ec1-46b4-af1f-564f2d0497dd'] response: {'server_uuid': '1d7ee78b-519d-489e-85c2-bbda70dc01f9', 'name': 'network-vif-plugged', 'status': 'completed', 'tag': '6027abd9-f4f7-4553-b230-bb6667d90526', 'code': 200}
2026-05-30 11:04:58.450 9 INFO neutron.plugins.ml2.plugin [None req-1b8ca32c-cc80-4f3e-a56b-e7c3283aab9b - - - - - -] Attempt 1 to provision port dfeffec5-2d5d-496d-b763-35d1f9c9ca23
2026-05-30 11:04:58.796 10 INFO neutron.plugins.ml2.plugin [None req-b8197e44-d9a5-46c8-a93e-e6ff7f60aad8 - - - - - -] Attempt 1 to provision port b63ffb0a-fcd5-4851-bec9-0763d7d65c13
2026-05-30 11:04:59.325 9 INFO neutron.plugins.ml2.plugin [None req-1b8ca32c-cc80-4f3e-a56b-e7c3283aab9b - - - - - -] Attempt 1 to provision port 6027abd9-f4f7-4553-b230-bb6667d90526
2026-05-30 11:05:03.367 9 INFO neutron.plugins.ml2.plugin [None req-1b8ca32c-cc80-4f3e-a56b-e7c3283aab9b - - - - - -] Attempt 1 to provision port 849a9e20-09e2-47d5-b2d3-35545f70911f
2026-05-30 11:05:03.688 9 INFO neutron.plugins.ml2.plugin [None req-1b8ca32c-cc80-4f3e-a56b-e7c3283aab9b - - - - - -] Attempt 1 to provision port e4a98b25-ba78-4627-af71-2db413b75940
2026-05-30 11:05:05.402 10 INFO neutron.plugins.ml2.plugin [None req-1b8ca32c-cc80-4f3e-a56b-e7c3283aab9b - - - - - -] Attempt 1 to provision port 849a9e20-09e2-47d5-b2d3-35545f70911f
2026-05-30 11:05:05.697 10 INFO neutron.plugins.ml2.plugin [None req-1b8ca32c-cc80-4f3e-a56b-e7c3283aab9b - - - - - -] Attempt 1 to provision port e4a98b25-ba78-4627-af71-2db413b75940
2026-05-30 11:05:15.572 9 INFO neutron.plugins.ml2.plugin [None req-dd7ae6a3-d052-430f-8d66-c19167159e40 - - - - - -] Attempt 1 to provision port 4ffe2e83-e1d7-4fb4-8a1e-f5be5f98f3b2
2026-05-30 11:05:15.614 10 INFO neutron.plugins.ml2.plugin [None req-1b8ca32c-cc80-4f3e-a56b-e7c3283aab9b - - - - - -] Attempt 1 to provision port 4ffe2e83-e1d7-4fb4-8a1e-f5be5f98f3b2
2026-05-30 11:05:17.083 10 INFO neutron.plugins.ml2.plugin [None req-2bbccb1a-8fa6-4312-88e7-69fc7feeb84c - - - - - -] Attempt 1 to provision port e964c04c-0859-4c76-97c7-c63eb63a1421
2026-05-30 11:05:17.385 10 INFO neutron.plugins.ml2.plugin [None req-2bbccb1a-8fa6-4312-88e7-69fc7feeb84c - - - - - -] Attempt 1 to provision port 9711e5a4-552c-4f95-aa13-a443bdcf015e
2026-05-30 11:05:17.721 9 INFO neutron.plugins.ml2.plugin [None req-1b8ca32c-cc80-4f3e-a56b-e7c3283aab9b - - - - - -] Attempt 1 to provision port 4ffe2e83-e1d7-4fb4-8a1e-f5be5f98f3b2
2026-05-30 11:05:18.001 9 INFO neutron.plugins.ml2.plugin [None req-3b91e185-534e-4bfd-8575-c66e36dcf00a - - - - - -] Attempt 1 to provision port e01c46bc-d0ff-41a0-909f-7d7181205088
2026-05-30 11:05:18.076 9 INFO neutron.plugins.ml2.plugin [None req-1b8ca32c-cc80-4f3e-a56b-e7c3283aab9b - - - - - -] Attempt 1 to provision port e01c46bc-d0ff-41a0-909f-7d7181205088
2026-05-30 11:05:18.708 9 INFO neutron.plugins.ml2.plugin [None req-4b8897b1-4e0e-445c-8c60-48b374a8bf70 - - - - - -] Attempt 1 to provision port 4ffe2e83-e1d7-4fb4-8a1e-f5be5f98f3b2
2026-05-30 11:05:19.178 9 INFO neutron.plugins.ml2.plugin [None req-1b8ca32c-cc80-4f3e-a56b-e7c3283aab9b - - - - - -] Attempt 1 to provision port e964c04c-0859-4c76-97c7-c63eb63a1421
2026-05-30 11:05:19.622 9 INFO neutron.plugins.ml2.plugin [None req-e950913f-781e-45fe-8557-0aec2b7ce2fa - - - - - -] Attempt 1 to provision port e964c04c-0859-4c76-97c7-c63eb63a1421
2026-05-30 11:05:20.734 10 INFO neutron.plugins.ml2.plugin [None req-1b8ca32c-cc80-4f3e-a56b-e7c3283aab9b - - - - - -] Attempt 1 to provision port 1de3d308-dc4c-4dfa-9b02-c46dd507ea2f
2026-05-30 11:05:20.737 9 INFO neutron.plugins.ml2.plugin [None req-816f494e-d677-430e-9b0f-8f3ea9342718 - - - - - -] Attempt 1 to provision port e01c46bc-d0ff-41a0-909f-7d7181205088
2026-05-30 11:05:21.216 10 INFO neutron.plugins.ml2.plugin [None req-1b8ca32c-cc80-4f3e-a56b-e7c3283aab9b - - - - - -] Attempt 1 to provision port e01c46bc-d0ff-41a0-909f-7d7181205088
2026-05-30 11:05:21.413 10 INFO neutron.plugins.ml2.plugin [None req-feb4c700-1ae4-4643-9e19-3756ae2f5d8d - - - - - -] Attempt 1 to provision port 4ffe2e83-e1d7-4fb4-8a1e-f5be5f98f3b2
2026-05-30 11:05:21.454 10 INFO neutron.plugins.ml2.plugin [None req-1b8ca32c-cc80-4f3e-a56b-e7c3283aab9b - - - - - -] Attempt 1 to provision port 413cfc4d-a1aa-4c54-aa89-c67b5d8ecfdf
2026-05-30 11:05:21.475 10 INFO neutron.plugins.ml2.plugin [None req-feb4c700-1ae4-4643-9e19-3756ae2f5d8d - - - - - -] Attempt 1 to provision port 553989f4-bb61-41e2-84d6-473b2fa1492f
2026-05-30 11:05:21.484 10 INFO neutron.plugins.ml2.db [None req-1b8ca32c-cc80-4f3e-a56b-e7c3283aab9b - - - - - -] No ports have port_id starting with 413cfc4d-a1aa-4c54-aa89-c67b5d8ecfdf
2026-05-30 11:05:21.520 10 INFO neutron.plugins.ml2.plugin [None req-1b8ca32c-cc80-4f3e-a56b-e7c3283aab9b - - - - - -] Attempt 1 to provision port e964c04c-0859-4c76-97c7-c63eb63a1421
2026-05-30 11:05:22.138 9 INFO neutron.plugins.ml2.plugin [None req-41860b23-8d47-4b2c-a0ae-75cfaaac0408 - - - - - -] Attempt 1 to provision port 8d514866-054a-4df6-8c32-aeb8ed415fcc
2026-05-30 11:05:22.178 9 INFO neutron.plugins.ml2.plugin [None req-41860b23-8d47-4b2c-a0ae-75cfaaac0408 - - - - - -] Attempt 1 to provision port e964c04c-0859-4c76-97c7-c63eb63a1421
2026-05-30 11:05:22.263 9 INFO neutron.plugins.ml2.plugin [None req-41860b23-8d47-4b2c-a0ae-75cfaaac0408 - - - - - -] Attempt 1 to provision port 553989f4-bb61-41e2-84d6-473b2fa1492f
2026-05-30 11:05:23.075 9 INFO neutron.plugins.ml2.plugin [None req-1b8ca32c-cc80-4f3e-a56b-e7c3283aab9b - - - - - -] Attempt 1 to provision port 1de3d308-dc4c-4dfa-9b02-c46dd507ea2f
2026-05-30 11:05:23.539 9 INFO neutron.plugins.ml2.plugin [None req-8f6e7843-63ae-4c83-9354-14465daa091d - - - - - -] Attempt 1 to provision port 8d514866-054a-4df6-8c32-aeb8ed415fcc
2026-05-30 11:05:23.568 9 INFO neutron.plugins.ml2.plugin [None req-8f6e7843-63ae-4c83-9354-14465daa091d - - - - - -] Attempt 1 to provision port 553989f4-bb61-41e2-84d6-473b2fa1492f
2026-05-30 11:05:23.601 9 INFO neutron.plugins.ml2.plugin [None req-8f6e7843-63ae-4c83-9354-14465daa091d - - - - - -] Attempt 1 to provision port e01c46bc-d0ff-41a0-909f-7d7181205088
2026-05-30 11:05:23.793 10 ERROR oslo_messaging.rpc.server [None req-5364a15d-be6b-4d35-a8c7-da2b3ca2a209 - - - - - -] Exception during message handling: neutron_lib.exceptions.PortNotFound: Port ed71403c-9a89-42e0-a403-80c03ea2b0ca could not be found.
2026-05-30 11:05:23.793 10 ERROR oslo_messaging.rpc.server
Traceback (most recent call last):
2026-05-30 11:05:23.793 10 ERROR oslo_messaging.rpc.server
File "/var/lib/openstack/lib/python3.12/site-packages/neutron/db/db_base_plugin_common.py", line 295, in _get_port
2026-05-30 11:05:23.793 10 ERROR oslo_messaging.rpc.server port = model_query.get_by_id(context, models_v2.Port, id,
2026-05-30 11:05:23.793 10 ERROR oslo_messaging.rpc.server ^^^^^^^^^^^^^^^^^^^^^^^^^^^^^^^^^^^^^^^^^^^^^^^^^^
2026-05-30 11:05:23.793 10 ERROR oslo_messaging.rpc.server
File "/var/lib/openstack/lib/python3.12/site-packages/neutron_lib/db/model_query.py", line 211, in get_by_id
2026-05-30 11:05:23.793 10 ERROR oslo_messaging.rpc.server return query.filter(model.id == object_id).one()
2026-05-30 11:05:23.793 10 ERROR oslo_messaging.rpc.server ^^^^^^^^^^^^^^^^^^^^^^^^^^^^^^^^^^^^^^^^^
2026-05-30 11:05:23.793 10 ERROR oslo_messaging.rpc.server
File "/var/lib/openstack/lib/python3.12/site-packages/sqlalchemy/orm/query.py", line 2778, in one
2026-05-30 11:05:23.793 10 ERROR oslo_messaging.rpc.server return self._iter().one() # type: ignore
2026-05-30 11:05:23.793 10 ERROR oslo_messaging.rpc.server ^^^^^^^^^^^^^^^^^^
2026-05-30 11:05:23.793 10 ERROR oslo_messaging.rpc.server
File "/var/lib/openstack/lib/python3.12/site-packages/sqlalchemy/engine/result.py", line 1810, in one
2026-05-30 11:05:23.793 10 ERROR oslo_messaging.rpc.server return self._only_one_row(
2026-05-30 11:05:23.793 10 ERROR oslo_messaging.rpc.server ^^^^^^^^^^^^^^^^^^^
2026-05-30 11:05:23.793 10 ERROR oslo_messaging.rpc.server
File "/var/lib/openstack/lib/python3.12/site-packages/sqlalchemy/engine/result.py", line 752, in _only_one_row
2026-05-30 11:05:23.793 10 ERROR oslo_messaging.rpc.server raise exc.NoResultFound(
2026-05-30 11:05:23.793 10 ERROR oslo_messaging.rpc.server sqlalchemy.exc.NoResultFound: No row was found when one was required
2026-05-30 11:05:23.793 10 ERROR oslo_messaging.rpc.server
2026-05-30 11:05:23.793 10 ERROR oslo_messaging.rpc.server During handling of the above exception, another exception occurred:
2026-05-30 11:05:23.793 10 ERROR oslo_messaging.rpc.server
2026-05-30 11:05:23.793 10 ERROR oslo_messaging.rpc.server
Traceback (most recent call last):
2026-05-30 11:05:23.793 10 ERROR oslo_messaging.rpc.server
File "/var/lib/openstack/lib/python3.12/site-packages/oslo_messaging/rpc/server.py", line 172, in _process_incoming
2026-05-30 11:05:23.793 10 ERROR oslo_messaging.rpc.server res = self.dispatcher.dispatch(message)
2026-05-30 11:05:23.793 10 ERROR oslo_messaging.rpc.server ^^^^^^^^^^^^^^^^^^^^^^^^^^^^^^^^^
2026-05-30 11:05:23.793 10 ERROR oslo_messaging.rpc.server
File "/var/lib/openstack/lib/python3.12/site-packages/oslo_messaging/rpc/dispatcher.py", line 309, in dispatch
2026-05-30 11:05:23.793 10 ERROR oslo_messaging.rpc.server return self._do_dispatch(endpoint, method, ctxt, args)
2026-05-30 11:05:23.793 10 ERROR oslo_messaging.rpc.server ^^^^^^^^^^^^^^^^^^^^^^^^^^^^^^^^^^^^^^^^^^^^^^^
2026-05-30 11:05:23.793 10 ERROR oslo_messaging.rpc.server
File "/var/lib/openstack/lib/python3.12/site-packages/oslo_messaging/rpc/dispatcher.py", line 229, in _do_dispatch
2026-05-30 11:05:23.793 10 ERROR oslo_messaging.rpc.server result = func(ctxt, **new_args)
2026-05-30 11:05:23.793 10 ERROR oslo_messaging.rpc.server ^^^^^^^^^^^^^^^^^^^^^^
2026-05-30 11:05:23.793 10 ERROR oslo_messaging.rpc.server
File "/var/lib/openstack/lib/python3.12/site-packages/neutron_lib/db/api.py", line 137, in wrapped
2026-05-30 11:05:23.793 10 ERROR oslo_messaging.rpc.server with excutils.save_and_reraise_exception():
2026-05-30 11:05:23.793 10 ERROR oslo_messaging.rpc.server
File "/var/lib/openstack/lib/python3.12/site-packages/oslo_utils/excutils.py", line 227, in __exit__
2026-05-30 11:05:23.793 10 ERROR oslo_messaging.rpc.server self.force_reraise()
2026-05-30 11:05:23.793 10 ERROR oslo_messaging.rpc.server
File "/var/lib/openstack/lib/python3.12/site-packages/oslo_utils/excutils.py", line 200, in force_reraise
2026-05-30 11:05:23.793 10 ERROR oslo_messaging.rpc.server raise self.value
2026-05-30 11:05:23.793 10 ERROR oslo_messaging.rpc.server
File "/var/lib/openstack/lib/python3.12/site-packages/neutron_lib/db/api.py", line 135, in wrapped
2026-05-30 11:05:23.793 10 ERROR oslo_messaging.rpc.server return f(*args, **kwargs)
2026-05-30 11:05:23.793 10 ERROR oslo_messaging.rpc.server ^^^^^^^^^^^^^^^^^^
2026-05-30 11:05:23.793 10 ERROR oslo_messaging.rpc.server
File "/var/lib/openstack/lib/python3.12/site-packages/oslo_db/api.py", line 144, in wrapper
2026-05-30 11:05:23.793 10 ERROR oslo_messaging.rpc.server with excutils.save_and_reraise_exception() as ectxt:
2026-05-30 11:05:23.793 10 ERROR oslo_messaging.rpc.server
File "/var/lib/openstack/lib/python3.12/site-packages/oslo_utils/excutils.py", line 227, in __exit__
2026-05-30 11:05:23.793 10 ERROR oslo_messaging.rpc.server self.force_reraise()
2026-05-30 11:05:23.793 10 ERROR oslo_messaging.rpc.server
File "/var/lib/openstack/lib/python3.12/site-packages/oslo_utils/excutils.py", line 200, in force_reraise
2026-05-30 11:05:23.793 10 ERROR oslo_messaging.rpc.server raise self.value
2026-05-30 11:05:23.793 10 ERROR oslo_messaging.rpc.server
File "/var/lib/openstack/lib/python3.12/site-packages/oslo_db/api.py", line 142, in wrapper
2026-05-30 11:05:23.793 10 ERROR oslo_messaging.rpc.server return f(*args, **kwargs)
2026-05-30 11:05:23.793 10 ERROR oslo_messaging.rpc.server ^^^^^^^^^^^^^^^^^^
2026-05-30 11:05:23.793 10 ERROR oslo_messaging.rpc.server
File "/var/lib/openstack/lib/python3.12/site-packages/neutron_lib/db/api.py", line 183, in wrapped
2026-05-30 11:05:23.793 10 ERROR oslo_messaging.rpc.server with excutils.save_and_reraise_exception():
2026-05-30 11:05:23.793 10 ERROR oslo_messaging.rpc.server
File "/var/lib/openstack/lib/python3.12/site-packages/oslo_utils/excutils.py", line 227, in __exit__
2026-05-30 11:05:23.793 10 ERROR oslo_messaging.rpc.server self.force_reraise()
2026-05-30 11:05:23.793 10 ERROR oslo_messaging.rpc.server
File "/var/lib/openstack/lib/python3.12/site-packages/oslo_utils/excutils.py", line 200, in force_reraise
2026-05-30 11:05:23.793 10 ERROR oslo_messaging.rpc.server raise self.value
2026-05-30 11:05:23.793 10 ERROR oslo_messaging.rpc.server
File "/var/lib/openstack/lib/python3.12/site-packages/neutron_lib/db/api.py", line 181, in wrapped
2026-05-30 11:05:23.793 10 ERROR oslo_messaging.rpc.server return f(*dup_args, **dup_kwargs)
2026-05-30 11:05:23.793 10 ERROR oslo_messaging.rpc.server ^^^^^^^^^^^^^^^^^^^^^^^^^^
2026-05-30 11:05:23.793 10 ERROR oslo_messaging.rpc.server
File "/var/lib/openstack/lib/python3.12/site-packages/neutron/api/rpc/handlers/dhcp_rpc.py", line 340, in get_dhcp_port
2026-05-30 11:05:23.793 10 ERROR oslo_messaging.rpc.server return plugin.get_port(context, port_id)
2026-05-30 11:05:23.793 10 ERROR oslo_messaging.rpc.server ^^^^^^^^^^^^^^^^^^^^^^^^^^^^^^^^^
2026-05-30 11:05:23.793 10 ERROR oslo_messaging.rpc.server
File "/var/lib/openstack/lib/python3.12/site-packages/neutron_lib/db/api.py", line 223, in wrapped
2026-05-30 11:05:23.793 10 ERROR oslo_messaging.rpc.server return f_with_retry(*args, **kwargs,
2026-05-30 11:05:23.793 10 ERROR oslo_messaging.rpc.server ^^^^^^^^^^^^^^^^^^^^^^^^^^^^^
2026-05-30 11:05:23.793 10 ERROR oslo_messaging.rpc.server
File "/var/lib/openstack/lib/python3.12/site-packages/neutron_lib/db/api.py", line 137, in wrapped
2026-05-30 11:05:23.793 10 ERROR oslo_messaging.rpc.server with excutils.save_and_reraise_exception():
2026-05-30 11:05:23.793 10 ERROR oslo_messaging.rpc.server
File "/var/lib/openstack/lib/python3.12/site-packages/oslo_utils/excutils.py", line 227, in __exit__
2026-05-30 11:05:23.793 10 ERROR oslo_messaging.rpc.server self.force_reraise()
2026-05-30 11:05:23.793 10 ERROR oslo_messaging.rpc.server
File "/var/lib/openstack/lib/python3.12/site-packages/oslo_utils/excutils.py", line 200, in force_reraise
2026-05-30 11:05:23.793 10 ERROR oslo_messaging.rpc.server raise self.value
2026-05-30 11:05:23.793 10 ERROR oslo_messaging.rpc.server
File "/var/lib/openstack/lib/python3.12/site-packages/neutron_lib/db/api.py", line 135, in wrapped
2026-05-30 11:05:23.793 10 ERROR oslo_messaging.rpc.server return f(*args, **kwargs)
2026-05-30 11:05:23.793 10 ERROR oslo_messaging.rpc.server ^^^^^^^^^^^^^^^^^^
2026-05-30 11:05:23.793 10 ERROR oslo_messaging.rpc.server
File "/var/lib/openstack/lib/python3.12/site-packages/oslo_db/api.py", line 144, in wrapper
2026-05-30 11:05:23.793 10 ERROR oslo_messaging.rpc.server with excutils.save_and_reraise_exception() as ectxt:
2026-05-30 11:05:23.793 10 ERROR oslo_messaging.rpc.server
File "/var/lib/openstack/lib/python3.12/site-packages/oslo_utils/excutils.py", line 227, in __exit__
2026-05-30 11:05:23.793 10 ERROR oslo_messaging.rpc.server self.force_reraise()
2026-05-30 11:05:23.793 10 ERROR oslo_messaging.rpc.server
File "/var/lib/openstack/lib/python3.12/site-packages/oslo_utils/excutils.py", line 200, in force_reraise
2026-05-30 11:05:23.793 10 ERROR oslo_messaging.rpc.server raise self.value
2026-05-30 11:05:23.793 10 ERROR oslo_messaging.rpc.server
File "/var/lib/openstack/lib/python3.12/site-packages/oslo_db/api.py", line 142, in wrapper
2026-05-30 11:05:23.793 10 ERROR oslo_messaging.rpc.server return f(*args, **kwargs)
2026-05-30 11:05:23.793 10 ERROR oslo_messaging.rpc.server ^^^^^^^^^^^^^^^^^^
2026-05-30 11:05:23.793 10 ERROR oslo_messaging.rpc.server
File "/var/lib/openstack/lib/python3.12/site-packages/neutron_lib/db/api.py", line 183, in wrapped
2026-05-30 11:05:23.793 10 ERROR oslo_messaging.rpc.server with excutils.save_and_reraise_exception():
2026-05-30 11:05:23.793 10 ERROR oslo_messaging.rpc.server
File "/var/lib/openstack/lib/python3.12/site-packages/oslo_utils/excutils.py", line 227, in __exit__
2026-05-30 11:05:23.793 10 ERROR oslo_messaging.rpc.server self.force_reraise()
2026-05-30 11:05:23.793 10 ERROR oslo_messaging.rpc.server
File "/var/lib/openstack/lib/python3.12/site-packages/oslo_utils/excutils.py", line 200, in force_reraise
2026-05-30 11:05:23.793 10 ERROR oslo_messaging.rpc.server raise self.value
2026-05-30 11:05:23.793 10 ERROR oslo_messaging.rpc.server
File "/var/lib/openstack/lib/python3.12/site-packages/neutron_lib/db/api.py", line 181, in wrapped
2026-05-30 11:05:23.793 10 ERROR oslo_messaging.rpc.server return f(*dup_args, **dup_kwargs)
2026-05-30 11:05:23.793 10 ERROR oslo_messaging.rpc.server ^^^^^^^^^^^^^^^^^^^^^^^^^^
2026-05-30 11:05:23.793 10 ERROR oslo_messaging.rpc.server
File "/var/lib/openstack/lib/python3.12/site-packages/oslo_db/sqlalchemy/enginefacade.py", line 998, in wrapper
2026-05-30 11:05:23.793 10 ERROR oslo_messaging.rpc.server return fn(*args, **kwargs)
2026-05-30 11:05:23.793 10 ERROR oslo_messaging.rpc.server ^^^^^^^^^^^^^^^^^^^
2026-05-30 11:05:23.793 10 ERROR oslo_messaging.rpc.server
File "/var/lib/openstack/lib/python3.12/site-packages/neutron/db/db_base_plugin_v2.py", line 1665, in get_port
2026-05-30 11:05:23.793 10 ERROR oslo_messaging.rpc.server port = self._get_port(context, id, lazy_fields=lazy_fields)
2026-05-30 11:05:23.793 10 ERROR oslo_messaging.rpc.server ^^^^^^^^^^^^^^^^^^^^^^^^^^^^^^^^^^^^^^^^^^^^^^^^^^^^
2026-05-30 11:05:23.793 10 ERROR oslo_messaging.rpc.server
File "/var/lib/openstack/lib/python3.12/site-packages/oslo_db/sqlalchemy/enginefacade.py", line 998, in wrapper
2026-05-30 11:05:23.793 10 ERROR oslo_messaging.rpc.server return fn(*args, **kwargs)
2026-05-30 11:05:23.793 10 ERROR oslo_messaging.rpc.server ^^^^^^^^^^^^^^^^^^^
2026-05-30 11:05:23.793 10 ERROR oslo_messaging.rpc.server
File "/var/lib/openstack/lib/python3.12/site-packages/neutron/db/db_base_plugin_common.py", line 298, in _get_port
2026-05-30 11:05:23.793 10 ERROR oslo_messaging.rpc.server raise exceptions.PortNotFound(port_id=id)
2026-05-30 11:05:23.793 10 ERROR oslo_messaging.rpc.server neutron_lib.exceptions.PortNotFound: Port ed71403c-9a89-42e0-a403-80c03ea2b0ca could not be found.
2026-05-30 11:05:23.793 10 ERROR oslo_messaging.rpc.server
2026-05-30 11:05:24.252 10 INFO neutron.plugins.ml2.plugin [None req-0f68ec15-99d7-4dc8-a1b4-873c5c19664c - - - - - -] Attempt 1 to provision port 5b7db873-7a98-4adc-9509-30efd6121dec
2026-05-30 11:05:29.070 10 INFO neutron.plugins.ml2.plugin [None req-3fe4cd7c-8427-4fb2-9afb-c7a011a91f87 - - - - - -] Attempt 1 to provision port 8d514866-054a-4df6-8c32-aeb8ed415fcc
2026-05-30 11:05:29.985 10 INFO neutron.plugins.ml2.plugin [None req-dd8950b6-5a34-41d6-9e0b-0ec32a419664 - - - - - -] Attempt 1 to provision port 5b7db873-7a98-4adc-9509-30efd6121dec
2026-05-30 11:05:33.105 10 INFO neutron.plugins.ml2.plugin [None req-c50bbbed-ed36-4d3a-85e4-551cdf1cbae4 - - - - - -] Attempt 1 to provision port 70a74f91-2890-4f80-8b42-72b151cd248c
2026-05-30 11:05:33.148 9 INFO neutron.plugins.ml2.plugin [None req-1b8ca32c-cc80-4f3e-a56b-e7c3283aab9b - - - - - -] Attempt 1 to provision port c1c1e712-0749-4974-bd09-94cdbbb81415
2026-05-30 11:05:33.554 9 INFO neutron.plugins.ml2.plugin [None req-1b8ca32c-cc80-4f3e-a56b-e7c3283aab9b - - - - - -] Attempt 1 to provision port 70a74f91-2890-4f80-8b42-72b151cd248c
2026-05-30 11:05:33.816 10 INFO neutron.plugins.ml2.plugin [None req-7280b3fc-7532-445e-93d8-cca07e926bbc - - - - - -] Attempt 1 to provision port c1c1e712-0749-4974-bd09-94cdbbb81415
2026-05-30 11:05:34.525 9 INFO neutron.plugins.ml2.plugin [None req-47e34dbc-c8ac-4508-a704-25581f19431d - - - - - -] Attempt 1 to provision port 70a74f91-2890-4f80-8b42-72b151cd248c
2026-05-30 11:05:34.594 9 INFO neutron.plugins.ml2.plugin [None req-47e34dbc-c8ac-4508-a704-25581f19431d - - - - - -] Attempt 1 to provision port defe3905-3634-403e-8ea8-224e8b2a7614
2026-05-30 11:05:35.036 9 INFO neutron.plugins.ml2.plugin [None req-1b8ca32c-cc80-4f3e-a56b-e7c3283aab9b - - - - - -] Attempt 1 to provision port c1c1e712-0749-4974-bd09-94cdbbb81415
2026-05-30 11:05:35.232 10 INFO neutron.plugins.ml2.plugin [None req-75cb26ef-6359-45de-9b66-fa8b822542b1 - - - - - -] Attempt 1 to provision port c1c1e712-0749-4974-bd09-94cdbbb81415
2026-05-30 11:05:35.300 10 INFO neutron.plugins.ml2.plugin [None req-75cb26ef-6359-45de-9b66-fa8b822542b1 - - - - - -] Attempt 1 to provision port defe3905-3634-403e-8ea8-224e8b2a7614
2026-05-30 11:05:35.348 9 INFO neutron.plugins.ml2.plugin [None req-1b8ca32c-cc80-4f3e-a56b-e7c3283aab9b - - - - - -] Attempt 1 to provision port 70a74f91-2890-4f80-8b42-72b151cd248c
2026-05-30 11:05:39.141 10 INFO neutron.plugins.ml2.plugin [None req-1b8ca32c-cc80-4f3e-a56b-e7c3283aab9b - - - - - -] Attempt 1 to provision port 8d514866-054a-4df6-8c32-aeb8ed415fcc
2026-05-30 11:05:39.541 10 INFO neutron.plugins.ml2.plugin [None req-1b8ca32c-cc80-4f3e-a56b-e7c3283aab9b - - - - - -] Attempt 1 to provision port 553989f4-bb61-41e2-84d6-473b2fa1492f
2026-05-30 11:05:39.847 10 INFO neutron.plugins.ml2.plugin [None req-1b8ca32c-cc80-4f3e-a56b-e7c3283aab9b - - - - - -] Attempt 1 to provision port 9711e5a4-552c-4f95-aa13-a443bdcf015e
2026-05-30 11:05:40.127 10 INFO neutron.plugins.ml2.plugin [None req-1b8ca32c-cc80-4f3e-a56b-e7c3283aab9b - - - - - -] Attempt 1 to provision port 5b7db873-7a98-4adc-9509-30efd6121dec
2026-05-30 11:05:42.160 10 INFO neutron.plugins.ml2.plugin [None req-1b8ca32c-cc80-4f3e-a56b-e7c3283aab9b - - - - - -] Attempt 1 to provision port 553989f4-bb61-41e2-84d6-473b2fa1492f
2026-05-30 11:05:42.375 10 INFO neutron.plugins.ml2.plugin [None req-1b8ca32c-cc80-4f3e-a56b-e7c3283aab9b - - - - - -] Attempt 1 to provision port 5b7db873-7a98-4adc-9509-30efd6121dec
2026-05-30 11:05:42.568 10 INFO neutron.plugins.ml2.plugin [None req-1b8ca32c-cc80-4f3e-a56b-e7c3283aab9b - - - - - -] Attempt 1 to provision port 8d514866-054a-4df6-8c32-aeb8ed415fcc
2026-05-30 11:05:42.683 10 INFO neutron.plugins.ml2.plugin [None req-55f59d20-5166-442d-beaa-b1177ba679f1 - - - - - -] Attempt 1 to provision port 704ebf25-d2cc-4722-ad70-8a6395558c46
2026-05-30 11:05:42.790 10 INFO neutron.plugins.ml2.plugin [None req-1b8ca32c-cc80-4f3e-a56b-e7c3283aab9b - - - - - -] Attempt 1 to provision port 704ebf25-d2cc-4722-ad70-8a6395558c46
2026-05-30 11:05:43.043 10 INFO neutron.plugins.ml2.plugin [None req-1b8ca32c-cc80-4f3e-a56b-e7c3283aab9b - - - - - -] Attempt 1 to provision port 9711e5a4-552c-4f95-aa13-a443bdcf015e
2026-05-30 11:05:43.193 10 INFO neutron.plugins.ml2.plugin [None req-1b8ca32c-cc80-4f3e-a56b-e7c3283aab9b - - - - - -] Attempt 1 to provision port 5482df72-6321-4cb9-8e62-aabe75e19465
2026-05-30 11:05:43.307 10 INFO neutron.notifiers.nova [-] Nova event matching ['req-8d87e5ac-949b-47d3-9cd1-e9cfb3ca086c'] response: {'server_uuid': '3522cc6e-be5c-4273-8d9c-640d300fce3c', 'name': 'network-vif-plugged', 'status': 'completed', 'tag': '5482df72-6321-4cb9-8e62-aabe75e19465', 'code': 200}
2026-05-30 11:05:43.993 10 INFO neutron.plugins.ml2.plugin [None req-f2a68f65-b6c9-40dc-b721-d3be472b7ef0 - - - - - -] Attempt 1 to provision port 704ebf25-d2cc-4722-ad70-8a6395558c46
2026-05-30 11:05:44.524 9 INFO neutron.plugins.ml2.plugin [None req-1b8ca32c-cc80-4f3e-a56b-e7c3283aab9b - - - - - -] Attempt 1 to provision port 704ebf25-d2cc-4722-ad70-8a6395558c46
2026-05-30 11:05:44.790 9 INFO neutron.plugins.ml2.plugin [None req-1b8ca32c-cc80-4f3e-a56b-e7c3283aab9b - - - - - -] Attempt 1 to provision port 5482df72-6321-4cb9-8e62-aabe75e19465
2026-05-30 11:05:46.483 10 INFO neutron.plugins.ml2.plugin [None req-1b8ca32c-cc80-4f3e-a56b-e7c3283aab9b - - - - - -] Attempt 1 to provision port 95877b42-55c6-479f-b059-63530c81d2e7
2026-05-30 11:05:46.939 10 INFO neutron.plugins.ml2.plugin [None req-1b8ca32c-cc80-4f3e-a56b-e7c3283aab9b - - - - - -] Attempt 1 to provision port 59474dea-560e-4293-8b0e-22ec0fcca397
2026-05-30 11:05:48.775 9 INFO neutron.plugins.ml2.plugin [None req-1b8ca32c-cc80-4f3e-a56b-e7c3283aab9b - - - - - -] Attempt 1 to provision port afef9bdf-875e-4542-8779-daa3b411ac2d
2026-05-30 11:05:48.927 10 INFO neutron.plugins.ml2.plugin [None req-2640687b-829d-4ae7-99c8-1e78a3747c6b - - - - - -] Attempt 1 to provision port 95877b42-55c6-479f-b059-63530c81d2e7
2026-05-30 11:05:49.178 9 INFO neutron.plugins.ml2.plugin [None req-1b8ca32c-cc80-4f3e-a56b-e7c3283aab9b - - - - - -] Attempt 1 to provision port 95877b42-55c6-479f-b059-63530c81d2e7
2026-05-30 11:05:49.382 9 INFO neutron.plugins.ml2.plugin [None req-1b8ca32c-cc80-4f3e-a56b-e7c3283aab9b - - - - - -] Attempt 1 to provision port 59474dea-560e-4293-8b0e-22ec0fcca397
2026-05-30 11:05:49.609 9 INFO neutron.plugins.ml2.plugin [None req-c772863e-0f49-4037-8b96-e037a364d306 - - - - - -] Attempt 1 to provision port 95877b42-55c6-479f-b059-63530c81d2e7
2026-05-30 11:05:49.683 9 INFO neutron.plugins.ml2.plugin [None req-c772863e-0f49-4037-8b96-e037a364d306 - - - - - -] Attempt 1 to provision port 59474dea-560e-4293-8b0e-22ec0fcca397
2026-05-30 11:05:49.747 9 INFO neutron.plugins.ml2.plugin [None req-c772863e-0f49-4037-8b96-e037a364d306 - - - - - -] Attempt 1 to provision port e3f4c12e-287a-4e2f-9b77-419d99fa2456
2026-05-30 11:05:50.316 10 INFO neutron.plugins.ml2.plugin [None req-34ba70c8-6737-4600-ac25-bee9d5370689 - - - - - -] Attempt 1 to provision port e3f4c12e-287a-4e2f-9b77-419d99fa2456
2026-05-30 11:05:50.359 10 INFO neutron.plugins.ml2.plugin [None req-34ba70c8-6737-4600-ac25-bee9d5370689 - - - - - -] Attempt 1 to provision port 59474dea-560e-4293-8b0e-22ec0fcca397
2026-05-30 11:05:50.419 10 INFO neutron.plugins.ml2.plugin [None req-34ba70c8-6737-4600-ac25-bee9d5370689 - - - - - -] Attempt 1 to provision port afef9bdf-875e-4542-8779-daa3b411ac2d
2026-05-30 11:05:50.567 9 INFO neutron.plugins.ml2.plugin [None req-1b8ca32c-cc80-4f3e-a56b-e7c3283aab9b - - - - - -] Attempt 1 to provision port afef9bdf-875e-4542-8779-daa3b411ac2d
2026-05-30 11:05:51.030 9 INFO neutron.plugins.ml2.plugin [None req-96d0bd7b-3310-4ebf-bbce-17b97afe4218 - - - - - -] Attempt 1 to provision port e3f4c12e-287a-4e2f-9b77-419d99fa2456
2026-05-30 11:05:51.733 9 INFO neutron.plugins.ml2.plugin [None req-8178ec1c-a90a-42ed-b73b-9a703b0a0b3d - - - - - -] Attempt 1 to provision port afef9bdf-875e-4542-8779-daa3b411ac2d /var/lib/openstack/lib/python3.12/site-packages/oslo_db/sqlalchemy/enginefacade.py:664: SAWarning: DELETE statement on table 'portsecuritybindings' expected to delete 1 row(s); 0 were matched. Please set confirm_deleted_rows=False within the mapper configuration to prevent this warning. self.session.flush() /var/lib/openstack/lib/python3.12/site-packages/oslo_db/sqlalchemy/enginefacade.py:664: SAWarning: DELETE statement on table 'ml2_port_bindings' expected to delete 1 row(s); 0 were matched. Please set confirm_deleted_rows=False within the mapper configuration to prevent this warning. self.session.flush() /var/lib/openstack/lib/python3.12/site-packages/oslo_db/sqlalchemy/enginefacade.py:664: SAWarning: DELETE statement on table 'ml2_port_binding_levels' expected to delete 1 row(s); 0 were matched. Please set confirm_deleted_rows=False within the mapper configuration to prevent this warning. self.session.flush() /var/lib/openstack/lib/python3.12/site-packages/oslo_db/sqlalchemy/enginefacade.py:664: SAWarning: DELETE statement on table 'ports' expected to delete 1 row(s); 0 were matched. Please set confirm_deleted_rows=False within the mapper configuration to prevent this warning. self.session.flush()
2026-05-30 11:05:56.427 10 INFO neutron.plugins.ml2.plugin [None req-d7ca8d2a-afc8-4cfe-b2f4-9f2708335e7c - - - - - -] Attempt 1 to provision port f9486126-eec8-4f92-81fd-4dee0f172574
2026-05-30 11:05:58.591 10 INFO neutron.plugins.ml2.plugin [None req-1b8ca32c-cc80-4f3e-a56b-e7c3283aab9b - - - - - -] Attempt 1 to provision port fb4ca6e7-70e1-4b19-a4cc-525511872876
2026-05-30 11:06:00.188 9 INFO neutron.plugins.ml2.plugin [None req-a8ff32c9-8e9e-4308-bfe8-b4a94dd39747 - - - - - -] Attempt 1 to provision port fb4ca6e7-70e1-4b19-a4cc-525511872876
2026-05-30 11:06:00.609 10 INFO neutron.plugins.ml2.plugin [None req-1b8ca32c-cc80-4f3e-a56b-e7c3283aab9b - - - - - -] Attempt 1 to provision port fb4ca6e7-70e1-4b19-a4cc-525511872876
2026-05-30 11:06:00.895 9 INFO neutron.plugins.ml2.plugin [None req-ced4b93a-8393-43c5-8da1-f4ec383f03bf - - - - - -] Attempt 1 to provision port fb4ca6e7-70e1-4b19-a4cc-525511872876
2026-05-30 11:06:06.685 10 INFO neutron.plugins.ml2.plugin [None req-1b8ca32c-cc80-4f3e-a56b-e7c3283aab9b - - - - - -] Attempt 1 to provision port e18bc077-0bd2-4e8c-9105-4356afca1c55
2026-05-30 11:06:06.842 10 INFO neutron.notifiers.nova [-] Nova event matching ['req-bb9b8db9-efbe-482c-90e8-cf7f80f6d6ca'] response: {'server_uuid': 'debc16c3-f378-47ae-ae60-bfcbb7a3d8b2', 'name': 'network-vif-plugged', 'status': 'completed', 'tag': 'e18bc077-0bd2-4e8c-9105-4356afca1c55', 'code': 200}
2026-05-30 11:06:07.132 10 INFO neutron.plugins.ml2.plugin [None req-1b8ca32c-cc80-4f3e-a56b-e7c3283aab9b - - - - - -] Attempt 1 to provision port b30291fd-48bd-47d6-95be-07b34e3a0402
2026-05-30 11:06:08.041 10 INFO neutron.plugins.ml2.plugin [None req-c48b85d0-4e75-46e2-a9e1-cd8c26aea40c - - - - - -] Attempt 1 to provision port b30291fd-48bd-47d6-95be-07b34e3a0402
2026-05-30 11:06:08.682 9 INFO neutron.plugins.ml2.plugin [None req-1b8ca32c-cc80-4f3e-a56b-e7c3283aab9b - - - - - -] Attempt 1 to provision port e18bc077-0bd2-4e8c-9105-4356afca1c55
2026-05-30 11:06:08.741 10 INFO neutron.plugins.ml2.plugin [None req-6ce655d9-3472-41d6-9645-a63dc6494dd2 - - - - - -] Attempt 1 to provision port b30291fd-48bd-47d6-95be-07b34e3a0402
2026-05-30 11:06:10.844 10 INFO neutron.plugins.ml2.plugin [None req-3b5375de-0929-468d-b95c-131a7675fdec - - - - - -] Attempt 1 to provision port e82e0e0c-f763-4b61-8a7a-78d7b4c72551
2026-05-30 11:06:30.236 10 INFO neutron.plugins.ml2.plugin [None req-589df3dd-719d-4747-92e4-b0b9242de864 - - - - - -] Attempt 1 to provision port 3e9d503f-01a1-4ccf-9ea4-63254986e12a
2026-05-30 11:06:38.255 9 INFO neutron.plugins.ml2.plugin [None req-4751b9f3-ca29-4e30-9314-60590bbaba15 - - - - - -] Attempt 1 to provision port acb80b2c-d646-48ae-a98e-e6249d1bef1a
2026-05-30 11:06:40.586 9 INFO neutron.plugins.ml2.plugin [None req-1b8ca32c-cc80-4f3e-a56b-e7c3283aab9b - - - - - -] Attempt 1 to provision port 95c3d3a9-1e5d-41b2-bee9-832bfc9e156c
2026-05-30 11:06:42.382 10 INFO neutron.plugins.ml2.plugin [None req-d94e9756-d91c-4dd6-b171-e0bd6854e14e - - - - - -] Attempt 1 to provision port e1f420ad-f8a0-4230-afcd-05949f1c7efc
2026-05-30 11:06:42.676 9 INFO neutron.plugins.ml2.plugin [None req-1b8ca32c-cc80-4f3e-a56b-e7c3283aab9b - - - - - -] Attempt 1 to provision port e1f420ad-f8a0-4230-afcd-05949f1c7efc
2026-05-30 11:06:42.908 9 INFO neutron.plugins.ml2.plugin [None req-1b8ca32c-cc80-4f3e-a56b-e7c3283aab9b - - - - - -] Attempt 1 to provision port 95c3d3a9-1e5d-41b2-bee9-832bfc9e156c
2026-05-30 11:06:43.687 10 INFO neutron.plugins.ml2.plugin [None req-7eadfcef-4751-4f36-a1a6-284ecff36eb7 - - - - - -] Attempt 1 to provision port 77d31913-366e-49b3-9e18-2d2467ff93d4
2026-05-30 11:06:43.712 10 INFO neutron.plugins.ml2.plugin [None req-7eadfcef-4751-4f36-a1a6-284ecff36eb7 - - - - - -] Attempt 1 to provision port e1f420ad-f8a0-4230-afcd-05949f1c7efc
2026-05-30 11:06:44.397 9 INFO neutron.plugins.ml2.plugin [None req-27eb26f6-9283-4ce4-a98d-18be527ed71f - - - - - -] Attempt 1 to provision port 77d31913-366e-49b3-9e18-2d2467ff93d4
2026-05-30 11:06:44.609 9 INFO neutron.plugins.ml2.plugin [None req-1b8ca32c-cc80-4f3e-a56b-e7c3283aab9b - - - - - -] Attempt 1 to provision port e1f420ad-f8a0-4230-afcd-05949f1c7efc
2026-05-30 11:06:45.303 10 INFO neutron.plugins.ml2.plugin [None req-b04a3d0e-c3a8-4cc8-b1e8-77f77d6b2d1a - - - - - -] Attempt 1 to provision port 77d31913-366e-49b3-9e18-2d2467ff93d4
2026-05-30 11:06:53.673 9 INFO neutron.plugins.ml2.plugin [None req-1b8ca32c-cc80-4f3e-a56b-e7c3283aab9b - - - - - -] Attempt 1 to provision port f775b945-e5c3-411f-ac02-e353751f6ffe
2026-05-30 11:06:53.790 9 INFO neutron.notifiers.nova [-] Nova event matching ['req-447bf1f4-35a5-41a7-935c-6cd9ab3330f6'] response: {'server_uuid': '8baf13a5-8334-457e-b28f-4104f87ad1c9', 'name': 'network-vif-plugged', 'status': 'completed', 'tag': 'f775b945-e5c3-411f-ac02-e353751f6ffe', 'code': 200}
2026-05-30 11:06:54.079 9 INFO neutron.plugins.ml2.plugin [None req-1b8ca32c-cc80-4f3e-a56b-e7c3283aab9b - - - - - -] Attempt 1 to provision port e816c95f-623a-47f8-829e-66f96cedd460
2026-05-30 11:06:54.765 10 INFO neutron.plugins.ml2.plugin [None req-1b8ca32c-cc80-4f3e-a56b-e7c3283aab9b - - - - - -] Attempt 1 to provision port f775b945-e5c3-411f-ac02-e353751f6ffe
2026-05-30 11:06:54.990 10 INFO neutron.plugins.ml2.plugin [None req-1b8ca32c-cc80-4f3e-a56b-e7c3283aab9b - - - - - -] Attempt 1 to provision port e816c95f-623a-47f8-829e-66f96cedd460
2026-05-30 11:06:55.830 9 INFO neutron.notifiers.nova [-] Nova event matching ['req-862feafc-bf82-47b5-9133-0947b68556dc'] response: {'server_uuid': '25c86af2-ffd2-440d-bd5e-d7341abf269c', 'name': 'network-vif-plugged', 'status': 'completed', 'tag': 'e816c95f-623a-47f8-829e-66f96cedd460', 'code': 200}
2026-05-30 11:06:58.809 9 INFO neutron.plugins.ml2.plugin [None req-1b8ca32c-cc80-4f3e-a56b-e7c3283aab9b - - - - - -] Attempt 1 to provision port acb80b2c-d646-48ae-a98e-e6249d1bef1a
2026-05-30 11:06:59.122 9 INFO neutron.plugins.ml2.plugin [None req-1b8ca32c-cc80-4f3e-a56b-e7c3283aab9b - - - - - -] Attempt 1 to provision port 77d31913-366e-49b3-9e18-2d2467ff93d4
2026-05-30 11:07:00.766 10 INFO neutron.plugins.ml2.plugin [None req-1b8ca32c-cc80-4f3e-a56b-e7c3283aab9b - - - - - -] Attempt 1 to provision port acb80b2c-d646-48ae-a98e-e6249d1bef1a
2026-05-30 11:07:00.958 10 INFO neutron.plugins.ml2.plugin [None req-1b8ca32c-cc80-4f3e-a56b-e7c3283aab9b - - - - - -] Attempt 1 to provision port 77d31913-366e-49b3-9e18-2d2467ff93d4
2026-05-30 11:07:31.353 10 INFO neutron.plugins.ml2.plugin [None req-1b8ca32c-cc80-4f3e-a56b-e7c3283aab9b - - - - - -] Attempt 1 to provision port f20c36d4-5d90-4c52-b17a-d1e2df9c4edd
2026-05-30 11:07:31.483 10 INFO neutron.notifiers.nova [-] Nova event matching ['req-b1e52c40-0cb8-424b-aa72-1434a6335ba5'] response: {'server_uuid': '009f362d-b1b6-45a6-a87f-908ef1099f27', 'name': 'network-vif-plugged', 'status': 'completed', 'tag': 'f20c36d4-5d90-4c52-b17a-d1e2df9c4edd', 'code': 200}
2026-05-30 11:07:32.810 9 INFO neutron.plugins.ml2.plugin [None req-1b8ca32c-cc80-4f3e-a56b-e7c3283aab9b - - - - - -] Attempt 1 to provision port f20c36d4-5d90-4c52-b17a-d1e2df9c4edd
2026-05-30 11:07:34.303 9 INFO neutron.plugins.ml2.plugin [None req-fee061c4-5489-4142-af9e-95723d2e9bbc - - - - - -] Attempt 1 to provision port 224ec57a-1175-4970-a7f5-67b816d8acdc
2026-05-30 11:07:40.394 9 INFO neutron.plugins.ml2.plugin [None req-1b8ca32c-cc80-4f3e-a56b-e7c3283aab9b - - - - - -] Attempt 1 to provision port 224ec57a-1175-4970-a7f5-67b816d8acdc
2026-05-30 11:07:40.521 9 INFO neutron.notifiers.nova [-] Nova event matching ['req-b181dabf-8cbc-4a5d-bfda-a304dd9bae58'] response: {'server_uuid': '8baf13a5-8334-457e-b28f-4104f87ad1c9', 'name': 'network-vif-plugged', 'status': 'completed', 'tag': '224ec57a-1175-4970-a7f5-67b816d8acdc', 'code': 200}
2026-05-30 11:07:41.003 10 INFO neutron.plugins.ml2.plugin [None req-1b8ca32c-cc80-4f3e-a56b-e7c3283aab9b - - - - - -] Attempt 1 to provision port 224ec57a-1175-4970-a7f5-67b816d8acdc
2026-05-30 11:07:43.625 9 INFO neutron.plugins.ml2.plugin [None req-1b8ca32c-cc80-4f3e-a56b-e7c3283aab9b - - - - - -] Attempt 1 to provision port 224ec57a-1175-4970-a7f5-67b816d8acdc
2026-05-30 11:07:55.248 9 INFO neutron.notifiers.nova [-] Nova event matching ['req-dddb39e6-f9ee-4786-9cc3-3bac6d421c93'] response: {'server_uuid': '25c86af2-ffd2-440d-bd5e-d7341abf269c', 'name': 'network-vif-unplugged', 'status': 'completed', 'tag': 'e816c95f-623a-47f8-829e-66f96cedd460', 'code': 200}
2026-05-30 11:08:17.061 10 INFO neutron.plugins.ml2.plugin [None req-1b8ca32c-cc80-4f3e-a56b-e7c3283aab9b - - - - - -] Attempt 1 to provision port 72eabfe4-1686-4912-8ef5-29b2f24dd62d
2026-05-30 11:08:17.348 10 INFO neutron.notifiers.nova [-] Nova event matching ['req-5405ca03-690d-4f32-84d8-1516c8064fec'] response: {'server_uuid': '8baf13a5-8334-457e-b28f-4104f87ad1c9', 'name': 'network-vif-plugged', 'status': 'completed', 'tag': '72eabfe4-1686-4912-8ef5-29b2f24dd62d', 'code': 200}
2026-05-30 11:08:19.386 10 INFO neutron.plugins.ml2.plugin [None req-e0efc826-76bf-4c1f-997f-b7899ac9d478 - - - - - -] Attempt 1 to provision port 72eabfe4-1686-4912-8ef5-29b2f24dd62d
2026-05-30 11:08:35.060 10 INFO neutron.plugins.ml2.plugin [None req-1b8ca32c-cc80-4f3e-a56b-e7c3283aab9b - - - - - -] Attempt 1 to provision port 06f7574a-15a6-4604-89bb-68a2df07a0c9
2026-05-30 11:08:35.236 10 INFO neutron.notifiers.nova [-] Nova event matching ['req-46dbe1c6-6663-43f3-a2f7-5eba9604e283'] response: {'server_uuid': '8baf13a5-8334-457e-b28f-4104f87ad1c9', 'name': 'network-vif-plugged', 'status': 'completed', 'tag': '06f7574a-15a6-4604-89bb-68a2df07a0c9', 'code': 200}
2026-05-30 11:08:37.213 10 INFO neutron.plugins.ml2.plugin [None req-1b8ca32c-cc80-4f3e-a56b-e7c3283aab9b - - - - - -] Attempt 1 to provision port 2fa2a4c1-4b4a-421e-9b90-752e4f2b8530
2026-05-30 11:08:37.630 10 INFO neutron.plugins.ml2.plugin [None req-de8fc260-1c43-4ddb-9cd3-f6ffd8eae1ec - - - - - -] Attempt 1 to provision port 2fa2a4c1-4b4a-421e-9b90-752e4f2b8530
