2026-05-09 14:03:34.416 9 INFO neutron.api.v2.resource [None req-ff2457e4-d0a0-4822-a9de-da70a3ea13cd 3c59e1930c51411784149cb32a72de0e ca62223c9c284d8798eb9fd6c980a21d - - default default] delete failed (client error): The resource could not be found.
2026-05-09 14:03:34.417 9 INFO neutron.wsgi [None req-ff2457e4-d0a0-4822-a9de-da70a3ea13cd 3c59e1930c51411784149cb32a72de0e ca62223c9c284d8798eb9fd6c980a21d - - default default] 10.0.0.11 "DELETE /v2.0/routers/f65ce9a2-93d4-4154-895b-04f1d7be73c0 HTTP/1.1" status: 404 len: 336 time: 0.0226681
2026-05-09 14:03:34.421 10 INFO neutron.db.ovn_revision_numbers_db [None req-b70c1cd9-0a5d-47f3-a9fb-8e3867522e8d 78ebec1a08614cc9a600725fd0557e32 a4a94f06e3e544849cf5604263794b13 - - default default] Successfully bumped revision number for resource 38c0ac1c-129a-41b8-83d1-da4b82411e82 (type: security_group_rules) to 0
2026-05-09 14:03:34.435 10 INFO neutron.db.ovn_revision_numbers_db [None req-b70c1cd9-0a5d-47f3-a9fb-8e3867522e8d 78ebec1a08614cc9a600725fd0557e32 a4a94f06e3e544849cf5604263794b13 - - default default] Successfully bumped revision number for resource fd81fbe6-bc6e-4723-a2de-d5a800b29aef (type: security_group_rules) to 0
2026-05-09 14:03:34.436 9 INFO neutron.pecan_wsgi.hooks.translation [None req-401bdb76-3355-4a25-8adf-d4997d60d90c 3c59e1930c51411784149cb32a72de0e ca62223c9c284d8798eb9fd6c980a21d - - default default] DELETE failed (client error): The resource could not be found.
2026-05-09 14:03:34.438 9 INFO neutron.wsgi [None req-401bdb76-3355-4a25-8adf-d4997d60d90c 3c59e1930c51411784149cb32a72de0e ca62223c9c284d8798eb9fd6c980a21d - - default default] 10.0.0.11 "DELETE /v2.0/subnets/efedf5b0-7926-4151-952f-c013d1c47bb1 HTTP/1.1" status: 404 len: 337 time: 0.0162625
2026-05-09 14:03:34.459 9 INFO neutron.wsgi [None req-e7b79219-0af2-4d52-8515-a3ff37830ec4 3c59e1930c51411784149cb32a72de0e ca62223c9c284d8798eb9fd6c980a21d - - default default] 10.0.0.11 "GET /v2.0/ports?device_id=cf948b7d-e116-413a-bc5b-9baf1bbec0eb HTTP/1.1" status: 200 len: 205 time: 0.0159111
2026-05-09 14:03:34.462 10 INFO neutron.wsgi [None req-b70c1cd9-0a5d-47f3-a9fb-8e3867522e8d 78ebec1a08614cc9a600725fd0557e32 a4a94f06e3e544849cf5604263794b13 - - default default] 10.0.0.11 "POST /v2.0/security-groups HTTP/1.1" status: 201 len: 1809 time: 0.1822011
2026-05-09 14:03:34.472 10 WARNING neutron_lib.context [None req-9ee8f46a-109c-49d0-b6ec-2c544fa76699 78ebec1a08614cc9a600725fd0557e32 a4a94f06e3e544849cf5604263794b13 - - default default] Method 'is_advsvc' is deprecated since 2023.2 release (neutron-lib 3.8.0) and will be removed once support for the old RBAC API policies will be removed from Neutron. Please use method 'is_service_role' instead.
2026-05-09 14:03:34.485 9 INFO neutron.api.v2.resource [None req-4781d015-6922-4115-bd19-93a062c55a64 3c59e1930c51411784149cb32a72de0e ca62223c9c284d8798eb9fd6c980a21d - - default default] delete failed (client error): The resource could not be found.
2026-05-09 14:03:34.487 9 INFO neutron.wsgi [None req-4781d015-6922-4115-bd19-93a062c55a64 3c59e1930c51411784149cb32a72de0e ca62223c9c284d8798eb9fd6c980a21d - - default default] 10.0.0.11 "DELETE /v2.0/routers/cf948b7d-e116-413a-bc5b-9baf1bbec0eb HTTP/1.1" status: 404 len: 336 time: 0.0237222
2026-05-09 14:03:34.505 9 INFO neutron.pecan_wsgi.hooks.translation [None req-5fec0f43-2643-4e4d-b725-76ac1d3fa53c 3c59e1930c51411784149cb32a72de0e ca62223c9c284d8798eb9fd6c980a21d - - default default] DELETE failed (client error): The resource could not be found.
2026-05-09 14:03:34.507 9 INFO neutron.wsgi [None req-5fec0f43-2643-4e4d-b725-76ac1d3fa53c 3c59e1930c51411784149cb32a72de0e ca62223c9c284d8798eb9fd6c980a21d - - default default] 10.0.0.11 "DELETE /v2.0/subnets/8cc18d65-f833-45ff-90a8-54baf64a754f HTTP/1.1" status: 404 len: 337 time: 0.0158672
2026-05-09 14:03:34.526 9 INFO neutron.pecan_wsgi.hooks.translation [None req-fe11786b-5ae6-4e0b-ba85-2aaf01778e66 3c59e1930c51411784149cb32a72de0e ca62223c9c284d8798eb9fd6c980a21d - - default default] DELETE failed (client error): The resource could not be found.
2026-05-09 14:03:34.528 9 INFO neutron.wsgi [None req-fe11786b-5ae6-4e0b-ba85-2aaf01778e66 3c59e1930c51411784149cb32a72de0e ca62223c9c284d8798eb9fd6c980a21d - - default default] 10.0.0.11 "DELETE /v2.0/subnets/28c82d4d-0e2f-41ce-bf96-0d2319128ce4 HTTP/1.1" status: 404 len: 337 time: 0.0160587
2026-05-09 14:03:34.590 10 INFO neutron.db.ovn_revision_numbers_db [None req-9ee8f46a-109c-49d0-b6ec-2c544fa76699 78ebec1a08614cc9a600725fd0557e32 a4a94f06e3e544849cf5604263794b13 - - default default] Successfully bumped revision number for resource c71e8e94-4b70-4998-aef5-64bc7b3210f0 (type: security_group_rules) to 0
2026-05-09 14:03:34.614 10 INFO neutron.wsgi [None req-9ee8f46a-109c-49d0-b6ec-2c544fa76699 78ebec1a08614cc9a600725fd0557e32 a4a94f06e3e544849cf5604263794b13 - - default default] 10.0.0.11 "POST /v2.0/security-group-rules HTTP/1.1" status: 201 len: 764 time: 0.1460912
2026-05-09 14:03:34.623 10 WARNING neutron_lib.context [None req-6dfc8b87-39e0-460d-83e4-f11e28dbef40 78ebec1a08614cc9a600725fd0557e32 a4a94f06e3e544849cf5604263794b13 - - default default] Method 'is_advsvc' is deprecated since 2023.2 release (neutron-lib 3.8.0) and will be removed once support for the old RBAC API policies will be removed from Neutron. Please use method 'is_service_role' instead.
2026-05-09 14:03:34.750 10 INFO neutron.db.ovn_revision_numbers_db [None req-6dfc8b87-39e0-460d-83e4-f11e28dbef40 78ebec1a08614cc9a600725fd0557e32 a4a94f06e3e544849cf5604263794b13 - - default default] Successfully bumped revision number for resource f3dcc765-0c3a-4f4d-bdb2-c23c86277dbf (type: security_group_rules) to 0
2026-05-09 14:03:34.779 10 INFO neutron.wsgi [None req-6dfc8b87-39e0-460d-83e4-f11e28dbef40 78ebec1a08614cc9a600725fd0557e32 a4a94f06e3e544849cf5604263794b13 - - default default] 10.0.0.11 "POST /v2.0/security-group-rules HTTP/1.1" status: 201 len: 763 time: 0.1602430
2026-05-09 14:03:34.788 10 WARNING neutron_lib.context [None req-5a1adee1-5f30-4d8e-8295-3847767a89ae 78ebec1a08614cc9a600725fd0557e32 a4a94f06e3e544849cf5604263794b13 - - default default] Method 'is_advsvc' is deprecated since 2023.2 release (neutron-lib 3.8.0) and will be removed once support for the old RBAC API policies will be removed from Neutron. Please use method 'is_service_role' instead.
2026-05-09 14:03:34.917 10 INFO neutron.db.ovn_revision_numbers_db [None req-5a1adee1-5f30-4d8e-8295-3847767a89ae 78ebec1a08614cc9a600725fd0557e32 a4a94f06e3e544849cf5604263794b13 - - default default] Successfully bumped revision number for resource bac3398d-097b-4eea-9678-3e7a910b0ffe (type: security_group_rules) to 0
2026-05-09 14:03:34.948 10 INFO neutron.wsgi [None req-5a1adee1-5f30-4d8e-8295-3847767a89ae 78ebec1a08614cc9a600725fd0557e32 a4a94f06e3e544849cf5604263794b13 - - default default] 10.0.0.11 "POST /v2.0/security-group-rules HTTP/1.1" status: 201 len: 769 time: 0.1645446
2026-05-09 14:03:34.959 10 WARNING neutron_lib.context [None req-fba4fe32-966f-4c79-90a9-fe87f40f920a 78ebec1a08614cc9a600725fd0557e32 a4a94f06e3e544849cf5604263794b13 - - default default] Method 'is_advsvc' is deprecated since 2023.2 release (neutron-lib 3.8.0) and will be removed once support for the old RBAC API policies will be removed from Neutron. Please use method 'is_service_role' instead.
2026-05-09 14:03:35.093 10 INFO neutron.db.ovn_revision_numbers_db [None req-fba4fe32-966f-4c79-90a9-fe87f40f920a 78ebec1a08614cc9a600725fd0557e32 a4a94f06e3e544849cf5604263794b13 - - default default] Successfully bumped revision number for resource df8cfc0c-5792-4654-abf2-685db718a997 (type: security_group_rules) to 0
2026-05-09 14:03:35.118 10 INFO neutron.wsgi [None req-fba4fe32-966f-4c79-90a9-fe87f40f920a 78ebec1a08614cc9a600725fd0557e32 a4a94f06e3e544849cf5604263794b13 - - default default] 10.0.0.11 "POST /v2.0/security-group-rules HTTP/1.1" status: 201 len: 768 time: 0.1648159
2026-05-09 14:03:35.128 10 WARNING neutron_lib.context [None req-ceecc2f6-9078-48f4-938c-179e6f6b2609 78ebec1a08614cc9a600725fd0557e32 a4a94f06e3e544849cf5604263794b13 - - default default] Method 'is_advsvc' is deprecated since 2023.2 release (neutron-lib 3.8.0) and will be removed once support for the old RBAC API policies will be removed from Neutron. Please use method 'is_service_role' instead.
2026-05-09 14:03:35.146 10 INFO neutron.db.securitygroups_db [None req-ceecc2f6-9078-48f4-938c-179e6f6b2609 78ebec1a08614cc9a600725fd0557e32 a4a94f06e3e544849cf5604263794b13 - - default default] Project a4a94f06e3e544849cf5604263794b13 added a security group rule with legacy IPv6 ICMP protocol name icmp, ipv6-icmp should be used instead. It was automatically converted.
2026-05-09 14:03:35.266 10 INFO neutron.db.ovn_revision_numbers_db [None req-ceecc2f6-9078-48f4-938c-179e6f6b2609 78ebec1a08614cc9a600725fd0557e32 a4a94f06e3e544849cf5604263794b13 - - default default] Successfully bumped revision number for resource c5dcca57-f4ed-42f6-9fff-6d306f8542ef (type: security_group_rules) to 0
2026-05-09 14:03:35.305 10 INFO neutron.wsgi [None req-ceecc2f6-9078-48f4-938c-179e6f6b2609 78ebec1a08614cc9a600725fd0557e32 a4a94f06e3e544849cf5604263794b13 - - default default] 10.0.0.11 "POST /v2.0/security-group-rules HTTP/1.1" status: 201 len: 774 time: 0.1811085
2026-05-09 14:03:35.315 10 WARNING neutron_lib.context [None req-6b9b799d-7f3e-4e16-ac1e-a087b05855c0 78ebec1a08614cc9a600725fd0557e32 a4a94f06e3e544849cf5604263794b13 - - default default] Method 'is_advsvc' is deprecated since 2023.2 release (neutron-lib 3.8.0) and will be removed once support for the old RBAC API policies will be removed from Neutron. Please use method 'is_service_role' instead.
2026-05-09 14:03:35.325 10 INFO neutron.wsgi [None req-a78179bc-b29d-4aef-af9c-7f598322b32c 6d57de5d47e847669aa23a284f23fa0e 302ea2da68b043988fe7d1812faecc10 - - default default] 10.0.0.11 "GET /v2.0/ports/b70e815e-1a98-4992-8e69-fc7921091a53 HTTP/1.1" status: 200 len: 1139 time: 0.0408552
2026-05-09 14:03:35.335 10 INFO neutron.db.securitygroups_db [None req-6b9b799d-7f3e-4e16-ac1e-a087b05855c0 78ebec1a08614cc9a600725fd0557e32 a4a94f06e3e544849cf5604263794b13 - - default default] Project a4a94f06e3e544849cf5604263794b13 added a security group rule with legacy IPv6 ICMP protocol name icmp, ipv6-icmp should be used instead. It was automatically converted.
2026-05-09 14:03:35.441 10 INFO neutron.db.ovn_revision_numbers_db [None req-6b9b799d-7f3e-4e16-ac1e-a087b05855c0 78ebec1a08614cc9a600725fd0557e32 a4a94f06e3e544849cf5604263794b13 - - default default] Successfully bumped revision number for resource 2b6d066c-d218-4b1c-a36d-a975b4c48d87 (type: security_group_rules) to 0
2026-05-09 14:03:35.464 10 INFO neutron.wsgi [None req-6b9b799d-7f3e-4e16-ac1e-a087b05855c0 78ebec1a08614cc9a600725fd0557e32 a4a94f06e3e544849cf5604263794b13 - - default default] 10.0.0.11 "POST /v2.0/security-group-rules HTTP/1.1" status: 201 len: 773 time: 0.1537888
2026-05-09 14:03:35.542 9 INFO neutron.wsgi [None req-27c99e37-6fdf-4634-92a4-e93579c4311e b590dbd9c64c4389b093d0be7426b2a5 cc24006cfb974c3d9e246039d008146f - - default default] 10.0.0.11 "GET /v2.0/security-groups?tenant_id=ca62223c9c284d8798eb9fd6c980a21d&name=default HTTP/1.1" status: 200 len: 2996 time: 0.4630623
2026-05-09 14:03:35.732 9 INFO neutron.wsgi [None req-d14fc1b1-18d0-4f55-9d9f-631487a40517 b590dbd9c64c4389b093d0be7426b2a5 cc24006cfb974c3d9e246039d008146f - - default default] 10.0.0.11 "DELETE /v2.0/security-groups/633afe6d-0ec5-4152-8e02-99127f245b55 HTTP/1.1" status: 204 len: 168 time: 0.1856270
2026-05-09 14:03:36.069 9 INFO neutron.wsgi [None req-8fdc165a-6a77-4481-b3da-96c27de2e89d 78ebec1a08614cc9a600725fd0557e32 a4a94f06e3e544849cf5604263794b13 - - default default] 10.0.0.11 "GET /v2.0/networks HTTP/1.1" status: 200 len: 1493 time: 0.2330685
2026-05-09 14:03:36.176 9 INFO neutron.wsgi [req-9bbf149d-b90d-4ab8-8a91-62bbd97569bd req-449b4749-34fd-4329-a473-7b9055433b56 78ebec1a08614cc9a600725fd0557e32 a4a94f06e3e544849cf5604263794b13 - - default default] 10.0.0.231 "GET /v2.0/security-groups?name=tempest-secgroup-smoke-566270754&fields=id&tenant_id=a4a94f06e3e544849cf5604263794b13 HTTP/1.1" status: 200 len: 267 time: 0.0427721
2026-05-09 14:03:36.256 9 INFO neutron.wsgi [req-9bbf149d-b90d-4ab8-8a91-62bbd97569bd req-9db8c887-3d43-40b8-850d-7a2eba4bbb4f 78ebec1a08614cc9a600725fd0557e32 a4a94f06e3e544849cf5604263794b13 - - default default] 10.0.0.231 "GET /v2.0/networks?id=b4ef658c-c97a-4091-b41a-73d680a762b4 HTTP/1.1" status: 200 len: 860 time: 0.0740259
2026-05-09 14:03:36.276 9 INFO neutron.wsgi [req-9bbf149d-b90d-4ab8-8a91-62bbd97569bd req-9907ae28-4319-418f-9bf9-7cde850f15a4 78ebec1a08614cc9a600725fd0557e32 a4a94f06e3e544849cf5604263794b13 - - default default] 10.0.0.231 "GET /v2.0/quotas/a4a94f06e3e544849cf5604263794b13 HTTP/1.1" status: 200 len: 386 time: 0.0099194
2026-05-09 14:03:36.372 10 INFO neutron.wsgi [None req-68faff09-7f36-405e-9931-e6423ad4dad2 6d57de5d47e847669aa23a284f23fa0e 302ea2da68b043988fe7d1812faecc10 - - default default] 10.0.0.11 "GET /v2.0/ports/b70e815e-1a98-4992-8e69-fc7921091a53 HTTP/1.1" status: 200 len: 1139 time: 0.0404737
2026-05-09 14:03:36.396 9 INFO neutron.wsgi [req-9bbf149d-b90d-4ab8-8a91-62bbd97569bd req-e543166e-cba2-4c82-9d1b-4078deb25949 78ebec1a08614cc9a600725fd0557e32 a4a94f06e3e544849cf5604263794b13 - - default default] 10.0.0.231 "GET /v2.0/ports?tenant_id=a4a94f06e3e544849cf5604263794b13&fields=id HTTP/1.1" status: 200 len: 348 time: 0.1116221
2026-05-09 14:03:36.481 9 INFO neutron.wsgi [req-9bbf149d-b90d-4ab8-8a91-62bbd97569bd req-668775ed-7e60-4f1c-a13d-7e3dbd47a7df 4b67dcd5aa72433a9c9c51e3f8259e4c 30a8bedc6d464f10999e32b385c716fd - - d811e5d5de204ad2864da0e08373b371 d811e5d5de204ad2864da0e08373b371] 10.0.0.231 "GET /v2.0/networks/b4ef658c-c97a-4091-b41a-73d680a762b4?fields=segments HTTP/1.1" status: 200 len: 212 time: 0.0709250
2026-05-09 14:03:36.554 9 INFO neutron.wsgi [req-9bbf149d-b90d-4ab8-8a91-62bbd97569bd req-1cc79baa-8f84-4c79-9ee4-1b2cde7a9ec2 4b67dcd5aa72433a9c9c51e3f8259e4c 30a8bedc6d464f10999e32b385c716fd - - d811e5d5de204ad2864da0e08373b371 d811e5d5de204ad2864da0e08373b371] 10.0.0.231 "GET /v2.0/networks/b4ef658c-c97a-4091-b41a-73d680a762b4?fields=provider%3Aphysical_network&fields=provider%3Anetwork_type HTTP/1.1" status: 200 len: 277 time: 0.0674195
2026-05-09 14:03:36.688 10 INFO neutron.wsgi [req-6d0cb90f-3c1f-43b7-a422-7887b48033f1 req-7d222913-8379-488f-96fb-ca0d7862aa97 78ebec1a08614cc9a600725fd0557e32 a4a94f06e3e544849cf5604263794b13 - - default default] 10.0.0.231 "GET /v2.0/ports?device_id=11641c75-fac5-4734-b6a5-21fcd3228563 HTTP/1.1" status: 200 len: 210 time: 0.0227599
2026-05-09 14:03:37.400 9 INFO neutron.wsgi [req-9bbf149d-b90d-4ab8-8a91-62bbd97569bd req-1b1e4e7c-063f-436f-9c19-3f2da3185a3d 78ebec1a08614cc9a600725fd0557e32 a4a94f06e3e544849cf5604263794b13 - - default default] 199.204.45.157 "GET /v2.0/networks?id=b4ef658c-c97a-4091-b41a-73d680a762b4 HTTP/1.1" status: 200 len: 860 time: 0.0751069
2026-05-09 14:03:37.413 10 INFO neutron.wsgi [None req-6b56ec86-d80f-451d-a446-098715bf3a34 6d57de5d47e847669aa23a284f23fa0e 302ea2da68b043988fe7d1812faecc10 - - default default] 10.0.0.11 "GET /v2.0/ports/b70e815e-1a98-4992-8e69-fc7921091a53 HTTP/1.1" status: 200 len: 1139 time: 0.0351336
2026-05-09 14:03:37.418 9 INFO neutron.wsgi [-] 10.0.0.11 "GET / HTTP/1.1" status: 200 len: 279 time: 0.0040770
2026-05-09 14:03:37.459 9 INFO neutron.wsgi [req-9bbf149d-b90d-4ab8-8a91-62bbd97569bd req-71fde35f-cc3d-409b-9fa5-76b3e057e210 78ebec1a08614cc9a600725fd0557e32 a4a94f06e3e544849cf5604263794b13 - - default default] 199.204.45.157 "GET /v2.0/security-groups?fields=id&fields=name&tenant_id=a4a94f06e3e544849cf5604263794b13 HTTP/1.1" status: 200 len: 471 time: 0.0523958
2026-05-09 14:03:37.491 9 WARNING neutron_lib.context [req-9bbf149d-b90d-4ab8-8a91-62bbd97569bd req-5195d096-eb43-452d-9b67-9fc1bcbfebe1 78ebec1a08614cc9a600725fd0557e32 a4a94f06e3e544849cf5604263794b13 - - default default] Method 'is_advsvc' is deprecated since 2023.2 release (neutron-lib 3.8.0) and will be removed once support for the old RBAC API policies will be removed from Neutron. Please use method 'is_service_role' instead.
2026-05-09 14:03:37.573 10 INFO neutron.wsgi [None req-c17a0315-2f25-41fb-b461-ee39cac85d16 a0200f015c9d422ea069ecb4d4676f50 4ecbdb0bf2ec4c218274d06da301acb9 - - default default] 10.0.0.11 "GET /v2.0/ HTTP/1.1" status: 200 len: 826 time: 0.1505077
2026-05-09 14:03:37.782 9 INFO neutron.wsgi [req-5894d190-4a91-44df-a73c-e3a297eb4cb7 req-622e3d14-f5e7-4ad4-985b-809d8a8bbe6b 78ebec1a08614cc9a600725fd0557e32 a4a94f06e3e544849cf5604263794b13 - - default default] 10.0.0.231 "GET /v2.0/ports?device_id=11641c75-fac5-4734-b6a5-21fcd3228563 HTTP/1.1" status: 200 len: 210 time: 0.0208580
2026-05-09 14:03:37.811 9 WARNING neutron.scheduler.dhcp_agent_scheduler [req-9bbf149d-b90d-4ab8-8a91-62bbd97569bd req-5195d096-eb43-452d-9b67-9fc1bcbfebe1 78ebec1a08614cc9a600725fd0557e32 a4a94f06e3e544849cf5604263794b13 - - default default] No more DHCP agents
2026-05-09 14:03:37.814 9 WARNING neutron.api.rpc.agentnotifiers.dhcp_rpc_agent_api [req-9bbf149d-b90d-4ab8-8a91-62bbd97569bd req-5195d096-eb43-452d-9b67-9fc1bcbfebe1 78ebec1a08614cc9a600725fd0557e32 a4a94f06e3e544849cf5604263794b13 - - default default] Unable to schedule network b4ef658c-c97a-4091-b41a-73d680a762b4: no agents available; will retry on subsequent port and subnet creation events.
2026-05-09 14:03:37.987 9 INFO neutron.db.ovn_revision_numbers_db [req-9bbf149d-b90d-4ab8-8a91-62bbd97569bd req-5195d096-eb43-452d-9b67-9fc1bcbfebe1 78ebec1a08614cc9a600725fd0557e32 a4a94f06e3e544849cf5604263794b13 - - default default] Successfully bumped revision number for resource 24482e01-c61e-4ccb-a31b-e37160375a62 (type: ports) to 1
2026-05-09 14:03:38.011 9 INFO neutron.wsgi [req-9bbf149d-b90d-4ab8-8a91-62bbd97569bd req-5195d096-eb43-452d-9b67-9fc1bcbfebe1 78ebec1a08614cc9a600725fd0557e32 a4a94f06e3e544849cf5604263794b13 - - default default] 199.204.45.157 "POST /v2.0/ports HTTP/1.1" status: 201 len: 1158 time: 0.5282416 /var/lib/openstack/lib/python3.10/site-packages/pycadf/identifier.py:71: UserWarning: Invalid uuid: neutron. To ensure interoperability, identifiers should be a valid uuid. warnings.warn(('Invalid uuid: %s. To ensure interoperability, '
2026-05-09 14:03:38.252 10 WARNING neutron.plugins.ml2.drivers.ovn.mech_driver.ovsdb.ovn_client [None req-10273ac3-c27f-4488-ae81-b8b2ed9c7008 - - - - - -] No port found with ID f06c07f4-1875-48db-ae56-bfe71dd02696: RuntimeError: No port found with ID f06c07f4-1875-48db-ae56-bfe71dd02696
2026-05-09 14:03:38.252 10 INFO neutron.plugins.ml2.drivers.ovn.mech_driver.mech_driver [None req-10273ac3-c27f-4488-ae81-b8b2ed9c7008 - - - - - -] OVN reports status up for port: b70e815e-1a98-4992-8e69-fc7921091a53
2026-05-09 14:03:38.259 10 INFO neutron.plugins.ml2.plugin [None req-10273ac3-c27f-4488-ae81-b8b2ed9c7008 - - - - - -] Attempt 1 to provision port b70e815e-1a98-4992-8e69-fc7921091a53
2026-05-09 14:03:38.304 10 INFO neutron.db.ovn_revision_numbers_db [None req-3cbeaa9d-1711-4e6f-a0b8-89aeb0f0cea8 b590dbd9c64c4389b093d0be7426b2a5 cc24006cfb974c3d9e246039d008146f - - default default] Successfully bumped revision number for resource 63a3902c-78d8-4942-9c6d-5c0b4036c4f0 (type: security_groups) to 1
2026-05-09 14:03:38.319 10 INFO neutron.db.ovn_revision_numbers_db [None req-3cbeaa9d-1711-4e6f-a0b8-89aeb0f0cea8 b590dbd9c64c4389b093d0be7426b2a5 cc24006cfb974c3d9e246039d008146f - - default default] Successfully bumped revision number for resource 41734f58-424b-4e75-b0fe-1f61d061a555 (type: security_group_rules) to 0
2026-05-09 14:03:38.337 10 INFO neutron.db.ovn_revision_numbers_db [None req-3cbeaa9d-1711-4e6f-a0b8-89aeb0f0cea8 b590dbd9c64c4389b093d0be7426b2a5 cc24006cfb974c3d9e246039d008146f - - default default] Successfully bumped revision number for resource 80b14b5b-8552-4517-8bf4-5da8a2767639 (type: security_group_rules) to 0
2026-05-09 14:03:38.353 10 INFO neutron.db.ovn_revision_numbers_db [None req-3cbeaa9d-1711-4e6f-a0b8-89aeb0f0cea8 b590dbd9c64c4389b093d0be7426b2a5 cc24006cfb974c3d9e246039d008146f - - default default] Successfully bumped revision number for resource a8f7aa4f-49bf-4ca7-a7a1-b16e9b57fa32 (type: security_group_rules) to 0
2026-05-09 14:03:38.371 10 INFO neutron.db.ovn_revision_numbers_db [None req-3cbeaa9d-1711-4e6f-a0b8-89aeb0f0cea8 b590dbd9c64c4389b093d0be7426b2a5 cc24006cfb974c3d9e246039d008146f - - default default] Successfully bumped revision number for resource c0d91080-0118-4062-8dee-df11ce65e35d (type: security_group_rules) to 0
2026-05-09 14:03:38.404 10 INFO neutron.wsgi [None req-3cbeaa9d-1711-4e6f-a0b8-89aeb0f0cea8 b590dbd9c64c4389b093d0be7426b2a5 cc24006cfb974c3d9e246039d008146f - - default default] 10.0.0.11 "GET /v2.0/security-groups?tenant_id=4ecbdb0bf2ec4c218274d06da301acb9&name=default HTTP/1.1" status: 200 len: 2996 time: 0.3138053
2026-05-09 14:03:38.411 9 INFO neutron.db.ovn_revision_numbers_db [req-9bbf149d-b90d-4ab8-8a91-62bbd97569bd req-3d569c1d-78d2-4060-8293-9880cc9856c2 4b67dcd5aa72433a9c9c51e3f8259e4c 30a8bedc6d464f10999e32b385c716fd - - d811e5d5de204ad2864da0e08373b371 d811e5d5de204ad2864da0e08373b371] Successfully bumped revision number for resource 24482e01-c61e-4ccb-a31b-e37160375a62 (type: ports) to 2
2026-05-09 14:03:38.467 10 INFO neutron.wsgi [None req-cc5c155a-e040-4adc-bb50-b1b63b619b95 6d57de5d47e847669aa23a284f23fa0e 302ea2da68b043988fe7d1812faecc10 - - default default] 10.0.0.11 "GET /v2.0/ports/b70e815e-1a98-4992-8e69-fc7921091a53 HTTP/1.1" status: 200 len: 1141 time: 0.0475671 /var/lib/openstack/lib/python3.10/site-packages/pycadf/identifier.py:71: UserWarning: Invalid uuid: neutron. To ensure interoperability, identifiers should be a valid uuid. warnings.warn(('Invalid uuid: %s. To ensure interoperability, '
2026-05-09 14:03:38.595 10 INFO neutron.db.ovn_revision_numbers_db [None req-10273ac3-c27f-4488-ae81-b8b2ed9c7008 - - - - - -] Successfully bumped revision number for resource b70e815e-1a98-4992-8e69-fc7921091a53 (type: ports) to 2
2026-05-09 14:03:38.664 10 INFO neutron.db.ovn_revision_numbers_db [None req-10273ac3-c27f-4488-ae81-b8b2ed9c7008 - - - - - -] Successfully bumped revision number for resource b70e815e-1a98-4992-8e69-fc7921091a53 (type: router_ports) to 2
2026-05-09 14:03:38.679 9 INFO neutron.db.ovn_revision_numbers_db [req-9bbf149d-b90d-4ab8-8a91-62bbd97569bd req-3d569c1d-78d2-4060-8293-9880cc9856c2 4b67dcd5aa72433a9c9c51e3f8259e4c 30a8bedc6d464f10999e32b385c716fd - - d811e5d5de204ad2864da0e08373b371 d811e5d5de204ad2864da0e08373b371] Successfully bumped revision number for resource 24482e01-c61e-4ccb-a31b-e37160375a62 (type: ports) to 2
2026-05-09 14:03:38.687 10 INFO neutron.wsgi [None req-7e572aad-8558-4076-9f29-cc95fb7dfbfc b590dbd9c64c4389b093d0be7426b2a5 cc24006cfb974c3d9e246039d008146f - - default default] 10.0.0.11 "DELETE /v2.0/security-groups/63a3902c-78d8-4942-9c6d-5c0b4036c4f0 HTTP/1.1" status: 204 len: 168 time: 0.2781425
2026-05-09 14:03:38.703 9 INFO neutron.wsgi [req-9bbf149d-b90d-4ab8-8a91-62bbd97569bd req-3d569c1d-78d2-4060-8293-9880cc9856c2 4b67dcd5aa72433a9c9c51e3f8259e4c 30a8bedc6d464f10999e32b385c716fd - - d811e5d5de204ad2864da0e08373b371 d811e5d5de204ad2864da0e08373b371] 199.204.45.157 "PUT /v2.0/ports/24482e01-c61e-4ccb-a31b-e37160375a62 HTTP/1.1" status: 200 len: 1376 time: 0.6841645
2026-05-09 14:03:38.739 9 INFO neutron.notifiers.nova [-] Nova event matching ['req-48b0a760-1eb0-4009-b41a-54849dde4342'] response: {'name': 'network-changed', 'server_uuid': '11641c75-fac5-4734-b6a5-21fcd3228563', 'tag': '24482e01-c61e-4ccb-a31b-e37160375a62', 'status': 'completed', 'code': 200} /var/lib/openstack/lib/python3.10/site-packages/pycadf/identifier.py:71: UserWarning: Invalid uuid: neutron. To ensure interoperability, identifiers should be a valid uuid. warnings.warn(('Invalid uuid: %s. To ensure interoperability, '
2026-05-09 14:03:38.802 9 INFO neutron.wsgi [req-9bbf149d-b90d-4ab8-8a91-62bbd97569bd req-468488ef-08de-4517-a9cf-96b1ee4211bb 4b67dcd5aa72433a9c9c51e3f8259e4c 30a8bedc6d464f10999e32b385c716fd - - d811e5d5de204ad2864da0e08373b371 d811e5d5de204ad2864da0e08373b371] 199.204.45.157 "GET /v2.0/ports?tenant_id=a4a94f06e3e544849cf5604263794b13&device_id=11641c75-fac5-4734-b6a5-21fcd3228563 HTTP/1.1" status: 200 len: 1407 time: 0.0414784
2026-05-09 14:03:38.834 9 INFO neutron.wsgi [req-9bbf149d-b90d-4ab8-8a91-62bbd97569bd req-89403dba-017d-43a5-8b17-396a7d530cf5 4b67dcd5aa72433a9c9c51e3f8259e4c 30a8bedc6d464f10999e32b385c716fd - - d811e5d5de204ad2864da0e08373b371 d811e5d5de204ad2864da0e08373b371] 199.204.45.157 "GET /v2.0/floatingips?fixed_ip_address=10.100.0.5&port_id=24482e01-c61e-4ccb-a31b-e37160375a62 HTTP/1.1" status: 200 len: 217 time: 0.0212705
2026-05-09 14:03:38.910 9 INFO neutron.wsgi [req-9bbf149d-b90d-4ab8-8a91-62bbd97569bd req-0954119b-ff40-40b3-a347-8eee1c9bc6e2 4b67dcd5aa72433a9c9c51e3f8259e4c 30a8bedc6d464f10999e32b385c716fd - - d811e5d5de204ad2864da0e08373b371 d811e5d5de204ad2864da0e08373b371] 199.204.45.157 "GET /v2.0/subnets?id=299d69b4-81d8-4ea1-90d0-6955cfc8a261 HTTP/1.1" status: 200 len: 852 time: 0.0689542
2026-05-09 14:03:38.931 9 INFO neutron.wsgi [req-730e7e12-189d-415e-8aa7-504982592059 req-0b9adf62-0d54-4823-8b6f-02aff8bfa5bd 78ebec1a08614cc9a600725fd0557e32 a4a94f06e3e544849cf5604263794b13 - - default default] 10.0.0.231 "GET /v2.0/ports?device_id=11641c75-fac5-4734-b6a5-21fcd3228563 HTTP/1.1" status: 200 len: 1168 time: 0.0689785
2026-05-09 14:03:38.957 9 INFO neutron.wsgi [req-9bbf149d-b90d-4ab8-8a91-62bbd97569bd req-f04316a0-a8c7-418b-ac08-0a77f7656804 4b67dcd5aa72433a9c9c51e3f8259e4c 30a8bedc6d464f10999e32b385c716fd - - d811e5d5de204ad2864da0e08373b371 d811e5d5de204ad2864da0e08373b371] 199.204.45.157 "GET /v2.0/ports?network_id=b4ef658c-c97a-4091-b41a-73d680a762b4&device_owner=network%3Adhcp HTTP/1.1" status: 200 len: 210 time: 0.0421419
2026-05-09 14:03:39.028 9 INFO neutron.wsgi [req-730e7e12-189d-415e-8aa7-504982592059 req-61ff9515-f616-49a3-8d55-8068ca847fa9 78ebec1a08614cc9a600725fd0557e32 a4a94f06e3e544849cf5604263794b13 - - default default] 10.0.0.231 "GET /v2.0/security-groups?id=0875f495-828e-4740-83ce-647e9847d5d7&fields=id&fields=name HTTP/1.1" status: 200 len: 312 time: 0.0911369
2026-05-09 14:03:39.058 9 INFO neutron.wsgi [req-9bbf149d-b90d-4ab8-8a91-62bbd97569bd req-384d843d-edae-4ea7-9658-f5298d0181bd 4b67dcd5aa72433a9c9c51e3f8259e4c 30a8bedc6d464f10999e32b385c716fd - - d811e5d5de204ad2864da0e08373b371 d811e5d5de204ad2864da0e08373b371] 199.204.45.157 "GET /v2.0/networks/b4ef658c-c97a-4091-b41a-73d680a762b4?fields=segments HTTP/1.1" status: 200 len: 212 time: 0.0912569
2026-05-09 14:03:39.160 9 INFO neutron.wsgi [req-9bbf149d-b90d-4ab8-8a91-62bbd97569bd req-ed876bb6-bc4e-4276-aef4-df853ea3df71 4b67dcd5aa72433a9c9c51e3f8259e4c 30a8bedc6d464f10999e32b385c716fd - - d811e5d5de204ad2864da0e08373b371 d811e5d5de204ad2864da0e08373b371] 199.204.45.157 "GET /v2.0/networks/b4ef658c-c97a-4091-b41a-73d680a762b4?fields=provider%3Aphysical_network&fields=provider%3Anetwork_type HTTP/1.1" status: 200 len: 277 time: 0.0929241
2026-05-09 14:03:39.214 10 INFO neutron.db.ovn_revision_numbers_db [None req-9e023d8b-8b97-4098-9d50-8e0c3741fc7c b590dbd9c64c4389b093d0be7426b2a5 cc24006cfb974c3d9e246039d008146f - - default default] Successfully bumped revision number for resource 1a9c9a3e-ad0b-49ee-bb5b-185d81fd6c59 (type: security_groups) to 1
2026-05-09 14:03:39.228 10 INFO neutron.db.ovn_revision_numbers_db [None req-9e023d8b-8b97-4098-9d50-8e0c3741fc7c b590dbd9c64c4389b093d0be7426b2a5 cc24006cfb974c3d9e246039d008146f - - default default] Successfully bumped revision number for resource 25279ecf-d3fa-47a5-bc9b-c6078224a459 (type: security_group_rules) to 0
2026-05-09 14:03:39.242 10 INFO neutron.db.ovn_revision_numbers_db [None req-9e023d8b-8b97-4098-9d50-8e0c3741fc7c b590dbd9c64c4389b093d0be7426b2a5 cc24006cfb974c3d9e246039d008146f - - default default] Successfully bumped revision number for resource 42877f54-af9a-4ec1-9df4-c53df96ed952 (type: security_group_rules) to 0
2026-05-09 14:03:39.255 10 INFO neutron.db.ovn_revision_numbers_db [None req-9e023d8b-8b97-4098-9d50-8e0c3741fc7c b590dbd9c64c4389b093d0be7426b2a5 cc24006cfb974c3d9e246039d008146f - - default default] Successfully bumped revision number for resource b0137392-ac7f-4672-9911-3c73641a8398 (type: security_group_rules) to 0
2026-05-09 14:03:39.270 10 INFO neutron.db.ovn_revision_numbers_db [None req-9e023d8b-8b97-4098-9d50-8e0c3741fc7c b590dbd9c64c4389b093d0be7426b2a5 cc24006cfb974c3d9e246039d008146f - - default default] Successfully bumped revision number for resource f04d4094-3b98-490f-b762-b94ab2014c69 (type: security_group_rules) to 0
2026-05-09 14:03:39.281 9 INFO neutron.wsgi [None req-0311855c-9b2c-4aca-989d-9ee651146437 6d57de5d47e847669aa23a284f23fa0e 302ea2da68b043988fe7d1812faecc10 - - default default] 10.0.0.11 "PUT /v2.0/routers/05f46308-2873-4a2d-bc0a-1fed7de65133/remove_router_interface HTTP/1.1" status: 200 len: 503 time: 0.8075440
2026-05-09 14:03:39.287 9 INFO neutron.wsgi [req-e0af0cae-d0cf-4f1e-b857-44489d101646 req-490c936a-eb44-4bfd-9d2b-30a3866fd0a4 4b67dcd5aa72433a9c9c51e3f8259e4c 30a8bedc6d464f10999e32b385c716fd - - d811e5d5de204ad2864da0e08373b371 d811e5d5de204ad2864da0e08373b371] 199.204.45.157 "GET /v2.0/ports?tenant_id=a4a94f06e3e544849cf5604263794b13&device_id=11641c75-fac5-4734-b6a5-21fcd3228563 HTTP/1.1" status: 200 len: 1407 time: 0.0699320 /var/lib/openstack/lib/python3.10/site-packages/pycadf/identifier.py:71: UserWarning: Invalid uuid: neutron. To ensure interoperability, identifiers should be a valid uuid. warnings.warn(('Invalid uuid: %s. To ensure interoperability, '
2026-05-09 14:03:39.297 10 INFO neutron.wsgi [None req-9e023d8b-8b97-4098-9d50-8e0c3741fc7c b590dbd9c64c4389b093d0be7426b2a5 cc24006cfb974c3d9e246039d008146f - - default default] 10.0.0.11 "GET /v2.0/security-groups?tenant_id=085073ece83e4ef18f82994717160c6e&name=default HTTP/1.1" status: 200 len: 2996 time: 0.3562968
2026-05-09 14:03:39.307 9 INFO neutron.wsgi [None req-0e3a018b-7bc7-467d-9703-60d8bef5fcad 6d57de5d47e847669aa23a284f23fa0e 302ea2da68b043988fe7d1812faecc10 - - default default] 10.0.0.11 "GET /v2.0/ports?device_id=05f46308-2873-4a2d-bc0a-1fed7de65133 HTTP/1.1" status: 200 len: 205 time: 0.0199060
2026-05-09 14:03:39.389 9 INFO neutron.plugins.ml2.drivers.ovn.mech_driver.mech_driver [None req-f95c564e-2f7f-46ed-a315-89a1dd8e37e0 - - - - - -] OVN reports status up for port: 24482e01-c61e-4ccb-a31b-e37160375a62
2026-05-09 14:03:39.415 9 INFO neutron.plugins.ml2.plugin [None req-f95c564e-2f7f-46ed-a315-89a1dd8e37e0 - - - - - -] Attempt 1 to provision port 24482e01-c61e-4ccb-a31b-e37160375a62
2026-05-09 14:03:39.447 9 INFO neutron.wsgi [req-e0af0cae-d0cf-4f1e-b857-44489d101646 req-39952acd-8836-4484-ac3f-894c0f3a8cd8 4b67dcd5aa72433a9c9c51e3f8259e4c 30a8bedc6d464f10999e32b385c716fd - - d811e5d5de204ad2864da0e08373b371 d811e5d5de204ad2864da0e08373b371] 199.204.45.157 "GET /v2.0/networks?id=b4ef658c-c97a-4091-b41a-73d680a762b4 HTTP/1.1" status: 200 len: 959 time: 0.1534917
2026-05-09 14:03:39.488 9 INFO neutron.wsgi [req-e0af0cae-d0cf-4f1e-b857-44489d101646 req-5508cf77-e162-41c7-89a3-c5e4338d1cdf 4b67dcd5aa72433a9c9c51e3f8259e4c 30a8bedc6d464f10999e32b385c716fd - - d811e5d5de204ad2864da0e08373b371 d811e5d5de204ad2864da0e08373b371] 199.204.45.157 "GET /v2.0/floatingips?fixed_ip_address=10.100.0.5&port_id=24482e01-c61e-4ccb-a31b-e37160375a62 HTTP/1.1" status: 200 len: 217 time: 0.0350335
2026-05-09 14:03:39.514 10 INFO neutron.wsgi [None req-8f10c213-ca1c-44cc-a477-c70e5a4c69a0 b590dbd9c64c4389b093d0be7426b2a5 cc24006cfb974c3d9e246039d008146f - - default default] 10.0.0.11 "DELETE /v2.0/security-groups/1a9c9a3e-ad0b-49ee-bb5b-185d81fd6c59 HTTP/1.1" status: 204 len: 168 time: 0.2138133
2026-05-09 14:03:39.571 9 INFO neutron.wsgi [req-e0af0cae-d0cf-4f1e-b857-44489d101646 req-6a472383-2336-4f51-8096-59550858a3c1 4b67dcd5aa72433a9c9c51e3f8259e4c 30a8bedc6d464f10999e32b385c716fd - - d811e5d5de204ad2864da0e08373b371 d811e5d5de204ad2864da0e08373b371] 199.204.45.157 "GET /v2.0/subnets?id=299d69b4-81d8-4ea1-90d0-6955cfc8a261 HTTP/1.1" status: 200 len: 852 time: 0.0714691
2026-05-09 14:03:39.616 9 INFO neutron.wsgi [req-e0af0cae-d0cf-4f1e-b857-44489d101646 req-936552ff-e62b-47f5-92fc-7364aac75e56 4b67dcd5aa72433a9c9c51e3f8259e4c 30a8bedc6d464f10999e32b385c716fd - - d811e5d5de204ad2864da0e08373b371 d811e5d5de204ad2864da0e08373b371] 199.204.45.157 "GET /v2.0/ports?network_id=b4ef658c-c97a-4091-b41a-73d680a762b4&device_owner=network%3Adhcp HTTP/1.1" status: 200 len: 210 time: 0.0283663
2026-05-09 14:03:39.966 9 INFO neutron.wsgi [None req-65f087f5-e1ef-4aa9-8908-ba5a09c7b806 6d57de5d47e847669aa23a284f23fa0e 302ea2da68b043988fe7d1812faecc10 - - default default] 10.0.0.11 "DELETE /v2.0/routers/05f46308-2873-4a2d-bc0a-1fed7de65133 HTTP/1.1" status: 204 len: 168 time: 0.6403754
2026-05-09 14:03:39.969 9 INFO neutron.wsgi [req-e0af0cae-d0cf-4f1e-b857-44489d101646 req-03329093-7d87-4b09-9e35-81b6228d4914 4b67dcd5aa72433a9c9c51e3f8259e4c 30a8bedc6d464f10999e32b385c716fd - - d811e5d5de204ad2864da0e08373b371 d811e5d5de204ad2864da0e08373b371] 199.204.45.157 "GET /v2.0/networks/b4ef658c-c97a-4091-b41a-73d680a762b4?fields=segments HTTP/1.1" status: 200 len: 212 time: 0.3416381
2026-05-09 14:03:40.047 9 INFO neutron.wsgi [req-e0af0cae-d0cf-4f1e-b857-44489d101646 req-59ede915-6f62-4277-9a1f-6b00756c8ced 4b67dcd5aa72433a9c9c51e3f8259e4c 30a8bedc6d464f10999e32b385c716fd - - d811e5d5de204ad2864da0e08373b371 d811e5d5de204ad2864da0e08373b371] 199.204.45.157 "GET /v2.0/networks/b4ef658c-c97a-4091-b41a-73d680a762b4?fields=provider%3Aphysical_network&fields=provider%3Anetwork_type HTTP/1.1" status: 200 len: 277 time: 0.0701661
2026-05-09 14:03:40.141 9 INFO neutron.db.ovn_revision_numbers_db [None req-f95c564e-2f7f-46ed-a315-89a1dd8e37e0 - - - - - -] Successfully bumped revision number for resource 24482e01-c61e-4ccb-a31b-e37160375a62 (type: ports) to 4
2026-05-09 14:03:40.185 10 INFO neutron.wsgi [None req-4132479b-180d-4e32-9930-5c2e3d98a28c 6d57de5d47e847669aa23a284f23fa0e 302ea2da68b043988fe7d1812faecc10 - - default default] 10.0.0.11 "DELETE /v2.0/subnets/a7ad2d4e-16a3-40c7-96e7-539ce82b7d68 HTTP/1.1" status: 204 len: 168 time: 0.2138374 /var/lib/openstack/lib/python3.10/site-packages/pycadf/identifier.py:71: UserWarning: Invalid uuid: neutron. To ensure interoperability, identifiers should be a valid uuid. warnings.warn(('Invalid uuid: %s. To ensure interoperability, '
2026-05-09 14:03:40.217 10 INFO neutron.wsgi [req-6f91eb13-f1d4-437a-b563-93d49ff784bc req-755cbe41-17ba-4a7c-b831-c070cca25a05 78ebec1a08614cc9a600725fd0557e32 a4a94f06e3e544849cf5604263794b13 - - default default] 10.0.0.231 "GET /v2.0/ports?device_id=11641c75-fac5-4734-b6a5-21fcd3228563 HTTP/1.1" status: 200 len: 1170 time: 0.0996146
2026-05-09 14:03:40.263 10 INFO neutron.wsgi [req-6f91eb13-f1d4-437a-b563-93d49ff784bc req-b86d38aa-2dd9-4ed3-ad44-e2ac9075e696 78ebec1a08614cc9a600725fd0557e32 a4a94f06e3e544849cf5604263794b13 - - default default] 10.0.0.231 "GET /v2.0/security-groups?id=0875f495-828e-4740-83ce-647e9847d5d7&fields=id&fields=name HTTP/1.1" status: 200 len: 312 time: 0.0383322
2026-05-09 14:03:40.556 9 INFO neutron.services.segments.plugin [-] Segment e9ee19e8-3b26-4861-a9d5-b45c1bf3c185 resource provider aggregate not found
2026-05-09 14:03:40.570 9 INFO neutron.services.segments.plugin [-] Segment e9ee19e8-3b26-4861-a9d5-b45c1bf3c185 resource provider aggregate not found
2026-05-09 14:03:40.587 9 INFO neutron.services.segments.plugin [-] Segment e9ee19e8-3b26-4861-a9d5-b45c1bf3c185 resource provider not found; error: Placement Client Error (4xx): {"errors": [{"status": 404, "title": "Not Found", "detail": "The resource could not be found.\n\n No resource provider with uuid e9ee19e8-3b26-4861-a9d5-b45c1bf3c185 found for delete ", "request_id": "req-10435c46-d11d-4573-8997-9e0f95bfd2a3"}]}
2026-05-09 14:03:40.588 9 INFO neutron.services.segments.plugin [-] Segment e9ee19e8-3b26-4861-a9d5-b45c1bf3c185 resource provider not found; error: Placement Client Error (4xx): {"errors": [{"status": 404, "title": "Not Found", "detail": "The resource could not be found.\n\n No resource provider with uuid e9ee19e8-3b26-4861-a9d5-b45c1bf3c185 found for delete ", "request_id": "req-45c62403-a915-42b5-be2b-f53e93804c1f"}]}
2026-05-09 14:03:40.612 9 INFO neutron.wsgi [None req-01b595c0-1c62-4af3-8c6d-6a41a6c8221c 6d57de5d47e847669aa23a284f23fa0e 302ea2da68b043988fe7d1812faecc10 - - default default] 10.0.0.11 "DELETE /v2.0/networks/748466ef-097c-49a5-8df2-a616204788cb HTTP/1.1" status: 204 len: 168 time: 0.4220283
2026-05-09 14:03:40.624 9 WARNING neutron_lib.context [None req-25b7941c-1423-49a7-b95d-adef43015c97 6d57de5d47e847669aa23a284f23fa0e 302ea2da68b043988fe7d1812faecc10 - - default default] Method 'is_advsvc' is deprecated since 2023.2 release (neutron-lib 3.8.0) and will be removed once support for the old RBAC API policies will be removed from Neutron. Please use method 'is_service_role' instead.
2026-05-09 14:03:40.787 9 INFO neutron.notifiers.nova [-] Nova event matching ['req-0a907bf3-5e55-4c17-8d59-ace5c7b60407'] response: {'server_uuid': '11641c75-fac5-4734-b6a5-21fcd3228563', 'name': 'network-vif-plugged', 'status': 'completed', 'tag': '24482e01-c61e-4ccb-a31b-e37160375a62', 'code': 200}
2026-05-09 14:03:40.787 9 INFO neutron.notifiers.nova [-] Nova event matching ['req-0a907bf3-5e55-4c17-8d59-ace5c7b60407'] response: {'server_uuid': '11641c75-fac5-4734-b6a5-21fcd3228563', 'name': 'network-vif-plugged', 'status': 'completed', 'tag': '24482e01-c61e-4ccb-a31b-e37160375a62', 'code': 200}
2026-05-09 14:03:41.116 9 WARNING neutron.scheduler.dhcp_agent_scheduler [None req-25b7941c-1423-49a7-b95d-adef43015c97 6d57de5d47e847669aa23a284f23fa0e 302ea2da68b043988fe7d1812faecc10 - - default default] No more DHCP agents
2026-05-09 14:03:41.117 9 WARNING neutron.api.rpc.agentnotifiers.dhcp_rpc_agent_api [None req-25b7941c-1423-49a7-b95d-adef43015c97 6d57de5d47e847669aa23a284f23fa0e 302ea2da68b043988fe7d1812faecc10 - - default default] Unable to schedule network 9b938021-88fb-4384-8cbc-c04ee322a3e1: no agents available; will retry on subsequent port and subnet creation events.
2026-05-09 14:03:41.265 9 INFO neutron.db.ovn_revision_numbers_db [None req-25b7941c-1423-49a7-b95d-adef43015c97 6d57de5d47e847669aa23a284f23fa0e 302ea2da68b043988fe7d1812faecc10 - - default default] Successfully bumped revision number for resource 9c0b5b5f-30c7-445d-9641-67437941e0b2 (type: ports) to 1
2026-05-09 14:03:41.368 10 INFO neutron.wsgi [req-9d12b340-cf5a-42f0-8a8e-5caf38e2f78f req-ca68a9ea-1169-49ba-b1e6-a9fa44937538 78ebec1a08614cc9a600725fd0557e32 a4a94f06e3e544849cf5604263794b13 - - default default] 10.0.0.231 "GET /v2.0/ports?device_id=11641c75-fac5-4734-b6a5-21fcd3228563 HTTP/1.1" status: 200 len: 1170 time: 0.0375040
2026-05-09 14:03:41.433 10 INFO neutron.wsgi [req-9d12b340-cf5a-42f0-8a8e-5caf38e2f78f req-49118df1-4c2c-4e13-a599-588c8c8605ce 78ebec1a08614cc9a600725fd0557e32 a4a94f06e3e544849cf5604263794b13 - - default default] 10.0.0.231 "GET /v2.0/security-groups?id=0875f495-828e-4740-83ce-647e9847d5d7&fields=id&fields=name HTTP/1.1" status: 200 len: 312 time: 0.0560544
2026-05-09 14:03:41.645 9 INFO neutron.wsgi [req-574c385a-00a7-43f9-b2f7-11256ac40e75 req-a4b36233-4a56-41c9-a840-2a787f8d14fc 78ebec1a08614cc9a600725fd0557e32 a4a94f06e3e544849cf5604263794b13 - - default default] 10.0.0.231 "GET /v2.0/ports?device_id=11641c75-fac5-4734-b6a5-21fcd3228563 HTTP/1.1" status: 200 len: 1170 time: 0.1411698
2026-05-09 14:03:41.702 9 INFO neutron.wsgi [req-574c385a-00a7-43f9-b2f7-11256ac40e75 req-6ac4d516-feac-426f-81b5-b9d089398d10 78ebec1a08614cc9a600725fd0557e32 a4a94f06e3e544849cf5604263794b13 - - default default] 10.0.0.231 "GET /v2.0/security-groups?id=0875f495-828e-4740-83ce-647e9847d5d7&fields=id&fields=name HTTP/1.1" status: 200 len: 312 time: 0.0470870
2026-05-09 14:03:41.782 9 INFO neutron.wsgi [None req-9c499745-178a-408a-8c72-1006a990e8ae e951140929144ef39f16e91db947fe38 e4a67a7c9e2243b38379e4d6a1c66eb4 - - default default] 10.0.0.11 "GET /v2.0/ports?device_id=11641c75-fac5-4734-b6a5-21fcd3228563 HTTP/1.1" status: 200 len: 1404 time: 0.0550985
2026-05-09 14:03:42.045 9 INFO neutron.db.l3_db [None req-5a85d55a-4698-4b32-93ee-5b41ffecb99a 78ebec1a08614cc9a600725fd0557e32 a4a94f06e3e544849cf5604263794b13 - - default default] Floating IP 91dba372-3044-4bb8-be6c-56d594ddbf12 associated. External IP: 10.96.250.213, port: 24482e01-c61e-4ccb-a31b-e37160375a62.
2026-05-09 14:03:42.068 9 INFO neutron.db.ovn_revision_numbers_db [None req-25b7941c-1423-49a7-b95d-adef43015c97 6d57de5d47e847669aa23a284f23fa0e 302ea2da68b043988fe7d1812faecc10 - - default default] Successfully bumped revision number for resource 9c0b5b5f-30c7-445d-9641-67437941e0b2 (type: router_ports) to 1
2026-05-09 14:03:42.180 9 INFO neutron.db.ovn_revision_numbers_db [None req-25b7941c-1423-49a7-b95d-adef43015c97 6d57de5d47e847669aa23a284f23fa0e 302ea2da68b043988fe7d1812faecc10 - - default default] Successfully bumped revision number for resource 9f223bc0-c6bf-4740-908e-6efa723e0a4d (type: routers) to 2
2026-05-09 14:03:42.205 9 INFO neutron.wsgi [None req-25b7941c-1423-49a7-b95d-adef43015c97 6d57de5d47e847669aa23a284f23fa0e 302ea2da68b043988fe7d1812faecc10 - - default default] 10.0.0.11 "POST /v2.0/routers HTTP/1.1" status: 201 len: 871 time: 1.5852594
2026-05-09 14:03:42.288 9 INFO neutron.db.ovn_revision_numbers_db [None req-5a85d55a-4698-4b32-93ee-5b41ffecb99a 78ebec1a08614cc9a600725fd0557e32 a4a94f06e3e544849cf5604263794b13 - - default default] Successfully bumped revision number for resource 91dba372-3044-4bb8-be6c-56d594ddbf12 (type: floatingips) to 4
2026-05-09 14:03:42.307 10 INFO neutron.wsgi [None req-73c79538-68eb-4f3d-ad68-9d989aa6b4b7 6d57de5d47e847669aa23a284f23fa0e 302ea2da68b043988fe7d1812faecc10 - - default default] 10.0.0.11 "GET /v2.0/routers/9f223bc0-c6bf-4740-908e-6efa723e0a4d HTTP/1.1" status: 200 len: 872 time: 0.0980716
2026-05-09 14:03:42.422 9 INFO neutron.db.ovn_revision_numbers_db [None req-5a85d55a-4698-4b32-93ee-5b41ffecb99a 78ebec1a08614cc9a600725fd0557e32 a4a94f06e3e544849cf5604263794b13 - - default default] Successfully bumped revision number for resource 91dba372-3044-4bb8-be6c-56d594ddbf12 (type: floatingips) to 5
2026-05-09 14:03:42.433 10 INFO neutron.wsgi [None req-563dfb58-d483-4e0e-a0bf-55dbb2332908 6d57de5d47e847669aa23a284f23fa0e 302ea2da68b043988fe7d1812faecc10 - - default default] 10.0.0.11 "GET /v2.0/routers HTTP/1.1" status: 200 len: 875 time: 0.1209366
2026-05-09 14:03:42.757 9 INFO neutron.wsgi [None req-5a85d55a-4698-4b32-93ee-5b41ffecb99a 78ebec1a08614cc9a600725fd0557e32 a4a94f06e3e544849cf5604263794b13 - - default default] 10.0.0.11 "PUT /v2.0/floatingips/91dba372-3044-4bb8-be6c-56d594ddbf12 HTTP/1.1" status: 200 len: 1049 time: 0.9709139
2026-05-09 14:03:42.827 9 INFO neutron.notifiers.nova [-] Nova event matching ['req-6e69a138-dcdf-4740-bb02-88ed622c4563'] response: {'name': 'network-changed', 'server_uuid': '11641c75-fac5-4734-b6a5-21fcd3228563', 'tag': '24482e01-c61e-4ccb-a31b-e37160375a62', 'status': 'completed', 'code': 200}
2026-05-09 14:03:42.829 10 INFO neutron.wsgi [None req-d324d923-8572-4a20-8c80-f9d6270b3b0b 78ebec1a08614cc9a600725fd0557e32 a4a94f06e3e544849cf5604263794b13 - - default default] 10.0.0.11 "GET /v2.0/floatingips/91dba372-3044-4bb8-be6c-56d594ddbf12 HTTP/1.1" status: 200 len: 1051 time: 0.0656302
2026-05-09 14:03:42.898 9 INFO neutron.wsgi [req-0fe459c4-100a-46a0-b734-1a947c4c55ef req-e11de7d4-2958-4970-b114-af5567a35478 4b67dcd5aa72433a9c9c51e3f8259e4c 30a8bedc6d464f10999e32b385c716fd - - d811e5d5de204ad2864da0e08373b371 d811e5d5de204ad2864da0e08373b371] 199.204.45.157 "GET /v2.0/ports?tenant_id=a4a94f06e3e544849cf5604263794b13&device_id=11641c75-fac5-4734-b6a5-21fcd3228563 HTTP/1.1" status: 200 len: 1409 time: 0.0449116
2026-05-09 14:03:42.995 9 INFO neutron.wsgi [req-0fe459c4-100a-46a0-b734-1a947c4c55ef req-fbfd1ebc-464c-4617-a4a0-1257fe6639f9 4b67dcd5aa72433a9c9c51e3f8259e4c 30a8bedc6d464f10999e32b385c716fd - - d811e5d5de204ad2864da0e08373b371 d811e5d5de204ad2864da0e08373b371] 199.204.45.157 "GET /v2.0/networks?id=b4ef658c-c97a-4091-b41a-73d680a762b4 HTTP/1.1" status: 200 len: 959 time: 0.0912793
2026-05-09 14:03:43.068 9 INFO neutron.wsgi [req-0fe459c4-100a-46a0-b734-1a947c4c55ef req-47d68e22-33f9-45d2-9d03-ab66167d389d 4b67dcd5aa72433a9c9c51e3f8259e4c 30a8bedc6d464f10999e32b385c716fd - - d811e5d5de204ad2864da0e08373b371 d811e5d5de204ad2864da0e08373b371] 199.204.45.157 "GET /v2.0/floatingips?fixed_ip_address=10.100.0.5&port_id=24482e01-c61e-4ccb-a31b-e37160375a62 HTTP/1.1" status: 200 len: 1059 time: 0.0634265
2026-05-09 14:03:43.109 9 INFO neutron.wsgi [req-0fe459c4-100a-46a0-b734-1a947c4c55ef req-1d543515-776d-4509-b7f0-f6bd762ad29e 4b67dcd5aa72433a9c9c51e3f8259e4c 30a8bedc6d464f10999e32b385c716fd - - d811e5d5de204ad2864da0e08373b371 d811e5d5de204ad2864da0e08373b371] 199.204.45.157 "GET /v2.0/subnets?id=299d69b4-81d8-4ea1-90d0-6955cfc8a261 HTTP/1.1" status: 200 len: 852 time: 0.0359378
2026-05-09 14:03:43.153 9 INFO neutron.wsgi [req-0fe459c4-100a-46a0-b734-1a947c4c55ef req-8e6fb4b5-3cce-4a78-8d91-567a5a749658 4b67dcd5aa72433a9c9c51e3f8259e4c 30a8bedc6d464f10999e32b385c716fd - - d811e5d5de204ad2864da0e08373b371 d811e5d5de204ad2864da0e08373b371] 199.204.45.157 "GET /v2.0/ports?network_id=b4ef658c-c97a-4091-b41a-73d680a762b4&device_owner=network%3Adhcp HTTP/1.1" status: 200 len: 210 time: 0.0377243
2026-05-09 14:03:43.227 9 INFO neutron.wsgi [req-0fe459c4-100a-46a0-b734-1a947c4c55ef req-0dfe8382-8447-4608-8735-aea336b5d91e 4b67dcd5aa72433a9c9c51e3f8259e4c 30a8bedc6d464f10999e32b385c716fd - - d811e5d5de204ad2864da0e08373b371 d811e5d5de204ad2864da0e08373b371] 199.204.45.157 "GET /v2.0/networks/b4ef658c-c97a-4091-b41a-73d680a762b4?fields=segments HTTP/1.1" status: 200 len: 212 time: 0.0691223
2026-05-09 14:03:43.340 9 INFO neutron.wsgi [req-0fe459c4-100a-46a0-b734-1a947c4c55ef req-8a96c1ee-9eb1-42be-8813-72c9a54a3a78 4b67dcd5aa72433a9c9c51e3f8259e4c 30a8bedc6d464f10999e32b385c716fd - - d811e5d5de204ad2864da0e08373b371 d811e5d5de204ad2864da0e08373b371] 199.204.45.157 "GET /v2.0/networks/b4ef658c-c97a-4091-b41a-73d680a762b4?fields=provider%3Aphysical_network&fields=provider%3Anetwork_type HTTP/1.1" status: 200 len: 277 time: 0.1059198
2026-05-09 14:03:43.366 9 INFO neutron.db.ovn_revision_numbers_db [None req-eecd9fe3-99a5-4c94-97de-e88a51ff7dd4 6d57de5d47e847669aa23a284f23fa0e 302ea2da68b043988fe7d1812faecc10 - - default default] Successfully bumped revision number for resource 9f223bc0-c6bf-4740-908e-6efa723e0a4d (type: routers) to 3
2026-05-09 14:03:43.369 9 INFO neutron.wsgi [None req-eecd9fe3-99a5-4c94-97de-e88a51ff7dd4 6d57de5d47e847669aa23a284f23fa0e 302ea2da68b043988fe7d1812faecc10 - - default default] 10.0.0.11 "PUT /v2.0/routers/9f223bc0-c6bf-4740-908e-6efa723e0a4d HTTP/1.1" status: 200 len: 879 time: 0.9305310
2026-05-09 14:03:43.446 9 INFO neutron.wsgi [None req-03cd6439-9d4f-4119-9bc5-a66644acc90a 6d57de5d47e847669aa23a284f23fa0e 302ea2da68b043988fe7d1812faecc10 - - default default] 10.0.0.11 "GET /v2.0/routers/9f223bc0-c6bf-4740-908e-6efa723e0a4d HTTP/1.1" status: 200 len: 879 time: 0.0717351
2026-05-09 14:03:43.468 9 INFO neutron.wsgi [None req-d3ad9096-19b1-4e66-a003-6bea1b555a47 6d57de5d47e847669aa23a284f23fa0e 302ea2da68b043988fe7d1812faecc10 - - default default] 10.0.0.11 "GET /v2.0/ports?device_id=9f223bc0-c6bf-4740-908e-6efa723e0a4d HTTP/1.1" status: 200 len: 205 time: 0.0170648
2026-05-09 14:03:43.584 10 WARNING neutron.plugins.ml2.drivers.ovn.mech_driver.ovsdb.ovn_client [None req-10273ac3-c27f-4488-ae81-b8b2ed9c7008 - - - - - -] No port found with ID b70e815e-1a98-4992-8e69-fc7921091a53: RuntimeError: No port found with ID b70e815e-1a98-4992-8e69-fc7921091a53
2026-05-09 14:03:43.584 10 INFO neutron.plugins.ml2.drivers.ovn.mech_driver.mech_driver [None req-10273ac3-c27f-4488-ae81-b8b2ed9c7008 - - - - - -] OVN reports status up for port: 9c0b5b5f-30c7-445d-9641-67437941e0b2
2026-05-09 14:03:43.591 10 INFO neutron.plugins.ml2.plugin [None req-10273ac3-c27f-4488-ae81-b8b2ed9c7008 - - - - - -] Attempt 1 to provision port 9c0b5b5f-30c7-445d-9641-67437941e0b2
2026-05-09 14:03:43.980 9 WARNING neutron_lib.context [None req-a2977922-00e7-4068-aa10-3a12f1f0e35e 3334eeaab4fd408086506c4e9a546787 e712f3341865446697395e79fe9a445a - - default default] Method 'is_advsvc' is deprecated since 2023.2 release (neutron-lib 3.8.0) and will be removed once support for the old RBAC API policies will be removed from Neutron. Please use method 'is_service_role' instead.
2026-05-09 14:03:44.159 10 INFO neutron.db.ovn_revision_numbers_db [None req-9e120871-2f48-4f9c-aef2-636d8076070e b590dbd9c64c4389b093d0be7426b2a5 cc24006cfb974c3d9e246039d008146f - - default default] Successfully bumped revision number for resource 93d5c47a-f9a0-48d7-b27d-5d55a2c918ee (type: security_groups) to 1
2026-05-09 14:03:44.182 10 INFO neutron.db.ovn_revision_numbers_db [None req-9e120871-2f48-4f9c-aef2-636d8076070e b590dbd9c64c4389b093d0be7426b2a5 cc24006cfb974c3d9e246039d008146f - - default default] Successfully bumped revision number for resource 4451046b-e09b-4984-9b95-cb89e82ba670 (type: security_group_rules) to 0
2026-05-09 14:03:44.197 10 INFO neutron.db.ovn_revision_numbers_db [None req-9e120871-2f48-4f9c-aef2-636d8076070e b590dbd9c64c4389b093d0be7426b2a5 cc24006cfb974c3d9e246039d008146f - - default default] Successfully bumped revision number for resource 72c57bad-6edb-45dc-a551-dc694d05e43e (type: security_group_rules) to 0
