2026-05-09 14:01:49.090 10 INFO neutron.db.ovn_revision_numbers_db [None req-79ef2760-6743-4f8d-9459-3a8eb79288bf b590dbd9c64c4389b093d0be7426b2a5 cc24006cfb974c3d9e246039d008146f - - default default] Successfully bumped revision number for resource 0f735538-40ee-4d38-9edd-004e8359ad35 (type: router_ports) to 1
2026-05-09 14:01:49.195 10 INFO neutron.db.ovn_revision_numbers_db [None req-79ef2760-6743-4f8d-9459-3a8eb79288bf b590dbd9c64c4389b093d0be7426b2a5 cc24006cfb974c3d9e246039d008146f - - default default] Successfully bumped revision number for resource 87df809b-f162-4dd2-b3a0-d41078f86bc4 (type: routers) to 2
2026-05-09 14:01:49.209 10 INFO neutron.wsgi [None req-79ef2760-6743-4f8d-9459-3a8eb79288bf b590dbd9c64c4389b093d0be7426b2a5 cc24006cfb974c3d9e246039d008146f - - default default] 10.0.0.11 "POST /v2.0/routers HTTP/1.1" status: 201 len: 871 time: 1.3202999
2026-05-09 14:01:49.486 9 INFO neutron.db.ovn_revision_numbers_db [None req-9059f5a3-4f2b-45e0-bae5-cad6e6149171 b590dbd9c64c4389b093d0be7426b2a5 cc24006cfb974c3d9e246039d008146f - - default default] Successfully bumped revision number for resource 972e1cf1-19e0-4300-910e-bb18158fe321 (type: router_ports) to 1
2026-05-09 14:01:49.551 9 INFO neutron.db.ovn_revision_numbers_db [None req-9059f5a3-4f2b-45e0-bae5-cad6e6149171 b590dbd9c64c4389b093d0be7426b2a5 cc24006cfb974c3d9e246039d008146f - - default default] Successfully bumped revision number for resource 4fb2fb6d-b6e7-4a3d-8b2a-dd824575e6b3 (type: routers) to 2
2026-05-09 14:01:49.565 9 INFO neutron.wsgi [None req-9059f5a3-4f2b-45e0-bae5-cad6e6149171 b590dbd9c64c4389b093d0be7426b2a5 cc24006cfb974c3d9e246039d008146f - - default default] 10.0.0.11 "POST /v2.0/routers HTTP/1.1" status: 201 len: 877 time: 1.2497075
2026-05-09 14:01:49.885 10 INFO neutron.db.ovn_revision_numbers_db [None req-2cd8dde2-2672-48c2-bbbd-81b7d14572b8 - - - - - -] Successfully bumped revision number for resource 0f735538-40ee-4d38-9edd-004e8359ad35 (type: ports) to 1
2026-05-09 14:01:49.947 10 WARNING neutron.scheduler.dhcp_agent_scheduler [None req-72fe423d-d49e-42a9-9f21-a0161ac913bd b590dbd9c64c4389b093d0be7426b2a5 cc24006cfb974c3d9e246039d008146f - - default default] No more DHCP agents
2026-05-09 14:01:49.950 10 WARNING neutron.api.rpc.agentnotifiers.dhcp_rpc_agent_api [None req-72fe423d-d49e-42a9-9f21-a0161ac913bd b590dbd9c64c4389b093d0be7426b2a5 cc24006cfb974c3d9e246039d008146f - - default default] Unable to schedule network 2051025e-2bb5-43d4-94a3-25d133999d82: no agents available; will retry on subsequent port and subnet creation events.
2026-05-09 14:01:49.999 9 WARNING neutron.scheduler.dhcp_agent_scheduler [None req-3ce1efa2-0d59-48d3-b854-197e7e0d51e7 b590dbd9c64c4389b093d0be7426b2a5 cc24006cfb974c3d9e246039d008146f - - default default] No more DHCP agents
2026-05-09 14:01:50.001 9 WARNING neutron.api.rpc.agentnotifiers.dhcp_rpc_agent_api [None req-3ce1efa2-0d59-48d3-b854-197e7e0d51e7 b590dbd9c64c4389b093d0be7426b2a5 cc24006cfb974c3d9e246039d008146f - - default default] Unable to schedule network 2c01c0b4-4578-4184-bffe-a9c32403aa9c: no agents available; will retry on subsequent port and subnet creation events.
2026-05-09 14:01:50.160 9 INFO neutron.db.ovn_revision_numbers_db [None req-3ce1efa2-0d59-48d3-b854-197e7e0d51e7 b590dbd9c64c4389b093d0be7426b2a5 cc24006cfb974c3d9e246039d008146f - - default default] Successfully bumped revision number for resource b8b0367a-2d0b-45fd-a7df-84e3480423b0 (type: ports) to 1
2026-05-09 14:01:50.161 10 INFO neutron.db.ovn_revision_numbers_db [None req-72fe423d-d49e-42a9-9f21-a0161ac913bd b590dbd9c64c4389b093d0be7426b2a5 cc24006cfb974c3d9e246039d008146f - - default default] Successfully bumped revision number for resource b79282cb-20be-4ec2-acdd-cb04ac6e0918 (type: ports) to 1
2026-05-09 14:01:50.163 10 INFO neutron.db.ovn_revision_numbers_db [None req-2cd8dde2-2672-48c2-bbbd-81b7d14572b8 - - - - - -] Successfully bumped revision number for resource 0f735538-40ee-4d38-9edd-004e8359ad35 (type: router_ports) to 3
2026-05-09 14:01:50.370 10 INFO neutron.db.ovn_revision_numbers_db [None req-2cd8dde2-2672-48c2-bbbd-81b7d14572b8 - - - - - -] Successfully bumped revision number for resource 0f735538-40ee-4d38-9edd-004e8359ad35 (type: ports) to 2
2026-05-09 14:01:50.408 9 INFO neutron.wsgi [req-6a2b51e1-d74d-479e-88c0-18da847f87fc req-6149fe4c-26e4-4c1c-b3f1-fe7b320f759d cf4f946cc66c4e14a07c9e878459371f 0eea1b4ad2334e9eb141b09c848a3684 - - default default] 10.0.0.231 "GET /v2.0/ports?device_id=5482cc22-8f84-4c75-a190-53acb3779fe6 HTTP/1.1" status: 200 len: 1170 time: 0.0998278
2026-05-09 14:01:50.557 10 INFO neutron.plugins.ml2.drivers.ovn.mech_driver.mech_driver [None req-10273ac3-c27f-4488-ae81-b8b2ed9c7008 - - - - - -] OVN reports status up for port: b8b0367a-2d0b-45fd-a7df-84e3480423b0
2026-05-09 14:01:50.578 10 INFO neutron.plugins.ml2.plugin [None req-10273ac3-c27f-4488-ae81-b8b2ed9c7008 - - - - - -] Attempt 1 to provision port b8b0367a-2d0b-45fd-a7df-84e3480423b0
2026-05-09 14:01:50.581 9 INFO neutron.db.ovn_revision_numbers_db [None req-3ce1efa2-0d59-48d3-b854-197e7e0d51e7 b590dbd9c64c4389b093d0be7426b2a5 cc24006cfb974c3d9e246039d008146f - - default default] Successfully bumped revision number for resource b8b0367a-2d0b-45fd-a7df-84e3480423b0 (type: router_ports) to 1
2026-05-09 14:01:50.608 10 INFO neutron.wsgi [req-5859e788-d206-4850-8b0a-4d966e4e484c req-98156760-adc4-45b3-ab48-3f13f4780b1b cf4f946cc66c4e14a07c9e878459371f 0eea1b4ad2334e9eb141b09c848a3684 - - default default] 10.0.0.231 "GET /v2.0/ports/9d10303c-952c-46e8-ad80-4331d67f6751 HTTP/1.1" status: 200 len: 1167 time: 0.1535237
2026-05-09 14:01:50.734 9 INFO neutron.db.ovn_revision_numbers_db [None req-3ce1efa2-0d59-48d3-b854-197e7e0d51e7 b590dbd9c64c4389b093d0be7426b2a5 cc24006cfb974c3d9e246039d008146f - - default default] Successfully bumped revision number for resource b8b0367a-2d0b-45fd-a7df-84e3480423b0 (type: ports) to 1
2026-05-09 14:01:50.746 10 INFO neutron.db.ovn_revision_numbers_db [None req-72fe423d-d49e-42a9-9f21-a0161ac913bd b590dbd9c64c4389b093d0be7426b2a5 cc24006cfb974c3d9e246039d008146f - - default default] Successfully bumped revision number for resource b79282cb-20be-4ec2-acdd-cb04ac6e0918 (type: router_ports) to 1
2026-05-09 14:01:50.805 9 WARNING neutron.scheduler.dhcp_agent_scheduler [None req-3ce1efa2-0d59-48d3-b854-197e7e0d51e7 b590dbd9c64c4389b093d0be7426b2a5 cc24006cfb974c3d9e246039d008146f - - default default] No more DHCP agents
2026-05-09 14:01:50.807 9 WARNING neutron.api.rpc.agentnotifiers.dhcp_rpc_agent_api [None req-3ce1efa2-0d59-48d3-b854-197e7e0d51e7 b590dbd9c64c4389b093d0be7426b2a5 cc24006cfb974c3d9e246039d008146f - - default default] Unable to schedule network 2c01c0b4-4578-4184-bffe-a9c32403aa9c: no agents available; will retry on subsequent port and subnet creation events.
2026-05-09 14:01:50.848 10 INFO neutron.wsgi [req-4b7baf96-af81-4de0-92ba-114a832896f2 req-3466b19d-8b80-4995-bb85-599e4b57e223 cf4f946cc66c4e14a07c9e878459371f 0eea1b4ad2334e9eb141b09c848a3684 - - default default] 199.204.45.157 "GET /v2.0/subnets?network_id=56cf85b4-fad8-4d88-a58e-b56aee00d4f8 HTTP/1.1" status: 200 len: 858 time: 0.0922415
2026-05-09 14:01:50.892 10 INFO neutron.db.ovn_revision_numbers_db [None req-2cd8dde2-2672-48c2-bbbd-81b7d14572b8 - - - - - -] Successfully bumped revision number for resource 0f735538-40ee-4d38-9edd-004e8359ad35 (type: ports) to 4
2026-05-09 14:01:50.926 10 INFO neutron.wsgi [req-4b7baf96-af81-4de0-92ba-114a832896f2 req-2ce56458-d60f-4e61-b039-67e94853c612 cf4f946cc66c4e14a07c9e878459371f 0eea1b4ad2334e9eb141b09c848a3684 - - default default] 199.204.45.157 "GET /v2.0/ports?device_id=5482cc22-8f84-4c75-a190-53acb3779fe6&device_owner=compute%3Anova&network_id=56cf85b4-fad8-4d88-a58e-b56aee00d4f8 HTTP/1.1" status: 200 len: 1170 time: 0.0715272
2026-05-09 14:01:51.204 10 INFO neutron.db.ovn_revision_numbers_db [None req-72fe423d-d49e-42a9-9f21-a0161ac913bd b590dbd9c64c4389b093d0be7426b2a5 cc24006cfb974c3d9e246039d008146f - - default default] Successfully bumped revision number for resource b79282cb-20be-4ec2-acdd-cb04ac6e0918 (type: ports) to 1
2026-05-09 14:01:51.427 9 INFO neutron.plugins.ml2.drivers.ovn.mech_driver.mech_driver [None req-f95c564e-2f7f-46ed-a315-89a1dd8e37e0 - - - - - -] OVN reports status up for port: 972e1cf1-19e0-4300-910e-bb18158fe321
2026-05-09 14:01:51.436 9 INFO neutron.plugins.ml2.plugin [None req-f95c564e-2f7f-46ed-a315-89a1dd8e37e0 - - - - - -] Attempt 1 to provision port 972e1cf1-19e0-4300-910e-bb18158fe321
2026-05-09 14:01:51.473 10 INFO neutron.wsgi [req-b1ee50cf-a75b-4361-8c76-9067a18391d5 req-e02d0d4d-920b-465b-8ac8-52c8bc4bab06 0915e050d20b48cbaa26be4bdf08e690 ce4229a14e4c4618b492f28aac27c885 - - default default] 10.0.0.231 "GET /v2.0/ports?device_id=ca29a1f8-195a-46d4-be91-d965bba50369 HTTP/1.1" status: 200 len: 1170 time: 0.3924451
2026-05-09 14:01:51.476 10 INFO neutron.db.ovn_revision_numbers_db [None req-10273ac3-c27f-4488-ae81-b8b2ed9c7008 - - - - - -] Successfully bumped revision number for resource b8b0367a-2d0b-45fd-a7df-84e3480423b0 (type: ports) to 2
2026-05-09 14:01:51.649 10 INFO neutron.wsgi [req-b1ee50cf-a75b-4361-8c76-9067a18391d5 req-95fcc1e2-4766-4fe6-bce6-5a2e384b16a0 0915e050d20b48cbaa26be4bdf08e690 ce4229a14e4c4618b492f28aac27c885 - - default default] 10.0.0.231 "GET /v2.0/security-groups?id=c38b572a-961d-446f-95f3-efbe7ed4597c&fields=id&fields=name HTTP/1.1" status: 200 len: 313 time: 0.1488678
2026-05-09 14:01:51.650 10 WARNING neutron.scheduler.dhcp_agent_scheduler [None req-72fe423d-d49e-42a9-9f21-a0161ac913bd b590dbd9c64c4389b093d0be7426b2a5 cc24006cfb974c3d9e246039d008146f - - default default] No more DHCP agents
2026-05-09 14:01:51.665 10 WARNING neutron.api.rpc.agentnotifiers.dhcp_rpc_agent_api [None req-72fe423d-d49e-42a9-9f21-a0161ac913bd b590dbd9c64c4389b093d0be7426b2a5 cc24006cfb974c3d9e246039d008146f - - default default] Unable to schedule network 2051025e-2bb5-43d4-94a3-25d133999d82: no agents available; will retry on subsequent port and subnet creation events.
2026-05-09 14:01:51.674 10 INFO neutron.db.ovn_revision_numbers_db [None req-2cd8dde2-2672-48c2-bbbd-81b7d14572b8 - - - - - -] Successfully bumped revision number for resource 0f735538-40ee-4d38-9edd-004e8359ad35 (type: router_ports) to 4
2026-05-09 14:01:51.699 10 INFO neutron.db.ovn_revision_numbers_db [None req-10273ac3-c27f-4488-ae81-b8b2ed9c7008 - - - - - -] Successfully bumped revision number for resource b8b0367a-2d0b-45fd-a7df-84e3480423b0 (type: router_ports) to 2
2026-05-09 14:01:51.803 9 INFO neutron.wsgi [req-ff8a4300-0448-4ec9-bafb-91c75b7e2ff9 req-bf21f495-aae7-4f57-82f7-fae9f8810a77 0915e050d20b48cbaa26be4bdf08e690 ce4229a14e4c4618b492f28aac27c885 - - default default] 10.0.0.231 "GET /v2.0/ports?device_id=ca29a1f8-195a-46d4-be91-d965bba50369 HTTP/1.1" status: 200 len: 1170 time: 0.0973771
2026-05-09 14:01:51.804 10 INFO neutron.plugins.ml2.drivers.ovn.mech_driver.ovsdb.ovsdb_monitor [None req-2cd8dde2-2672-48c2-bbbd-81b7d14572b8 - - - - - -] Router 4fb2fb6d-b6e7-4a3d-8b2a-dd824575e6b3 is bound to host instance
2026-05-09 14:01:51.844 9 INFO neutron.db.ovn_revision_numbers_db [None req-3ce1efa2-0d59-48d3-b854-197e7e0d51e7 b590dbd9c64c4389b093d0be7426b2a5 cc24006cfb974c3d9e246039d008146f - - default default] Successfully bumped revision number for resource b8b0367a-2d0b-45fd-a7df-84e3480423b0 (type: router_ports) to 2
2026-05-09 14:01:51.846 9 INFO neutron.wsgi [None req-3ce1efa2-0d59-48d3-b854-197e7e0d51e7 b590dbd9c64c4389b093d0be7426b2a5 cc24006cfb974c3d9e246039d008146f - - default default] 10.0.0.11 "PUT /v2.0/routers/4fb2fb6d-b6e7-4a3d-8b2a-dd824575e6b3/add_router_interface HTTP/1.1" status: 200 len: 503 time: 2.2754834
2026-05-09 14:01:51.859 9 INFO neutron.wsgi [req-ff8a4300-0448-4ec9-bafb-91c75b7e2ff9 req-c1ec42b8-17e4-4b91-80fc-fe2b2638851e 0915e050d20b48cbaa26be4bdf08e690 ce4229a14e4c4618b492f28aac27c885 - - default default] 10.0.0.231 "GET /v2.0/security-groups?id=c38b572a-961d-446f-95f3-efbe7ed4597c&fields=id&fields=name HTTP/1.1" status: 200 len: 313 time: 0.0398932
2026-05-09 14:01:52.178 10 INFO neutron.db.ovn_revision_numbers_db [req-4b7baf96-af81-4de0-92ba-114a832896f2 req-8f1bfbe5-7701-4296-9bdc-ec85eb7f0cff cf4f946cc66c4e14a07c9e878459371f 0eea1b4ad2334e9eb141b09c848a3684 - - default default] Successfully bumped revision number for resource 9d10303c-952c-46e8-ad80-4331d67f6751 (type: ports) to 5
2026-05-09 14:01:52.199 10 INFO neutron.wsgi [req-4b7baf96-af81-4de0-92ba-114a832896f2 req-8f1bfbe5-7701-4296-9bdc-ec85eb7f0cff cf4f946cc66c4e14a07c9e878459371f 0eea1b4ad2334e9eb141b09c848a3684 - - default default] 199.204.45.157 "PUT /v2.0/ports/9d10303c-952c-46e8-ad80-4331d67f6751 HTTP/1.1" status: 200 len: 1349 time: 1.2676449 /var/lib/openstack/lib/python3.10/site-packages/pycadf/identifier.py:71: UserWarning: Invalid uuid: neutron. To ensure interoperability, identifiers should be a valid uuid. warnings.warn(('Invalid uuid: %s. To ensure interoperability, '
2026-05-09 14:01:52.237 10 INFO neutron.notifiers.nova [-] Nova event matching ['req-10f177bd-2f76-4d1c-b792-0d40a1c0706c'] response: {'name': 'network-changed', 'server_uuid': '5482cc22-8f84-4c75-a190-53acb3779fe6', 'tag': '9d10303c-952c-46e8-ad80-4331d67f6751', 'status': 'completed', 'code': 200}
2026-05-09 14:01:52.281 10 INFO neutron.wsgi [req-4b7baf96-af81-4de0-92ba-114a832896f2 req-5560c64f-9729-4b0f-ab51-bf663302dfcc 4b67dcd5aa72433a9c9c51e3f8259e4c 30a8bedc6d464f10999e32b385c716fd - - d811e5d5de204ad2864da0e08373b371 d811e5d5de204ad2864da0e08373b371] 199.204.45.157 "GET /v2.0/ports?tenant_id=0eea1b4ad2334e9eb141b09c848a3684&device_id=5482cc22-8f84-4c75-a190-53acb3779fe6 HTTP/1.1" status: 200 len: 1590 time: 0.0625379
2026-05-09 14:01:52.319 9 INFO neutron.wsgi [req-112d7f53-4fd8-459e-bd32-edcabb85766e req-1b7094a7-6164-49a6-b583-dde4d6b15a71 0915e050d20b48cbaa26be4bdf08e690 ce4229a14e4c4618b492f28aac27c885 - - default default] 10.0.0.231 "GET /v2.0/ports?device_id=ca29a1f8-195a-46d4-be91-d965bba50369 HTTP/1.1" status: 200 len: 1170 time: 0.0554867
2026-05-09 14:01:52.336 9 INFO neutron.wsgi [req-cdf2bb13-7a9a-4fdd-bc8a-6a859b9214fe req-ef9fcac2-bd2f-46f4-a487-6e1b866e868f 4b67dcd5aa72433a9c9c51e3f8259e4c 30a8bedc6d464f10999e32b385c716fd - - d811e5d5de204ad2864da0e08373b371 d811e5d5de204ad2864da0e08373b371] 199.204.45.157 "GET /v2.0/ports?tenant_id=ce4229a14e4c4618b492f28aac27c885&device_id=ca29a1f8-195a-46d4-be91-d965bba50369 HTTP/1.1" status: 200 len: 1409 time: 0.0427184
2026-05-09 14:01:52.384 9 INFO neutron.wsgi [req-112d7f53-4fd8-459e-bd32-edcabb85766e req-fe8e3dd2-4eb8-4a89-8f3f-f5531fed0b22 0915e050d20b48cbaa26be4bdf08e690 ce4229a14e4c4618b492f28aac27c885 - - default default] 10.0.0.231 "GET /v2.0/security-groups?id=c38b572a-961d-446f-95f3-efbe7ed4597c&fields=id&fields=name HTTP/1.1" status: 200 len: 313 time: 0.0572824
2026-05-09 14:01:52.403 10 INFO neutron.wsgi [req-4b7baf96-af81-4de0-92ba-114a832896f2 req-ccaf0a22-3404-47e9-9aa3-842bcb9f2e54 4b67dcd5aa72433a9c9c51e3f8259e4c 30a8bedc6d464f10999e32b385c716fd - - d811e5d5de204ad2864da0e08373b371 d811e5d5de204ad2864da0e08373b371] 199.204.45.157 "GET /v2.0/networks?id=56cf85b4-fad8-4d88-a58e-b56aee00d4f8 HTTP/1.1" status: 200 len: 981 time: 0.1148555
2026-05-09 14:01:52.412 9 INFO neutron.wsgi [req-cdf2bb13-7a9a-4fdd-bc8a-6a859b9214fe req-5fde12b7-b8f6-40ad-a828-344ff4a6871c 4b67dcd5aa72433a9c9c51e3f8259e4c 30a8bedc6d464f10999e32b385c716fd - - d811e5d5de204ad2864da0e08373b371 d811e5d5de204ad2864da0e08373b371] 199.204.45.157 "GET /v2.0/networks?id=80b9759f-eb7b-4cf7-b60e-4c3f751e0d57 HTTP/1.1" status: 200 len: 974 time: 0.0695071
2026-05-09 14:01:52.461 9 INFO neutron.wsgi [req-cdf2bb13-7a9a-4fdd-bc8a-6a859b9214fe req-67c3d834-c8e5-4d5a-8312-ec5d03d27417 4b67dcd5aa72433a9c9c51e3f8259e4c 30a8bedc6d464f10999e32b385c716fd - - d811e5d5de204ad2864da0e08373b371 d811e5d5de204ad2864da0e08373b371] 199.204.45.157 "GET /v2.0/floatingips?fixed_ip_address=10.100.0.3&port_id=1929494f-834e-47c1-95fc-ca3bcf026fca HTTP/1.1" status: 200 len: 1059 time: 0.0446668
2026-05-09 14:01:52.509 9 INFO neutron.wsgi [req-cdf2bb13-7a9a-4fdd-bc8a-6a859b9214fe req-60be70bc-b2d2-467a-a2c2-5abd4a894923 4b67dcd5aa72433a9c9c51e3f8259e4c 30a8bedc6d464f10999e32b385c716fd - - d811e5d5de204ad2864da0e08373b371 d811e5d5de204ad2864da0e08373b371] 199.204.45.157 "GET /v2.0/subnets?id=ccf29993-5a15-44e5-beee-af8faf515b0a HTTP/1.1" status: 200 len: 869 time: 0.0411885
2026-05-09 14:01:52.526 9 WARNING neutron_lib.context [None req-f74a5c39-3cba-492b-912e-d09bfb6e887b ee776e21dd2941928fa590390e243bcf 0314ae5f3d3b4b07b73ef43f863f471e - - default default] Method 'is_advsvc' is deprecated since 2023.2 release (neutron-lib 3.8.0) and will be removed once support for the old RBAC API policies will be removed from Neutron. Please use method 'is_service_role' instead.
2026-05-09 14:01:52.542 9 INFO neutron.wsgi [req-cdf2bb13-7a9a-4fdd-bc8a-6a859b9214fe req-496c030e-06ae-4dc1-acd4-50fd49f3f8e7 4b67dcd5aa72433a9c9c51e3f8259e4c 30a8bedc6d464f10999e32b385c716fd - - d811e5d5de204ad2864da0e08373b371 d811e5d5de204ad2864da0e08373b371] 199.204.45.157 "GET /v2.0/ports?network_id=80b9759f-eb7b-4cf7-b60e-4c3f751e0d57&device_owner=network%3Adhcp HTTP/1.1" status: 200 len: 210 time: 0.0262752
2026-05-09 14:01:52.628 9 INFO neutron.wsgi [req-cdf2bb13-7a9a-4fdd-bc8a-6a859b9214fe req-74e97d08-cfb7-4ead-8306-95a0809914a3 4b67dcd5aa72433a9c9c51e3f8259e4c 30a8bedc6d464f10999e32b385c716fd - - d811e5d5de204ad2864da0e08373b371 d811e5d5de204ad2864da0e08373b371] 199.204.45.157 "GET /v2.0/networks/80b9759f-eb7b-4cf7-b60e-4c3f751e0d57?fields=segments HTTP/1.1" status: 200 len: 212 time: 0.0784883
2026-05-09 14:01:52.654 10 INFO neutron.wsgi [req-4b7baf96-af81-4de0-92ba-114a832896f2 req-af3908b9-ccd3-4591-8803-63597df0e59d 4b67dcd5aa72433a9c9c51e3f8259e4c 30a8bedc6d464f10999e32b385c716fd - - d811e5d5de204ad2864da0e08373b371 d811e5d5de204ad2864da0e08373b371] 199.204.45.157 "GET /v2.0/floatingips?fixed_ip_address=10.100.0.10&port_id=9d10303c-952c-46e8-ad80-4331d67f6751 HTTP/1.1" status: 200 len: 217 time: 0.2406595
2026-05-09 14:01:52.723 9 INFO neutron.wsgi [req-cdf2bb13-7a9a-4fdd-bc8a-6a859b9214fe req-91fe7c79-408e-42b9-a217-2d877b7c2102 4b67dcd5aa72433a9c9c51e3f8259e4c 30a8bedc6d464f10999e32b385c716fd - - d811e5d5de204ad2864da0e08373b371 d811e5d5de204ad2864da0e08373b371] 199.204.45.157 "GET /v2.0/networks/80b9759f-eb7b-4cf7-b60e-4c3f751e0d57?fields=provider%3Aphysical_network&fields=provider%3Anetwork_type HTTP/1.1" status: 200 len: 277 time: 0.0889709
2026-05-09 14:01:52.725 10 INFO neutron.wsgi [req-4b7baf96-af81-4de0-92ba-114a832896f2 req-38eca27f-1421-49db-8a86-ae1cb0f512d6 4b67dcd5aa72433a9c9c51e3f8259e4c 30a8bedc6d464f10999e32b385c716fd - - d811e5d5de204ad2864da0e08373b371 d811e5d5de204ad2864da0e08373b371] 199.204.45.157 "GET /v2.0/floatingips?fixed_ip_address=10.100.0.9&port_id=9d10303c-952c-46e8-ad80-4331d67f6751 HTTP/1.1" status: 200 len: 1059 time: 0.0641203
2026-05-09 14:01:52.736 9 INFO neutron.db.ovn_revision_numbers_db [None req-f74a5c39-3cba-492b-912e-d09bfb6e887b ee776e21dd2941928fa590390e243bcf 0314ae5f3d3b4b07b73ef43f863f471e - - default default] Successfully bumped revision number for resource 665303d0-aaa2-4841-8da7-08d8dc79a6ba (type: security_groups) to 1
2026-05-09 14:01:52.756 9 INFO neutron.db.ovn_revision_numbers_db [None req-f74a5c39-3cba-492b-912e-d09bfb6e887b ee776e21dd2941928fa590390e243bcf 0314ae5f3d3b4b07b73ef43f863f471e - - default default] Successfully bumped revision number for resource af62fabe-c543-4fdb-b85d-5ca6f0f89399 (type: security_group_rules) to 0
2026-05-09 14:01:52.779 9 INFO neutron.db.ovn_revision_numbers_db [None req-f74a5c39-3cba-492b-912e-d09bfb6e887b ee776e21dd2941928fa590390e243bcf 0314ae5f3d3b4b07b73ef43f863f471e - - default default] Successfully bumped revision number for resource cb240a1b-85c1-4c91-a70e-baff9a1202c1 (type: security_group_rules) to 0
2026-05-09 14:01:52.804 10 INFO neutron.wsgi [req-4b7baf96-af81-4de0-92ba-114a832896f2 req-1260e67b-97b9-4294-bb2e-53b160f8a522 4b67dcd5aa72433a9c9c51e3f8259e4c 30a8bedc6d464f10999e32b385c716fd - - d811e5d5de204ad2864da0e08373b371 d811e5d5de204ad2864da0e08373b371] 199.204.45.157 "GET /v2.0/subnets?id=326ed53d-118b-498e-9390-775e163e2c40 HTTP/1.1" status: 200 len: 876 time: 0.0705397
2026-05-09 14:01:52.809 9 INFO neutron.wsgi [None req-f74a5c39-3cba-492b-912e-d09bfb6e887b ee776e21dd2941928fa590390e243bcf 0314ae5f3d3b4b07b73ef43f863f471e - - default default] 10.0.0.11 "POST /v2.0/security-groups HTTP/1.1" status: 201 len: 1795 time: 0.2874753
2026-05-09 14:01:52.817 9 WARNING neutron_lib.context [None req-48f30a8f-a560-49f0-a86b-389b28cdb243 ee776e21dd2941928fa590390e243bcf 0314ae5f3d3b4b07b73ef43f863f471e - - default default] Method 'is_advsvc' is deprecated since 2023.2 release (neutron-lib 3.8.0) and will be removed once support for the old RBAC API policies will be removed from Neutron. Please use method 'is_service_role' instead.
2026-05-09 14:01:52.923 10 INFO neutron.wsgi [req-4b7baf96-af81-4de0-92ba-114a832896f2 req-3ac4a79b-b83e-45f7-b834-5ccbb0dc326d 4b67dcd5aa72433a9c9c51e3f8259e4c 30a8bedc6d464f10999e32b385c716fd - - d811e5d5de204ad2864da0e08373b371 d811e5d5de204ad2864da0e08373b371] 199.204.45.157 "GET /v2.0/ports?network_id=56cf85b4-fad8-4d88-a58e-b56aee00d4f8&device_owner=network%3Adhcp HTTP/1.1" status: 200 len: 210 time: 0.0209422
2026-05-09 14:01:52.950 9 INFO neutron.db.ovn_revision_numbers_db [None req-48f30a8f-a560-49f0-a86b-389b28cdb243 ee776e21dd2941928fa590390e243bcf 0314ae5f3d3b4b07b73ef43f863f471e - - default default] Successfully bumped revision number for resource 539c8bfa-71e3-46b5-8dfd-e5812bd1938d (type: security_group_rules) to 0
2026-05-09 14:01:52.974 9 INFO neutron.wsgi [None req-48f30a8f-a560-49f0-a86b-389b28cdb243 ee776e21dd2941928fa590390e243bcf 0314ae5f3d3b4b07b73ef43f863f471e - - default default] 10.0.0.11 "POST /v2.0/security-group-rules HTTP/1.1" status: 201 len: 764 time: 0.1611776
2026-05-09 14:01:52.987 9 WARNING neutron_lib.context [None req-80cf155d-5d48-4cfc-b61e-5a89393a86f1 ee776e21dd2941928fa590390e243bcf 0314ae5f3d3b4b07b73ef43f863f471e - - default default] Method 'is_advsvc' is deprecated since 2023.2 release (neutron-lib 3.8.0) and will be removed once support for the old RBAC API policies will be removed from Neutron. Please use method 'is_service_role' instead.
2026-05-09 14:01:52.991 10 INFO neutron.db.ovn_revision_numbers_db [None req-2cd8dde2-2672-48c2-bbbd-81b7d14572b8 - - - - - -] Successfully bumped revision number for resource 972e1cf1-19e0-4300-910e-bb18158fe321 (type: ports) to 1
2026-05-09 14:01:53.043 10 INFO neutron.wsgi [req-4b7baf96-af81-4de0-92ba-114a832896f2 req-c935e2ec-c14a-412b-a281-ad21a9c1e5f9 4b67dcd5aa72433a9c9c51e3f8259e4c 30a8bedc6d464f10999e32b385c716fd - - d811e5d5de204ad2864da0e08373b371 d811e5d5de204ad2864da0e08373b371] 199.204.45.157 "GET /v2.0/networks/56cf85b4-fad8-4d88-a58e-b56aee00d4f8?fields=segments HTTP/1.1" status: 200 len: 212 time: 0.0996597
2026-05-09 14:01:53.100 9 INFO neutron.db.ovn_revision_numbers_db [None req-80cf155d-5d48-4cfc-b61e-5a89393a86f1 ee776e21dd2941928fa590390e243bcf 0314ae5f3d3b4b07b73ef43f863f471e - - default default] Successfully bumped revision number for resource e6e0979a-94fb-4a3c-842c-4e9f1ad86e2c (type: security_group_rules) to 0
2026-05-09 14:01:53.124 9 INFO neutron.wsgi [None req-80cf155d-5d48-4cfc-b61e-5a89393a86f1 ee776e21dd2941928fa590390e243bcf 0314ae5f3d3b4b07b73ef43f863f471e - - default default] 10.0.0.11 "POST /v2.0/security-group-rules HTTP/1.1" status: 201 len: 769 time: 0.1433372
2026-05-09 14:01:53.133 9 WARNING neutron_lib.context [None req-5572def6-8ad1-4215-83b5-380b311ecf08 ee776e21dd2941928fa590390e243bcf 0314ae5f3d3b4b07b73ef43f863f471e - - default default] Method 'is_advsvc' is deprecated since 2023.2 release (neutron-lib 3.8.0) and will be removed once support for the old RBAC API policies will be removed from Neutron. Please use method 'is_service_role' instead.
2026-05-09 14:01:53.138 10 INFO neutron.wsgi [req-4b7baf96-af81-4de0-92ba-114a832896f2 req-2dbbcb6e-ab24-46c3-a0ff-b587dc4a8bad 4b67dcd5aa72433a9c9c51e3f8259e4c 30a8bedc6d464f10999e32b385c716fd - - d811e5d5de204ad2864da0e08373b371 d811e5d5de204ad2864da0e08373b371] 199.204.45.157 "GET /v2.0/networks/56cf85b4-fad8-4d88-a58e-b56aee00d4f8?fields=provider%3Aphysical_network&fields=provider%3Anetwork_type HTTP/1.1" status: 200 len: 277 time: 0.0885878
2026-05-09 14:01:53.245 10 INFO neutron.db.ovn_revision_numbers_db [None req-72fe423d-d49e-42a9-9f21-a0161ac913bd b590dbd9c64c4389b093d0be7426b2a5 cc24006cfb974c3d9e246039d008146f - - default default] Successfully bumped revision number for resource b79282cb-20be-4ec2-acdd-cb04ac6e0918 (type: router_ports) to 1
2026-05-09 14:01:53.247 10 INFO neutron.wsgi [None req-72fe423d-d49e-42a9-9f21-a0161ac913bd b590dbd9c64c4389b093d0be7426b2a5 cc24006cfb974c3d9e246039d008146f - - default default] 10.0.0.11 "PUT /v2.0/routers/87df809b-f162-4dd2-b3a0-d41078f86bc4/add_router_interface HTTP/1.1" status: 200 len: 503 time: 4.0329115
2026-05-09 14:01:53.261 10 INFO neutron.wsgi [req-12afad91-2975-45ba-a301-2ff4e96dea5c req-d395c513-9945-4c5d-b202-da0ad235a718 4b67dcd5aa72433a9c9c51e3f8259e4c 30a8bedc6d464f10999e32b385c716fd - - d811e5d5de204ad2864da0e08373b371 d811e5d5de204ad2864da0e08373b371] 199.204.45.157 "GET /v2.0/ports?tenant_id=0eea1b4ad2334e9eb141b09c848a3684&device_id=5482cc22-8f84-4c75-a190-53acb3779fe6 HTTP/1.1" status: 200 len: 1590 time: 0.0497625
2026-05-09 14:01:53.337 10 INFO neutron.wsgi [req-12afad91-2975-45ba-a301-2ff4e96dea5c req-aea405f2-729c-4dd0-8544-58de3ea7da18 4b67dcd5aa72433a9c9c51e3f8259e4c 30a8bedc6d464f10999e32b385c716fd - - d811e5d5de204ad2864da0e08373b371 d811e5d5de204ad2864da0e08373b371] 199.204.45.157 "GET /v2.0/networks?id=56cf85b4-fad8-4d88-a58e-b56aee00d4f8 HTTP/1.1" status: 200 len: 981 time: 0.0705547
2026-05-09 14:01:53.366 10 INFO neutron.wsgi [req-12afad91-2975-45ba-a301-2ff4e96dea5c req-548529c8-a7f6-4ad7-b0fb-f212a58c246c 4b67dcd5aa72433a9c9c51e3f8259e4c 30a8bedc6d464f10999e32b385c716fd - - d811e5d5de204ad2864da0e08373b371 d811e5d5de204ad2864da0e08373b371] 199.204.45.157 "GET /v2.0/floatingips?fixed_ip_address=10.100.0.10&port_id=9d10303c-952c-46e8-ad80-4331d67f6751 HTTP/1.1" status: 200 len: 217 time: 0.0228167
2026-05-09 14:01:53.410 9 WARNING neutron.scheduler.dhcp_agent_scheduler [None req-5572def6-8ad1-4215-83b5-380b311ecf08 ee776e21dd2941928fa590390e243bcf 0314ae5f3d3b4b07b73ef43f863f471e - - default default] No more DHCP agents
2026-05-09 14:01:53.411 10 INFO neutron.db.ovn_revision_numbers_db [None req-2cd8dde2-2672-48c2-bbbd-81b7d14572b8 - - - - - -] Successfully bumped revision number for resource 972e1cf1-19e0-4300-910e-bb18158fe321 (type: router_ports) to 3
2026-05-09 14:01:53.412 9 WARNING neutron.api.rpc.agentnotifiers.dhcp_rpc_agent_api [None req-5572def6-8ad1-4215-83b5-380b311ecf08 ee776e21dd2941928fa590390e243bcf 0314ae5f3d3b4b07b73ef43f863f471e - - default default] Unable to schedule network 9b938021-88fb-4384-8cbc-c04ee322a3e1: no agents available; will retry on subsequent port and subnet creation events.
2026-05-09 14:01:53.415 10 INFO neutron.wsgi [req-12afad91-2975-45ba-a301-2ff4e96dea5c req-f62c187d-92c9-4233-94cd-cbf00e673ced 4b67dcd5aa72433a9c9c51e3f8259e4c 30a8bedc6d464f10999e32b385c716fd - - d811e5d5de204ad2864da0e08373b371 d811e5d5de204ad2864da0e08373b371] 199.204.45.157 "GET /v2.0/floatingips?fixed_ip_address=10.100.0.9&port_id=9d10303c-952c-46e8-ad80-4331d67f6751 HTTP/1.1" status: 200 len: 1059 time: 0.0408010
2026-05-09 14:01:53.458 10 INFO neutron.wsgi [req-12afad91-2975-45ba-a301-2ff4e96dea5c req-dc801525-5f2b-4124-b1e9-b6d84d619251 4b67dcd5aa72433a9c9c51e3f8259e4c 30a8bedc6d464f10999e32b385c716fd - - d811e5d5de204ad2864da0e08373b371 d811e5d5de204ad2864da0e08373b371] 199.204.45.157 "GET /v2.0/subnets?id=326ed53d-118b-498e-9390-775e163e2c40 HTTP/1.1" status: 200 len: 876 time: 0.0330119
2026-05-09 14:01:53.498 10 INFO neutron.wsgi [req-12afad91-2975-45ba-a301-2ff4e96dea5c req-af5010a1-742b-415d-b29a-0b544a867ed1 4b67dcd5aa72433a9c9c51e3f8259e4c 30a8bedc6d464f10999e32b385c716fd - - d811e5d5de204ad2864da0e08373b371 d811e5d5de204ad2864da0e08373b371] 199.204.45.157 "GET /v2.0/ports?network_id=56cf85b4-fad8-4d88-a58e-b56aee00d4f8&device_owner=network%3Adhcp HTTP/1.1" status: 200 len: 210 time: 0.0289652
2026-05-09 14:01:53.506 10 INFO neutron.wsgi [req-ea6de59b-cf14-448c-a88f-0d0ec38a465e req-fc0837a1-f0ae-46b0-9f58-a1f3514f7e05 0915e050d20b48cbaa26be4bdf08e690 ce4229a14e4c4618b492f28aac27c885 - - default default] 10.0.0.231 "GET /v2.0/ports?device_id=ca29a1f8-195a-46d4-be91-d965bba50369 HTTP/1.1" status: 200 len: 1170 time: 0.0533979
2026-05-09 14:01:53.637 10 INFO neutron.wsgi [req-ea6de59b-cf14-448c-a88f-0d0ec38a465e req-e52c18b3-24d8-4167-8fe1-1088ac4e94d5 0915e050d20b48cbaa26be4bdf08e690 ce4229a14e4c4618b492f28aac27c885 - - default default] 10.0.0.231 "GET /v2.0/security-groups?id=c38b572a-961d-446f-95f3-efbe7ed4597c&fields=id&fields=name HTTP/1.1" status: 200 len: 313 time: 0.1169083
2026-05-09 14:01:53.672 10 INFO neutron.wsgi [req-12afad91-2975-45ba-a301-2ff4e96dea5c req-2cd03c7e-e716-4eaa-a6fa-c10f34fe44f4 4b67dcd5aa72433a9c9c51e3f8259e4c 30a8bedc6d464f10999e32b385c716fd - - d811e5d5de204ad2864da0e08373b371 d811e5d5de204ad2864da0e08373b371] 199.204.45.157 "GET /v2.0/networks/56cf85b4-fad8-4d88-a58e-b56aee00d4f8?fields=segments HTTP/1.1" status: 200 len: 212 time: 0.1513646
2026-05-09 14:01:53.702 10 INFO neutron.db.ovn_revision_numbers_db [None req-2cd8dde2-2672-48c2-bbbd-81b7d14572b8 - - - - - -] Successfully bumped revision number for resource 972e1cf1-19e0-4300-910e-bb18158fe321 (type: ports) to 2
2026-05-09 14:01:53.741 10 INFO neutron.wsgi [req-12afad91-2975-45ba-a301-2ff4e96dea5c req-d43c2850-21f6-4916-9ea4-db2692ad2743 4b67dcd5aa72433a9c9c51e3f8259e4c 30a8bedc6d464f10999e32b385c716fd - - d811e5d5de204ad2864da0e08373b371 d811e5d5de204ad2864da0e08373b371] 199.204.45.157 "GET /v2.0/networks/56cf85b4-fad8-4d88-a58e-b56aee00d4f8?fields=provider%3Aphysical_network&fields=provider%3Anetwork_type HTTP/1.1" status: 200 len: 277 time: 0.0638621
2026-05-09 14:01:53.776 9 INFO neutron.db.ovn_revision_numbers_db [None req-5572def6-8ad1-4215-83b5-380b311ecf08 ee776e21dd2941928fa590390e243bcf 0314ae5f3d3b4b07b73ef43f863f471e - - default default] Successfully bumped revision number for resource a1477396-a4d3-463a-ae6d-14434bce7a5a (type: floatingips) to 0
2026-05-09 14:01:53.794 9 INFO neutron.wsgi [None req-5572def6-8ad1-4215-83b5-380b311ecf08 ee776e21dd2941928fa590390e243bcf 0314ae5f3d3b4b07b73ef43f863f471e - - default default] 10.0.0.11 "POST /v2.0/floatingips HTTP/1.1" status: 201 len: 751 time: 0.6649938
2026-05-09 14:01:53.819 10 WARNING neutron_lib.context [None req-9863a3f3-1484-4580-b899-da8955aed5e0 ab5d0ebfd29548888bf152ff3c373d21 2c4db834d77a4112975146bf972d7763 - - default default] Method 'is_advsvc' is deprecated since 2023.2 release (neutron-lib 3.8.0) and will be removed once support for the old RBAC API policies will be removed from Neutron. Please use method 'is_service_role' instead.
2026-05-09 14:01:53.964 10 INFO neutron.db.ovn_revision_numbers_db [None req-9863a3f3-1484-4580-b899-da8955aed5e0 ab5d0ebfd29548888bf152ff3c373d21 2c4db834d77a4112975146bf972d7763 - - default default] Successfully bumped revision number for resource 7b6d1ad9-1e2e-4eba-b02a-07dd48da2f6a (type: security_groups) to 1
2026-05-09 14:01:53.978 9 INFO neutron.wsgi [req-b5ba20ab-5fa5-4f30-97b9-07fc879915ea req-6aa1b5a7-810c-432a-891a-157520dc709d cf4f946cc66c4e14a07c9e878459371f 0eea1b4ad2334e9eb141b09c848a3684 - - default default] 10.0.0.231 "GET /v2.0/ports?device_id=5482cc22-8f84-4c75-a190-53acb3779fe6 HTTP/1.1" status: 200 len: 1352 time: 0.0360086
2026-05-09 14:01:53.982 10 INFO neutron.db.ovn_revision_numbers_db [None req-9863a3f3-1484-4580-b899-da8955aed5e0 ab5d0ebfd29548888bf152ff3c373d21 2c4db834d77a4112975146bf972d7763 - - default default] Successfully bumped revision number for resource d7f34d67-4e60-4b9c-ad4c-87c0ba6eca49 (type: security_group_rules) to 0
2026-05-09 14:01:54.002 10 INFO neutron.db.ovn_revision_numbers_db [None req-9863a3f3-1484-4580-b899-da8955aed5e0 ab5d0ebfd29548888bf152ff3c373d21 2c4db834d77a4112975146bf972d7763 - - default default] Successfully bumped revision number for resource fd6f907f-9ef5-4ec4-919a-fa72a5f72a45 (type: security_group_rules) to 0
2026-05-09 14:01:54.011 10 INFO neutron.db.ovn_revision_numbers_db [None req-2cd8dde2-2672-48c2-bbbd-81b7d14572b8 - - - - - -] Successfully bumped revision number for resource 972e1cf1-19e0-4300-910e-bb18158fe321 (type: ports) to 4
2026-05-09 14:01:54.015 9 INFO neutron.wsgi [req-b5ba20ab-5fa5-4f30-97b9-07fc879915ea req-2722ce51-f91d-4f17-b0b2-e3986c81088c cf4f946cc66c4e14a07c9e878459371f 0eea1b4ad2334e9eb141b09c848a3684 - - default default] 10.0.0.231 "GET /v2.0/security-groups?id=89cd5ba7-3472-442f-9d50-c607cdbd5c13&fields=id&fields=name HTTP/1.1" status: 200 len: 312 time: 0.0290573
2026-05-09 14:01:54.021 10 INFO neutron.wsgi [None req-9863a3f3-1484-4580-b899-da8955aed5e0 ab5d0ebfd29548888bf152ff3c373d21 2c4db834d77a4112975146bf972d7763 - - default default] 10.0.0.11 "POST /v2.0/security-groups HTTP/1.1" status: 201 len: 1797 time: 0.2080004
2026-05-09 14:01:54.039 9 WARNING neutron_lib.context [None req-2170afc1-3c00-48f1-8830-caa83b59044e ab5d0ebfd29548888bf152ff3c373d21 2c4db834d77a4112975146bf972d7763 - - default default] Method 'is_advsvc' is deprecated since 2023.2 release (neutron-lib 3.8.0) and will be removed once support for the old RBAC API policies will be removed from Neutron. Please use method 'is_service_role' instead.
2026-05-09 14:01:54.160 9 INFO neutron.db.ovn_revision_numbers_db [None req-2170afc1-3c00-48f1-8830-caa83b59044e ab5d0ebfd29548888bf152ff3c373d21 2c4db834d77a4112975146bf972d7763 - - default default] Successfully bumped revision number for resource da2f2942-4a90-43e8-ba1e-924be59cb603 (type: security_group_rules) to 0
2026-05-09 14:01:54.163 10 INFO neutron.wsgi [req-ffed7526-d62d-4dc0-a736-3e340bfd682e req-f102b859-a1b3-406b-bd66-fbf5675ede9a cf4f946cc66c4e14a07c9e878459371f 0eea1b4ad2334e9eb141b09c848a3684 - - default default] 199.204.45.157 "GET /v2.0/ports?device_id=5482cc22-8f84-4c75-a190-53acb3779fe6&device_owner=compute%3Anova&fixed_ips=ip_address%3D10.100.0.10 HTTP/1.1" status: 200 len: 1352 time: 0.0547709
2026-05-09 14:01:54.183 9 INFO neutron.wsgi [None req-2170afc1-3c00-48f1-8830-caa83b59044e ab5d0ebfd29548888bf152ff3c373d21 2c4db834d77a4112975146bf972d7763 - - default default] 10.0.0.11 "POST /v2.0/security-group-rules HTTP/1.1" status: 201 len: 764 time: 0.1511636
2026-05-09 14:01:54.193 9 WARNING neutron_lib.context [None req-f35cb1d6-a9ee-4994-8a91-082e48afe80d ab5d0ebfd29548888bf152ff3c373d21 2c4db834d77a4112975146bf972d7763 - - default default] Method 'is_advsvc' is deprecated since 2023.2 release (neutron-lib 3.8.0) and will be removed once support for the old RBAC API policies will be removed from Neutron. Please use method 'is_service_role' instead.
2026-05-09 14:01:54.271 10 INFO neutron.wsgi [req-f28926af-a9ce-4e33-b418-01b94c36d794 req-c4f59e32-5601-4f6b-91fd-e969efd34482 ee776e21dd2941928fa590390e243bcf 0314ae5f3d3b4b07b73ef43f863f471e - - default default] 10.0.0.231 "GET /v2.0/security-groups?name=tempest-securitygroup--868496375&fields=id&tenant_id=0314ae5f3d3b4b07b73ef43f863f471e HTTP/1.1" status: 200 len: 267 time: 0.0764403
2026-05-09 14:01:54.336 9 INFO neutron.plugins.ml2.drivers.ovn.mech_driver.mech_driver [None req-f95c564e-2f7f-46ed-a315-89a1dd8e37e0 - - - - - -] OVN reports status down for port: 1929494f-834e-47c1-95fc-ca3bcf026fca
2026-05-09 14:01:54.344 10 INFO neutron.db.ovn_revision_numbers_db [None req-2cd8dde2-2672-48c2-bbbd-81b7d14572b8 - - - - - -] Successfully bumped revision number for resource 972e1cf1-19e0-4300-910e-bb18158fe321 (type: router_ports) to 4
2026-05-09 14:01:54.348 9 INFO neutron.db.ovn_revision_numbers_db [None req-f35cb1d6-a9ee-4994-8a91-082e48afe80d ab5d0ebfd29548888bf152ff3c373d21 2c4db834d77a4112975146bf972d7763 - - default default] Successfully bumped revision number for resource 95a6ffad-7ba7-423d-89f8-6615340a12b7 (type: security_group_rules) to 0
2026-05-09 14:01:54.375 9 INFO neutron.wsgi [None req-f35cb1d6-a9ee-4994-8a91-082e48afe80d ab5d0ebfd29548888bf152ff3c373d21 2c4db834d77a4112975146bf972d7763 - - default default] 10.0.0.11 "POST /v2.0/security-group-rules HTTP/1.1" status: 201 len: 769 time: 0.1865375
2026-05-09 14:01:54.383 9 WARNING neutron_lib.context [None req-3cf2b710-ed3e-44c0-9447-1fe740cec330 ab5d0ebfd29548888bf152ff3c373d21 2c4db834d77a4112975146bf972d7763 - - default default] Method 'is_advsvc' is deprecated since 2023.2 release (neutron-lib 3.8.0) and will be removed once support for the old RBAC API policies will be removed from Neutron. Please use method 'is_service_role' instead.
2026-05-09 14:01:54.388 10 INFO neutron.wsgi [req-f28926af-a9ce-4e33-b418-01b94c36d794 req-7590ad77-f83d-4458-9aec-b253d6b7014b ee776e21dd2941928fa590390e243bcf 0314ae5f3d3b4b07b73ef43f863f471e - - default default] 10.0.0.231 "GET /v2.0/networks?id=2c01c0b4-4578-4184-bffe-a9c32403aa9c HTTP/1.1" status: 200 len: 875 time: 0.1103432
2026-05-09 14:01:54.414 10 INFO neutron.wsgi [req-f28926af-a9ce-4e33-b418-01b94c36d794 req-a8e18cb3-adff-46ac-af13-52207f68260b ee776e21dd2941928fa590390e243bcf 0314ae5f3d3b4b07b73ef43f863f471e - - default default] 10.0.0.231 "GET /v2.0/quotas/0314ae5f3d3b4b07b73ef43f863f471e HTTP/1.1" status: 200 len: 386 time: 0.0142329
2026-05-09 14:01:54.485 9 INFO neutron.notifiers.nova [-] Nova event matching ['req-e88725e8-1ffe-4b5e-a33d-ffc37284d4aa'] response: {'server_uuid': 'ca29a1f8-195a-46d4-be91-d965bba50369', 'name': 'network-vif-unplugged', 'status': 'completed', 'tag': '1929494f-834e-47c1-95fc-ca3bcf026fca', 'code': 200}
2026-05-09 14:01:54.551 10 INFO neutron.wsgi [req-f28926af-a9ce-4e33-b418-01b94c36d794 req-036d001a-602a-4f95-954a-c3b0d94bbcac ee776e21dd2941928fa590390e243bcf 0314ae5f3d3b4b07b73ef43f863f471e - - default default] 10.0.0.231 "GET /v2.0/ports?tenant_id=0314ae5f3d3b4b07b73ef43f863f471e&fields=id HTTP/1.1" status: 200 len: 302 time: 0.1309111
2026-05-09 14:01:54.651 10 INFO neutron.wsgi [req-f28926af-a9ce-4e33-b418-01b94c36d794 req-4fb444d7-383f-4d7e-bbab-00944b8482eb 4b67dcd5aa72433a9c9c51e3f8259e4c 30a8bedc6d464f10999e32b385c716fd - - d811e5d5de204ad2864da0e08373b371 d811e5d5de204ad2864da0e08373b371] 10.0.0.231 "GET /v2.0/networks/2c01c0b4-4578-4184-bffe-a9c32403aa9c?fields=segments HTTP/1.1" status: 200 len: 212 time: 0.0871108
2026-05-09 14:01:54.691 9 INFO neutron.db.ovn_revision_numbers_db [None req-f95c564e-2f7f-46ed-a315-89a1dd8e37e0 - - - - - -] Successfully bumped revision number for resource 1929494f-834e-47c1-95fc-ca3bcf026fca (type: ports) to 5
2026-05-09 14:01:54.707 9 WARNING neutron.scheduler.dhcp_agent_scheduler [None req-3cf2b710-ed3e-44c0-9447-1fe740cec330 ab5d0ebfd29548888bf152ff3c373d21 2c4db834d77a4112975146bf972d7763 - - default default] No more DHCP agents
2026-05-09 14:01:54.710 9 WARNING neutron.api.rpc.agentnotifiers.dhcp_rpc_agent_api [None req-3cf2b710-ed3e-44c0-9447-1fe740cec330 ab5d0ebfd29548888bf152ff3c373d21 2c4db834d77a4112975146bf972d7763 - - default default] Unable to schedule network 9b938021-88fb-4384-8cbc-c04ee322a3e1: no agents available; will retry on subsequent port and subnet creation events.
2026-05-09 14:01:54.713 9 WARNING neutron.plugins.ml2.drivers.ovn.mech_driver.ovsdb.ovn_client [None req-f95c564e-2f7f-46ed-a315-89a1dd8e37e0 - - - - - -] Logical_Switch_Port %s host information not removed, the port state is up
2026-05-09 14:01:54.713 9 INFO neutron.plugins.ml2.drivers.ovn.mech_driver.mech_driver [None req-f95c564e-2f7f-46ed-a315-89a1dd8e37e0 - - - - - -] OVN reports status up for port: 1929494f-834e-47c1-95fc-ca3bcf026fca
2026-05-09 14:01:54.731 10 INFO neutron.wsgi [req-f28926af-a9ce-4e33-b418-01b94c36d794 req-ffe5b5f2-f391-4ebd-984d-ff402ca3ce23 4b67dcd5aa72433a9c9c51e3f8259e4c 30a8bedc6d464f10999e32b385c716fd - - d811e5d5de204ad2864da0e08373b371 d811e5d5de204ad2864da0e08373b371] 10.0.0.231 "GET /v2.0/networks/2c01c0b4-4578-4184-bffe-a9c32403aa9c?fields=provider%3Aphysical_network&fields=provider%3Anetwork_type HTTP/1.1" status: 200 len: 277 time: 0.0747530
2026-05-09 14:01:54.935 9 INFO neutron.plugins.ml2.plugin [None req-f95c564e-2f7f-46ed-a315-89a1dd8e37e0 - - - - - -] Attempt 1 to provision port 1929494f-834e-47c1-95fc-ca3bcf026fca
2026-05-09 14:01:54.971 9 INFO neutron.wsgi [req-a7a1c57f-1c8a-4d86-8263-fa86be8761cf req-51a60cee-125c-4b77-b6df-8cd578b17aab 0915e050d20b48cbaa26be4bdf08e690 ce4229a14e4c4618b492f28aac27c885 - - default default] 10.0.0.231 "GET /v2.0/ports?device_id=ca29a1f8-195a-46d4-be91-d965bba50369 HTTP/1.1" status: 200 len: 1168 time: 0.2398283 /var/lib/openstack/lib/python3.10/site-packages/pycadf/identifier.py:71: UserWarning: Invalid uuid: neutron. To ensure interoperability, identifiers should be a valid uuid. warnings.warn(('Invalid uuid: %s. To ensure interoperability, '
2026-05-09 14:01:54.995 10 INFO neutron.wsgi [req-1137bb38-87b6-459b-94ce-7f251a72b56f req-fbcecdbd-2c25-464d-b1b4-2571e4e7adca ee776e21dd2941928fa590390e243bcf 0314ae5f3d3b4b07b73ef43f863f471e - - default default] 10.0.0.231 "GET /v2.0/ports?device_id=5fa67523-86e0-4100-8ac8-a500dd0167d8 HTTP/1.1" status: 200 len: 210 time: 0.0289700
2026-05-09 14:01:55.042 9 INFO neutron.wsgi [req-a7a1c57f-1c8a-4d86-8263-fa86be8761cf req-321fe6d0-515f-468d-837b-7e5841cbd4f7 0915e050d20b48cbaa26be4bdf08e690 ce4229a14e4c4618b492f28aac27c885 - - default default] 10.0.0.231 "GET /v2.0/security-groups?id=c38b572a-961d-446f-95f3-efbe7ed4597c&fields=id&fields=name HTTP/1.1" status: 200 len: 313 time: 0.0616715
2026-05-09 14:01:55.098 10 INFO neutron.db.ovn_revision_numbers_db [req-ffed7526-d62d-4dc0-a736-3e340bfd682e req-ea344078-efe3-44ac-a2ca-dc77d369b9a6 cf4f946cc66c4e14a07c9e878459371f 0eea1b4ad2334e9eb141b09c848a3684 - - default default] Successfully bumped revision number for resource 9d10303c-952c-46e8-ad80-4331d67f6751 (type: ports) to 6
2026-05-09 14:01:55.130 10 INFO neutron.wsgi [req-ffed7526-d62d-4dc0-a736-3e340bfd682e req-ea344078-efe3-44ac-a2ca-dc77d369b9a6 cf4f946cc66c4e14a07c9e878459371f 0eea1b4ad2334e9eb141b09c848a3684 - - default default] 199.204.45.157 "PUT /v2.0/ports/9d10303c-952c-46e8-ad80-4331d67f6751 HTTP/1.1" status: 200 len: 1167 time: 0.9553957 /var/lib/openstack/lib/python3.10/site-packages/pycadf/identifier.py:71: UserWarning: Invalid uuid: neutron. To ensure interoperability, identifiers should be a valid uuid. warnings.warn(('Invalid uuid: %s. To ensure interoperability, '
2026-05-09 14:01:55.171 10 INFO neutron.notifiers.nova [-] Nova event matching ['req-ca854e83-c42a-4c2f-9b4d-a92faa273bf1'] response: {'name': 'network-changed', 'server_uuid': '5482cc22-8f84-4c75-a190-53acb3779fe6', 'tag': '9d10303c-952c-46e8-ad80-4331d67f6751', 'status': 'completed', 'code': 200}
2026-05-09 14:01:55.207 10 INFO neutron.wsgi [req-ffed7526-d62d-4dc0-a736-3e340bfd682e req-3481fd07-1dee-4cea-99bc-338a453f2d44 4b67dcd5aa72433a9c9c51e3f8259e4c 30a8bedc6d464f10999e32b385c716fd - - d811e5d5de204ad2864da0e08373b371 d811e5d5de204ad2864da0e08373b371] 199.204.45.157 "GET /v2.0/ports?tenant_id=0eea1b4ad2334e9eb141b09c848a3684&device_id=5482cc22-8f84-4c75-a190-53acb3779fe6 HTTP/1.1" status: 200 len: 1409 time: 0.0479450
2026-05-09 14:01:55.282 10 INFO neutron.wsgi [req-ffed7526-d62d-4dc0-a736-3e340bfd682e req-1a1e3f44-7cc3-45d8-bfdb-bc957a9fadc6 4b67dcd5aa72433a9c9c51e3f8259e4c 30a8bedc6d464f10999e32b385c716fd - - d811e5d5de204ad2864da0e08373b371 d811e5d5de204ad2864da0e08373b371] 199.204.45.157 "GET /v2.0/networks?id=56cf85b4-fad8-4d88-a58e-b56aee00d4f8 HTTP/1.1" status: 200 len: 981 time: 0.0635836
2026-05-09 14:01:55.309 9 INFO neutron.db.ovn_revision_numbers_db [None req-f95c564e-2f7f-46ed-a315-89a1dd8e37e0 - - - - - -] Successfully bumped revision number for resource 1929494f-834e-47c1-95fc-ca3bcf026fca (type: ports) to 6
2026-05-09 14:01:55.334 10 INFO neutron.wsgi [req-ffed7526-d62d-4dc0-a736-3e340bfd682e req-c98f3e8e-4e87-4ef4-b728-277ea7440936 4b67dcd5aa72433a9c9c51e3f8259e4c 30a8bedc6d464f10999e32b385c716fd - - d811e5d5de204ad2864da0e08373b371 d811e5d5de204ad2864da0e08373b371] 199.204.45.157 "GET /v2.0/floatingips?fixed_ip_address=10.100.0.9&port_id=9d10303c-952c-46e8-ad80-4331d67f6751 HTTP/1.1" status: 200 len: 1059 time: 0.0426738
2026-05-09 14:01:55.361 9 INFO neutron.db.ovn_revision_numbers_db [None req-3cf2b710-ed3e-44c0-9447-1fe740cec330 ab5d0ebfd29548888bf152ff3c373d21 2c4db834d77a4112975146bf972d7763 - - default default] Successfully bumped revision number for resource 3cdbca8f-bd09-4c8f-9c6e-640d4c248e62 (type: floatingips) to 0
2026-05-09 14:01:55.369 10 INFO neutron.wsgi [req-ffed7526-d62d-4dc0-a736-3e340bfd682e req-4127a99a-5959-4271-9c6f-afe821f51c8e 4b67dcd5aa72433a9c9c51e3f8259e4c 30a8bedc6d464f10999e32b385c716fd - - d811e5d5de204ad2864da0e08373b371 d811e5d5de204ad2864da0e08373b371] 199.204.45.157 "GET /v2.0/subnets?id=326ed53d-118b-498e-9390-775e163e2c40 HTTP/1.1" status: 200 len: 876 time: 0.0299251
2026-05-09 14:01:55.385 9 INFO neutron.wsgi [None req-3cf2b710-ed3e-44c0-9447-1fe740cec330 ab5d0ebfd29548888bf152ff3c373d21 2c4db834d77a4112975146bf972d7763 - - default default] 10.0.0.11 "POST /v2.0/floatingips HTTP/1.1" status: 201 len: 751 time: 1.0055628
2026-05-09 14:01:55.404 10 INFO neutron.wsgi [req-ffed7526-d62d-4dc0-a736-3e340bfd682e req-cc07b094-c526-40d3-8376-caed796942d3 4b67dcd5aa72433a9c9c51e3f8259e4c 30a8bedc6d464f10999e32b385c716fd - - d811e5d5de204ad2864da0e08373b371 d811e5d5de204ad2864da0e08373b371] 199.204.45.157 "GET /v2.0/ports?network_id=56cf85b4-fad8-4d88-a58e-b56aee00d4f8&device_owner=network%3Adhcp HTTP/1.1" status: 200 len: 210 time: 0.0270841
2026-05-09 14:01:55.490 10 INFO neutron.wsgi [req-ffed7526-d62d-4dc0-a736-3e340bfd682e req-8655b46a-f8e6-4c00-a2ef-99dbffe8d1c6 4b67dcd5aa72433a9c9c51e3f8259e4c 30a8bedc6d464f10999e32b385c716fd - - d811e5d5de204ad2864da0e08373b371 d811e5d5de204ad2864da0e08373b371] 199.204.45.157 "GET /v2.0/networks/56cf85b4-fad8-4d88-a58e-b56aee00d4f8?fields=segments HTTP/1.1" status: 200 len: 212 time: 0.0765078
2026-05-09 14:01:55.615 10 INFO neutron.wsgi [req-ffed7526-d62d-4dc0-a736-3e340bfd682e req-c153b813-74b5-4938-ad84-68f87c2ba0bd 4b67dcd5aa72433a9c9c51e3f8259e4c 30a8bedc6d464f10999e32b385c716fd - - d811e5d5de204ad2864da0e08373b371 d811e5d5de204ad2864da0e08373b371] 199.204.45.157 "GET /v2.0/networks/56cf85b4-fad8-4d88-a58e-b56aee00d4f8?fields=provider%3Aphysical_network&fields=provider%3Anetwork_type HTTP/1.1" status: 200 len: 277 time: 0.1141784 /var/lib/openstack/lib/python3.10/site-packages/pycadf/identifier.py:71: UserWarning: Invalid uuid: neutron. To ensure interoperability, identifiers should be a valid uuid. warnings.warn(('Invalid uuid: %s. To ensure interoperability, '
2026-05-09 14:01:55.728 10 INFO neutron.wsgi [req-7d7968d9-79b1-4b51-a02a-94017722f850 req-bde052db-5f65-47be-907b-be7c87247526 4b67dcd5aa72433a9c9c51e3f8259e4c 30a8bedc6d464f10999e32b385c716fd - - d811e5d5de204ad2864da0e08373b371 d811e5d5de204ad2864da0e08373b371] 199.204.45.157 "GET /v2.0/ports?tenant_id=0eea1b4ad2334e9eb141b09c848a3684&device_id=5482cc22-8f84-4c75-a190-53acb3779fe6 HTTP/1.1" status: 200 len: 1409 time: 0.0583739
2026-05-09 14:01:55.733 9 INFO neutron.wsgi [req-f28926af-a9ce-4e33-b418-01b94c36d794 req-cb8b7598-e010-4415-8e37-e7fb6ab87ebf ee776e21dd2941928fa590390e243bcf 0314ae5f3d3b4b07b73ef43f863f471e - - default default] 199.204.45.157 "GET /v2.0/networks?id=2c01c0b4-4578-4184-bffe-a9c32403aa9c HTTP/1.1" status: 200 len: 875 time: 0.1118360
2026-05-09 14:01:55.787 9 INFO neutron.wsgi [req-f28926af-a9ce-4e33-b418-01b94c36d794 req-81b70c37-2a70-45df-952d-3f18999c32ac ee776e21dd2941928fa590390e243bcf 0314ae5f3d3b4b07b73ef43f863f471e - - default default] 199.204.45.157 "GET /v2.0/security-groups?fields=id&fields=name&tenant_id=0314ae5f3d3b4b07b73ef43f863f471e HTTP/1.1" status: 200 len: 379 time: 0.0495708
2026-05-09 14:01:55.801 9 WARNING neutron_lib.context [req-f28926af-a9ce-4e33-b418-01b94c36d794 req-29e0e9e9-fb1a-4368-9be6-e481d3114e1d ee776e21dd2941928fa590390e243bcf 0314ae5f3d3b4b07b73ef43f863f471e - - default default] Method 'is_advsvc' is deprecated since 2023.2 release (neutron-lib 3.8.0) and will be removed once support for the old RBAC API policies will be removed from Neutron. Please use method 'is_service_role' instead.
2026-05-09 14:01:55.816 10 INFO neutron.wsgi [req-7d7968d9-79b1-4b51-a02a-94017722f850 req-0f7db81b-c944-4947-95df-bb0e3c0dc09c 4b67dcd5aa72433a9c9c51e3f8259e4c 30a8bedc6d464f10999e32b385c716fd - - d811e5d5de204ad2864da0e08373b371 d811e5d5de204ad2864da0e08373b371] 199.204.45.157 "GET /v2.0/networks?id=56cf85b4-fad8-4d88-a58e-b56aee00d4f8 HTTP/1.1" status: 200 len: 981 time: 0.0785320
2026-05-09 14:01:55.843 9 INFO neutron.wsgi [req-ffb06ea2-dbe3-49df-ac69-74a82327ad3c req-10ad1887-33c3-4866-bc7d-ee6f31599d4e ab5d0ebfd29548888bf152ff3c373d21 2c4db834d77a4112975146bf972d7763 - - default default] 10.0.0.231 "GET /v2.0/security-groups?name=tempest-securitygroup--1039395633&fields=id&tenant_id=2c4db834d77a4112975146bf972d7763 HTTP/1.1" status: 200 len: 267 time: 0.0638757
2026-05-09 14:01:55.864 10 INFO neutron.wsgi [req-7d7968d9-79b1-4b51-a02a-94017722f850 req-877021b3-d99b-4c03-a90d-4421fff2ef8e 4b67dcd5aa72433a9c9c51e3f8259e4c 30a8bedc6d464f10999e32b385c716fd - - d811e5d5de204ad2864da0e08373b371 d811e5d5de204ad2864da0e08373b371] 199.204.45.157 "GET /v2.0/floatingips?fixed_ip_address=10.100.0.9&port_id=9d10303c-952c-46e8-ad80-4331d67f6751 HTTP/1.1" status: 200 len: 1059 time: 0.0385697
