2026-05-09 14:04:44.583 9 INFO neutron.wsgi [req-97b61131-3e62-4d3d-87d4-4766ca61cc75 req-36fc6df9-1617-49f9-81b0-d7811b3cb5eb 4b67dcd5aa72433a9c9c51e3f8259e4c 30a8bedc6d464f10999e32b385c716fd - - d811e5d5de204ad2864da0e08373b371 d811e5d5de204ad2864da0e08373b371] 199.204.45.157 "GET /v2.0/ports?network_id=ffe4d936-2aec-4468-bddf-a21575494071&device_owner=network%3Adhcp HTTP/1.1" status: 200 len: 210 time: 0.0201976
2026-05-09 14:04:44.661 9 INFO neutron.wsgi [req-97b61131-3e62-4d3d-87d4-4766ca61cc75 req-73fecd5d-c146-4259-bee6-489d8d0d0991 4b67dcd5aa72433a9c9c51e3f8259e4c 30a8bedc6d464f10999e32b385c716fd - - d811e5d5de204ad2864da0e08373b371 d811e5d5de204ad2864da0e08373b371] 199.204.45.157 "GET /v2.0/networks/ffe4d936-2aec-4468-bddf-a21575494071?fields=segments HTTP/1.1" status: 200 len: 212 time: 0.0698934
2026-05-09 14:04:44.720 9 WARNING neutron.plugins.ml2.drivers.ovn.mech_driver.ovsdb.ovn_client [None req-f95c564e-2f7f-46ed-a315-89a1dd8e37e0 - - - - - -] No hosting information found for port 64d88030-c371-4bba-87b5-84aa49da6aaa: RuntimeError: No hosting information found for port 64d88030-c371-4bba-87b5-84aa49da6aaa
2026-05-09 14:04:44.759 9 INFO neutron.wsgi [req-97b61131-3e62-4d3d-87d4-4766ca61cc75 req-8d3ade65-26d5-42ba-b448-f86bce59cf69 4b67dcd5aa72433a9c9c51e3f8259e4c 30a8bedc6d464f10999e32b385c716fd - - d811e5d5de204ad2864da0e08373b371 d811e5d5de204ad2864da0e08373b371] 199.204.45.157 "GET /v2.0/networks/ffe4d936-2aec-4468-bddf-a21575494071?fields=provider%3Aphysical_network&fields=provider%3Anetwork_type HTTP/1.1" status: 200 len: 277 time: 0.0928533
2026-05-09 14:04:44.781 10 INFO neutron.wsgi [req-14add9d7-6af9-4f88-8cf7-4cf7c574b14d req-fb21a815-22f6-4e80-afbb-683891b41905 de16c3326acd4fa1abf7a09debb0464d 19f759466e9746929e8d84f7d39be808 - - default default] 10.0.0.231 "GET /v2.0/ports?device_id=0e00c396-85d9-4aa4-9cd7-8504a61ebfc4 HTTP/1.1" status: 200 len: 1212 time: 0.4327500 /var/lib/openstack/lib/python3.10/site-packages/pycadf/identifier.py:71: UserWarning: Invalid uuid: neutron. To ensure interoperability, identifiers should be a valid uuid. warnings.warn(('Invalid uuid: %s. To ensure interoperability, '
2026-05-09 14:04:44.851 9 INFO neutron.wsgi [req-9659f341-e4f2-4a43-a5fb-89c79a8d7e3d req-f4dd0068-4748-41bc-9c2e-bb31b6bea9f5 4b67dcd5aa72433a9c9c51e3f8259e4c 30a8bedc6d464f10999e32b385c716fd - - d811e5d5de204ad2864da0e08373b371 d811e5d5de204ad2864da0e08373b371] 199.204.45.157 "GET /v2.0/ports?tenant_id=19f759466e9746929e8d84f7d39be808&device_id=0e00c396-85d9-4aa4-9cd7-8504a61ebfc4 HTTP/1.1" status: 200 len: 1450 time: 0.0407634
2026-05-09 14:04:44.862 10 INFO neutron.wsgi [req-14add9d7-6af9-4f88-8cf7-4cf7c574b14d req-d5922e2f-5d2e-45d5-acbb-ecd4528e8d7d de16c3326acd4fa1abf7a09debb0464d 19f759466e9746929e8d84f7d39be808 - - default default] 10.0.0.231 "GET /v2.0/security-groups?id=f01686fc-d311-4c4f-a05d-e7aaaaf8f615&id=a5ae1a04-2661-4275-bc81-c767ed18ad86&fields=id&fields=name HTTP/1.1" status: 200 len: 406 time: 0.0738494
2026-05-09 14:04:44.880 10 INFO neutron.db.ovn_revision_numbers_db [None req-0312ac44-6be0-4a44-802a-ecbac539f986 4ad7237a8e9f4e7082a63b6d0bdd159f ec79fa49d04349949be505d921c3d9b2 - - default default] Successfully bumped revision number for resource b30f7c78-9842-4e63-813c-a1a1d595446d (type: ports) to 1
2026-05-09 14:04:44.906 10 INFO neutron.wsgi [None req-0312ac44-6be0-4a44-802a-ecbac539f986 4ad7237a8e9f4e7082a63b6d0bdd159f ec79fa49d04349949be505d921c3d9b2 - - default default] 10.0.0.11 "POST /v2.0/ports HTTP/1.1" status: 201 len: 942 time: 0.7952092
2026-05-09 14:04:44.925 9 INFO neutron.wsgi [req-9659f341-e4f2-4a43-a5fb-89c79a8d7e3d req-63c20ec0-053c-48f4-92ab-15eb1ef1899d 4b67dcd5aa72433a9c9c51e3f8259e4c 30a8bedc6d464f10999e32b385c716fd - - d811e5d5de204ad2864da0e08373b371 d811e5d5de204ad2864da0e08373b371] 199.204.45.157 "GET /v2.0/networks?id=ffe4d936-2aec-4468-bddf-a21575494071 HTTP/1.1" status: 200 len: 971 time: 0.0657496
2026-05-09 14:04:44.928 9 WARNING neutron_lib.context [None req-fc529ec8-aa4f-434a-b674-ab232be2b83c 4ad7237a8e9f4e7082a63b6d0bdd159f ec79fa49d04349949be505d921c3d9b2 - - default default] Method 'is_advsvc' is deprecated since 2023.2 release (neutron-lib 3.8.0) and will be removed once support for the old RBAC API policies will be removed from Neutron. Please use method 'is_service_role' instead.
2026-05-09 14:04:44.930 10 INFO neutron.db.ovn_revision_numbers_db [None req-ae755091-bea9-4b38-9441-4a8fd3159d50 3b293c07c492400cb59db1ce9e7553d8 ed4c7016fc284085ab37b972b1d4837c - - default default] Successfully bumped revision number for resource 21970ed9-0079-41d4-ac43-7fcc23113334 (type: router_ports) to 1
2026-05-09 14:04:44.933 10 INFO neutron.wsgi [None req-ae755091-bea9-4b38-9441-4a8fd3159d50 3b293c07c492400cb59db1ce9e7553d8 ed4c7016fc284085ab37b972b1d4837c - - default default] 10.0.0.11 "PUT /v2.0/routers/a04b89b5-4674-41bd-99f1-b86251e5b559/add_router_interface HTTP/1.1" status: 200 len: 503 time: 2.7182906
2026-05-09 14:04:44.972 9 INFO neutron.wsgi [req-9659f341-e4f2-4a43-a5fb-89c79a8d7e3d req-699e4066-60d3-43b6-a722-680b09aba9d4 4b67dcd5aa72433a9c9c51e3f8259e4c 30a8bedc6d464f10999e32b385c716fd - - d811e5d5de204ad2864da0e08373b371 d811e5d5de204ad2864da0e08373b371] 199.204.45.157 "GET /v2.0/floatingips?fixed_ip_address=10.100.0.10&port_id=2448b46f-63a7-4821-87bf-7ea29cff45be HTTP/1.1" status: 200 len: 217 time: 0.0344663
2026-05-09 14:04:44.991 10 WARNING neutron_lib.context [None req-1ac10daa-c8d2-495c-a7dd-e41520216b6b 3b293c07c492400cb59db1ce9e7553d8 ed4c7016fc284085ab37b972b1d4837c - - default default] Method 'is_advsvc' is deprecated since 2023.2 release (neutron-lib 3.8.0) and will be removed once support for the old RBAC API policies will be removed from Neutron. Please use method 'is_service_role' instead.
2026-05-09 14:04:45.025 9 INFO neutron.wsgi [req-6a0d5c5e-dc84-41c8-affb-8cfefa368f22 req-58ee8898-db68-4d5c-98c3-b9e8b65f8c69 4b67dcd5aa72433a9c9c51e3f8259e4c 30a8bedc6d464f10999e32b385c716fd - - d811e5d5de204ad2864da0e08373b371 d811e5d5de204ad2864da0e08373b371] 199.204.45.157 "GET /v2.0/ports?device_id=0e00c396-85d9-4aa4-9cd7-8504a61ebfc4 HTTP/1.1" status: 200 len: 1450 time: 0.0861833
2026-05-09 14:04:45.037 9 INFO neutron.wsgi [req-9659f341-e4f2-4a43-a5fb-89c79a8d7e3d req-01f8b76e-7fb2-4f6b-bf74-f5a36207b00e 4b67dcd5aa72433a9c9c51e3f8259e4c 30a8bedc6d464f10999e32b385c716fd - - d811e5d5de204ad2864da0e08373b371 d811e5d5de204ad2864da0e08373b371] 199.204.45.157 "GET /v2.0/subnets?id=d7d169e1-aef8-4a1c-a0fa-9ed4dba742e1 HTTP/1.1" status: 200 len: 866 time: 0.0559993
2026-05-09 14:04:45.070 9 INFO neutron.wsgi [req-9659f341-e4f2-4a43-a5fb-89c79a8d7e3d req-a2d4d47d-e5bc-419c-877c-c681d5cb0458 4b67dcd5aa72433a9c9c51e3f8259e4c 30a8bedc6d464f10999e32b385c716fd - - d811e5d5de204ad2864da0e08373b371 d811e5d5de204ad2864da0e08373b371] 199.204.45.157 "GET /v2.0/ports?network_id=ffe4d936-2aec-4468-bddf-a21575494071&device_owner=network%3Adhcp HTTP/1.1" status: 200 len: 210 time: 0.0249994
2026-05-09 14:04:45.105 10 INFO neutron.db.ovn_revision_numbers_db [None req-1ac10daa-c8d2-495c-a7dd-e41520216b6b 3b293c07c492400cb59db1ce9e7553d8 ed4c7016fc284085ab37b972b1d4837c - - default default] Successfully bumped revision number for resource cefc0856-9e3e-4945-a129-ef3058beb92b (type: security_groups) to 1
2026-05-09 14:04:45.117 10 INFO neutron.db.ovn_revision_numbers_db [None req-1ac10daa-c8d2-495c-a7dd-e41520216b6b 3b293c07c492400cb59db1ce9e7553d8 ed4c7016fc284085ab37b972b1d4837c - - default default] Successfully bumped revision number for resource 8e906eaa-c5df-45a4-b0d7-375cc94a57be (type: security_group_rules) to 0
2026-05-09 14:04:45.124 9 INFO neutron.wsgi [req-6a0d5c5e-dc84-41c8-affb-8cfefa368f22 req-cf815642-e9de-4a8c-a558-34b1ed0f1b76 4b67dcd5aa72433a9c9c51e3f8259e4c 30a8bedc6d464f10999e32b385c716fd - - d811e5d5de204ad2864da0e08373b371 d811e5d5de204ad2864da0e08373b371] 199.204.45.157 "GET /v2.0/security-groups?id=a5ae1a04-2661-4275-bc81-c767ed18ad86&id=f01686fc-d311-4c4f-a05d-e7aaaaf8f615&fields=id&fields=name HTTP/1.1" status: 200 len: 406 time: 0.0806119
2026-05-09 14:04:45.131 10 INFO neutron.db.ovn_revision_numbers_db [None req-1ac10daa-c8d2-495c-a7dd-e41520216b6b 3b293c07c492400cb59db1ce9e7553d8 ed4c7016fc284085ab37b972b1d4837c - - default default] Successfully bumped revision number for resource fc69d5b0-0beb-4f4e-844f-5bdefb55bd16 (type: security_group_rules) to 0
2026-05-09 14:04:45.153 10 INFO neutron.wsgi [None req-1ac10daa-c8d2-495c-a7dd-e41520216b6b 3b293c07c492400cb59db1ce9e7553d8 ed4c7016fc284085ab37b972b1d4837c - - default default] 10.0.0.11 "POST /v2.0/security-groups HTTP/1.1" status: 201 len: 1764 time: 0.1677208
2026-05-09 14:04:45.173 10 WARNING neutron_lib.context [None req-f774a92a-aa37-4cfd-8a46-26ae336db1c1 3b293c07c492400cb59db1ce9e7553d8 ed4c7016fc284085ab37b972b1d4837c - - default default] Method 'is_advsvc' is deprecated since 2023.2 release (neutron-lib 3.8.0) and will be removed once support for the old RBAC API policies will be removed from Neutron. Please use method 'is_service_role' instead.
2026-05-09 14:04:45.192 9 INFO neutron.wsgi [req-9659f341-e4f2-4a43-a5fb-89c79a8d7e3d req-b0fef7e5-2455-4b24-b826-f43571da83ca 4b67dcd5aa72433a9c9c51e3f8259e4c 30a8bedc6d464f10999e32b385c716fd - - d811e5d5de204ad2864da0e08373b371 d811e5d5de204ad2864da0e08373b371] 199.204.45.157 "GET /v2.0/networks/ffe4d936-2aec-4468-bddf-a21575494071?fields=segments HTTP/1.1" status: 200 len: 212 time: 0.1107142
2026-05-09 14:04:45.241 9 INFO neutron.plugins.ml2.drivers.ovn.mech_driver.mech_driver [None req-f95c564e-2f7f-46ed-a315-89a1dd8e37e0 - - - - - -] OVN reports status up for port: 2448b46f-63a7-4821-87bf-7ea29cff45be
2026-05-09 14:04:45.266 9 INFO neutron.plugins.ml2.plugin [None req-f95c564e-2f7f-46ed-a315-89a1dd8e37e0 - - - - - -] Attempt 1 to provision port 2448b46f-63a7-4821-87bf-7ea29cff45be
2026-05-09 14:04:45.303 9 INFO neutron.wsgi [req-9659f341-e4f2-4a43-a5fb-89c79a8d7e3d req-504a863f-f2d9-4e80-ad83-8c30ef27872e 4b67dcd5aa72433a9c9c51e3f8259e4c 30a8bedc6d464f10999e32b385c716fd - - d811e5d5de204ad2864da0e08373b371 d811e5d5de204ad2864da0e08373b371] 199.204.45.157 "GET /v2.0/networks/ffe4d936-2aec-4468-bddf-a21575494071?fields=provider%3Aphysical_network&fields=provider%3Anetwork_type HTTP/1.1" status: 200 len: 277 time: 0.0967624
2026-05-09 14:04:45.307 9 INFO neutron.wsgi [None req-fc529ec8-aa4f-434a-b674-ab232be2b83c 4ad7237a8e9f4e7082a63b6d0bdd159f ec79fa49d04349949be505d921c3d9b2 - - default default] 10.0.0.11 "POST /v2.0/trunks HTTP/1.1" status: 201 len: 608 time: 0.3861101
2026-05-09 14:04:45.319 9 WARNING neutron_lib.context [None req-449a6558-4684-4c37-8f93-1121827e3789 4ad7237a8e9f4e7082a63b6d0bdd159f ec79fa49d04349949be505d921c3d9b2 - - default default] Method 'is_advsvc' is deprecated since 2023.2 release (neutron-lib 3.8.0) and will be removed once support for the old RBAC API policies will be removed from Neutron. Please use method 'is_service_role' instead.
2026-05-09 14:04:45.353 10 INFO neutron.db.ovn_revision_numbers_db [None req-f774a92a-aa37-4cfd-8a46-26ae336db1c1 3b293c07c492400cb59db1ce9e7553d8 ed4c7016fc284085ab37b972b1d4837c - - default default] Successfully bumped revision number for resource 39443a7c-44ea-482e-bf2e-89551e0cc02b (type: security_group_rules) to 0
2026-05-09 14:04:45.387 10 INFO neutron.wsgi [None req-f774a92a-aa37-4cfd-8a46-26ae336db1c1 3b293c07c492400cb59db1ce9e7553d8 ed4c7016fc284085ab37b972b1d4837c - - default default] 10.0.0.11 "POST /v2.0/security-group-rules HTTP/1.1" status: 201 len: 764 time: 0.2223692
2026-05-09 14:04:45.397 10 WARNING neutron_lib.context [None req-ce11122e-c126-4f38-b4dc-a69a47ed8980 3b293c07c492400cb59db1ce9e7553d8 ed4c7016fc284085ab37b972b1d4837c - - default default] Method 'is_advsvc' is deprecated since 2023.2 release (neutron-lib 3.8.0) and will be removed once support for the old RBAC API policies will be removed from Neutron. Please use method 'is_service_role' instead.
2026-05-09 14:04:45.431 9 INFO neutron.db.segments_db [None req-449a6558-4684-4c37-8f93-1121827e3789 4ad7237a8e9f4e7082a63b6d0bdd159f ec79fa49d04349949be505d921c3d9b2 - - default default] Added segment 8a48cd58-4bd3-4312-8861-689f2552c02f of type geneve for network 8ac4a722-c660-4fdf-b079-74f7b23086da
2026-05-09 14:04:45.519 10 INFO neutron.db.ovn_revision_numbers_db [None req-ce11122e-c126-4f38-b4dc-a69a47ed8980 3b293c07c492400cb59db1ce9e7553d8 ed4c7016fc284085ab37b972b1d4837c - - default default] Successfully bumped revision number for resource f4f39db5-7889-48b9-a71c-936d05c04cbc (type: security_group_rules) to 0
2026-05-09 14:04:45.547 10 INFO neutron.wsgi [None req-ce11122e-c126-4f38-b4dc-a69a47ed8980 3b293c07c492400cb59db1ce9e7553d8 ed4c7016fc284085ab37b972b1d4837c - - default default] 10.0.0.11 "POST /v2.0/security-group-rules HTTP/1.1" status: 201 len: 764 time: 0.1547990
2026-05-09 14:04:45.563 9 WARNING neutron_lib.context [None req-d19d8026-f08e-45d8-9817-1ccb3ddd59d3 3b293c07c492400cb59db1ce9e7553d8 ed4c7016fc284085ab37b972b1d4837c - - default default] Method 'is_advsvc' is deprecated since 2023.2 release (neutron-lib 3.8.0) and will be removed once support for the old RBAC API policies will be removed from Neutron. Please use method 'is_service_role' instead.
2026-05-09 14:04:45.620 9 INFO neutron.db.ovn_revision_numbers_db [None req-449a6558-4684-4c37-8f93-1121827e3789 4ad7237a8e9f4e7082a63b6d0bdd159f ec79fa49d04349949be505d921c3d9b2 - - default default] Successfully bumped revision number for resource 8ac4a722-c660-4fdf-b079-74f7b23086da (type: networks) to 1
2026-05-09 14:04:45.674 9 INFO neutron.db.ovn_revision_numbers_db [None req-f95c564e-2f7f-46ed-a315-89a1dd8e37e0 - - - - - -] Successfully bumped revision number for resource 2448b46f-63a7-4821-87bf-7ea29cff45be (type: ports) to 4
2026-05-09 14:04:45.816 9 INFO neutron.db.ovn_revision_numbers_db [None req-d19d8026-f08e-45d8-9817-1ccb3ddd59d3 3b293c07c492400cb59db1ce9e7553d8 ed4c7016fc284085ab37b972b1d4837c - - default default] Successfully bumped revision number for resource 8e7389e2-0ce1-402e-b27a-1c29fd34f73b (type: security_group_rules) to 0
2026-05-09 14:04:45.828 10 WARNING neutron_lib.context [None req-f6c0b2ab-5aae-4205-b91e-d602f27d4a23 c18055fff73c4204b656f85b858dab28 426e9a3d095444059a96ce3f29e43870 - - default default] Method 'is_advsvc' is deprecated since 2023.2 release (neutron-lib 3.8.0) and will be removed once support for the old RBAC API policies will be removed from Neutron. Please use method 'is_service_role' instead.
2026-05-09 14:04:45.848 9 INFO neutron.wsgi [None req-d19d8026-f08e-45d8-9817-1ccb3ddd59d3 3b293c07c492400cb59db1ce9e7553d8 ed4c7016fc284085ab37b972b1d4837c - - default default] 10.0.0.11 "POST /v2.0/security-group-rules HTTP/1.1" status: 201 len: 766 time: 0.2953856
2026-05-09 14:04:45.854 9 WARNING neutron.scheduler.dhcp_agent_scheduler [None req-449a6558-4684-4c37-8f93-1121827e3789 4ad7237a8e9f4e7082a63b6d0bdd159f ec79fa49d04349949be505d921c3d9b2 - - default default] No more DHCP agents /var/lib/openstack/lib/python3.10/site-packages/pycadf/identifier.py:71: UserWarning: Invalid uuid: neutron. To ensure interoperability, identifiers should be a valid uuid. warnings.warn(('Invalid uuid: %s. To ensure interoperability, '
2026-05-09 14:04:45.858 9 WARNING neutron_lib.context [None req-c5a74f62-f9fa-4325-a28c-86e2649cc932 3b293c07c492400cb59db1ce9e7553d8 ed4c7016fc284085ab37b972b1d4837c - - default default] Method 'is_advsvc' is deprecated since 2023.2 release (neutron-lib 3.8.0) and will be removed once support for the old RBAC API policies will be removed from Neutron. Please use method 'is_service_role' instead.
2026-05-09 14:04:45.862 9 WARNING neutron.api.rpc.agentnotifiers.dhcp_rpc_agent_api [None req-449a6558-4684-4c37-8f93-1121827e3789 4ad7237a8e9f4e7082a63b6d0bdd159f ec79fa49d04349949be505d921c3d9b2 - - default default] Unable to schedule network 8ac4a722-c660-4fdf-b079-74f7b23086da: no agents available; will retry on subsequent port and subnet creation events.
2026-05-09 14:04:45.965 9 INFO neutron.db.ovn_revision_numbers_db [None req-449a6558-4684-4c37-8f93-1121827e3789 4ad7237a8e9f4e7082a63b6d0bdd159f ec79fa49d04349949be505d921c3d9b2 - - default default] Successfully bumped revision number for resource f8254b09-15f8-429d-a9db-de46116b909b (type: ports) to 1
2026-05-09 14:04:45.973 10 INFO neutron.wsgi [req-e2ec754d-3e86-4a6d-aa5e-919b161998b9 req-4b0d3300-f26b-4ff5-9819-ec181b118372 de16c3326acd4fa1abf7a09debb0464d 19f759466e9746929e8d84f7d39be808 - - default default] 10.0.0.231 "GET /v2.0/ports?device_id=0e00c396-85d9-4aa4-9cd7-8504a61ebfc4 HTTP/1.1" status: 200 len: 1214 time: 0.0358291
2026-05-09 14:04:45.977 10 INFO neutron.db.ovn_revision_numbers_db [None req-f6c0b2ab-5aae-4205-b91e-d602f27d4a23 c18055fff73c4204b656f85b858dab28 426e9a3d095444059a96ce3f29e43870 - - default default] Successfully bumped revision number for resource a9ed3cb0-b7de-415a-baef-fb221296545b (type: security_groups) to 1
2026-05-09 14:04:45.987 9 INFO neutron.wsgi [None req-449a6558-4684-4c37-8f93-1121827e3789 4ad7237a8e9f4e7082a63b6d0bdd159f ec79fa49d04349949be505d921c3d9b2 - - default default] 10.0.0.11 "POST /v2.0/networks HTTP/1.1" status: 201 len: 831 time: 0.6725347
2026-05-09 14:04:45.998 9 WARNING neutron_lib.context [None req-35bd8918-4eef-4c18-8ef6-991faedc2413 4ad7237a8e9f4e7082a63b6d0bdd159f ec79fa49d04349949be505d921c3d9b2 - - default default] Method 'is_advsvc' is deprecated since 2023.2 release (neutron-lib 3.8.0) and will be removed once support for the old RBAC API policies will be removed from Neutron. Please use method 'is_service_role' instead.
2026-05-09 14:04:46.000 10 INFO neutron.db.ovn_revision_numbers_db [None req-f6c0b2ab-5aae-4205-b91e-d602f27d4a23 c18055fff73c4204b656f85b858dab28 426e9a3d095444059a96ce3f29e43870 - - default default] Successfully bumped revision number for resource 9545f042-cb3e-4294-aeff-9225a89d29d4 (type: security_group_rules) to 0
2026-05-09 14:04:46.024 10 INFO neutron.db.ovn_revision_numbers_db [None req-f6c0b2ab-5aae-4205-b91e-d602f27d4a23 c18055fff73c4204b656f85b858dab28 426e9a3d095444059a96ce3f29e43870 - - default default] Successfully bumped revision number for resource a8d4eed8-6ee5-46b2-9738-fe01e72ca6f1 (type: security_group_rules) to 0
2026-05-09 14:04:46.028 10 INFO neutron.wsgi [req-e2ec754d-3e86-4a6d-aa5e-919b161998b9 req-25fb2be9-2ea9-4ff7-a479-4acee3b0832c de16c3326acd4fa1abf7a09debb0464d 19f759466e9746929e8d84f7d39be808 - - default default] 10.0.0.231 "GET /v2.0/security-groups?id=f01686fc-d311-4c4f-a05d-e7aaaaf8f615&id=a5ae1a04-2661-4275-bc81-c767ed18ad86&fields=id&fields=name HTTP/1.1" status: 200 len: 406 time: 0.0472908
2026-05-09 14:04:46.034 9 INFO neutron.db.ovn_revision_numbers_db [None req-c5a74f62-f9fa-4325-a28c-86e2649cc932 3b293c07c492400cb59db1ce9e7553d8 ed4c7016fc284085ab37b972b1d4837c - - default default] Successfully bumped revision number for resource 5da6eae7-8290-4010-aa67-d3c852da3223 (type: security_group_rules) to 0
2026-05-09 14:04:46.039 10 INFO neutron.db.ovn_revision_numbers_db [None req-f6c0b2ab-5aae-4205-b91e-d602f27d4a23 c18055fff73c4204b656f85b858dab28 426e9a3d095444059a96ce3f29e43870 - - default default] Successfully bumped revision number for resource b495db5e-aed2-4448-813e-fa2d1dd75b5d (type: security_group_rules) to 0
2026-05-09 14:04:46.050 10 INFO neutron.db.ovn_revision_numbers_db [None req-f6c0b2ab-5aae-4205-b91e-d602f27d4a23 c18055fff73c4204b656f85b858dab28 426e9a3d095444059a96ce3f29e43870 - - default default] Successfully bumped revision number for resource b5dcc8e9-859d-4c82-802d-57ff6c42a3d0 (type: security_group_rules) to 0
2026-05-09 14:04:46.062 9 INFO neutron.wsgi [None req-c5a74f62-f9fa-4325-a28c-86e2649cc932 3b293c07c492400cb59db1ce9e7553d8 ed4c7016fc284085ab37b972b1d4837c - - default default] 10.0.0.11 "POST /v2.0/security-group-rules HTTP/1.1" status: 201 len: 768 time: 0.2089667
2026-05-09 14:04:46.071 10 WARNING neutron_lib.context [None req-36f96162-e2c6-442a-846c-5114090ae3fc 3b293c07c492400cb59db1ce9e7553d8 ed4c7016fc284085ab37b972b1d4837c - - default default] Method 'is_advsvc' is deprecated since 2023.2 release (neutron-lib 3.8.0) and will be removed once support for the old RBAC API policies will be removed from Neutron. Please use method 'is_service_role' instead.
2026-05-09 14:04:46.106 10 INFO neutron.db.segments_db [None req-f6c0b2ab-5aae-4205-b91e-d602f27d4a23 c18055fff73c4204b656f85b858dab28 426e9a3d095444059a96ce3f29e43870 - - default default] Added segment 55863b08-07a6-41f3-9509-e76c174517a9 of type geneve for network 1e449a20-fc5e-4c6e-953f-c85dabbbf187
2026-05-09 14:04:46.219 9 WARNING neutron.scheduler.dhcp_agent_scheduler [None req-35bd8918-4eef-4c18-8ef6-991faedc2413 4ad7237a8e9f4e7082a63b6d0bdd159f ec79fa49d04349949be505d921c3d9b2 - - default default] No more DHCP agents
2026-05-09 14:04:46.227 9 WARNING neutron.api.rpc.agentnotifiers.dhcp_rpc_agent_api [None req-35bd8918-4eef-4c18-8ef6-991faedc2413 4ad7237a8e9f4e7082a63b6d0bdd159f ec79fa49d04349949be505d921c3d9b2 - - default default] Unable to schedule network 8ac4a722-c660-4fdf-b079-74f7b23086da: no agents available; will retry on subsequent port and subnet creation events.
2026-05-09 14:04:46.262 10 INFO neutron.db.ovn_revision_numbers_db [None req-36f96162-e2c6-442a-846c-5114090ae3fc 3b293c07c492400cb59db1ce9e7553d8 ed4c7016fc284085ab37b972b1d4837c - - default default] Successfully bumped revision number for resource 50b5bf91-6aa2-49aa-91d6-8478c32c7fa1 (type: security_group_rules) to 0
2026-05-09 14:04:46.268 10 INFO neutron.db.ovn_revision_numbers_db [None req-f6c0b2ab-5aae-4205-b91e-d602f27d4a23 c18055fff73c4204b656f85b858dab28 426e9a3d095444059a96ce3f29e43870 - - default default] Successfully bumped revision number for resource 1e449a20-fc5e-4c6e-953f-c85dabbbf187 (type: networks) to 1
2026-05-09 14:04:46.302 9 INFO neutron.db.ovn_revision_numbers_db [None req-35bd8918-4eef-4c18-8ef6-991faedc2413 4ad7237a8e9f4e7082a63b6d0bdd159f ec79fa49d04349949be505d921c3d9b2 - - default default] Successfully bumped revision number for resource 37cf4d06-1567-4319-a3f4-6a24fa742803 (type: ports) to 1
2026-05-09 14:04:46.308 10 INFO neutron.wsgi [None req-36f96162-e2c6-442a-846c-5114090ae3fc 3b293c07c492400cb59db1ce9e7553d8 ed4c7016fc284085ab37b972b1d4837c - - default default] 10.0.0.11 "POST /v2.0/security-group-rules HTTP/1.1" status: 201 len: 768 time: 0.2410195 /var/lib/openstack/lib/python3.10/site-packages/pycadf/identifier.py:71: UserWarning: Invalid uuid: neutron. To ensure interoperability, identifiers should be a valid uuid. warnings.warn(('Invalid uuid: %s. To ensure interoperability, '
2026-05-09 14:04:46.319 9 WARNING neutron_lib.context [None req-916f8f3c-2c5d-40df-bfe5-acbc78cfa1a0 3b293c07c492400cb59db1ce9e7553d8 ed4c7016fc284085ab37b972b1d4837c - - default default] Method 'is_advsvc' is deprecated since 2023.2 release (neutron-lib 3.8.0) and will be removed once support for the old RBAC API policies will be removed from Neutron. Please use method 'is_service_role' instead.
2026-05-09 14:04:46.330 9 INFO neutron.wsgi [None req-35bd8918-4eef-4c18-8ef6-991faedc2413 4ad7237a8e9f4e7082a63b6d0bdd159f ec79fa49d04349949be505d921c3d9b2 - - default default] 10.0.0.11 "POST /v2.0/ports HTTP/1.1" status: 201 len: 942 time: 0.3371148
2026-05-09 14:04:46.338 9 WARNING neutron_lib.context [None req-f6163abe-c5e0-429b-bec4-6434f86a19ae 4ad7237a8e9f4e7082a63b6d0bdd159f ec79fa49d04349949be505d921c3d9b2 - - default default] Method 'is_advsvc' is deprecated since 2023.2 release (neutron-lib 3.8.0) and will be removed once support for the old RBAC API policies will be removed from Neutron. Please use method 'is_service_role' instead.
2026-05-09 14:04:46.460 10 WARNING neutron.scheduler.dhcp_agent_scheduler [None req-f6c0b2ab-5aae-4205-b91e-d602f27d4a23 c18055fff73c4204b656f85b858dab28 426e9a3d095444059a96ce3f29e43870 - - default default] No more DHCP agents
2026-05-09 14:04:46.461 10 WARNING neutron.api.rpc.agentnotifiers.dhcp_rpc_agent_api [None req-f6c0b2ab-5aae-4205-b91e-d602f27d4a23 c18055fff73c4204b656f85b858dab28 426e9a3d095444059a96ce3f29e43870 - - default default] Unable to schedule network 1e449a20-fc5e-4c6e-953f-c85dabbbf187: no agents available; will retry on subsequent port and subnet creation events.
2026-05-09 14:04:46.479 9 INFO neutron.db.ovn_revision_numbers_db [None req-916f8f3c-2c5d-40df-bfe5-acbc78cfa1a0 3b293c07c492400cb59db1ce9e7553d8 ed4c7016fc284085ab37b972b1d4837c - - default default] Successfully bumped revision number for resource 31e71e4b-6941-4ec0-999a-0f6c19692449 (type: security_group_rules) to 0
2026-05-09 14:04:46.480 9 INFO neutron.notifiers.nova [-] Nova event matching ['req-2415eedb-0269-4ec5-9d51-4f13015d6702'] response: {'server_uuid': '0e00c396-85d9-4aa4-9cd7-8504a61ebfc4', 'name': 'network-vif-plugged', 'status': 'completed', 'tag': '2448b46f-63a7-4821-87bf-7ea29cff45be', 'code': 200}
2026-05-09 14:04:46.481 9 INFO neutron.notifiers.nova [-] Nova event matching ['req-2415eedb-0269-4ec5-9d51-4f13015d6702'] response: {'server_uuid': '0e00c396-85d9-4aa4-9cd7-8504a61ebfc4', 'name': 'network-vif-plugged', 'status': 'completed', 'tag': '2448b46f-63a7-4821-87bf-7ea29cff45be', 'code': 200}
2026-05-09 14:04:46.521 9 INFO neutron.wsgi [None req-916f8f3c-2c5d-40df-bfe5-acbc78cfa1a0 3b293c07c492400cb59db1ce9e7553d8 ed4c7016fc284085ab37b972b1d4837c - - default default] 10.0.0.11 "POST /v2.0/security-group-rules HTTP/1.1" status: 201 len: 764 time: 0.2073674
2026-05-09 14:04:46.533 9 WARNING neutron_lib.context [None req-3185e0d3-1852-4f74-aa9e-37f3a58b3dcb 3b293c07c492400cb59db1ce9e7553d8 ed4c7016fc284085ab37b972b1d4837c - - default default] Method 'is_advsvc' is deprecated since 2023.2 release (neutron-lib 3.8.0) and will be removed once support for the old RBAC API policies will be removed from Neutron. Please use method 'is_service_role' instead.
2026-05-09 14:04:46.545 10 INFO neutron.db.ovn_revision_numbers_db [None req-f6c0b2ab-5aae-4205-b91e-d602f27d4a23 c18055fff73c4204b656f85b858dab28 426e9a3d095444059a96ce3f29e43870 - - default default] Successfully bumped revision number for resource fbf077b2-657c-42d9-a27e-afe45c2c0e1f (type: ports) to 1
2026-05-09 14:04:46.559 9 INFO neutron.wsgi [None req-f6163abe-c5e0-429b-bec4-6434f86a19ae 4ad7237a8e9f4e7082a63b6d0bdd159f ec79fa49d04349949be505d921c3d9b2 - - default default] 10.0.0.11 "POST /v2.0/trunks HTTP/1.1" status: 201 len: 608 time: 0.2256322
2026-05-09 14:04:46.571 10 INFO neutron.wsgi [None req-f6c0b2ab-5aae-4205-b91e-d602f27d4a23 c18055fff73c4204b656f85b858dab28 426e9a3d095444059a96ce3f29e43870 - - default default] 10.0.0.11 "POST /v2.0/networks HTTP/1.1" status: 201 len: 830 time: 0.8994644
2026-05-09 14:04:46.576 10 WARNING neutron_lib.context [None req-0ac09e28-b7cd-43f5-a1e4-9f0de1f1bb96 4ad7237a8e9f4e7082a63b6d0bdd159f ec79fa49d04349949be505d921c3d9b2 - - default default] Method 'is_advsvc' is deprecated since 2023.2 release (neutron-lib 3.8.0) and will be removed once support for the old RBAC API policies will be removed from Neutron. Please use method 'is_service_role' instead.
2026-05-09 14:04:46.587 10 WARNING neutron_lib.context [None req-1d4ccd08-7bce-45b5-8e34-ba040efff4fc c18055fff73c4204b656f85b858dab28 426e9a3d095444059a96ce3f29e43870 - - default default] Method 'is_advsvc' is deprecated since 2023.2 release (neutron-lib 3.8.0) and will be removed once support for the old RBAC API policies will be removed from Neutron. Please use method 'is_service_role' instead.
2026-05-09 14:04:46.650 9 INFO neutron.db.ovn_revision_numbers_db [None req-3185e0d3-1852-4f74-aa9e-37f3a58b3dcb 3b293c07c492400cb59db1ce9e7553d8 ed4c7016fc284085ab37b972b1d4837c - - default default] Successfully bumped revision number for resource abb94d0d-fedb-40c4-8f84-6748dce6f880 (type: security_group_rules) to 0
2026-05-09 14:04:46.683 9 INFO neutron.wsgi [None req-3185e0d3-1852-4f74-aa9e-37f3a58b3dcb 3b293c07c492400cb59db1ce9e7553d8 ed4c7016fc284085ab37b972b1d4837c - - default default] 10.0.0.11 "POST /v2.0/security-group-rules HTTP/1.1" status: 201 len: 764 time: 0.1575749
2026-05-09 14:04:46.694 9 WARNING neutron_lib.context [None req-8b9baa05-79a8-4e6f-942e-3d6c6fc7b771 3b293c07c492400cb59db1ce9e7553d8 ed4c7016fc284085ab37b972b1d4837c - - default default] Method 'is_advsvc' is deprecated since 2023.2 release (neutron-lib 3.8.0) and will be removed once support for the old RBAC API policies will be removed from Neutron. Please use method 'is_service_role' instead.
2026-05-09 14:04:46.698 10 INFO neutron.db.segments_db [None req-0ac09e28-b7cd-43f5-a1e4-9f0de1f1bb96 4ad7237a8e9f4e7082a63b6d0bdd159f ec79fa49d04349949be505d921c3d9b2 - - default default] Added segment 88b82d29-0b55-4778-a7a2-0fcb000a8a74 of type geneve for network 1faa3604-efe3-444c-a249-86d73b21be57
2026-05-09 14:04:46.843 9 INFO neutron.db.ovn_revision_numbers_db [None req-8b9baa05-79a8-4e6f-942e-3d6c6fc7b771 3b293c07c492400cb59db1ce9e7553d8 ed4c7016fc284085ab37b972b1d4837c - - default default] Successfully bumped revision number for resource cb15d6b0-d71f-400c-9536-19b379b2e756 (type: security_group_rules) to 0
2026-05-09 14:04:46.879 9 INFO neutron.wsgi [None req-8b9baa05-79a8-4e6f-942e-3d6c6fc7b771 3b293c07c492400cb59db1ce9e7553d8 ed4c7016fc284085ab37b972b1d4837c - - default default] 10.0.0.11 "POST /v2.0/security-group-rules HTTP/1.1" status: 201 len: 764 time: 0.1905339
2026-05-09 14:04:46.894 9 WARNING neutron_lib.context [None req-8f79e3a3-f25a-44b7-82d1-2982dc20ef4e 3b293c07c492400cb59db1ce9e7553d8 ed4c7016fc284085ab37b972b1d4837c - - default default] Method 'is_advsvc' is deprecated since 2023.2 release (neutron-lib 3.8.0) and will be removed once support for the old RBAC API policies will be removed from Neutron. Please use method 'is_service_role' instead.
2026-05-09 14:04:46.907 10 INFO neutron.db.ovn_revision_numbers_db [None req-0ac09e28-b7cd-43f5-a1e4-9f0de1f1bb96 4ad7237a8e9f4e7082a63b6d0bdd159f ec79fa49d04349949be505d921c3d9b2 - - default default] Successfully bumped revision number for resource 1faa3604-efe3-444c-a249-86d73b21be57 (type: networks) to 1
2026-05-09 14:04:46.951 10 WARNING neutron.scheduler.dhcp_agent_scheduler [None req-1d4ccd08-7bce-45b5-8e34-ba040efff4fc c18055fff73c4204b656f85b858dab28 426e9a3d095444059a96ce3f29e43870 - - default default] No more DHCP agents
2026-05-09 14:04:46.958 10 WARNING neutron.api.rpc.agentnotifiers.dhcp_rpc_agent_api [None req-1d4ccd08-7bce-45b5-8e34-ba040efff4fc c18055fff73c4204b656f85b858dab28 426e9a3d095444059a96ce3f29e43870 - - default default] Unable to schedule network 1e449a20-fc5e-4c6e-953f-c85dabbbf187: no agents available; will retry on subsequent port and subnet creation events.
2026-05-09 14:04:47.153 10 INFO neutron.wsgi [req-6a3c8e23-90af-4c66-904d-dafdc88e76ad req-976f059b-58b3-47b3-834c-588fa6b73988 de16c3326acd4fa1abf7a09debb0464d 19f759466e9746929e8d84f7d39be808 - - default default] 10.0.0.231 "GET /v2.0/ports?device_id=0e00c396-85d9-4aa4-9cd7-8504a61ebfc4 HTTP/1.1" status: 200 len: 1214 time: 0.0612195
2026-05-09 14:04:47.168 10 WARNING neutron.scheduler.dhcp_agent_scheduler [None req-0ac09e28-b7cd-43f5-a1e4-9f0de1f1bb96 4ad7237a8e9f4e7082a63b6d0bdd159f ec79fa49d04349949be505d921c3d9b2 - - default default] No more DHCP agents
2026-05-09 14:04:47.179 10 WARNING neutron.api.rpc.agentnotifiers.dhcp_rpc_agent_api [None req-0ac09e28-b7cd-43f5-a1e4-9f0de1f1bb96 4ad7237a8e9f4e7082a63b6d0bdd159f ec79fa49d04349949be505d921c3d9b2 - - default default] Unable to schedule network 1faa3604-efe3-444c-a249-86d73b21be57: no agents available; will retry on subsequent port and subnet creation events.
2026-05-09 14:04:47.244 10 INFO neutron.wsgi [req-6a3c8e23-90af-4c66-904d-dafdc88e76ad req-c2fd2575-074b-499e-99ca-13dacc6cdc22 de16c3326acd4fa1abf7a09debb0464d 19f759466e9746929e8d84f7d39be808 - - default default] 10.0.0.231 "GET /v2.0/security-groups?id=f01686fc-d311-4c4f-a05d-e7aaaaf8f615&id=a5ae1a04-2661-4275-bc81-c767ed18ad86&fields=id&fields=name HTTP/1.1" status: 200 len: 406 time: 0.0857806
2026-05-09 14:04:47.300 9 INFO neutron.db.ovn_revision_numbers_db [None req-8f79e3a3-f25a-44b7-82d1-2982dc20ef4e 3b293c07c492400cb59db1ce9e7553d8 ed4c7016fc284085ab37b972b1d4837c - - default default] Successfully bumped revision number for resource efc0d40f-21f7-4b8d-bcb1-959e8641d732 (type: security_group_rules) to 0
2026-05-09 14:04:47.309 10 INFO neutron.db.ovn_revision_numbers_db [None req-0ac09e28-b7cd-43f5-a1e4-9f0de1f1bb96 4ad7237a8e9f4e7082a63b6d0bdd159f ec79fa49d04349949be505d921c3d9b2 - - default default] Successfully bumped revision number for resource 614986e1-31fc-4a20-8e2b-ce476f384f3b (type: ports) to 1
2026-05-09 14:04:47.337 10 INFO neutron.wsgi [None req-0ac09e28-b7cd-43f5-a1e4-9f0de1f1bb96 4ad7237a8e9f4e7082a63b6d0bdd159f ec79fa49d04349949be505d921c3d9b2 - - default default] 10.0.0.11 "POST /v2.0/networks HTTP/1.1" status: 201 len: 831 time: 0.7686515
2026-05-09 14:04:47.340 9 INFO neutron.wsgi [None req-8f79e3a3-f25a-44b7-82d1-2982dc20ef4e 3b293c07c492400cb59db1ce9e7553d8 ed4c7016fc284085ab37b972b1d4837c - - default default] 10.0.0.11 "POST /v2.0/security-group-rules HTTP/1.1" status: 201 len: 766 time: 0.4516494
2026-05-09 14:04:47.345 9 WARNING neutron_lib.context [None req-c9b96568-6edb-4cec-a61a-2cb3ca95cf4c 4ad7237a8e9f4e7082a63b6d0bdd159f ec79fa49d04349949be505d921c3d9b2 - - default default] Method 'is_advsvc' is deprecated since 2023.2 release (neutron-lib 3.8.0) and will be removed once support for the old RBAC API policies will be removed from Neutron. Please use method 'is_service_role' instead.
2026-05-09 14:04:47.352 10 WARNING neutron_lib.context [None req-42f5edb9-ee66-429e-8e2f-e51855c274a4 3b293c07c492400cb59db1ce9e7553d8 ed4c7016fc284085ab37b972b1d4837c - - default default] Method 'is_advsvc' is deprecated since 2023.2 release (neutron-lib 3.8.0) and will be removed once support for the old RBAC API policies will be removed from Neutron. Please use method 'is_service_role' instead.
2026-05-09 14:04:47.413 9 INFO neutron.wsgi [req-03caccc1-8b48-48a9-b87a-1c27b30bd3bf req-a4c01767-69d5-4143-ac79-4648ec8eb308 de16c3326acd4fa1abf7a09debb0464d 19f759466e9746929e8d84f7d39be808 - - default default] 10.0.0.231 "GET /v2.0/ports?device_id=0e00c396-85d9-4aa4-9cd7-8504a61ebfc4 HTTP/1.1" status: 200 len: 1214 time: 0.1086566
2026-05-09 14:04:47.544 10 INFO neutron.db.ovn_revision_numbers_db [None req-42f5edb9-ee66-429e-8e2f-e51855c274a4 3b293c07c492400cb59db1ce9e7553d8 ed4c7016fc284085ab37b972b1d4837c - - default default] Successfully bumped revision number for resource 86bb1a51-794c-4daf-afb0-bfb8071ed5d8 (type: security_group_rules) to 0
2026-05-09 14:04:47.583 10 INFO neutron.wsgi [None req-42f5edb9-ee66-429e-8e2f-e51855c274a4 3b293c07c492400cb59db1ce9e7553d8 ed4c7016fc284085ab37b972b1d4837c - - default default] 10.0.0.11 "POST /v2.0/security-group-rules HTTP/1.1" status: 201 len: 768 time: 0.2369502
2026-05-09 14:04:47.592 9 WARNING neutron_lib.context [None req-c6de1986-b49c-44e4-b047-088641025371 3b293c07c492400cb59db1ce9e7553d8 ed4c7016fc284085ab37b972b1d4837c - - default default] Method 'is_advsvc' is deprecated since 2023.2 release (neutron-lib 3.8.0) and will be removed once support for the old RBAC API policies will be removed from Neutron. Please use method 'is_service_role' instead.
2026-05-09 14:04:47.595 10 WARNING neutron.plugins.ml2.drivers.ovn.mech_driver.ovsdb.ovn_client [None req-10273ac3-c27f-4488-ae81-b8b2ed9c7008 - - - - - -] No hosting information found for port f9a909e5-27da-4b0a-bb28-63fd74e9dcf6: RuntimeError: No hosting information found for port f9a909e5-27da-4b0a-bb28-63fd74e9dcf6
2026-05-09 14:04:47.595 10 INFO neutron.plugins.ml2.drivers.ovn.mech_driver.mech_driver [None req-10273ac3-c27f-4488-ae81-b8b2ed9c7008 - - - - - -] OVN reports status up for port: 21970ed9-0079-41d4-ac43-7fcc23113334
2026-05-09 14:04:47.608 10 INFO neutron.plugins.ml2.plugin [None req-10273ac3-c27f-4488-ae81-b8b2ed9c7008 - - - - - -] Attempt 1 to provision port 21970ed9-0079-41d4-ac43-7fcc23113334
2026-05-09 14:04:47.673 10 INFO neutron.db.ovn_revision_numbers_db [None req-1d4ccd08-7bce-45b5-8e34-ba040efff4fc c18055fff73c4204b656f85b858dab28 426e9a3d095444059a96ce3f29e43870 - - default default] Successfully bumped revision number for resource fbf077b2-657c-42d9-a27e-afe45c2c0e1f (type: ports) to 2
2026-05-09 14:04:47.726 10 INFO neutron.db.ovn_revision_numbers_db [None req-1d4ccd08-7bce-45b5-8e34-ba040efff4fc c18055fff73c4204b656f85b858dab28 426e9a3d095444059a96ce3f29e43870 - - default default] Successfully bumped revision number for resource cf9a6763-3ec9-4e69-b505-8b518e82c618 (type: subnets) to 0
2026-05-09 14:04:47.747 10 INFO neutron.wsgi [None req-1d4ccd08-7bce-45b5-8e34-ba040efff4fc c18055fff73c4204b656f85b858dab28 426e9a3d095444059a96ce3f29e43870 - - default default] 10.0.0.11 "POST /v2.0/subnets HTTP/1.1" status: 201 len: 801 time: 1.1666319
2026-05-09 14:04:47.760 9 WARNING neutron.scheduler.dhcp_agent_scheduler [None req-c9b96568-6edb-4cec-a61a-2cb3ca95cf4c 4ad7237a8e9f4e7082a63b6d0bdd159f ec79fa49d04349949be505d921c3d9b2 - - default default] No more DHCP agents
2026-05-09 14:04:47.766 9 WARNING neutron.api.rpc.agentnotifiers.dhcp_rpc_agent_api [None req-c9b96568-6edb-4cec-a61a-2cb3ca95cf4c 4ad7237a8e9f4e7082a63b6d0bdd159f ec79fa49d04349949be505d921c3d9b2 - - default default] Unable to schedule network 1faa3604-efe3-444c-a249-86d73b21be57: no agents available; will retry on subsequent port and subnet creation events.
2026-05-09 14:04:47.840 10 INFO neutron.wsgi [None req-0a9db703-5ffc-4d55-9cbd-4a98e400c41d c18055fff73c4204b656f85b858dab28 426e9a3d095444059a96ce3f29e43870 - - default default] 10.0.0.11 "PUT /v2.0/subnets/cf9a6763-3ec9-4e69-b505-8b518e82c618/tags HTTP/1.1" status: 200 len: 218 time: 0.0849783 /var/lib/openstack/lib/python3.10/site-packages/pycadf/identifier.py:71: UserWarning: Invalid uuid: neutron. To ensure interoperability, identifiers should be a valid uuid. warnings.warn(('Invalid uuid: %s. To ensure interoperability, '
2026-05-09 14:04:47.862 9 INFO neutron.db.l3_db [None req-37652771-1e1d-48ec-a2e0-29328d97388e de16c3326acd4fa1abf7a09debb0464d 19f759466e9746929e8d84f7d39be808 - - default default] Floating IP 68c980d6-1b65-4703-b015-a523eb80d1c3 associated. External IP: 10.96.250.212, port: 2448b46f-63a7-4821-87bf-7ea29cff45be.
2026-05-09 14:04:47.964 10 INFO neutron.db.ovn_revision_numbers_db [None req-10273ac3-c27f-4488-ae81-b8b2ed9c7008 - - - - - -] Successfully bumped revision number for resource 21970ed9-0079-41d4-ac43-7fcc23113334 (type: ports) to 2
2026-05-09 14:04:47.985 9 INFO neutron.wsgi [None req-a85ea446-3447-405e-becb-dd894e98869b c18055fff73c4204b656f85b858dab28 426e9a3d095444059a96ce3f29e43870 - - default default] 10.0.0.11 "GET /v2.0/subnets/cf9a6763-3ec9-4e69-b505-8b518e82c618/tags HTTP/1.1" status: 200 len: 218 time: 0.1378837
2026-05-09 14:04:48.003 9 INFO neutron.db.ovn_revision_numbers_db [None req-c9b96568-6edb-4cec-a61a-2cb3ca95cf4c 4ad7237a8e9f4e7082a63b6d0bdd159f ec79fa49d04349949be505d921c3d9b2 - - default default] Successfully bumped revision number for resource f53102c1-174c-4ee9-aefc-384c160cb4eb (type: ports) to 1
2026-05-09 14:04:48.009 9 INFO neutron.db.ovn_revision_numbers_db [None req-c6de1986-b49c-44e4-b047-088641025371 3b293c07c492400cb59db1ce9e7553d8 ed4c7016fc284085ab37b972b1d4837c - - default default] Successfully bumped revision number for resource 05babdab-a7f0-4ef0-af10-c43542d18cdc (type: security_group_rules) to 0
2026-05-09 14:04:48.059 9 INFO neutron.wsgi [None req-c9b96568-6edb-4cec-a61a-2cb3ca95cf4c 4ad7237a8e9f4e7082a63b6d0bdd159f ec79fa49d04349949be505d921c3d9b2 - - default default] 10.0.0.11 "POST /v2.0/ports HTTP/1.1" status: 201 len: 942 time: 0.7177265
2026-05-09 14:04:48.067 9 INFO neutron.wsgi [None req-c6de1986-b49c-44e4-b047-088641025371 3b293c07c492400cb59db1ce9e7553d8 ed4c7016fc284085ab37b972b1d4837c - - default default] 10.0.0.11 "POST /v2.0/security-group-rules HTTP/1.1" status: 201 len: 764 time: 0.4792595
2026-05-09 14:04:48.069 10 WARNING neutron_lib.context [None req-5eb2ef45-554c-4b37-803b-65f505302edb 4ad7237a8e9f4e7082a63b6d0bdd159f ec79fa49d04349949be505d921c3d9b2 - - default default] Method 'is_advsvc' is deprecated since 2023.2 release (neutron-lib 3.8.0) and will be removed once support for the old RBAC API policies will be removed from Neutron. Please use method 'is_service_role' instead.
2026-05-09 14:04:48.074 10 INFO neutron.db.ovn_revision_numbers_db [None req-10273ac3-c27f-4488-ae81-b8b2ed9c7008 - - - - - -] Successfully bumped revision number for resource 21970ed9-0079-41d4-ac43-7fcc23113334 (type: router_ports) to 2
2026-05-09 14:04:48.079 10 INFO neutron.wsgi [None req-badb92ae-31da-45df-a6eb-412aa5998773 c18055fff73c4204b656f85b858dab28 426e9a3d095444059a96ce3f29e43870 - - default default] 10.0.0.11 "PUT /v2.0/subnets/cf9a6763-3ec9-4e69-b505-8b518e82c618/tags/green HTTP/1.1" status: 201 len: 201 time: 0.0854316
2026-05-09 14:04:48.131 9 INFO neutron.wsgi [None req-093a3249-6f58-4a08-929b-3598a0cc0ef7 c18055fff73c4204b656f85b858dab28 426e9a3d095444059a96ce3f29e43870 - - default default] 10.0.0.11 "GET /v2.0/subnets/cf9a6763-3ec9-4e69-b505-8b518e82c618/tags HTTP/1.1" status: 200 len: 227 time: 0.0466607
2026-05-09 14:04:48.224 9 INFO neutron.wsgi [None req-1ab7a9fb-bf5a-4401-b457-9a681f890ad7 c18055fff73c4204b656f85b858dab28 426e9a3d095444059a96ce3f29e43870 - - default default] 10.0.0.11 "PUT /v2.0/subnets/cf9a6763-3ec9-4e69-b505-8b518e82c618/tags/red HTTP/1.1" status: 201 len: 201 time: 0.0877280 /var/lib/openstack/lib/python3.10/site-packages/pycadf/identifier.py:71: UserWarning: Invalid uuid: neutron. To ensure interoperability, identifiers should be a valid uuid. warnings.warn(('Invalid uuid: %s. To ensure interoperability, '
2026-05-09 14:04:48.247 9 INFO neutron.db.ovn_revision_numbers_db [None req-37652771-1e1d-48ec-a2e0-29328d97388e de16c3326acd4fa1abf7a09debb0464d 19f759466e9746929e8d84f7d39be808 - - default default] Successfully bumped revision number for resource 68c980d6-1b65-4703-b015-a523eb80d1c3 (type: floatingips) to 1
2026-05-09 14:04:48.281 9 INFO neutron.wsgi [None req-488ee5b8-5866-4ccf-bb02-5dc084ac96cb c18055fff73c4204b656f85b858dab28 426e9a3d095444059a96ce3f29e43870 - - default default] 10.0.0.11 "GET /v2.0/subnets/cf9a6763-3ec9-4e69-b505-8b518e82c618/tags HTTP/1.1" status: 200 len: 227 time: 0.0513380
2026-05-09 14:04:48.325 10 INFO neutron.wsgi [None req-5eb2ef45-554c-4b37-803b-65f505302edb 4ad7237a8e9f4e7082a63b6d0bdd159f ec79fa49d04349949be505d921c3d9b2 - - default default] 10.0.0.11 "POST /v2.0/trunks HTTP/1.1" status: 201 len: 608 time: 0.2604544
2026-05-09 14:04:48.346 10 INFO neutron.wsgi [req-3c32cc96-a0b8-40a5-a105-68538be0353e req-c3c5efdb-0f99-4b54-afa4-d1580ad243a9 3b293c07c492400cb59db1ce9e7553d8 ed4c7016fc284085ab37b972b1d4837c - - default default] 10.0.0.231 "GET /v2.0/security-groups?name=tempest-lb_member_SG-1260675409&fields=id&tenant_id=ed4c7016fc284085ab37b972b1d4837c HTTP/1.1" status: 200 len: 267 time: 0.0455668
2026-05-09 14:04:48.364 9 INFO neutron.wsgi [None req-e7db768b-35be-4392-a66c-256246ee906e c18055fff73c4204b656f85b858dab28 426e9a3d095444059a96ce3f29e43870 - - default default] 10.0.0.11 "PUT /v2.0/subnets/cf9a6763-3ec9-4e69-b505-8b518e82c618/tags/black.or.white HTTP/1.1" status: 201 len: 201 time: 0.0782607
2026-05-09 14:04:48.368 10 INFO neutron.wsgi [None req-00c11765-79c5-4b35-8566-3f173d43bf47 4ad7237a8e9f4e7082a63b6d0bdd159f ec79fa49d04349949be505d921c3d9b2 - - default default] 10.0.0.11 "PUT /v2.0/trunks/47fa015c-c48d-4afc-bf2f-80bbbe84c4ca/tags HTTP/1.1" status: 200 len: 210 time: 0.0374272
2026-05-09 14:04:48.385 9 INFO neutron.db.ovn_revision_numbers_db [None req-37652771-1e1d-48ec-a2e0-29328d97388e de16c3326acd4fa1abf7a09debb0464d 19f759466e9746929e8d84f7d39be808 - - default default] Successfully bumped revision number for resource 68c980d6-1b65-4703-b015-a523eb80d1c3 (type: floatingips) to 2
2026-05-09 14:04:48.415 10 INFO neutron.wsgi [None req-2e75d5d9-1888-48c1-90af-6ac3cc4f1de7 4ad7237a8e9f4e7082a63b6d0bdd159f ec79fa49d04349949be505d921c3d9b2 - - default default] 10.0.0.11 "PUT /v2.0/trunks/727e02a9-1fd3-455a-b361-b8300613cf26/tags HTTP/1.1" status: 200 len: 218 time: 0.0420656
2026-05-09 14:04:48.420 10 INFO neutron.wsgi [req-3c32cc96-a0b8-40a5-a105-68538be0353e req-6763b0ca-5f9e-4e89-a167-5dc3f2427244 3b293c07c492400cb59db1ce9e7553d8 ed4c7016fc284085ab37b972b1d4837c - - default default] 10.0.0.231 "GET /v2.0/networks?id=ba1d6a94-e271-463e-a0c8-8ae985fd2874 HTTP/1.1" status: 200 len: 904 time: 0.0676141
2026-05-09 14:04:48.443 10 INFO neutron.wsgi [req-3c32cc96-a0b8-40a5-a105-68538be0353e req-67cfdc1e-7d2b-4997-8537-10c096dde6f3 3b293c07c492400cb59db1ce9e7553d8 ed4c7016fc284085ab37b972b1d4837c - - default default] 10.0.0.231 "GET /v2.0/quotas/ed4c7016fc284085ab37b972b1d4837c HTTP/1.1" status: 200 len: 386 time: 0.0135791
2026-05-09 14:04:48.458 10 INFO neutron.wsgi [None req-f6078d2d-d99a-442c-8b7f-a4ec28630b29 4ad7237a8e9f4e7082a63b6d0bdd159f ec79fa49d04349949be505d921c3d9b2 - - default default] 10.0.0.11 "PUT /v2.0/trunks/a778bbf1-e198-4eb7-a930-b6a8e9a323ac/tags HTTP/1.1" status: 200 len: 227 time: 0.0374322
2026-05-09 14:04:48.512 10 INFO neutron.wsgi [None req-92b66f75-c442-4676-bbf5-f8b71efdf4d2 4ad7237a8e9f4e7082a63b6d0bdd159f ec79fa49d04349949be505d921c3d9b2 - - default default] 10.0.0.11 "PUT /v2.0/trunks/00df6b48-38a6-4cbc-8c89-f8bdf6582800/tags HTTP/1.1" status: 200 len: 212 time: 0.0465007
2026-05-09 14:04:48.552 10 INFO neutron.wsgi [None req-5c735b80-6169-4567-a0a4-5e2636de62e5 4ad7237a8e9f4e7082a63b6d0bdd159f ec79fa49d04349949be505d921c3d9b2 - - default default] 10.0.0.11 "GET /v2.0/trunks?tags=red HTTP/1.1" status: 200 len: 1447 time: 0.0287714
2026-05-09 14:04:48.589 10 INFO neutron.wsgi [None req-260a2e74-2abb-4934-83d0-78fb7a48ab42 4ad7237a8e9f4e7082a63b6d0bdd159f ec79fa49d04349949be505d921c3d9b2 - - default default] 10.0.0.11 "GET /v2.0/trunks?tags=red%2Cblue HTTP/1.1" status: 200 len: 1041 time: 0.0321221
2026-05-09 14:04:48.637 10 INFO neutron.wsgi [None req-e048a7f7-8fd8-4baf-9989-8bd948c43b63 4ad7237a8e9f4e7082a63b6d0bdd159f ec79fa49d04349949be505d921c3d9b2 - - default default] 10.0.0.11 "GET /v2.0/trunks?tags-any=blue HTTP/1.1" status: 200 len: 1041 time: 0.0427001
2026-05-09 14:04:48.652 9 INFO neutron.wsgi [None req-9aeb7eea-ff43-4e3f-93f5-5200cbfa87fa c18055fff73c4204b656f85b858dab28 426e9a3d095444059a96ce3f29e43870 - - default default] 10.0.0.11 "GET /v2.0/subnets/cf9a6763-3ec9-4e69-b505-8b518e82c618/tags HTTP/1.1" status: 200 len: 245 time: 0.2826073
2026-05-09 14:04:48.653 9 INFO neutron.wsgi [None req-37652771-1e1d-48ec-a2e0-29328d97388e de16c3326acd4fa1abf7a09debb0464d 19f759466e9746929e8d84f7d39be808 - - default default] 10.0.0.11 "PUT /v2.0/floatingips/68c980d6-1b65-4703-b015-a523eb80d1c3 HTTP/1.1" status: 200 len: 1050 time: 1.2285516
2026-05-09 14:04:48.683 10 INFO neutron.wsgi [None req-bb7182ef-55eb-45a2-a92f-1a879e67fc08 4ad7237a8e9f4e7082a63b6d0bdd159f ec79fa49d04349949be505d921c3d9b2 - - default default] 10.0.0.11 "GET /v2.0/trunks?tags-any=red%2Cblue HTTP/1.1" status: 200 len: 1447 time: 0.0398064
2026-05-09 14:04:48.687 9 INFO neutron.notifiers.nova [-] Nova event matching ['req-b8ec1dda-af8c-4f8a-8110-bf2e4dc9e928'] response: {'name': 'network-changed', 'server_uuid': '0e00c396-85d9-4aa4-9cd7-8504a61ebfc4', 'tag': '2448b46f-63a7-4821-87bf-7ea29cff45be', 'status': 'completed', 'code': 200}
2026-05-09 14:04:48.719 9 INFO neutron.wsgi [None req-bade30d6-b991-4ceb-bcb8-a81430f38e6b 4ad7237a8e9f4e7082a63b6d0bdd159f ec79fa49d04349949be505d921c3d9b2 - - default default] 10.0.0.11 "GET /v2.0/trunks?not-tags=red HTTP/1.1" status: 200 len: 1013 time: 0.0293517
2026-05-09 14:04:48.745 9 INFO neutron.wsgi [req-eb5f9b69-9e28-4ef2-9304-35cd8fb8905c req-20f7d9fe-15cb-445f-b31a-6c25b1aca692 4b67dcd5aa72433a9c9c51e3f8259e4c 30a8bedc6d464f10999e32b385c716fd - - d811e5d5de204ad2864da0e08373b371 d811e5d5de204ad2864da0e08373b371] 199.204.45.157 "GET /v2.0/ports?tenant_id=19f759466e9746929e8d84f7d39be808&device_id=0e00c396-85d9-4aa4-9cd7-8504a61ebfc4 HTTP/1.1" status: 200 len: 1452 time: 0.0377409
2026-05-09 14:04:48.753 10 INFO neutron.wsgi [None req-6a4b8745-ebd0-4405-8ca4-f3a0466f2f05 c18055fff73c4204b656f85b858dab28 426e9a3d095444059a96ce3f29e43870 - - default default] 10.0.0.11 "PUT /v2.0/subnets/cf9a6763-3ec9-4e69-b505-8b518e82c618/tags HTTP/1.1" status: 200 len: 230 time: 0.0934732
2026-05-09 14:04:48.756 10 INFO neutron.wsgi [req-3c32cc96-a0b8-40a5-a105-68538be0353e req-11f6b515-86b6-48a7-aa6e-8390142166c0 3b293c07c492400cb59db1ce9e7553d8 ed4c7016fc284085ab37b972b1d4837c - - default default] 10.0.0.231 "GET /v2.0/ports?tenant_id=ed4c7016fc284085ab37b972b1d4837c&fields=id HTTP/1.1" status: 200 len: 486 time: 0.3058865
2026-05-09 14:04:48.759 10 INFO neutron.wsgi [None req-ba9ee428-9d9d-48ec-8777-25570800f881 4ad7237a8e9f4e7082a63b6d0bdd159f ec79fa49d04349949be505d921c3d9b2 - - default default] 10.0.0.11 "GET /v2.0/trunks?not-tags=red%2Cblue HTTP/1.1" status: 200 len: 1419 time: 0.0339611
2026-05-09 14:04:48.791 9 INFO neutron.wsgi [None req-280f8f6c-1990-43ba-b53d-affd4a8475fd 4ad7237a8e9f4e7082a63b6d0bdd159f ec79fa49d04349949be505d921c3d9b2 - - default default] 10.0.0.11 "GET /v2.0/trunks?not-tags-any=blue HTTP/1.1" status: 200 len: 1419 time: 0.0270193
2026-05-09 14:04:48.811 10 INFO neutron.wsgi [None req-6d109083-77b6-41c3-ac90-aa665e8ef0f4 c18055fff73c4204b656f85b858dab28 426e9a3d095444059a96ce3f29e43870 - - default default] 10.0.0.11 "GET /v2.0/subnets/cf9a6763-3ec9-4e69-b505-8b518e82c618/tags HTTP/1.1" status: 200 len: 230 time: 0.0515661
2026-05-09 14:04:48.827 10 INFO neutron.wsgi [None req-57661fd7-2a72-450b-995f-9417713c9040 4ad7237a8e9f4e7082a63b6d0bdd159f ec79fa49d04349949be505d921c3d9b2 - - default default] 10.0.0.11 "GET /v2.0/trunks?not-tags-any=red%2Cblue HTTP/1.1" status: 200 len: 1013 time: 0.0287442
