2026-05-09 14:01:55.911 10 INFO neutron.wsgi [req-7d7968d9-79b1-4b51-a02a-94017722f850 req-14948bf8-73ae-4990-b1b0-a8ddb0dd548a 4b67dcd5aa72433a9c9c51e3f8259e4c 30a8bedc6d464f10999e32b385c716fd - - d811e5d5de204ad2864da0e08373b371 d811e5d5de204ad2864da0e08373b371] 199.204.45.157 "GET /v2.0/subnets?id=326ed53d-118b-498e-9390-775e163e2c40 HTTP/1.1" status: 200 len: 876 time: 0.0366502
2026-05-09 14:01:55.942 10 INFO neutron.wsgi [req-7d7968d9-79b1-4b51-a02a-94017722f850 req-4b211b82-7cb5-4d6c-8db3-51680e64877e 4b67dcd5aa72433a9c9c51e3f8259e4c 30a8bedc6d464f10999e32b385c716fd - - d811e5d5de204ad2864da0e08373b371 d811e5d5de204ad2864da0e08373b371] 199.204.45.157 "GET /v2.0/ports?network_id=56cf85b4-fad8-4d88-a58e-b56aee00d4f8&device_owner=network%3Adhcp HTTP/1.1" status: 200 len: 210 time: 0.0224845
2026-05-09 14:01:55.956 9 INFO neutron.wsgi [req-ffb06ea2-dbe3-49df-ac69-74a82327ad3c req-675838bb-cb9e-4483-9a28-bc9a7d295886 ab5d0ebfd29548888bf152ff3c373d21 2c4db834d77a4112975146bf972d7763 - - default default] 10.0.0.231 "GET /v2.0/networks?id=2051025e-2bb5-43d4-94a3-25d133999d82 HTTP/1.1" status: 200 len: 869 time: 0.1015906
2026-05-09 14:01:55.980 9 INFO neutron.wsgi [req-ffb06ea2-dbe3-49df-ac69-74a82327ad3c req-de132203-29da-4bc1-8f3c-192d8eb24c84 ab5d0ebfd29548888bf152ff3c373d21 2c4db834d77a4112975146bf972d7763 - - default default] 10.0.0.231 "GET /v2.0/quotas/2c4db834d77a4112975146bf972d7763 HTTP/1.1" status: 200 len: 386 time: 0.0138302
2026-05-09 14:01:56.025 10 INFO neutron.wsgi [req-7d7968d9-79b1-4b51-a02a-94017722f850 req-e31c5d20-06b0-4496-aed9-aaf6f831f32e 4b67dcd5aa72433a9c9c51e3f8259e4c 30a8bedc6d464f10999e32b385c716fd - - d811e5d5de204ad2864da0e08373b371 d811e5d5de204ad2864da0e08373b371] 199.204.45.157 "GET /v2.0/networks/56cf85b4-fad8-4d88-a58e-b56aee00d4f8?fields=segments HTTP/1.1" status: 200 len: 212 time: 0.0647409
2026-05-09 14:01:56.089 9 INFO neutron.wsgi [req-ffb06ea2-dbe3-49df-ac69-74a82327ad3c req-151cc31c-5bb5-41cb-a4dd-74a361c0abf1 ab5d0ebfd29548888bf152ff3c373d21 2c4db834d77a4112975146bf972d7763 - - default default] 10.0.0.231 "GET /v2.0/ports?tenant_id=2c4db834d77a4112975146bf972d7763&fields=id HTTP/1.1" status: 200 len: 302 time: 0.1015518
2026-05-09 14:01:56.100 10 INFO neutron.wsgi [req-a9371579-88b9-491d-862e-814438de5f03 req-26608872-8a35-4750-873f-0ca1d405eb43 ee776e21dd2941928fa590390e243bcf 0314ae5f3d3b4b07b73ef43f863f471e - - default default] 10.0.0.231 "GET /v2.0/ports?device_id=5fa67523-86e0-4100-8ac8-a500dd0167d8 HTTP/1.1" status: 200 len: 210 time: 0.0322833
2026-05-09 14:01:56.120 10 INFO neutron.wsgi [req-7d7968d9-79b1-4b51-a02a-94017722f850 req-a95f56b8-c235-421c-bc75-8b9e25eeb585 4b67dcd5aa72433a9c9c51e3f8259e4c 30a8bedc6d464f10999e32b385c716fd - - d811e5d5de204ad2864da0e08373b371 d811e5d5de204ad2864da0e08373b371] 199.204.45.157 "GET /v2.0/networks/56cf85b4-fad8-4d88-a58e-b56aee00d4f8?fields=provider%3Aphysical_network&fields=provider%3Anetwork_type HTTP/1.1" status: 200 len: 277 time: 0.0765774
2026-05-09 14:01:56.185 9 INFO neutron.wsgi [req-ffb06ea2-dbe3-49df-ac69-74a82327ad3c req-23f2f637-1d66-416a-bdf8-a0d92d98f0a2 4b67dcd5aa72433a9c9c51e3f8259e4c 30a8bedc6d464f10999e32b385c716fd - - d811e5d5de204ad2864da0e08373b371 d811e5d5de204ad2864da0e08373b371] 10.0.0.231 "GET /v2.0/networks/2051025e-2bb5-43d4-94a3-25d133999d82?fields=segments HTTP/1.1" status: 200 len: 212 time: 0.0743358 /var/lib/openstack/lib/python3.10/site-packages/pycadf/identifier.py:71: UserWarning: Invalid uuid: neutron. To ensure interoperability, identifiers should be a valid uuid. warnings.warn(('Invalid uuid: %s. To ensure interoperability, '
2026-05-09 14:01:56.240 9 WARNING neutron.scheduler.dhcp_agent_scheduler [req-f28926af-a9ce-4e33-b418-01b94c36d794 req-29e0e9e9-fb1a-4368-9be6-e481d3114e1d ee776e21dd2941928fa590390e243bcf 0314ae5f3d3b4b07b73ef43f863f471e - - default default] No more DHCP agents
2026-05-09 14:01:56.244 9 WARNING neutron.api.rpc.agentnotifiers.dhcp_rpc_agent_api [req-f28926af-a9ce-4e33-b418-01b94c36d794 req-29e0e9e9-fb1a-4368-9be6-e481d3114e1d ee776e21dd2941928fa590390e243bcf 0314ae5f3d3b4b07b73ef43f863f471e - - default default] Unable to schedule network 2c01c0b4-4578-4184-bffe-a9c32403aa9c: no agents available; will retry on subsequent port and subnet creation events.
2026-05-09 14:01:56.276 9 INFO neutron.wsgi [req-ffb06ea2-dbe3-49df-ac69-74a82327ad3c req-3f254b80-c918-4411-b92d-1df2525305b4 4b67dcd5aa72433a9c9c51e3f8259e4c 30a8bedc6d464f10999e32b385c716fd - - d811e5d5de204ad2864da0e08373b371 d811e5d5de204ad2864da0e08373b371] 10.0.0.231 "GET /v2.0/networks/2051025e-2bb5-43d4-94a3-25d133999d82?fields=provider%3Aphysical_network&fields=provider%3Anetwork_type HTTP/1.1" status: 200 len: 277 time: 0.0792744
2026-05-09 14:01:56.413 9 INFO neutron.db.ovn_revision_numbers_db [req-f28926af-a9ce-4e33-b418-01b94c36d794 req-29e0e9e9-fb1a-4368-9be6-e481d3114e1d ee776e21dd2941928fa590390e243bcf 0314ae5f3d3b4b07b73ef43f863f471e - - default default] Successfully bumped revision number for resource 6e3642b5-2431-4e8c-b27a-8e6471e977ec (type: ports) to 1
2026-05-09 14:01:56.435 9 INFO neutron.wsgi [req-f28926af-a9ce-4e33-b418-01b94c36d794 req-29e0e9e9-fb1a-4368-9be6-e481d3114e1d ee776e21dd2941928fa590390e243bcf 0314ae5f3d3b4b07b73ef43f863f471e - - default default] 199.204.45.157 "POST /v2.0/ports HTTP/1.1" status: 201 len: 1158 time: 0.6412132 /var/lib/openstack/lib/python3.10/site-packages/pycadf/identifier.py:71: UserWarning: Invalid uuid: neutron. To ensure interoperability, identifiers should be a valid uuid. warnings.warn(('Invalid uuid: %s. To ensure interoperability, '
2026-05-09 14:01:56.462 9 INFO neutron.wsgi [req-ca202d36-7534-40ec-aaf7-bc4707b96931 req-93a537dc-593d-424e-acb9-35500c1ab5d2 ab5d0ebfd29548888bf152ff3c373d21 2c4db834d77a4112975146bf972d7763 - - default default] 10.0.0.231 "GET /v2.0/ports?device_id=a79f141f-ef52-4f43-bdeb-e0511f681eb4 HTTP/1.1" status: 200 len: 210 time: 0.0256100
2026-05-09 14:01:56.527 9 INFO neutron.notifiers.nova [-] Nova event matching ['req-e65622c7-836f-48a7-a8b2-69050c81db7b'] response: {'server_uuid': 'ca29a1f8-195a-46d4-be91-d965bba50369', 'name': 'network-vif-plugged', 'status': 'completed', 'tag': '1929494f-834e-47c1-95fc-ca3bcf026fca', 'code': 200}
2026-05-09 14:01:56.527 9 INFO neutron.notifiers.nova [-] Nova event matching ['req-e65622c7-836f-48a7-a8b2-69050c81db7b'] response: {'server_uuid': 'ca29a1f8-195a-46d4-be91-d965bba50369', 'name': 'network-vif-plugged', 'status': 'completed', 'tag': '1929494f-834e-47c1-95fc-ca3bcf026fca', 'code': 200}
2026-05-09 14:01:56.527 9 INFO neutron.notifiers.nova [-] Nova event matching ['req-e65622c7-836f-48a7-a8b2-69050c81db7b'] response: {'server_uuid': 'ca29a1f8-195a-46d4-be91-d965bba50369', 'name': 'network-vif-plugged', 'status': 'completed', 'tag': '1929494f-834e-47c1-95fc-ca3bcf026fca', 'code': 200}
2026-05-09 14:01:56.541 10 INFO neutron.wsgi [req-f2dd2e88-3cc5-4350-a4c8-5c1749a9aac4 req-07ab5549-31e0-4f7a-b645-7a8c05dd66ac cf4f946cc66c4e14a07c9e878459371f 0eea1b4ad2334e9eb141b09c848a3684 - - default default] 10.0.0.231 "GET /v2.0/ports?device_id=5482cc22-8f84-4c75-a190-53acb3779fe6 HTTP/1.1" status: 200 len: 1170 time: 0.1172652
2026-05-09 14:01:56.586 10 INFO neutron.wsgi [req-f2dd2e88-3cc5-4350-a4c8-5c1749a9aac4 req-a0d69334-de77-44dc-aae0-f0a27e17ba9f cf4f946cc66c4e14a07c9e878459371f 0eea1b4ad2334e9eb141b09c848a3684 - - default default] 10.0.0.231 "GET /v2.0/security-groups?id=89cd5ba7-3472-442f-9d50-c607cdbd5c13&fields=id&fields=name HTTP/1.1" status: 200 len: 312 time: 0.0367582
2026-05-09 14:01:56.782 10 INFO neutron.wsgi [req-5420330f-7b90-4fbf-98fe-5af280649984 req-ca8c0f99-f842-41d3-9102-a34b8b835646 cf4f946cc66c4e14a07c9e878459371f 0eea1b4ad2334e9eb141b09c848a3684 - - default default] 199.204.45.157 "GET /v2.0/ports?device_id=5482cc22-8f84-4c75-a190-53acb3779fe6 HTTP/1.1" status: 200 len: 1170 time: 0.0434194
2026-05-09 14:01:56.889 9 INFO neutron.db.ovn_revision_numbers_db [req-f28926af-a9ce-4e33-b418-01b94c36d794 req-7c59fc69-18b3-4d8c-b789-79baac365324 4b67dcd5aa72433a9c9c51e3f8259e4c 30a8bedc6d464f10999e32b385c716fd - - d811e5d5de204ad2864da0e08373b371 d811e5d5de204ad2864da0e08373b371] Successfully bumped revision number for resource 6e3642b5-2431-4e8c-b27a-8e6471e977ec (type: ports) to 2
2026-05-09 14:01:57.037 10 WARNING neutron.plugins.ml2.drivers.ovn.mech_driver.ovsdb.ovn_client [None req-10273ac3-c27f-4488-ae81-b8b2ed9c7008 - - - - - -] No hosting information found for port b8b0367a-2d0b-45fd-a7df-84e3480423b0: RuntimeError: No hosting information found for port b8b0367a-2d0b-45fd-a7df-84e3480423b0
2026-05-09 14:01:57.037 10 INFO neutron.plugins.ml2.drivers.ovn.mech_driver.mech_driver [None req-10273ac3-c27f-4488-ae81-b8b2ed9c7008 - - - - - -] OVN reports status up for port: b79282cb-20be-4ec2-acdd-cb04ac6e0918
2026-05-09 14:01:57.047 10 INFO neutron.plugins.ml2.plugin [None req-10273ac3-c27f-4488-ae81-b8b2ed9c7008 - - - - - -] Attempt 1 to provision port b79282cb-20be-4ec2-acdd-cb04ac6e0918
2026-05-09 14:01:57.124 10 INFO neutron.db.l3_db [req-5420330f-7b90-4fbf-98fe-5af280649984 req-86d9933c-5eec-43e4-bff2-3b3d149a81d6 cf4f946cc66c4e14a07c9e878459371f 0eea1b4ad2334e9eb141b09c848a3684 - - default default] Floating IP b8d583e4-e5c1-4338-be9c-bd175243fabe disassociated. External IP: 10.96.250.219, port: 9d10303c-952c-46e8-ad80-4331d67f6751.
2026-05-09 14:01:57.125 9 INFO neutron.db.ovn_revision_numbers_db [req-f28926af-a9ce-4e33-b418-01b94c36d794 req-7c59fc69-18b3-4d8c-b789-79baac365324 4b67dcd5aa72433a9c9c51e3f8259e4c 30a8bedc6d464f10999e32b385c716fd - - d811e5d5de204ad2864da0e08373b371 d811e5d5de204ad2864da0e08373b371] Successfully bumped revision number for resource 6e3642b5-2431-4e8c-b27a-8e6471e977ec (type: ports) to 2
2026-05-09 14:01:57.170 9 INFO neutron.wsgi [req-f28926af-a9ce-4e33-b418-01b94c36d794 req-7c59fc69-18b3-4d8c-b789-79baac365324 4b67dcd5aa72433a9c9c51e3f8259e4c 30a8bedc6d464f10999e32b385c716fd - - d811e5d5de204ad2864da0e08373b371 d811e5d5de204ad2864da0e08373b371] 199.204.45.157 "PUT /v2.0/ports/6e3642b5-2431-4e8c-b27a-8e6471e977ec HTTP/1.1" status: 200 len: 1376 time: 0.7250662 /var/lib/openstack/lib/python3.10/site-packages/pycadf/identifier.py:71: UserWarning: Invalid uuid: neutron. To ensure interoperability, identifiers should be a valid uuid. warnings.warn(('Invalid uuid: %s. To ensure interoperability, '
2026-05-09 14:01:57.271 9 INFO neutron.wsgi [req-f28926af-a9ce-4e33-b418-01b94c36d794 req-49ece4aa-55a6-4792-b39d-ac7f638130cf 4b67dcd5aa72433a9c9c51e3f8259e4c 30a8bedc6d464f10999e32b385c716fd - - d811e5d5de204ad2864da0e08373b371 d811e5d5de204ad2864da0e08373b371] 199.204.45.157 "GET /v2.0/ports?tenant_id=0314ae5f3d3b4b07b73ef43f863f471e&device_id=5fa67523-86e0-4100-8ac8-a500dd0167d8 HTTP/1.1" status: 200 len: 1407 time: 0.0646710
2026-05-09 14:01:57.314 9 INFO neutron.wsgi [req-f28926af-a9ce-4e33-b418-01b94c36d794 req-e45a2167-a300-48d4-8093-a736faf02fb5 4b67dcd5aa72433a9c9c51e3f8259e4c 30a8bedc6d464f10999e32b385c716fd - - d811e5d5de204ad2864da0e08373b371 d811e5d5de204ad2864da0e08373b371] 199.204.45.157 "GET /v2.0/floatingips?fixed_ip_address=10.100.0.6&port_id=6e3642b5-2431-4e8c-b27a-8e6471e977ec HTTP/1.1" status: 200 len: 217 time: 0.0298288
2026-05-09 14:01:57.324 9 INFO neutron.wsgi [req-ffb06ea2-dbe3-49df-ac69-74a82327ad3c req-cac12388-e352-41ad-93a9-8d3d092adc5e ab5d0ebfd29548888bf152ff3c373d21 2c4db834d77a4112975146bf972d7763 - - default default] 199.204.45.157 "GET /v2.0/networks?id=2051025e-2bb5-43d4-94a3-25d133999d82 HTTP/1.1" status: 200 len: 869 time: 0.1183147
2026-05-09 14:01:57.331 10 INFO neutron.wsgi [req-5420330f-7b90-4fbf-98fe-5af280649984 req-86d9933c-5eec-43e4-bff2-3b3d149a81d6 cf4f946cc66c4e14a07c9e878459371f 0eea1b4ad2334e9eb141b09c848a3684 - - default default] 199.204.45.157 "DELETE /v2.0/ports/9d10303c-952c-46e8-ad80-4331d67f6751 HTTP/1.1" status: 204 len: 173 time: 0.5424693
2026-05-09 14:01:57.337 9 INFO neutron.wsgi [req-f4310378-fbdc-4850-9731-a023b8d75060 req-6c443ae8-33a8-4190-aca8-8fb1d42effb0 ee776e21dd2941928fa590390e243bcf 0314ae5f3d3b4b07b73ef43f863f471e - - default default] 10.0.0.231 "GET /v2.0/ports?device_id=5fa67523-86e0-4100-8ac8-a500dd0167d8 HTTP/1.1" status: 200 len: 1168 time: 0.1573913
2026-05-09 14:01:57.373 10 INFO neutron.notifiers.nova [-] Nova event matching ['req-c2e61a34-b878-4f83-ac71-2de68f76e7a9'] response: {'server_uuid': '5482cc22-8f84-4c75-a190-53acb3779fe6', 'name': 'network-vif-deleted', 'tag': '9d10303c-952c-46e8-ad80-4331d67f6751', 'status': 'completed', 'code': 200}
2026-05-09 14:01:57.403 9 INFO neutron.wsgi [req-f28926af-a9ce-4e33-b418-01b94c36d794 req-52d9213f-c26e-410b-85e3-4cbf4b4060b6 4b67dcd5aa72433a9c9c51e3f8259e4c 30a8bedc6d464f10999e32b385c716fd - - d811e5d5de204ad2864da0e08373b371 d811e5d5de204ad2864da0e08373b371] 199.204.45.157 "GET /v2.0/subnets?id=38cdc4d2-4c1d-4efd-afaa-5e4dc2eaba94 HTTP/1.1" status: 200 len: 869 time: 0.0587182
2026-05-09 14:01:57.406 10 INFO neutron.db.ovn_revision_numbers_db [None req-10273ac3-c27f-4488-ae81-b8b2ed9c7008 - - - - - -] Successfully bumped revision number for resource b79282cb-20be-4ec2-acdd-cb04ac6e0918 (type: ports) to 2
2026-05-09 14:01:57.419 9 INFO neutron.wsgi [req-f4310378-fbdc-4850-9731-a023b8d75060 req-d840e29e-b0ed-4672-89b1-eafa92fdd832 ee776e21dd2941928fa590390e243bcf 0314ae5f3d3b4b07b73ef43f863f471e - - default default] 10.0.0.231 "GET /v2.0/security-groups?id=665303d0-aaa2-4841-8da7-08d8dc79a6ba&fields=id&fields=name HTTP/1.1" status: 200 len: 312 time: 0.0748913
2026-05-09 14:01:57.425 9 INFO neutron.wsgi [req-ffb06ea2-dbe3-49df-ac69-74a82327ad3c req-e05e0ec4-7c60-4897-9a91-c696d83fa1bd ab5d0ebfd29548888bf152ff3c373d21 2c4db834d77a4112975146bf972d7763 - - default default] 199.204.45.157 "GET /v2.0/security-groups?fields=id&fields=name&tenant_id=2c4db834d77a4112975146bf972d7763 HTTP/1.1" status: 200 len: 380 time: 0.0802498
2026-05-09 14:01:57.447 9 WARNING neutron_lib.context [req-ffb06ea2-dbe3-49df-ac69-74a82327ad3c req-ac91efcf-38cf-48cd-9e1f-22f7dcf59e6b ab5d0ebfd29548888bf152ff3c373d21 2c4db834d77a4112975146bf972d7763 - - default default] Method 'is_advsvc' is deprecated since 2023.2 release (neutron-lib 3.8.0) and will be removed once support for the old RBAC API policies will be removed from Neutron. Please use method 'is_service_role' instead.
2026-05-09 14:01:57.462 9 INFO neutron.wsgi [req-f28926af-a9ce-4e33-b418-01b94c36d794 req-2aee5528-79ba-466a-a91f-b685ab755ed6 4b67dcd5aa72433a9c9c51e3f8259e4c 30a8bedc6d464f10999e32b385c716fd - - d811e5d5de204ad2864da0e08373b371 d811e5d5de204ad2864da0e08373b371] 199.204.45.157 "GET /v2.0/ports?network_id=2c01c0b4-4578-4184-bffe-a9c32403aa9c&device_owner=network%3Adhcp HTTP/1.1" status: 200 len: 210 time: 0.0267735
2026-05-09 14:01:57.486 10 INFO neutron.db.ovn_revision_numbers_db [None req-10273ac3-c27f-4488-ae81-b8b2ed9c7008 - - - - - -] Successfully bumped revision number for resource b79282cb-20be-4ec2-acdd-cb04ac6e0918 (type: router_ports) to 2
2026-05-09 14:01:57.566 9 INFO neutron.wsgi [req-f28926af-a9ce-4e33-b418-01b94c36d794 req-2cec0e6b-77f8-438f-819e-1599ad8689fd 4b67dcd5aa72433a9c9c51e3f8259e4c 30a8bedc6d464f10999e32b385c716fd - - d811e5d5de204ad2864da0e08373b371 d811e5d5de204ad2864da0e08373b371] 199.204.45.157 "GET /v2.0/networks/2c01c0b4-4578-4184-bffe-a9c32403aa9c?fields=segments HTTP/1.1" status: 200 len: 212 time: 0.0771775
2026-05-09 14:01:57.602 10 INFO neutron.wsgi [req-6785ec6b-a44a-41d8-a0e3-c8bc0f2f224f req-94bb9ad7-dbfb-4434-86a9-f92260a165fd ab5d0ebfd29548888bf152ff3c373d21 2c4db834d77a4112975146bf972d7763 - - default default] 10.0.0.231 "GET /v2.0/ports?device_id=a79f141f-ef52-4f43-bdeb-e0511f681eb4 HTTP/1.1" status: 200 len: 210 time: 0.0414934
2026-05-09 14:01:57.645 9 INFO neutron.wsgi [req-f28926af-a9ce-4e33-b418-01b94c36d794 req-1ac530b7-5d70-433a-9f8b-b960138f9436 4b67dcd5aa72433a9c9c51e3f8259e4c 30a8bedc6d464f10999e32b385c716fd - - d811e5d5de204ad2864da0e08373b371 d811e5d5de204ad2864da0e08373b371] 199.204.45.157 "GET /v2.0/networks/2c01c0b4-4578-4184-bffe-a9c32403aa9c?fields=provider%3Aphysical_network&fields=provider%3Anetwork_type HTTP/1.1" status: 200 len: 277 time: 0.0701554
2026-05-09 14:01:57.716 9 INFO neutron.wsgi [req-55cac7ce-ab5a-4e78-a93a-4fa9942dc23f req-27b24361-cc4c-4ba9-a159-e019c580f13b cf4f946cc66c4e14a07c9e878459371f 0eea1b4ad2334e9eb141b09c848a3684 - - default default] 10.0.0.231 "GET /v2.0/ports?device_id=5482cc22-8f84-4c75-a190-53acb3779fe6 HTTP/1.1" status: 200 len: 210 time: 0.0279291
2026-05-09 14:01:57.790 9 WARNING neutron.scheduler.dhcp_agent_scheduler [req-ffb06ea2-dbe3-49df-ac69-74a82327ad3c req-ac91efcf-38cf-48cd-9e1f-22f7dcf59e6b ab5d0ebfd29548888bf152ff3c373d21 2c4db834d77a4112975146bf972d7763 - - default default] No more DHCP agents
2026-05-09 14:01:57.794 9 WARNING neutron.api.rpc.agentnotifiers.dhcp_rpc_agent_api [req-ffb06ea2-dbe3-49df-ac69-74a82327ad3c req-ac91efcf-38cf-48cd-9e1f-22f7dcf59e6b ab5d0ebfd29548888bf152ff3c373d21 2c4db834d77a4112975146bf972d7763 - - default default] Unable to schedule network 2051025e-2bb5-43d4-94a3-25d133999d82: no agents available; will retry on subsequent port and subnet creation events.
2026-05-09 14:01:57.845 9 INFO neutron.plugins.ml2.drivers.ovn.mech_driver.mech_driver [None req-f95c564e-2f7f-46ed-a315-89a1dd8e37e0 - - - - - -] OVN reports status up for port: 6e3642b5-2431-4e8c-b27a-8e6471e977ec
2026-05-09 14:01:57.864 9 INFO neutron.plugins.ml2.plugin [None req-f95c564e-2f7f-46ed-a315-89a1dd8e37e0 - - - - - -] Attempt 1 to provision port 6e3642b5-2431-4e8c-b27a-8e6471e977ec
2026-05-09 14:01:58.206 9 INFO neutron.db.ovn_revision_numbers_db [req-ffb06ea2-dbe3-49df-ac69-74a82327ad3c req-ac91efcf-38cf-48cd-9e1f-22f7dcf59e6b ab5d0ebfd29548888bf152ff3c373d21 2c4db834d77a4112975146bf972d7763 - - default default] Successfully bumped revision number for resource a3583007-e918-42ce-b460-7a6da39113b7 (type: ports) to 1
2026-05-09 14:01:58.232 9 INFO neutron.wsgi [req-ffb06ea2-dbe3-49df-ac69-74a82327ad3c req-ac91efcf-38cf-48cd-9e1f-22f7dcf59e6b ab5d0ebfd29548888bf152ff3c373d21 2c4db834d77a4112975146bf972d7763 - - default default] 199.204.45.157 "POST /v2.0/ports HTTP/1.1" status: 201 len: 1162 time: 0.7957458 /var/lib/openstack/lib/python3.10/site-packages/pycadf/identifier.py:71: UserWarning: Invalid uuid: neutron. To ensure interoperability, identifiers should be a valid uuid. warnings.warn(('Invalid uuid: %s. To ensure interoperability, '
2026-05-09 14:01:58.409 9 INFO neutron.db.ovn_revision_numbers_db [None req-f95c564e-2f7f-46ed-a315-89a1dd8e37e0 - - - - - -] Successfully bumped revision number for resource 6e3642b5-2431-4e8c-b27a-8e6471e977ec (type: ports) to 4
2026-05-09 14:01:58.574 10 INFO neutron.wsgi [req-2964693a-bb7e-4bee-9170-c23b589651f8 req-f14a26d3-d6a3-4083-8c9c-89ef97b3f9d0 ee776e21dd2941928fa590390e243bcf 0314ae5f3d3b4b07b73ef43f863f471e - - default default] 10.0.0.231 "GET /v2.0/ports?device_id=5fa67523-86e0-4100-8ac8-a500dd0167d8 HTTP/1.1" status: 200 len: 1170 time: 0.0737605
2026-05-09 14:01:58.576 9 INFO neutron.notifiers.nova [-] Nova event matching ['req-a647223f-1a25-48d6-a14a-9b2c4d71b0f5'] response: {'name': 'network-changed', 'server_uuid': '5fa67523-86e0-4100-8ac8-a500dd0167d8', 'tag': '6e3642b5-2431-4e8c-b27a-8e6471e977ec', 'status': 'completed', 'code': 200}
2026-05-09 14:01:58.576 9 INFO neutron.notifiers.nova [-] Nova event matching ['req-a647223f-1a25-48d6-a14a-9b2c4d71b0f5'] response: {'server_uuid': '5fa67523-86e0-4100-8ac8-a500dd0167d8', 'name': 'network-vif-plugged', 'status': 'completed', 'tag': '6e3642b5-2431-4e8c-b27a-8e6471e977ec', 'code': 200}
2026-05-09 14:01:58.576 9 INFO neutron.notifiers.nova [-] Nova event matching ['req-a647223f-1a25-48d6-a14a-9b2c4d71b0f5'] response: {'server_uuid': '5fa67523-86e0-4100-8ac8-a500dd0167d8', 'name': 'network-vif-plugged', 'status': 'completed', 'tag': '6e3642b5-2431-4e8c-b27a-8e6471e977ec', 'code': 200} /var/lib/openstack/lib/python3.10/site-packages/pycadf/identifier.py:71: UserWarning: Invalid uuid: neutron. To ensure interoperability, identifiers should be a valid uuid. warnings.warn(('Invalid uuid: %s. To ensure interoperability, '
2026-05-09 14:01:58.618 10 INFO neutron.wsgi [req-2964693a-bb7e-4bee-9170-c23b589651f8 req-0dc1a832-26ae-4ecf-b1a3-eb3afe544215 ee776e21dd2941928fa590390e243bcf 0314ae5f3d3b4b07b73ef43f863f471e - - default default] 10.0.0.231 "GET /v2.0/security-groups?id=665303d0-aaa2-4841-8da7-08d8dc79a6ba&fields=id&fields=name HTTP/1.1" status: 200 len: 312 time: 0.0355797
2026-05-09 14:01:58.627 9 INFO neutron.wsgi [req-a662f0e1-cd95-4ab1-bb0a-a6405b203ecd req-754201fb-5c06-4326-a7bf-75343de33937 4b67dcd5aa72433a9c9c51e3f8259e4c 30a8bedc6d464f10999e32b385c716fd - - d811e5d5de204ad2864da0e08373b371 d811e5d5de204ad2864da0e08373b371] 199.204.45.157 "GET /v2.0/ports?tenant_id=0314ae5f3d3b4b07b73ef43f863f471e&device_id=5fa67523-86e0-4100-8ac8-a500dd0167d8 HTTP/1.1" status: 200 len: 1409 time: 0.0422397 /var/lib/openstack/lib/python3.10/site-packages/pycadf/identifier.py:71: UserWarning: Invalid uuid: neutron. To ensure interoperability, identifiers should be a valid uuid. warnings.warn(('Invalid uuid: %s. To ensure interoperability, '
2026-05-09 14:01:58.723 9 INFO neutron.wsgi [req-a662f0e1-cd95-4ab1-bb0a-a6405b203ecd req-a5b4edc4-523e-44ea-9995-b4e26708cbb4 4b67dcd5aa72433a9c9c51e3f8259e4c 30a8bedc6d464f10999e32b385c716fd - - d811e5d5de204ad2864da0e08373b371 d811e5d5de204ad2864da0e08373b371] 199.204.45.157 "GET /v2.0/networks?id=2c01c0b4-4578-4184-bffe-a9c32403aa9c HTTP/1.1" status: 200 len: 974 time: 0.0900810
2026-05-09 14:01:58.728 9 INFO neutron.wsgi [req-a75e5fd5-2b16-419d-955c-af8104ef05d4 req-c969368c-29b4-4090-9be8-71706b92f9c0 ab5d0ebfd29548888bf152ff3c373d21 2c4db834d77a4112975146bf972d7763 - - default default] 10.0.0.231 "GET /v2.0/ports?device_id=a79f141f-ef52-4f43-bdeb-e0511f681eb4 HTTP/1.1" status: 200 len: 1172 time: 0.0597818
2026-05-09 14:01:58.754 9 INFO neutron.wsgi [req-a662f0e1-cd95-4ab1-bb0a-a6405b203ecd req-ed05a2e7-43a7-488d-badc-8e497cecf5de 4b67dcd5aa72433a9c9c51e3f8259e4c 30a8bedc6d464f10999e32b385c716fd - - d811e5d5de204ad2864da0e08373b371 d811e5d5de204ad2864da0e08373b371] 199.204.45.157 "GET /v2.0/floatingips?fixed_ip_address=10.100.0.6&port_id=6e3642b5-2431-4e8c-b27a-8e6471e977ec HTTP/1.1" status: 200 len: 217 time: 0.0254822
2026-05-09 14:01:58.820 9 INFO neutron.wsgi [req-a662f0e1-cd95-4ab1-bb0a-a6405b203ecd req-afc496be-5de8-414b-aaf2-c0968bac6982 4b67dcd5aa72433a9c9c51e3f8259e4c 30a8bedc6d464f10999e32b385c716fd - - d811e5d5de204ad2864da0e08373b371 d811e5d5de204ad2864da0e08373b371] 199.204.45.157 "GET /v2.0/subnets?id=38cdc4d2-4c1d-4efd-afaa-5e4dc2eaba94 HTTP/1.1" status: 200 len: 869 time: 0.0578501
2026-05-09 14:01:58.823 9 INFO neutron.wsgi [req-a75e5fd5-2b16-419d-955c-af8104ef05d4 req-19430b52-d900-430c-ae00-737b26ae9bc6 ab5d0ebfd29548888bf152ff3c373d21 2c4db834d77a4112975146bf972d7763 - - default default] 10.0.0.231 "GET /v2.0/security-groups?id=7b6d1ad9-1e2e-4eba-b02a-07dd48da2f6a&fields=id&fields=name HTTP/1.1" status: 200 len: 313 time: 0.0857196
2026-05-09 14:01:58.843 9 INFO neutron.db.ovn_revision_numbers_db [req-ffb06ea2-dbe3-49df-ac69-74a82327ad3c req-c7b4c006-3493-49f1-89ed-602d22e4e4f6 4b67dcd5aa72433a9c9c51e3f8259e4c 30a8bedc6d464f10999e32b385c716fd - - d811e5d5de204ad2864da0e08373b371 d811e5d5de204ad2864da0e08373b371] Successfully bumped revision number for resource a3583007-e918-42ce-b460-7a6da39113b7 (type: ports) to 2
2026-05-09 14:01:58.846 9 INFO neutron.wsgi [req-a662f0e1-cd95-4ab1-bb0a-a6405b203ecd req-34025af8-c04e-4daf-a3fd-1e0b886b6e9d 4b67dcd5aa72433a9c9c51e3f8259e4c 30a8bedc6d464f10999e32b385c716fd - - d811e5d5de204ad2864da0e08373b371 d811e5d5de204ad2864da0e08373b371] 199.204.45.157 "GET /v2.0/ports?network_id=2c01c0b4-4578-4184-bffe-a9c32403aa9c&device_owner=network%3Adhcp HTTP/1.1" status: 200 len: 210 time: 0.0208607
2026-05-09 14:01:58.920 9 INFO neutron.wsgi [req-a662f0e1-cd95-4ab1-bb0a-a6405b203ecd req-ece99369-5fb7-427b-a89c-96bcc58059f1 4b67dcd5aa72433a9c9c51e3f8259e4c 30a8bedc6d464f10999e32b385c716fd - - d811e5d5de204ad2864da0e08373b371 d811e5d5de204ad2864da0e08373b371] 199.204.45.157 "GET /v2.0/networks/2c01c0b4-4578-4184-bffe-a9c32403aa9c?fields=segments HTTP/1.1" status: 200 len: 212 time: 0.0674367
2026-05-09 14:01:58.941 10 INFO neutron.wsgi [None req-7ac19f1f-4e2c-44e6-8b4e-f6cb993ac911 cf4f946cc66c4e14a07c9e878459371f 0eea1b4ad2334e9eb141b09c848a3684 - - default default] 10.0.0.11 "DELETE /v2.0/security-groups/89cd5ba7-3472-442f-9d50-c607cdbd5c13 HTTP/1.1" status: 204 len: 168 time: 0.1242821
2026-05-09 14:01:58.956 10 INFO neutron.api.v2.resource [None req-995f3e20-d47e-4bed-8a76-232459b7cc45 cf4f946cc66c4e14a07c9e878459371f 0eea1b4ad2334e9eb141b09c848a3684 - - default default] show failed (client error): The resource could not be found.
2026-05-09 14:01:58.957 10 INFO neutron.wsgi [None req-995f3e20-d47e-4bed-8a76-232459b7cc45 cf4f946cc66c4e14a07c9e878459371f 0eea1b4ad2334e9eb141b09c848a3684 - - default default] 10.0.0.11 "GET /v2.0/security-groups/89cd5ba7-3472-442f-9d50-c607cdbd5c13 HTTP/1.1" status: 404 len: 347 time: 0.0114176
2026-05-09 14:01:59.036 9 INFO neutron.wsgi [req-a662f0e1-cd95-4ab1-bb0a-a6405b203ecd req-5579d34d-ceb2-4471-91bb-75f5023fb08c 4b67dcd5aa72433a9c9c51e3f8259e4c 30a8bedc6d464f10999e32b385c716fd - - d811e5d5de204ad2864da0e08373b371 d811e5d5de204ad2864da0e08373b371] 199.204.45.157 "GET /v2.0/networks/2c01c0b4-4578-4184-bffe-a9c32403aa9c?fields=provider%3Aphysical_network&fields=provider%3Anetwork_type HTTP/1.1" status: 200 len: 277 time: 0.1066868
2026-05-09 14:01:59.110 9 INFO neutron.db.ovn_revision_numbers_db [req-ffb06ea2-dbe3-49df-ac69-74a82327ad3c req-c7b4c006-3493-49f1-89ed-602d22e4e4f6 4b67dcd5aa72433a9c9c51e3f8259e4c 30a8bedc6d464f10999e32b385c716fd - - d811e5d5de204ad2864da0e08373b371 d811e5d5de204ad2864da0e08373b371] Successfully bumped revision number for resource a3583007-e918-42ce-b460-7a6da39113b7 (type: ports) to 2
2026-05-09 14:01:59.127 9 INFO neutron.wsgi [req-ffb06ea2-dbe3-49df-ac69-74a82327ad3c req-c7b4c006-3493-49f1-89ed-602d22e4e4f6 4b67dcd5aa72433a9c9c51e3f8259e4c 30a8bedc6d464f10999e32b385c716fd - - d811e5d5de204ad2864da0e08373b371 d811e5d5de204ad2864da0e08373b371] 199.204.45.157 "PUT /v2.0/ports/a3583007-e918-42ce-b460-7a6da39113b7 HTTP/1.1" status: 200 len: 1380 time: 0.8876593 /var/lib/openstack/lib/python3.10/site-packages/pycadf/identifier.py:71: UserWarning: Invalid uuid: neutron. To ensure interoperability, identifiers should be a valid uuid. warnings.warn(('Invalid uuid: %s. To ensure interoperability, '
2026-05-09 14:01:59.200 9 INFO neutron.wsgi [req-ffb06ea2-dbe3-49df-ac69-74a82327ad3c req-3e791d72-6e63-4f23-baf7-09cae02349d5 4b67dcd5aa72433a9c9c51e3f8259e4c 30a8bedc6d464f10999e32b385c716fd - - d811e5d5de204ad2864da0e08373b371 d811e5d5de204ad2864da0e08373b371] 199.204.45.157 "GET /v2.0/ports?tenant_id=2c4db834d77a4112975146bf972d7763&device_id=a79f141f-ef52-4f43-bdeb-e0511f681eb4 HTTP/1.1" status: 200 len: 1411 time: 0.0427659
2026-05-09 14:01:59.235 9 INFO neutron.wsgi [req-ffb06ea2-dbe3-49df-ac69-74a82327ad3c req-8662df20-9462-4289-a624-07bc1b905493 4b67dcd5aa72433a9c9c51e3f8259e4c 30a8bedc6d464f10999e32b385c716fd - - d811e5d5de204ad2864da0e08373b371 d811e5d5de204ad2864da0e08373b371] 199.204.45.157 "GET /v2.0/floatingips?fixed_ip_address=10.100.0.13&port_id=a3583007-e918-42ce-b460-7a6da39113b7 HTTP/1.1" status: 200 len: 217 time: 0.0279987
2026-05-09 14:01:59.269 9 INFO neutron.wsgi [req-ffb06ea2-dbe3-49df-ac69-74a82327ad3c req-53f146e4-a36d-4e51-99bb-874223f5b4f2 4b67dcd5aa72433a9c9c51e3f8259e4c 30a8bedc6d464f10999e32b385c716fd - - d811e5d5de204ad2864da0e08373b371 d811e5d5de204ad2864da0e08373b371] 199.204.45.157 "GET /v2.0/subnets?id=25d735ce-2cbd-477c-aedd-8903b2b4a5d8 HTTP/1.1" status: 200 len: 863 time: 0.0275176
2026-05-09 14:01:59.290 9 INFO neutron.wsgi [req-ffb06ea2-dbe3-49df-ac69-74a82327ad3c req-da6d80fa-11e4-40d9-b082-10d0e95c7d8c 4b67dcd5aa72433a9c9c51e3f8259e4c 30a8bedc6d464f10999e32b385c716fd - - d811e5d5de204ad2864da0e08373b371 d811e5d5de204ad2864da0e08373b371] 199.204.45.157 "GET /v2.0/ports?network_id=2051025e-2bb5-43d4-94a3-25d133999d82&device_owner=network%3Adhcp HTTP/1.1" status: 200 len: 210 time: 0.0165510
2026-05-09 14:01:59.339 10 INFO neutron.wsgi [None req-87787bab-9adc-4d10-83e4-86ddaa4781a7 cf4f946cc66c4e14a07c9e878459371f 0eea1b4ad2334e9eb141b09c848a3684 - - default default] 10.0.0.11 "DELETE /v2.0/floatingips/b8d583e4-e5c1-4338-be9c-bd175243fabe HTTP/1.1" status: 204 len: 168 time: 0.3649142
2026-05-09 14:01:59.347 9 INFO neutron.wsgi [req-ffb06ea2-dbe3-49df-ac69-74a82327ad3c req-79f0ff4d-c070-4f95-acaf-9d560f8c2248 4b67dcd5aa72433a9c9c51e3f8259e4c 30a8bedc6d464f10999e32b385c716fd - - d811e5d5de204ad2864da0e08373b371 d811e5d5de204ad2864da0e08373b371] 199.204.45.157 "GET /v2.0/networks/2051025e-2bb5-43d4-94a3-25d133999d82?fields=segments HTTP/1.1" status: 200 len: 212 time: 0.0497336
2026-05-09 14:01:59.409 9 INFO neutron.wsgi [req-ffb06ea2-dbe3-49df-ac69-74a82327ad3c req-911781e1-afc4-4d7b-8cb8-7089106a573b 4b67dcd5aa72433a9c9c51e3f8259e4c 30a8bedc6d464f10999e32b385c716fd - - d811e5d5de204ad2864da0e08373b371 d811e5d5de204ad2864da0e08373b371] 199.204.45.157 "GET /v2.0/networks/2051025e-2bb5-43d4-94a3-25d133999d82?fields=provider%3Aphysical_network&fields=provider%3Anetwork_type HTTP/1.1" status: 200 len: 277 time: 0.0547669
2026-05-09 14:01:59.850 10 INFO neutron.wsgi [req-65dca1f5-dd8f-4478-aca3-b423150560a8 req-af5328e2-e6d1-4f6d-bee7-dd406a566ea6 ee776e21dd2941928fa590390e243bcf 0314ae5f3d3b4b07b73ef43f863f471e - - default default] 10.0.0.231 "GET /v2.0/ports?device_id=5fa67523-86e0-4100-8ac8-a500dd0167d8 HTTP/1.1" status: 200 len: 1170 time: 0.1405272
2026-05-09 14:01:59.909 10 INFO neutron.wsgi [req-65dca1f5-dd8f-4478-aca3-b423150560a8 req-58c98953-26d5-463c-9d06-49cd280336d5 ee776e21dd2941928fa590390e243bcf 0314ae5f3d3b4b07b73ef43f863f471e - - default default] 10.0.0.231 "GET /v2.0/security-groups?id=665303d0-aaa2-4841-8da7-08d8dc79a6ba&fields=id&fields=name HTTP/1.1" status: 200 len: 312 time: 0.0492511
2026-05-09 14:01:59.928 9 INFO neutron.wsgi [req-075ff881-d685-489a-9550-e2b0acb6aaf7 req-754a5fe0-6d44-42b4-8529-591e36ecc957 ab5d0ebfd29548888bf152ff3c373d21 2c4db834d77a4112975146bf972d7763 - - default default] 10.0.0.231 "GET /v2.0/ports?device_id=a79f141f-ef52-4f43-bdeb-e0511f681eb4 HTTP/1.1" status: 200 len: 1172 time: 0.0472145
2026-05-09 14:01:59.976 9 INFO neutron.wsgi [req-075ff881-d685-489a-9550-e2b0acb6aaf7 req-b695911b-c5e9-40e3-b6f3-b27a44d08f1d ab5d0ebfd29548888bf152ff3c373d21 2c4db834d77a4112975146bf972d7763 - - default default] 10.0.0.231 "GET /v2.0/security-groups?id=7b6d1ad9-1e2e-4eba-b02a-07dd48da2f6a&fields=id&fields=name HTTP/1.1" status: 200 len: 313 time: 0.0434837
2026-05-09 14:02:00.016 10 INFO neutron.wsgi [req-815da362-695f-47d5-a2b0-52beaaadc301 req-74f671db-8eec-4571-b879-8464f38c228c ee776e21dd2941928fa590390e243bcf 0314ae5f3d3b4b07b73ef43f863f471e - - default default] 10.0.0.231 "GET /v2.0/ports?device_id=5fa67523-86e0-4100-8ac8-a500dd0167d8 HTTP/1.1" status: 200 len: 1170 time: 0.0508075
2026-05-09 14:02:00.558 10 INFO neutron.db.l3_db [None req-8a9261c3-bfc9-4f74-9f22-20e4a82d53e3 ee776e21dd2941928fa590390e243bcf 0314ae5f3d3b4b07b73ef43f863f471e - - default default] Floating IP a1477396-a4d3-463a-ae6d-14434bce7a5a associated. External IP: 10.96.250.215, port: 6e3642b5-2431-4e8c-b27a-8e6471e977ec.
2026-05-09 14:02:00.615 9 INFO neutron.notifiers.nova [-] Nova event matching ['req-01ee667e-3d6c-4f90-982b-38334ac7c7d9'] response: {'name': 'network-changed', 'server_uuid': 'a79f141f-ef52-4f43-bdeb-e0511f681eb4', 'tag': 'a3583007-e918-42ce-b460-7a6da39113b7', 'status': 'completed', 'code': 200}
2026-05-09 14:02:00.672 9 INFO neutron.wsgi [req-a578ef57-78fd-4300-b05a-b153dc76e7d5 req-f624b927-14bc-4591-a878-6b270c0fb1a8 4b67dcd5aa72433a9c9c51e3f8259e4c 30a8bedc6d464f10999e32b385c716fd - - d811e5d5de204ad2864da0e08373b371 d811e5d5de204ad2864da0e08373b371] 199.204.45.157 "GET /v2.0/ports?tenant_id=2c4db834d77a4112975146bf972d7763&device_id=a79f141f-ef52-4f43-bdeb-e0511f681eb4 HTTP/1.1" status: 200 len: 1411 time: 0.0369427
2026-05-09 14:02:00.741 9 INFO neutron.wsgi [req-a578ef57-78fd-4300-b05a-b153dc76e7d5 req-be325b2c-221a-415b-941a-adf9b1102961 4b67dcd5aa72433a9c9c51e3f8259e4c 30a8bedc6d464f10999e32b385c716fd - - d811e5d5de204ad2864da0e08373b371 d811e5d5de204ad2864da0e08373b371] 199.204.45.157 "GET /v2.0/networks?id=2051025e-2bb5-43d4-94a3-25d133999d82 HTTP/1.1" status: 200 len: 968 time: 0.0638914
2026-05-09 14:02:00.769 9 INFO neutron.wsgi [req-a578ef57-78fd-4300-b05a-b153dc76e7d5 req-72683ba2-2f07-4f6e-89fb-f3213de52739 4b67dcd5aa72433a9c9c51e3f8259e4c 30a8bedc6d464f10999e32b385c716fd - - d811e5d5de204ad2864da0e08373b371 d811e5d5de204ad2864da0e08373b371] 199.204.45.157 "GET /v2.0/floatingips?fixed_ip_address=10.100.0.13&port_id=a3583007-e918-42ce-b460-7a6da39113b7 HTTP/1.1" status: 200 len: 217 time: 0.0220654
2026-05-09 14:02:00.818 9 INFO neutron.wsgi [req-a578ef57-78fd-4300-b05a-b153dc76e7d5 req-53d9e046-0613-4ed4-ac8b-8b81d5797e31 4b67dcd5aa72433a9c9c51e3f8259e4c 30a8bedc6d464f10999e32b385c716fd - - d811e5d5de204ad2864da0e08373b371 d811e5d5de204ad2864da0e08373b371] 199.204.45.157 "GET /v2.0/subnets?id=25d735ce-2cbd-477c-aedd-8903b2b4a5d8 HTTP/1.1" status: 200 len: 863 time: 0.0454760
2026-05-09 14:02:00.842 9 INFO neutron.wsgi [req-a578ef57-78fd-4300-b05a-b153dc76e7d5 req-9a79e2ec-a757-4cbc-95ff-28de7c790361 4b67dcd5aa72433a9c9c51e3f8259e4c 30a8bedc6d464f10999e32b385c716fd - - d811e5d5de204ad2864da0e08373b371 d811e5d5de204ad2864da0e08373b371] 199.204.45.157 "GET /v2.0/ports?network_id=2051025e-2bb5-43d4-94a3-25d133999d82&device_owner=network%3Adhcp HTTP/1.1" status: 200 len: 210 time: 0.0186481
2026-05-09 14:02:00.907 9 INFO neutron.wsgi [req-a578ef57-78fd-4300-b05a-b153dc76e7d5 req-6045eb43-d014-4e98-ad94-6cc3f16fdbb0 4b67dcd5aa72433a9c9c51e3f8259e4c 30a8bedc6d464f10999e32b385c716fd - - d811e5d5de204ad2864da0e08373b371 d811e5d5de204ad2864da0e08373b371] 199.204.45.157 "GET /v2.0/networks/2051025e-2bb5-43d4-94a3-25d133999d82?fields=segments HTTP/1.1" status: 200 len: 212 time: 0.0602274
2026-05-09 14:02:00.910 10 INFO neutron.db.ovn_revision_numbers_db [None req-8a9261c3-bfc9-4f74-9f22-20e4a82d53e3 ee776e21dd2941928fa590390e243bcf 0314ae5f3d3b4b07b73ef43f863f471e - - default default] Successfully bumped revision number for resource a1477396-a4d3-463a-ae6d-14434bce7a5a (type: floatingips) to 1
2026-05-09 14:02:00.968 9 INFO neutron.wsgi [req-a578ef57-78fd-4300-b05a-b153dc76e7d5 req-e5099aff-4dc3-4c9e-9e33-335f5d3a297f 4b67dcd5aa72433a9c9c51e3f8259e4c 30a8bedc6d464f10999e32b385c716fd - - d811e5d5de204ad2864da0e08373b371 d811e5d5de204ad2864da0e08373b371] 199.204.45.157 "GET /v2.0/networks/2051025e-2bb5-43d4-94a3-25d133999d82?fields=provider%3Aphysical_network&fields=provider%3Anetwork_type HTTP/1.1" status: 200 len: 277 time: 0.0559103
2026-05-09 14:02:01.085 10 INFO neutron.db.ovn_revision_numbers_db [None req-8a9261c3-bfc9-4f74-9f22-20e4a82d53e3 ee776e21dd2941928fa590390e243bcf 0314ae5f3d3b4b07b73ef43f863f471e - - default default] Successfully bumped revision number for resource a1477396-a4d3-463a-ae6d-14434bce7a5a (type: floatingips) to 2
2026-05-09 14:02:01.131 10 INFO neutron.wsgi [None req-8a9261c3-bfc9-4f74-9f22-20e4a82d53e3 ee776e21dd2941928fa590390e243bcf 0314ae5f3d3b4b07b73ef43f863f471e - - default default] 10.0.0.11 "PUT /v2.0/floatingips/a1477396-a4d3-463a-ae6d-14434bce7a5a HTTP/1.1" status: 200 len: 1049 time: 1.1010385
2026-05-09 14:02:01.195 10 INFO neutron.wsgi [req-80cc91f4-fd57-4aaa-90a6-c8c4b6743640 req-3f985ed1-32a8-41dd-ace4-52c1cacc3528 ab5d0ebfd29548888bf152ff3c373d21 2c4db834d77a4112975146bf972d7763 - - default default] 10.0.0.231 "GET /v2.0/ports?device_id=a79f141f-ef52-4f43-bdeb-e0511f681eb4 HTTP/1.1" status: 200 len: 1172 time: 0.1488104
2026-05-09 14:02:01.206 9 INFO neutron.wsgi [req-d3038051-0e5f-44fc-aad4-af346b8c91ec req-955d6bc1-0581-4180-b0a0-fbc52b801b7f ee776e21dd2941928fa590390e243bcf 0314ae5f3d3b4b07b73ef43f863f471e - - default default] 10.0.0.231 "GET /v2.0/ports?device_id=5fa67523-86e0-4100-8ac8-a500dd0167d8 HTTP/1.1" status: 200 len: 1170 time: 0.0379953
2026-05-09 14:02:01.247 10 INFO neutron.wsgi [req-80cc91f4-fd57-4aaa-90a6-c8c4b6743640 req-220089f3-7822-49a6-9042-bfe5a68ce349 ab5d0ebfd29548888bf152ff3c373d21 2c4db834d77a4112975146bf972d7763 - - default default] 10.0.0.231 "GET /v2.0/security-groups?id=7b6d1ad9-1e2e-4eba-b02a-07dd48da2f6a&fields=id&fields=name HTTP/1.1" status: 200 len: 313 time: 0.0371082
2026-05-09 14:02:01.253 9 INFO neutron.wsgi [req-d3038051-0e5f-44fc-aad4-af346b8c91ec req-ae9cc6e2-cd94-498d-af53-186ad3ddf4bb ee776e21dd2941928fa590390e243bcf 0314ae5f3d3b4b07b73ef43f863f471e - - default default] 10.0.0.231 "GET /v2.0/security-groups?id=665303d0-aaa2-4841-8da7-08d8dc79a6ba&fields=id&fields=name HTTP/1.1" status: 200 len: 312 time: 0.0385244
2026-05-09 14:02:01.280 10 INFO neutron.notifiers.nova [-] Nova event matching ['req-e69c564c-02f7-4cb2-88b9-8145f68fe8ed'] response: {'name': 'network-changed', 'server_uuid': '5fa67523-86e0-4100-8ac8-a500dd0167d8', 'tag': '6e3642b5-2431-4e8c-b27a-8e6471e977ec', 'status': 'completed', 'code': 200}
2026-05-09 14:02:01.348 9 INFO neutron.wsgi [req-0d80526a-6b4d-4813-a982-740eff6e5ade req-e4759f15-1378-4ffe-aab0-1d9961ceef26 4b67dcd5aa72433a9c9c51e3f8259e4c 30a8bedc6d464f10999e32b385c716fd - - d811e5d5de204ad2864da0e08373b371 d811e5d5de204ad2864da0e08373b371] 199.204.45.157 "GET /v2.0/ports?tenant_id=0314ae5f3d3b4b07b73ef43f863f471e&device_id=5fa67523-86e0-4100-8ac8-a500dd0167d8 HTTP/1.1" status: 200 len: 1409 time: 0.0464945
2026-05-09 14:02:01.365 10 INFO neutron.wsgi [None req-9ec07566-a9e9-4c98-8d7e-2eacb5bf2baa b590dbd9c64c4389b093d0be7426b2a5 cc24006cfb974c3d9e246039d008146f - - default default] 10.0.0.11 "PUT /v2.0/routers/6a17ff1d-ce17-484f-b41a-6df89e3a3303/remove_router_interface HTTP/1.1" status: 200 len: 503 time: 1.9689653 /var/lib/openstack/lib/python3.10/site-packages/pycadf/identifier.py:71: UserWarning: Invalid uuid: neutron. To ensure interoperability, identifiers should be a valid uuid. warnings.warn(('Invalid uuid: %s. To ensure interoperability, '
2026-05-09 14:02:01.416 9 INFO neutron.wsgi [req-0d80526a-6b4d-4813-a982-740eff6e5ade req-a66fe9fd-eed7-4ec9-bcd8-dac899512d4f 4b67dcd5aa72433a9c9c51e3f8259e4c 30a8bedc6d464f10999e32b385c716fd - - d811e5d5de204ad2864da0e08373b371 d811e5d5de204ad2864da0e08373b371] 199.204.45.157 "GET /v2.0/networks?id=2c01c0b4-4578-4184-bffe-a9c32403aa9c HTTP/1.1" status: 200 len: 974 time: 0.0602775
2026-05-09 14:02:01.467 9 INFO neutron.wsgi [req-0d80526a-6b4d-4813-a982-740eff6e5ade req-5ffd4f78-a21f-461f-bf0f-0ee0ab365a0b 4b67dcd5aa72433a9c9c51e3f8259e4c 30a8bedc6d464f10999e32b385c716fd - - d811e5d5de204ad2864da0e08373b371 d811e5d5de204ad2864da0e08373b371] 199.204.45.157 "GET /v2.0/floatingips?fixed_ip_address=10.100.0.6&port_id=6e3642b5-2431-4e8c-b27a-8e6471e977ec HTTP/1.1" status: 200 len: 1059 time: 0.0389631
2026-05-09 14:02:01.512 9 INFO neutron.wsgi [req-6ca29684-785e-4f94-aef5-1a1af4635ce5 req-f9a8f65a-d992-4493-9442-62c62e396073 ee776e21dd2941928fa590390e243bcf 0314ae5f3d3b4b07b73ef43f863f471e - - default default] 10.0.0.231 "GET /v2.0/ports?device_id=5fa67523-86e0-4100-8ac8-a500dd0167d8 HTTP/1.1" status: 200 len: 1170 time: 0.0431068
2026-05-09 14:02:01.522 9 INFO neutron.plugins.ml2.drivers.ovn.mech_driver.mech_driver [None req-f95c564e-2f7f-46ed-a315-89a1dd8e37e0 - - - - - -] OVN reports status down for port: 6e3642b5-2431-4e8c-b27a-8e6471e977ec
2026-05-09 14:02:01.527 9 INFO neutron.wsgi [req-0d80526a-6b4d-4813-a982-740eff6e5ade req-581e1c7e-61f3-4811-add1-89266e31fce3 4b67dcd5aa72433a9c9c51e3f8259e4c 30a8bedc6d464f10999e32b385c716fd - - d811e5d5de204ad2864da0e08373b371 d811e5d5de204ad2864da0e08373b371] 199.204.45.157 "GET /v2.0/subnets?id=38cdc4d2-4c1d-4efd-afaa-5e4dc2eaba94 HTTP/1.1" status: 200 len: 869 time: 0.0512507
2026-05-09 14:02:01.560 9 INFO neutron.wsgi [req-0d80526a-6b4d-4813-a982-740eff6e5ade req-db6987f8-5037-40d9-abbf-8af82fbf5eb1 4b67dcd5aa72433a9c9c51e3f8259e4c 30a8bedc6d464f10999e32b385c716fd - - d811e5d5de204ad2864da0e08373b371 d811e5d5de204ad2864da0e08373b371] 199.204.45.157 "GET /v2.0/ports?network_id=2c01c0b4-4578-4184-bffe-a9c32403aa9c&device_owner=network%3Adhcp HTTP/1.1" status: 200 len: 210 time: 0.0203640
2026-05-09 14:02:01.588 9 INFO neutron.wsgi [req-6ca29684-785e-4f94-aef5-1a1af4635ce5 req-5334b89e-b13a-46dc-92fc-3c23372f5fe2 ee776e21dd2941928fa590390e243bcf 0314ae5f3d3b4b07b73ef43f863f471e - - default default] 10.0.0.231 "GET /v2.0/security-groups?id=665303d0-aaa2-4841-8da7-08d8dc79a6ba&fields=id&fields=name HTTP/1.1" status: 200 len: 312 time: 0.0668859
2026-05-09 14:02:01.630 9 INFO neutron.wsgi [req-0d80526a-6b4d-4813-a982-740eff6e5ade req-e11a820d-dd81-4e5c-833b-a439c922db66 4b67dcd5aa72433a9c9c51e3f8259e4c 30a8bedc6d464f10999e32b385c716fd - - d811e5d5de204ad2864da0e08373b371 d811e5d5de204ad2864da0e08373b371] 199.204.45.157 "GET /v2.0/networks/2c01c0b4-4578-4184-bffe-a9c32403aa9c?fields=segments HTTP/1.1" status: 200 len: 212 time: 0.0591819
2026-05-09 14:02:01.723 9 INFO neutron.wsgi [req-0d80526a-6b4d-4813-a982-740eff6e5ade req-d215db48-74c7-4c13-b310-77e8351c9e71 4b67dcd5aa72433a9c9c51e3f8259e4c 30a8bedc6d464f10999e32b385c716fd - - d811e5d5de204ad2864da0e08373b371 d811e5d5de204ad2864da0e08373b371] 199.204.45.157 "GET /v2.0/networks/2c01c0b4-4578-4184-bffe-a9c32403aa9c?fields=provider%3Aphysical_network&fields=provider%3Anetwork_type HTTP/1.1" status: 200 len: 277 time: 0.0849314
2026-05-09 14:02:01.853 9 INFO neutron.wsgi [req-818c608a-455f-438c-9421-28b24fbb3a0b req-f6969180-328d-4938-ab00-d618b7e6b8bc ee776e21dd2941928fa590390e243bcf 0314ae5f3d3b4b07b73ef43f863f471e - - default default] 199.204.45.157 "GET /v2.0/ports?device_id=5fa67523-86e0-4100-8ac8-a500dd0167d8 HTTP/1.1" status: 200 len: 1168 time: 0.0577173
2026-05-09 14:02:01.959 9 INFO neutron.db.ovn_revision_numbers_db [None req-f95c564e-2f7f-46ed-a315-89a1dd8e37e0 - - - - - -] Successfully bumped revision number for resource 6e3642b5-2431-4e8c-b27a-8e6471e977ec (type: ports) to 5
2026-05-09 14:02:02.040 10 WARNING neutron.plugins.ml2.drivers.ovn.mech_driver.ovsdb.ovn_client [None req-10273ac3-c27f-4488-ae81-b8b2ed9c7008 - - - - - -] No hosting information found for port b79282cb-20be-4ec2-acdd-cb04ac6e0918: RuntimeError: No hosting information found for port b79282cb-20be-4ec2-acdd-cb04ac6e0918
2026-05-09 14:02:02.040 10 INFO neutron.plugins.ml2.drivers.ovn.mech_driver.mech_driver [None req-10273ac3-c27f-4488-ae81-b8b2ed9c7008 - - - - - -] OVN reports status down for port: 9d10303c-952c-46e8-ad80-4331d67f6751
2026-05-09 14:02:02.060 10 INFO neutron.plugins.ml2.drivers.ovn.mech_driver.mech_driver [None req-10273ac3-c27f-4488-ae81-b8b2ed9c7008 - - - - - -] OVN reports status up for port: a3583007-e918-42ce-b460-7a6da39113b7
2026-05-09 14:02:02.076 10 INFO neutron.plugins.ml2.plugin [None req-10273ac3-c27f-4488-ae81-b8b2ed9c7008 - - - - - -] Attempt 1 to provision port a3583007-e918-42ce-b460-7a6da39113b7 /var/lib/openstack/lib/python3.10/site-packages/pycadf/identifier.py:71: UserWarning: Invalid uuid: neutron. To ensure interoperability, identifiers should be a valid uuid. warnings.warn(('Invalid uuid: %s. To ensure interoperability, '
2026-05-09 14:02:02.353 9 INFO neutron.wsgi [req-d867b0fc-eae1-492b-9a37-d99063b88b4d req-3ed83adc-3143-4611-8723-c761b6379735 4b67dcd5aa72433a9c9c51e3f8259e4c 30a8bedc6d464f10999e32b385c716fd - - d811e5d5de204ad2864da0e08373b371 d811e5d5de204ad2864da0e08373b371] 199.204.45.157 "GET /v2.0/ports?device_id=ca29a1f8-195a-46d4-be91-d965bba50369&fields=binding%3Ahost_id&fields=binding%3Avif_type HTTP/1.1" status: 200 len: 265 time: 0.0530925
2026-05-09 14:02:02.379 10 INFO neutron.wsgi [req-1207ddd2-1c2d-4e59-b425-cc64d6219c0c req-65415e42-af45-49aa-9d1b-cc3f374dbacd ab5d0ebfd29548888bf152ff3c373d21 2c4db834d77a4112975146bf972d7763 - - default default] 10.0.0.231 "GET /v2.0/ports?device_id=a79f141f-ef52-4f43-bdeb-e0511f681eb4 HTTP/1.1" status: 200 len: 1174 time: 0.0475156
2026-05-09 14:02:02.386 10 INFO neutron.wsgi [None req-599ae695-7444-453f-8c21-8ab6eff553a2 b590dbd9c64c4389b093d0be7426b2a5 cc24006cfb974c3d9e246039d008146f - - default default] 10.0.0.11 "DELETE /v2.0/routers/6a17ff1d-ce17-484f-b41a-6df89e3a3303 HTTP/1.1" status: 204 len: 168 time: 1.0142703
2026-05-09 14:02:02.427 9 INFO neutron.wsgi [req-d867b0fc-eae1-492b-9a37-d99063b88b4d req-bae19597-c742-4df1-a4b8-dc2752f2c002 4b67dcd5aa72433a9c9c51e3f8259e4c 30a8bedc6d464f10999e32b385c716fd - - d811e5d5de204ad2864da0e08373b371 d811e5d5de204ad2864da0e08373b371] 199.204.45.157 "GET /v2.0/ports?tenant_id=ce4229a14e4c4618b492f28aac27c885&device_id=ca29a1f8-195a-46d4-be91-d965bba50369 HTTP/1.1" status: 200 len: 1409 time: 0.0319841
2026-05-09 14:02:02.450 10 INFO neutron.wsgi [req-1207ddd2-1c2d-4e59-b425-cc64d6219c0c req-bc83a589-bd18-4ab3-9e70-10c9fe5f565e ab5d0ebfd29548888bf152ff3c373d21 2c4db834d77a4112975146bf972d7763 - - default default] 10.0.0.231 "GET /v2.0/security-groups?id=7b6d1ad9-1e2e-4eba-b02a-07dd48da2f6a&fields=id&fields=name HTTP/1.1" status: 200 len: 313 time: 0.0613379
2026-05-09 14:02:02.480 9 INFO neutron.db.l3_db [req-818c608a-455f-438c-9421-28b24fbb3a0b req-9d742020-49d1-45b4-8c07-27beec7ab111 ee776e21dd2941928fa590390e243bcf 0314ae5f3d3b4b07b73ef43f863f471e - - default default] Floating IP a1477396-a4d3-463a-ae6d-14434bce7a5a disassociated. External IP: 10.96.250.215, port: 6e3642b5-2431-4e8c-b27a-8e6471e977ec.
2026-05-09 14:02:02.534 9 INFO neutron.wsgi [req-d867b0fc-eae1-492b-9a37-d99063b88b4d req-346fb88b-1700-4103-92a1-cee841336a3d 4b67dcd5aa72433a9c9c51e3f8259e4c 30a8bedc6d464f10999e32b385c716fd - - d811e5d5de204ad2864da0e08373b371 d811e5d5de204ad2864da0e08373b371] 199.204.45.157 "GET /v2.0/networks?id=80b9759f-eb7b-4cf7-b60e-4c3f751e0d57 HTTP/1.1" status: 200 len: 974 time: 0.0893900
2026-05-09 14:02:02.597 9 INFO neutron.wsgi [req-d867b0fc-eae1-492b-9a37-d99063b88b4d req-1ef0212a-2613-4b86-a77b-4ba46b3e1635 4b67dcd5aa72433a9c9c51e3f8259e4c 30a8bedc6d464f10999e32b385c716fd - - d811e5d5de204ad2864da0e08373b371 d811e5d5de204ad2864da0e08373b371] 199.204.45.157 "GET /v2.0/floatingips?fixed_ip_address=10.100.0.3&port_id=1929494f-834e-47c1-95fc-ca3bcf026fca HTTP/1.1" status: 200 len: 1059 time: 0.0567505
2026-05-09 14:02:02.657 9 INFO neutron.wsgi [req-d867b0fc-eae1-492b-9a37-d99063b88b4d req-c3b29d0b-2fec-4272-b684-045287b9f248 4b67dcd5aa72433a9c9c51e3f8259e4c 30a8bedc6d464f10999e32b385c716fd - - d811e5d5de204ad2864da0e08373b371 d811e5d5de204ad2864da0e08373b371] 199.204.45.157 "GET /v2.0/subnets?id=ccf29993-5a15-44e5-beee-af8faf515b0a HTTP/1.1" status: 200 len: 869 time: 0.0541232
2026-05-09 14:02:02.673 9 INFO neutron.notifiers.nova [-] Nova event matching ['req-33163b8d-b5e3-41ae-a49e-5b6707c6f9be'] response: {'server_uuid': '5fa67523-86e0-4100-8ac8-a500dd0167d8', 'name': 'network-vif-unplugged', 'status': 'completed', 'tag': '6e3642b5-2431-4e8c-b27a-8e6471e977ec', 'code': 200}
2026-05-09 14:02:02.673 9 INFO neutron.notifiers.nova [-] Nova event matching ['req-33163b8d-b5e3-41ae-a49e-5b6707c6f9be'] response: {'server_uuid': '5fa67523-86e0-4100-8ac8-a500dd0167d8', 'name': 'network-vif-plugged', 'status': 'completed', 'tag': '6e3642b5-2431-4e8c-b27a-8e6471e977ec', 'code': 200}
2026-05-09 14:02:02.701 9 INFO neutron.wsgi [req-d867b0fc-eae1-492b-9a37-d99063b88b4d req-5cee0121-822a-4655-8abc-657f0a432c40 4b67dcd5aa72433a9c9c51e3f8259e4c 30a8bedc6d464f10999e32b385c716fd - - d811e5d5de204ad2864da0e08373b371 d811e5d5de204ad2864da0e08373b371] 199.204.45.157 "GET /v2.0/ports?network_id=80b9759f-eb7b-4cf7-b60e-4c3f751e0d57&device_owner=network%3Adhcp HTTP/1.1" status: 200 len: 210 time: 0.0352564
2026-05-09 14:02:02.708 9 INFO neutron.wsgi [req-4f298924-9bcf-477c-a08d-b4e0301bbaec req-192cbd83-89f7-4029-97db-7991356a49f7 ee776e21dd2941928fa590390e243bcf 0314ae5f3d3b4b07b73ef43f863f471e - - default default] 10.0.0.231 "GET /v2.0/ports?device_id=5fa67523-86e0-4100-8ac8-a500dd0167d8 HTTP/1.1" status: 200 len: 210 time: 0.0338511
2026-05-09 14:02:02.760 9 INFO neutron.wsgi [req-818c608a-455f-438c-9421-28b24fbb3a0b req-9d742020-49d1-45b4-8c07-27beec7ab111 ee776e21dd2941928fa590390e243bcf 0314ae5f3d3b4b07b73ef43f863f471e - - default default] 199.204.45.157 "DELETE /v2.0/ports/6e3642b5-2431-4e8c-b27a-8e6471e977ec HTTP/1.1" status: 204 len: 173 time: 0.9006577
2026-05-09 14:02:02.773 9 INFO neutron.wsgi [req-d867b0fc-eae1-492b-9a37-d99063b88b4d req-9754b970-0ec0-4868-b1ff-1b197866b2db 4b67dcd5aa72433a9c9c51e3f8259e4c 30a8bedc6d464f10999e32b385c716fd - - d811e5d5de204ad2864da0e08373b371 d811e5d5de204ad2864da0e08373b371] 199.204.45.157 "GET /v2.0/networks/80b9759f-eb7b-4cf7-b60e-4c3f751e0d57?fields=segments HTTP/1.1" status: 200 len: 212 time: 0.0606284
2026-05-09 14:02:02.790 10 INFO neutron.db.ovn_revision_numbers_db [None req-10273ac3-c27f-4488-ae81-b8b2ed9c7008 - - - - - -] Successfully bumped revision number for resource a3583007-e918-42ce-b460-7a6da39113b7 (type: ports) to 4
2026-05-09 14:02:02.848 9 INFO neutron.wsgi [req-d867b0fc-eae1-492b-9a37-d99063b88b4d req-e91c4036-eb1e-478c-8fad-b947af836040 4b67dcd5aa72433a9c9c51e3f8259e4c 30a8bedc6d464f10999e32b385c716fd - - d811e5d5de204ad2864da0e08373b371 d811e5d5de204ad2864da0e08373b371] 199.204.45.157 "GET /v2.0/networks/80b9759f-eb7b-4cf7-b60e-4c3f751e0d57?fields=provider%3Aphysical_network&fields=provider%3Anetwork_type HTTP/1.1" status: 200 len: 277 time: 0.0694764
