2026-05-09 14:02:41.067 9 WARNING neutron.api.rpc.agentnotifiers.dhcp_rpc_agent_api [None req-517a88d3-8284-4db3-98e9-b81425fdfca6 fc41c6ba73474cf4b60f76cbbd89f878 95940cff2fff4cec99a92f2007520428 - - default default] Unable to schedule network 58b9c55e-e2d6-4c64-b69c-d86f29d6d82d: no agents available; will retry on subsequent port and subnet creation events.
2026-05-09 14:02:41.147 9 INFO neutron.db.ovn_revision_numbers_db [None req-517a88d3-8284-4db3-98e9-b81425fdfca6 fc41c6ba73474cf4b60f76cbbd89f878 95940cff2fff4cec99a92f2007520428 - - default default] Successfully bumped revision number for resource 3e899f43-f77e-4cca-9807-4be201dd576e (type: ports) to 1
2026-05-09 14:02:41.171 9 INFO neutron.wsgi [None req-517a88d3-8284-4db3-98e9-b81425fdfca6 fc41c6ba73474cf4b60f76cbbd89f878 95940cff2fff4cec99a92f2007520428 - - default default] 10.0.0.11 "POST /v2.0/networks HTTP/1.1" status: 201 len: 853 time: 0.4973774
2026-05-09 14:02:41.337 9 WARNING neutron_lib.context [None req-53ac03e7-9bb0-45f0-8a4d-c968e0db4063 44793f18ba274ff78cce4281dcc04633 d878ac81d65b4574ab5e3804c603a5da - - default default] Method 'is_advsvc' is deprecated since 2023.2 release (neutron-lib 3.8.0) and will be removed once support for the old RBAC API policies will be removed from Neutron. Please use method 'is_service_role' instead.
2026-05-09 14:02:41.456 9 INFO neutron.db.ovn_revision_numbers_db [None req-53ac03e7-9bb0-45f0-8a4d-c968e0db4063 44793f18ba274ff78cce4281dcc04633 d878ac81d65b4574ab5e3804c603a5da - - default default] Successfully bumped revision number for resource 28ed7ad2-5668-487e-b6c1-f0e96b225c58 (type: security_groups) to 1
2026-05-09 14:02:41.470 9 INFO neutron.db.ovn_revision_numbers_db [None req-53ac03e7-9bb0-45f0-8a4d-c968e0db4063 44793f18ba274ff78cce4281dcc04633 d878ac81d65b4574ab5e3804c603a5da - - default default] Successfully bumped revision number for resource 2bab3ac2-3de3-4120-a66d-a45530494b97 (type: security_group_rules) to 0
2026-05-09 14:02:41.485 9 INFO neutron.db.ovn_revision_numbers_db [None req-53ac03e7-9bb0-45f0-8a4d-c968e0db4063 44793f18ba274ff78cce4281dcc04633 d878ac81d65b4574ab5e3804c603a5da - - default default] Successfully bumped revision number for resource 553997c1-d028-4adf-bf8f-8faaddc32850 (type: security_group_rules) to 0
2026-05-09 14:02:41.503 9 INFO neutron.db.ovn_revision_numbers_db [None req-53ac03e7-9bb0-45f0-8a4d-c968e0db4063 44793f18ba274ff78cce4281dcc04633 d878ac81d65b4574ab5e3804c603a5da - - default default] Successfully bumped revision number for resource 6a1d3615-f75f-4f97-9d16-052be5f5705a (type: security_group_rules) to 0
2026-05-09 14:02:41.516 9 INFO neutron.db.ovn_revision_numbers_db [None req-53ac03e7-9bb0-45f0-8a4d-c968e0db4063 44793f18ba274ff78cce4281dcc04633 d878ac81d65b4574ab5e3804c603a5da - - default default] Successfully bumped revision number for resource dbde4538-a3c0-4591-bcd6-267c3fc225dd (type: security_group_rules) to 0
2026-05-09 14:02:41.563 9 INFO neutron.db.segments_db [None req-53ac03e7-9bb0-45f0-8a4d-c968e0db4063 44793f18ba274ff78cce4281dcc04633 d878ac81d65b4574ab5e3804c603a5da - - default default] Added segment fa715431-e9f8-415e-bd90-5587a5faba56 of type geneve for network 49472920-3734-4bb3-9e47-328d0f43532d
2026-05-09 14:02:41.617 10 WARNING neutron_lib.context [None req-ee5eac76-ab47-4750-b548-e0eb8719c33f fc41c6ba73474cf4b60f76cbbd89f878 95940cff2fff4cec99a92f2007520428 - - default default] Method 'is_advsvc' is deprecated since 2023.2 release (neutron-lib 3.8.0) and will be removed once support for the old RBAC API policies will be removed from Neutron. Please use method 'is_service_role' instead.
2026-05-09 14:02:41.675 10 WARNING neutron_lib.context [None req-ee5eac76-ab47-4750-b548-e0eb8719c33f fc41c6ba73474cf4b60f76cbbd89f878 95940cff2fff4cec99a92f2007520428 - - default default] Method 'is_advsvc' is deprecated since 2023.2 release (neutron-lib 3.8.0) and will be removed once support for the old RBAC API policies will be removed from Neutron. Please use method 'is_service_role' instead.
2026-05-09 14:02:41.722 9 INFO neutron.db.ovn_revision_numbers_db [None req-53ac03e7-9bb0-45f0-8a4d-c968e0db4063 44793f18ba274ff78cce4281dcc04633 d878ac81d65b4574ab5e3804c603a5da - - default default] Successfully bumped revision number for resource 49472920-3734-4bb3-9e47-328d0f43532d (type: networks) to 1
2026-05-09 14:02:41.913 9 WARNING neutron.scheduler.dhcp_agent_scheduler [None req-53ac03e7-9bb0-45f0-8a4d-c968e0db4063 44793f18ba274ff78cce4281dcc04633 d878ac81d65b4574ab5e3804c603a5da - - default default] No more DHCP agents
2026-05-09 14:02:41.915 9 WARNING neutron.api.rpc.agentnotifiers.dhcp_rpc_agent_api [None req-53ac03e7-9bb0-45f0-8a4d-c968e0db4063 44793f18ba274ff78cce4281dcc04633 d878ac81d65b4574ab5e3804c603a5da - - default default] Unable to schedule network 49472920-3734-4bb3-9e47-328d0f43532d: no agents available; will retry on subsequent port and subnet creation events.
2026-05-09 14:02:41.996 9 INFO neutron.db.ovn_revision_numbers_db [None req-53ac03e7-9bb0-45f0-8a4d-c968e0db4063 44793f18ba274ff78cce4281dcc04633 d878ac81d65b4574ab5e3804c603a5da - - default default] Successfully bumped revision number for resource b2cb3861-7a58-4ad5-be1a-ffc51c08a073 (type: ports) to 1
2026-05-09 14:02:42.020 9 INFO neutron.wsgi [None req-53ac03e7-9bb0-45f0-8a4d-c968e0db4063 44793f18ba274ff78cce4281dcc04633 d878ac81d65b4574ab5e3804c603a5da - - default default] 10.0.0.11 "POST /v2.0/networks HTTP/1.1" status: 201 len: 849 time: 0.7860193
2026-05-09 14:02:42.029 9 WARNING neutron_lib.context [None req-04b75c8b-1693-49a3-8b7c-580c723cdfa1 44793f18ba274ff78cce4281dcc04633 d878ac81d65b4574ab5e3804c603a5da - - default default] Method 'is_advsvc' is deprecated since 2023.2 release (neutron-lib 3.8.0) and will be removed once support for the old RBAC API policies will be removed from Neutron. Please use method 'is_service_role' instead.
2026-05-09 14:02:42.079 10 WARNING neutron.scheduler.dhcp_agent_scheduler [None req-ee5eac76-ab47-4750-b548-e0eb8719c33f fc41c6ba73474cf4b60f76cbbd89f878 95940cff2fff4cec99a92f2007520428 - - default default] No more DHCP agents
2026-05-09 14:02:42.081 10 WARNING neutron.api.rpc.agentnotifiers.dhcp_rpc_agent_api [None req-ee5eac76-ab47-4750-b548-e0eb8719c33f fc41c6ba73474cf4b60f76cbbd89f878 95940cff2fff4cec99a92f2007520428 - - default default] Unable to schedule network f0a43561-6754-451b-a75a-faaa2b9058e3: no agents available; will retry on subsequent port and subnet creation events.
2026-05-09 14:02:42.112 10 INFO neutron.db.ovn_revision_numbers_db [None req-ee5eac76-ab47-4750-b548-e0eb8719c33f fc41c6ba73474cf4b60f76cbbd89f878 95940cff2fff4cec99a92f2007520428 - - default default] Successfully bumped revision number for resource 8306575b-5880-45b5-b4ec-d8ede4f68058 (type: subnets) to 0
2026-05-09 14:02:42.134 10 WARNING neutron.scheduler.dhcp_agent_scheduler [None req-ee5eac76-ab47-4750-b548-e0eb8719c33f fc41c6ba73474cf4b60f76cbbd89f878 95940cff2fff4cec99a92f2007520428 - - default default] No more DHCP agents
2026-05-09 14:02:42.137 10 WARNING neutron.api.rpc.agentnotifiers.dhcp_rpc_agent_api [None req-ee5eac76-ab47-4750-b548-e0eb8719c33f fc41c6ba73474cf4b60f76cbbd89f878 95940cff2fff4cec99a92f2007520428 - - default default] Unable to schedule network 58b9c55e-e2d6-4c64-b69c-d86f29d6d82d: no agents available; will retry on subsequent port and subnet creation events.
2026-05-09 14:02:42.176 10 INFO neutron.db.ovn_revision_numbers_db [None req-ee5eac76-ab47-4750-b548-e0eb8719c33f fc41c6ba73474cf4b60f76cbbd89f878 95940cff2fff4cec99a92f2007520428 - - default default] Successfully bumped revision number for resource 604634ca-d794-4910-b497-ea35c526f1ac (type: subnets) to 0
2026-05-09 14:02:42.201 10 INFO neutron.wsgi [None req-ee5eac76-ab47-4750-b548-e0eb8719c33f fc41c6ba73474cf4b60f76cbbd89f878 95940cff2fff4cec99a92f2007520428 - - default default] 10.0.0.11 "POST /v2.0/subnets HTTP/1.1" status: 201 len: 1476 time: 0.5955179
2026-05-09 14:02:42.266 9 INFO neutron.wsgi [None req-b0cd2df0-457b-4ed1-aeab-d67259eb9aa0 fc41c6ba73474cf4b60f76cbbd89f878 95940cff2fff4cec99a92f2007520428 - - default default] 10.0.0.11 "GET /v2.0/subnets HTTP/1.1" status: 200 len: 2084 time: 0.0583508
2026-05-09 14:02:42.277 9 WARNING neutron.scheduler.dhcp_agent_scheduler [None req-04b75c8b-1693-49a3-8b7c-580c723cdfa1 44793f18ba274ff78cce4281dcc04633 d878ac81d65b4574ab5e3804c603a5da - - default default] No more DHCP agents
2026-05-09 14:02:42.278 9 WARNING neutron.api.rpc.agentnotifiers.dhcp_rpc_agent_api [None req-04b75c8b-1693-49a3-8b7c-580c723cdfa1 44793f18ba274ff78cce4281dcc04633 d878ac81d65b4574ab5e3804c603a5da - - default default] Unable to schedule network 49472920-3734-4bb3-9e47-328d0f43532d: no agents available; will retry on subsequent port and subnet creation events.
2026-05-09 14:02:42.308 9 INFO neutron.db.ovn_revision_numbers_db [None req-04b75c8b-1693-49a3-8b7c-580c723cdfa1 44793f18ba274ff78cce4281dcc04633 d878ac81d65b4574ab5e3804c603a5da - - default default] Successfully bumped revision number for resource fa07b64f-8d54-43a6-9ce3-92eea0ae96d5 (type: subnets) to 0
2026-05-09 14:02:42.325 9 INFO neutron.wsgi [None req-04b75c8b-1693-49a3-8b7c-580c723cdfa1 44793f18ba274ff78cce4281dcc04633 d878ac81d65b4574ab5e3804c603a5da - - default default] 10.0.0.11 "POST /v2.0/subnets HTTP/1.1" status: 201 len: 802 time: 0.3001285
2026-05-09 14:02:42.334 9 WARNING neutron_lib.context [None req-0cead141-eb9f-469d-8e4e-ec420eb671d5 44793f18ba274ff78cce4281dcc04633 d878ac81d65b4574ab5e3804c603a5da - - default default] Method 'is_advsvc' is deprecated since 2023.2 release (neutron-lib 3.8.0) and will be removed once support for the old RBAC API policies will be removed from Neutron. Please use method 'is_service_role' instead.
2026-05-09 14:02:42.467 10 WARNING neutron_lib.context [None req-9111eddc-30df-4fb1-bdfe-317b55ba30aa 49976ae065cb4c6da44b1b74dbd148a7 fa18e5c2679a41698bdd867a5903133e - - default default] Method 'is_advsvc' is deprecated since 2023.2 release (neutron-lib 3.8.0) and will be removed once support for the old RBAC API policies will be removed from Neutron. Please use method 'is_service_role' instead.
2026-05-09 14:02:42.545 10 INFO neutron.wsgi [None req-1ac65cb1-e3b1-4959-92cf-fc9fe510d238 fc41c6ba73474cf4b60f76cbbd89f878 95940cff2fff4cec99a92f2007520428 - - default default] 10.0.0.11 "DELETE /v2.0/subnets/8306575b-5880-45b5-b4ec-d8ede4f68058 HTTP/1.1" status: 204 len: 168 time: 0.2701395
2026-05-09 14:02:42.641 10 INFO neutron.db.ovn_revision_numbers_db [None req-9111eddc-30df-4fb1-bdfe-317b55ba30aa 49976ae065cb4c6da44b1b74dbd148a7 fa18e5c2679a41698bdd867a5903133e - - default default] Successfully bumped revision number for resource 214a566b-5019-4c1b-8952-749dbedaa6cc (type: security_groups) to 1
2026-05-09 14:02:42.660 10 INFO neutron.db.ovn_revision_numbers_db [None req-9111eddc-30df-4fb1-bdfe-317b55ba30aa 49976ae065cb4c6da44b1b74dbd148a7 fa18e5c2679a41698bdd867a5903133e - - default default] Successfully bumped revision number for resource 38f81496-57f1-4908-a4a2-2befc48d85e2 (type: security_group_rules) to 0
2026-05-09 14:02:42.675 10 INFO neutron.db.ovn_revision_numbers_db [None req-9111eddc-30df-4fb1-bdfe-317b55ba30aa 49976ae065cb4c6da44b1b74dbd148a7 fa18e5c2679a41698bdd867a5903133e - - default default] Successfully bumped revision number for resource 85e267e5-c2f9-409b-8b87-269a20400f3d (type: security_group_rules) to 0
2026-05-09 14:02:42.687 10 INFO neutron.db.ovn_revision_numbers_db [None req-9111eddc-30df-4fb1-bdfe-317b55ba30aa 49976ae065cb4c6da44b1b74dbd148a7 fa18e5c2679a41698bdd867a5903133e - - default default] Successfully bumped revision number for resource ccb90f5a-82e9-4818-8cd6-79b8197bcba1 (type: security_group_rules) to 0
2026-05-09 14:02:42.708 10 INFO neutron.db.ovn_revision_numbers_db [None req-9111eddc-30df-4fb1-bdfe-317b55ba30aa 49976ae065cb4c6da44b1b74dbd148a7 fa18e5c2679a41698bdd867a5903133e - - default default] Successfully bumped revision number for resource ff739a4c-ee2e-4b44-8c2e-5aeba0e9e400 (type: security_group_rules) to 0
2026-05-09 14:02:42.774 10 INFO neutron.db.segments_db [None req-9111eddc-30df-4fb1-bdfe-317b55ba30aa 49976ae065cb4c6da44b1b74dbd148a7 fa18e5c2679a41698bdd867a5903133e - - default default] Added segment 10c1888c-eaea-44e7-add8-823611c3087e of type geneve for network 00c2906b-7684-44e2-accf-3b083de2f23d
2026-05-09 14:02:42.793 9 INFO neutron.wsgi [None req-148a31db-4d91-4ea2-83c3-cd0b793dd432 fc41c6ba73474cf4b60f76cbbd89f878 95940cff2fff4cec99a92f2007520428 - - default default] 10.0.0.11 "DELETE /v2.0/subnets/604634ca-d794-4910-b497-ea35c526f1ac HTTP/1.1" status: 204 len: 168 time: 0.2437339
2026-05-09 14:02:42.837 9 INFO neutron.wsgi [None req-de8be73d-d90e-4463-87fd-4e4b12becbf2 fc41c6ba73474cf4b60f76cbbd89f878 95940cff2fff4cec99a92f2007520428 - - default default] 10.0.0.11 "GET /v2.0/subnets HTTP/1.1" status: 200 len: 820 time: 0.0374146
2026-05-09 14:02:42.887 9 WARNING neutron.scheduler.dhcp_agent_scheduler [None req-0cead141-eb9f-469d-8e4e-ec420eb671d5 44793f18ba274ff78cce4281dcc04633 d878ac81d65b4574ab5e3804c603a5da - - default default] No more DHCP agents
2026-05-09 14:02:42.889 9 WARNING neutron.api.rpc.agentnotifiers.dhcp_rpc_agent_api [None req-0cead141-eb9f-469d-8e4e-ec420eb671d5 44793f18ba274ff78cce4281dcc04633 d878ac81d65b4574ab5e3804c603a5da - - default default] Unable to schedule network 9b938021-88fb-4384-8cbc-c04ee322a3e1: no agents available; will retry on subsequent port and subnet creation events.
2026-05-09 14:02:42.960 10 INFO neutron.db.ovn_revision_numbers_db [None req-9111eddc-30df-4fb1-bdfe-317b55ba30aa 49976ae065cb4c6da44b1b74dbd148a7 fa18e5c2679a41698bdd867a5903133e - - default default] Successfully bumped revision number for resource 00c2906b-7684-44e2-accf-3b083de2f23d (type: networks) to 1
2026-05-09 14:02:43.034 9 INFO neutron.db.ovn_revision_numbers_db [None req-0cead141-eb9f-469d-8e4e-ec420eb671d5 44793f18ba274ff78cce4281dcc04633 d878ac81d65b4574ab5e3804c603a5da - - default default] Successfully bumped revision number for resource 8eb8c704-a2c2-4e2a-aa79-455f27756c74 (type: ports) to 1
2026-05-09 14:02:43.176 10 WARNING neutron.scheduler.dhcp_agent_scheduler [None req-9111eddc-30df-4fb1-bdfe-317b55ba30aa 49976ae065cb4c6da44b1b74dbd148a7 fa18e5c2679a41698bdd867a5903133e - - default default] No more DHCP agents
2026-05-09 14:02:43.181 10 WARNING neutron.api.rpc.agentnotifiers.dhcp_rpc_agent_api [None req-9111eddc-30df-4fb1-bdfe-317b55ba30aa 49976ae065cb4c6da44b1b74dbd148a7 fa18e5c2679a41698bdd867a5903133e - - default default] Unable to schedule network 00c2906b-7684-44e2-accf-3b083de2f23d: no agents available; will retry on subsequent port and subnet creation events.
2026-05-09 14:02:43.313 10 INFO neutron.db.ovn_revision_numbers_db [None req-9111eddc-30df-4fb1-bdfe-317b55ba30aa 49976ae065cb4c6da44b1b74dbd148a7 fa18e5c2679a41698bdd867a5903133e - - default default] Successfully bumped revision number for resource 5961e6ab-231d-4d2a-bf9d-272c193ec01c (type: ports) to 1
2026-05-09 14:02:43.326 10 INFO neutron.services.segments.plugin [-] Segment eca2e3b2-1da3-4d21-a6e1-389118e82840 resource provider aggregate not found
2026-05-09 14:02:43.332 10 INFO neutron.services.segments.plugin [-] Segment eca2e3b2-1da3-4d21-a6e1-389118e82840 resource provider aggregate not found
2026-05-09 14:02:43.350 10 INFO neutron.services.segments.plugin [-] Segment eca2e3b2-1da3-4d21-a6e1-389118e82840 resource provider not found; error: Placement Client Error (4xx): {"errors": [{"status": 404, "title": "Not Found", "detail": "The resource could not be found.\n\n No resource provider with uuid eca2e3b2-1da3-4d21-a6e1-389118e82840 found for delete ", "request_id": "req-be51ad83-99b6-464d-8d5b-75b056f730cf"}]}
2026-05-09 14:02:43.354 10 INFO neutron.wsgi [None req-9111eddc-30df-4fb1-bdfe-317b55ba30aa 49976ae065cb4c6da44b1b74dbd148a7 fa18e5c2679a41698bdd867a5903133e - - default default] 10.0.0.11 "POST /v2.0/networks HTTP/1.1" status: 201 len: 848 time: 1.1286199
2026-05-09 14:02:43.355 10 INFO neutron.services.segments.plugin [-] Segment eca2e3b2-1da3-4d21-a6e1-389118e82840 resource provider not found; error: Placement Client Error (4xx): {"errors": [{"status": 404, "title": "Not Found", "detail": "The resource could not be found.\n\n No resource provider with uuid eca2e3b2-1da3-4d21-a6e1-389118e82840 found for delete ", "request_id": "req-74c29437-fb77-4574-be26-4f3fc602726d"}]}
2026-05-09 14:02:43.363 10 WARNING neutron_lib.context [None req-72251d5d-0a39-4e23-a867-5f3b42770afb 49976ae065cb4c6da44b1b74dbd148a7 fa18e5c2679a41698bdd867a5903133e - - default default] Method 'is_advsvc' is deprecated since 2023.2 release (neutron-lib 3.8.0) and will be removed once support for the old RBAC API policies will be removed from Neutron. Please use method 'is_service_role' instead.
2026-05-09 14:02:43.379 10 INFO neutron.wsgi [None req-99b5226e-856e-4d51-b48e-242825e05edf fc41c6ba73474cf4b60f76cbbd89f878 95940cff2fff4cec99a92f2007520428 - - default default] 10.0.0.11 "DELETE /v2.0/networks/58b9c55e-e2d6-4c64-b69c-d86f29d6d82d HTTP/1.1" status: 204 len: 168 time: 0.5356376
2026-05-09 14:02:43.681 10 WARNING neutron.scheduler.dhcp_agent_scheduler [None req-72251d5d-0a39-4e23-a867-5f3b42770afb 49976ae065cb4c6da44b1b74dbd148a7 fa18e5c2679a41698bdd867a5903133e - - default default] No more DHCP agents
2026-05-09 14:02:43.683 10 WARNING neutron.api.rpc.agentnotifiers.dhcp_rpc_agent_api [None req-72251d5d-0a39-4e23-a867-5f3b42770afb 49976ae065cb4c6da44b1b74dbd148a7 fa18e5c2679a41698bdd867a5903133e - - default default] Unable to schedule network 00c2906b-7684-44e2-accf-3b083de2f23d: no agents available; will retry on subsequent port and subnet creation events.
2026-05-09 14:02:43.801 10 INFO neutron.db.ovn_revision_numbers_db [None req-72251d5d-0a39-4e23-a867-5f3b42770afb 49976ae065cb4c6da44b1b74dbd148a7 fa18e5c2679a41698bdd867a5903133e - - default default] Successfully bumped revision number for resource 0bfb3a44-bd24-4370-88b0-72e0811b4230 (type: ports) to 1
2026-05-09 14:02:43.837 10 INFO neutron.wsgi [None req-72251d5d-0a39-4e23-a867-5f3b42770afb 49976ae065cb4c6da44b1b74dbd148a7 fa18e5c2679a41698bdd867a5903133e - - default default] 10.0.0.11 "POST /v2.0/ports HTTP/1.1" status: 201 len: 978 time: 0.4777675 /var/lib/openstack/lib/python3.10/site-packages/pycadf/identifier.py:71: UserWarning: Invalid uuid: neutron. To ensure interoperability, identifiers should be a valid uuid. warnings.warn(('Invalid uuid: %s. To ensure interoperability, '
2026-05-09 14:02:43.854 10 WARNING neutron_lib.context [None req-fc0c5bcc-c186-485f-a140-b3a3aba1eee5 49976ae065cb4c6da44b1b74dbd148a7 fa18e5c2679a41698bdd867a5903133e - - default default] Method 'is_advsvc' is deprecated since 2023.2 release (neutron-lib 3.8.0) and will be removed once support for the old RBAC API policies will be removed from Neutron. Please use method 'is_service_role' instead.
2026-05-09 14:02:43.884 10 INFO neutron.wsgi [None req-9ba0d001-6bf9-4a92-99c8-692242e2c139 fc41c6ba73474cf4b60f76cbbd89f878 95940cff2fff4cec99a92f2007520428 - - default default] 10.0.0.11 "DELETE /v2.0/networks/f0a43561-6754-451b-a75a-faaa2b9058e3 HTTP/1.1" status: 204 len: 168 time: 0.4993453
2026-05-09 14:02:43.902 10 INFO neutron.plugins.ml2.drivers.ovn.mech_driver.mech_driver [None req-10273ac3-c27f-4488-ae81-b8b2ed9c7008 - - - - - -] OVN reports status up for port: 8eb8c704-a2c2-4e2a-aa79-455f27756c74
2026-05-09 14:02:43.914 10 INFO neutron.plugins.ml2.plugin [None req-10273ac3-c27f-4488-ae81-b8b2ed9c7008 - - - - - -] Attempt 1 to provision port 8eb8c704-a2c2-4e2a-aa79-455f27756c74
2026-05-09 14:02:43.944 9 INFO neutron.db.ovn_revision_numbers_db [None req-0cead141-eb9f-469d-8e4e-ec420eb671d5 44793f18ba274ff78cce4281dcc04633 d878ac81d65b4574ab5e3804c603a5da - - default default] Successfully bumped revision number for resource 8eb8c704-a2c2-4e2a-aa79-455f27756c74 (type: router_ports) to 1
2026-05-09 14:02:43.960 10 INFO neutron.db.segments_db [None req-fc0c5bcc-c186-485f-a140-b3a3aba1eee5 49976ae065cb4c6da44b1b74dbd148a7 fa18e5c2679a41698bdd867a5903133e - - default default] Added segment d4cc327c-a98f-446e-b753-86b2367c3091 of type geneve for network 3d8632a2-0fe8-48d1-8bbe-8e243d24aa72
2026-05-09 14:02:44.059 9 INFO neutron.db.ovn_revision_numbers_db [None req-0cead141-eb9f-469d-8e4e-ec420eb671d5 44793f18ba274ff78cce4281dcc04633 d878ac81d65b4574ab5e3804c603a5da - - default default] Successfully bumped revision number for resource a877408f-66d0-4ac4-96b8-65e41719841f (type: routers) to 2
2026-05-09 14:02:44.078 9 INFO neutron.wsgi [None req-0cead141-eb9f-469d-8e4e-ec420eb671d5 44793f18ba274ff78cce4281dcc04633 d878ac81d65b4574ab5e3804c603a5da - - default default] 10.0.0.11 "POST /v2.0/routers HTTP/1.1" status: 201 len: 874 time: 1.7486708
2026-05-09 14:02:44.172 10 INFO neutron.db.ovn_revision_numbers_db [None req-fc0c5bcc-c186-485f-a140-b3a3aba1eee5 49976ae065cb4c6da44b1b74dbd148a7 fa18e5c2679a41698bdd867a5903133e - - default default] Successfully bumped revision number for resource 3d8632a2-0fe8-48d1-8bbe-8e243d24aa72 (type: networks) to 1
2026-05-09 14:02:44.277 9 INFO neutron.services.segments.plugin [-] Segment 358ac228-c1d0-4264-9b9d-46653414a509 resource provider aggregate not found
2026-05-09 14:02:44.283 9 INFO neutron.services.segments.plugin [-] Segment 358ac228-c1d0-4264-9b9d-46653414a509 resource provider aggregate not found
2026-05-09 14:02:44.303 9 INFO neutron.services.segments.plugin [-] Segment 358ac228-c1d0-4264-9b9d-46653414a509 resource provider not found; error: Placement Client Error (4xx): {"errors": [{"status": 404, "title": "Not Found", "detail": "The resource could not be found.\n\n No resource provider with uuid 358ac228-c1d0-4264-9b9d-46653414a509 found for delete ", "request_id": "req-ab6c304b-8b68-43f1-91e0-0b57cdc33659"}]}
2026-05-09 14:02:44.304 9 INFO neutron.services.segments.plugin [-] Segment 358ac228-c1d0-4264-9b9d-46653414a509 resource provider not found; error: Placement Client Error (4xx): {"errors": [{"status": 404, "title": "Not Found", "detail": "The resource could not be found.\n\n No resource provider with uuid 358ac228-c1d0-4264-9b9d-46653414a509 found for delete ", "request_id": "req-2cd1bd18-cfcb-4438-9cbd-245da47801c3"}]}
2026-05-09 14:02:44.332 9 INFO neutron.wsgi [None req-cff722a1-01d0-4298-a24f-5f57c6ac95a8 fc41c6ba73474cf4b60f76cbbd89f878 95940cff2fff4cec99a92f2007520428 - - default default] 10.0.0.11 "DELETE /v2.0/networks/f1fce35d-1cb0-40db-aed6-6e374a574cb1 HTTP/1.1" status: 204 len: 168 time: 0.4380662
2026-05-09 14:02:44.414 10 WARNING neutron.scheduler.dhcp_agent_scheduler [None req-fc0c5bcc-c186-485f-a140-b3a3aba1eee5 49976ae065cb4c6da44b1b74dbd148a7 fa18e5c2679a41698bdd867a5903133e - - default default] No more DHCP agents
2026-05-09 14:02:44.415 10 WARNING neutron.api.rpc.agentnotifiers.dhcp_rpc_agent_api [None req-fc0c5bcc-c186-485f-a140-b3a3aba1eee5 49976ae065cb4c6da44b1b74dbd148a7 fa18e5c2679a41698bdd867a5903133e - - default default] Unable to schedule network 3d8632a2-0fe8-48d1-8bbe-8e243d24aa72: no agents available; will retry on subsequent port and subnet creation events.
2026-05-09 14:02:44.457 9 INFO neutron.db.ovn_revision_numbers_db [None req-ad892452-e469-498c-8e61-cb202fcf95b5 b590dbd9c64c4389b093d0be7426b2a5 cc24006cfb974c3d9e246039d008146f - - default default] Successfully bumped revision number for resource 8617f4cc-cfcb-4b15-9f01-132745bfdbef (type: security_groups) to 1
2026-05-09 14:02:44.486 9 INFO neutron.db.ovn_revision_numbers_db [None req-ad892452-e469-498c-8e61-cb202fcf95b5 b590dbd9c64c4389b093d0be7426b2a5 cc24006cfb974c3d9e246039d008146f - - default default] Successfully bumped revision number for resource 59b40f83-d788-4549-bdb9-00572b99c0a1 (type: security_group_rules) to 0
2026-05-09 14:02:44.517 9 INFO neutron.db.ovn_revision_numbers_db [None req-ad892452-e469-498c-8e61-cb202fcf95b5 b590dbd9c64c4389b093d0be7426b2a5 cc24006cfb974c3d9e246039d008146f - - default default] Successfully bumped revision number for resource 84b6c1ea-c183-4410-9cca-1a9fd8be4e28 (type: security_group_rules) to 0
2026-05-09 14:02:44.541 9 INFO neutron.db.ovn_revision_numbers_db [None req-ad892452-e469-498c-8e61-cb202fcf95b5 b590dbd9c64c4389b093d0be7426b2a5 cc24006cfb974c3d9e246039d008146f - - default default] Successfully bumped revision number for resource 8942c852-46cb-4f9c-852f-a7d31e83dabb (type: security_group_rules) to 0
2026-05-09 14:02:44.544 10 INFO neutron.db.ovn_revision_numbers_db [None req-fc0c5bcc-c186-485f-a140-b3a3aba1eee5 49976ae065cb4c6da44b1b74dbd148a7 fa18e5c2679a41698bdd867a5903133e - - default default] Successfully bumped revision number for resource 7c61992f-e22d-4708-8385-1bf48ef5e22f (type: ports) to 1
2026-05-09 14:02:44.565 9 INFO neutron.db.ovn_revision_numbers_db [None req-ad892452-e469-498c-8e61-cb202fcf95b5 b590dbd9c64c4389b093d0be7426b2a5 cc24006cfb974c3d9e246039d008146f - - default default] Successfully bumped revision number for resource a03f2702-6f6b-480a-a4ab-2af2af7e3c5d (type: security_group_rules) to 0
2026-05-09 14:02:44.596 10 INFO neutron.wsgi [None req-fc0c5bcc-c186-485f-a140-b3a3aba1eee5 49976ae065cb4c6da44b1b74dbd148a7 fa18e5c2679a41698bdd867a5903133e - - default default] 10.0.0.11 "POST /v2.0/networks HTTP/1.1" status: 201 len: 834 time: 0.7494702
2026-05-09 14:02:44.610 9 INFO neutron.wsgi [None req-ad892452-e469-498c-8e61-cb202fcf95b5 b590dbd9c64c4389b093d0be7426b2a5 cc24006cfb974c3d9e246039d008146f - - default default] 10.0.0.11 "GET /v2.0/security-groups?tenant_id=b89c7f59a3694e10a69542af6f729233&name=default HTTP/1.1" status: 200 len: 2996 time: 0.4466946
2026-05-09 14:02:44.610 10 WARNING neutron_lib.context [None req-35f966e6-a854-435a-88fa-87f7aa27c5af 49976ae065cb4c6da44b1b74dbd148a7 fa18e5c2679a41698bdd867a5903133e - - default default] Method 'is_advsvc' is deprecated since 2023.2 release (neutron-lib 3.8.0) and will be removed once support for the old RBAC API policies will be removed from Neutron. Please use method 'is_service_role' instead.
2026-05-09 14:02:44.808 9 INFO neutron.wsgi [None req-c1c21ffe-947f-450c-9fd9-30d4df9374ba fc41c6ba73474cf4b60f76cbbd89f878 95940cff2fff4cec99a92f2007520428 - - default default] 10.0.0.11 "DELETE /v2.0/networks/48f39f01-c01d-40a5-b1a1-46f4091364ee HTTP/1.1" status: 204 len: 168 time: 0.4693253
2026-05-09 14:02:44.870 9 INFO neutron.wsgi [None req-3c1f07c3-d81d-4f25-92a8-fe39f6dbe79c b590dbd9c64c4389b093d0be7426b2a5 cc24006cfb974c3d9e246039d008146f - - default default] 10.0.0.11 "DELETE /v2.0/security-groups/8617f4cc-cfcb-4b15-9f01-132745bfdbef HTTP/1.1" status: 204 len: 168 time: 0.2500792
2026-05-09 14:02:45.074 10 WARNING neutron.scheduler.dhcp_agent_scheduler [None req-2a9722b4-fafc-4a6d-b9b7-cfdff079f8bc 44793f18ba274ff78cce4281dcc04633 d878ac81d65b4574ab5e3804c603a5da - - default default] No more DHCP agents
2026-05-09 14:02:45.077 10 WARNING neutron.api.rpc.agentnotifiers.dhcp_rpc_agent_api [None req-2a9722b4-fafc-4a6d-b9b7-cfdff079f8bc 44793f18ba274ff78cce4281dcc04633 d878ac81d65b4574ab5e3804c603a5da - - default default] Unable to schedule network 49472920-3734-4bb3-9e47-328d0f43532d: no agents available; will retry on subsequent port and subnet creation events.
2026-05-09 14:02:45.149 10 WARNING neutron.scheduler.dhcp_agent_scheduler [None req-35f966e6-a854-435a-88fa-87f7aa27c5af 49976ae065cb4c6da44b1b74dbd148a7 fa18e5c2679a41698bdd867a5903133e - - default default] No more DHCP agents
2026-05-09 14:02:45.154 10 WARNING neutron.api.rpc.agentnotifiers.dhcp_rpc_agent_api [None req-35f966e6-a854-435a-88fa-87f7aa27c5af 49976ae065cb4c6da44b1b74dbd148a7 fa18e5c2679a41698bdd867a5903133e - - default default] Unable to schedule network 3d8632a2-0fe8-48d1-8bbe-8e243d24aa72: no agents available; will retry on subsequent port and subnet creation events.
2026-05-09 14:02:45.202 10 INFO neutron.db.ovn_revision_numbers_db [None req-35f966e6-a854-435a-88fa-87f7aa27c5af 49976ae065cb4c6da44b1b74dbd148a7 fa18e5c2679a41698bdd867a5903133e - - default default] Successfully bumped revision number for resource f0040827-612e-44e7-8665-4219b69df63e (type: subnets) to 0
2026-05-09 14:02:45.220 10 INFO neutron.wsgi [None req-35f966e6-a854-435a-88fa-87f7aa27c5af 49976ae065cb4c6da44b1b74dbd148a7 fa18e5c2679a41698bdd867a5903133e - - default default] 10.0.0.11 "POST /v2.0/subnets HTTP/1.1" status: 201 len: 821 time: 0.6159947
2026-05-09 14:02:45.229 10 WARNING neutron_lib.context [None req-508d5111-e0f3-436b-bc44-b01273e52ee5 49976ae065cb4c6da44b1b74dbd148a7 fa18e5c2679a41698bdd867a5903133e - - default default] Method 'is_advsvc' is deprecated since 2023.2 release (neutron-lib 3.8.0) and will be removed once support for the old RBAC API policies will be removed from Neutron. Please use method 'is_service_role' instead.
2026-05-09 14:02:45.285 10 INFO neutron.db.ovn_revision_numbers_db [None req-2a9722b4-fafc-4a6d-b9b7-cfdff079f8bc 44793f18ba274ff78cce4281dcc04633 d878ac81d65b4574ab5e3804c603a5da - - default default] Successfully bumped revision number for resource abb38b1a-8df7-4d9d-a217-cf495587eb2f (type: ports) to 1
2026-05-09 14:02:45.375 10 INFO neutron.services.segments.plugin [-] Segment d657f9b1-7b69-4d00-ba11-ff588ea76b0e resource provider aggregate not found
2026-05-09 14:02:45.382 10 INFO neutron.services.segments.plugin [-] Segment d657f9b1-7b69-4d00-ba11-ff588ea76b0e resource provider aggregate not found
2026-05-09 14:02:45.397 10 INFO neutron.services.segments.plugin [-] Segment d657f9b1-7b69-4d00-ba11-ff588ea76b0e resource provider not found; error: Placement Client Error (4xx): {"errors": [{"status": 404, "title": "Not Found", "detail": "The resource could not be found.\n\n No resource provider with uuid d657f9b1-7b69-4d00-ba11-ff588ea76b0e found for delete ", "request_id": "req-bb125ae8-a20e-4a74-86ff-729f9e4d37da"}]}
2026-05-09 14:02:45.401 10 INFO neutron.services.segments.plugin [-] Segment d657f9b1-7b69-4d00-ba11-ff588ea76b0e resource provider not found; error: Placement Client Error (4xx): {"errors": [{"status": 404, "title": "Not Found", "detail": "The resource could not be found.\n\n No resource provider with uuid d657f9b1-7b69-4d00-ba11-ff588ea76b0e found for delete ", "request_id": "req-c31121eb-2be6-4607-88c8-83094ec64d86"}]}
2026-05-09 14:02:45.481 9 INFO neutron.wsgi [None req-77be075d-9721-4386-9a65-d848f8e7edce b590dbd9c64c4389b093d0be7426b2a5 cc24006cfb974c3d9e246039d008146f - - default default] 10.0.0.11 "GET /v2.0/security-groups?tenant_id=95940cff2fff4cec99a92f2007520428&name=default HTTP/1.1" status: 200 len: 2996 time: 0.1968937
2026-05-09 14:02:45.662 10 WARNING neutron.scheduler.dhcp_agent_scheduler [None req-508d5111-e0f3-436b-bc44-b01273e52ee5 49976ae065cb4c6da44b1b74dbd148a7 fa18e5c2679a41698bdd867a5903133e - - default default] No more DHCP agents
2026-05-09 14:02:45.675 10 WARNING neutron.api.rpc.agentnotifiers.dhcp_rpc_agent_api [None req-508d5111-e0f3-436b-bc44-b01273e52ee5 49976ae065cb4c6da44b1b74dbd148a7 fa18e5c2679a41698bdd867a5903133e - - default default] Unable to schedule network 3d8632a2-0fe8-48d1-8bbe-8e243d24aa72: no agents available; will retry on subsequent port and subnet creation events.
2026-05-09 14:02:45.684 9 INFO neutron.wsgi [None req-8c296d0c-69be-474c-b248-a71516ff50ce b590dbd9c64c4389b093d0be7426b2a5 cc24006cfb974c3d9e246039d008146f - - default default] 10.0.0.11 "DELETE /v2.0/security-groups/3689eb3c-fae4-4499-b0b4-f2915c33a21f HTTP/1.1" status: 204 len: 168 time: 0.1973038
2026-05-09 14:02:45.814 10 INFO neutron.db.ovn_revision_numbers_db [None req-508d5111-e0f3-436b-bc44-b01273e52ee5 49976ae065cb4c6da44b1b74dbd148a7 fa18e5c2679a41698bdd867a5903133e - - default default] Successfully bumped revision number for resource 8baa1742-3023-4679-9a22-17e1acf49646 (type: ports) to 1
2026-05-09 14:02:45.852 10 INFO neutron.wsgi [None req-508d5111-e0f3-436b-bc44-b01273e52ee5 49976ae065cb4c6da44b1b74dbd148a7 fa18e5c2679a41698bdd867a5903133e - - default default] 10.0.0.11 "POST /v2.0/ports HTTP/1.1" status: 201 len: 1164 time: 0.6272776
2026-05-09 14:02:45.892 10 INFO neutron.db.ovn_revision_numbers_db [None req-2a9722b4-fafc-4a6d-b9b7-cfdff079f8bc 44793f18ba274ff78cce4281dcc04633 d878ac81d65b4574ab5e3804c603a5da - - default default] Successfully bumped revision number for resource abb38b1a-8df7-4d9d-a217-cf495587eb2f (type: router_ports) to 1
2026-05-09 14:02:46.040 10 INFO neutron.db.ovn_revision_numbers_db [None req-2a9722b4-fafc-4a6d-b9b7-cfdff079f8bc 44793f18ba274ff78cce4281dcc04633 d878ac81d65b4574ab5e3804c603a5da - - default default] Successfully bumped revision number for resource abb38b1a-8df7-4d9d-a217-cf495587eb2f (type: ports) to 1
2026-05-09 14:02:46.107 10 WARNING neutron.scheduler.dhcp_agent_scheduler [None req-2a9722b4-fafc-4a6d-b9b7-cfdff079f8bc 44793f18ba274ff78cce4281dcc04633 d878ac81d65b4574ab5e3804c603a5da - - default default] No more DHCP agents
2026-05-09 14:02:46.108 10 WARNING neutron.api.rpc.agentnotifiers.dhcp_rpc_agent_api [None req-2a9722b4-fafc-4a6d-b9b7-cfdff079f8bc 44793f18ba274ff78cce4281dcc04633 d878ac81d65b4574ab5e3804c603a5da - - default default] Unable to schedule network 49472920-3734-4bb3-9e47-328d0f43532d: no agents available; will retry on subsequent port and subnet creation events.
2026-05-09 14:02:46.122 9 INFO neutron.wsgi [None req-0dfcdd42-8a7e-4990-9767-587074645041 49976ae065cb4c6da44b1b74dbd148a7 fa18e5c2679a41698bdd867a5903133e - - default default] 10.0.0.11 "DELETE /v2.0/ports/8baa1742-3023-4679-9a22-17e1acf49646 HTTP/1.1" status: 204 len: 168 time: 0.2647974
2026-05-09 14:02:46.144 9 INFO neutron.pecan_wsgi.hooks.translation [None req-f1450707-2995-448c-8ae1-4cf81c1f481a 49976ae065cb4c6da44b1b74dbd148a7 fa18e5c2679a41698bdd867a5903133e - - default default] DELETE failed (client error): The resource could not be found.
2026-05-09 14:02:46.146 9 INFO neutron.wsgi [None req-f1450707-2995-448c-8ae1-4cf81c1f481a 49976ae065cb4c6da44b1b74dbd148a7 fa18e5c2679a41698bdd867a5903133e - - default default] 10.0.0.11 "DELETE /v2.0/ports/8baa1742-3023-4679-9a22-17e1acf49646 HTTP/1.1" status: 404 len: 333 time: 0.0193479
2026-05-09 14:02:46.168 9 INFO neutron.pecan_wsgi.hooks.translation [None req-292d087a-f8b4-47cc-b32f-c8b43d758924 49976ae065cb4c6da44b1b74dbd148a7 fa18e5c2679a41698bdd867a5903133e - - default default] GET failed (client error): The resource could not be found.
2026-05-09 14:02:46.170 9 INFO neutron.wsgi [None req-292d087a-f8b4-47cc-b32f-c8b43d758924 49976ae065cb4c6da44b1b74dbd148a7 fa18e5c2679a41698bdd867a5903133e - - default default] 10.0.0.11 "GET /v2.0/ports/8baa1742-3023-4679-9a22-17e1acf49646 HTTP/1.1" status: 404 len: 333 time: 0.0182338
2026-05-09 14:02:46.321 9 INFO neutron.services.segments.plugin [-] Segment 8bc15b25-a18c-4861-8569-761a6563b122 resource provider aggregate not found
2026-05-09 14:02:46.327 9 INFO neutron.services.segments.plugin [-] Segment 8bc15b25-a18c-4861-8569-761a6563b122 resource provider aggregate not found
2026-05-09 14:02:46.338 9 INFO neutron.services.segments.plugin [-] Segment 8bc15b25-a18c-4861-8569-761a6563b122 resource provider not found; error: Placement Client Error (4xx): {"errors": [{"status": 404, "title": "Not Found", "detail": "The resource could not be found.\n\n No resource provider with uuid 8bc15b25-a18c-4861-8569-761a6563b122 found for delete ", "request_id": "req-1a5ce7fc-fd02-45c9-83ce-b70b790f8d98"}]}
2026-05-09 14:02:46.346 9 INFO neutron.services.segments.plugin [-] Segment 8bc15b25-a18c-4861-8569-761a6563b122 resource provider not found; error: Placement Client Error (4xx): {"errors": [{"status": 404, "title": "Not Found", "detail": "The resource could not be found.\n\n No resource provider with uuid 8bc15b25-a18c-4861-8569-761a6563b122 found for delete ", "request_id": "req-d0918002-69de-4145-8231-27c4e42a4632"}]}
2026-05-09 14:02:46.358 10 INFO neutron.db.ovn_revision_numbers_db [None req-2a9722b4-fafc-4a6d-b9b7-cfdff079f8bc 44793f18ba274ff78cce4281dcc04633 d878ac81d65b4574ab5e3804c603a5da - - default default] Successfully bumped revision number for resource abb38b1a-8df7-4d9d-a217-cf495587eb2f (type: router_ports) to 1
2026-05-09 14:02:46.360 10 INFO neutron.wsgi [None req-2a9722b4-fafc-4a6d-b9b7-cfdff079f8bc 44793f18ba274ff78cce4281dcc04633 d878ac81d65b4574ab5e3804c603a5da - - default default] 10.0.0.11 "PUT /v2.0/routers/a877408f-66d0-4ac4-96b8-65e41719841f/add_router_interface HTTP/1.1" status: 200 len: 503 time: 2.2769547 /var/lib/openstack/lib/python3.10/site-packages/pycadf/identifier.py:71: UserWarning: Invalid uuid: neutron. To ensure interoperability, identifiers should be a valid uuid. warnings.warn(('Invalid uuid: %s. To ensure interoperability, '
2026-05-09 14:02:46.369 10 WARNING neutron_lib.context [None req-a5b09aab-0ff0-4073-9cb3-d8d44728724e 44793f18ba274ff78cce4281dcc04633 d878ac81d65b4574ab5e3804c603a5da - - default default] Method 'is_advsvc' is deprecated since 2023.2 release (neutron-lib 3.8.0) and will be removed once support for the old RBAC API policies will be removed from Neutron. Please use method 'is_service_role' instead.
2026-05-09 14:02:46.372 9 INFO neutron.wsgi [None req-57c76466-fa69-4c4d-bb75-b7375abd67cb 49976ae065cb4c6da44b1b74dbd148a7 fa18e5c2679a41698bdd867a5903133e - - default default] 10.0.0.11 "DELETE /v2.0/subnets/f0040827-612e-44e7-8665-4219b69df63e HTTP/1.1" status: 204 len: 168 time: 0.1983495
2026-05-09 14:02:46.702 10 WARNING neutron.scheduler.dhcp_agent_scheduler [None req-a5b09aab-0ff0-4073-9cb3-d8d44728724e 44793f18ba274ff78cce4281dcc04633 d878ac81d65b4574ab5e3804c603a5da - - default default] No more DHCP agents
2026-05-09 14:02:46.704 10 WARNING neutron.api.rpc.agentnotifiers.dhcp_rpc_agent_api [None req-a5b09aab-0ff0-4073-9cb3-d8d44728724e 44793f18ba274ff78cce4281dcc04633 d878ac81d65b4574ab5e3804c603a5da - - default default] Unable to schedule network 49472920-3734-4bb3-9e47-328d0f43532d: no agents available; will retry on subsequent port and subnet creation events.
2026-05-09 14:02:46.772 9 INFO neutron.wsgi [None req-69693c62-3d51-4931-91dc-b51e23afca58 49976ae065cb4c6da44b1b74dbd148a7 fa18e5c2679a41698bdd867a5903133e - - default default] 10.0.0.11 "DELETE /v2.0/networks/3d8632a2-0fe8-48d1-8bbe-8e243d24aa72 HTTP/1.1" status: 204 len: 168 time: 0.3948014 /var/lib/openstack/lib/python3.10/site-packages/pycadf/identifier.py:71: UserWarning: Invalid uuid: neutron. To ensure interoperability, identifiers should be a valid uuid. warnings.warn(('Invalid uuid: %s. To ensure interoperability, '
2026-05-09 14:02:46.784 10 WARNING neutron_lib.context [None req-2bd0f21f-7a2d-4021-b676-7cd5aa4b269c 49976ae065cb4c6da44b1b74dbd148a7 fa18e5c2679a41698bdd867a5903133e - - default default] Method 'is_advsvc' is deprecated since 2023.2 release (neutron-lib 3.8.0) and will be removed once support for the old RBAC API policies will be removed from Neutron. Please use method 'is_service_role' instead.
2026-05-09 14:02:46.867 10 INFO neutron.db.ovn_revision_numbers_db [None req-a5b09aab-0ff0-4073-9cb3-d8d44728724e 44793f18ba274ff78cce4281dcc04633 d878ac81d65b4574ab5e3804c603a5da - - default default] Successfully bumped revision number for resource c7af0287-d033-47da-80cd-f6da74ddddfd (type: ports) to 1
2026-05-09 14:02:46.888 10 INFO neutron.db.segments_db [None req-2bd0f21f-7a2d-4021-b676-7cd5aa4b269c 49976ae065cb4c6da44b1b74dbd148a7 fa18e5c2679a41698bdd867a5903133e - - default default] Added segment 6eabdb9d-2aae-4263-8bd1-1cae67ce2d5f of type geneve for network fcf7efe1-d3f7-4872-a432-0bf250c9b072
2026-05-09 14:02:46.906 10 INFO neutron.wsgi [None req-a5b09aab-0ff0-4073-9cb3-d8d44728724e 44793f18ba274ff78cce4281dcc04633 d878ac81d65b4574ab5e3804c603a5da - - default default] 10.0.0.11 "POST /v2.0/ports HTTP/1.1" status: 201 len: 1158 time: 0.5410395
2026-05-09 14:02:46.916 10 WARNING neutron_lib.context [None req-d289ae43-11b3-4df5-9382-f84d9524faa2 44793f18ba274ff78cce4281dcc04633 d878ac81d65b4574ab5e3804c603a5da - - default default] Method 'is_advsvc' is deprecated since 2023.2 release (neutron-lib 3.8.0) and will be removed once support for the old RBAC API policies will be removed from Neutron. Please use method 'is_service_role' instead.
2026-05-09 14:02:47.074 10 INFO neutron.db.ovn_revision_numbers_db [None req-2bd0f21f-7a2d-4021-b676-7cd5aa4b269c 49976ae065cb4c6da44b1b74dbd148a7 fa18e5c2679a41698bdd867a5903133e - - default default] Successfully bumped revision number for resource fcf7efe1-d3f7-4872-a432-0bf250c9b072 (type: networks) to 1
2026-05-09 14:02:47.445 10 WARNING neutron.scheduler.dhcp_agent_scheduler [None req-2bd0f21f-7a2d-4021-b676-7cd5aa4b269c 49976ae065cb4c6da44b1b74dbd148a7 fa18e5c2679a41698bdd867a5903133e - - default default] No more DHCP agents
2026-05-09 14:02:47.450 10 WARNING neutron.api.rpc.agentnotifiers.dhcp_rpc_agent_api [None req-2bd0f21f-7a2d-4021-b676-7cd5aa4b269c 49976ae065cb4c6da44b1b74dbd148a7 fa18e5c2679a41698bdd867a5903133e - - default default] Unable to schedule network fcf7efe1-d3f7-4872-a432-0bf250c9b072: no agents available; will retry on subsequent port and subnet creation events.
2026-05-09 14:02:47.511 10 WARNING neutron.scheduler.dhcp_agent_scheduler [None req-d289ae43-11b3-4df5-9382-f84d9524faa2 44793f18ba274ff78cce4281dcc04633 d878ac81d65b4574ab5e3804c603a5da - - default default] No more DHCP agents
2026-05-09 14:02:47.516 10 WARNING neutron.api.rpc.agentnotifiers.dhcp_rpc_agent_api [None req-d289ae43-11b3-4df5-9382-f84d9524faa2 44793f18ba274ff78cce4281dcc04633 d878ac81d65b4574ab5e3804c603a5da - - default default] Unable to schedule network 49472920-3734-4bb3-9e47-328d0f43532d: no agents available; will retry on subsequent port and subnet creation events.
2026-05-09 14:02:47.566 10 INFO neutron.db.ovn_revision_numbers_db [None req-2bd0f21f-7a2d-4021-b676-7cd5aa4b269c 49976ae065cb4c6da44b1b74dbd148a7 fa18e5c2679a41698bdd867a5903133e - - default default] Successfully bumped revision number for resource b52a371f-7b4d-4479-b318-5ca243f2145b (type: ports) to 1
2026-05-09 14:02:47.587 10 INFO neutron.wsgi [None req-2bd0f21f-7a2d-4021-b676-7cd5aa4b269c 49976ae065cb4c6da44b1b74dbd148a7 fa18e5c2679a41698bdd867a5903133e - - default default] 10.0.0.11 "POST /v2.0/networks HTTP/1.1" status: 201 len: 835 time: 0.8077576
2026-05-09 14:02:47.602 9 WARNING neutron_lib.context [None req-32517839-3312-4a5c-934a-c1786576cf98 49976ae065cb4c6da44b1b74dbd148a7 fa18e5c2679a41698bdd867a5903133e - - default default] Method 'is_advsvc' is deprecated since 2023.2 release (neutron-lib 3.8.0) and will be removed once support for the old RBAC API policies will be removed from Neutron. Please use method 'is_service_role' instead.
2026-05-09 14:02:47.623 9 WARNING neutron_lib.context [None req-107557a3-4f0b-422f-a38b-c2ed9bd5d4ea f89a7816a76545799a3ecd21b0d52be3 972bd87a6965486084703e2bbfa9da3c - - default default] Method 'is_advsvc' is deprecated since 2023.2 release (neutron-lib 3.8.0) and will be removed once support for the old RBAC API policies will be removed from Neutron. Please use method 'is_service_role' instead.
2026-05-09 14:02:47.623 9 WARNING neutron_lib.context [None req-107557a3-4f0b-422f-a38b-c2ed9bd5d4ea f89a7816a76545799a3ecd21b0d52be3 972bd87a6965486084703e2bbfa9da3c - - default default] Method 'is_advsvc' is deprecated since 2023.2 release (neutron-lib 3.8.0) and will be removed once support for the old RBAC API policies will be removed from Neutron. Please use method 'is_service_role' instead.
2026-05-09 14:02:47.684 10 INFO neutron.db.ovn_revision_numbers_db [None req-d289ae43-11b3-4df5-9382-f84d9524faa2 44793f18ba274ff78cce4281dcc04633 d878ac81d65b4574ab5e3804c603a5da - - default default] Successfully bumped revision number for resource 43f0ef84-cc61-4450-afca-5b7818d77a92 (type: ports) to 1
2026-05-09 14:02:47.709 10 INFO neutron.wsgi [None req-d289ae43-11b3-4df5-9382-f84d9524faa2 44793f18ba274ff78cce4281dcc04633 d878ac81d65b4574ab5e3804c603a5da - - default default] 10.0.0.11 "POST /v2.0/ports HTTP/1.1" status: 201 len: 1153 time: 0.7974772 /var/lib/openstack/lib/python3.10/site-packages/pycadf/identifier.py:71: UserWarning: Invalid uuid: neutron. To ensure interoperability, identifiers should be a valid uuid. warnings.warn(('Invalid uuid: %s. To ensure interoperability, '
2026-05-09 14:02:47.719 10 WARNING neutron_lib.context [None req-785ee34f-6a0d-44a9-929f-a84f40e2604f 44793f18ba274ff78cce4281dcc04633 d878ac81d65b4574ab5e3804c603a5da - - default default] Method 'is_advsvc' is deprecated since 2023.2 release (neutron-lib 3.8.0) and will be removed once support for the old RBAC API policies will be removed from Neutron. Please use method 'is_service_role' instead.
2026-05-09 14:02:47.808 9 INFO neutron.db.ovn_revision_numbers_db [None req-107557a3-4f0b-422f-a38b-c2ed9bd5d4ea f89a7816a76545799a3ecd21b0d52be3 972bd87a6965486084703e2bbfa9da3c - - default default] Successfully bumped revision number for resource 909241f9-a1f7-438b-a270-a24c07331cfd (type: security_groups) to 1
2026-05-09 14:02:47.831 9 INFO neutron.db.ovn_revision_numbers_db [None req-107557a3-4f0b-422f-a38b-c2ed9bd5d4ea f89a7816a76545799a3ecd21b0d52be3 972bd87a6965486084703e2bbfa9da3c - - default default] Successfully bumped revision number for resource 2105b838-7cf1-4c1c-bbe3-e0b301212ae2 (type: security_group_rules) to 0
2026-05-09 14:02:47.849 9 INFO neutron.db.ovn_revision_numbers_db [None req-107557a3-4f0b-422f-a38b-c2ed9bd5d4ea f89a7816a76545799a3ecd21b0d52be3 972bd87a6965486084703e2bbfa9da3c - - default default] Successfully bumped revision number for resource 7b300e64-1bed-4a95-99c1-d288599701b2 (type: security_group_rules) to 0
2026-05-09 14:02:47.863 9 WARNING neutron.scheduler.dhcp_agent_scheduler [None req-32517839-3312-4a5c-934a-c1786576cf98 49976ae065cb4c6da44b1b74dbd148a7 fa18e5c2679a41698bdd867a5903133e - - default default] No more DHCP agents
2026-05-09 14:02:47.867 9 WARNING neutron.api.rpc.agentnotifiers.dhcp_rpc_agent_api [None req-32517839-3312-4a5c-934a-c1786576cf98 49976ae065cb4c6da44b1b74dbd148a7 fa18e5c2679a41698bdd867a5903133e - - default default] Unable to schedule network fcf7efe1-d3f7-4872-a432-0bf250c9b072: no agents available; will retry on subsequent port and subnet creation events.
2026-05-09 14:02:47.873 9 INFO neutron.db.ovn_revision_numbers_db [None req-107557a3-4f0b-422f-a38b-c2ed9bd5d4ea f89a7816a76545799a3ecd21b0d52be3 972bd87a6965486084703e2bbfa9da3c - - default default] Successfully bumped revision number for resource cc14eb87-5a7c-4a46-9c07-119a58d173cf (type: security_group_rules) to 0
2026-05-09 14:02:47.894 9 INFO neutron.db.ovn_revision_numbers_db [None req-107557a3-4f0b-422f-a38b-c2ed9bd5d4ea f89a7816a76545799a3ecd21b0d52be3 972bd87a6965486084703e2bbfa9da3c - - default default] Successfully bumped revision number for resource f8b7b8e8-b9be-4740-9fe5-fec26c47044a (type: security_group_rules) to 0
2026-05-09 14:02:47.912 9 INFO neutron.db.ovn_revision_numbers_db [None req-32517839-3312-4a5c-934a-c1786576cf98 49976ae065cb4c6da44b1b74dbd148a7 fa18e5c2679a41698bdd867a5903133e - - default default] Successfully bumped revision number for resource a8a79673-5e57-4549-a7fe-f5b7550201fe (type: subnets) to 0
2026-05-09 14:02:47.928 9 INFO neutron.wsgi [None req-32517839-3312-4a5c-934a-c1786576cf98 49976ae065cb4c6da44b1b74dbd148a7 fa18e5c2679a41698bdd867a5903133e - - default default] 10.0.0.11 "POST /v2.0/subnets HTTP/1.1" status: 201 len: 821 time: 0.3321004
2026-05-09 14:02:47.936 9 WARNING neutron_lib.context [None req-f69f8ae4-897f-4201-a817-dbe86b593946 49976ae065cb4c6da44b1b74dbd148a7 fa18e5c2679a41698bdd867a5903133e - - default default] Method 'is_advsvc' is deprecated since 2023.2 release (neutron-lib 3.8.0) and will be removed once support for the old RBAC API policies will be removed from Neutron. Please use method 'is_service_role' instead.
2026-05-09 14:02:47.954 10 WARNING neutron.scheduler.dhcp_agent_scheduler [None req-785ee34f-6a0d-44a9-929f-a84f40e2604f 44793f18ba274ff78cce4281dcc04633 d878ac81d65b4574ab5e3804c603a5da - - default default] No more DHCP agents
2026-05-09 14:02:47.955 10 WARNING neutron.api.rpc.agentnotifiers.dhcp_rpc_agent_api [None req-785ee34f-6a0d-44a9-929f-a84f40e2604f 44793f18ba274ff78cce4281dcc04633 d878ac81d65b4574ab5e3804c603a5da - - default default] Unable to schedule network 9b938021-88fb-4384-8cbc-c04ee322a3e1: no agents available; will retry on subsequent port and subnet creation events.
2026-05-09 14:02:47.978 9 INFO neutron.db.segments_db [None req-107557a3-4f0b-422f-a38b-c2ed9bd5d4ea f89a7816a76545799a3ecd21b0d52be3 972bd87a6965486084703e2bbfa9da3c - - default default] Added segment e05b7e09-6a27-45d7-8b54-807233fd3d43 of type geneve for network b5c47e83-0e38-41ad-86a8-a5afe17b4bb2
2026-05-09 14:02:48.116 9 INFO neutron.db.segments_db [None req-107557a3-4f0b-422f-a38b-c2ed9bd5d4ea f89a7816a76545799a3ecd21b0d52be3 972bd87a6965486084703e2bbfa9da3c - - default default] Added segment c09af753-4eaf-4daf-8472-d0021b3d7a9d of type geneve for network e08f4ed9-a52a-4e00-9535-154d2d512120
2026-05-09 14:02:48.360 9 INFO neutron.services.segments.plugin [-] Segment d4cc327c-a98f-446e-b753-86b2367c3091 resource provider aggregate not found
2026-05-09 14:02:48.384 9 INFO neutron.services.segments.plugin [-] Segment d4cc327c-a98f-446e-b753-86b2367c3091 resource provider aggregate not found
2026-05-09 14:02:48.389 9 INFO neutron.services.segments.plugin [-] Segment d4cc327c-a98f-446e-b753-86b2367c3091 resource provider not found; error: Placement Client Error (4xx): {"errors": [{"status": 404, "title": "Not Found", "detail": "The resource could not be found.\n\n No resource provider with uuid d4cc327c-a98f-446e-b753-86b2367c3091 found for delete ", "request_id": "req-7a629432-4796-473c-9211-402943fbe579"}]}
2026-05-09 14:02:48.392 9 INFO neutron.db.ovn_revision_numbers_db [None req-107557a3-4f0b-422f-a38b-c2ed9bd5d4ea f89a7816a76545799a3ecd21b0d52be3 972bd87a6965486084703e2bbfa9da3c - - default default] Successfully bumped revision number for resource b5c47e83-0e38-41ad-86a8-a5afe17b4bb2 (type: networks) to 1
