2026-05-09 14:02:33.391 10 INFO neutron.db.ovn_revision_numbers_db [None req-46cbcb6a-fde5-4221-938e-bba8ee319b00 b590dbd9c64c4389b093d0be7426b2a5 cc24006cfb974c3d9e246039d008146f - - default default] Successfully bumped revision number for resource bbdfe3d5-09d7-431c-bf3b-d66a5a0f4473 (type: security_groups) to 1
2026-05-09 14:02:33.404 10 INFO neutron.db.ovn_revision_numbers_db [None req-46cbcb6a-fde5-4221-938e-bba8ee319b00 b590dbd9c64c4389b093d0be7426b2a5 cc24006cfb974c3d9e246039d008146f - - default default] Successfully bumped revision number for resource 5a25033c-e4e7-4c4e-b699-c9a2ec5a1c41 (type: security_group_rules) to 0
2026-05-09 14:02:33.418 10 INFO neutron.db.ovn_revision_numbers_db [None req-46cbcb6a-fde5-4221-938e-bba8ee319b00 b590dbd9c64c4389b093d0be7426b2a5 cc24006cfb974c3d9e246039d008146f - - default default] Successfully bumped revision number for resource 65f67d21-513d-4b9e-9842-522e8edde925 (type: security_group_rules) to 0
2026-05-09 14:02:33.438 10 INFO neutron.db.ovn_revision_numbers_db [None req-46cbcb6a-fde5-4221-938e-bba8ee319b00 b590dbd9c64c4389b093d0be7426b2a5 cc24006cfb974c3d9e246039d008146f - - default default] Successfully bumped revision number for resource 7f9b7ab4-053d-4f4f-99ac-8b65efef58da (type: security_group_rules) to 0
2026-05-09 14:02:33.471 10 INFO neutron.db.ovn_revision_numbers_db [None req-46cbcb6a-fde5-4221-938e-bba8ee319b00 b590dbd9c64c4389b093d0be7426b2a5 cc24006cfb974c3d9e246039d008146f - - default default] Successfully bumped revision number for resource b9d00cf8-26d2-4787-a243-610a13651bb3 (type: security_group_rules) to 0
2026-05-09 14:02:33.496 10 INFO neutron.wsgi [None req-46cbcb6a-fde5-4221-938e-bba8ee319b00 b590dbd9c64c4389b093d0be7426b2a5 cc24006cfb974c3d9e246039d008146f - - default default] 10.0.0.11 "GET /v2.0/security-groups?tenant_id=f3728366af424a84b6a1f75ea2fe98b7&name=default HTTP/1.1" status: 200 len: 2996 time: 0.2061820
2026-05-09 14:02:33.503 9 WARNING neutron_lib.context [None req-97dd6d65-2079-4a99-ab48-ca711eac42e5 e9c50155073443c6b3cd1232eea3c7cd aa0a3d25f7284f12b4d19794458578f6 - - default default] Method 'is_advsvc' is deprecated since 2023.2 release (neutron-lib 3.8.0) and will be removed once support for the old RBAC API policies will be removed from Neutron. Please use method 'is_service_role' instead.
2026-05-09 14:02:33.627 9 INFO neutron.db.ovn_revision_numbers_db [None req-97dd6d65-2079-4a99-ab48-ca711eac42e5 e9c50155073443c6b3cd1232eea3c7cd aa0a3d25f7284f12b4d19794458578f6 - - default default] Successfully bumped revision number for resource 9d18b122-926f-4e9f-bc4f-dad59ea20f0a (type: security_groups) to 1
2026-05-09 14:02:33.643 9 INFO neutron.db.ovn_revision_numbers_db [None req-97dd6d65-2079-4a99-ab48-ca711eac42e5 e9c50155073443c6b3cd1232eea3c7cd aa0a3d25f7284f12b4d19794458578f6 - - default default] Successfully bumped revision number for resource 50a46f1d-f276-43bf-9c95-806efe817fc9 (type: security_group_rules) to 0
2026-05-09 14:02:33.655 9 INFO neutron.db.ovn_revision_numbers_db [None req-97dd6d65-2079-4a99-ab48-ca711eac42e5 e9c50155073443c6b3cd1232eea3c7cd aa0a3d25f7284f12b4d19794458578f6 - - default default] Successfully bumped revision number for resource 7451a47c-8c93-4e9b-bf02-e0d04ca35a72 (type: security_group_rules) to 0
2026-05-09 14:02:33.669 9 INFO neutron.db.ovn_revision_numbers_db [None req-97dd6d65-2079-4a99-ab48-ca711eac42e5 e9c50155073443c6b3cd1232eea3c7cd aa0a3d25f7284f12b4d19794458578f6 - - default default] Successfully bumped revision number for resource 9971e91e-6c60-45a6-b71b-6aac872c503a (type: security_group_rules) to 0
2026-05-09 14:02:33.683 9 INFO neutron.db.ovn_revision_numbers_db [None req-97dd6d65-2079-4a99-ab48-ca711eac42e5 e9c50155073443c6b3cd1232eea3c7cd aa0a3d25f7284f12b4d19794458578f6 - - default default] Successfully bumped revision number for resource de8d7b73-5672-435c-9cba-c263b14587cd (type: security_group_rules) to 0
2026-05-09 14:02:33.695 10 INFO neutron.wsgi [None req-e84c2ba3-0879-4deb-b794-bc0685fbb7dd b590dbd9c64c4389b093d0be7426b2a5 cc24006cfb974c3d9e246039d008146f - - default default] 10.0.0.11 "DELETE /v2.0/security-groups/bbdfe3d5-09d7-431c-bf3b-d66a5a0f4473 HTTP/1.1" status: 204 len: 168 time: 0.1882331
2026-05-09 14:02:33.771 9 INFO neutron.db.ovn_revision_numbers_db [None req-97dd6d65-2079-4a99-ab48-ca711eac42e5 e9c50155073443c6b3cd1232eea3c7cd aa0a3d25f7284f12b4d19794458578f6 - - default default] Successfully bumped revision number for resource 96c3b3f4-b0ca-479d-9ca6-c651a35e9942 (type: security_groups) to 1
2026-05-09 14:02:33.784 9 INFO neutron.db.ovn_revision_numbers_db [None req-97dd6d65-2079-4a99-ab48-ca711eac42e5 e9c50155073443c6b3cd1232eea3c7cd aa0a3d25f7284f12b4d19794458578f6 - - default default] Successfully bumped revision number for resource 4fce2f50-62ca-401b-aa6c-0dced976d6e6 (type: security_group_rules) to 0
2026-05-09 14:02:33.796 9 INFO neutron.db.ovn_revision_numbers_db [None req-97dd6d65-2079-4a99-ab48-ca711eac42e5 e9c50155073443c6b3cd1232eea3c7cd aa0a3d25f7284f12b4d19794458578f6 - - default default] Successfully bumped revision number for resource cc73f850-1466-44f7-a5da-6b5c4bad6430 (type: security_group_rules) to 0
2026-05-09 14:02:33.815 9 INFO neutron.wsgi [None req-97dd6d65-2079-4a99-ab48-ca711eac42e5 e9c50155073443c6b3cd1232eea3c7cd aa0a3d25f7284f12b4d19794458578f6 - - default default] 10.0.0.11 "POST /v2.0/security-groups HTTP/1.1" status: 201 len: 1760 time: 0.5156100
2026-05-09 14:02:33.856 9 INFO neutron.wsgi [None req-ca642f13-9bad-446e-b30e-81328dacf3ed e9c50155073443c6b3cd1232eea3c7cd aa0a3d25f7284f12b4d19794458578f6 - - default default] 10.0.0.11 "GET /v2.0/security-groups HTTP/1.1" status: 200 len: 4538 time: 0.0365858
2026-05-09 14:02:33.942 9 INFO neutron.db.ovn_revision_numbers_db [None req-b23a8a2a-22d9-4396-84bb-8fdf1ac35960 e9c50155073443c6b3cd1232eea3c7cd aa0a3d25f7284f12b4d19794458578f6 - - default default] Successfully bumped revision number for resource 96c3b3f4-b0ca-479d-9ca6-c651a35e9942 (type: security_groups) to 2
2026-05-09 14:02:33.946 9 INFO neutron.wsgi [None req-b23a8a2a-22d9-4396-84bb-8fdf1ac35960 e9c50155073443c6b3cd1232eea3c7cd aa0a3d25f7284f12b4d19794458578f6 - - default default] 10.0.0.11 "PUT /v2.0/security-groups/96c3b3f4-b0ca-479d-9ca6-c651a35e9942 HTTP/1.1" status: 200 len: 1794 time: 0.0847139
2026-05-09 14:02:33.951 9 INFO neutron.wsgi [-] 10.0.0.66 "GET / HTTP/1.1" status: 200 len: 245 time: 0.0014803
2026-05-09 14:02:33.953 9 INFO neutron.wsgi [-] 10.0.0.66 "GET / HTTP/1.1" status: 200 len: 245 time: 0.0012078
2026-05-09 14:02:33.996 10 INFO neutron.wsgi [None req-89a0587d-05d5-40b3-b014-430d4fd6581c e9c50155073443c6b3cd1232eea3c7cd aa0a3d25f7284f12b4d19794458578f6 - - default default] 10.0.0.11 "GET /v2.0/security-groups/96c3b3f4-b0ca-479d-9ca6-c651a35e9942 HTTP/1.1" status: 200 len: 1794 time: 0.0444739
2026-05-09 14:02:34.106 10 INFO neutron.wsgi [None req-7305720d-4771-4651-97b6-39f74aeed976 e9c50155073443c6b3cd1232eea3c7cd aa0a3d25f7284f12b4d19794458578f6 - - default default] 10.0.0.11 "DELETE /v2.0/security-groups/96c3b3f4-b0ca-479d-9ca6-c651a35e9942 HTTP/1.1" status: 204 len: 168 time: 0.1027272
2026-05-09 14:02:34.143 10 INFO neutron.wsgi [None req-f6394586-1eb9-4dfa-888d-0ce370dd29a0 e9c50155073443c6b3cd1232eea3c7cd aa0a3d25f7284f12b4d19794458578f6 - - default default] 10.0.0.11 "GET /v2.0/security-groups HTTP/1.1" status: 200 len: 2996 time: 0.0328794
2026-05-09 14:02:34.154 10 INFO neutron.api.v2.resource [None req-21b1ea4e-d0f8-42ed-a5b0-fb811bb1ce73 e9c50155073443c6b3cd1232eea3c7cd aa0a3d25f7284f12b4d19794458578f6 - - default default] delete failed (client error): The resource could not be found.
2026-05-09 14:02:34.155 10 INFO neutron.wsgi [None req-21b1ea4e-d0f8-42ed-a5b0-fb811bb1ce73 e9c50155073443c6b3cd1232eea3c7cd aa0a3d25f7284f12b4d19794458578f6 - - default default] 10.0.0.11 "DELETE /v2.0/security-groups/96c3b3f4-b0ca-479d-9ca6-c651a35e9942 HTTP/1.1" status: 404 len: 347 time: 0.0086277
2026-05-09 14:02:34.167 10 WARNING neutron_lib.context [None req-3f735783-94bd-465e-aeb3-e9d55ffb962a e9c50155073443c6b3cd1232eea3c7cd aa0a3d25f7284f12b4d19794458578f6 - - default default] Method 'is_advsvc' is deprecated since 2023.2 release (neutron-lib 3.8.0) and will be removed once support for the old RBAC API policies will be removed from Neutron. Please use method 'is_service_role' instead.
2026-05-09 14:02:34.307 10 INFO neutron.db.ovn_revision_numbers_db [None req-3f735783-94bd-465e-aeb3-e9d55ffb962a e9c50155073443c6b3cd1232eea3c7cd aa0a3d25f7284f12b4d19794458578f6 - - default default] Successfully bumped revision number for resource ce2a3662-d34a-484c-9862-3693882f330c (type: security_groups) to 1
2026-05-09 14:02:34.321 10 INFO neutron.db.ovn_revision_numbers_db [None req-3f735783-94bd-465e-aeb3-e9d55ffb962a e9c50155073443c6b3cd1232eea3c7cd aa0a3d25f7284f12b4d19794458578f6 - - default default] Successfully bumped revision number for resource 9d982e44-ce43-4ea6-b8b8-2ecaacb1139f (type: security_group_rules) to 0
2026-05-09 14:02:34.334 10 INFO neutron.db.ovn_revision_numbers_db [None req-3f735783-94bd-465e-aeb3-e9d55ffb962a e9c50155073443c6b3cd1232eea3c7cd aa0a3d25f7284f12b4d19794458578f6 - - default default] Successfully bumped revision number for resource af4a01de-f4d0-4cfe-8f0f-6dd414b438b8 (type: security_group_rules) to 0
2026-05-09 14:02:34.354 10 INFO neutron.wsgi [None req-3f735783-94bd-465e-aeb3-e9d55ffb962a e9c50155073443c6b3cd1232eea3c7cd aa0a3d25f7284f12b4d19794458578f6 - - default default] 10.0.0.11 "POST /v2.0/security-groups HTTP/1.1" status: 201 len: 1761 time: 0.1918855
2026-05-09 14:02:34.363 10 WARNING neutron_lib.context [None req-35942493-99b4-4979-9552-db6a1f32f864 e9c50155073443c6b3cd1232eea3c7cd aa0a3d25f7284f12b4d19794458578f6 - - default default] Method 'is_advsvc' is deprecated since 2023.2 release (neutron-lib 3.8.0) and will be removed once support for the old RBAC API policies will be removed from Neutron. Please use method 'is_service_role' instead.
2026-05-09 14:02:34.514 10 INFO neutron.db.ovn_revision_numbers_db [None req-35942493-99b4-4979-9552-db6a1f32f864 e9c50155073443c6b3cd1232eea3c7cd aa0a3d25f7284f12b4d19794458578f6 - - default default] Successfully bumped revision number for resource 417d45ad-19dd-4538-b5fe-2559e7cb9ebf (type: security_group_rules) to 0
2026-05-09 14:02:34.539 10 INFO neutron.wsgi [None req-35942493-99b4-4979-9552-db6a1f32f864 e9c50155073443c6b3cd1232eea3c7cd aa0a3d25f7284f12b4d19794458578f6 - - default default] 10.0.0.11 "POST /v2.0/security-group-rules HTTP/1.1" status: 201 len: 768 time: 0.1796157
2026-05-09 14:02:34.562 10 INFO neutron.wsgi [None req-72c10224-d052-482e-ac10-60a174e7b8fe e9c50155073443c6b3cd1232eea3c7cd aa0a3d25f7284f12b4d19794458578f6 - - default default] 10.0.0.11 "GET /v2.0/security-group-rules/417d45ad-19dd-4538-b5fe-2559e7cb9ebf HTTP/1.1" status: 200 len: 763 time: 0.0179806
2026-05-09 14:02:34.611 10 INFO neutron.wsgi [None req-7466761d-58d4-45a0-9712-d02769c28f75 e9c50155073443c6b3cd1232eea3c7cd aa0a3d25f7284f12b4d19794458578f6 - - default default] 10.0.0.11 "GET /v2.0/security-group-rules HTTP/1.1" status: 200 len: 4113 time: 0.0446579
2026-05-09 14:02:34.762 9 INFO neutron.wsgi [None req-75ecb79b-a4be-44b8-b369-c5457f7b6b4a e9c50155073443c6b3cd1232eea3c7cd aa0a3d25f7284f12b4d19794458578f6 - - default default] 10.0.0.11 "DELETE /v2.0/security-group-rules/417d45ad-19dd-4538-b5fe-2559e7cb9ebf HTTP/1.1" status: 204 len: 168 time: 0.1395972
2026-05-09 14:02:34.813 9 INFO neutron.wsgi [None req-1838e54b-f97a-47d8-ae49-66b66bc4673e e9c50155073443c6b3cd1232eea3c7cd aa0a3d25f7284f12b4d19794458578f6 - - default default] 10.0.0.11 "GET /v2.0/security-group-rules HTTP/1.1" status: 200 len: 3567 time: 0.0461597
2026-05-09 14:02:34.822 9 WARNING neutron_lib.context [None req-9aeddf48-c10b-4463-8310-15e00979af25 e9c50155073443c6b3cd1232eea3c7cd aa0a3d25f7284f12b4d19794458578f6 - - default default] Method 'is_advsvc' is deprecated since 2023.2 release (neutron-lib 3.8.0) and will be removed once support for the old RBAC API policies will be removed from Neutron. Please use method 'is_service_role' instead.
2026-05-09 14:02:34.925 9 INFO neutron.db.ovn_revision_numbers_db [None req-9aeddf48-c10b-4463-8310-15e00979af25 e9c50155073443c6b3cd1232eea3c7cd aa0a3d25f7284f12b4d19794458578f6 - - default default] Successfully bumped revision number for resource 5282ac4b-893d-432a-be2d-73119964e6e5 (type: security_group_rules) to 0
2026-05-09 14:02:34.947 9 INFO neutron.wsgi [None req-9aeddf48-c10b-4463-8310-15e00979af25 e9c50155073443c6b3cd1232eea3c7cd aa0a3d25f7284f12b4d19794458578f6 - - default default] 10.0.0.11 "POST /v2.0/security-group-rules HTTP/1.1" status: 201 len: 768 time: 0.1296029
2026-05-09 14:02:34.966 9 INFO neutron.wsgi [None req-b966ec1a-4241-47e9-a64c-5740546e7628 e9c50155073443c6b3cd1232eea3c7cd aa0a3d25f7284f12b4d19794458578f6 - - default default] 10.0.0.11 "GET /v2.0/security-group-rules/5282ac4b-893d-432a-be2d-73119964e6e5 HTTP/1.1" status: 200 len: 763 time: 0.0147276
2026-05-09 14:02:35.008 9 INFO neutron.wsgi [None req-3fd9ec86-1925-4503-9aad-d38d5164e3d7 e9c50155073443c6b3cd1232eea3c7cd aa0a3d25f7284f12b4d19794458578f6 - - default default] 10.0.0.11 "GET /v2.0/security-group-rules HTTP/1.1" status: 200 len: 4113 time: 0.0353892
2026-05-09 14:02:35.118 9 INFO neutron.wsgi [None req-3bed3bf5-3190-4d8a-a5af-54d88ec13f5f e9c50155073443c6b3cd1232eea3c7cd aa0a3d25f7284f12b4d19794458578f6 - - default default] 10.0.0.11 "DELETE /v2.0/security-group-rules/5282ac4b-893d-432a-be2d-73119964e6e5 HTTP/1.1" status: 204 len: 168 time: 0.1043520
2026-05-09 14:02:35.158 9 INFO neutron.wsgi [None req-2eb3df9d-d729-4872-9693-3e2e7719b720 e9c50155073443c6b3cd1232eea3c7cd aa0a3d25f7284f12b4d19794458578f6 - - default default] 10.0.0.11 "GET /v2.0/security-group-rules HTTP/1.1" status: 200 len: 3567 time: 0.0330999
2026-05-09 14:02:35.165 9 WARNING neutron_lib.context [None req-cb60992a-82b3-4ecd-aabe-e9a397a542c6 e9c50155073443c6b3cd1232eea3c7cd aa0a3d25f7284f12b4d19794458578f6 - - default default] Method 'is_advsvc' is deprecated since 2023.2 release (neutron-lib 3.8.0) and will be removed once support for the old RBAC API policies will be removed from Neutron. Please use method 'is_service_role' instead.
2026-05-09 14:02:35.268 9 INFO neutron.db.ovn_revision_numbers_db [None req-cb60992a-82b3-4ecd-aabe-e9a397a542c6 e9c50155073443c6b3cd1232eea3c7cd aa0a3d25f7284f12b4d19794458578f6 - - default default] Successfully bumped revision number for resource 3651e98e-13c8-42e1-b74d-32e9c49c478e (type: security_group_rules) to 0
2026-05-09 14:02:35.282 9 WARNING neutron_lib.context [None req-7118c7b7-23fe-4670-86fb-94bef1349ffb fc41c6ba73474cf4b60f76cbbd89f878 95940cff2fff4cec99a92f2007520428 - - default default] Method 'is_advsvc' is deprecated since 2023.2 release (neutron-lib 3.8.0) and will be removed once support for the old RBAC API policies will be removed from Neutron. Please use method 'is_service_role' instead.
2026-05-09 14:02:35.282 9 WARNING neutron_lib.context [None req-7118c7b7-23fe-4670-86fb-94bef1349ffb fc41c6ba73474cf4b60f76cbbd89f878 95940cff2fff4cec99a92f2007520428 - - default default] Method 'is_advsvc' is deprecated since 2023.2 release (neutron-lib 3.8.0) and will be removed once support for the old RBAC API policies will be removed from Neutron. Please use method 'is_service_role' instead.
2026-05-09 14:02:35.300 9 INFO neutron.wsgi [None req-cb60992a-82b3-4ecd-aabe-e9a397a542c6 e9c50155073443c6b3cd1232eea3c7cd aa0a3d25f7284f12b4d19794458578f6 - - default default] 10.0.0.11 "POST /v2.0/security-group-rules HTTP/1.1" status: 201 len: 769 time: 0.1376238
2026-05-09 14:02:35.327 10 INFO neutron.wsgi [None req-28e9c2ff-5ef9-4031-8708-4a383cedccb1 e9c50155073443c6b3cd1232eea3c7cd aa0a3d25f7284f12b4d19794458578f6 - - default default] 10.0.0.11 "GET /v2.0/security-group-rules/3651e98e-13c8-42e1-b74d-32e9c49c478e HTTP/1.1" status: 200 len: 764 time: 0.0176160
2026-05-09 14:02:35.367 10 INFO neutron.wsgi [None req-3881ac76-2d70-471a-afac-fe5280aa7e3d e9c50155073443c6b3cd1232eea3c7cd aa0a3d25f7284f12b4d19794458578f6 - - default default] 10.0.0.11 "GET /v2.0/security-group-rules HTTP/1.1" status: 200 len: 4114 time: 0.0352409
2026-05-09 14:02:35.427 9 INFO neutron.db.ovn_revision_numbers_db [None req-7118c7b7-23fe-4670-86fb-94bef1349ffb fc41c6ba73474cf4b60f76cbbd89f878 95940cff2fff4cec99a92f2007520428 - - default default] Successfully bumped revision number for resource 3689eb3c-fae4-4499-b0b4-f2915c33a21f (type: security_groups) to 1
2026-05-09 14:02:35.442 9 INFO neutron.db.ovn_revision_numbers_db [None req-7118c7b7-23fe-4670-86fb-94bef1349ffb fc41c6ba73474cf4b60f76cbbd89f878 95940cff2fff4cec99a92f2007520428 - - default default] Successfully bumped revision number for resource 8b35c8ee-2e38-4835-b2e7-76c923450b12 (type: security_group_rules) to 0
2026-05-09 14:02:35.455 9 INFO neutron.db.ovn_revision_numbers_db [None req-7118c7b7-23fe-4670-86fb-94bef1349ffb fc41c6ba73474cf4b60f76cbbd89f878 95940cff2fff4cec99a92f2007520428 - - default default] Successfully bumped revision number for resource eeaffa71-1205-4ce5-a5c2-5092ac1fae65 (type: security_group_rules) to 0
2026-05-09 14:02:35.477 9 INFO neutron.db.ovn_revision_numbers_db [None req-7118c7b7-23fe-4670-86fb-94bef1349ffb fc41c6ba73474cf4b60f76cbbd89f878 95940cff2fff4cec99a92f2007520428 - - default default] Successfully bumped revision number for resource f32c5651-9418-4d2a-afdb-5410d8bebc81 (type: security_group_rules) to 0
2026-05-09 14:02:35.485 10 INFO neutron.wsgi [None req-a3786494-b15a-40e2-adf1-dcfd5d1bc74d e9c50155073443c6b3cd1232eea3c7cd aa0a3d25f7284f12b4d19794458578f6 - - default default] 10.0.0.11 "DELETE /v2.0/security-group-rules/3651e98e-13c8-42e1-b74d-32e9c49c478e HTTP/1.1" status: 204 len: 168 time: 0.1137884
2026-05-09 14:02:35.497 9 INFO neutron.db.ovn_revision_numbers_db [None req-7118c7b7-23fe-4670-86fb-94bef1349ffb fc41c6ba73474cf4b60f76cbbd89f878 95940cff2fff4cec99a92f2007520428 - - default default] Successfully bumped revision number for resource fc8a8d59-febc-4c65-9064-f89d96491bd2 (type: security_group_rules) to 0
2026-05-09 14:02:35.527 10 INFO neutron.wsgi [None req-ac040630-ab3f-47e7-a0ca-075eb51ee71d e9c50155073443c6b3cd1232eea3c7cd aa0a3d25f7284f12b4d19794458578f6 - - default default] 10.0.0.11 "GET /v2.0/security-group-rules HTTP/1.1" status: 200 len: 3567 time: 0.0360205
2026-05-09 14:02:35.562 9 INFO neutron.db.segments_db [None req-7118c7b7-23fe-4670-86fb-94bef1349ffb fc41c6ba73474cf4b60f76cbbd89f878 95940cff2fff4cec99a92f2007520428 - - default default] Added segment 4e4c33e4-945f-4b86-950f-138d454790c2 of type geneve for network 8c2988fb-2d1f-4af1-8a89-4fd7078810c1
2026-05-09 14:02:35.639 10 INFO neutron.wsgi [None req-c28f6767-0fce-438e-8845-3844b63cbd9e e9c50155073443c6b3cd1232eea3c7cd aa0a3d25f7284f12b4d19794458578f6 - - default default] 10.0.0.11 "DELETE /v2.0/security-groups/ce2a3662-d34a-484c-9862-3693882f330c HTTP/1.1" status: 204 len: 168 time: 0.1086419
2026-05-09 14:02:35.679 10 INFO neutron.wsgi [None req-f791220b-9d9c-4b6b-871e-13d731e72bb1 e9c50155073443c6b3cd1232eea3c7cd aa0a3d25f7284f12b4d19794458578f6 - - default default] 10.0.0.11 "GET /v2.0/security-groups HTTP/1.1" status: 200 len: 2996 time: 0.0355492
2026-05-09 14:02:35.694 9 INFO neutron.db.segments_db [None req-7118c7b7-23fe-4670-86fb-94bef1349ffb fc41c6ba73474cf4b60f76cbbd89f878 95940cff2fff4cec99a92f2007520428 - - default default] Added segment 969f36d4-23a2-468f-aba8-47a7af867e06 of type geneve for network 1ec7d25d-f33a-4df2-b045-00f808383384
2026-05-09 14:02:35.722 10 INFO neutron.wsgi [None req-064c93af-70f0-436b-9855-926d743ad501 e9c50155073443c6b3cd1232eea3c7cd aa0a3d25f7284f12b4d19794458578f6 - - default default] 10.0.0.11 "GET /v2.0/security-groups HTTP/1.1" status: 200 len: 2996 time: 0.0355649
2026-05-09 14:02:35.851 9 INFO neutron.db.ovn_revision_numbers_db [None req-7118c7b7-23fe-4670-86fb-94bef1349ffb fc41c6ba73474cf4b60f76cbbd89f878 95940cff2fff4cec99a92f2007520428 - - default default] Successfully bumped revision number for resource 8c2988fb-2d1f-4af1-8a89-4fd7078810c1 (type: networks) to 1
2026-05-09 14:02:36.036 9 WARNING neutron.scheduler.dhcp_agent_scheduler [None req-7118c7b7-23fe-4670-86fb-94bef1349ffb fc41c6ba73474cf4b60f76cbbd89f878 95940cff2fff4cec99a92f2007520428 - - default default] No more DHCP agents
2026-05-09 14:02:36.038 9 WARNING neutron.api.rpc.agentnotifiers.dhcp_rpc_agent_api [None req-7118c7b7-23fe-4670-86fb-94bef1349ffb fc41c6ba73474cf4b60f76cbbd89f878 95940cff2fff4cec99a92f2007520428 - - default default] Unable to schedule network 8c2988fb-2d1f-4af1-8a89-4fd7078810c1: no agents available; will retry on subsequent port and subnet creation events.
2026-05-09 14:02:36.112 9 INFO neutron.db.ovn_revision_numbers_db [None req-7118c7b7-23fe-4670-86fb-94bef1349ffb fc41c6ba73474cf4b60f76cbbd89f878 95940cff2fff4cec99a92f2007520428 - - default default] Successfully bumped revision number for resource a28db547-64e4-48b2-abea-fb7ce1171dd3 (type: ports) to 1
2026-05-09 14:02:36.150 10 INFO neutron.db.ovn_revision_numbers_db [None req-89d4c90a-97e1-4699-8c5b-a017f8477ab2 b590dbd9c64c4389b093d0be7426b2a5 cc24006cfb974c3d9e246039d008146f - - default default] Successfully bumped revision number for resource 7bd9747b-2d23-4674-93d5-edf3e9300428 (type: security_groups) to 1
2026-05-09 14:02:36.163 10 INFO neutron.db.ovn_revision_numbers_db [None req-89d4c90a-97e1-4699-8c5b-a017f8477ab2 b590dbd9c64c4389b093d0be7426b2a5 cc24006cfb974c3d9e246039d008146f - - default default] Successfully bumped revision number for resource 2250d760-751b-4b09-a399-b65a57cd06ea (type: security_group_rules) to 0
2026-05-09 14:02:36.177 10 INFO neutron.db.ovn_revision_numbers_db [None req-89d4c90a-97e1-4699-8c5b-a017f8477ab2 b590dbd9c64c4389b093d0be7426b2a5 cc24006cfb974c3d9e246039d008146f - - default default] Successfully bumped revision number for resource 48f39787-1aa2-49ab-a931-8e51acc692d1 (type: security_group_rules) to 0
2026-05-09 14:02:36.184 9 INFO neutron.db.ovn_revision_numbers_db [None req-7118c7b7-23fe-4670-86fb-94bef1349ffb fc41c6ba73474cf4b60f76cbbd89f878 95940cff2fff4cec99a92f2007520428 - - default default] Successfully bumped revision number for resource 1ec7d25d-f33a-4df2-b045-00f808383384 (type: networks) to 1
2026-05-09 14:02:36.190 10 INFO neutron.db.ovn_revision_numbers_db [None req-89d4c90a-97e1-4699-8c5b-a017f8477ab2 b590dbd9c64c4389b093d0be7426b2a5 cc24006cfb974c3d9e246039d008146f - - default default] Successfully bumped revision number for resource 4bc15fc7-478c-4f69-85a3-0cce4d947d85 (type: security_group_rules) to 0
2026-05-09 14:02:36.203 10 INFO neutron.db.ovn_revision_numbers_db [None req-89d4c90a-97e1-4699-8c5b-a017f8477ab2 b590dbd9c64c4389b093d0be7426b2a5 cc24006cfb974c3d9e246039d008146f - - default default] Successfully bumped revision number for resource ebcc2b46-e75c-4003-895a-0d31ef5f175d (type: security_group_rules) to 0
2026-05-09 14:02:36.225 10 INFO neutron.wsgi [None req-89d4c90a-97e1-4699-8c5b-a017f8477ab2 b590dbd9c64c4389b093d0be7426b2a5 cc24006cfb974c3d9e246039d008146f - - default default] 10.0.0.11 "GET /v2.0/security-groups?tenant_id=effaee112b3e4560b6c00e7351db375f&name=default HTTP/1.1" status: 200 len: 2996 time: 0.2850413
2026-05-09 14:02:36.390 9 WARNING neutron.scheduler.dhcp_agent_scheduler [None req-7118c7b7-23fe-4670-86fb-94bef1349ffb fc41c6ba73474cf4b60f76cbbd89f878 95940cff2fff4cec99a92f2007520428 - - default default] No more DHCP agents
2026-05-09 14:02:36.394 9 WARNING neutron.api.rpc.agentnotifiers.dhcp_rpc_agent_api [None req-7118c7b7-23fe-4670-86fb-94bef1349ffb fc41c6ba73474cf4b60f76cbbd89f878 95940cff2fff4cec99a92f2007520428 - - default default] Unable to schedule network 1ec7d25d-f33a-4df2-b045-00f808383384: no agents available; will retry on subsequent port and subnet creation events.
2026-05-09 14:02:36.439 10 INFO neutron.wsgi [None req-6d032f42-eb5f-4b28-8698-4aec81b114dc b590dbd9c64c4389b093d0be7426b2a5 cc24006cfb974c3d9e246039d008146f - - default default] 10.0.0.11 "DELETE /v2.0/security-groups/7bd9747b-2d23-4674-93d5-edf3e9300428 HTTP/1.1" status: 204 len: 168 time: 0.2082756
2026-05-09 14:02:36.487 9 INFO neutron.db.ovn_revision_numbers_db [None req-7118c7b7-23fe-4670-86fb-94bef1349ffb fc41c6ba73474cf4b60f76cbbd89f878 95940cff2fff4cec99a92f2007520428 - - default default] Successfully bumped revision number for resource caa63190-f6f0-414f-851f-43abb41549d7 (type: ports) to 1
2026-05-09 14:02:36.506 9 INFO neutron.wsgi [None req-7118c7b7-23fe-4670-86fb-94bef1349ffb fc41c6ba73474cf4b60f76cbbd89f878 95940cff2fff4cec99a92f2007520428 - - default default] 10.0.0.11 "POST /v2.0/networks HTTP/1.1" status: 201 len: 1443 time: 1.4329708
2026-05-09 14:02:36.531 10 INFO neutron.wsgi [None req-ce0037c4-a6ce-4770-9dd9-8694b86e2693 b590dbd9c64c4389b093d0be7426b2a5 cc24006cfb974c3d9e246039d008146f - - default default] 10.0.0.11 "GET /v2.0/security-groups?tenant_id=aa0a3d25f7284f12b4d19794458578f6&name=default HTTP/1.1" status: 200 len: 2996 time: 0.2910404
2026-05-09 14:02:36.604 9 INFO neutron.wsgi [None req-6ef59cc1-be07-4687-a68e-2b973aa02ff4 fc41c6ba73474cf4b60f76cbbd89f878 95940cff2fff4cec99a92f2007520428 - - default default] 10.0.0.11 "GET /v2.0/networks HTTP/1.1" status: 200 len: 2049 time: 0.0926013
2026-05-09 14:02:36.735 10 INFO neutron.wsgi [None req-67e713f3-28dc-4404-a8a4-776b9d6824e9 b590dbd9c64c4389b093d0be7426b2a5 cc24006cfb974c3d9e246039d008146f - - default default] 10.0.0.11 "DELETE /v2.0/security-groups/9d18b122-926f-4e9f-bc4f-dad59ea20f0a HTTP/1.1" status: 204 len: 168 time: 0.1997864
2026-05-09 14:02:36.932 9 INFO neutron.services.segments.plugin [-] Segment 4e4c33e4-945f-4b86-950f-138d454790c2 resource provider aggregate not found
2026-05-09 14:02:36.937 9 INFO neutron.services.segments.plugin [-] Segment 4e4c33e4-945f-4b86-950f-138d454790c2 resource provider aggregate not found
2026-05-09 14:02:36.949 9 INFO neutron.services.segments.plugin [-] Segment 4e4c33e4-945f-4b86-950f-138d454790c2 resource provider not found; error: Placement Client Error (4xx): {"errors": [{"status": 404, "title": "Not Found", "detail": "The resource could not be found.\n\n No resource provider with uuid 4e4c33e4-945f-4b86-950f-138d454790c2 found for delete ", "request_id": "req-3dc432b5-cfc8-4b4c-ab93-3434afa33e08"}]}
2026-05-09 14:02:36.957 9 INFO neutron.services.segments.plugin [-] Segment 4e4c33e4-945f-4b86-950f-138d454790c2 resource provider not found; error: Placement Client Error (4xx): {"errors": [{"status": 404, "title": "Not Found", "detail": "The resource could not be found.\n\n No resource provider with uuid 4e4c33e4-945f-4b86-950f-138d454790c2 found for delete ", "request_id": "req-f4d8025d-34c0-4f31-8746-522557c6cdd4"}]}
2026-05-09 14:02:36.985 9 INFO neutron.wsgi [None req-ca2df8e1-bd5d-4114-94c2-efafec7feef9 fc41c6ba73474cf4b60f76cbbd89f878 95940cff2fff4cec99a92f2007520428 - - default default] 10.0.0.11 "DELETE /v2.0/networks/8c2988fb-2d1f-4af1-8a89-4fd7078810c1 HTTP/1.1" status: 204 len: 168 time: 0.3762071
2026-05-09 14:02:37.366 9 INFO neutron.wsgi [None req-6747f965-86a4-4195-829a-fc98a0b1dde7 fc41c6ba73474cf4b60f76cbbd89f878 95940cff2fff4cec99a92f2007520428 - - default default] 10.0.0.11 "DELETE /v2.0/networks/1ec7d25d-f33a-4df2-b045-00f808383384 HTTP/1.1" status: 204 len: 168 time: 0.3739214
2026-05-09 14:02:37.476 10 INFO neutron.wsgi [None req-e893b721-2836-414b-9961-284eaaa3b549 fc41c6ba73474cf4b60f76cbbd89f878 95940cff2fff4cec99a92f2007520428 - - default default] 10.0.0.11 "GET /v2.0/networks HTTP/1.1" status: 200 len: 845 time: 0.1039758
2026-05-09 14:02:37.492 10 WARNING neutron_lib.context [None req-adfda587-ca3a-4c31-bb57-b190d2bb8400 fc41c6ba73474cf4b60f76cbbd89f878 95940cff2fff4cec99a92f2007520428 - - default default] Method 'is_advsvc' is deprecated since 2023.2 release (neutron-lib 3.8.0) and will be removed once support for the old RBAC API policies will be removed from Neutron. Please use method 'is_service_role' instead.
2026-05-09 14:02:37.578 10 INFO neutron.db.segments_db [None req-adfda587-ca3a-4c31-bb57-b190d2bb8400 fc41c6ba73474cf4b60f76cbbd89f878 95940cff2fff4cec99a92f2007520428 - - default default] Added segment 8bc15b25-a18c-4861-8569-761a6563b122 of type geneve for network 48f39f01-c01d-40a5-b1a1-46f4091364ee
2026-05-09 14:02:37.740 10 INFO neutron.db.ovn_revision_numbers_db [None req-adfda587-ca3a-4c31-bb57-b190d2bb8400 fc41c6ba73474cf4b60f76cbbd89f878 95940cff2fff4cec99a92f2007520428 - - default default] Successfully bumped revision number for resource 48f39f01-c01d-40a5-b1a1-46f4091364ee (type: networks) to 1
2026-05-09 14:02:37.921 10 WARNING neutron.scheduler.dhcp_agent_scheduler [None req-adfda587-ca3a-4c31-bb57-b190d2bb8400 fc41c6ba73474cf4b60f76cbbd89f878 95940cff2fff4cec99a92f2007520428 - - default default] No more DHCP agents
2026-05-09 14:02:37.922 10 WARNING neutron.api.rpc.agentnotifiers.dhcp_rpc_agent_api [None req-adfda587-ca3a-4c31-bb57-b190d2bb8400 fc41c6ba73474cf4b60f76cbbd89f878 95940cff2fff4cec99a92f2007520428 - - default default] Unable to schedule network 48f39f01-c01d-40a5-b1a1-46f4091364ee: no agents available; will retry on subsequent port and subnet creation events.
2026-05-09 14:02:38.010 10 INFO neutron.db.ovn_revision_numbers_db [None req-adfda587-ca3a-4c31-bb57-b190d2bb8400 fc41c6ba73474cf4b60f76cbbd89f878 95940cff2fff4cec99a92f2007520428 - - default default] Successfully bumped revision number for resource 3347772f-6303-4aad-8e06-53712cc86a1e (type: ports) to 1
2026-05-09 14:02:38.033 10 INFO neutron.wsgi [None req-adfda587-ca3a-4c31-bb57-b190d2bb8400 fc41c6ba73474cf4b60f76cbbd89f878 95940cff2fff4cec99a92f2007520428 - - default default] 10.0.0.11 "POST /v2.0/networks HTTP/1.1" status: 201 len: 853 time: 0.5452344
2026-05-09 14:02:38.046 9 WARNING neutron_lib.context [None req-5f3758dd-d654-4faa-ac5f-4e6bb7b5065f fc41c6ba73474cf4b60f76cbbd89f878 95940cff2fff4cec99a92f2007520428 - - default default] Method 'is_advsvc' is deprecated since 2023.2 release (neutron-lib 3.8.0) and will be removed once support for the old RBAC API policies will be removed from Neutron. Please use method 'is_service_role' instead.
2026-05-09 14:02:38.121 9 INFO neutron.db.segments_db [None req-5f3758dd-d654-4faa-ac5f-4e6bb7b5065f fc41c6ba73474cf4b60f76cbbd89f878 95940cff2fff4cec99a92f2007520428 - - default default] Added segment 358ac228-c1d0-4264-9b9d-46653414a509 of type geneve for network f1fce35d-1cb0-40db-aed6-6e374a574cb1
2026-05-09 14:02:38.254 9 INFO neutron.db.ovn_revision_numbers_db [None req-5f3758dd-d654-4faa-ac5f-4e6bb7b5065f fc41c6ba73474cf4b60f76cbbd89f878 95940cff2fff4cec99a92f2007520428 - - default default] Successfully bumped revision number for resource f1fce35d-1cb0-40db-aed6-6e374a574cb1 (type: networks) to 1
2026-05-09 14:02:38.422 9 WARNING neutron.scheduler.dhcp_agent_scheduler [None req-5f3758dd-d654-4faa-ac5f-4e6bb7b5065f fc41c6ba73474cf4b60f76cbbd89f878 95940cff2fff4cec99a92f2007520428 - - default default] No more DHCP agents
2026-05-09 14:02:38.424 9 WARNING neutron.api.rpc.agentnotifiers.dhcp_rpc_agent_api [None req-5f3758dd-d654-4faa-ac5f-4e6bb7b5065f fc41c6ba73474cf4b60f76cbbd89f878 95940cff2fff4cec99a92f2007520428 - - default default] Unable to schedule network f1fce35d-1cb0-40db-aed6-6e374a574cb1: no agents available; will retry on subsequent port and subnet creation events.
2026-05-09 14:02:38.492 9 INFO neutron.db.ovn_revision_numbers_db [None req-5f3758dd-d654-4faa-ac5f-4e6bb7b5065f fc41c6ba73474cf4b60f76cbbd89f878 95940cff2fff4cec99a92f2007520428 - - default default] Successfully bumped revision number for resource c6ea9cc4-0bfb-4f2e-babc-42a1e8cd0875 (type: ports) to 1
2026-05-09 14:02:38.510 9 INFO neutron.wsgi [None req-5f3758dd-d654-4faa-ac5f-4e6bb7b5065f fc41c6ba73474cf4b60f76cbbd89f878 95940cff2fff4cec99a92f2007520428 - - default default] 10.0.0.11 "POST /v2.0/networks HTTP/1.1" status: 201 len: 852 time: 0.4705672
2026-05-09 14:02:38.520 9 WARNING neutron_lib.context [None req-cc0b9942-9629-4dfa-8c71-6b6717a57752 fc41c6ba73474cf4b60f76cbbd89f878 95940cff2fff4cec99a92f2007520428 - - default default] Method 'is_advsvc' is deprecated since 2023.2 release (neutron-lib 3.8.0) and will be removed once support for the old RBAC API policies will be removed from Neutron. Please use method 'is_service_role' instead.
2026-05-09 14:02:38.558 9 WARNING neutron_lib.context [None req-cc0b9942-9629-4dfa-8c71-6b6717a57752 fc41c6ba73474cf4b60f76cbbd89f878 95940cff2fff4cec99a92f2007520428 - - default default] Method 'is_advsvc' is deprecated since 2023.2 release (neutron-lib 3.8.0) and will be removed once support for the old RBAC API policies will be removed from Neutron. Please use method 'is_service_role' instead.
2026-05-09 14:02:38.887 9 INFO neutron.db.ovn_revision_numbers_db [None req-68c49605-7a20-4053-b0c9-134c25daa9ba b590dbd9c64c4389b093d0be7426b2a5 cc24006cfb974c3d9e246039d008146f - - default default] Successfully bumped revision number for resource 70ecafc3-dc3c-4a2f-80d7-2febb1646a84 (type: security_groups) to 1
2026-05-09 14:02:38.904 9 INFO neutron.db.ovn_revision_numbers_db [None req-68c49605-7a20-4053-b0c9-134c25daa9ba b590dbd9c64c4389b093d0be7426b2a5 cc24006cfb974c3d9e246039d008146f - - default default] Successfully bumped revision number for resource 0ae70604-69c0-4620-8d3d-214deccc852b (type: security_group_rules) to 0
2026-05-09 14:02:38.940 9 INFO neutron.db.ovn_revision_numbers_db [None req-68c49605-7a20-4053-b0c9-134c25daa9ba b590dbd9c64c4389b093d0be7426b2a5 cc24006cfb974c3d9e246039d008146f - - default default] Successfully bumped revision number for resource 46d2f5f8-c31b-4498-8ac3-bf6066991283 (type: security_group_rules) to 0
2026-05-09 14:02:38.972 9 INFO neutron.services.segments.plugin [-] Segment 969f36d4-23a2-468f-aba8-47a7af867e06 resource provider aggregate not found
2026-05-09 14:02:38.976 9 INFO neutron.services.segments.plugin [-] Segment 969f36d4-23a2-468f-aba8-47a7af867e06 resource provider aggregate not found
2026-05-09 14:02:38.980 9 INFO neutron.db.ovn_revision_numbers_db [None req-68c49605-7a20-4053-b0c9-134c25daa9ba b590dbd9c64c4389b093d0be7426b2a5 cc24006cfb974c3d9e246039d008146f - - default default] Successfully bumped revision number for resource f3c32d6e-d078-45a3-bc37-c5f552c6f0ac (type: security_group_rules) to 0
2026-05-09 14:02:38.985 9 INFO neutron.services.segments.plugin [-] Segment 969f36d4-23a2-468f-aba8-47a7af867e06 resource provider not found; error: Placement Client Error (4xx): {"errors": [{"status": 404, "title": "Not Found", "detail": "The resource could not be found.\n\n No resource provider with uuid 969f36d4-23a2-468f-aba8-47a7af867e06 found for delete ", "request_id": "req-d20905ad-d6c4-48a8-937e-46c504e00d96"}]}
2026-05-09 14:02:38.992 9 INFO neutron.services.segments.plugin [-] Segment 969f36d4-23a2-468f-aba8-47a7af867e06 resource provider not found; error: Placement Client Error (4xx): {"errors": [{"status": 404, "title": "Not Found", "detail": "The resource could not be found.\n\n No resource provider with uuid 969f36d4-23a2-468f-aba8-47a7af867e06 found for delete ", "request_id": "req-f5a99add-171f-4b13-88db-6a6849f77987"}]}
2026-05-09 14:02:39.011 9 INFO neutron.db.ovn_revision_numbers_db [None req-68c49605-7a20-4053-b0c9-134c25daa9ba b590dbd9c64c4389b093d0be7426b2a5 cc24006cfb974c3d9e246039d008146f - - default default] Successfully bumped revision number for resource fc3c7ab6-e771-404b-b2bb-4de6d4d7ddad (type: security_group_rules) to 0
2026-05-09 14:02:39.015 9 WARNING neutron.scheduler.dhcp_agent_scheduler [None req-cc0b9942-9629-4dfa-8c71-6b6717a57752 fc41c6ba73474cf4b60f76cbbd89f878 95940cff2fff4cec99a92f2007520428 - - default default] No more DHCP agents
2026-05-09 14:02:39.022 9 WARNING neutron.api.rpc.agentnotifiers.dhcp_rpc_agent_api [None req-cc0b9942-9629-4dfa-8c71-6b6717a57752 fc41c6ba73474cf4b60f76cbbd89f878 95940cff2fff4cec99a92f2007520428 - - default default] Unable to schedule network 48f39f01-c01d-40a5-b1a1-46f4091364ee: no agents available; will retry on subsequent port and subnet creation events.
2026-05-09 14:02:39.028 10 INFO neutron.db.ovn_revision_numbers_db [None req-0f9f6b96-4c1f-4cfc-9fa8-b1092d1c0fdd b590dbd9c64c4389b093d0be7426b2a5 cc24006cfb974c3d9e246039d008146f - - default default] Successfully bumped revision number for resource de92e8f9-37f5-47d7-b08e-cae239bab41a (type: security_groups) to 1
2026-05-09 14:02:39.046 9 INFO neutron.wsgi [None req-68c49605-7a20-4053-b0c9-134c25daa9ba b590dbd9c64c4389b093d0be7426b2a5 cc24006cfb974c3d9e246039d008146f - - default default] 10.0.0.11 "GET /v2.0/security-groups?tenant_id=9980e3a9051a4681972cb04793e779b2&name=default HTTP/1.1" status: 200 len: 2996 time: 0.4165177
2026-05-09 14:02:39.049 10 INFO neutron.db.ovn_revision_numbers_db [None req-0f9f6b96-4c1f-4cfc-9fa8-b1092d1c0fdd b590dbd9c64c4389b093d0be7426b2a5 cc24006cfb974c3d9e246039d008146f - - default default] Successfully bumped revision number for resource 791cae1c-ff57-48f4-8056-a5aae3d4ae6d (type: security_group_rules) to 0 /var/lib/openstack/lib/python3.10/site-packages/pycadf/identifier.py:71: UserWarning: Invalid uuid: neutron. To ensure interoperability, identifiers should be a valid uuid. warnings.warn(('Invalid uuid: %s. To ensure interoperability, '
2026-05-09 14:02:39.065 10 INFO neutron.db.ovn_revision_numbers_db [None req-0f9f6b96-4c1f-4cfc-9fa8-b1092d1c0fdd b590dbd9c64c4389b093d0be7426b2a5 cc24006cfb974c3d9e246039d008146f - - default default] Successfully bumped revision number for resource a4c803d5-b2bc-4d73-9f74-700e130208d6 (type: security_group_rules) to 0
2026-05-09 14:02:39.079 10 INFO neutron.db.ovn_revision_numbers_db [None req-0f9f6b96-4c1f-4cfc-9fa8-b1092d1c0fdd b590dbd9c64c4389b093d0be7426b2a5 cc24006cfb974c3d9e246039d008146f - - default default] Successfully bumped revision number for resource c6e687b1-ebb7-4100-90e5-45ae664928d7 (type: security_group_rules) to 0
2026-05-09 14:02:39.097 10 INFO neutron.db.ovn_revision_numbers_db [None req-0f9f6b96-4c1f-4cfc-9fa8-b1092d1c0fdd b590dbd9c64c4389b093d0be7426b2a5 cc24006cfb974c3d9e246039d008146f - - default default] Successfully bumped revision number for resource ce9de3a7-3ea5-4564-b16b-d72948946241 (type: security_group_rules) to 0
2026-05-09 14:02:39.117 9 INFO neutron.db.ovn_revision_numbers_db [None req-cc0b9942-9629-4dfa-8c71-6b6717a57752 fc41c6ba73474cf4b60f76cbbd89f878 95940cff2fff4cec99a92f2007520428 - - default default] Successfully bumped revision number for resource 8a016a35-21d1-4776-9a67-535245576b74 (type: ports) to 1
2026-05-09 14:02:39.118 10 INFO neutron.wsgi [None req-0f9f6b96-4c1f-4cfc-9fa8-b1092d1c0fdd b590dbd9c64c4389b093d0be7426b2a5 cc24006cfb974c3d9e246039d008146f - - default default] 10.0.0.11 "GET /v2.0/security-groups?tenant_id=c1c39efaaafc4289b657b58f3a4b862c&name=default HTTP/1.1" status: 200 len: 2996 time: 0.2583339
2026-05-09 14:02:39.339 9 WARNING neutron.scheduler.dhcp_agent_scheduler [None req-cc0b9942-9629-4dfa-8c71-6b6717a57752 fc41c6ba73474cf4b60f76cbbd89f878 95940cff2fff4cec99a92f2007520428 - - default default] No more DHCP agents
2026-05-09 14:02:39.343 9 WARNING neutron.api.rpc.agentnotifiers.dhcp_rpc_agent_api [None req-cc0b9942-9629-4dfa-8c71-6b6717a57752 fc41c6ba73474cf4b60f76cbbd89f878 95940cff2fff4cec99a92f2007520428 - - default default] Unable to schedule network f1fce35d-1cb0-40db-aed6-6e374a574cb1: no agents available; will retry on subsequent port and subnet creation events.
2026-05-09 14:02:39.355 10 INFO neutron.wsgi [None req-19efaed6-c23b-47d2-828c-9b9cd7852d1c b590dbd9c64c4389b093d0be7426b2a5 cc24006cfb974c3d9e246039d008146f - - default default] 10.0.0.11 "DELETE /v2.0/security-groups/de92e8f9-37f5-47d7-b08e-cae239bab41a HTTP/1.1" status: 204 len: 168 time: 0.2316945
2026-05-09 14:02:39.452 9 INFO neutron.db.ovn_revision_numbers_db [None req-cc0b9942-9629-4dfa-8c71-6b6717a57752 fc41c6ba73474cf4b60f76cbbd89f878 95940cff2fff4cec99a92f2007520428 - - default default] Successfully bumped revision number for resource 90120047-d8a3-4d7d-8684-179f401c4414 (type: ports) to 1
2026-05-09 14:02:39.491 9 INFO neutron.wsgi [None req-cc0b9942-9629-4dfa-8c71-6b6717a57752 fc41c6ba73474cf4b60f76cbbd89f878 95940cff2fff4cec99a92f2007520428 - - default default] 10.0.0.11 "POST /v2.0/ports HTTP/1.1" status: 201 len: 1706 time: 0.9754589 /var/lib/openstack/lib/python3.10/site-packages/pycadf/identifier.py:71: UserWarning: Invalid uuid: neutron. To ensure interoperability, identifiers should be a valid uuid. warnings.warn(('Invalid uuid: %s. To ensure interoperability, '
2026-05-09 14:02:39.550 9 INFO neutron.wsgi [None req-a8de5b65-e86e-4eaa-b114-3edcb9f73258 b590dbd9c64c4389b093d0be7426b2a5 cc24006cfb974c3d9e246039d008146f - - default default] 10.0.0.11 "DELETE /v2.0/security-groups/70ecafc3-dc3c-4a2f-80d7-2febb1646a84 HTTP/1.1" status: 204 len: 168 time: 0.4988306
2026-05-09 14:02:39.630 9 INFO neutron.wsgi [None req-145bfd6d-6a0d-4aad-8c5b-5520d8b283d1 fc41c6ba73474cf4b60f76cbbd89f878 95940cff2fff4cec99a92f2007520428 - - default default] 10.0.0.11 "GET /v2.0/ports HTTP/1.1" status: 200 len: 3213 time: 0.1334798
2026-05-09 14:02:39.828 10 INFO neutron.db.ovn_revision_numbers_db [None req-1986b4a4-ecae-4c46-a98d-2a32e53947e5 b590dbd9c64c4389b093d0be7426b2a5 cc24006cfb974c3d9e246039d008146f - - default default] Successfully bumped revision number for resource c858c89b-737f-4812-ac5b-46aa6adc2a3b (type: security_groups) to 1
2026-05-09 14:02:39.843 10 INFO neutron.db.ovn_revision_numbers_db [None req-1986b4a4-ecae-4c46-a98d-2a32e53947e5 b590dbd9c64c4389b093d0be7426b2a5 cc24006cfb974c3d9e246039d008146f - - default default] Successfully bumped revision number for resource 2fc9c601-f1a7-4eb5-91a4-0c3589c08a13 (type: security_group_rules) to 0
2026-05-09 14:02:39.863 10 INFO neutron.db.ovn_revision_numbers_db [None req-1986b4a4-ecae-4c46-a98d-2a32e53947e5 b590dbd9c64c4389b093d0be7426b2a5 cc24006cfb974c3d9e246039d008146f - - default default] Successfully bumped revision number for resource 994d8cf6-8e82-4507-a67d-25793f26a664 (type: security_group_rules) to 0
2026-05-09 14:02:39.872 9 INFO neutron.wsgi [None req-50183e88-05c6-4bad-b04d-6b5473acf168 fc41c6ba73474cf4b60f76cbbd89f878 95940cff2fff4cec99a92f2007520428 - - default default] 10.0.0.11 "DELETE /v2.0/ports/8a016a35-21d1-4776-9a67-535245576b74 HTTP/1.1" status: 204 len: 168 time: 0.2375290
2026-05-09 14:02:39.877 10 INFO neutron.db.ovn_revision_numbers_db [None req-1986b4a4-ecae-4c46-a98d-2a32e53947e5 b590dbd9c64c4389b093d0be7426b2a5 cc24006cfb974c3d9e246039d008146f - - default default] Successfully bumped revision number for resource a8d6ed00-da67-412f-b4db-f07ee709ad5c (type: security_group_rules) to 0
2026-05-09 14:02:39.890 10 INFO neutron.db.ovn_revision_numbers_db [None req-1986b4a4-ecae-4c46-a98d-2a32e53947e5 b590dbd9c64c4389b093d0be7426b2a5 cc24006cfb974c3d9e246039d008146f - - default default] Successfully bumped revision number for resource e251fec5-7604-4729-9192-fca8219ed5b9 (type: security_group_rules) to 0
2026-05-09 14:02:40.103 9 INFO neutron.wsgi [None req-5b70c175-8788-47cc-b37f-004408d7ba8c fc41c6ba73474cf4b60f76cbbd89f878 95940cff2fff4cec99a92f2007520428 - - default default] 10.0.0.11 "DELETE /v2.0/ports/90120047-d8a3-4d7d-8684-179f401c4414 HTTP/1.1" status: 204 len: 168 time: 0.2259958
2026-05-09 14:02:40.115 10 INFO neutron.wsgi [None req-1986b4a4-ecae-4c46-a98d-2a32e53947e5 b590dbd9c64c4389b093d0be7426b2a5 cc24006cfb974c3d9e246039d008146f - - default default] 10.0.0.11 "GET /v2.0/security-groups?tenant_id=17191a1ea852483f96a03fc4b996b116&name=default HTTP/1.1" status: 200 len: 2996 time: 0.4026339
2026-05-09 14:02:40.158 9 INFO neutron.wsgi [None req-c3bd50e3-d143-46ac-9728-bd6c7c4934f8 fc41c6ba73474cf4b60f76cbbd89f878 95940cff2fff4cec99a92f2007520428 - - default default] 10.0.0.11 "GET /v2.0/ports HTTP/1.1" status: 200 len: 1718 time: 0.0459282
2026-05-09 14:02:40.167 9 WARNING neutron_lib.context [None req-3d436932-5a61-47e2-a082-d82e1feecd20 fc41c6ba73474cf4b60f76cbbd89f878 95940cff2fff4cec99a92f2007520428 - - default default] Method 'is_advsvc' is deprecated since 2023.2 release (neutron-lib 3.8.0) and will be removed once support for the old RBAC API policies will be removed from Neutron. Please use method 'is_service_role' instead.
2026-05-09 14:02:40.259 9 INFO neutron.db.segments_db [None req-3d436932-5a61-47e2-a082-d82e1feecd20 fc41c6ba73474cf4b60f76cbbd89f878 95940cff2fff4cec99a92f2007520428 - - default default] Added segment d657f9b1-7b69-4d00-ba11-ff588ea76b0e of type geneve for network f0a43561-6754-451b-a75a-faaa2b9058e3
2026-05-09 14:02:40.408 9 INFO neutron.wsgi [None req-60dd7be9-19ea-469d-9d9e-b530eee5db4c b590dbd9c64c4389b093d0be7426b2a5 cc24006cfb974c3d9e246039d008146f - - default default] 10.0.0.11 "DELETE /v2.0/security-groups/c858c89b-737f-4812-ac5b-46aa6adc2a3b HTTP/1.1" status: 204 len: 168 time: 0.2882195
2026-05-09 14:02:40.420 9 INFO neutron.db.ovn_revision_numbers_db [None req-3d436932-5a61-47e2-a082-d82e1feecd20 fc41c6ba73474cf4b60f76cbbd89f878 95940cff2fff4cec99a92f2007520428 - - default default] Successfully bumped revision number for resource f0a43561-6754-451b-a75a-faaa2b9058e3 (type: networks) to 1
2026-05-09 14:02:40.477 10 INFO neutron.db.ovn_revision_numbers_db [None req-55d6b79b-ab0f-4820-a2d9-386fe28b0278 b590dbd9c64c4389b093d0be7426b2a5 cc24006cfb974c3d9e246039d008146f - - default default] Successfully bumped revision number for resource 7798568e-2a3f-4944-b0a1-34f48eeaca53 (type: security_groups) to 1
2026-05-09 14:02:40.491 10 INFO neutron.db.ovn_revision_numbers_db [None req-55d6b79b-ab0f-4820-a2d9-386fe28b0278 b590dbd9c64c4389b093d0be7426b2a5 cc24006cfb974c3d9e246039d008146f - - default default] Successfully bumped revision number for resource 13ebd987-89e9-4ab9-ae5d-438fdba2ff77 (type: security_group_rules) to 0
2026-05-09 14:02:40.507 10 INFO neutron.db.ovn_revision_numbers_db [None req-55d6b79b-ab0f-4820-a2d9-386fe28b0278 b590dbd9c64c4389b093d0be7426b2a5 cc24006cfb974c3d9e246039d008146f - - default default] Successfully bumped revision number for resource 333a84de-34bd-4fb2-883c-f5f6eded4bff (type: security_group_rules) to 0
2026-05-09 14:02:40.521 10 INFO neutron.db.ovn_revision_numbers_db [None req-55d6b79b-ab0f-4820-a2d9-386fe28b0278 b590dbd9c64c4389b093d0be7426b2a5 cc24006cfb974c3d9e246039d008146f - - default default] Successfully bumped revision number for resource 76c10244-cf95-4bd8-82a9-7d4fcd0fe562 (type: security_group_rules) to 0
2026-05-09 14:02:40.534 10 INFO neutron.db.ovn_revision_numbers_db [None req-55d6b79b-ab0f-4820-a2d9-386fe28b0278 b590dbd9c64c4389b093d0be7426b2a5 cc24006cfb974c3d9e246039d008146f - - default default] Successfully bumped revision number for resource d1df8ecd-b82b-429e-a212-14a5863f6dde (type: security_group_rules) to 0
2026-05-09 14:02:40.561 10 INFO neutron.wsgi [None req-55d6b79b-ab0f-4820-a2d9-386fe28b0278 b590dbd9c64c4389b093d0be7426b2a5 cc24006cfb974c3d9e246039d008146f - - default default] 10.0.0.11 "GET /v2.0/security-groups?tenant_id=b71ca8926d5c4f6ea4de3a184b75f756&name=default HTTP/1.1" status: 200 len: 2996 time: 0.3282137
2026-05-09 14:02:40.567 9 WARNING neutron.scheduler.dhcp_agent_scheduler [None req-3d436932-5a61-47e2-a082-d82e1feecd20 fc41c6ba73474cf4b60f76cbbd89f878 95940cff2fff4cec99a92f2007520428 - - default default] No more DHCP agents
2026-05-09 14:02:40.569 9 WARNING neutron.api.rpc.agentnotifiers.dhcp_rpc_agent_api [None req-3d436932-5a61-47e2-a082-d82e1feecd20 fc41c6ba73474cf4b60f76cbbd89f878 95940cff2fff4cec99a92f2007520428 - - default default] Unable to schedule network f0a43561-6754-451b-a75a-faaa2b9058e3: no agents available; will retry on subsequent port and subnet creation events.
2026-05-09 14:02:40.647 9 INFO neutron.db.ovn_revision_numbers_db [None req-3d436932-5a61-47e2-a082-d82e1feecd20 fc41c6ba73474cf4b60f76cbbd89f878 95940cff2fff4cec99a92f2007520428 - - default default] Successfully bumped revision number for resource 927a3097-3af5-4e6c-a418-2e57b47961c0 (type: ports) to 1
2026-05-09 14:02:40.666 9 INFO neutron.wsgi [None req-3d436932-5a61-47e2-a082-d82e1feecd20 fc41c6ba73474cf4b60f76cbbd89f878 95940cff2fff4cec99a92f2007520428 - - default default] 10.0.0.11 "POST /v2.0/networks HTTP/1.1" status: 201 len: 852 time: 0.5022442
2026-05-09 14:02:40.677 9 WARNING neutron_lib.context [None req-517a88d3-8284-4db3-98e9-b81425fdfca6 fc41c6ba73474cf4b60f76cbbd89f878 95940cff2fff4cec99a92f2007520428 - - default default] Method 'is_advsvc' is deprecated since 2023.2 release (neutron-lib 3.8.0) and will be removed once support for the old RBAC API policies will be removed from Neutron. Please use method 'is_service_role' instead.
2026-05-09 14:02:40.752 10 INFO neutron.wsgi [None req-43144591-97d5-460f-96ce-91927414127b b590dbd9c64c4389b093d0be7426b2a5 cc24006cfb974c3d9e246039d008146f - - default default] 10.0.0.11 "DELETE /v2.0/security-groups/7798568e-2a3f-4944-b0a1-34f48eeaca53 HTTP/1.1" status: 204 len: 168 time: 0.1856251
2026-05-09 14:02:40.758 9 INFO neutron.db.segments_db [None req-517a88d3-8284-4db3-98e9-b81425fdfca6 fc41c6ba73474cf4b60f76cbbd89f878 95940cff2fff4cec99a92f2007520428 - - default default] Added segment eca2e3b2-1da3-4d21-a6e1-389118e82840 of type geneve for network 58b9c55e-e2d6-4c64-b69c-d86f29d6d82d
2026-05-09 14:02:40.899 9 INFO neutron.db.ovn_revision_numbers_db [None req-517a88d3-8284-4db3-98e9-b81425fdfca6 fc41c6ba73474cf4b60f76cbbd89f878 95940cff2fff4cec99a92f2007520428 - - default default] Successfully bumped revision number for resource 58b9c55e-e2d6-4c64-b69c-d86f29d6d82d (type: networks) to 1
2026-05-09 14:02:41.066 9 WARNING neutron.scheduler.dhcp_agent_scheduler [None req-517a88d3-8284-4db3-98e9-b81425fdfca6 fc41c6ba73474cf4b60f76cbbd89f878 95940cff2fff4cec99a92f2007520428 - - default default] No more DHCP agents
