2026-05-09 14:04:14.360 9 INFO neutron.wsgi [req-a502a61d-0c52-4d26-b8db-61a287f28787 req-233aa4c5-80ed-421e-bffa-86cb696c88c7 4b67dcd5aa72433a9c9c51e3f8259e4c 30a8bedc6d464f10999e32b385c716fd - - d811e5d5de204ad2864da0e08373b371 d811e5d5de204ad2864da0e08373b371] 199.204.45.157 "GET /v2.0/networks/4bb5fd29-86c1-4801-b0e1-4ffa548ef1a6?fields=segments HTTP/1.1" status: 200 len: 212 time: 0.1033642
2026-05-09 14:04:14.365 9 INFO neutron.wsgi [None req-6f26d741-42c1-4c83-83aa-9a7fa19f8219 832184d1cf9940e5aadc8e37a623965a 5f40a8ed0d6c4ecaa3b1fc8d8019b3ba - - default default] 10.0.0.11 "PUT /v2.0/floatingips/34586f10-b2af-45cc-b95f-c73b6fbf4f74/tags/black.or.white HTTP/1.1" status: 201 len: 201 time: 0.0642457
2026-05-09 14:04:14.433 10 INFO neutron.services.segments.plugin [-] Segment 980f84bf-8c56-444e-8494-9501038e7e55 resource provider aggregate not found
2026-05-09 14:04:14.441 10 INFO neutron.services.segments.plugin [-] Segment 980f84bf-8c56-444e-8494-9501038e7e55 resource provider aggregate not found
2026-05-09 14:04:14.444 9 INFO neutron.wsgi [req-a502a61d-0c52-4d26-b8db-61a287f28787 req-a038ef13-917d-44da-a9d4-5fa7ccf3ae92 4b67dcd5aa72433a9c9c51e3f8259e4c 30a8bedc6d464f10999e32b385c716fd - - d811e5d5de204ad2864da0e08373b371 d811e5d5de204ad2864da0e08373b371] 199.204.45.157 "GET /v2.0/networks/4bb5fd29-86c1-4801-b0e1-4ffa548ef1a6?fields=provider%3Aphysical_network&fields=provider%3Anetwork_type HTTP/1.1" status: 200 len: 277 time: 0.0757375
2026-05-09 14:04:14.459 10 INFO neutron.wsgi [None req-7abd91f3-33c1-43d7-ba16-852c624b0ba1 832184d1cf9940e5aadc8e37a623965a 5f40a8ed0d6c4ecaa3b1fc8d8019b3ba - - default default] 10.0.0.11 "GET /v2.0/floatingips/34586f10-b2af-45cc-b95f-c73b6fbf4f74/tags HTTP/1.1" status: 200 len: 245 time: 0.0874972
2026-05-09 14:04:14.460 10 INFO neutron.services.segments.plugin [-] Segment 980f84bf-8c56-444e-8494-9501038e7e55 resource provider not found; error: Placement Client Error (4xx): {"errors": [{"status": 404, "title": "Not Found", "detail": "The resource could not be found.\n\n No resource provider with uuid 980f84bf-8c56-444e-8494-9501038e7e55 found for delete ", "request_id": "req-b05f9e5a-ca89-4327-9303-47f15e50e997"}]}
2026-05-09 14:04:14.475 10 INFO neutron.services.segments.plugin [-] Segment 980f84bf-8c56-444e-8494-9501038e7e55 resource provider not found; error: Placement Client Error (4xx): {"errors": [{"status": 404, "title": "Not Found", "detail": "The resource could not be found.\n\n No resource provider with uuid 980f84bf-8c56-444e-8494-9501038e7e55 found for delete ", "request_id": "req-76271b3e-8dbe-4115-8d35-1ac771e084e5"}]}
2026-05-09 14:04:14.503 9 INFO neutron.wsgi [None req-d4ef0129-22c8-4fd7-9f2b-c03f0b74b68d b590dbd9c64c4389b093d0be7426b2a5 cc24006cfb974c3d9e246039d008146f - - default default] 10.0.0.11 "DELETE /v2.0/security-groups/6fb49ab3-79ab-4275-8d43-1230e07fc6ed HTTP/1.1" status: 204 len: 168 time: 0.3546000
2026-05-09 14:04:14.526 10 INFO neutron.wsgi [None req-d6ba0236-5e8d-49c9-b74b-b35ae47cda2d a97c2b635fa2415b8cdb15aa91eef708 a44ef49500854994baef1554e63843a5 - - default default] 10.0.0.11 "DELETE /v2.0/networks/f3e052e0-0865-461c-b49c-40b8336dbce7 HTTP/1.1" status: 204 len: 168 time: 0.8560359
2026-05-09 14:04:14.544 10 INFO neutron.wsgi [None req-dd2eb363-f1e1-4575-82f0-0a442d0dda1a 832184d1cf9940e5aadc8e37a623965a 5f40a8ed0d6c4ecaa3b1fc8d8019b3ba - - default default] 10.0.0.11 "PUT /v2.0/floatingips/34586f10-b2af-45cc-b95f-c73b6fbf4f74/tags HTTP/1.1" status: 200 len: 230 time: 0.0785978
2026-05-09 14:04:14.582 10 INFO neutron.db.ovn_revision_numbers_db [None req-10273ac3-c27f-4488-ae81-b8b2ed9c7008 - - - - - -] Successfully bumped revision number for resource 27d78441-f888-4fe5-9f55-70a09049a3f9 (type: ports) to 4
2026-05-09 14:04:14.599 9 INFO neutron.wsgi [None req-c47a18bf-d8a9-4555-ae25-aea62fcbbcbf 832184d1cf9940e5aadc8e37a623965a 5f40a8ed0d6c4ecaa3b1fc8d8019b3ba - - default default] 10.0.0.11 "GET /v2.0/floatingips/34586f10-b2af-45cc-b95f-c73b6fbf4f74/tags HTTP/1.1" status: 200 len: 230 time: 0.0473998
2026-05-09 14:04:14.634 9 INFO neutron.wsgi [None req-39be1801-9d1f-405d-97b4-e5c49626c4e9 832184d1cf9940e5aadc8e37a623965a 5f40a8ed0d6c4ecaa3b1fc8d8019b3ba - - default default] 10.0.0.11 "GET /v2.0/floatingips/34586f10-b2af-45cc-b95f-c73b6fbf4f74/tags/red HTTP/1.1" status: 204 len: 168 time: 0.0303571
2026-05-09 14:04:14.677 9 INFO neutron.db.segments_db [None req-fe1ee196-4cd6-4549-8064-13c5c310b887 a97c2b635fa2415b8cdb15aa91eef708 a44ef49500854994baef1554e63843a5 - - default default] Added segment dab240e2-27d7-42fd-ae05-acd7556c2159 of type geneve for network 9a495880-3d0e-47bc-a5c3-ecfe6f23894a
2026-05-09 14:04:14.681 9 INFO neutron.api.v2.resource [None req-6f172d9a-94b8-4a49-8efd-a93811cfba33 832184d1cf9940e5aadc8e37a623965a 5f40a8ed0d6c4ecaa3b1fc8d8019b3ba - - default default] show failed (client error): The resource could not be found.
2026-05-09 14:04:14.682 9 INFO neutron.wsgi [None req-6f172d9a-94b8-4a49-8efd-a93811cfba33 832184d1cf9940e5aadc8e37a623965a 5f40a8ed0d6c4ecaa3b1fc8d8019b3ba - - default default] 10.0.0.11 "GET /v2.0/floatingips/34586f10-b2af-45cc-b95f-c73b6fbf4f74/tags/green HTTP/1.1" status: 404 len: 299 time: 0.0428073
2026-05-09 14:04:14.787 9 INFO neutron.wsgi [None req-8f2539b2-036f-4f28-8b47-3ac80e64a8c7 832184d1cf9940e5aadc8e37a623965a 5f40a8ed0d6c4ecaa3b1fc8d8019b3ba - - default default] 10.0.0.11 "DELETE /v2.0/floatingips/34586f10-b2af-45cc-b95f-c73b6fbf4f74/tags/red HTTP/1.1" status: 204 len: 168 time: 0.0940235
2026-05-09 14:04:14.850 9 INFO neutron.wsgi [None req-10f984be-1f4a-4b15-a3d0-b2ab912499fd 832184d1cf9940e5aadc8e37a623965a 5f40a8ed0d6c4ecaa3b1fc8d8019b3ba - - default default] 10.0.0.11 "GET /v2.0/floatingips/34586f10-b2af-45cc-b95f-c73b6fbf4f74/tags HTTP/1.1" status: 200 len: 223 time: 0.0533624
2026-05-09 14:04:14.908 9 INFO neutron.db.ovn_revision_numbers_db [None req-ee112fb3-db36-47eb-b450-7e245c99e399 b590dbd9c64c4389b093d0be7426b2a5 cc24006cfb974c3d9e246039d008146f - - default default] Successfully bumped revision number for resource 0b604bfe-88ad-4266-8ce2-87fab476ba4d (type: security_groups) to 1
2026-05-09 14:04:14.917 9 INFO neutron.api.v2.resource [None req-022bb360-e438-4aca-8a05-16ae5e4a0171 832184d1cf9940e5aadc8e37a623965a 5f40a8ed0d6c4ecaa3b1fc8d8019b3ba - - default default] delete failed (client error): The resource could not be found.
2026-05-09 14:04:14.919 9 INFO neutron.wsgi [None req-022bb360-e438-4aca-8a05-16ae5e4a0171 832184d1cf9940e5aadc8e37a623965a 5f40a8ed0d6c4ecaa3b1fc8d8019b3ba - - default default] 10.0.0.11 "DELETE /v2.0/floatingips/34586f10-b2af-45cc-b95f-c73b6fbf4f74/tags/green HTTP/1.1" status: 404 len: 299 time: 0.0625727
2026-05-09 14:04:14.921 9 INFO neutron.db.ovn_revision_numbers_db [None req-fe1ee196-4cd6-4549-8064-13c5c310b887 a97c2b635fa2415b8cdb15aa91eef708 a44ef49500854994baef1554e63843a5 - - default default] Successfully bumped revision number for resource 9a495880-3d0e-47bc-a5c3-ecfe6f23894a (type: networks) to 1
2026-05-09 14:04:14.923 9 INFO neutron.db.ovn_revision_numbers_db [None req-ee112fb3-db36-47eb-b450-7e245c99e399 b590dbd9c64c4389b093d0be7426b2a5 cc24006cfb974c3d9e246039d008146f - - default default] Successfully bumped revision number for resource 48bf773f-4fcd-41a5-87eb-bc0d8b72c13f (type: security_group_rules) to 0 /var/lib/openstack/lib/python3.10/site-packages/pycadf/identifier.py:71: UserWarning: Invalid uuid: neutron. To ensure interoperability, identifiers should be a valid uuid. warnings.warn(('Invalid uuid: %s. To ensure interoperability, '
2026-05-09 14:04:14.946 9 INFO neutron.db.ovn_revision_numbers_db [None req-ee112fb3-db36-47eb-b450-7e245c99e399 b590dbd9c64c4389b093d0be7426b2a5 cc24006cfb974c3d9e246039d008146f - - default default] Successfully bumped revision number for resource 994885e3-9d1b-48bd-b86b-408ecd16b727 (type: security_group_rules) to 0
2026-05-09 14:04:14.960 9 INFO neutron.db.ovn_revision_numbers_db [None req-ee112fb3-db36-47eb-b450-7e245c99e399 b590dbd9c64c4389b093d0be7426b2a5 cc24006cfb974c3d9e246039d008146f - - default default] Successfully bumped revision number for resource d032ff37-7043-453d-82e1-bcea63f2bd4d (type: security_group_rules) to 0
2026-05-09 14:04:14.970 10 INFO neutron.wsgi [None req-8d917120-ada8-43b4-81ab-27e185d6fbfa 832184d1cf9940e5aadc8e37a623965a 5f40a8ed0d6c4ecaa3b1fc8d8019b3ba - - default default] 10.0.0.11 "DELETE /v2.0/floatingips/34586f10-b2af-45cc-b95f-c73b6fbf4f74/tags HTTP/1.1" status: 204 len: 168 time: 0.0435052
2026-05-09 14:04:14.985 9 INFO neutron.db.ovn_revision_numbers_db [None req-ee112fb3-db36-47eb-b450-7e245c99e399 b590dbd9c64c4389b093d0be7426b2a5 cc24006cfb974c3d9e246039d008146f - - default default] Successfully bumped revision number for resource edc76c73-117c-403f-a335-73d75d64f191 (type: security_group_rules) to 0
2026-05-09 14:04:15.016 9 INFO neutron.wsgi [None req-ee112fb3-db36-47eb-b450-7e245c99e399 b590dbd9c64c4389b093d0be7426b2a5 cc24006cfb974c3d9e246039d008146f - - default default] 10.0.0.11 "GET /v2.0/security-groups?tenant_id=4fc1c1a080d941ed9ddfd0fada0bf865&name=default HTTP/1.1" status: 200 len: 2996 time: 0.3524432
2026-05-09 14:04:15.039 10 INFO neutron.wsgi [None req-c3198cb7-9402-4fcb-9f28-2d3933af2b55 832184d1cf9940e5aadc8e37a623965a 5f40a8ed0d6c4ecaa3b1fc8d8019b3ba - - default default] 10.0.0.11 "GET /v2.0/floatingips/34586f10-b2af-45cc-b95f-c73b6fbf4f74/tags HTTP/1.1" status: 200 len: 205 time: 0.0644224
2026-05-09 14:04:15.335 9 INFO neutron.wsgi [req-a299b59d-f365-47f7-81b2-3ea2d519f824 req-a43e740c-d1ea-492a-a9b3-1b59b8763f2f 7b324bb3aec04f6482521532987e0707 9fc68e86525b49388535cb4e0aa7bee8 - - default default] 10.0.0.231 "GET /v2.0/ports?device_id=f693819c-0053-4832-b2e5-bf9bab7a9228 HTTP/1.1" status: 200 len: 1174 time: 0.0525730
2026-05-09 14:04:15.337 9 WARNING neutron.scheduler.dhcp_agent_scheduler [None req-fe1ee196-4cd6-4549-8064-13c5c310b887 a97c2b635fa2415b8cdb15aa91eef708 a44ef49500854994baef1554e63843a5 - - default default] No more DHCP agents
2026-05-09 14:04:15.341 9 WARNING neutron.api.rpc.agentnotifiers.dhcp_rpc_agent_api [None req-fe1ee196-4cd6-4549-8064-13c5c310b887 a97c2b635fa2415b8cdb15aa91eef708 a44ef49500854994baef1554e63843a5 - - default default] Unable to schedule network 9a495880-3d0e-47bc-a5c3-ecfe6f23894a: no agents available; will retry on subsequent port and subnet creation events.
2026-05-09 14:04:15.404 9 INFO neutron.wsgi [req-a299b59d-f365-47f7-81b2-3ea2d519f824 req-f344b75d-d148-4b71-a940-5975a013232b 7b324bb3aec04f6482521532987e0707 9fc68e86525b49388535cb4e0aa7bee8 - - default default] 10.0.0.231 "GET /v2.0/security-groups?id=62d43c92-33f6-429c-a1df-3000115bd0b4&fields=id&fields=name HTTP/1.1" status: 200 len: 286 time: 0.0610828
2026-05-09 14:04:15.431 10 INFO neutron.wsgi [None req-5916e687-75f5-4c67-917c-b41c715d7f65 832184d1cf9940e5aadc8e37a623965a 5f40a8ed0d6c4ecaa3b1fc8d8019b3ba - - default default] 10.0.0.11 "DELETE /v2.0/floatingips/34586f10-b2af-45cc-b95f-c73b6fbf4f74 HTTP/1.1" status: 204 len: 168 time: 0.3773692
2026-05-09 14:04:15.455 9 INFO neutron.db.ovn_revision_numbers_db [None req-fe1ee196-4cd6-4549-8064-13c5c310b887 a97c2b635fa2415b8cdb15aa91eef708 a44ef49500854994baef1554e63843a5 - - default default] Successfully bumped revision number for resource e82a959a-1472-43ac-aaed-1be2b7875aad (type: ports) to 1
2026-05-09 14:04:15.482 9 INFO neutron.wsgi [None req-fe1ee196-4cd6-4549-8064-13c5c310b887 a97c2b635fa2415b8cdb15aa91eef708 a44ef49500854994baef1554e63843a5 - - default default] 10.0.0.11 "POST /v2.0/networks HTTP/1.1" status: 201 len: 929 time: 0.9404380
2026-05-09 14:04:15.535 9 INFO neutron.wsgi [None req-788fd8d4-823f-4295-ae42-b802942dace4 b590dbd9c64c4389b093d0be7426b2a5 cc24006cfb974c3d9e246039d008146f - - default default] 10.0.0.11 "DELETE /v2.0/security-groups/0b604bfe-88ad-4266-8ce2-87fab476ba4d HTTP/1.1" status: 204 len: 168 time: 0.5131400
2026-05-09 14:04:15.686 9 WARNING neutron.scheduler.dhcp_agent_scheduler [None req-f4417f27-e578-433a-8486-80a54812d0d2 a97c2b635fa2415b8cdb15aa91eef708 a44ef49500854994baef1554e63843a5 - - default default] No more DHCP agents
2026-05-09 14:04:15.689 9 WARNING neutron.api.rpc.agentnotifiers.dhcp_rpc_agent_api [None req-f4417f27-e578-433a-8486-80a54812d0d2 a97c2b635fa2415b8cdb15aa91eef708 a44ef49500854994baef1554e63843a5 - - default default] Unable to schedule network 9a495880-3d0e-47bc-a5c3-ecfe6f23894a: no agents available; will retry on subsequent port and subnet creation events.
2026-05-09 14:04:15.969 10 INFO neutron.plugins.ml2.drivers.ovn.mech_driver.mech_driver [None req-10273ac3-c27f-4488-ae81-b8b2ed9c7008 - - - - - -] OVN reports status down for port: 27d78441-f888-4fe5-9f55-70a09049a3f9
2026-05-09 14:04:15.990 9 INFO neutron.wsgi [req-74694885-280d-4167-9049-65562e961af0 req-f2a904a4-b504-48b5-9560-acf82220f3ae 7b324bb3aec04f6482521532987e0707 9fc68e86525b49388535cb4e0aa7bee8 - - default default] 10.0.0.231 "GET /v2.0/ports?device_id=f693819c-0053-4832-b2e5-bf9bab7a9228 HTTP/1.1" status: 200 len: 1174 time: 0.0490737
2026-05-09 14:04:16.059 9 INFO neutron.wsgi [req-74694885-280d-4167-9049-65562e961af0 req-e5b75471-9aad-42ef-aad1-037315769690 7b324bb3aec04f6482521532987e0707 9fc68e86525b49388535cb4e0aa7bee8 - - default default] 10.0.0.231 "GET /v2.0/security-groups?id=62d43c92-33f6-429c-a1df-3000115bd0b4&fields=id&fields=name HTTP/1.1" status: 200 len: 286 time: 0.0625188
2026-05-09 14:04:16.310 10 INFO neutron.notifiers.nova [-] Nova event matching ['req-0963ec7d-68e6-419b-8ec1-ce6efd9697e4'] response: {'server_uuid': 'f693819c-0053-4832-b2e5-bf9bab7a9228', 'name': 'network-vif-plugged', 'status': 'completed', 'tag': '27d78441-f888-4fe5-9f55-70a09049a3f9', 'code': 200}
2026-05-09 14:04:16.310 10 INFO neutron.notifiers.nova [-] Nova event matching ['req-0963ec7d-68e6-419b-8ec1-ce6efd9697e4'] response: {'server_uuid': 'f693819c-0053-4832-b2e5-bf9bab7a9228', 'name': 'network-vif-unplugged', 'status': 'completed', 'tag': '27d78441-f888-4fe5-9f55-70a09049a3f9', 'code': 200}
2026-05-09 14:04:16.311 9 INFO neutron.wsgi [req-188fbb7a-f33e-46f5-bbfc-c5d65603b649 req-ecc68c72-9c47-47ff-b820-bb4763b1d1b0 7b324bb3aec04f6482521532987e0707 9fc68e86525b49388535cb4e0aa7bee8 - - default default] 199.204.45.157 "GET /v2.0/ports?device_id=f693819c-0053-4832-b2e5-bf9bab7a9228 HTTP/1.1" status: 200 len: 1172 time: 0.0467229
2026-05-09 14:04:16.325 9 INFO neutron.db.ovn_revision_numbers_db [None req-f4417f27-e578-433a-8486-80a54812d0d2 a97c2b635fa2415b8cdb15aa91eef708 a44ef49500854994baef1554e63843a5 - - default default] Successfully bumped revision number for resource e82a959a-1472-43ac-aaed-1be2b7875aad (type: ports) to 2
2026-05-09 14:04:16.354 10 INFO neutron.db.ovn_revision_numbers_db [None req-10273ac3-c27f-4488-ae81-b8b2ed9c7008 - - - - - -] Successfully bumped revision number for resource 27d78441-f888-4fe5-9f55-70a09049a3f9 (type: ports) to 5
2026-05-09 14:04:16.403 9 INFO neutron.db.ovn_revision_numbers_db [None req-f4417f27-e578-433a-8486-80a54812d0d2 a97c2b635fa2415b8cdb15aa91eef708 a44ef49500854994baef1554e63843a5 - - default default] Successfully bumped revision number for resource d4238be2-f7de-42d2-8946-8e12279e0e8b (type: subnets) to 0
2026-05-09 14:04:16.425 9 INFO neutron.wsgi [None req-f4417f27-e578-433a-8486-80a54812d0d2 a97c2b635fa2415b8cdb15aa91eef708 a44ef49500854994baef1554e63843a5 - - default default] 10.0.0.11 "POST /v2.0/subnets HTTP/1.1" status: 201 len: 822 time: 0.9363067
2026-05-09 14:04:16.437 9 WARNING neutron.api.v2.base [None req-8274e64f-65a6-449c-9c1d-f566a50cbc65 a97c2b635fa2415b8cdb15aa91eef708 a44ef49500854994baef1554e63843a5 - - default default] An exception happened while processing the request body. The exception message is [Invalid input for target_tenant. Reason: '1234123412341234123412341234123412341234123412341234123412341234123412341234123412341234123412341234123412341234123412341234123412341234123412341234123412341234123412341234123412341234123412341234123412341234123412341234123412341234123412341234123412341234123412341234123412341234123412341234123412341234123412341234123412341234123412341234123412341234123412341234123412341234123412341234123412341234' exceeds maximum length of 255.].: webob.exc.HTTPBadRequest: Invalid input for target_tenant. Reason: '1234123412341234123412341234123412341234123412341234123412341234123412341234123412341234123412341234123412341234123412341234123412341234123412341234123412341234123412341234123412341234123412341234123412341234123412341234123412341234123412341234123412341234123412341234123412341234123412341234123412341234123412341234123412341234123412341234123412341234123412341234123412341234123412341234123412341234' exceeds maximum length of 255.
2026-05-09 14:04:16.438 9 INFO neutron.api.v2.resource [None req-8274e64f-65a6-449c-9c1d-f566a50cbc65 a97c2b635fa2415b8cdb15aa91eef708 a44ef49500854994baef1554e63843a5 - - default default] create failed (client error): Invalid input for target_tenant. Reason: '1234123412341234123412341234123412341234123412341234123412341234123412341234123412341234123412341234123412341234123412341234123412341234123412341234123412341234123412341234123412341234123412341234123412341234123412341234123412341234123412341234123412341234123412341234123412341234123412341234123412341234123412341234123412341234123412341234123412341234123412341234123412341234123412341234123412341234' exceeds maximum length of 255.
2026-05-09 14:04:16.439 9 INFO neutron.wsgi [None req-8274e64f-65a6-449c-9c1d-f566a50cbc65 a97c2b635fa2415b8cdb15aa91eef708 a44ef49500854994baef1554e63843a5 - - default default] 10.0.0.11 "POST /v2.0/rbac-policies HTTP/1.1" status: 400 len: 750 time: 0.0074468 /var/lib/openstack/lib/python3.10/site-packages/pycadf/identifier.py:71: UserWarning: Invalid uuid: neutron. To ensure interoperability, identifiers should be a valid uuid. warnings.warn(('Invalid uuid: %s. To ensure interoperability, '
2026-05-09 14:04:16.468 9 INFO neutron.db.ovn_revision_numbers_db [None req-92b4638d-dc74-4828-9a52-c1ccdf399c20 b590dbd9c64c4389b093d0be7426b2a5 cc24006cfb974c3d9e246039d008146f - - default default] Successfully bumped revision number for resource f691f33b-682d-4750-a7a6-fd119b9dd0bc (type: security_groups) to 1
2026-05-09 14:04:16.495 9 INFO neutron.db.ovn_revision_numbers_db [None req-92b4638d-dc74-4828-9a52-c1ccdf399c20 b590dbd9c64c4389b093d0be7426b2a5 cc24006cfb974c3d9e246039d008146f - - default default] Successfully bumped revision number for resource 061c095c-1776-48eb-a61a-68663bd6cf7a (type: security_group_rules) to 0
2026-05-09 14:04:16.512 9 INFO neutron.db.ovn_revision_numbers_db [None req-92b4638d-dc74-4828-9a52-c1ccdf399c20 b590dbd9c64c4389b093d0be7426b2a5 cc24006cfb974c3d9e246039d008146f - - default default] Successfully bumped revision number for resource 4f268dab-552b-43bf-b0eb-9aa410427e9c (type: security_group_rules) to 0
2026-05-09 14:04:16.537 9 INFO neutron.db.ovn_revision_numbers_db [None req-92b4638d-dc74-4828-9a52-c1ccdf399c20 b590dbd9c64c4389b093d0be7426b2a5 cc24006cfb974c3d9e246039d008146f - - default default] Successfully bumped revision number for resource c5e462ac-9e8a-46b2-9d59-003a3e131c00 (type: security_group_rules) to 0
2026-05-09 14:04:16.564 9 INFO neutron.db.ovn_revision_numbers_db [None req-92b4638d-dc74-4828-9a52-c1ccdf399c20 b590dbd9c64c4389b093d0be7426b2a5 cc24006cfb974c3d9e246039d008146f - - default default] Successfully bumped revision number for resource ec53dd74-0773-4a11-b115-7861b2483c1c (type: security_group_rules) to 0
2026-05-09 14:04:16.605 9 INFO neutron.wsgi [None req-92b4638d-dc74-4828-9a52-c1ccdf399c20 b590dbd9c64c4389b093d0be7426b2a5 cc24006cfb974c3d9e246039d008146f - - default default] 10.0.0.11 "GET /v2.0/security-groups?tenant_id=ba20e3295bd04886a44550347527706b&name=default HTTP/1.1" status: 200 len: 2996 time: 0.4776502
2026-05-09 14:04:16.716 9 INFO neutron.wsgi [req-188fbb7a-f33e-46f5-bbfc-c5d65603b649 req-e2f34347-f698-4d84-9bbf-cc11fad1800e 7b324bb3aec04f6482521532987e0707 9fc68e86525b49388535cb4e0aa7bee8 - - default default] 199.204.45.157 "DELETE /v2.0/ports/27d78441-f888-4fe5-9f55-70a09049a3f9 HTTP/1.1" status: 204 len: 173 time: 0.3981540
2026-05-09 14:04:16.761 9 INFO neutron.notifiers.nova [-] Nova event matching ['req-a4630451-6ce9-43e8-9559-8dee97de0372'] response: {'server_uuid': 'f693819c-0053-4832-b2e5-bf9bab7a9228', 'name': 'network-vif-deleted', 'tag': '27d78441-f888-4fe5-9f55-70a09049a3f9', 'status': 'completed', 'code': 200}
2026-05-09 14:04:16.899 9 INFO neutron.wsgi [None req-9e439a08-9ebb-4316-b6f4-a8621b1aace1 b590dbd9c64c4389b093d0be7426b2a5 cc24006cfb974c3d9e246039d008146f - - default default] 10.0.0.11 "DELETE /v2.0/security-groups/f691f33b-682d-4750-a7a6-fd119b9dd0bc HTTP/1.1" status: 204 len: 168 time: 0.2892528
2026-05-09 14:04:17.015 10 INFO neutron.services.segments.plugin [-] Segment dab240e2-27d7-42fd-ae05-acd7556c2159 resource provider aggregate not found
2026-05-09 14:04:17.021 10 INFO neutron.services.segments.plugin [-] Segment dab240e2-27d7-42fd-ae05-acd7556c2159 resource provider aggregate not found
2026-05-09 14:04:17.036 10 INFO neutron.services.segments.plugin [-] Segment dab240e2-27d7-42fd-ae05-acd7556c2159 resource provider not found; error: Placement Client Error (4xx): {"errors": [{"status": 404, "title": "Not Found", "detail": "The resource could not be found.\n\n No resource provider with uuid dab240e2-27d7-42fd-ae05-acd7556c2159 found for delete ", "request_id": "req-3a7c1c99-0211-4fd0-adbe-0b9928f821ff"}]}
2026-05-09 14:04:17.040 10 INFO neutron.services.segments.plugin [-] Segment dab240e2-27d7-42fd-ae05-acd7556c2159 resource provider not found; error: Placement Client Error (4xx): {"errors": [{"status": 404, "title": "Not Found", "detail": "The resource could not be found.\n\n No resource provider with uuid dab240e2-27d7-42fd-ae05-acd7556c2159 found for delete ", "request_id": "req-ab332991-094d-464f-8e42-fa6cf7658e39"}]}
2026-05-09 14:04:17.061 10 INFO neutron.wsgi [None req-5ff82ea5-a83c-485a-81bd-f8bf6d7198c6 a97c2b635fa2415b8cdb15aa91eef708 a44ef49500854994baef1554e63843a5 - - default default] 10.0.0.11 "DELETE /v2.0/networks/9a495880-3d0e-47bc-a5c3-ecfe6f23894a HTTP/1.1" status: 204 len: 168 time: 0.6167665
2026-05-09 14:04:17.138 9 INFO neutron.db.ovn_revision_numbers_db [None req-a74062ff-bfa2-424b-b8f3-6764cd34785e b590dbd9c64c4389b093d0be7426b2a5 cc24006cfb974c3d9e246039d008146f - - default default] Successfully bumped revision number for resource 6756b5f2-1603-427a-a216-6b9158e2996c (type: security_groups) to 1
2026-05-09 14:04:17.163 9 INFO neutron.db.ovn_revision_numbers_db [None req-a74062ff-bfa2-424b-b8f3-6764cd34785e b590dbd9c64c4389b093d0be7426b2a5 cc24006cfb974c3d9e246039d008146f - - default default] Successfully bumped revision number for resource 6a5435da-c463-46d3-af62-2def053c4b20 (type: security_group_rules) to 0
2026-05-09 14:04:17.177 9 INFO neutron.db.segments_db [None req-1f246b64-8000-4516-afa4-ad38c8f3330f a97c2b635fa2415b8cdb15aa91eef708 a44ef49500854994baef1554e63843a5 - - default default] Added segment 52ba2094-f34e-4b3d-a925-82f026f6c097 of type geneve for network ec6dd8a7-6fb6-42e0-b519-b028b10074b8
2026-05-09 14:04:17.181 9 INFO neutron.db.ovn_revision_numbers_db [None req-a74062ff-bfa2-424b-b8f3-6764cd34785e b590dbd9c64c4389b093d0be7426b2a5 cc24006cfb974c3d9e246039d008146f - - default default] Successfully bumped revision number for resource 6c94bb3c-6455-463e-8b24-d5c6ce78c1af (type: security_group_rules) to 0
2026-05-09 14:04:17.203 9 INFO neutron.db.ovn_revision_numbers_db [None req-a74062ff-bfa2-424b-b8f3-6764cd34785e b590dbd9c64c4389b093d0be7426b2a5 cc24006cfb974c3d9e246039d008146f - - default default] Successfully bumped revision number for resource 80ef65b3-43b7-4c30-9382-a76f1af0298a (type: security_group_rules) to 0
2026-05-09 14:04:17.226 9 INFO neutron.db.ovn_revision_numbers_db [None req-a74062ff-bfa2-424b-b8f3-6764cd34785e b590dbd9c64c4389b093d0be7426b2a5 cc24006cfb974c3d9e246039d008146f - - default default] Successfully bumped revision number for resource 96b3c395-5a5e-4e20-8acd-8fb44bd433af (type: security_group_rules) to 0
2026-05-09 14:04:17.266 9 INFO neutron.wsgi [None req-a74062ff-bfa2-424b-b8f3-6764cd34785e b590dbd9c64c4389b093d0be7426b2a5 cc24006cfb974c3d9e246039d008146f - - default default] 10.0.0.11 "GET /v2.0/security-groups?tenant_id=5f40a8ed0d6c4ecaa3b1fc8d8019b3ba&name=default HTTP/1.1" status: 200 len: 2996 time: 0.2639635
2026-05-09 14:04:17.329 9 INFO neutron.db.ovn_revision_numbers_db [None req-1f246b64-8000-4516-afa4-ad38c8f3330f a97c2b635fa2415b8cdb15aa91eef708 a44ef49500854994baef1554e63843a5 - - default default] Successfully bumped revision number for resource ec6dd8a7-6fb6-42e0-b519-b028b10074b8 (type: networks) to 1
2026-05-09 14:04:17.519 9 WARNING neutron.scheduler.dhcp_agent_scheduler [None req-1f246b64-8000-4516-afa4-ad38c8f3330f a97c2b635fa2415b8cdb15aa91eef708 a44ef49500854994baef1554e63843a5 - - default default] No more DHCP agents
2026-05-09 14:04:17.519 10 INFO neutron.wsgi [None req-8fe01efc-2ca4-4a83-ac3d-034557553841 b590dbd9c64c4389b093d0be7426b2a5 cc24006cfb974c3d9e246039d008146f - - default default] 10.0.0.11 "DELETE /v2.0/security-groups/6756b5f2-1603-427a-a216-6b9158e2996c HTTP/1.1" status: 204 len: 168 time: 0.2481558
2026-05-09 14:04:17.520 9 WARNING neutron.api.rpc.agentnotifiers.dhcp_rpc_agent_api [None req-1f246b64-8000-4516-afa4-ad38c8f3330f a97c2b635fa2415b8cdb15aa91eef708 a44ef49500854994baef1554e63843a5 - - default default] Unable to schedule network ec6dd8a7-6fb6-42e0-b519-b028b10074b8: no agents available; will retry on subsequent port and subnet creation events.
2026-05-09 14:04:17.623 9 INFO neutron.db.ovn_revision_numbers_db [None req-1f246b64-8000-4516-afa4-ad38c8f3330f a97c2b635fa2415b8cdb15aa91eef708 a44ef49500854994baef1554e63843a5 - - default default] Successfully bumped revision number for resource 696717ed-21cf-4df9-9cc5-10f780f4ea52 (type: ports) to 1
2026-05-09 14:04:17.645 9 INFO neutron.wsgi [None req-1f246b64-8000-4516-afa4-ad38c8f3330f a97c2b635fa2415b8cdb15aa91eef708 a44ef49500854994baef1554e63843a5 - - default default] 10.0.0.11 "POST /v2.0/networks HTTP/1.1" status: 201 len: 929 time: 0.5766635
2026-05-09 14:04:17.826 9 WARNING neutron.scheduler.dhcp_agent_scheduler [None req-e4be410f-7df8-402f-a482-d063d9af43c5 a97c2b635fa2415b8cdb15aa91eef708 a44ef49500854994baef1554e63843a5 - - default default] No more DHCP agents
2026-05-09 14:04:17.829 9 WARNING neutron.api.rpc.agentnotifiers.dhcp_rpc_agent_api [None req-e4be410f-7df8-402f-a482-d063d9af43c5 a97c2b635fa2415b8cdb15aa91eef708 a44ef49500854994baef1554e63843a5 - - default default] Unable to schedule network ec6dd8a7-6fb6-42e0-b519-b028b10074b8: no agents available; will retry on subsequent port and subnet creation events.
2026-05-09 14:04:18.284 9 INFO neutron.db.ovn_revision_numbers_db [None req-e4be410f-7df8-402f-a482-d063d9af43c5 a97c2b635fa2415b8cdb15aa91eef708 a44ef49500854994baef1554e63843a5 - - default default] Successfully bumped revision number for resource 696717ed-21cf-4df9-9cc5-10f780f4ea52 (type: ports) to 2
2026-05-09 14:04:18.332 9 INFO neutron.db.ovn_revision_numbers_db [None req-e4be410f-7df8-402f-a482-d063d9af43c5 a97c2b635fa2415b8cdb15aa91eef708 a44ef49500854994baef1554e63843a5 - - default default] Successfully bumped revision number for resource 032a8c68-4830-44f2-9049-1904bf9fbf1f (type: subnets) to 0
2026-05-09 14:04:18.351 10 INFO neutron.notifiers.nova [-] Nova event matching ['req-ecc969a9-00a5-4a8b-95bb-735acad83e3a'] response: {'server_uuid': 'f693819c-0053-4832-b2e5-bf9bab7a9228', 'name': 'network-vif-plugged', 'status': 'completed', 'tag': '27d78441-f888-4fe5-9f55-70a09049a3f9', 'code': 200}
2026-05-09 14:04:18.372 9 INFO neutron.wsgi [None req-e4be410f-7df8-402f-a482-d063d9af43c5 a97c2b635fa2415b8cdb15aa91eef708 a44ef49500854994baef1554e63843a5 - - default default] 10.0.0.11 "POST /v2.0/subnets HTTP/1.1" status: 201 len: 822 time: 0.7224672
2026-05-09 14:04:18.738 9 INFO neutron.wsgi [None req-79158cb1-b6e9-43d2-9a79-8171f928db77 a97c2b635fa2415b8cdb15aa91eef708 a44ef49500854994baef1554e63843a5 - - default default] 10.0.0.11 "POST /v2.0/rbac-policies HTTP/1.1" status: 201 len: 523 time: 0.3599315
2026-05-09 14:04:18.952 10 INFO neutron.wsgi [-] 10.0.0.66 "GET / HTTP/1.1" status: 200 len: 245 time: 0.0018363
2026-05-09 14:04:18.954 10 INFO neutron.wsgi [-] 10.0.0.66 "GET / HTTP/1.1" status: 200 len: 245 time: 0.0016363
2026-05-09 14:04:19.314 10 INFO neutron.wsgi [None req-b5c2a3c3-55c1-422e-a901-648ecb1dfe58 51d102b74a7a4525b872fc582a34b7bd db7947a3faec43e49ab34d1af04024ab - - default default] 10.0.0.11 "GET /v2.0/networks/ec6dd8a7-6fb6-42e0-b519-b028b10074b8 HTTP/1.1" status: 200 len: 849 time: 0.1908562
2026-05-09 14:04:19.665 9 INFO neutron.wsgi [None req-0648dbc0-6b78-4c82-8384-049d7ff4ce92 b590dbd9c64c4389b093d0be7426b2a5 cc24006cfb974c3d9e246039d008146f - - default default] 10.0.0.11 "PUT /v2.0/routers/7d94cbb6-d8aa-455c-9e13-63143b665725/remove_router_interface HTTP/1.1" status: 200 len: 503 time: 1.3383150
2026-05-09 14:04:19.796 10 INFO neutron.pecan_wsgi.hooks.translation [None req-a6b0074f-0ade-41d3-992f-0a56740f67a3 4895e3f2cc724dd1b30c876ed3af5af6 f228b8f39fa946709d530defaa38a769 - - default default] GET failed (client error): The resource could not be found.
2026-05-09 14:04:19.798 10 INFO neutron.wsgi [None req-a6b0074f-0ade-41d3-992f-0a56740f67a3 4895e3f2cc724dd1b30c876ed3af5af6 f228b8f39fa946709d530defaa38a769 - - default default] 10.0.0.11 "GET /v2.0/networks/ec6dd8a7-6fb6-42e0-b519-b028b10074b8 HTTP/1.1" status: 404 len: 339 time: 0.1200862 /var/lib/openstack/lib/python3.10/site-packages/pycadf/identifier.py:71: UserWarning: Invalid uuid: neutron. To ensure interoperability, identifiers should be a valid uuid. warnings.warn(('Invalid uuid: %s. To ensure interoperability, '
2026-05-09 14:04:19.849 9 WARNING neutron_lib.context [None req-88c2e1d1-797b-4216-9f59-0a0428d3898c 89072f9244b54667be66653dccc8e3a3 230a79ae48e84dfb85bebfa5a448b0a6 - - default default] Method 'is_advsvc' is deprecated since 2023.2 release (neutron-lib 3.8.0) and will be removed once support for the old RBAC API policies will be removed from Neutron. Please use method 'is_service_role' instead.
2026-05-09 14:04:19.910 9 INFO neutron.wsgi [None req-88c2e1d1-797b-4216-9f59-0a0428d3898c 89072f9244b54667be66653dccc8e3a3 230a79ae48e84dfb85bebfa5a448b0a6 - - default default] 10.0.0.11 "POST /v2.0/subnetpools HTTP/1.1" status: 201 len: 715 time: 0.1209743
2026-05-09 14:04:19.918 9 WARNING neutron_lib.context [None req-01cafdb1-7e0f-4645-9977-b425756a68a6 89072f9244b54667be66653dccc8e3a3 230a79ae48e84dfb85bebfa5a448b0a6 - - default default] Method 'is_advsvc' is deprecated since 2023.2 release (neutron-lib 3.8.0) and will be removed once support for the old RBAC API policies will be removed from Neutron. Please use method 'is_service_role' instead.
2026-05-09 14:04:19.993 9 INFO neutron.wsgi [None req-01cafdb1-7e0f-4645-9977-b425756a68a6 89072f9244b54667be66653dccc8e3a3 230a79ae48e84dfb85bebfa5a448b0a6 - - default default] 10.0.0.11 "POST /v2.0/subnetpools HTTP/1.1" status: 201 len: 715 time: 0.0783010
2026-05-09 14:04:20.003 9 WARNING neutron_lib.context [None req-12b21f0f-f410-4a78-99e3-da091764336e 89072f9244b54667be66653dccc8e3a3 230a79ae48e84dfb85bebfa5a448b0a6 - - default default] Method 'is_advsvc' is deprecated since 2023.2 release (neutron-lib 3.8.0) and will be removed once support for the old RBAC API policies will be removed from Neutron. Please use method 'is_service_role' instead.
2026-05-09 14:04:20.069 9 INFO neutron.wsgi [None req-12b21f0f-f410-4a78-99e3-da091764336e 89072f9244b54667be66653dccc8e3a3 230a79ae48e84dfb85bebfa5a448b0a6 - - default default] 10.0.0.11 "POST /v2.0/subnetpools HTTP/1.1" status: 201 len: 715 time: 0.0697172
2026-05-09 14:04:20.082 10 WARNING neutron_lib.context [None req-42a0f01e-1458-470d-be2e-c7101a9d86aa 89072f9244b54667be66653dccc8e3a3 230a79ae48e84dfb85bebfa5a448b0a6 - - default default] Method 'is_advsvc' is deprecated since 2023.2 release (neutron-lib 3.8.0) and will be removed once support for the old RBAC API policies will be removed from Neutron. Please use method 'is_service_role' instead.
2026-05-09 14:04:20.155 10 INFO neutron.wsgi [None req-42a0f01e-1458-470d-be2e-c7101a9d86aa 89072f9244b54667be66653dccc8e3a3 230a79ae48e84dfb85bebfa5a448b0a6 - - default default] 10.0.0.11 "POST /v2.0/subnetpools HTTP/1.1" status: 201 len: 715 time: 0.0782855
2026-05-09 14:04:20.165 10 WARNING neutron_lib.context [None req-a53eff39-eef3-4bde-b1a1-ba8c0dfec605 89072f9244b54667be66653dccc8e3a3 230a79ae48e84dfb85bebfa5a448b0a6 - - default default] Method 'is_advsvc' is deprecated since 2023.2 release (neutron-lib 3.8.0) and will be removed once support for the old RBAC API policies will be removed from Neutron. Please use method 'is_service_role' instead.
2026-05-09 14:04:20.241 10 INFO neutron.wsgi [None req-a53eff39-eef3-4bde-b1a1-ba8c0dfec605 89072f9244b54667be66653dccc8e3a3 230a79ae48e84dfb85bebfa5a448b0a6 - - default default] 10.0.0.11 "POST /v2.0/subnetpools HTTP/1.1" status: 201 len: 715 time: 0.0804589
2026-05-09 14:04:20.308 10 INFO neutron.wsgi [None req-33e92733-9611-4ad8-a38e-bbbcfe53d3ed 89072f9244b54667be66653dccc8e3a3 230a79ae48e84dfb85bebfa5a448b0a6 - - default default] 10.0.0.11 "PUT /v2.0/subnetpools/aec68662-e855-4aa9-bc58-31af8b8a6fee/tags HTTP/1.1" status: 200 len: 210 time: 0.0620100
2026-05-09 14:04:20.377 9 INFO neutron.services.segments.plugin [-] Segment 52ba2094-f34e-4b3d-a925-82f026f6c097 resource provider aggregate not found
2026-05-09 14:04:20.382 9 INFO neutron.services.segments.plugin [-] Segment 52ba2094-f34e-4b3d-a925-82f026f6c097 resource provider aggregate not found
2026-05-09 14:04:20.391 9 INFO neutron.wsgi [None req-2f05bef4-89ac-4369-b257-d23322d7d615 89072f9244b54667be66653dccc8e3a3 230a79ae48e84dfb85bebfa5a448b0a6 - - default default] 10.0.0.11 "PUT /v2.0/subnetpools/a0726bf7-89fc-4a3d-9cac-a5d62c997f47/tags HTTP/1.1" status: 200 len: 218 time: 0.0786521
2026-05-09 14:04:20.402 9 INFO neutron.services.segments.plugin [-] Segment 52ba2094-f34e-4b3d-a925-82f026f6c097 resource provider not found; error: Placement Client Error (4xx): {"errors": [{"status": 404, "title": "Not Found", "detail": "The resource could not be found.\n\n No resource provider with uuid 52ba2094-f34e-4b3d-a925-82f026f6c097 found for delete ", "request_id": "req-437a6bdc-bbe6-4575-8bb5-cb6aea2a7d0d"}]}
2026-05-09 14:04:20.402 9 INFO neutron.services.segments.plugin [-] Segment 52ba2094-f34e-4b3d-a925-82f026f6c097 resource provider not found; error: Placement Client Error (4xx): {"errors": [{"status": 404, "title": "Not Found", "detail": "The resource could not be found.\n\n No resource provider with uuid 52ba2094-f34e-4b3d-a925-82f026f6c097 found for delete ", "request_id": "req-78833dda-3f3a-4830-8c5f-1e00cde7eedc"}]}
2026-05-09 14:04:20.428 9 INFO neutron.wsgi [None req-cb7964fa-fbef-43f7-bd9a-400677888fcc a97c2b635fa2415b8cdb15aa91eef708 a44ef49500854994baef1554e63843a5 - - default default] 10.0.0.11 "DELETE /v2.0/networks/ec6dd8a7-6fb6-42e0-b519-b028b10074b8 HTTP/1.1" status: 204 len: 168 time: 0.6248043
2026-05-09 14:04:20.435 9 INFO neutron.wsgi [None req-6162adba-c636-446a-a2f6-84c8098573db 89072f9244b54667be66653dccc8e3a3 230a79ae48e84dfb85bebfa5a448b0a6 - - default default] 10.0.0.11 "PUT /v2.0/subnetpools/8a75fac4-ce07-4f7f-bdf2-8cf56e01c0f3/tags HTTP/1.1" status: 200 len: 227 time: 0.0385728
2026-05-09 14:04:20.463 10 INFO neutron.pecan_wsgi.hooks.translation [None req-ddccabde-3391-444c-acb9-26717e60cb05 a97c2b635fa2415b8cdb15aa91eef708 a44ef49500854994baef1554e63843a5 - - default default] DELETE failed (client error): The resource could not be found.
2026-05-09 14:04:20.465 10 INFO neutron.wsgi [None req-ddccabde-3391-444c-acb9-26717e60cb05 a97c2b635fa2415b8cdb15aa91eef708 a44ef49500854994baef1554e63843a5 - - default default] 10.0.0.11 "DELETE /v2.0/subnets/09214c42-cda5-4016-978f-8a6df37f0e6f HTTP/1.1" status: 404 len: 337 time: 0.0309210
2026-05-09 14:04:20.470 9 INFO neutron.wsgi [None req-211634d3-9495-426f-a728-526fead29d59 89072f9244b54667be66653dccc8e3a3 230a79ae48e84dfb85bebfa5a448b0a6 - - default default] 10.0.0.11 "PUT /v2.0/subnetpools/f346025e-4e46-4f7f-bf39-5d0388119c84/tags HTTP/1.1" status: 200 len: 212 time: 0.0297472
2026-05-09 14:04:20.490 9 INFO neutron.pecan_wsgi.hooks.translation [None req-96c53f61-6b33-4681-9521-62a7a57911c2 a97c2b635fa2415b8cdb15aa91eef708 a44ef49500854994baef1554e63843a5 - - default default] DELETE failed (client error): The resource could not be found.
2026-05-09 14:04:20.492 9 INFO neutron.wsgi [None req-96c53f61-6b33-4681-9521-62a7a57911c2 a97c2b635fa2415b8cdb15aa91eef708 a44ef49500854994baef1554e63843a5 - - default default] 10.0.0.11 "DELETE /v2.0/subnets/d4238be2-f7de-42d2-8946-8e12279e0e8b HTTP/1.1" status: 404 len: 337 time: 0.0206001
2026-05-09 14:04:20.516 9 INFO neutron.pecan_wsgi.hooks.translation [None req-a5d3dbaa-36f6-47e1-8212-3a5d82e3c6d0 a97c2b635fa2415b8cdb15aa91eef708 a44ef49500854994baef1554e63843a5 - - default default] DELETE failed (client error): The resource could not be found.
2026-05-09 14:04:20.517 10 INFO neutron.wsgi [None req-8d3cee09-5aa6-4042-a47e-cca991c27a6a 89072f9244b54667be66653dccc8e3a3 230a79ae48e84dfb85bebfa5a448b0a6 - - default default] 10.0.0.11 "GET /v2.0/subnetpools?tags=red HTTP/1.1" status: 200 len: 1758 time: 0.0383441
2026-05-09 14:04:20.518 9 INFO neutron.wsgi [None req-a5d3dbaa-36f6-47e1-8212-3a5d82e3c6d0 a97c2b635fa2415b8cdb15aa91eef708 a44ef49500854994baef1554e63843a5 - - default default] 10.0.0.11 "DELETE /v2.0/subnets/032a8c68-4830-44f2-9049-1904bf9fbf1f HTTP/1.1" status: 404 len: 337 time: 0.0191522
2026-05-09 14:04:20.550 9 INFO neutron.wsgi [None req-b0aaf5c6-fc45-4d9d-ae22-eea728b1cae8 89072f9244b54667be66653dccc8e3a3 230a79ae48e84dfb85bebfa5a448b0a6 - - default default] 10.0.0.11 "GET /v2.0/subnetpools?tags=red%2Cblue HTTP/1.1" status: 200 len: 1251 time: 0.0239651
2026-05-09 14:04:20.591 9 INFO neutron.wsgi [None req-dc8324ea-db20-482e-b5ad-114999b7302e 89072f9244b54667be66653dccc8e3a3 230a79ae48e84dfb85bebfa5a448b0a6 - - default default] 10.0.0.11 "GET /v2.0/subnetpools?tags-any=blue HTTP/1.1" status: 200 len: 1251 time: 0.0365458
2026-05-09 14:04:20.624 9 INFO neutron.wsgi [None req-8282b8ee-68da-4176-a88f-51d8caf7c39a 89072f9244b54667be66653dccc8e3a3 230a79ae48e84dfb85bebfa5a448b0a6 - - default default] 10.0.0.11 "GET /v2.0/subnetpools?tags-any=red%2Cblue HTTP/1.1" status: 200 len: 1758 time: 0.0272410
2026-05-09 14:04:20.626 10 INFO neutron.wsgi [None req-13d17747-4177-4920-9f5d-45fff136484d b590dbd9c64c4389b093d0be7426b2a5 cc24006cfb974c3d9e246039d008146f - - default default] 10.0.0.11 "DELETE /v2.0/routers/7d94cbb6-d8aa-455c-9e13-63143b665725 HTTP/1.1" status: 204 len: 168 time: 0.9561889
2026-05-09 14:04:20.655 9 INFO neutron.wsgi [None req-99636128-1bf0-4e59-b5cf-9c5683178d77 89072f9244b54667be66653dccc8e3a3 230a79ae48e84dfb85bebfa5a448b0a6 - - default default] 10.0.0.11 "GET /v2.0/subnetpools?not-tags=red HTTP/1.1" status: 200 len: 1223 time: 0.0275364
2026-05-09 14:04:20.706 9 INFO neutron.wsgi [None req-b88ce641-9830-447b-b1da-6b813178f756 89072f9244b54667be66653dccc8e3a3 230a79ae48e84dfb85bebfa5a448b0a6 - - default default] 10.0.0.11 "GET /v2.0/subnetpools?not-tags=red%2Cblue HTTP/1.1" status: 200 len: 1730 time: 0.0312240
2026-05-09 14:04:20.734 9 INFO neutron.wsgi [None req-23664ebc-91cf-403d-8766-c12142ba4a51 89072f9244b54667be66653dccc8e3a3 230a79ae48e84dfb85bebfa5a448b0a6 - - default default] 10.0.0.11 "GET /v2.0/subnetpools?not-tags-any=blue HTTP/1.1" status: 200 len: 1730 time: 0.0224695
2026-05-09 14:04:20.755 9 INFO neutron.wsgi [None req-bcf80377-a5da-4e3d-bad4-785f342abd7c 89072f9244b54667be66653dccc8e3a3 230a79ae48e84dfb85bebfa5a448b0a6 - - default default] 10.0.0.11 "GET /v2.0/subnetpools?not-tags-any=red%2Cblue HTTP/1.1" status: 200 len: 1223 time: 0.0155385
2026-05-09 14:04:20.831 9 INFO neutron.wsgi [None req-fb677a31-2f9a-44fd-a545-512a5c3fe45a 89072f9244b54667be66653dccc8e3a3 230a79ae48e84dfb85bebfa5a448b0a6 - - default default] 10.0.0.11 "DELETE /v2.0/subnetpools/aec68662-e855-4aa9-bc58-31af8b8a6fee HTTP/1.1" status: 204 len: 168 time: 0.0690699
2026-05-09 14:04:20.873 10 INFO neutron.wsgi [None req-d629e950-d4b2-4aff-8426-2ed0babe6611 b590dbd9c64c4389b093d0be7426b2a5 cc24006cfb974c3d9e246039d008146f - - default default] 10.0.0.11 "DELETE /v2.0/subnets/74e8509e-fe9e-4c1d-8406-66a3d79002c9 HTTP/1.1" status: 204 len: 168 time: 0.2427437
2026-05-09 14:04:20.913 9 INFO neutron.wsgi [None req-2faab609-70d6-4e40-b697-10a1f855dc85 89072f9244b54667be66653dccc8e3a3 230a79ae48e84dfb85bebfa5a448b0a6 - - default default] 10.0.0.11 "DELETE /v2.0/subnetpools/a0726bf7-89fc-4a3d-9cac-a5d62c997f47 HTTP/1.1" status: 204 len: 168 time: 0.0719578
2026-05-09 14:04:20.985 10 INFO neutron.wsgi [None req-9c98e433-3c31-4e3d-a1b1-4fedd660d587 89072f9244b54667be66653dccc8e3a3 230a79ae48e84dfb85bebfa5a448b0a6 - - default default] 10.0.0.11 "DELETE /v2.0/subnetpools/8a75fac4-ce07-4f7f-bdf2-8cf56e01c0f3 HTTP/1.1" status: 204 len: 168 time: 0.0630314
2026-05-09 14:04:21.050 9 INFO neutron.wsgi [None req-0dffec2f-768c-4241-a418-2463edbb3268 89072f9244b54667be66653dccc8e3a3 230a79ae48e84dfb85bebfa5a448b0a6 - - default default] 10.0.0.11 "DELETE /v2.0/subnetpools/f346025e-4e46-4f7f-bf39-5d0388119c84 HTTP/1.1" status: 204 len: 168 time: 0.0591021
2026-05-09 14:04:21.140 10 INFO neutron.wsgi [None req-138ebda3-1cee-44d4-baf2-19ed097ef924 89072f9244b54667be66653dccc8e3a3 230a79ae48e84dfb85bebfa5a448b0a6 - - default default] 10.0.0.11 "DELETE /v2.0/subnetpools/cf55035d-f39e-4a8c-9a58-89c4e0ce3d85 HTTP/1.1" status: 204 len: 168 time: 0.0773330
2026-05-09 14:04:21.268 10 INFO neutron.services.segments.plugin [-] Segment 8ffcd015-04d0-4c36-ab3b-7a9eafec65ba resource provider aggregate not found
2026-05-09 14:04:21.272 10 INFO neutron.services.segments.plugin [-] Segment 8ffcd015-04d0-4c36-ab3b-7a9eafec65ba resource provider aggregate not found
2026-05-09 14:04:21.286 10 INFO neutron.services.segments.plugin [-] Segment 8ffcd015-04d0-4c36-ab3b-7a9eafec65ba resource provider not found; error: Placement Client Error (4xx): {"errors": [{"status": 404, "title": "Not Found", "detail": "The resource could not be found.\n\n No resource provider with uuid 8ffcd015-04d0-4c36-ab3b-7a9eafec65ba found for delete ", "request_id": "req-3bba068a-12e9-41b9-a06b-e105f1fca491"}]}
2026-05-09 14:04:21.289 10 INFO neutron.services.segments.plugin [-] Segment 8ffcd015-04d0-4c36-ab3b-7a9eafec65ba resource provider not found; error: Placement Client Error (4xx): {"errors": [{"status": 404, "title": "Not Found", "detail": "The resource could not be found.\n\n No resource provider with uuid 8ffcd015-04d0-4c36-ab3b-7a9eafec65ba found for delete ", "request_id": "req-b7922b25-a259-45e6-ae2e-67c31711f9f5"}]}
2026-05-09 14:04:21.311 10 INFO neutron.wsgi [None req-00e3e9f0-000f-4afb-85bf-6a3ca79c4916 b590dbd9c64c4389b093d0be7426b2a5 cc24006cfb974c3d9e246039d008146f - - default default] 10.0.0.11 "DELETE /v2.0/networks/4bb5fd29-86c1-4801-b0e1-4ffa548ef1a6 HTTP/1.1" status: 204 len: 168 time: 0.4301476
2026-05-09 14:04:21.539 10 INFO neutron.wsgi [None req-9a825ff6-6d13-44cb-ac91-a56fc4c0db66 b590dbd9c64c4389b093d0be7426b2a5 cc24006cfb974c3d9e246039d008146f - - default default] 10.0.0.11 "GET /v2.0/security-groups?tenant_id=9fc68e86525b49388535cb4e0aa7bee8&name=default HTTP/1.1" status: 200 len: 2996 time: 0.0367475
2026-05-09 14:04:21.617 9 INFO neutron.wsgi [None req-70abc392-94c9-44cd-b0e5-3f76dc068f02 b590dbd9c64c4389b093d0be7426b2a5 cc24006cfb974c3d9e246039d008146f - - default default] 10.0.0.11 "GET /v2.0/security-groups?tenant_id=a44ef49500854994baef1554e63843a5&name=default HTTP/1.1" status: 200 len: 2996 time: 0.2120178
2026-05-09 14:04:21.783 10 INFO neutron.wsgi [None req-94f2cdb7-023f-4c47-9690-ca42f5df0ccb b590dbd9c64c4389b093d0be7426b2a5 cc24006cfb974c3d9e246039d008146f - - default default] 10.0.0.11 "DELETE /v2.0/security-groups/62d43c92-33f6-429c-a1df-3000115bd0b4 HTTP/1.1" status: 204 len: 168 time: 0.2396357
2026-05-09 14:04:21.929 9 INFO neutron.wsgi [None req-058114ba-1ce7-47d5-97b3-7b03c1aae2f6 b590dbd9c64c4389b093d0be7426b2a5 cc24006cfb974c3d9e246039d008146f - - default default] 10.0.0.11 "DELETE /v2.0/security-groups/1b1dd4ec-5a0f-4c06-8fa6-8874dcfbdd58 HTTP/1.1" status: 204 len: 168 time: 0.3061578
2026-05-09 14:04:22.312 10 INFO neutron.db.ovn_revision_numbers_db [None req-4b31f5ab-72aa-4b06-86b3-f2ab1794c55d b590dbd9c64c4389b093d0be7426b2a5 cc24006cfb974c3d9e246039d008146f - - default default] Successfully bumped revision number for resource 8be692a9-1f35-42b1-9f36-91f4bb95233e (type: security_groups) to 1
2026-05-09 14:04:22.327 10 INFO neutron.db.ovn_revision_numbers_db [None req-4b31f5ab-72aa-4b06-86b3-f2ab1794c55d b590dbd9c64c4389b093d0be7426b2a5 cc24006cfb974c3d9e246039d008146f - - default default] Successfully bumped revision number for resource 5a597767-7e7c-4e78-b8da-93148e93695f (type: security_group_rules) to 0
2026-05-09 14:04:22.341 10 INFO neutron.db.ovn_revision_numbers_db [None req-4b31f5ab-72aa-4b06-86b3-f2ab1794c55d b590dbd9c64c4389b093d0be7426b2a5 cc24006cfb974c3d9e246039d008146f - - default default] Successfully bumped revision number for resource 8ef7a1b0-f94d-4842-b5ea-0a2753e3c499 (type: security_group_rules) to 0
2026-05-09 14:04:22.357 10 INFO neutron.db.ovn_revision_numbers_db [None req-4b31f5ab-72aa-4b06-86b3-f2ab1794c55d b590dbd9c64c4389b093d0be7426b2a5 cc24006cfb974c3d9e246039d008146f - - default default] Successfully bumped revision number for resource b844512f-1598-4ec6-9ded-9cf85413bc4d (type: security_group_rules) to 0
2026-05-09 14:04:22.373 10 INFO neutron.db.ovn_revision_numbers_db [None req-4b31f5ab-72aa-4b06-86b3-f2ab1794c55d b590dbd9c64c4389b093d0be7426b2a5 cc24006cfb974c3d9e246039d008146f - - default default] Successfully bumped revision number for resource d9374b57-c0c0-4c48-81df-34cdedc37dd0 (type: security_group_rules) to 0
2026-05-09 14:04:22.399 10 INFO neutron.wsgi [None req-4b31f5ab-72aa-4b06-86b3-f2ab1794c55d b590dbd9c64c4389b093d0be7426b2a5 cc24006cfb974c3d9e246039d008146f - - default default] 10.0.0.11 "GET /v2.0/security-groups?tenant_id=db7947a3faec43e49ab34d1af04024ab&name=default HTTP/1.1" status: 200 len: 2996 time: 0.2623878
2026-05-09 14:04:22.454 9 INFO neutron.db.ovn_revision_numbers_db [None req-665d533e-273b-4814-8592-6e98831961ed b590dbd9c64c4389b093d0be7426b2a5 cc24006cfb974c3d9e246039d008146f - - default default] Successfully bumped revision number for resource 2b75e892-1258-4b1e-b0c8-3b6f974b7573 (type: security_groups) to 1
2026-05-09 14:04:22.465 9 INFO neutron.db.ovn_revision_numbers_db [None req-665d533e-273b-4814-8592-6e98831961ed b590dbd9c64c4389b093d0be7426b2a5 cc24006cfb974c3d9e246039d008146f - - default default] Successfully bumped revision number for resource 22cd36bc-09b6-46e2-be8f-43b2e019a3e1 (type: security_group_rules) to 0
2026-05-09 14:04:22.490 9 INFO neutron.db.ovn_revision_numbers_db [None req-665d533e-273b-4814-8592-6e98831961ed b590dbd9c64c4389b093d0be7426b2a5 cc24006cfb974c3d9e246039d008146f - - default default] Successfully bumped revision number for resource 3729b42b-7f29-4711-a05c-4b51f04f4958 (type: security_group_rules) to 0
2026-05-09 14:04:22.506 9 INFO neutron.db.ovn_revision_numbers_db [None req-665d533e-273b-4814-8592-6e98831961ed b590dbd9c64c4389b093d0be7426b2a5 cc24006cfb974c3d9e246039d008146f - - default default] Successfully bumped revision number for resource 5ce76290-347b-4cf0-a6ab-b877da4ba179 (type: security_group_rules) to 0
2026-05-09 14:04:22.521 9 INFO neutron.db.ovn_revision_numbers_db [None req-665d533e-273b-4814-8592-6e98831961ed b590dbd9c64c4389b093d0be7426b2a5 cc24006cfb974c3d9e246039d008146f - - default default] Successfully bumped revision number for resource 66e6d9d6-42ac-40bc-afe9-495f98e6c31b (type: security_group_rules) to 0
2026-05-09 14:04:22.556 9 INFO neutron.wsgi [None req-665d533e-273b-4814-8592-6e98831961ed b590dbd9c64c4389b093d0be7426b2a5 cc24006cfb974c3d9e246039d008146f - - default default] 10.0.0.11 "GET /v2.0/security-groups?tenant_id=cd4e5facbe4d45c0b89a708dab6bbfe8&name=default HTTP/1.1" status: 200 len: 2996 time: 0.3198731
2026-05-09 14:04:22.610 10 INFO neutron.wsgi [None req-bba8a08c-06ea-47ad-bb0c-16b49c188427 b590dbd9c64c4389b093d0be7426b2a5 cc24006cfb974c3d9e246039d008146f - - default default] 10.0.0.11 "DELETE /v2.0/security-groups/8be692a9-1f35-42b1-9f36-91f4bb95233e HTTP/1.1" status: 204 len: 168 time: 0.2056632
2026-05-09 14:04:22.814 9 INFO neutron.wsgi [None req-be2ec244-cde0-4861-bb67-c958aecea90c b590dbd9c64c4389b093d0be7426b2a5 cc24006cfb974c3d9e246039d008146f - - default default] 10.0.0.11 "DELETE /v2.0/security-groups/2b75e892-1258-4b1e-b0c8-3b6f974b7573 HTTP/1.1" status: 204 len: 168 time: 0.2555020
2026-05-09 14:04:22.874 9 INFO neutron.db.ovn_revision_numbers_db [None req-86eb6a53-028d-4036-96ca-916100879b25 b590dbd9c64c4389b093d0be7426b2a5 cc24006cfb974c3d9e246039d008146f - - default default] Successfully bumped revision number for resource 8b700f02-13e0-4206-a8c0-82dcb62e563f (type: security_groups) to 1
2026-05-09 14:04:22.886 9 INFO neutron.db.ovn_revision_numbers_db [None req-86eb6a53-028d-4036-96ca-916100879b25 b590dbd9c64c4389b093d0be7426b2a5 cc24006cfb974c3d9e246039d008146f - - default default] Successfully bumped revision number for resource 2506618a-4c06-4003-aef6-d6aa6c3360f8 (type: security_group_rules) to 0
2026-05-09 14:04:22.896 9 INFO neutron.db.ovn_revision_numbers_db [None req-86eb6a53-028d-4036-96ca-916100879b25 b590dbd9c64c4389b093d0be7426b2a5 cc24006cfb974c3d9e246039d008146f - - default default] Successfully bumped revision number for resource 8abbd1a5-be67-49ac-9dbb-b8950d92876c (type: security_group_rules) to 0
