2026-05-09 14:04:48.833 9 INFO neutron.wsgi [req-eb5f9b69-9e28-4ef2-9304-35cd8fb8905c req-ab3a974e-6245-4db5-9f2c-e45a7fa2a058 4b67dcd5aa72433a9c9c51e3f8259e4c 30a8bedc6d464f10999e32b385c716fd - - d811e5d5de204ad2864da0e08373b371 d811e5d5de204ad2864da0e08373b371] 199.204.45.157 "GET /v2.0/networks?id=ffe4d936-2aec-4468-bddf-a21575494071 HTTP/1.1" status: 200 len: 971 time: 0.0818987
2026-05-09 14:04:48.857 10 INFO neutron.wsgi [req-3c32cc96-a0b8-40a5-a105-68538be0353e req-61c55bb0-df10-486a-84b5-50ce0d2c8b63 4b67dcd5aa72433a9c9c51e3f8259e4c 30a8bedc6d464f10999e32b385c716fd - - d811e5d5de204ad2864da0e08373b371 d811e5d5de204ad2864da0e08373b371] 10.0.0.231 "GET /v2.0/networks/ba1d6a94-e271-463e-a0c8-8ae985fd2874?fields=segments HTTP/1.1" status: 200 len: 212 time: 0.0795491
2026-05-09 14:04:48.859 10 INFO neutron.wsgi [None req-0d14c97d-f3ec-46c9-81ac-bec89fcdee2c 4ad7237a8e9f4e7082a63b6d0bdd159f ec79fa49d04349949be505d921c3d9b2 - - default default] 10.0.0.11 "GET /v2.0/trunks/47fa015c-c48d-4afc-bf2f-80bbbe84c4ca HTTP/1.1" status: 200 len: 608 time: 0.0266078
2026-05-09 14:04:48.889 9 INFO neutron.wsgi [None req-f7ff119d-c91c-42e7-a1ca-7fac6d1da82b c18055fff73c4204b656f85b858dab28 426e9a3d095444059a96ce3f29e43870 - - default default] 10.0.0.11 "GET /v2.0/subnets/cf9a6763-3ec9-4e69-b505-8b518e82c618/tags/red HTTP/1.1" status: 204 len: 168 time: 0.0709813
2026-05-09 14:04:48.912 9 INFO neutron.wsgi [req-eb5f9b69-9e28-4ef2-9304-35cd8fb8905c req-7c3868cf-ecff-47ce-9864-ae5b8a97115e 4b67dcd5aa72433a9c9c51e3f8259e4c 30a8bedc6d464f10999e32b385c716fd - - d811e5d5de204ad2864da0e08373b371 d811e5d5de204ad2864da0e08373b371] 199.204.45.157 "GET /v2.0/floatingips?fixed_ip_address=10.100.0.10&port_id=2448b46f-63a7-4821-87bf-7ea29cff45be HTTP/1.1" status: 200 len: 1060 time: 0.0665214
2026-05-09 14:04:48.952 9 INFO neutron.wsgi [-] 10.0.0.66 "GET / HTTP/1.1" status: 200 len: 245 time: 0.0016415
2026-05-09 14:04:48.954 9 INFO neutron.wsgi [-] 10.0.0.66 "GET / HTTP/1.1" status: 200 len: 245 time: 0.0009780
2026-05-09 14:04:48.955 9 INFO neutron.api.v2.resource [None req-0557af29-2460-4653-bf36-af019e769759 c18055fff73c4204b656f85b858dab28 426e9a3d095444059a96ce3f29e43870 - - default default] show failed (client error): The resource could not be found.
2026-05-09 14:04:48.956 9 INFO neutron.wsgi [None req-0557af29-2460-4653-bf36-af019e769759 c18055fff73c4204b656f85b858dab28 426e9a3d095444059a96ce3f29e43870 - - default default] 10.0.0.11 "GET /v2.0/subnets/cf9a6763-3ec9-4e69-b505-8b518e82c618/tags/green HTTP/1.1" status: 404 len: 299 time: 0.0598342
2026-05-09 14:04:48.964 9 INFO neutron.wsgi [req-eb5f9b69-9e28-4ef2-9304-35cd8fb8905c req-abc1de8b-2837-4d14-ae00-53da5f30c928 4b67dcd5aa72433a9c9c51e3f8259e4c 30a8bedc6d464f10999e32b385c716fd - - d811e5d5de204ad2864da0e08373b371 d811e5d5de204ad2864da0e08373b371] 199.204.45.157 "GET /v2.0/subnets?id=d7d169e1-aef8-4a1c-a0fa-9ed4dba742e1 HTTP/1.1" status: 200 len: 866 time: 0.0420377
2026-05-09 14:04:48.976 10 INFO neutron.wsgi [req-3c32cc96-a0b8-40a5-a105-68538be0353e req-bed7817e-f4c9-4457-87bb-814247523915 4b67dcd5aa72433a9c9c51e3f8259e4c 30a8bedc6d464f10999e32b385c716fd - - d811e5d5de204ad2864da0e08373b371 d811e5d5de204ad2864da0e08373b371] 10.0.0.231 "GET /v2.0/networks/ba1d6a94-e271-463e-a0c8-8ae985fd2874?fields=provider%3Aphysical_network&fields=provider%3Anetwork_type HTTP/1.1" status: 200 len: 277 time: 0.1129410
2026-05-09 14:04:48.991 9 INFO neutron.wsgi [req-eb5f9b69-9e28-4ef2-9304-35cd8fb8905c req-fd61e25a-4f3c-4bab-be9b-cbc6bd282225 4b67dcd5aa72433a9c9c51e3f8259e4c 30a8bedc6d464f10999e32b385c716fd - - d811e5d5de204ad2864da0e08373b371 d811e5d5de204ad2864da0e08373b371] 199.204.45.157 "GET /v2.0/ports?network_id=ffe4d936-2aec-4468-bddf-a21575494071&device_owner=network%3Adhcp HTTP/1.1" status: 200 len: 210 time: 0.0207045
2026-05-09 14:04:49.009 10 INFO neutron.wsgi [None req-63623c23-6c41-4a51-92d7-bde3766f1770 4ad7237a8e9f4e7082a63b6d0bdd159f ec79fa49d04349949be505d921c3d9b2 - - default default] 10.0.0.11 "GET /v2.0/ports/f2cd6a9c-96f2-492e-86c4-fa2b1fb9e4bd HTTP/1.1" status: 200 len: 1020 time: 0.1391525
2026-05-09 14:04:49.049 9 INFO neutron.wsgi [req-eb5f9b69-9e28-4ef2-9304-35cd8fb8905c req-e1fe7438-bd65-4346-a365-e0e9a42e5573 4b67dcd5aa72433a9c9c51e3f8259e4c 30a8bedc6d464f10999e32b385c716fd - - d811e5d5de204ad2864da0e08373b371 d811e5d5de204ad2864da0e08373b371] 199.204.45.157 "GET /v2.0/networks/ffe4d936-2aec-4468-bddf-a21575494071?fields=segments HTTP/1.1" status: 200 len: 212 time: 0.0503755
2026-05-09 14:04:49.069 10 INFO neutron.wsgi [None req-1ed17468-2f37-4c56-9b71-97f5e0a19c8e c18055fff73c4204b656f85b858dab28 426e9a3d095444059a96ce3f29e43870 - - default default] 10.0.0.11 "DELETE /v2.0/subnets/cf9a6763-3ec9-4e69-b505-8b518e82c618/tags/red HTTP/1.1" status: 204 len: 168 time: 0.1049526
2026-05-09 14:04:49.120 10 INFO neutron.wsgi [None req-a21eb334-e728-4f84-827b-88031dc527d8 4ad7237a8e9f4e7082a63b6d0bdd159f ec79fa49d04349949be505d921c3d9b2 - - default default] 10.0.0.11 "DELETE /v2.0/trunks/47fa015c-c48d-4afc-bf2f-80bbbe84c4ca HTTP/1.1" status: 204 len: 168 time: 0.1057065
2026-05-09 14:04:49.131 9 INFO neutron.wsgi [req-eb5f9b69-9e28-4ef2-9304-35cd8fb8905c req-d88cf30b-de4e-498b-92e1-68a817c94abe 4b67dcd5aa72433a9c9c51e3f8259e4c 30a8bedc6d464f10999e32b385c716fd - - d811e5d5de204ad2864da0e08373b371 d811e5d5de204ad2864da0e08373b371] 199.204.45.157 "GET /v2.0/networks/ffe4d936-2aec-4468-bddf-a21575494071?fields=provider%3Aphysical_network&fields=provider%3Anetwork_type HTTP/1.1" status: 200 len: 277 time: 0.0642581
2026-05-09 14:04:49.133 9 INFO neutron.wsgi [req-868c9595-89da-492d-9d99-1e219d44653b req-7834ed6d-44a6-419f-b531-53f1a7edecb4 3b293c07c492400cb59db1ce9e7553d8 ed4c7016fc284085ab37b972b1d4837c - - default default] 10.0.0.231 "GET /v2.0/ports?device_id=873abc79-c388-4264-9d67-b52b01dad330 HTTP/1.1" status: 200 len: 210 time: 0.0204091
2026-05-09 14:04:49.133 10 INFO neutron.wsgi [None req-3c6ddb2d-dc81-48f4-91a8-0722a4b40138 c18055fff73c4204b656f85b858dab28 426e9a3d095444059a96ce3f29e43870 - - default default] 10.0.0.11 "GET /v2.0/subnets/cf9a6763-3ec9-4e69-b505-8b518e82c618/tags HTTP/1.1" status: 200 len: 223 time: 0.0559964
2026-05-09 14:04:49.143 10 INFO neutron.wsgi [None req-02e74141-0810-4105-ac7d-ab1ce378c097 4ad7237a8e9f4e7082a63b6d0bdd159f ec79fa49d04349949be505d921c3d9b2 - - default default] 10.0.0.11 "GET /v2.0/trunks/727e02a9-1fd3-455a-b361-b8300613cf26 HTTP/1.1" status: 200 len: 616 time: 0.0191696
2026-05-09 14:04:49.193 9 INFO neutron.api.v2.resource [None req-e3b8918f-f6a5-49de-ae73-0fda7538316f c18055fff73c4204b656f85b858dab28 426e9a3d095444059a96ce3f29e43870 - - default default] delete failed (client error): The resource could not be found.
2026-05-09 14:04:49.194 9 INFO neutron.wsgi [None req-e3b8918f-f6a5-49de-ae73-0fda7538316f c18055fff73c4204b656f85b858dab28 426e9a3d095444059a96ce3f29e43870 - - default default] 10.0.0.11 "DELETE /v2.0/subnets/cf9a6763-3ec9-4e69-b505-8b518e82c618/tags/green HTTP/1.1" status: 404 len: 299 time: 0.0566347
2026-05-09 14:04:49.249 9 INFO neutron.wsgi [None req-49d32583-adac-4c05-9d61-609be9e0343a c18055fff73c4204b656f85b858dab28 426e9a3d095444059a96ce3f29e43870 - - default default] 10.0.0.11 "DELETE /v2.0/subnets/cf9a6763-3ec9-4e69-b505-8b518e82c618/tags HTTP/1.1" status: 204 len: 168 time: 0.0494370
2026-05-09 14:04:49.299 9 INFO neutron.wsgi [None req-dde5e7f3-b63a-4313-a215-3f4716d30bc1 c18055fff73c4204b656f85b858dab28 426e9a3d095444059a96ce3f29e43870 - - default default] 10.0.0.11 "GET /v2.0/subnets/cf9a6763-3ec9-4e69-b505-8b518e82c618/tags HTTP/1.1" status: 200 len: 205 time: 0.0443499
2026-05-09 14:04:49.528 10 INFO neutron.wsgi [None req-71d6a755-28ac-4b72-806b-63faf616e6cc 4ad7237a8e9f4e7082a63b6d0bdd159f ec79fa49d04349949be505d921c3d9b2 - - default default] 10.0.0.11 "GET /v2.0/ports/89d670c5-94ba-4c0e-8d8e-106108949c5b HTTP/1.1" status: 200 len: 1020 time: 0.3757725
2026-05-09 14:04:49.537 9 INFO neutron.wsgi [None req-0c3c0198-065c-4549-b8f6-cb5f8a1717e7 c18055fff73c4204b656f85b858dab28 426e9a3d095444059a96ce3f29e43870 - - default default] 10.0.0.11 "DELETE /v2.0/subnets/cf9a6763-3ec9-4e69-b505-8b518e82c618 HTTP/1.1" status: 204 len: 168 time: 0.2285025
2026-05-09 14:04:49.646 10 INFO neutron.wsgi [None req-627be8b9-9cee-4b61-b2d1-203527758954 4ad7237a8e9f4e7082a63b6d0bdd159f ec79fa49d04349949be505d921c3d9b2 - - default default] 10.0.0.11 "DELETE /v2.0/trunks/727e02a9-1fd3-455a-b361-b8300613cf26 HTTP/1.1" status: 204 len: 168 time: 0.1120474
2026-05-09 14:04:49.671 9 INFO neutron.wsgi [None req-7ebf7ef4-4873-4337-b525-037d916b48fb 4ad7237a8e9f4e7082a63b6d0bdd159f ec79fa49d04349949be505d921c3d9b2 - - default default] 10.0.0.11 "GET /v2.0/trunks/a778bbf1-e198-4eb7-a930-b6a8e9a323ac HTTP/1.1" status: 200 len: 625 time: 0.0198076
2026-05-09 14:04:49.815 9 INFO neutron.wsgi [None req-3bf15f09-65fd-40e4-b88e-4cd8f9c58936 4ad7237a8e9f4e7082a63b6d0bdd159f ec79fa49d04349949be505d921c3d9b2 - - default default] 10.0.0.11 "GET /v2.0/ports/b30f7c78-9842-4e63-813c-a1a1d595446d HTTP/1.1" status: 200 len: 1020 time: 0.1386738
2026-05-09 14:04:49.899 9 INFO neutron.wsgi [req-3c32cc96-a0b8-40a5-a105-68538be0353e req-a7c42968-36f9-448b-8f3f-fc06ab23348c 3b293c07c492400cb59db1ce9e7553d8 ed4c7016fc284085ab37b972b1d4837c - - default default] 199.204.45.157 "GET /v2.0/networks?id=ba1d6a94-e271-463e-a0c8-8ae985fd2874 HTTP/1.1" status: 200 len: 904 time: 0.1122520
2026-05-09 14:04:49.952 9 INFO neutron.wsgi [None req-ec0778a2-5743-41f0-aa14-825e557030b8 4ad7237a8e9f4e7082a63b6d0bdd159f ec79fa49d04349949be505d921c3d9b2 - - default default] 10.0.0.11 "DELETE /v2.0/trunks/a778bbf1-e198-4eb7-a930-b6a8e9a323ac HTTP/1.1" status: 204 len: 168 time: 0.1296046
2026-05-09 14:04:49.952 10 INFO neutron.services.segments.plugin [-] Segment 55863b08-07a6-41f3-9509-e76c174517a9 resource provider aggregate not found
2026-05-09 14:04:49.958 10 INFO neutron.services.segments.plugin [-] Segment 55863b08-07a6-41f3-9509-e76c174517a9 resource provider aggregate not found
2026-05-09 14:04:49.972 10 INFO neutron.services.segments.plugin [-] Segment 55863b08-07a6-41f3-9509-e76c174517a9 resource provider not found; error: Placement Client Error (4xx): {"errors": [{"status": 404, "title": "Not Found", "detail": "The resource could not be found.\n\n No resource provider with uuid 55863b08-07a6-41f3-9509-e76c174517a9 found for delete ", "request_id": "req-adce5447-7310-4a33-8c4d-eeb4c0c92450"}]}
2026-05-09 14:04:49.973 10 INFO neutron.services.segments.plugin [-] Segment 55863b08-07a6-41f3-9509-e76c174517a9 resource provider not found; error: Placement Client Error (4xx): {"errors": [{"status": 404, "title": "Not Found", "detail": "The resource could not be found.\n\n No resource provider with uuid 55863b08-07a6-41f3-9509-e76c174517a9 found for delete ", "request_id": "req-a05a17cb-1726-4fed-843b-e41611734ae6"}]}
2026-05-09 14:04:49.980 9 INFO neutron.wsgi [None req-ef0f8c7e-640f-49fa-afd1-80868c793d10 4ad7237a8e9f4e7082a63b6d0bdd159f ec79fa49d04349949be505d921c3d9b2 - - default default] 10.0.0.11 "GET /v2.0/trunks/00df6b48-38a6-4cbc-8c89-f8bdf6582800 HTTP/1.1" status: 200 len: 610 time: 0.0239463
2026-05-09 14:04:49.984 9 INFO neutron.wsgi [req-3c32cc96-a0b8-40a5-a105-68538be0353e req-5b217043-1ad6-4b46-8d39-e1d5c19e811d 3b293c07c492400cb59db1ce9e7553d8 ed4c7016fc284085ab37b972b1d4837c - - default default] 199.204.45.157 "GET /v2.0/security-groups?fields=id&fields=name&tenant_id=ed4c7016fc284085ab37b972b1d4837c HTTP/1.1" status: 200 len: 378 time: 0.0769286
2026-05-09 14:04:49.994 10 INFO neutron.wsgi [None req-7ad6e0ac-02d4-4817-8a70-68de1327ff4d c18055fff73c4204b656f85b858dab28 426e9a3d095444059a96ce3f29e43870 - - default default] 10.0.0.11 "DELETE /v2.0/networks/1e449a20-fc5e-4c6e-953f-c85dabbbf187 HTTP/1.1" status: 204 len: 168 time: 0.4538183
2026-05-09 14:04:49.999 9 WARNING neutron_lib.context [req-3c32cc96-a0b8-40a5-a105-68538be0353e req-9f59d363-1973-4ad3-ae06-08672acc5ea1 3b293c07c492400cb59db1ce9e7553d8 ed4c7016fc284085ab37b972b1d4837c - - default default] Method 'is_advsvc' is deprecated since 2023.2 release (neutron-lib 3.8.0) and will be removed once support for the old RBAC API policies will be removed from Neutron. Please use method 'is_service_role' instead.
2026-05-09 14:04:50.091 9 INFO neutron.wsgi [None req-b677604a-b425-46cc-8832-5058bd392e78 4ad7237a8e9f4e7082a63b6d0bdd159f ec79fa49d04349949be505d921c3d9b2 - - default default] 10.0.0.11 "GET /v2.0/ports/37cf4d06-1567-4319-a3f4-6a24fa742803 HTTP/1.1" status: 200 len: 1020 time: 0.1047807
2026-05-09 14:04:50.234 9 INFO neutron.wsgi [None req-36af66b0-331a-43da-a579-1725b1f6eae1 4ad7237a8e9f4e7082a63b6d0bdd159f ec79fa49d04349949be505d921c3d9b2 - - default default] 10.0.0.11 "DELETE /v2.0/trunks/00df6b48-38a6-4cbc-8c89-f8bdf6582800 HTTP/1.1" status: 204 len: 168 time: 0.1371329
2026-05-09 14:04:50.259 10 INFO neutron.wsgi [None req-c1bc0d8f-2102-457b-9a62-adab82b99776 4ad7237a8e9f4e7082a63b6d0bdd159f ec79fa49d04349949be505d921c3d9b2 - - default default] 10.0.0.11 "GET /v2.0/trunks/82d6201e-a3e4-40bb-84a2-6d62c9346a4a HTTP/1.1" status: 200 len: 603 time: 0.0186160
2026-05-09 14:04:50.369 10 INFO neutron.wsgi [None req-818fe50c-749a-48a1-af91-3101fd275333 4ad7237a8e9f4e7082a63b6d0bdd159f ec79fa49d04349949be505d921c3d9b2 - - default default] 10.0.0.11 "GET /v2.0/ports/f53102c1-174c-4ee9-aefc-384c160cb4eb HTTP/1.1" status: 200 len: 1020 time: 0.1047375
2026-05-09 14:04:50.433 9 WARNING neutron.scheduler.dhcp_agent_scheduler [req-3c32cc96-a0b8-40a5-a105-68538be0353e req-9f59d363-1973-4ad3-ae06-08672acc5ea1 3b293c07c492400cb59db1ce9e7553d8 ed4c7016fc284085ab37b972b1d4837c - - default default] No more DHCP agents
2026-05-09 14:04:50.436 9 WARNING neutron.api.rpc.agentnotifiers.dhcp_rpc_agent_api [req-3c32cc96-a0b8-40a5-a105-68538be0353e req-9f59d363-1973-4ad3-ae06-08672acc5ea1 3b293c07c492400cb59db1ce9e7553d8 ed4c7016fc284085ab37b972b1d4837c - - default default] Unable to schedule network ba1d6a94-e271-463e-a0c8-8ae985fd2874: no agents available; will retry on subsequent port and subnet creation events.
2026-05-09 14:04:50.455 10 INFO neutron.wsgi [None req-b4ffc5a8-26bb-4b68-90a6-c60cb773e138 4ad7237a8e9f4e7082a63b6d0bdd159f ec79fa49d04349949be505d921c3d9b2 - - default default] 10.0.0.11 "DELETE /v2.0/trunks/82d6201e-a3e4-40bb-84a2-6d62c9346a4a HTTP/1.1" status: 204 len: 168 time: 0.0808694
2026-05-09 14:04:50.612 9 INFO neutron.db.ovn_revision_numbers_db [req-3c32cc96-a0b8-40a5-a105-68538be0353e req-9f59d363-1973-4ad3-ae06-08672acc5ea1 3b293c07c492400cb59db1ce9e7553d8 ed4c7016fc284085ab37b972b1d4837c - - default default] Successfully bumped revision number for resource 858de980-39cd-48fe-be04-681771a94dd3 (type: ports) to 1
2026-05-09 14:04:50.648 9 INFO neutron.wsgi [req-3c32cc96-a0b8-40a5-a105-68538be0353e req-9f59d363-1973-4ad3-ae06-08672acc5ea1 3b293c07c492400cb59db1ce9e7553d8 ed4c7016fc284085ab37b972b1d4837c - - default default] 199.204.45.157 "POST /v2.0/ports HTTP/1.1" status: 201 len: 1388 time: 0.6540766 /var/lib/openstack/lib/python3.10/site-packages/pycadf/identifier.py:71: UserWarning: Invalid uuid: neutron. To ensure interoperability, identifiers should be a valid uuid. warnings.warn(('Invalid uuid: %s. To ensure interoperability, '
2026-05-09 14:04:50.709 10 INFO neutron.wsgi [None req-7d587c12-2b13-479d-9205-d95ce7829f4a 4ad7237a8e9f4e7082a63b6d0bdd159f ec79fa49d04349949be505d921c3d9b2 - - default default] 10.0.0.11 "DELETE /v2.0/ports/f2cd6a9c-96f2-492e-86c4-fa2b1fb9e4bd HTTP/1.1" status: 204 len: 168 time: 0.2463987
2026-05-09 14:04:50.877 10 INFO neutron.wsgi [None req-2411b271-a776-4c21-8e63-4eaa00c89f3c b590dbd9c64c4389b093d0be7426b2a5 cc24006cfb974c3d9e246039d008146f - - default default] 10.0.0.11 "GET /v2.0/security-groups?tenant_id=426e9a3d095444059a96ce3f29e43870&name=default HTTP/1.1" status: 200 len: 2996 time: 0.1411531
2026-05-09 14:04:50.975 10 INFO neutron.wsgi [None req-53f1d6aa-ae89-4586-ade7-af19b94b8843 4ad7237a8e9f4e7082a63b6d0bdd159f ec79fa49d04349949be505d921c3d9b2 - - default default] 10.0.0.11 "DELETE /v2.0/ports/89d670c5-94ba-4c0e-8d8e-106108949c5b HTTP/1.1" status: 204 len: 168 time: 0.2619569
2026-05-09 14:04:51.155 9 INFO neutron.db.ovn_revision_numbers_db [req-3c32cc96-a0b8-40a5-a105-68538be0353e req-365bd384-aded-498c-9f1d-23045be9f474 4b67dcd5aa72433a9c9c51e3f8259e4c 30a8bedc6d464f10999e32b385c716fd - - d811e5d5de204ad2864da0e08373b371 d811e5d5de204ad2864da0e08373b371] Successfully bumped revision number for resource 858de980-39cd-48fe-be04-681771a94dd3 (type: ports) to 2
2026-05-09 14:04:51.208 9 INFO neutron.wsgi [None req-35c19b4a-6f11-4759-861d-03f452dfc8a0 b590dbd9c64c4389b093d0be7426b2a5 cc24006cfb974c3d9e246039d008146f - - default default] 10.0.0.11 "DELETE /v2.0/security-groups/a9ed3cb0-b7de-415a-baef-fb221296545b HTTP/1.1" status: 204 len: 168 time: 0.3214450
2026-05-09 14:04:51.230 10 INFO neutron.wsgi [None req-804118ed-5b36-44d8-b8a2-86477a695563 4ad7237a8e9f4e7082a63b6d0bdd159f ec79fa49d04349949be505d921c3d9b2 - - default default] 10.0.0.11 "DELETE /v2.0/ports/b30f7c78-9842-4e63-813c-a1a1d595446d HTTP/1.1" status: 204 len: 168 time: 0.2497075 /var/lib/openstack/lib/python3.10/site-packages/pycadf/identifier.py:71: UserWarning: Invalid uuid: neutron. To ensure interoperability, identifiers should be a valid uuid. warnings.warn(('Invalid uuid: %s. To ensure interoperability, '
2026-05-09 14:04:51.433 10 INFO neutron.db.ovn_revision_numbers_db [None req-fa75b6e4-3103-4d5a-9e36-0d1c68b03f09 b590dbd9c64c4389b093d0be7426b2a5 cc24006cfb974c3d9e246039d008146f - - default default] Successfully bumped revision number for resource 0870362c-bee2-42ae-879b-2724f4d1fd52 (type: security_groups) to 1
2026-05-09 14:04:51.448 10 INFO neutron.db.ovn_revision_numbers_db [None req-fa75b6e4-3103-4d5a-9e36-0d1c68b03f09 b590dbd9c64c4389b093d0be7426b2a5 cc24006cfb974c3d9e246039d008146f - - default default] Successfully bumped revision number for resource 3e7a2c83-6219-41b6-86ed-4f93ffe2d71c (type: security_group_rules) to 0
2026-05-09 14:04:51.463 10 INFO neutron.db.ovn_revision_numbers_db [None req-fa75b6e4-3103-4d5a-9e36-0d1c68b03f09 b590dbd9c64c4389b093d0be7426b2a5 cc24006cfb974c3d9e246039d008146f - - default default] Successfully bumped revision number for resource 517e6c43-9b94-40e2-8201-f8a18121da9f (type: security_group_rules) to 0
2026-05-09 14:04:51.480 10 INFO neutron.db.ovn_revision_numbers_db [None req-fa75b6e4-3103-4d5a-9e36-0d1c68b03f09 b590dbd9c64c4389b093d0be7426b2a5 cc24006cfb974c3d9e246039d008146f - - default default] Successfully bumped revision number for resource bcafa477-ab71-4b76-b141-719874540cac (type: security_group_rules) to 0
2026-05-09 14:04:51.492 9 INFO neutron.db.ovn_revision_numbers_db [req-3c32cc96-a0b8-40a5-a105-68538be0353e req-365bd384-aded-498c-9f1d-23045be9f474 4b67dcd5aa72433a9c9c51e3f8259e4c 30a8bedc6d464f10999e32b385c716fd - - d811e5d5de204ad2864da0e08373b371 d811e5d5de204ad2864da0e08373b371] Successfully bumped revision number for resource 858de980-39cd-48fe-be04-681771a94dd3 (type: ports) to 2
2026-05-09 14:04:51.497 10 INFO neutron.db.ovn_revision_numbers_db [None req-fa75b6e4-3103-4d5a-9e36-0d1c68b03f09 b590dbd9c64c4389b093d0be7426b2a5 cc24006cfb974c3d9e246039d008146f - - default default] Successfully bumped revision number for resource d8f687f1-668f-4c57-904d-0f1166d04015 (type: security_group_rules) to 0
2026-05-09 14:04:51.540 10 INFO neutron.wsgi [None req-fa75b6e4-3103-4d5a-9e36-0d1c68b03f09 b590dbd9c64c4389b093d0be7426b2a5 cc24006cfb974c3d9e246039d008146f - - default default] 10.0.0.11 "GET /v2.0/security-groups?tenant_id=3ba3182a08854496b10bd8a1756862b6&name=default HTTP/1.1" status: 200 len: 2996 time: 0.2222528
2026-05-09 14:04:51.542 9 INFO neutron.wsgi [req-3c32cc96-a0b8-40a5-a105-68538be0353e req-365bd384-aded-498c-9f1d-23045be9f474 4b67dcd5aa72433a9c9c51e3f8259e4c 30a8bedc6d464f10999e32b385c716fd - - d811e5d5de204ad2864da0e08373b371 d811e5d5de204ad2864da0e08373b371] 199.204.45.157 "PUT /v2.0/ports/858de980-39cd-48fe-be04-681771a94dd3 HTTP/1.1" status: 200 len: 1605 time: 0.8880045
2026-05-09 14:04:51.578 9 INFO neutron.notifiers.nova [-] Nova event matching ['req-f884224b-fb8d-4f34-a391-4beed1ac840f'] response: {'name': 'network-changed', 'server_uuid': '873abc79-c388-4264-9d67-b52b01dad330', 'tag': '858de980-39cd-48fe-be04-681771a94dd3', 'status': 'completed', 'code': 200} /var/lib/openstack/lib/python3.10/site-packages/pycadf/identifier.py:71: UserWarning: Invalid uuid: neutron. To ensure interoperability, identifiers should be a valid uuid. warnings.warn(('Invalid uuid: %s. To ensure interoperability, '
2026-05-09 14:04:51.607 9 INFO neutron.wsgi [None req-3806fa91-32b0-4394-a631-e579bb3e4487 4ad7237a8e9f4e7082a63b6d0bdd159f ec79fa49d04349949be505d921c3d9b2 - - default default] 10.0.0.11 "DELETE /v2.0/ports/37cf4d06-1567-4319-a3f4-6a24fa742803 HTTP/1.1" status: 204 len: 168 time: 0.3716724
2026-05-09 14:04:51.623 9 INFO neutron.wsgi [req-3c32cc96-a0b8-40a5-a105-68538be0353e req-626b071f-67af-4a9f-8c4b-486d4e214983 4b67dcd5aa72433a9c9c51e3f8259e4c 30a8bedc6d464f10999e32b385c716fd - - d811e5d5de204ad2864da0e08373b371 d811e5d5de204ad2864da0e08373b371] 199.204.45.157 "GET /v2.0/ports?tenant_id=ed4c7016fc284085ab37b972b1d4837c&device_id=873abc79-c388-4264-9d67-b52b01dad330 HTTP/1.1" status: 200 len: 1636 time: 0.0334098
2026-05-09 14:04:51.648 9 INFO neutron.wsgi [req-3c32cc96-a0b8-40a5-a105-68538be0353e req-659d7f5a-4b78-4394-b059-52e38a421ec7 4b67dcd5aa72433a9c9c51e3f8259e4c 30a8bedc6d464f10999e32b385c716fd - - d811e5d5de204ad2864da0e08373b371 d811e5d5de204ad2864da0e08373b371] 199.204.45.157 "GET /v2.0/floatingips?fixed_ip_address=10.2.1.174&port_id=858de980-39cd-48fe-be04-681771a94dd3 HTTP/1.1" status: 200 len: 217 time: 0.0202093
2026-05-09 14:04:51.684 9 INFO neutron.wsgi [req-3c32cc96-a0b8-40a5-a105-68538be0353e req-fe4ae274-42f7-4fd7-8c0a-5f7b05c349f6 4b67dcd5aa72433a9c9c51e3f8259e4c 30a8bedc6d464f10999e32b385c716fd - - d811e5d5de204ad2864da0e08373b371 d811e5d5de204ad2864da0e08373b371] 199.204.45.157 "GET /v2.0/floatingips?fixed_ip_address=fd7b%3Af9f7%3Afff%3A4eca%3A%3A30b&port_id=858de980-39cd-48fe-be04-681771a94dd3 HTTP/1.1" status: 200 len: 217 time: 0.0264795
2026-05-09 14:04:51.733 9 INFO neutron.wsgi [req-3c32cc96-a0b8-40a5-a105-68538be0353e req-b866e9b3-7c37-44bb-b493-83764de416c3 4b67dcd5aa72433a9c9c51e3f8259e4c 30a8bedc6d464f10999e32b385c716fd - - d811e5d5de204ad2864da0e08373b371 d811e5d5de204ad2864da0e08373b371] 199.204.45.157 "GET /v2.0/subnets?id=39d7b818-f3e9-4058-a3da-bf0d64dc15cd&id=fa283ec7-12de-4656-b10e-3df2ed52a602 HTTP/1.1" status: 200 len: 1561 time: 0.0411880
2026-05-09 14:04:51.758 9 INFO neutron.wsgi [req-3c32cc96-a0b8-40a5-a105-68538be0353e req-2aaa1219-d8de-4622-bd0e-5e7af4cc0746 4b67dcd5aa72433a9c9c51e3f8259e4c 30a8bedc6d464f10999e32b385c716fd - - d811e5d5de204ad2864da0e08373b371 d811e5d5de204ad2864da0e08373b371] 199.204.45.157 "GET /v2.0/ports?network_id=ba1d6a94-e271-463e-a0c8-8ae985fd2874&device_owner=network%3Adhcp HTTP/1.1" status: 200 len: 210 time: 0.0185947
2026-05-09 14:04:51.791 9 INFO neutron.wsgi [req-3c32cc96-a0b8-40a5-a105-68538be0353e req-ecf9fc3c-cb2a-4402-b1ed-3805d6fccded 4b67dcd5aa72433a9c9c51e3f8259e4c 30a8bedc6d464f10999e32b385c716fd - - d811e5d5de204ad2864da0e08373b371 d811e5d5de204ad2864da0e08373b371] 199.204.45.157 "GET /v2.0/ports?network_id=ba1d6a94-e271-463e-a0c8-8ae985fd2874&device_owner=network%3Adhcp HTTP/1.1" status: 200 len: 210 time: 0.0258470
2026-05-09 14:04:51.864 10 INFO neutron.wsgi [None req-9e37d856-fa11-4c89-a7e9-9a804e478a59 b590dbd9c64c4389b093d0be7426b2a5 cc24006cfb974c3d9e246039d008146f - - default default] 10.0.0.11 "DELETE /v2.0/security-groups/0870362c-bee2-42ae-879b-2724f4d1fd52 HTTP/1.1" status: 204 len: 168 time: 0.3206258
2026-05-09 14:04:51.869 9 INFO neutron.wsgi [req-3c32cc96-a0b8-40a5-a105-68538be0353e req-34b9b451-6f65-4637-a6b5-9c738c3272e8 4b67dcd5aa72433a9c9c51e3f8259e4c 30a8bedc6d464f10999e32b385c716fd - - d811e5d5de204ad2864da0e08373b371 d811e5d5de204ad2864da0e08373b371] 199.204.45.157 "GET /v2.0/networks/ba1d6a94-e271-463e-a0c8-8ae985fd2874?fields=segments HTTP/1.1" status: 200 len: 212 time: 0.0708904
2026-05-09 14:04:51.884 10 INFO neutron.wsgi [None req-933a444a-d7c4-432b-a539-66e6e9be7456 4ad7237a8e9f4e7082a63b6d0bdd159f ec79fa49d04349949be505d921c3d9b2 - - default default] 10.0.0.11 "DELETE /v2.0/ports/f53102c1-174c-4ee9-aefc-384c160cb4eb HTTP/1.1" status: 204 len: 168 time: 0.2620404
2026-05-09 14:04:51.937 9 INFO neutron.wsgi [req-3c32cc96-a0b8-40a5-a105-68538be0353e req-794a78c8-4cb2-4daa-81af-edb41874020b 4b67dcd5aa72433a9c9c51e3f8259e4c 30a8bedc6d464f10999e32b385c716fd - - d811e5d5de204ad2864da0e08373b371 d811e5d5de204ad2864da0e08373b371] 199.204.45.157 "GET /v2.0/networks/ba1d6a94-e271-463e-a0c8-8ae985fd2874?fields=provider%3Aphysical_network&fields=provider%3Anetwork_type HTTP/1.1" status: 200 len: 277 time: 0.0613353
2026-05-09 14:04:52.035 9 INFO neutron.wsgi [req-218cb1d4-73c7-4754-bb4c-5ad64604e7b3 req-ecb71091-1bf6-4cca-9dfb-7ec116ae7ca9 4b67dcd5aa72433a9c9c51e3f8259e4c 30a8bedc6d464f10999e32b385c716fd - - d811e5d5de204ad2864da0e08373b371 d811e5d5de204ad2864da0e08373b371] 199.204.45.157 "GET /v2.0/ports?tenant_id=ed4c7016fc284085ab37b972b1d4837c&device_id=873abc79-c388-4264-9d67-b52b01dad330 HTTP/1.1" status: 200 len: 1636 time: 0.0412586
2026-05-09 14:04:52.151 9 INFO neutron.wsgi [req-218cb1d4-73c7-4754-bb4c-5ad64604e7b3 req-13f0132c-8995-40d0-9430-ca2e4754ef62 4b67dcd5aa72433a9c9c51e3f8259e4c 30a8bedc6d464f10999e32b385c716fd - - d811e5d5de204ad2864da0e08373b371 d811e5d5de204ad2864da0e08373b371] 199.204.45.157 "GET /v2.0/networks?id=ba1d6a94-e271-463e-a0c8-8ae985fd2874 HTTP/1.1" status: 200 len: 1003 time: 0.1107016
2026-05-09 14:04:52.192 9 INFO neutron.plugins.ml2.drivers.ovn.mech_driver.mech_driver [None req-f95c564e-2f7f-46ed-a315-89a1dd8e37e0 - - - - - -] OVN reports status up for port: 858de980-39cd-48fe-be04-681771a94dd3
2026-05-09 14:04:52.195 9 INFO neutron.wsgi [req-218cb1d4-73c7-4754-bb4c-5ad64604e7b3 req-19cab437-9568-4d9a-a32e-d704ce1467ad 4b67dcd5aa72433a9c9c51e3f8259e4c 30a8bedc6d464f10999e32b385c716fd - - d811e5d5de204ad2864da0e08373b371 d811e5d5de204ad2864da0e08373b371] 199.204.45.157 "GET /v2.0/floatingips?fixed_ip_address=10.2.1.174&port_id=858de980-39cd-48fe-be04-681771a94dd3 HTTP/1.1" status: 200 len: 217 time: 0.0353255
2026-05-09 14:04:52.209 9 INFO neutron.plugins.ml2.plugin [None req-f95c564e-2f7f-46ed-a315-89a1dd8e37e0 - - - - - -] Attempt 1 to provision port 858de980-39cd-48fe-be04-681771a94dd3
2026-05-09 14:04:52.229 9 INFO neutron.wsgi [req-218cb1d4-73c7-4754-bb4c-5ad64604e7b3 req-a6859b4e-b296-4842-9631-68a0652dc585 4b67dcd5aa72433a9c9c51e3f8259e4c 30a8bedc6d464f10999e32b385c716fd - - d811e5d5de204ad2864da0e08373b371 d811e5d5de204ad2864da0e08373b371] 199.204.45.157 "GET /v2.0/floatingips?fixed_ip_address=fd7b%3Af9f7%3Afff%3A4eca%3A%3A30b&port_id=858de980-39cd-48fe-be04-681771a94dd3 HTTP/1.1" status: 200 len: 217 time: 0.0251138
2026-05-09 14:04:52.290 9 INFO neutron.wsgi [req-218cb1d4-73c7-4754-bb4c-5ad64604e7b3 req-831817fd-5919-4fed-8aef-23a125757b03 4b67dcd5aa72433a9c9c51e3f8259e4c 30a8bedc6d464f10999e32b385c716fd - - d811e5d5de204ad2864da0e08373b371 d811e5d5de204ad2864da0e08373b371] 199.204.45.157 "GET /v2.0/subnets?id=39d7b818-f3e9-4058-a3da-bf0d64dc15cd&id=fa283ec7-12de-4656-b10e-3df2ed52a602 HTTP/1.1" status: 200 len: 1561 time: 0.0484917
2026-05-09 14:04:52.317 10 INFO neutron.services.segments.plugin [-] Segment ed4487cd-5820-4c4e-aa2b-c39841dae516 resource provider aggregate not found
2026-05-09 14:04:52.323 10 INFO neutron.services.segments.plugin [-] Segment ed4487cd-5820-4c4e-aa2b-c39841dae516 resource provider aggregate not found
2026-05-09 14:04:52.323 9 INFO neutron.wsgi [req-218cb1d4-73c7-4754-bb4c-5ad64604e7b3 req-47cca99b-0e25-4003-8163-b150b2f62615 4b67dcd5aa72433a9c9c51e3f8259e4c 30a8bedc6d464f10999e32b385c716fd - - d811e5d5de204ad2864da0e08373b371 d811e5d5de204ad2864da0e08373b371] 199.204.45.157 "GET /v2.0/ports?network_id=ba1d6a94-e271-463e-a0c8-8ae985fd2874&device_owner=network%3Adhcp HTTP/1.1" status: 200 len: 210 time: 0.0273669
2026-05-09 14:04:52.340 10 INFO neutron.services.segments.plugin [-] Segment ed4487cd-5820-4c4e-aa2b-c39841dae516 resource provider not found; error: Placement Client Error (4xx): {"errors": [{"status": 404, "title": "Not Found", "detail": "The resource could not be found.\n\n No resource provider with uuid ed4487cd-5820-4c4e-aa2b-c39841dae516 found for delete ", "request_id": "req-2a8550c6-0494-4532-957f-acad196650eb"}]}
2026-05-09 14:04:52.343 10 INFO neutron.services.segments.plugin [-] Segment ed4487cd-5820-4c4e-aa2b-c39841dae516 resource provider not found; error: Placement Client Error (4xx): {"errors": [{"status": 404, "title": "Not Found", "detail": "The resource could not be found.\n\n No resource provider with uuid ed4487cd-5820-4c4e-aa2b-c39841dae516 found for delete ", "request_id": "req-a8202383-f1d5-40e4-ab93-bec04b478b14"}]}
2026-05-09 14:04:52.353 9 INFO neutron.wsgi [req-218cb1d4-73c7-4754-bb4c-5ad64604e7b3 req-8bf88ddf-3ae5-4c11-862b-56caa51942cd 4b67dcd5aa72433a9c9c51e3f8259e4c 30a8bedc6d464f10999e32b385c716fd - - d811e5d5de204ad2864da0e08373b371 d811e5d5de204ad2864da0e08373b371] 199.204.45.157 "GET /v2.0/ports?network_id=ba1d6a94-e271-463e-a0c8-8ae985fd2874&device_owner=network%3Adhcp HTTP/1.1" status: 200 len: 210 time: 0.0221577
2026-05-09 14:04:52.395 10 INFO neutron.wsgi [None req-21e79140-e5dd-4ffb-85cd-a083122bdae3 4ad7237a8e9f4e7082a63b6d0bdd159f ec79fa49d04349949be505d921c3d9b2 - - default default] 10.0.0.11 "DELETE /v2.0/networks/1ea1007f-74f2-416d-91ce-ca23534dfeee HTTP/1.1" status: 204 len: 168 time: 0.5000072
2026-05-09 14:04:52.457 9 INFO neutron.wsgi [req-218cb1d4-73c7-4754-bb4c-5ad64604e7b3 req-919d3d49-2751-4a4f-b4b0-b587b04f67b4 4b67dcd5aa72433a9c9c51e3f8259e4c 30a8bedc6d464f10999e32b385c716fd - - d811e5d5de204ad2864da0e08373b371 d811e5d5de204ad2864da0e08373b371] 199.204.45.157 "GET /v2.0/networks/ba1d6a94-e271-463e-a0c8-8ae985fd2874?fields=segments HTTP/1.1" status: 200 len: 212 time: 0.0962057
2026-05-09 14:04:52.565 9 INFO neutron.wsgi [req-218cb1d4-73c7-4754-bb4c-5ad64604e7b3 req-8a9c3b2b-a5b6-4612-b182-ed11e185acdd 4b67dcd5aa72433a9c9c51e3f8259e4c 30a8bedc6d464f10999e32b385c716fd - - d811e5d5de204ad2864da0e08373b371 d811e5d5de204ad2864da0e08373b371] 199.204.45.157 "GET /v2.0/networks/ba1d6a94-e271-463e-a0c8-8ae985fd2874?fields=provider%3Aphysical_network&fields=provider%3Anetwork_type HTTP/1.1" status: 200 len: 277 time: 0.1024985
2026-05-09 14:04:52.667 9 INFO neutron.db.ovn_revision_numbers_db [None req-f95c564e-2f7f-46ed-a315-89a1dd8e37e0 - - - - - -] Successfully bumped revision number for resource 858de980-39cd-48fe-be04-681771a94dd3 (type: ports) to 4
2026-05-09 14:04:52.865 10 INFO neutron.wsgi [None req-4aa84263-93a9-4737-890e-51393c4f0607 4ad7237a8e9f4e7082a63b6d0bdd159f ec79fa49d04349949be505d921c3d9b2 - - default default] 10.0.0.11 "DELETE /v2.0/networks/c0726eac-7292-454f-85fd-ea2766dd199e HTTP/1.1" status: 204 len: 168 time: 0.4651577 /var/lib/openstack/lib/python3.10/site-packages/pycadf/identifier.py:71: UserWarning: Invalid uuid: neutron. To ensure interoperability, identifiers should be a valid uuid. warnings.warn(('Invalid uuid: %s. To ensure interoperability, '
2026-05-09 14:04:53.197 10 WARNING neutron.plugins.ml2.drivers.ovn.mech_driver.ovsdb.ovn_client [None req-10273ac3-c27f-4488-ae81-b8b2ed9c7008 - - - - - -] No hosting information found for port 21970ed9-0079-41d4-ac43-7fcc23113334: RuntimeError: No hosting information found for port 21970ed9-0079-41d4-ac43-7fcc23113334
2026-05-09 14:04:53.467 9 INFO neutron.services.segments.plugin [-] Segment 0f709a5d-f670-4733-9a3a-9e8a3a4862fd resource provider aggregate not found
2026-05-09 14:04:53.472 9 INFO neutron.services.segments.plugin [-] Segment 0f709a5d-f670-4733-9a3a-9e8a3a4862fd resource provider aggregate not found
2026-05-09 14:04:53.488 9 INFO neutron.services.segments.plugin [-] Segment 0f709a5d-f670-4733-9a3a-9e8a3a4862fd resource provider not found; error: Placement Client Error (4xx): {"errors": [{"status": 404, "title": "Not Found", "detail": "The resource could not be found.\n\n No resource provider with uuid 0f709a5d-f670-4733-9a3a-9e8a3a4862fd found for delete ", "request_id": "req-3ab761d3-7153-4c19-9031-6514bb965ab7"}]}
2026-05-09 14:04:53.493 9 INFO neutron.services.segments.plugin [-] Segment 0f709a5d-f670-4733-9a3a-9e8a3a4862fd resource provider not found; error: Placement Client Error (4xx): {"errors": [{"status": 404, "title": "Not Found", "detail": "The resource could not be found.\n\n No resource provider with uuid 0f709a5d-f670-4733-9a3a-9e8a3a4862fd found for delete ", "request_id": "req-2fe2e47e-09b9-4b57-a439-867cea73414b"}]}
2026-05-09 14:04:53.510 9 INFO neutron.wsgi [None req-7bf61377-1644-4984-be3f-44671341401e 4ad7237a8e9f4e7082a63b6d0bdd159f ec79fa49d04349949be505d921c3d9b2 - - default default] 10.0.0.11 "DELETE /v2.0/networks/a0d82c92-1ac1-420c-b807-f369c761a644 HTTP/1.1" status: 204 len: 168 time: 0.6395092
2026-05-09 14:04:53.620 9 INFO neutron.notifiers.nova [-] Nova event matching ['req-e6f9d1ea-bc08-4da8-842a-d425edcc6341'] response: {'server_uuid': '873abc79-c388-4264-9d67-b52b01dad330', 'name': 'network-vif-plugged', 'status': 'completed', 'tag': '858de980-39cd-48fe-be04-681771a94dd3', 'code': 200}
2026-05-09 14:04:53.621 9 INFO neutron.notifiers.nova [-] Nova event matching ['req-e6f9d1ea-bc08-4da8-842a-d425edcc6341'] response: {'server_uuid': '873abc79-c388-4264-9d67-b52b01dad330', 'name': 'network-vif-plugged', 'status': 'completed', 'tag': '858de980-39cd-48fe-be04-681771a94dd3', 'code': 200}
2026-05-09 14:04:54.043 10 INFO neutron.wsgi [None req-51e101cb-23cb-479d-ad4a-2ba78ebcee71 4ad7237a8e9f4e7082a63b6d0bdd159f ec79fa49d04349949be505d921c3d9b2 - - default default] 10.0.0.11 "DELETE /v2.0/networks/8ac4a722-c660-4fdf-b079-74f7b23086da HTTP/1.1" status: 204 len: 168 time: 0.5264249
2026-05-09 14:04:54.307 10 INFO neutron.wsgi [req-eb959b06-e7ac-415f-8a85-87b478a5772d req-616ff2fa-b3ab-4a1f-b25c-f9bad56060ac 3b293c07c492400cb59db1ce9e7553d8 ed4c7016fc284085ab37b972b1d4837c - - default default] 10.0.0.231 "GET /v2.0/ports?device_id=873abc79-c388-4264-9d67-b52b01dad330 HTTP/1.1" status: 200 len: 1400 time: 0.0951505
2026-05-09 14:04:54.357 10 INFO neutron.services.segments.plugin [-] Segment 618e5afb-3238-4dc0-829e-b79b49443832 resource provider aggregate not found
2026-05-09 14:04:54.367 10 INFO neutron.wsgi [req-eb959b06-e7ac-415f-8a85-87b478a5772d req-aad759e1-098c-42b4-a3be-61fbd6ef61f2 3b293c07c492400cb59db1ce9e7553d8 ed4c7016fc284085ab37b972b1d4837c - - default default] 10.0.0.231 "GET /v2.0/security-groups?id=cefc0856-9e3e-4945-a129-ef3058beb92b&fields=id&fields=name HTTP/1.1" status: 200 len: 311 time: 0.0543675
2026-05-09 14:04:54.368 10 INFO neutron.services.segments.plugin [-] Segment 618e5afb-3238-4dc0-829e-b79b49443832 resource provider aggregate not found
2026-05-09 14:04:54.373 10 INFO neutron.services.segments.plugin [-] Segment 618e5afb-3238-4dc0-829e-b79b49443832 resource provider not found; error: Placement Client Error (4xx): {"errors": [{"status": 404, "title": "Not Found", "detail": "The resource could not be found.\n\n No resource provider with uuid 618e5afb-3238-4dc0-829e-b79b49443832 found for delete ", "request_id": "req-a5247013-0fae-48ab-9282-f0f83a2fd409"}]}
2026-05-09 14:04:54.388 10 INFO neutron.services.segments.plugin [-] Segment 8a48cd58-4bd3-4312-8861-689f2552c02f resource provider aggregate not found
2026-05-09 14:04:54.395 10 INFO neutron.services.segments.plugin [-] Segment 618e5afb-3238-4dc0-829e-b79b49443832 resource provider not found; error: Placement Client Error (4xx): {"errors": [{"status": 404, "title": "Not Found", "detail": "The resource could not be found.\n\n No resource provider with uuid 618e5afb-3238-4dc0-829e-b79b49443832 found for delete ", "request_id": "req-5fda466b-6545-4ab5-8258-3c04f10cc517"}]}
2026-05-09 14:04:54.413 10 INFO neutron.services.segments.plugin [-] Segment 8a48cd58-4bd3-4312-8861-689f2552c02f resource provider aggregate not found
2026-05-09 14:04:54.419 10 INFO neutron.services.segments.plugin [-] Segment 8a48cd58-4bd3-4312-8861-689f2552c02f resource provider not found; error: Placement Client Error (4xx): {"errors": [{"status": 404, "title": "Not Found", "detail": "The resource could not be found.\n\n No resource provider with uuid 8a48cd58-4bd3-4312-8861-689f2552c02f found for delete ", "request_id": "req-a8a57fb7-638f-4532-9922-12caa09678ad"}]}
2026-05-09 14:04:54.427 10 INFO neutron.services.segments.plugin [-] Segment 8a48cd58-4bd3-4312-8861-689f2552c02f resource provider not found; error: Placement Client Error (4xx): {"errors": [{"status": 404, "title": "Not Found", "detail": "The resource could not be found.\n\n No resource provider with uuid 8a48cd58-4bd3-4312-8861-689f2552c02f found for delete ", "request_id": "req-43573bdf-b903-4b67-850b-acd0e9a80a37"}]}
2026-05-09 14:04:54.516 9 INFO neutron.wsgi [None req-93abbe8b-cc12-489e-b6e2-c0aca87ed933 4ad7237a8e9f4e7082a63b6d0bdd159f ec79fa49d04349949be505d921c3d9b2 - - default default] 10.0.0.11 "DELETE /v2.0/networks/1faa3604-efe3-444c-a249-86d73b21be57 HTTP/1.1" status: 204 len: 168 time: 0.4668002
2026-05-09 14:04:54.543 9 INFO neutron.wsgi [None req-91c3cfdb-4269-424e-b751-f3ba107695b5 3b293c07c492400cb59db1ce9e7553d8 ed4c7016fc284085ab37b972b1d4837c - - default default] 10.0.0.11 "GET /v2.0/ports?network_id=ba1d6a94-e271-463e-a0c8-8ae985fd2874&mac_address=fa%3A16%3A3e%3A2a%3A22%3A07 HTTP/1.1" status: 200 len: 1395 time: 0.1434851
2026-05-09 14:04:54.553 9 WARNING neutron_lib.context [None req-a62b867d-1d35-4fb6-860a-305a44ef88de 3b293c07c492400cb59db1ce9e7553d8 ed4c7016fc284085ab37b972b1d4837c - - default default] Method 'is_advsvc' is deprecated since 2023.2 release (neutron-lib 3.8.0) and will be removed once support for the old RBAC API policies will be removed from Neutron. Please use method 'is_service_role' instead.
2026-05-09 14:04:54.888 9 WARNING neutron.scheduler.dhcp_agent_scheduler [None req-a62b867d-1d35-4fb6-860a-305a44ef88de 3b293c07c492400cb59db1ce9e7553d8 ed4c7016fc284085ab37b972b1d4837c - - default default] No more DHCP agents
2026-05-09 14:04:54.889 9 WARNING neutron.api.rpc.agentnotifiers.dhcp_rpc_agent_api [None req-a62b867d-1d35-4fb6-860a-305a44ef88de 3b293c07c492400cb59db1ce9e7553d8 ed4c7016fc284085ab37b972b1d4837c - - default default] Unable to schedule network 9b938021-88fb-4384-8cbc-c04ee322a3e1: no agents available; will retry on subsequent port and subnet creation events.
2026-05-09 14:04:55.316 9 INFO neutron.db.l3_db [None req-a62b867d-1d35-4fb6-860a-305a44ef88de 3b293c07c492400cb59db1ce9e7553d8 ed4c7016fc284085ab37b972b1d4837c - - default default] Floating IP 69aa0480-4242-4d8a-bf38-b646719bbc48 associated. External IP: 10.96.250.207, port: 858de980-39cd-48fe-be04-681771a94dd3.
2026-05-09 14:04:55.515 9 INFO neutron.services.segments.plugin [-] Segment 88b82d29-0b55-4778-a7a2-0fcb000a8a74 resource provider aggregate not found
2026-05-09 14:04:55.520 9 INFO neutron.services.segments.plugin [-] Segment 88b82d29-0b55-4778-a7a2-0fcb000a8a74 resource provider aggregate not found
2026-05-09 14:04:55.548 9 INFO neutron.services.segments.plugin [-] Segment 88b82d29-0b55-4778-a7a2-0fcb000a8a74 resource provider not found; error: Placement Client Error (4xx): {"errors": [{"status": 404, "title": "Not Found", "detail": "The resource could not be found.\n\n No resource provider with uuid 88b82d29-0b55-4778-a7a2-0fcb000a8a74 found for delete ", "request_id": "req-5e07e383-107d-4876-a294-b0da3142b746"}]}
2026-05-09 14:04:55.550 9 INFO neutron.services.segments.plugin [-] Segment 88b82d29-0b55-4778-a7a2-0fcb000a8a74 resource provider not found; error: Placement Client Error (4xx): {"errors": [{"status": 404, "title": "Not Found", "detail": "The resource could not be found.\n\n No resource provider with uuid 88b82d29-0b55-4778-a7a2-0fcb000a8a74 found for delete ", "request_id": "req-34bf2711-c22b-45f5-bebc-0a6c52a904ad"}]}
2026-05-09 14:04:55.572 9 WARNING neutron_lib.context [None req-b9a9adb1-afdb-4cc3-b06c-90af2a59c29e c7ec424b451947db9b780fdd1d09a417 98eda0eff7e84b8bb686554dc5e0d23f - - default default] Method 'is_advsvc' is deprecated since 2023.2 release (neutron-lib 3.8.0) and will be removed once support for the old RBAC API policies will be removed from Neutron. Please use method 'is_service_role' instead.
2026-05-09 14:04:55.575 9 INFO neutron.db.ovn_revision_numbers_db [None req-a62b867d-1d35-4fb6-860a-305a44ef88de 3b293c07c492400cb59db1ce9e7553d8 ed4c7016fc284085ab37b972b1d4837c - - default default] Successfully bumped revision number for resource 69aa0480-4242-4d8a-bf38-b646719bbc48 (type: floatingips) to 0 /var/lib/openstack/lib/python3.10/site-packages/pycadf/identifier.py:71: UserWarning: Invalid uuid: neutron. To ensure interoperability, identifiers should be a valid uuid. warnings.warn(('Invalid uuid: %s. To ensure interoperability, '
2026-05-09 14:04:55.713 9 INFO neutron.db.ovn_revision_numbers_db [None req-a62b867d-1d35-4fb6-860a-305a44ef88de 3b293c07c492400cb59db1ce9e7553d8 ed4c7016fc284085ab37b972b1d4837c - - default default] Successfully bumped revision number for resource 69aa0480-4242-4d8a-bf38-b646719bbc48 (type: floatingips) to 1
2026-05-09 14:04:55.714 10 INFO neutron.db.ovn_revision_numbers_db [None req-0835c3d5-244b-42f1-962c-991b950af449 b590dbd9c64c4389b093d0be7426b2a5 cc24006cfb974c3d9e246039d008146f - - default default] Successfully bumped revision number for resource 91e960df-0205-4f64-98b5-de29d52bf19d (type: security_groups) to 1
2026-05-09 14:04:55.729 10 INFO neutron.db.ovn_revision_numbers_db [None req-0835c3d5-244b-42f1-962c-991b950af449 b590dbd9c64c4389b093d0be7426b2a5 cc24006cfb974c3d9e246039d008146f - - default default] Successfully bumped revision number for resource 087094d1-0f7c-4773-adb7-1de81c516333 (type: security_group_rules) to 0
2026-05-09 14:04:55.754 10 INFO neutron.db.ovn_revision_numbers_db [None req-0835c3d5-244b-42f1-962c-991b950af449 b590dbd9c64c4389b093d0be7426b2a5 cc24006cfb974c3d9e246039d008146f - - default default] Successfully bumped revision number for resource 410e74bf-2c00-400c-a336-62d07817bf0e (type: security_group_rules) to 0
2026-05-09 14:04:55.763 9 INFO neutron.wsgi [None req-a62b867d-1d35-4fb6-860a-305a44ef88de 3b293c07c492400cb59db1ce9e7553d8 ed4c7016fc284085ab37b972b1d4837c - - default default] 10.0.0.11 "POST /v2.0/floatingips HTTP/1.1" status: 201 len: 1054 time: 1.2138915
2026-05-09 14:04:55.768 9 INFO neutron.db.ovn_revision_numbers_db [None req-b9a9adb1-afdb-4cc3-b06c-90af2a59c29e c7ec424b451947db9b780fdd1d09a417 98eda0eff7e84b8bb686554dc5e0d23f - - default default] Successfully bumped revision number for resource 6bfa21e7-dfaa-46c2-8a81-a463056df5db (type: security_groups) to 1
2026-05-09 14:04:55.768 10 INFO neutron.db.ovn_revision_numbers_db [None req-0835c3d5-244b-42f1-962c-991b950af449 b590dbd9c64c4389b093d0be7426b2a5 cc24006cfb974c3d9e246039d008146f - - default default] Successfully bumped revision number for resource c180eded-0759-477c-b952-5f44b9b51f38 (type: security_group_rules) to 0
2026-05-09 14:04:55.780 9 INFO neutron.db.ovn_revision_numbers_db [None req-b9a9adb1-afdb-4cc3-b06c-90af2a59c29e c7ec424b451947db9b780fdd1d09a417 98eda0eff7e84b8bb686554dc5e0d23f - - default default] Successfully bumped revision number for resource 09513b02-4188-49f1-b8f1-9401dd552ff7 (type: security_group_rules) to 0
2026-05-09 14:04:55.782 10 INFO neutron.db.ovn_revision_numbers_db [None req-0835c3d5-244b-42f1-962c-991b950af449 b590dbd9c64c4389b093d0be7426b2a5 cc24006cfb974c3d9e246039d008146f - - default default] Successfully bumped revision number for resource d4337b48-4c85-44aa-824f-5c26868ee063 (type: security_group_rules) to 0
2026-05-09 14:04:55.793 9 INFO neutron.notifiers.nova [-] Nova event matching ['req-c1126378-fa9f-425c-98aa-bbff2898ead6'] response: {'name': 'network-changed', 'server_uuid': '873abc79-c388-4264-9d67-b52b01dad330', 'tag': '858de980-39cd-48fe-be04-681771a94dd3', 'status': 'completed', 'code': 200}
2026-05-09 14:04:55.797 9 INFO neutron.db.ovn_revision_numbers_db [None req-b9a9adb1-afdb-4cc3-b06c-90af2a59c29e c7ec424b451947db9b780fdd1d09a417 98eda0eff7e84b8bb686554dc5e0d23f - - default default] Successfully bumped revision number for resource 325318ff-f4a2-4e96-a275-c3f724f3d2ec (type: security_group_rules) to 0
2026-05-09 14:04:55.824 10 INFO neutron.wsgi [None req-0835c3d5-244b-42f1-962c-991b950af449 b590dbd9c64c4389b093d0be7426b2a5 cc24006cfb974c3d9e246039d008146f - - default default] 10.0.0.11 "GET /v2.0/security-groups?tenant_id=660c68d43ad548c19dca619fe8aadc2c&name=default HTTP/1.1" status: 200 len: 2996 time: 0.3776386
2026-05-09 14:04:55.833 9 INFO neutron.db.ovn_revision_numbers_db [None req-b9a9adb1-afdb-4cc3-b06c-90af2a59c29e c7ec424b451947db9b780fdd1d09a417 98eda0eff7e84b8bb686554dc5e0d23f - - default default] Successfully bumped revision number for resource 5a04b1d1-99fc-4df6-bd67-74a38af411d6 (type: security_group_rules) to 0
2026-05-09 14:04:55.866 9 INFO neutron.db.ovn_revision_numbers_db [None req-b9a9adb1-afdb-4cc3-b06c-90af2a59c29e c7ec424b451947db9b780fdd1d09a417 98eda0eff7e84b8bb686554dc5e0d23f - - default default] Successfully bumped revision number for resource bf66e76b-0042-4721-b409-edff525ad727 (type: security_group_rules) to 0
2026-05-09 14:04:55.880 9 INFO neutron.wsgi [req-2e427e68-cb93-4e8d-a557-1b6c905b9ceb req-09a0d07a-bc1f-4abb-8a75-df7005d16882 4b67dcd5aa72433a9c9c51e3f8259e4c 30a8bedc6d464f10999e32b385c716fd - - d811e5d5de204ad2864da0e08373b371 d811e5d5de204ad2864da0e08373b371] 199.204.45.157 "GET /v2.0/ports?tenant_id=ed4c7016fc284085ab37b972b1d4837c&device_id=873abc79-c388-4264-9d67-b52b01dad330 HTTP/1.1" status: 200 len: 1638 time: 0.0551336
2026-05-09 14:04:55.940 9 INFO neutron.wsgi [req-2f123f48-171f-4264-9b2e-25e243b756d0 req-ecb64ef1-f696-433e-aea9-348d96ca3a9d 3b293c07c492400cb59db1ce9e7553d8 ed4c7016fc284085ab37b972b1d4837c - - default default] 10.0.0.231 "GET /v2.0/security-groups?name=tempest-lb_member_SG-1260675409&fields=id&tenant_id=ed4c7016fc284085ab37b972b1d4837c HTTP/1.1" status: 200 len: 267 time: 0.0943606
2026-05-09 14:04:55.945 9 INFO neutron.db.segments_db [None req-b9a9adb1-afdb-4cc3-b06c-90af2a59c29e c7ec424b451947db9b780fdd1d09a417 98eda0eff7e84b8bb686554dc5e0d23f - - default default] Added segment 961675aa-c93b-4d5d-bf04-89a60fd6bc8c of type geneve for network 8dfae109-0b1b-4443-a7a1-7c9e347b08b6
2026-05-09 14:04:56.018 9 INFO neutron.wsgi [req-2e427e68-cb93-4e8d-a557-1b6c905b9ceb req-23bd55dd-a424-4a6f-ae00-a84582921922 4b67dcd5aa72433a9c9c51e3f8259e4c 30a8bedc6d464f10999e32b385c716fd - - d811e5d5de204ad2864da0e08373b371 d811e5d5de204ad2864da0e08373b371] 199.204.45.157 "GET /v2.0/networks?id=ba1d6a94-e271-463e-a0c8-8ae985fd2874 HTTP/1.1" status: 200 len: 1003 time: 0.1273203
2026-05-09 14:04:56.042 10 INFO neutron.wsgi [None req-00fc8843-b7a3-452a-80a2-f8fb5e5ca78b b590dbd9c64c4389b093d0be7426b2a5 cc24006cfb974c3d9e246039d008146f - - default default] 10.0.0.11 "DELETE /v2.0/security-groups/91e960df-0205-4f64-98b5-de29d52bf19d HTTP/1.1" status: 204 len: 168 time: 0.2134323
2026-05-09 14:04:56.093 9 INFO neutron.wsgi [req-2f123f48-171f-4264-9b2e-25e243b756d0 req-7a985e03-aecd-458c-8771-b96193849011 3b293c07c492400cb59db1ce9e7553d8 ed4c7016fc284085ab37b972b1d4837c - - default default] 10.0.0.231 "GET /v2.0/networks?id=c07c7ca8-d865-4e86-826c-54f74a4e60a5 HTTP/1.1" status: 200 len: 903 time: 0.1442270
2026-05-09 14:04:56.104 9 INFO neutron.wsgi [req-2e427e68-cb93-4e8d-a557-1b6c905b9ceb req-33c3cfab-46c4-4058-ada9-38fd1309be6c 4b67dcd5aa72433a9c9c51e3f8259e4c 30a8bedc6d464f10999e32b385c716fd - - d811e5d5de204ad2864da0e08373b371 d811e5d5de204ad2864da0e08373b371] 199.204.45.157 "GET /v2.0/floatingips?fixed_ip_address=10.2.1.174&port_id=858de980-39cd-48fe-be04-681771a94dd3 HTTP/1.1" status: 200 len: 1059 time: 0.0742378
2026-05-09 14:04:56.149 9 INFO neutron.wsgi [req-2f123f48-171f-4264-9b2e-25e243b756d0 req-7f5d9533-5a01-41bd-803c-2a02ece5cf11 3b293c07c492400cb59db1ce9e7553d8 ed4c7016fc284085ab37b972b1d4837c - - default default] 10.0.0.231 "GET /v2.0/quotas/ed4c7016fc284085ab37b972b1d4837c HTTP/1.1" status: 200 len: 386 time: 0.0434451
2026-05-09 14:04:56.153 9 INFO neutron.wsgi [req-2e427e68-cb93-4e8d-a557-1b6c905b9ceb req-8e952050-f861-4281-a87f-2214924506d7 4b67dcd5aa72433a9c9c51e3f8259e4c 30a8bedc6d464f10999e32b385c716fd - - d811e5d5de204ad2864da0e08373b371 d811e5d5de204ad2864da0e08373b371] 199.204.45.157 "GET /v2.0/floatingips?fixed_ip_address=fd7b%3Af9f7%3Afff%3A4eca%3A%3A30b&port_id=858de980-39cd-48fe-be04-681771a94dd3 HTTP/1.1" status: 200 len: 217 time: 0.0413983
2026-05-09 14:04:56.223 9 INFO neutron.db.ovn_revision_numbers_db [None req-b9a9adb1-afdb-4cc3-b06c-90af2a59c29e c7ec424b451947db9b780fdd1d09a417 98eda0eff7e84b8bb686554dc5e0d23f - - default default] Successfully bumped revision number for resource 8dfae109-0b1b-4443-a7a1-7c9e347b08b6 (type: networks) to 1
2026-05-09 14:04:56.240 9 INFO neutron.wsgi [req-2e427e68-cb93-4e8d-a557-1b6c905b9ceb req-bba91d5d-0d79-436e-b1e7-9cc26f3b2c8e 4b67dcd5aa72433a9c9c51e3f8259e4c 30a8bedc6d464f10999e32b385c716fd - - d811e5d5de204ad2864da0e08373b371 d811e5d5de204ad2864da0e08373b371] 199.204.45.157 "GET /v2.0/subnets?id=39d7b818-f3e9-4058-a3da-bf0d64dc15cd&id=fa283ec7-12de-4656-b10e-3df2ed52a602 HTTP/1.1" status: 200 len: 1561 time: 0.0726891
2026-05-09 14:04:56.285 9 INFO neutron.wsgi [req-2e427e68-cb93-4e8d-a557-1b6c905b9ceb req-175bcab8-4100-4614-9d98-0845acecb0ac 4b67dcd5aa72433a9c9c51e3f8259e4c 30a8bedc6d464f10999e32b385c716fd - - d811e5d5de204ad2864da0e08373b371 d811e5d5de204ad2864da0e08373b371] 199.204.45.157 "GET /v2.0/ports?network_id=ba1d6a94-e271-463e-a0c8-8ae985fd2874&device_owner=network%3Adhcp HTTP/1.1" status: 200 len: 210 time: 0.0290105
