2026-05-09 14:02:56.188 9 INFO neutron.wsgi [None req-9141ab2f-5679-40f9-b35e-9d08014b0037 b590dbd9c64c4389b093d0be7426b2a5 cc24006cfb974c3d9e246039d008146f - - default default] 10.0.0.11 "DELETE /v2.0/security-groups/aef3c53e-902e-4be9-b9aa-a8e4ead07fa2 HTTP/1.1" status: 204 len: 168 time: 0.3923626
2026-05-09 14:02:56.235 9 INFO neutron.db.ovn_revision_numbers_db [None req-b468244d-f243-43a6-9c9b-dd3e605db435 dcda220644b747d59e9bb4111e0dde53 fb25919cdd004113ba9d14fb07719396 - - default default] Successfully bumped revision number for resource 774cdc85-58ad-469f-9ef4-864b8b849867 (type: networks) to 1
2026-05-09 14:02:56.369 10 INFO neutron.db.ovn_revision_numbers_db [None req-dabc467e-01b2-4f7e-8e35-a6a60d322a2a f89a7816a76545799a3ecd21b0d52be3 972bd87a6965486084703e2bbfa9da3c - - default default] Successfully bumped revision number for resource dd367d7d-ebd7-43b6-9e0c-acc0c3ed0f17 (type: ports) to 2
2026-05-09 14:02:56.406 10 INFO neutron.db.ovn_revision_numbers_db [None req-dabc467e-01b2-4f7e-8e35-a6a60d322a2a f89a7816a76545799a3ecd21b0d52be3 972bd87a6965486084703e2bbfa9da3c - - default default] Successfully bumped revision number for resource 8985daf0-1789-4915-a423-0f687cd2c0d1 (type: subnets) to 0
2026-05-09 14:02:56.432 10 WARNING neutron.scheduler.dhcp_agent_scheduler [None req-dabc467e-01b2-4f7e-8e35-a6a60d322a2a f89a7816a76545799a3ecd21b0d52be3 972bd87a6965486084703e2bbfa9da3c - - default default] No more DHCP agents
2026-05-09 14:02:56.435 10 WARNING neutron.api.rpc.agentnotifiers.dhcp_rpc_agent_api [None req-dabc467e-01b2-4f7e-8e35-a6a60d322a2a f89a7816a76545799a3ecd21b0d52be3 972bd87a6965486084703e2bbfa9da3c - - default default] Unable to schedule network b27484e8-6226-4164-9fe9-26c630e5a2ab: no agents available; will retry on subsequent port and subnet creation events.
2026-05-09 14:02:56.495 9 WARNING neutron.scheduler.dhcp_agent_scheduler [None req-b468244d-f243-43a6-9c9b-dd3e605db435 dcda220644b747d59e9bb4111e0dde53 fb25919cdd004113ba9d14fb07719396 - - default default] No more DHCP agents
2026-05-09 14:02:56.500 9 WARNING neutron.api.rpc.agentnotifiers.dhcp_rpc_agent_api [None req-b468244d-f243-43a6-9c9b-dd3e605db435 dcda220644b747d59e9bb4111e0dde53 fb25919cdd004113ba9d14fb07719396 - - default default] Unable to schedule network 774cdc85-58ad-469f-9ef4-864b8b849867: no agents available; will retry on subsequent port and subnet creation events.
2026-05-09 14:02:56.584 9 INFO neutron.services.segments.plugin [-] Segment fa715431-e9f8-415e-bd90-5587a5faba56 resource provider aggregate not found
2026-05-09 14:02:56.589 9 INFO neutron.services.segments.plugin [-] Segment fa715431-e9f8-415e-bd90-5587a5faba56 resource provider aggregate not found
2026-05-09 14:02:56.605 9 INFO neutron.services.segments.plugin [-] Segment fa715431-e9f8-415e-bd90-5587a5faba56 resource provider not found; error: Placement Client Error (4xx): {"errors": [{"status": 404, "title": "Not Found", "detail": "The resource could not be found.\n\n No resource provider with uuid fa715431-e9f8-415e-bd90-5587a5faba56 found for delete ", "request_id": "req-598d0296-1c24-4536-8908-3339f33a8687"}]}
2026-05-09 14:02:56.619 9 INFO neutron.services.segments.plugin [-] Segment fa715431-e9f8-415e-bd90-5587a5faba56 resource provider not found; error: Placement Client Error (4xx): {"errors": [{"status": 404, "title": "Not Found", "detail": "The resource could not be found.\n\n No resource provider with uuid fa715431-e9f8-415e-bd90-5587a5faba56 found for delete ", "request_id": "req-4c759396-d850-455b-92fe-1ee286606ac5"}]}
2026-05-09 14:02:56.640 9 INFO neutron.wsgi [None req-b5ad42c2-7dff-48a7-85fc-28ebd3990ec9 44793f18ba274ff78cce4281dcc04633 d878ac81d65b4574ab5e3804c603a5da - - default default] 10.0.0.11 "DELETE /v2.0/networks/49472920-3734-4bb3-9e47-328d0f43532d HTTP/1.1" status: 204 len: 168 time: 0.5826294
2026-05-09 14:02:56.642 9 INFO neutron.db.ovn_revision_numbers_db [None req-b468244d-f243-43a6-9c9b-dd3e605db435 dcda220644b747d59e9bb4111e0dde53 fb25919cdd004113ba9d14fb07719396 - - default default] Successfully bumped revision number for resource d215b9a1-535d-4032-8791-995a85a7c47c (type: ports) to 1
2026-05-09 14:02:56.666 9 INFO neutron.wsgi [None req-b468244d-f243-43a6-9c9b-dd3e605db435 dcda220644b747d59e9bb4111e0dde53 fb25919cdd004113ba9d14fb07719396 - - default default] 10.0.0.11 "POST /v2.0/networks HTTP/1.1" status: 201 len: 843 time: 1.5103199
2026-05-09 14:02:56.675 9 WARNING neutron_lib.context [None req-dccac613-9f23-41d3-bbe7-403484e89251 dcda220644b747d59e9bb4111e0dde53 fb25919cdd004113ba9d14fb07719396 - - default default] Method 'is_advsvc' is deprecated since 2023.2 release (neutron-lib 3.8.0) and will be removed once support for the old RBAC API policies will be removed from Neutron. Please use method 'is_service_role' instead.
2026-05-09 14:02:56.926 9 WARNING neutron.scheduler.dhcp_agent_scheduler [None req-dccac613-9f23-41d3-bbe7-403484e89251 dcda220644b747d59e9bb4111e0dde53 fb25919cdd004113ba9d14fb07719396 - - default default] No more DHCP agents
2026-05-09 14:02:56.930 9 WARNING neutron.api.rpc.agentnotifiers.dhcp_rpc_agent_api [None req-dccac613-9f23-41d3-bbe7-403484e89251 dcda220644b747d59e9bb4111e0dde53 fb25919cdd004113ba9d14fb07719396 - - default default] Unable to schedule network 774cdc85-58ad-469f-9ef4-864b8b849867: no agents available; will retry on subsequent port and subnet creation events.
2026-05-09 14:02:56.959 10 INFO neutron.db.ovn_revision_numbers_db [None req-dabc467e-01b2-4f7e-8e35-a6a60d322a2a f89a7816a76545799a3ecd21b0d52be3 972bd87a6965486084703e2bbfa9da3c - - default default] Successfully bumped revision number for resource 0a4c55c3-47a3-4372-8cb2-c1236025c4ab (type: ports) to 2
2026-05-09 14:02:56.997 10 INFO neutron.db.ovn_revision_numbers_db [None req-dabc467e-01b2-4f7e-8e35-a6a60d322a2a f89a7816a76545799a3ecd21b0d52be3 972bd87a6965486084703e2bbfa9da3c - - default default] Successfully bumped revision number for resource ac91e857-1001-4ac8-b22e-20a3063c5b64 (type: subnets) to 0
2026-05-09 14:02:57.006 9 INFO neutron.db.ovn_revision_numbers_db [None req-dccac613-9f23-41d3-bbe7-403484e89251 dcda220644b747d59e9bb4111e0dde53 fb25919cdd004113ba9d14fb07719396 - - default default] Successfully bumped revision number for resource f2266f83-0f05-414e-9fa7-a428714557b1 (type: ports) to 1
2026-05-09 14:02:57.014 10 INFO neutron.wsgi [None req-dabc467e-01b2-4f7e-8e35-a6a60d322a2a f89a7816a76545799a3ecd21b0d52be3 972bd87a6965486084703e2bbfa9da3c - - default default] 10.0.0.11 "POST /v2.0/subnets HTTP/1.1" status: 201 len: 1425 time: 2.0115609
2026-05-09 14:02:57.028 9 INFO neutron.wsgi [None req-dccac613-9f23-41d3-bbe7-403484e89251 dcda220644b747d59e9bb4111e0dde53 fb25919cdd004113ba9d14fb07719396 - - default default] 10.0.0.11 "POST /v2.0/ports HTTP/1.1" status: 201 len: 974 time: 0.3573909 /var/lib/openstack/lib/python3.10/site-packages/pycadf/identifier.py:71: UserWarning: Invalid uuid: neutron. To ensure interoperability, identifiers should be a valid uuid. warnings.warn(('Invalid uuid: %s. To ensure interoperability, '
2026-05-09 14:02:57.036 9 WARNING neutron_lib.context [None req-9b43d255-1b51-4bcb-9547-4885abe0dde1 dcda220644b747d59e9bb4111e0dde53 fb25919cdd004113ba9d14fb07719396 - - default default] Method 'is_advsvc' is deprecated since 2023.2 release (neutron-lib 3.8.0) and will be removed once support for the old RBAC API policies will be removed from Neutron. Please use method 'is_service_role' instead.
2026-05-09 14:02:57.072 10 INFO neutron.wsgi [None req-24623093-87c9-4ba4-bedf-dae8f34fd098 f89a7816a76545799a3ecd21b0d52be3 972bd87a6965486084703e2bbfa9da3c - - default default] 10.0.0.11 "GET /v2.0/subnets HTTP/1.1" status: 200 len: 2033 time: 0.0527349
2026-05-09 14:02:57.123 9 INFO neutron.db.segments_db [None req-9b43d255-1b51-4bcb-9547-4885abe0dde1 dcda220644b747d59e9bb4111e0dde53 fb25919cdd004113ba9d14fb07719396 - - default default] Added segment 0ff3984e-1a9f-487c-b3d0-8cac74f975f0 of type geneve for network 2dc259f7-9a36-470a-b7e2-fa24b436b99a
2026-05-09 14:02:57.273 10 INFO neutron.wsgi [None req-939215f3-9e98-41b6-9c72-585eb45fa5cb f89a7816a76545799a3ecd21b0d52be3 972bd87a6965486084703e2bbfa9da3c - - default default] 10.0.0.11 "DELETE /v2.0/subnets/8985daf0-1789-4915-a423-0f687cd2c0d1 HTTP/1.1" status: 204 len: 168 time: 0.1969514
2026-05-09 14:02:57.276 9 INFO neutron.db.ovn_revision_numbers_db [None req-9b43d255-1b51-4bcb-9547-4885abe0dde1 dcda220644b747d59e9bb4111e0dde53 fb25919cdd004113ba9d14fb07719396 - - default default] Successfully bumped revision number for resource 2dc259f7-9a36-470a-b7e2-fa24b436b99a (type: networks) to 1
2026-05-09 14:02:57.294 9 INFO neutron.wsgi [None req-03760709-ce37-4ffc-a790-52f843820f1c b590dbd9c64c4389b093d0be7426b2a5 cc24006cfb974c3d9e246039d008146f - - default default] 10.0.0.11 "GET /v2.0/security-groups?tenant_id=d878ac81d65b4574ab5e3804c603a5da&name=default HTTP/1.1" status: 200 len: 2996 time: 0.2120361
2026-05-09 14:02:57.460 9 WARNING neutron.scheduler.dhcp_agent_scheduler [None req-9b43d255-1b51-4bcb-9547-4885abe0dde1 dcda220644b747d59e9bb4111e0dde53 fb25919cdd004113ba9d14fb07719396 - - default default] No more DHCP agents
2026-05-09 14:02:57.461 9 WARNING neutron.api.rpc.agentnotifiers.dhcp_rpc_agent_api [None req-9b43d255-1b51-4bcb-9547-4885abe0dde1 dcda220644b747d59e9bb4111e0dde53 fb25919cdd004113ba9d14fb07719396 - - default default] Unable to schedule network 2dc259f7-9a36-470a-b7e2-fa24b436b99a: no agents available; will retry on subsequent port and subnet creation events.
2026-05-09 14:02:57.513 10 INFO neutron.wsgi [None req-6380f3a9-249e-464c-b9dd-71115d6edba0 f89a7816a76545799a3ecd21b0d52be3 972bd87a6965486084703e2bbfa9da3c - - default default] 10.0.0.11 "DELETE /v2.0/subnets/ac91e857-1001-4ac8-b22e-20a3063c5b64 HTTP/1.1" status: 204 len: 168 time: 0.2329495
2026-05-09 14:02:57.555 10 INFO neutron.wsgi [None req-d3ab6b70-5d5e-402c-9887-e8a085058c44 b590dbd9c64c4389b093d0be7426b2a5 cc24006cfb974c3d9e246039d008146f - - default default] 10.0.0.11 "DELETE /v2.0/security-groups/28ed7ad2-5668-487e-b6c1-f0e96b225c58 HTTP/1.1" status: 204 len: 168 time: 0.2554147
2026-05-09 14:02:57.563 9 INFO neutron.wsgi [None req-0a73363d-827a-48e2-89d1-e16a391d0acf f89a7816a76545799a3ecd21b0d52be3 972bd87a6965486084703e2bbfa9da3c - - default default] 10.0.0.11 "GET /v2.0/subnets HTTP/1.1" status: 200 len: 820 time: 0.0460210
2026-05-09 14:02:57.577 9 INFO neutron.db.ovn_revision_numbers_db [None req-9b43d255-1b51-4bcb-9547-4885abe0dde1 dcda220644b747d59e9bb4111e0dde53 fb25919cdd004113ba9d14fb07719396 - - default default] Successfully bumped revision number for resource 9cfc6c59-a1e7-41ed-99d5-49b843167611 (type: ports) to 1
2026-05-09 14:02:57.617 9 INFO neutron.wsgi [None req-9b43d255-1b51-4bcb-9547-4885abe0dde1 dcda220644b747d59e9bb4111e0dde53 fb25919cdd004113ba9d14fb07719396 - - default default] 10.0.0.11 "POST /v2.0/networks HTTP/1.1" status: 201 len: 830 time: 0.5845256
2026-05-09 14:02:57.627 9 WARNING neutron_lib.context [None req-ea503691-379b-4a4a-ac2f-8d535c6d85fc dcda220644b747d59e9bb4111e0dde53 fb25919cdd004113ba9d14fb07719396 - - default default] Method 'is_advsvc' is deprecated since 2023.2 release (neutron-lib 3.8.0) and will be removed once support for the old RBAC API policies will be removed from Neutron. Please use method 'is_service_role' instead.
2026-05-09 14:02:57.921 9 WARNING neutron.scheduler.dhcp_agent_scheduler [None req-ea503691-379b-4a4a-ac2f-8d535c6d85fc dcda220644b747d59e9bb4111e0dde53 fb25919cdd004113ba9d14fb07719396 - - default default] No more DHCP agents
2026-05-09 14:02:57.927 9 WARNING neutron.api.rpc.agentnotifiers.dhcp_rpc_agent_api [None req-ea503691-379b-4a4a-ac2f-8d535c6d85fc dcda220644b747d59e9bb4111e0dde53 fb25919cdd004113ba9d14fb07719396 - - default default] Unable to schedule network 2dc259f7-9a36-470a-b7e2-fa24b436b99a: no agents available; will retry on subsequent port and subnet creation events.
2026-05-09 14:02:58.045 9 INFO neutron.wsgi [None req-a6bc5d9d-2aec-4a11-8734-86ceea97af83 f89a7816a76545799a3ecd21b0d52be3 972bd87a6965486084703e2bbfa9da3c - - default default] 10.0.0.11 "DELETE /v2.0/networks/b27484e8-6226-4164-9fe9-26c630e5a2ab HTTP/1.1" status: 204 len: 168 time: 0.4762936
2026-05-09 14:02:58.399 10 INFO neutron.services.segments.plugin [-] Segment ab9c0d68-e56d-480f-be99-bc0b68bac0f4 resource provider aggregate not found
2026-05-09 14:02:58.405 10 INFO neutron.services.segments.plugin [-] Segment ab9c0d68-e56d-480f-be99-bc0b68bac0f4 resource provider aggregate not found
2026-05-09 14:02:58.417 10 INFO neutron.services.segments.plugin [-] Segment ab9c0d68-e56d-480f-be99-bc0b68bac0f4 resource provider not found; error: Placement Client Error (4xx): {"errors": [{"status": 404, "title": "Not Found", "detail": "The resource could not be found.\n\n No resource provider with uuid ab9c0d68-e56d-480f-be99-bc0b68bac0f4 found for delete ", "request_id": "req-6c4a4733-9352-4151-8ce0-1019cf67f17b"}]}
2026-05-09 14:02:58.422 10 INFO neutron.services.segments.plugin [-] Segment ab9c0d68-e56d-480f-be99-bc0b68bac0f4 resource provider not found; error: Placement Client Error (4xx): {"errors": [{"status": 404, "title": "Not Found", "detail": "The resource could not be found.\n\n No resource provider with uuid ab9c0d68-e56d-480f-be99-bc0b68bac0f4 found for delete ", "request_id": "req-2043f4bc-572a-4553-a15f-58f0c754b4f5"}]}
2026-05-09 14:02:58.444 10 INFO neutron.wsgi [None req-1789f84d-2767-4d13-91a4-23011567bd54 f89a7816a76545799a3ecd21b0d52be3 972bd87a6965486084703e2bbfa9da3c - - default default] 10.0.0.11 "DELETE /v2.0/networks/b826f20d-e139-40b4-9902-053bb8871ea4 HTTP/1.1" status: 204 len: 168 time: 0.3934414
2026-05-09 14:02:58.468 9 INFO neutron.db.ovn_revision_numbers_db [None req-ea503691-379b-4a4a-ac2f-8d535c6d85fc dcda220644b747d59e9bb4111e0dde53 fb25919cdd004113ba9d14fb07719396 - - default default] Successfully bumped revision number for resource 9cfc6c59-a1e7-41ed-99d5-49b843167611 (type: ports) to 2
2026-05-09 14:02:58.503 9 INFO neutron.db.ovn_revision_numbers_db [None req-ea503691-379b-4a4a-ac2f-8d535c6d85fc dcda220644b747d59e9bb4111e0dde53 fb25919cdd004113ba9d14fb07719396 - - default default] Successfully bumped revision number for resource 06f97c53-c879-410f-bf6a-815b6aa765c6 (type: subnets) to 0
2026-05-09 14:02:58.518 9 INFO neutron.wsgi [None req-ea503691-379b-4a4a-ac2f-8d535c6d85fc dcda220644b747d59e9bb4111e0dde53 fb25919cdd004113ba9d14fb07719396 - - default default] 10.0.0.11 "POST /v2.0/subnets HTTP/1.1" status: 201 len: 801 time: 0.8963137
2026-05-09 14:02:58.528 9 WARNING neutron_lib.context [None req-33fb9d14-37af-4f8e-8a0d-cdfc8e76283f dcda220644b747d59e9bb4111e0dde53 fb25919cdd004113ba9d14fb07719396 - - default default] Method 'is_advsvc' is deprecated since 2023.2 release (neutron-lib 3.8.0) and will be removed once support for the old RBAC API policies will be removed from Neutron. Please use method 'is_service_role' instead.
2026-05-09 14:02:58.626 9 INFO neutron.services.segments.plugin [-] Segment 598a3d58-74d9-4fe6-8981-c9ff61d445e7 resource provider aggregate not found
2026-05-09 14:02:58.644 9 INFO neutron.services.segments.plugin [-] Segment 598a3d58-74d9-4fe6-8981-c9ff61d445e7 resource provider aggregate not found
2026-05-09 14:02:58.650 9 INFO neutron.services.segments.plugin [-] Segment 598a3d58-74d9-4fe6-8981-c9ff61d445e7 resource provider not found; error: Placement Client Error (4xx): {"errors": [{"status": 404, "title": "Not Found", "detail": "The resource could not be found.\n\n No resource provider with uuid 598a3d58-74d9-4fe6-8981-c9ff61d445e7 found for delete ", "request_id": "req-5a749b62-f1ef-4edb-b2cc-53432e82b520"}]}
2026-05-09 14:02:58.671 9 INFO neutron.services.segments.plugin [-] Segment 598a3d58-74d9-4fe6-8981-c9ff61d445e7 resource provider not found; error: Placement Client Error (4xx): {"errors": [{"status": 404, "title": "Not Found", "detail": "The resource could not be found.\n\n No resource provider with uuid 598a3d58-74d9-4fe6-8981-c9ff61d445e7 found for delete ", "request_id": "req-4f1f3c2b-55b7-4f60-9d39-908fdffd8e2d"}]}
2026-05-09 14:02:58.862 10 INFO neutron.wsgi [None req-c2cc0ed2-0c45-4c99-a5f1-e377fdc24d1d f89a7816a76545799a3ecd21b0d52be3 972bd87a6965486084703e2bbfa9da3c - - default default] 10.0.0.11 "DELETE /v2.0/networks/97f01709-01c7-456d-9ef0-bec463960efa HTTP/1.1" status: 204 len: 168 time: 0.4120255 /var/lib/openstack/lib/python3.10/site-packages/pycadf/identifier.py:71: UserWarning: Invalid uuid: neutron. To ensure interoperability, identifiers should be a valid uuid. warnings.warn(('Invalid uuid: %s. To ensure interoperability, '
2026-05-09 14:02:58.939 9 WARNING neutron.scheduler.dhcp_agent_scheduler [None req-33fb9d14-37af-4f8e-8a0d-cdfc8e76283f dcda220644b747d59e9bb4111e0dde53 fb25919cdd004113ba9d14fb07719396 - - default default] No more DHCP agents
2026-05-09 14:02:58.944 9 WARNING neutron.api.rpc.agentnotifiers.dhcp_rpc_agent_api [None req-33fb9d14-37af-4f8e-8a0d-cdfc8e76283f dcda220644b747d59e9bb4111e0dde53 fb25919cdd004113ba9d14fb07719396 - - default default] Unable to schedule network 2dc259f7-9a36-470a-b7e2-fa24b436b99a: no agents available; will retry on subsequent port and subnet creation events.
2026-05-09 14:02:59.179 9 INFO neutron.db.ovn_revision_numbers_db [None req-33fb9d14-37af-4f8e-8a0d-cdfc8e76283f dcda220644b747d59e9bb4111e0dde53 fb25919cdd004113ba9d14fb07719396 - - default default] Successfully bumped revision number for resource d0c1e123-ee03-4962-972f-e03ff9ac735a (type: ports) to 1
2026-05-09 14:02:59.213 9 INFO neutron.wsgi [None req-33fb9d14-37af-4f8e-8a0d-cdfc8e76283f dcda220644b747d59e9bb4111e0dde53 fb25919cdd004113ba9d14fb07719396 - - default default] 10.0.0.11 "POST /v2.0/ports HTTP/1.1" status: 201 len: 1148 time: 0.6890461
2026-05-09 14:02:59.356 9 INFO neutron.wsgi [None req-c2b48a26-0782-417c-8401-7ed9ed20ad61 f89a7816a76545799a3ecd21b0d52be3 972bd87a6965486084703e2bbfa9da3c - - default default] 10.0.0.11 "DELETE /v2.0/networks/01eb7d39-a398-422c-b26c-08ac942aff7e HTTP/1.1" status: 204 len: 168 time: 0.4893677
2026-05-09 14:02:59.389 10 WARNING neutron_lib.context [None req-4ff63f8b-de6a-404b-ba8e-3244c7478891 78ebec1a08614cc9a600725fd0557e32 a4a94f06e3e544849cf5604263794b13 - - default default] Method 'is_advsvc' is deprecated since 2023.2 release (neutron-lib 3.8.0) and will be removed once support for the old RBAC API policies will be removed from Neutron. Please use method 'is_service_role' instead. /var/lib/openstack/lib/python3.10/site-packages/pycadf/identifier.py:71: UserWarning: Invalid uuid: neutron. To ensure interoperability, identifiers should be a valid uuid. warnings.warn(('Invalid uuid: %s. To ensure interoperability, '
2026-05-09 14:02:59.487 9 WARNING neutron_lib.context [None req-422b763d-7062-45ba-bfbc-fe399ddac27a 16ad775fee05443b85d89e8843de9062 a299db66a5e747549aef31cc89a97e54 - - default default] Method 'is_advsvc' is deprecated since 2023.2 release (neutron-lib 3.8.0) and will be removed once support for the old RBAC API policies will be removed from Neutron. Please use method 'is_service_role' instead.
2026-05-09 14:02:59.595 10 INFO neutron.db.ovn_revision_numbers_db [None req-4ff63f8b-de6a-404b-ba8e-3244c7478891 78ebec1a08614cc9a600725fd0557e32 a4a94f06e3e544849cf5604263794b13 - - default default] Successfully bumped revision number for resource 26828991-e1c5-42d4-8a0d-5bfe2d8f5627 (type: security_groups) to 1
2026-05-09 14:02:59.609 9 INFO neutron.db.ovn_revision_numbers_db [None req-422b763d-7062-45ba-bfbc-fe399ddac27a 16ad775fee05443b85d89e8843de9062 a299db66a5e747549aef31cc89a97e54 - - default default] Successfully bumped revision number for resource 9a9b4a4f-b6a7-4dd9-ae13-e8930d01faf7 (type: security_groups) to 1
2026-05-09 14:02:59.621 10 INFO neutron.db.ovn_revision_numbers_db [None req-4ff63f8b-de6a-404b-ba8e-3244c7478891 78ebec1a08614cc9a600725fd0557e32 a4a94f06e3e544849cf5604263794b13 - - default default] Successfully bumped revision number for resource 05507637-0b3f-4104-8bac-98f1c2654ae6 (type: security_group_rules) to 0
2026-05-09 14:02:59.629 9 INFO neutron.db.ovn_revision_numbers_db [None req-422b763d-7062-45ba-bfbc-fe399ddac27a 16ad775fee05443b85d89e8843de9062 a299db66a5e747549aef31cc89a97e54 - - default default] Successfully bumped revision number for resource 494d7a76-d869-4a1f-9a41-9a83fcd20972 (type: security_group_rules) to 0
2026-05-09 14:02:59.638 10 INFO neutron.wsgi [None req-5ca98c57-e801-4860-a421-ff409d7d5b3c dcda220644b747d59e9bb4111e0dde53 fb25919cdd004113ba9d14fb07719396 - - default default] 10.0.0.11 "DELETE /v2.0/ports/d0c1e123-ee03-4962-972f-e03ff9ac735a HTTP/1.1" status: 204 len: 168 time: 0.4176335
2026-05-09 14:02:59.639 10 INFO neutron.db.ovn_revision_numbers_db [None req-4ff63f8b-de6a-404b-ba8e-3244c7478891 78ebec1a08614cc9a600725fd0557e32 a4a94f06e3e544849cf5604263794b13 - - default default] Successfully bumped revision number for resource 3d5c7e9d-8d73-439f-9c9d-fd3955c6eabe (type: security_group_rules) to 0
2026-05-09 14:02:59.649 9 INFO neutron.db.ovn_revision_numbers_db [None req-422b763d-7062-45ba-bfbc-fe399ddac27a 16ad775fee05443b85d89e8843de9062 a299db66a5e747549aef31cc89a97e54 - - default default] Successfully bumped revision number for resource 6234fa81-92fc-4e44-9766-4288fb1b7611 (type: security_group_rules) to 0
2026-05-09 14:02:59.664 9 INFO neutron.db.ovn_revision_numbers_db [None req-422b763d-7062-45ba-bfbc-fe399ddac27a 16ad775fee05443b85d89e8843de9062 a299db66a5e747549aef31cc89a97e54 - - default default] Successfully bumped revision number for resource 9bb008aa-fba8-4309-ad45-6417acc667c1 (type: security_group_rules) to 0
2026-05-09 14:02:59.667 10 INFO neutron.pecan_wsgi.hooks.translation [None req-5f980aaa-4146-4725-93a0-5ed9c4ae74ba dcda220644b747d59e9bb4111e0dde53 fb25919cdd004113ba9d14fb07719396 - - default default] DELETE failed (client error): The resource could not be found.
2026-05-09 14:02:59.670 10 INFO neutron.wsgi [None req-5f980aaa-4146-4725-93a0-5ed9c4ae74ba dcda220644b747d59e9bb4111e0dde53 fb25919cdd004113ba9d14fb07719396 - - default default] 10.0.0.11 "DELETE /v2.0/ports/d0c1e123-ee03-4962-972f-e03ff9ac735a HTTP/1.1" status: 404 len: 333 time: 0.0258179
2026-05-09 14:02:59.670 10 INFO neutron.db.ovn_revision_numbers_db [None req-4ff63f8b-de6a-404b-ba8e-3244c7478891 78ebec1a08614cc9a600725fd0557e32 a4a94f06e3e544849cf5604263794b13 - - default default] Successfully bumped revision number for resource dcab6def-f271-4a9f-a00a-cdc8ad676667 (type: security_group_rules) to 0
2026-05-09 14:02:59.682 9 INFO neutron.db.ovn_revision_numbers_db [None req-422b763d-7062-45ba-bfbc-fe399ddac27a 16ad775fee05443b85d89e8843de9062 a299db66a5e747549aef31cc89a97e54 - - default default] Successfully bumped revision number for resource fe7e5150-80dd-4fef-bf13-e0a5a2f90d6b (type: security_group_rules) to 0
2026-05-09 14:02:59.696 10 INFO neutron.pecan_wsgi.hooks.translation [None req-85fba178-c6f0-4b05-b14a-636fa4842a01 dcda220644b747d59e9bb4111e0dde53 fb25919cdd004113ba9d14fb07719396 - - default default] GET failed (client error): The resource could not be found.
2026-05-09 14:02:59.697 10 INFO neutron.wsgi [None req-85fba178-c6f0-4b05-b14a-636fa4842a01 dcda220644b747d59e9bb4111e0dde53 fb25919cdd004113ba9d14fb07719396 - - default default] 10.0.0.11 "GET /v2.0/ports/d0c1e123-ee03-4962-972f-e03ff9ac735a HTTP/1.1" status: 404 len: 333 time: 0.0215957
2026-05-09 14:02:59.698 10 INFO neutron.db.ovn_revision_numbers_db [None req-4ff63f8b-de6a-404b-ba8e-3244c7478891 78ebec1a08614cc9a600725fd0557e32 a4a94f06e3e544849cf5604263794b13 - - default default] Successfully bumped revision number for resource e817b705-15cf-44f5-b4d9-d0ca94cb017c (type: security_group_rules) to 0
2026-05-09 14:02:59.732 9 INFO neutron.db.segments_db [None req-422b763d-7062-45ba-bfbc-fe399ddac27a 16ad775fee05443b85d89e8843de9062 a299db66a5e747549aef31cc89a97e54 - - default default] Added segment 07f7b9e4-d534-4f34-b720-8754b8e88b8e of type geneve for network 2a32504c-d0cb-413a-95d3-046e114b1c38
2026-05-09 14:02:59.765 10 INFO neutron.db.segments_db [None req-4ff63f8b-de6a-404b-ba8e-3244c7478891 78ebec1a08614cc9a600725fd0557e32 a4a94f06e3e544849cf5604263794b13 - - default default] Added segment 180c0a23-190f-492c-ac00-a6ab154597f7 of type geneve for network b4ef658c-c97a-4091-b41a-73d680a762b4
2026-05-09 14:02:59.878 9 INFO neutron.db.ovn_revision_numbers_db [None req-422b763d-7062-45ba-bfbc-fe399ddac27a 16ad775fee05443b85d89e8843de9062 a299db66a5e747549aef31cc89a97e54 - - default default] Successfully bumped revision number for resource 2a32504c-d0cb-413a-95d3-046e114b1c38 (type: networks) to 1
2026-05-09 14:02:59.996 10 INFO neutron.db.ovn_revision_numbers_db [None req-4ff63f8b-de6a-404b-ba8e-3244c7478891 78ebec1a08614cc9a600725fd0557e32 a4a94f06e3e544849cf5604263794b13 - - default default] Successfully bumped revision number for resource b4ef658c-c97a-4091-b41a-73d680a762b4 (type: networks) to 1
2026-05-09 14:03:00.062 9 INFO neutron.wsgi [None req-1a04bcf5-b93f-4b34-98a2-66186ab5697b b590dbd9c64c4389b093d0be7426b2a5 cc24006cfb974c3d9e246039d008146f - - default default] 10.0.0.11 "GET /v2.0/security-groups?tenant_id=972bd87a6965486084703e2bbfa9da3c&name=default HTTP/1.1" status: 200 len: 2996 time: 0.1501839
2026-05-09 14:03:00.083 9 WARNING neutron.scheduler.dhcp_agent_scheduler [None req-422b763d-7062-45ba-bfbc-fe399ddac27a 16ad775fee05443b85d89e8843de9062 a299db66a5e747549aef31cc89a97e54 - - default default] No more DHCP agents
2026-05-09 14:03:00.088 9 WARNING neutron.api.rpc.agentnotifiers.dhcp_rpc_agent_api [None req-422b763d-7062-45ba-bfbc-fe399ddac27a 16ad775fee05443b85d89e8843de9062 a299db66a5e747549aef31cc89a97e54 - - default default] Unable to schedule network 2a32504c-d0cb-413a-95d3-046e114b1c38: no agents available; will retry on subsequent port and subnet creation events.
2026-05-09 14:03:00.089 10 INFO neutron.wsgi [None req-29631d55-4650-4235-9956-0abedcb52219 dcda220644b747d59e9bb4111e0dde53 fb25919cdd004113ba9d14fb07719396 - - default default] 10.0.0.11 "DELETE /v2.0/subnets/06f97c53-c879-410f-bf6a-815b6aa765c6 HTTP/1.1" status: 204 len: 168 time: 0.3849287
2026-05-09 14:03:00.178 9 INFO neutron.db.ovn_revision_numbers_db [None req-422b763d-7062-45ba-bfbc-fe399ddac27a 16ad775fee05443b85d89e8843de9062 a299db66a5e747549aef31cc89a97e54 - - default default] Successfully bumped revision number for resource 768f46ee-90cd-4e1d-b7ce-15f764a5a91d (type: ports) to 1
2026-05-09 14:03:00.197 9 INFO neutron.wsgi [None req-422b763d-7062-45ba-bfbc-fe399ddac27a 16ad775fee05443b85d89e8843de9062 a299db66a5e747549aef31cc89a97e54 - - default default] 10.0.0.11 "POST /v2.0/networks HTTP/1.1" status: 201 len: 847 time: 0.7559314
2026-05-09 14:03:00.290 9 INFO neutron.wsgi [None req-5614b4c7-c99d-417e-b53d-4d8178924cdd b590dbd9c64c4389b093d0be7426b2a5 cc24006cfb974c3d9e246039d008146f - - default default] 10.0.0.11 "DELETE /v2.0/security-groups/909241f9-a1f7-438b-a270-a24c07331cfd HTTP/1.1" status: 204 len: 168 time: 0.2200503
2026-05-09 14:03:00.301 10 WARNING neutron.scheduler.dhcp_agent_scheduler [None req-4ff63f8b-de6a-404b-ba8e-3244c7478891 78ebec1a08614cc9a600725fd0557e32 a4a94f06e3e544849cf5604263794b13 - - default default] No more DHCP agents
2026-05-09 14:03:00.304 10 WARNING neutron.api.rpc.agentnotifiers.dhcp_rpc_agent_api [None req-4ff63f8b-de6a-404b-ba8e-3244c7478891 78ebec1a08614cc9a600725fd0557e32 a4a94f06e3e544849cf5604263794b13 - - default default] Unable to schedule network b4ef658c-c97a-4091-b41a-73d680a762b4: no agents available; will retry on subsequent port and subnet creation events.
2026-05-09 14:03:00.443 10 INFO neutron.services.segments.plugin [-] Segment 8b97a71f-b092-48fa-b42a-58f2a40ce84e resource provider aggregate not found
2026-05-09 14:03:00.449 10 INFO neutron.services.segments.plugin [-] Segment 8b97a71f-b092-48fa-b42a-58f2a40ce84e resource provider aggregate not found
2026-05-09 14:03:00.462 10 INFO neutron.services.segments.plugin [-] Segment 8b97a71f-b092-48fa-b42a-58f2a40ce84e resource provider not found; error: Placement Client Error (4xx): {"errors": [{"status": 404, "title": "Not Found", "detail": "The resource could not be found.\n\n No resource provider with uuid 8b97a71f-b092-48fa-b42a-58f2a40ce84e found for delete ", "request_id": "req-835133c0-633d-499c-8517-6161ef4cec5c"}]}
2026-05-09 14:03:00.468 10 INFO neutron.db.ovn_revision_numbers_db [None req-4ff63f8b-de6a-404b-ba8e-3244c7478891 78ebec1a08614cc9a600725fd0557e32 a4a94f06e3e544849cf5604263794b13 - - default default] Successfully bumped revision number for resource d5c47df9-e7b5-4a7b-8453-601973993146 (type: ports) to 1
2026-05-09 14:03:00.471 10 INFO neutron.services.segments.plugin [-] Segment 8b97a71f-b092-48fa-b42a-58f2a40ce84e resource provider not found; error: Placement Client Error (4xx): {"errors": [{"status": 404, "title": "Not Found", "detail": "The resource could not be found.\n\n No resource provider with uuid 8b97a71f-b092-48fa-b42a-58f2a40ce84e found for delete ", "request_id": "req-5e2a384d-a22a-48db-8e07-23f6b68af5f6"}]}
2026-05-09 14:03:00.500 10 INFO neutron.wsgi [None req-4ff63f8b-de6a-404b-ba8e-3244c7478891 78ebec1a08614cc9a600725fd0557e32 a4a94f06e3e544849cf5604263794b13 - - default default] 10.0.0.11 "POST /v2.0/networks HTTP/1.1" status: 201 len: 832 time: 1.3569105
2026-05-09 14:03:00.515 9 WARNING neutron_lib.context [None req-fc95bb27-ad89-452e-b043-423b79e3a2e9 78ebec1a08614cc9a600725fd0557e32 a4a94f06e3e544849cf5604263794b13 - - default default] Method 'is_advsvc' is deprecated since 2023.2 release (neutron-lib 3.8.0) and will be removed once support for the old RBAC API policies will be removed from Neutron. Please use method 'is_service_role' instead.
2026-05-09 14:03:00.638 10 INFO neutron.wsgi [None req-5cc4e99e-7e8c-4ce9-a9b1-621bcc9f1907 dcda220644b747d59e9bb4111e0dde53 fb25919cdd004113ba9d14fb07719396 - - default default] 10.0.0.11 "DELETE /v2.0/networks/2dc259f7-9a36-470a-b7e2-fa24b436b99a HTTP/1.1" status: 204 len: 168 time: 0.5403931
2026-05-09 14:03:00.650 10 WARNING neutron_lib.context [None req-1a401774-9162-4ac2-923a-d3921d69cc1d dcda220644b747d59e9bb4111e0dde53 fb25919cdd004113ba9d14fb07719396 - - default default] Method 'is_advsvc' is deprecated since 2023.2 release (neutron-lib 3.8.0) and will be removed once support for the old RBAC API policies will be removed from Neutron. Please use method 'is_service_role' instead.
2026-05-09 14:03:00.688 10 WARNING neutron_lib.context [None req-ba9cb2d6-e66b-4b03-b30f-4733e06dc831 16ad775fee05443b85d89e8843de9062 a299db66a5e747549aef31cc89a97e54 - - default default] Method 'is_advsvc' is deprecated since 2023.2 release (neutron-lib 3.8.0) and will be removed once support for the old RBAC API policies will be removed from Neutron. Please use method 'is_service_role' instead.
2026-05-09 14:03:00.737 10 INFO neutron.db.segments_db [None req-1a401774-9162-4ac2-923a-d3921d69cc1d dcda220644b747d59e9bb4111e0dde53 fb25919cdd004113ba9d14fb07719396 - - default default] Added segment 35f998b4-ce13-49c3-8834-6c2f101a05d6 of type geneve for network 7d838e26-9bb4-4951-83c7-c62e503a894a
2026-05-09 14:03:00.893 9 INFO neutron.services.segments.plugin [-] Segment ead89bca-6506-4ef6-8b5e-91c7875a2cc4 resource provider aggregate not found
2026-05-09 14:03:00.908 9 INFO neutron.services.segments.plugin [-] Segment ead89bca-6506-4ef6-8b5e-91c7875a2cc4 resource provider aggregate not found
2026-05-09 14:03:00.936 9 INFO neutron.services.segments.plugin [-] Segment ead89bca-6506-4ef6-8b5e-91c7875a2cc4 resource provider not found; error: Placement Client Error (4xx): {"errors": [{"status": 404, "title": "Not Found", "detail": "The resource could not be found.\n\n No resource provider with uuid ead89bca-6506-4ef6-8b5e-91c7875a2cc4 found for delete ", "request_id": "req-c22b0397-5965-4b8b-8c05-0a15286eeef0"}]}
2026-05-09 14:03:00.937 9 INFO neutron.services.segments.plugin [-] Segment ead89bca-6506-4ef6-8b5e-91c7875a2cc4 resource provider not found; error: Placement Client Error (4xx): {"errors": [{"status": 404, "title": "Not Found", "detail": "The resource could not be found.\n\n No resource provider with uuid ead89bca-6506-4ef6-8b5e-91c7875a2cc4 found for delete ", "request_id": "req-06edbce7-eb58-4338-8444-d8bb63e98d01"}]}
2026-05-09 14:03:01.102 10 INFO neutron.db.ovn_revision_numbers_db [None req-1a401774-9162-4ac2-923a-d3921d69cc1d dcda220644b747d59e9bb4111e0dde53 fb25919cdd004113ba9d14fb07719396 - - default default] Successfully bumped revision number for resource 7d838e26-9bb4-4951-83c7-c62e503a894a (type: networks) to 1
2026-05-09 14:03:01.190 10 WARNING neutron.scheduler.dhcp_agent_scheduler [None req-ba9cb2d6-e66b-4b03-b30f-4733e06dc831 16ad775fee05443b85d89e8843de9062 a299db66a5e747549aef31cc89a97e54 - - default default] No more DHCP agents
2026-05-09 14:03:01.195 10 WARNING neutron.api.rpc.agentnotifiers.dhcp_rpc_agent_api [None req-ba9cb2d6-e66b-4b03-b30f-4733e06dc831 16ad775fee05443b85d89e8843de9062 a299db66a5e747549aef31cc89a97e54 - - default default] Unable to schedule network 2a32504c-d0cb-413a-95d3-046e114b1c38: no agents available; will retry on subsequent port and subnet creation events.
2026-05-09 14:03:01.222 9 WARNING neutron.scheduler.dhcp_agent_scheduler [None req-fc95bb27-ad89-452e-b043-423b79e3a2e9 78ebec1a08614cc9a600725fd0557e32 a4a94f06e3e544849cf5604263794b13 - - default default] No more DHCP agents
2026-05-09 14:03:01.223 9 WARNING neutron.api.rpc.agentnotifiers.dhcp_rpc_agent_api [None req-fc95bb27-ad89-452e-b043-423b79e3a2e9 78ebec1a08614cc9a600725fd0557e32 a4a94f06e3e544849cf5604263794b13 - - default default] Unable to schedule network 9b938021-88fb-4384-8cbc-c04ee322a3e1: no agents available; will retry on subsequent port and subnet creation events.
2026-05-09 14:03:01.238 10 INFO neutron.db.ovn_revision_numbers_db [None req-ba9cb2d6-e66b-4b03-b30f-4733e06dc831 16ad775fee05443b85d89e8843de9062 a299db66a5e747549aef31cc89a97e54 - - default default] Successfully bumped revision number for resource d23eb2b2-dd3d-4c48-919d-005ffebf32c8 (type: subnets) to 0
2026-05-09 14:03:01.260 10 INFO neutron.wsgi [None req-ba9cb2d6-e66b-4b03-b30f-4733e06dc831 16ad775fee05443b85d89e8843de9062 a299db66a5e747549aef31cc89a97e54 - - default default] 10.0.0.11 "POST /v2.0/subnets HTTP/1.1" status: 201 len: 848 time: 0.5761247
2026-05-09 14:03:01.272 10 WARNING neutron_lib.context [None req-6d6bf3e0-71bb-4763-a806-3193145938e4 16ad775fee05443b85d89e8843de9062 a299db66a5e747549aef31cc89a97e54 - - default default] Method 'is_advsvc' is deprecated since 2023.2 release (neutron-lib 3.8.0) and will be removed once support for the old RBAC API policies will be removed from Neutron. Please use method 'is_service_role' instead.
2026-05-09 14:03:01.305 10 WARNING neutron.scheduler.dhcp_agent_scheduler [None req-1a401774-9162-4ac2-923a-d3921d69cc1d dcda220644b747d59e9bb4111e0dde53 fb25919cdd004113ba9d14fb07719396 - - default default] No more DHCP agents
2026-05-09 14:03:01.310 10 WARNING neutron.api.rpc.agentnotifiers.dhcp_rpc_agent_api [None req-1a401774-9162-4ac2-923a-d3921d69cc1d dcda220644b747d59e9bb4111e0dde53 fb25919cdd004113ba9d14fb07719396 - - default default] Unable to schedule network 7d838e26-9bb4-4951-83c7-c62e503a894a: no agents available; will retry on subsequent port and subnet creation events.
2026-05-09 14:03:01.380 9 INFO neutron.db.ovn_revision_numbers_db [None req-fc95bb27-ad89-452e-b043-423b79e3a2e9 78ebec1a08614cc9a600725fd0557e32 a4a94f06e3e544849cf5604263794b13 - - default default] Successfully bumped revision number for resource b5401307-3743-4f27-8268-292f96745e1d (type: ports) to 1
2026-05-09 14:03:01.386 10 INFO neutron.db.segments_db [None req-6d6bf3e0-71bb-4763-a806-3193145938e4 16ad775fee05443b85d89e8843de9062 a299db66a5e747549aef31cc89a97e54 - - default default] Added segment a8cb3d7e-9f25-414d-b4af-07e3d2dd3c7f of type geneve for network 8b4b1fd2-fb3d-4f62-b836-6f254332a02c
2026-05-09 14:03:01.407 10 INFO neutron.db.ovn_revision_numbers_db [None req-1a401774-9162-4ac2-923a-d3921d69cc1d dcda220644b747d59e9bb4111e0dde53 fb25919cdd004113ba9d14fb07719396 - - default default] Successfully bumped revision number for resource 00c82e99-697e-4921-bb2c-a5b958f13294 (type: ports) to 1
2026-05-09 14:03:01.440 10 INFO neutron.wsgi [None req-1a401774-9162-4ac2-923a-d3921d69cc1d dcda220644b747d59e9bb4111e0dde53 fb25919cdd004113ba9d14fb07719396 - - default default] 10.0.0.11 "POST /v2.0/networks HTTP/1.1" status: 201 len: 829 time: 0.7943852
2026-05-09 14:03:01.451 9 WARNING neutron_lib.context [None req-3c69c56b-dac4-4989-bfb4-b7740d2544ca dcda220644b747d59e9bb4111e0dde53 fb25919cdd004113ba9d14fb07719396 - - default default] Method 'is_advsvc' is deprecated since 2023.2 release (neutron-lib 3.8.0) and will be removed once support for the old RBAC API policies will be removed from Neutron. Please use method 'is_service_role' instead.
2026-05-09 14:03:01.530 10 INFO neutron.db.ovn_revision_numbers_db [None req-6d6bf3e0-71bb-4763-a806-3193145938e4 16ad775fee05443b85d89e8843de9062 a299db66a5e747549aef31cc89a97e54 - - default default] Successfully bumped revision number for resource 8b4b1fd2-fb3d-4f62-b836-6f254332a02c (type: networks) to 1
2026-05-09 14:03:01.708 10 WARNING neutron.scheduler.dhcp_agent_scheduler [None req-6d6bf3e0-71bb-4763-a806-3193145938e4 16ad775fee05443b85d89e8843de9062 a299db66a5e747549aef31cc89a97e54 - - default default] No more DHCP agents
2026-05-09 14:03:01.709 10 WARNING neutron.api.rpc.agentnotifiers.dhcp_rpc_agent_api [None req-6d6bf3e0-71bb-4763-a806-3193145938e4 16ad775fee05443b85d89e8843de9062 a299db66a5e747549aef31cc89a97e54 - - default default] Unable to schedule network 8b4b1fd2-fb3d-4f62-b836-6f254332a02c: no agents available; will retry on subsequent port and subnet creation events.
2026-05-09 14:03:01.798 9 WARNING neutron.scheduler.dhcp_agent_scheduler [None req-3c69c56b-dac4-4989-bfb4-b7740d2544ca dcda220644b747d59e9bb4111e0dde53 fb25919cdd004113ba9d14fb07719396 - - default default] No more DHCP agents
2026-05-09 14:03:01.800 10 INFO neutron.db.ovn_revision_numbers_db [None req-6d6bf3e0-71bb-4763-a806-3193145938e4 16ad775fee05443b85d89e8843de9062 a299db66a5e747549aef31cc89a97e54 - - default default] Successfully bumped revision number for resource 0013f811-b2c5-452d-93d2-7148a48812f2 (type: ports) to 1
2026-05-09 14:03:01.804 9 WARNING neutron.api.rpc.agentnotifiers.dhcp_rpc_agent_api [None req-3c69c56b-dac4-4989-bfb4-b7740d2544ca dcda220644b747d59e9bb4111e0dde53 fb25919cdd004113ba9d14fb07719396 - - default default] Unable to schedule network 7d838e26-9bb4-4951-83c7-c62e503a894a: no agents available; will retry on subsequent port and subnet creation events.
2026-05-09 14:03:01.819 10 INFO neutron.wsgi [None req-6d6bf3e0-71bb-4763-a806-3193145938e4 16ad775fee05443b85d89e8843de9062 a299db66a5e747549aef31cc89a97e54 - - default default] 10.0.0.11 "POST /v2.0/networks HTTP/1.1" status: 201 len: 847 time: 0.5512905
2026-05-09 14:03:02.033 10 INFO neutron.db.ovn_revision_numbers_db [None req-c97b5a2f-ef33-45b3-a998-6f809db81135 16ad775fee05443b85d89e8843de9062 a299db66a5e747549aef31cc89a97e54 - - default default] Successfully bumped revision number for resource 8b4b1fd2-fb3d-4f62-b836-6f254332a02c (type: networks) to 2
2026-05-09 14:03:02.038 10 INFO neutron.wsgi [None req-c97b5a2f-ef33-45b3-a998-6f809db81135 16ad775fee05443b85d89e8843de9062 a299db66a5e747549aef31cc89a97e54 - - default default] 10.0.0.11 "PUT /v2.0/networks/8b4b1fd2-fb3d-4f62-b836-6f254332a02c HTTP/1.1" status: 200 len: 792 time: 0.2141635
2026-05-09 14:03:02.050 10 WARNING neutron_lib.context [None req-83de0079-8594-4a55-90a6-63192200e414 16ad775fee05443b85d89e8843de9062 a299db66a5e747549aef31cc89a97e54 - - default default] Method 'is_advsvc' is deprecated since 2023.2 release (neutron-lib 3.8.0) and will be removed once support for the old RBAC API policies will be removed from Neutron. Please use method 'is_service_role' instead.
2026-05-09 14:03:02.138 10 INFO neutron.plugins.ml2.drivers.ovn.mech_driver.mech_driver [None req-10273ac3-c27f-4488-ae81-b8b2ed9c7008 - - - - - -] OVN reports status up for port: b5401307-3743-4f27-8268-292f96745e1d
2026-05-09 14:03:02.157 10 INFO neutron.plugins.ml2.drivers.ovn.mech_driver.ovsdb.ovsdb_monitor [None req-2cd8dde2-2672-48c2-bbbd-81b7d14572b8 - - - - - -] Router 537e6307-e7c1-463b-ad01-cd954e1b3b92 is bound to host instance
2026-05-09 14:03:02.169 10 INFO neutron.plugins.ml2.plugin [None req-10273ac3-c27f-4488-ae81-b8b2ed9c7008 - - - - - -] Attempt 1 to provision port b5401307-3743-4f27-8268-292f96745e1d
2026-05-09 14:03:02.187 9 INFO neutron.db.ovn_revision_numbers_db [None req-fc95bb27-ad89-452e-b043-423b79e3a2e9 78ebec1a08614cc9a600725fd0557e32 a4a94f06e3e544849cf5604263794b13 - - default default] Successfully bumped revision number for resource b5401307-3743-4f27-8268-292f96745e1d (type: router_ports) to 1
2026-05-09 14:03:02.254 10 WARNING neutron_lib.context [None req-55fa81b7-a7e9-4843-a023-36c0b404e9cf 3c59e1930c51411784149cb32a72de0e ca62223c9c284d8798eb9fd6c980a21d - - default default] Method 'is_advsvc' is deprecated since 2023.2 release (neutron-lib 3.8.0) and will be removed once support for the old RBAC API policies will be removed from Neutron. Please use method 'is_service_role' instead.
2026-05-09 14:03:02.289 9 INFO neutron.db.ovn_revision_numbers_db [None req-fc95bb27-ad89-452e-b043-423b79e3a2e9 78ebec1a08614cc9a600725fd0557e32 a4a94f06e3e544849cf5604263794b13 - - default default] Successfully bumped revision number for resource 537e6307-e7c1-463b-ad01-cd954e1b3b92 (type: routers) to 2
2026-05-09 14:03:02.305 9 INFO neutron.wsgi [None req-fc95bb27-ad89-452e-b043-423b79e3a2e9 78ebec1a08614cc9a600725fd0557e32 a4a94f06e3e544849cf5604263794b13 - - default default] 10.0.0.11 "POST /v2.0/routers HTTP/1.1" status: 201 len: 875 time: 1.7984660
2026-05-09 14:03:02.484 9 INFO neutron.wsgi [None req-5d538a84-f956-48fc-8edb-4c54db419d2b e951140929144ef39f16e91db947fe38 e4a67a7c9e2243b38379e4d6a1c66eb4 - - default default] 10.0.0.11 "GET /v2.0/subnets?project_id=a4a94f06e3e544849cf5604263794b13&cidr=10.100.0.0%2F28 HTTP/1.1" status: 200 len: 207 time: 0.1717451
2026-05-09 14:03:02.485 9 INFO neutron.db.ovn_revision_numbers_db [None req-3c69c56b-dac4-4989-bfb4-b7740d2544ca dcda220644b747d59e9bb4111e0dde53 fb25919cdd004113ba9d14fb07719396 - - default default] Successfully bumped revision number for resource 00c82e99-697e-4921-bb2c-a5b958f13294 (type: ports) to 2
2026-05-09 14:03:02.504 10 INFO neutron.services.segments.plugin [-] Segment 0ff3984e-1a9f-487c-b3d0-8cac74f975f0 resource provider aggregate not found
2026-05-09 14:03:02.517 10 INFO neutron.services.segments.plugin [-] Segment 0ff3984e-1a9f-487c-b3d0-8cac74f975f0 resource provider aggregate not found
2026-05-09 14:03:02.529 10 INFO neutron.services.segments.plugin [-] Segment 0ff3984e-1a9f-487c-b3d0-8cac74f975f0 resource provider not found; error: Placement Client Error (4xx): {"errors": [{"status": 404, "title": "Not Found", "detail": "The resource could not be found.\n\n No resource provider with uuid 0ff3984e-1a9f-487c-b3d0-8cac74f975f0 found for delete ", "request_id": "req-7c650e8b-1484-4f5b-926d-b653a8a16500"}]}
2026-05-09 14:03:02.531 10 INFO neutron.services.segments.plugin [-] Segment 0ff3984e-1a9f-487c-b3d0-8cac74f975f0 resource provider not found; error: Placement Client Error (4xx): {"errors": [{"status": 404, "title": "Not Found", "detail": "The resource could not be found.\n\n No resource provider with uuid 0ff3984e-1a9f-487c-b3d0-8cac74f975f0 found for delete ", "request_id": "req-1492cbf8-971a-40ce-a775-a8d2ba03fa6d"}]}
2026-05-09 14:03:02.546 10 WARNING neutron.scheduler.dhcp_agent_scheduler [None req-83de0079-8594-4a55-90a6-63192200e414 16ad775fee05443b85d89e8843de9062 a299db66a5e747549aef31cc89a97e54 - - default default] No more DHCP agents
2026-05-09 14:03:02.554 10 WARNING neutron.api.rpc.agentnotifiers.dhcp_rpc_agent_api [None req-83de0079-8594-4a55-90a6-63192200e414 16ad775fee05443b85d89e8843de9062 a299db66a5e747549aef31cc89a97e54 - - default default] Unable to schedule network 8b4b1fd2-fb3d-4f62-b836-6f254332a02c: no agents available; will retry on subsequent port and subnet creation events.
2026-05-09 14:03:02.570 9 INFO neutron.db.ovn_revision_numbers_db [None req-3c69c56b-dac4-4989-bfb4-b7740d2544ca dcda220644b747d59e9bb4111e0dde53 fb25919cdd004113ba9d14fb07719396 - - default default] Successfully bumped revision number for resource 5fd0c1c6-74e7-4fe8-99c3-c2cec9a0cb63 (type: subnets) to 0
2026-05-09 14:03:02.592 9 INFO neutron.wsgi [None req-3c69c56b-dac4-4989-bfb4-b7740d2544ca dcda220644b747d59e9bb4111e0dde53 fb25919cdd004113ba9d14fb07719396 - - default default] 10.0.0.11 "POST /v2.0/subnets HTTP/1.1" status: 201 len: 801 time: 1.1455138
2026-05-09 14:03:02.599 9 INFO neutron.wsgi [None req-529fb2d9-6ff9-4c1f-bd52-f2214b28775f e951140929144ef39f16e91db947fe38 e4a67a7c9e2243b38379e4d6a1c66eb4 - - default default] 10.0.0.11 "GET /v2.0/networks?router%3Aexternal=True HTTP/1.1" status: 200 len: 947 time: 0.1074181
2026-05-09 14:03:02.613 9 WARNING neutron_lib.context [None req-63b36a0f-2a5c-4ec7-84fb-7017ef302732 dcda220644b747d59e9bb4111e0dde53 fb25919cdd004113ba9d14fb07719396 - - default default] Method 'is_advsvc' is deprecated since 2023.2 release (neutron-lib 3.8.0) and will be removed once support for the old RBAC API policies will be removed from Neutron. Please use method 'is_service_role' instead.
2026-05-09 14:03:02.620 10 INFO neutron.db.ovn_revision_numbers_db [None req-83de0079-8594-4a55-90a6-63192200e414 16ad775fee05443b85d89e8843de9062 a299db66a5e747549aef31cc89a97e54 - - default default] Successfully bumped revision number for resource e3e33b7a-f929-4366-99f7-74c26e496222 (type: subnets) to 0
2026-05-09 14:03:02.625 10 INFO neutron.db.ovn_revision_numbers_db [None req-55fa81b7-a7e9-4843-a023-36c0b404e9cf 3c59e1930c51411784149cb32a72de0e ca62223c9c284d8798eb9fd6c980a21d - - default default] Successfully bumped revision number for resource 633afe6d-0ec5-4152-8e02-99127f245b55 (type: security_groups) to 1
2026-05-09 14:03:02.631 9 INFO neutron.wsgi [None req-b95d1ae9-665b-47f7-bcdc-089abdb1bf86 e951140929144ef39f16e91db947fe38 e4a67a7c9e2243b38379e4d6a1c66eb4 - - default default] 10.0.0.11 "GET /v2.0/subnets?network_id=9b938021-88fb-4384-8cbc-c04ee322a3e1&cidr=10.100.0.0%2F28 HTTP/1.1" status: 200 len: 207 time: 0.0273507
2026-05-09 14:03:02.660 10 INFO neutron.wsgi [None req-83de0079-8594-4a55-90a6-63192200e414 16ad775fee05443b85d89e8843de9062 a299db66a5e747549aef31cc89a97e54 - - default default] 10.0.0.11 "POST /v2.0/subnets HTTP/1.1" status: 201 len: 821 time: 0.6162655
2026-05-09 14:03:02.662 9 WARNING neutron_lib.context [None req-e7268503-2b1d-475f-9274-097c9d15839b 78ebec1a08614cc9a600725fd0557e32 a4a94f06e3e544849cf5604263794b13 - - default default] Method 'is_advsvc' is deprecated since 2023.2 release (neutron-lib 3.8.0) and will be removed once support for the old RBAC API policies will be removed from Neutron. Please use method 'is_service_role' instead.
2026-05-09 14:03:02.665 10 INFO neutron.db.ovn_revision_numbers_db [None req-55fa81b7-a7e9-4843-a023-36c0b404e9cf 3c59e1930c51411784149cb32a72de0e ca62223c9c284d8798eb9fd6c980a21d - - default default] Successfully bumped revision number for resource 2004d4a8-ff54-4a1c-bce9-b6f41bc90dff (type: security_group_rules) to 0
2026-05-09 14:03:02.720 10 INFO neutron.db.ovn_revision_numbers_db [None req-55fa81b7-a7e9-4843-a023-36c0b404e9cf 3c59e1930c51411784149cb32a72de0e ca62223c9c284d8798eb9fd6c980a21d - - default default] Successfully bumped revision number for resource 779eb3f6-e10f-45f7-b422-fb3ff0bb8c79 (type: security_group_rules) to 0
2026-05-09 14:03:02.773 10 INFO neutron.db.ovn_revision_numbers_db [None req-55fa81b7-a7e9-4843-a023-36c0b404e9cf 3c59e1930c51411784149cb32a72de0e ca62223c9c284d8798eb9fd6c980a21d - - default default] Successfully bumped revision number for resource 92d39981-b474-40a5-ac60-3c7257ac8131 (type: security_group_rules) to 0
2026-05-09 14:03:02.815 10 INFO neutron.db.ovn_revision_numbers_db [None req-55fa81b7-a7e9-4843-a023-36c0b404e9cf 3c59e1930c51411784149cb32a72de0e ca62223c9c284d8798eb9fd6c980a21d - - default default] Successfully bumped revision number for resource e5345b43-c960-45f2-82ff-9b7acdc0d0a2 (type: security_group_rules) to 0
2026-05-09 14:03:02.883 10 INFO neutron.db.segments_db [None req-55fa81b7-a7e9-4843-a023-36c0b404e9cf 3c59e1930c51411784149cb32a72de0e ca62223c9c284d8798eb9fd6c980a21d - - default default] Added segment 86254558-77f0-483f-a783-22a33b047e2c of type geneve for network ae8b9c06-465b-4247-b44d-857975d552ab
2026-05-09 14:03:02.943 9 WARNING neutron.scheduler.dhcp_agent_scheduler [None req-e7268503-2b1d-475f-9274-097c9d15839b 78ebec1a08614cc9a600725fd0557e32 a4a94f06e3e544849cf5604263794b13 - - default default] No more DHCP agents
2026-05-09 14:03:02.945 9 WARNING neutron.api.rpc.agentnotifiers.dhcp_rpc_agent_api [None req-e7268503-2b1d-475f-9274-097c9d15839b 78ebec1a08614cc9a600725fd0557e32 a4a94f06e3e544849cf5604263794b13 - - default default] Unable to schedule network b4ef658c-c97a-4091-b41a-73d680a762b4: no agents available; will retry on subsequent port and subnet creation events.
2026-05-09 14:03:03.026 9 WARNING neutron.scheduler.dhcp_agent_scheduler [None req-63b36a0f-2a5c-4ec7-84fb-7017ef302732 dcda220644b747d59e9bb4111e0dde53 fb25919cdd004113ba9d14fb07719396 - - default default] No more DHCP agents
2026-05-09 14:03:03.030 9 WARNING neutron.api.rpc.agentnotifiers.dhcp_rpc_agent_api [None req-63b36a0f-2a5c-4ec7-84fb-7017ef302732 dcda220644b747d59e9bb4111e0dde53 fb25919cdd004113ba9d14fb07719396 - - default default] Unable to schedule network 7d838e26-9bb4-4951-83c7-c62e503a894a: no agents available; will retry on subsequent port and subnet creation events.
