2026-05-09 14:01:36.556 9 INFO neutron.db.ovn_revision_numbers_db [None req-a67bba2b-c1b2-4edf-ba38-e97ecfd194d3 - - - - - -] Successfully bumped revision number for resource ca1a6395-7c27-4e08-a6e4-1f1f7c72abcf (type: router_ports) to 3
2026-05-09 14:01:36.584 10 INFO neutron.wsgi [req-8e9068a1-2f56-4437-965a-f75195714d96 req-e172d84d-7c0b-4b70-992a-adc1bb7fa47f 4b67dcd5aa72433a9c9c51e3f8259e4c 30a8bedc6d464f10999e32b385c716fd - - d811e5d5de204ad2864da0e08373b371 d811e5d5de204ad2864da0e08373b371] 199.204.45.157 "GET /v2.0/networks/80b9759f-eb7b-4cf7-b60e-4c3f751e0d57?fields=segments HTTP/1.1" status: 200 len: 212 time: 0.0605044
2026-05-09 14:01:36.665 10 INFO neutron.wsgi [req-8e9068a1-2f56-4437-965a-f75195714d96 req-f13b31bd-ee35-4552-aad1-1a9b86a528c6 4b67dcd5aa72433a9c9c51e3f8259e4c 30a8bedc6d464f10999e32b385c716fd - - d811e5d5de204ad2864da0e08373b371 d811e5d5de204ad2864da0e08373b371] 199.204.45.157 "GET /v2.0/networks/80b9759f-eb7b-4cf7-b60e-4c3f751e0d57?fields=provider%3Aphysical_network&fields=provider%3Anetwork_type HTTP/1.1" status: 200 len: 277 time: 0.0743649
2026-05-09 14:01:36.768 9 WARNING neutron.scheduler.dhcp_agent_scheduler [None req-1d02d3b4-0e83-4b46-8bc7-82191a055af5 b590dbd9c64c4389b093d0be7426b2a5 cc24006cfb974c3d9e246039d008146f - - default default] No more DHCP agents
2026-05-09 14:01:36.773 9 INFO neutron.wsgi [req-b1d908aa-f79b-4f25-87ea-6f464de8da0f req-d2386160-f152-4a5c-af07-6d20cb69f9a7 4b67dcd5aa72433a9c9c51e3f8259e4c 30a8bedc6d464f10999e32b385c716fd - - d811e5d5de204ad2864da0e08373b371 d811e5d5de204ad2864da0e08373b371] 199.204.45.157 "GET /v2.0/networks/56cf85b4-fad8-4d88-a58e-b56aee00d4f8?fields=segments HTTP/1.1" status: 200 len: 212 time: 0.2843742
2026-05-09 14:01:36.773 9 WARNING neutron.api.rpc.agentnotifiers.dhcp_rpc_agent_api [None req-1d02d3b4-0e83-4b46-8bc7-82191a055af5 b590dbd9c64c4389b093d0be7426b2a5 cc24006cfb974c3d9e246039d008146f - - default default] Unable to schedule network 238ad586-b3d1-4cf0-8a44-6a812d4ca8b8: no agents available; will retry on subsequent port and subnet creation events.
2026-05-09 14:01:36.774 9 INFO neutron.db.ovn_revision_numbers_db [None req-48f06abe-621c-41e3-a759-69451aac39ec 57cdf762eb524392916df26f17f25891 7862dc27eccd4cd9bc11e63ae8708b9a - - default default] Successfully bumped revision number for resource 924262fe-fb3f-45df-b417-c241c795b41f (type: floatingips) to 1
2026-05-09 14:01:36.934 9 INFO neutron.wsgi [req-b1d908aa-f79b-4f25-87ea-6f464de8da0f req-158bd9ae-6ed2-4c41-9107-78a1e481f564 4b67dcd5aa72433a9c9c51e3f8259e4c 30a8bedc6d464f10999e32b385c716fd - - d811e5d5de204ad2864da0e08373b371 d811e5d5de204ad2864da0e08373b371] 199.204.45.157 "GET /v2.0/networks/56cf85b4-fad8-4d88-a58e-b56aee00d4f8?fields=provider%3Aphysical_network&fields=provider%3Anetwork_type HTTP/1.1" status: 200 len: 277 time: 0.1521335
2026-05-09 14:01:37.043 9 INFO neutron.db.ovn_revision_numbers_db [None req-48f06abe-621c-41e3-a759-69451aac39ec 57cdf762eb524392916df26f17f25891 7862dc27eccd4cd9bc11e63ae8708b9a - - default default] Successfully bumped revision number for resource 924262fe-fb3f-45df-b417-c241c795b41f (type: floatingips) to 2
2026-05-09 14:01:37.085 9 INFO neutron.wsgi [None req-48f06abe-621c-41e3-a759-69451aac39ec 57cdf762eb524392916df26f17f25891 7862dc27eccd4cd9bc11e63ae8708b9a - - default default] 10.0.0.11 "PUT /v2.0/floatingips/924262fe-fb3f-45df-b417-c241c795b41f HTTP/1.1" status: 200 len: 1049 time: 1.6665618
2026-05-09 14:01:37.110 9 INFO neutron.db.ovn_revision_numbers_db [None req-a67bba2b-c1b2-4edf-ba38-e97ecfd194d3 - - - - - -] Successfully bumped revision number for resource ca1a6395-7c27-4e08-a6e4-1f1f7c72abcf (type: ports) to 2
2026-05-09 14:01:37.137 9 INFO neutron.db.ovn_revision_numbers_db [None req-1d02d3b4-0e83-4b46-8bc7-82191a055af5 b590dbd9c64c4389b093d0be7426b2a5 cc24006cfb974c3d9e246039d008146f - - default default] Successfully bumped revision number for resource 7baa2069-e36d-46d2-bc89-2a3ff6eaa399 (type: ports) to 1
2026-05-09 14:01:37.183 10 INFO neutron.wsgi [req-3f976676-d056-4483-a3be-5cba09e11056 req-b5c61d28-a60d-4dd7-bbcd-af33ba148ba8 57cdf762eb524392916df26f17f25891 7862dc27eccd4cd9bc11e63ae8708b9a - - default default] 10.0.0.231 "GET /v2.0/ports?device_id=c40d2655-110d-4e7a-93dc-b4d5b078d080 HTTP/1.1" status: 200 len: 1170 time: 0.0429161
2026-05-09 14:01:37.227 10 INFO neutron.wsgi [req-3f976676-d056-4483-a3be-5cba09e11056 req-de307f29-dbdd-4e0a-bb29-c92730aac064 57cdf762eb524392916df26f17f25891 7862dc27eccd4cd9bc11e63ae8708b9a - - default default] 10.0.0.231 "GET /v2.0/security-groups?id=a2262b44-5ed0-4ba5-ab1b-7bdff935e8ea&fields=id&fields=name HTTP/1.1" status: 200 len: 313 time: 0.0381777
2026-05-09 14:01:37.503 9 INFO neutron.db.ovn_revision_numbers_db [None req-a67bba2b-c1b2-4edf-ba38-e97ecfd194d3 - - - - - -] Successfully bumped revision number for resource ca1a6395-7c27-4e08-a6e4-1f1f7c72abcf (type: ports) to 4 /var/lib/openstack/lib/python3.10/site-packages/pycadf/identifier.py:71: UserWarning: Invalid uuid: neutron. To ensure interoperability, identifiers should be a valid uuid. warnings.warn(('Invalid uuid: %s. To ensure interoperability, '
2026-05-09 14:01:37.691 10 INFO neutron.plugins.ml2.drivers.ovn.mech_driver.mech_driver [None req-10273ac3-c27f-4488-ae81-b8b2ed9c7008 - - - - - -] OVN reports status down for port: afd5aaa9-3ec7-4763-8857-b0c6562730d3
2026-05-09 14:01:37.782 9 INFO neutron.db.ovn_revision_numbers_db [None req-1d02d3b4-0e83-4b46-8bc7-82191a055af5 b590dbd9c64c4389b093d0be7426b2a5 cc24006cfb974c3d9e246039d008146f - - default default] Successfully bumped revision number for resource 7baa2069-e36d-46d2-bc89-2a3ff6eaa399 (type: router_ports) to 1
2026-05-09 14:01:37.830 9 INFO neutron.wsgi [req-143dc599-01c0-4afc-afd7-d19872318111 req-1c2f3c00-d9f9-4ee1-9843-5cb89f3549f3 57cdf762eb524392916df26f17f25891 7862dc27eccd4cd9bc11e63ae8708b9a - - default default] 10.0.0.231 "GET /v2.0/ports?device_id=c40d2655-110d-4e7a-93dc-b4d5b078d080 HTTP/1.1" status: 200 len: 1170 time: 0.1808927
2026-05-09 14:01:37.855 9 INFO neutron.db.ovn_revision_numbers_db [None req-a67bba2b-c1b2-4edf-ba38-e97ecfd194d3 - - - - - -] Successfully bumped revision number for resource ca1a6395-7c27-4e08-a6e4-1f1f7c72abcf (type: router_ports) to 4
2026-05-09 14:01:37.879 9 INFO neutron.notifiers.nova [-] Nova event matching ['req-c7b5c5f8-0e09-4788-ad54-69cdbb6ed49a'] response: {'name': 'network-changed', 'server_uuid': 'c40d2655-110d-4e7a-93dc-b4d5b078d080', 'tag': 'afd5aaa9-3ec7-4763-8857-b0c6562730d3', 'status': 'completed', 'code': 200}
2026-05-09 14:01:37.906 9 INFO neutron.wsgi [req-143dc599-01c0-4afc-afd7-d19872318111 req-eee7e948-fd44-4c02-b98b-12373668f269 57cdf762eb524392916df26f17f25891 7862dc27eccd4cd9bc11e63ae8708b9a - - default default] 10.0.0.231 "GET /v2.0/security-groups?id=a2262b44-5ed0-4ba5-ab1b-7bdff935e8ea&fields=id&fields=name HTTP/1.1" status: 200 len: 313 time: 0.0694482
2026-05-09 14:01:37.957 9 INFO neutron.wsgi [req-a78fb6ba-fbe4-4526-802c-0d17dfc0fa29 req-6f57594f-6c81-4703-9082-4742a6fecfab 4b67dcd5aa72433a9c9c51e3f8259e4c 30a8bedc6d464f10999e32b385c716fd - - d811e5d5de204ad2864da0e08373b371 d811e5d5de204ad2864da0e08373b371] 199.204.45.157 "GET /v2.0/ports?tenant_id=7862dc27eccd4cd9bc11e63ae8708b9a&device_id=c40d2655-110d-4e7a-93dc-b4d5b078d080 HTTP/1.1" status: 200 len: 1407 time: 0.0483384
2026-05-09 14:01:38.037 9 INFO neutron.db.ovn_revision_numbers_db [None req-1d02d3b4-0e83-4b46-8bc7-82191a055af5 b590dbd9c64c4389b093d0be7426b2a5 cc24006cfb974c3d9e246039d008146f - - default default] Successfully bumped revision number for resource 7baa2069-e36d-46d2-bc89-2a3ff6eaa399 (type: ports) to 1
2026-05-09 14:01:38.042 10 INFO neutron.wsgi [req-c7449e3c-aa38-4e5d-9b33-33ef0e8de76c req-4d145791-dc5d-4abd-9c99-9660d94513a5 57cdf762eb524392916df26f17f25891 7862dc27eccd4cd9bc11e63ae8708b9a - - default default] 199.204.45.157 "GET /v2.0/ports?device_id=c40d2655-110d-4e7a-93dc-b4d5b078d080 HTTP/1.1" status: 200 len: 1168 time: 0.0672805
2026-05-09 14:01:38.046 9 INFO neutron.wsgi [req-a78fb6ba-fbe4-4526-802c-0d17dfc0fa29 req-f779d8a3-a900-40a5-b62b-e2951fab666f 4b67dcd5aa72433a9c9c51e3f8259e4c 30a8bedc6d464f10999e32b385c716fd - - d811e5d5de204ad2864da0e08373b371 d811e5d5de204ad2864da0e08373b371] 199.204.45.157 "GET /v2.0/networks?id=e9ab254c-8d04-4498-b9b9-3a9fffca2f58 HTTP/1.1" status: 200 len: 977 time: 0.0760777
2026-05-09 14:01:38.110 9 INFO neutron.wsgi [req-a78fb6ba-fbe4-4526-802c-0d17dfc0fa29 req-3296da5c-e0d9-42b3-9ba3-70c096c57df3 4b67dcd5aa72433a9c9c51e3f8259e4c 30a8bedc6d464f10999e32b385c716fd - - d811e5d5de204ad2864da0e08373b371 d811e5d5de204ad2864da0e08373b371] 199.204.45.157 "GET /v2.0/floatingips?fixed_ip_address=10.100.0.3&port_id=afd5aaa9-3ec7-4763-8857-b0c6562730d3 HTTP/1.1" status: 200 len: 1057 time: 0.0604048
2026-05-09 14:01:38.144 9 WARNING neutron.scheduler.dhcp_agent_scheduler [None req-1d02d3b4-0e83-4b46-8bc7-82191a055af5 b590dbd9c64c4389b093d0be7426b2a5 cc24006cfb974c3d9e246039d008146f - - default default] No more DHCP agents
2026-05-09 14:01:38.146 9 WARNING neutron.api.rpc.agentnotifiers.dhcp_rpc_agent_api [None req-1d02d3b4-0e83-4b46-8bc7-82191a055af5 b590dbd9c64c4389b093d0be7426b2a5 cc24006cfb974c3d9e246039d008146f - - default default] Unable to schedule network 238ad586-b3d1-4cf0-8a44-6a812d4ca8b8: no agents available; will retry on subsequent port and subnet creation events.
2026-05-09 14:01:38.150 9 INFO neutron.wsgi [req-a78fb6ba-fbe4-4526-802c-0d17dfc0fa29 req-6c275aca-e0ba-4cd8-a739-4d789e110447 4b67dcd5aa72433a9c9c51e3f8259e4c 30a8bedc6d464f10999e32b385c716fd - - d811e5d5de204ad2864da0e08373b371 d811e5d5de204ad2864da0e08373b371] 199.204.45.157 "GET /v2.0/subnets?id=76aeeb5c-852d-4d57-91cf-fd3a3992f1d9 HTTP/1.1" status: 200 len: 872 time: 0.0345514
2026-05-09 14:01:38.152 10 INFO neutron.db.ovn_revision_numbers_db [None req-10273ac3-c27f-4488-ae81-b8b2ed9c7008 - - - - - -] Successfully bumped revision number for resource afd5aaa9-3ec7-4763-8857-b0c6562730d3 (type: ports) to 5
2026-05-09 14:01:38.190 9 INFO neutron.wsgi [req-a78fb6ba-fbe4-4526-802c-0d17dfc0fa29 req-004c0712-e487-4c9c-a8ad-78c6ae382c53 4b67dcd5aa72433a9c9c51e3f8259e4c 30a8bedc6d464f10999e32b385c716fd - - d811e5d5de204ad2864da0e08373b371 d811e5d5de204ad2864da0e08373b371] 199.204.45.157 "GET /v2.0/ports?network_id=e9ab254c-8d04-4498-b9b9-3a9fffca2f58&device_owner=network%3Adhcp HTTP/1.1" status: 200 len: 210 time: 0.0259588
2026-05-09 14:01:38.207 10 INFO neutron.notifiers.nova [-] Nova event matching ['req-80353c04-f6cb-42ae-bc47-ce3852355989'] response: {'server_uuid': 'c40d2655-110d-4e7a-93dc-b4d5b078d080', 'name': 'network-vif-unplugged', 'status': 'completed', 'tag': 'afd5aaa9-3ec7-4763-8857-b0c6562730d3', 'code': 200}
2026-05-09 14:01:38.211 10 INFO neutron.plugins.ml2.drivers.ovn.mech_driver.mech_driver [None req-10273ac3-c27f-4488-ae81-b8b2ed9c7008 - - - - - -] OVN reports status up for port: 7baa2069-e36d-46d2-bc89-2a3ff6eaa399
2026-05-09 14:01:38.226 10 INFO neutron.plugins.ml2.plugin [None req-10273ac3-c27f-4488-ae81-b8b2ed9c7008 - - - - - -] Attempt 1 to provision port 7baa2069-e36d-46d2-bc89-2a3ff6eaa399
2026-05-09 14:01:38.284 9 INFO neutron.wsgi [req-a78fb6ba-fbe4-4526-802c-0d17dfc0fa29 req-c484168b-01cc-4f25-9296-98b91a8c677e 4b67dcd5aa72433a9c9c51e3f8259e4c 30a8bedc6d464f10999e32b385c716fd - - d811e5d5de204ad2864da0e08373b371 d811e5d5de204ad2864da0e08373b371] 199.204.45.157 "GET /v2.0/networks/e9ab254c-8d04-4498-b9b9-3a9fffca2f58?fields=segments HTTP/1.1" status: 200 len: 212 time: 0.0807905
2026-05-09 14:01:38.368 9 INFO neutron.wsgi [req-a78fb6ba-fbe4-4526-802c-0d17dfc0fa29 req-7dbc2883-1400-4a35-91d4-ce9c272965ff 4b67dcd5aa72433a9c9c51e3f8259e4c 30a8bedc6d464f10999e32b385c716fd - - d811e5d5de204ad2864da0e08373b371 d811e5d5de204ad2864da0e08373b371] 199.204.45.157 "GET /v2.0/networks/e9ab254c-8d04-4498-b9b9-3a9fffca2f58?fields=provider%3Aphysical_network&fields=provider%3Anetwork_type HTTP/1.1" status: 200 len: 277 time: 0.0764854
2026-05-09 14:01:38.492 10 INFO neutron.db.l3_db [req-c7449e3c-aa38-4e5d-9b33-33ef0e8de76c req-8661d511-e90c-4c99-9df7-a076ea757970 57cdf762eb524392916df26f17f25891 7862dc27eccd4cd9bc11e63ae8708b9a - - default default] Floating IP 924262fe-fb3f-45df-b417-c241c795b41f disassociated. External IP: 10.96.250.211, port: afd5aaa9-3ec7-4763-8857-b0c6562730d3.
2026-05-09 14:01:38.918 10 INFO neutron.db.ovn_revision_numbers_db [None req-10273ac3-c27f-4488-ae81-b8b2ed9c7008 - - - - - -] Successfully bumped revision number for resource 7baa2069-e36d-46d2-bc89-2a3ff6eaa399 (type: ports) to 2 /var/lib/openstack/lib/python3.10/site-packages/pycadf/identifier.py:71: UserWarning: Invalid uuid: neutron. To ensure interoperability, identifiers should be a valid uuid. warnings.warn(('Invalid uuid: %s. To ensure interoperability, '
2026-05-09 14:01:38.982 10 INFO neutron.wsgi [req-c7449e3c-aa38-4e5d-9b33-33ef0e8de76c req-8661d511-e90c-4c99-9df7-a076ea757970 57cdf762eb524392916df26f17f25891 7862dc27eccd4cd9bc11e63ae8708b9a - - default default] 199.204.45.157 "DELETE /v2.0/ports/afd5aaa9-3ec7-4763-8857-b0c6562730d3 HTTP/1.1" status: 204 len: 173 time: 0.9360144
2026-05-09 14:01:39.002 9 INFO neutron.wsgi [req-993f43de-6734-46c5-a057-361847c2d9db req-e432ff17-06ab-4f4c-a18e-b1c87851b099 57cdf762eb524392916df26f17f25891 7862dc27eccd4cd9bc11e63ae8708b9a - - default default] 10.0.0.231 "GET /v2.0/ports?device_id=c40d2655-110d-4e7a-93dc-b4d5b078d080 HTTP/1.1" status: 200 len: 210 time: 0.0312078
2026-05-09 14:01:39.010 10 INFO neutron.db.ovn_revision_numbers_db [None req-10273ac3-c27f-4488-ae81-b8b2ed9c7008 - - - - - -] Successfully bumped revision number for resource 7baa2069-e36d-46d2-bc89-2a3ff6eaa399 (type: router_ports) to 2
2026-05-09 14:01:39.297 9 INFO neutron.wsgi [None req-1d02d3b4-0e83-4b46-8bc7-82191a055af5 b590dbd9c64c4389b093d0be7426b2a5 cc24006cfb974c3d9e246039d008146f - - default default] 10.0.0.11 "PUT /v2.0/routers/10fd8aa0-f48d-408e-a881-4a47bc4d0569/add_router_interface HTTP/1.1" status: 200 len: 503 time: 3.9807711 /var/lib/openstack/lib/python3.10/site-packages/pycadf/identifier.py:71: UserWarning: Invalid uuid: neutron. To ensure interoperability, identifiers should be a valid uuid. warnings.warn(('Invalid uuid: %s. To ensure interoperability, '
2026-05-09 14:01:39.785 10 WARNING neutron_lib.context [req-8cde48a9-6f41-4c93-b02b-bcf3e474ad99 req-06576a38-1275-4d2a-9705-9d38118c0eb5 545a29cbd5e149549e7cc2715030e019 bf6884c3cf6f423c82ee29023daa8bf9 - - default default] Method 'is_advsvc' is deprecated since 2023.2 release (neutron-lib 3.8.0) and will be removed once support for the old RBAC API policies will be removed from Neutron. Please use method 'is_service_role' instead.
2026-05-09 14:01:39.900 10 INFO neutron.db.ovn_revision_numbers_db [req-8cde48a9-6f41-4c93-b02b-bcf3e474ad99 req-06576a38-1275-4d2a-9705-9d38118c0eb5 545a29cbd5e149549e7cc2715030e019 bf6884c3cf6f423c82ee29023daa8bf9 - - default default] Successfully bumped revision number for resource d074f3fb-420a-488b-94dc-1c13ebe30fa9 (type: security_groups) to 1
2026-05-09 14:01:39.918 10 INFO neutron.db.ovn_revision_numbers_db [req-8cde48a9-6f41-4c93-b02b-bcf3e474ad99 req-06576a38-1275-4d2a-9705-9d38118c0eb5 545a29cbd5e149549e7cc2715030e019 bf6884c3cf6f423c82ee29023daa8bf9 - - default default] Successfully bumped revision number for resource 49995a28-482d-4f4b-9773-f6cf2ccaafaa (type: security_group_rules) to 0
2026-05-09 14:01:39.932 10 INFO neutron.db.ovn_revision_numbers_db [req-8cde48a9-6f41-4c93-b02b-bcf3e474ad99 req-06576a38-1275-4d2a-9705-9d38118c0eb5 545a29cbd5e149549e7cc2715030e019 bf6884c3cf6f423c82ee29023daa8bf9 - - default default] Successfully bumped revision number for resource d31c8668-210b-4e33-9447-78ddfb1c92e2 (type: security_group_rules) to 0
2026-05-09 14:01:39.950 10 INFO neutron.wsgi [req-8cde48a9-6f41-4c93-b02b-bcf3e474ad99 req-06576a38-1275-4d2a-9705-9d38118c0eb5 545a29cbd5e149549e7cc2715030e019 bf6884c3cf6f423c82ee29023daa8bf9 - - default default] 10.0.0.231 "POST /v2.0/security-groups HTTP/1.1" status: 201 len: 1821 time: 0.1691175
2026-05-09 14:01:39.981 9 WARNING neutron_lib.context [req-889ada47-675b-4c56-a198-44bb52baa8d7 req-71a5fb8c-c858-4b2f-9dd1-0126a705bc19 545a29cbd5e149549e7cc2715030e019 bf6884c3cf6f423c82ee29023daa8bf9 - - default default] Method 'is_advsvc' is deprecated since 2023.2 release (neutron-lib 3.8.0) and will be removed once support for the old RBAC API policies will be removed from Neutron. Please use method 'is_service_role' instead.
2026-05-09 14:01:40.091 9 INFO neutron.db.ovn_revision_numbers_db [req-889ada47-675b-4c56-a198-44bb52baa8d7 req-71a5fb8c-c858-4b2f-9dd1-0126a705bc19 545a29cbd5e149549e7cc2715030e019 bf6884c3cf6f423c82ee29023daa8bf9 - - default default] Successfully bumped revision number for resource a1fdbd59-17d1-412c-b186-9000003bd340 (type: security_groups) to 1
2026-05-09 14:01:40.110 9 INFO neutron.db.ovn_revision_numbers_db [req-889ada47-675b-4c56-a198-44bb52baa8d7 req-71a5fb8c-c858-4b2f-9dd1-0126a705bc19 545a29cbd5e149549e7cc2715030e019 bf6884c3cf6f423c82ee29023daa8bf9 - - default default] Successfully bumped revision number for resource 14e2ea37-8ade-4aa5-bc2c-d12469afe938 (type: security_group_rules) to 0
2026-05-09 14:01:40.130 9 INFO neutron.db.ovn_revision_numbers_db [req-889ada47-675b-4c56-a198-44bb52baa8d7 req-71a5fb8c-c858-4b2f-9dd1-0126a705bc19 545a29cbd5e149549e7cc2715030e019 bf6884c3cf6f423c82ee29023daa8bf9 - - default default] Successfully bumped revision number for resource ee841849-decc-48ad-b4a6-ff2f03eabcdb (type: security_group_rules) to 0
2026-05-09 14:01:40.165 9 INFO neutron.wsgi [req-889ada47-675b-4c56-a198-44bb52baa8d7 req-71a5fb8c-c858-4b2f-9dd1-0126a705bc19 545a29cbd5e149549e7cc2715030e019 bf6884c3cf6f423c82ee29023daa8bf9 - - default default] 10.0.0.231 "POST /v2.0/security-groups HTTP/1.1" status: 201 len: 1822 time: 0.1913455
2026-05-09 14:01:40.197 10 WARNING neutron_lib.context [req-0d83e90d-2e8c-445a-8967-48e8ed44617c req-a1fea752-4fcc-4b88-8d84-6ed3c8278331 545a29cbd5e149549e7cc2715030e019 bf6884c3cf6f423c82ee29023daa8bf9 - - default default] Method 'is_advsvc' is deprecated since 2023.2 release (neutron-lib 3.8.0) and will be removed once support for the old RBAC API policies will be removed from Neutron. Please use method 'is_service_role' instead.
2026-05-09 14:01:40.230 9 INFO neutron.wsgi [None req-7541b835-1eb5-4d29-8d6c-bbb25430e002 57cdf762eb524392916df26f17f25891 7862dc27eccd4cd9bc11e63ae8708b9a - - default default] 10.0.0.11 "DELETE /v2.0/security-groups/a2262b44-5ed0-4ba5-ab1b-7bdff935e8ea HTTP/1.1" status: 204 len: 168 time: 0.1460195
2026-05-09 14:01:40.242 10 INFO neutron.notifiers.nova [-] Nova event matching ['req-cc46c1e8-38ac-4290-bf5e-22662e5bc906'] response: {'server_uuid': 'c40d2655-110d-4e7a-93dc-b4d5b078d080', 'name': 'network-vif-plugged', 'status': 'completed', 'tag': 'afd5aaa9-3ec7-4763-8857-b0c6562730d3', 'code': 200}
2026-05-09 14:01:40.242 10 INFO neutron.notifiers.nova [-] Nova event matching ['req-cc46c1e8-38ac-4290-bf5e-22662e5bc906'] response: {'server_uuid': 'c40d2655-110d-4e7a-93dc-b4d5b078d080', 'name': 'network-vif-deleted', 'tag': 'afd5aaa9-3ec7-4763-8857-b0c6562730d3', 'status': 'completed', 'code': 200}
2026-05-09 14:01:40.248 9 INFO neutron.api.v2.resource [None req-d2b8aadb-bed2-446d-b175-42a7f0ebae2c 57cdf762eb524392916df26f17f25891 7862dc27eccd4cd9bc11e63ae8708b9a - - default default] show failed (client error): The resource could not be found.
2026-05-09 14:01:40.251 9 INFO neutron.wsgi [None req-d2b8aadb-bed2-446d-b175-42a7f0ebae2c 57cdf762eb524392916df26f17f25891 7862dc27eccd4cd9bc11e63ae8708b9a - - default default] 10.0.0.11 "GET /v2.0/security-groups/a2262b44-5ed0-4ba5-ab1b-7bdff935e8ea HTTP/1.1" status: 404 len: 347 time: 0.0152671
2026-05-09 14:01:40.296 10 INFO neutron.db.ovn_revision_numbers_db [req-0d83e90d-2e8c-445a-8967-48e8ed44617c req-a1fea752-4fcc-4b88-8d84-6ed3c8278331 545a29cbd5e149549e7cc2715030e019 bf6884c3cf6f423c82ee29023daa8bf9 - - default default] Successfully bumped revision number for resource 73acea6d-f6dc-40d7-87b9-90cd4b9789d4 (type: security_groups) to 1
2026-05-09 14:01:40.316 10 INFO neutron.db.ovn_revision_numbers_db [req-0d83e90d-2e8c-445a-8967-48e8ed44617c req-a1fea752-4fcc-4b88-8d84-6ed3c8278331 545a29cbd5e149549e7cc2715030e019 bf6884c3cf6f423c82ee29023daa8bf9 - - default default] Successfully bumped revision number for resource 24de44cb-b0e6-4348-8121-79eedaf937a8 (type: security_group_rules) to 0
2026-05-09 14:01:40.332 10 INFO neutron.db.ovn_revision_numbers_db [req-0d83e90d-2e8c-445a-8967-48e8ed44617c req-a1fea752-4fcc-4b88-8d84-6ed3c8278331 545a29cbd5e149549e7cc2715030e019 bf6884c3cf6f423c82ee29023daa8bf9 - - default default] Successfully bumped revision number for resource 4e79982b-3eac-4721-bab9-fcdf14b135cd (type: security_group_rules) to 0
2026-05-09 14:01:40.349 10 INFO neutron.wsgi [req-0d83e90d-2e8c-445a-8967-48e8ed44617c req-a1fea752-4fcc-4b88-8d84-6ed3c8278331 545a29cbd5e149549e7cc2715030e019 bf6884c3cf6f423c82ee29023daa8bf9 - - default default] 10.0.0.231 "POST /v2.0/security-groups HTTP/1.1" status: 201 len: 1822 time: 0.1575642
2026-05-09 14:01:40.438 9 INFO neutron.wsgi [req-6d05e144-1e35-4319-9b9e-b0e72c8d3768 req-271ad1b4-294d-4ac7-b2af-0748b079456b 545a29cbd5e149549e7cc2715030e019 bf6884c3cf6f423c82ee29023daa8bf9 - - default default] 10.0.0.231 "GET /v2.0/security-groups?tenant_id=bf6884c3cf6f423c82ee29023daa8bf9 HTTP/1.1" status: 200 len: 7797 time: 0.0599341
2026-05-09 14:01:40.479 9 INFO neutron.wsgi [req-6d05e144-1e35-4319-9b9e-b0e72c8d3768 req-de91477d-50b3-44b6-8133-b39ece5d4de8 545a29cbd5e149549e7cc2715030e019 bf6884c3cf6f423c82ee29023daa8bf9 - - default default] 10.0.0.231 "GET /v2.0/security-groups/3fd0b28f-d5de-40cd-b745-b1063fd91c68 HTTP/1.1" status: 200 len: 2998 time: 0.0305495
2026-05-09 14:01:40.524 9 INFO neutron.wsgi [req-6d05e144-1e35-4319-9b9e-b0e72c8d3768 req-630f511a-346c-4b53-9ea0-4263093e620d 545a29cbd5e149549e7cc2715030e019 bf6884c3cf6f423c82ee29023daa8bf9 - - default default] 10.0.0.231 "GET /v2.0/security-groups/3fd0b28f-d5de-40cd-b745-b1063fd91c68 HTTP/1.1" status: 200 len: 2998 time: 0.0363505
2026-05-09 14:01:40.586 10 INFO neutron.wsgi [req-c8f4c613-bd83-4485-9914-c00a73e8c2a5 req-71dad8de-d852-413a-b87c-6f005dd3ee02 545a29cbd5e149549e7cc2715030e019 bf6884c3cf6f423c82ee29023daa8bf9 - - default default] 10.0.0.231 "GET /v2.0/security-groups/d074f3fb-420a-488b-94dc-1c13ebe30fa9 HTTP/1.1" status: 200 len: 1816 time: 0.0366840
2026-05-09 14:01:40.604 9 INFO neutron.wsgi [None req-a271d9ea-c9d5-4707-a9e5-52ae1b7fa096 57cdf762eb524392916df26f17f25891 7862dc27eccd4cd9bc11e63ae8708b9a - - default default] 10.0.0.11 "DELETE /v2.0/floatingips/924262fe-fb3f-45df-b417-c241c795b41f HTTP/1.1" status: 204 len: 168 time: 0.3487618
2026-05-09 14:01:40.704 10 INFO neutron.wsgi [req-c8f4c613-bd83-4485-9914-c00a73e8c2a5 req-aebde990-9d26-42e5-817b-28be77a86940 545a29cbd5e149549e7cc2715030e019 bf6884c3cf6f423c82ee29023daa8bf9 - - default default] 10.0.0.231 "DELETE /v2.0/security-groups/d074f3fb-420a-488b-94dc-1c13ebe30fa9 HTTP/1.1" status: 204 len: 173 time: 0.1105807
2026-05-09 14:01:40.746 9 INFO neutron.api.v2.resource [req-d46bd9c9-8d89-48e7-a091-bb27390a7503 req-df2ac714-7b3e-4a54-988b-6bcf5621e7b6 545a29cbd5e149549e7cc2715030e019 bf6884c3cf6f423c82ee29023daa8bf9 - - default default] show failed (client error): The resource could not be found.
2026-05-09 14:01:40.747 9 INFO neutron.wsgi [req-d46bd9c9-8d89-48e7-a091-bb27390a7503 req-df2ac714-7b3e-4a54-988b-6bcf5621e7b6 545a29cbd5e149549e7cc2715030e019 bf6884c3cf6f423c82ee29023daa8bf9 - - default default] 10.0.0.231 "GET /v2.0/security-groups/d074f3fb-420a-488b-94dc-1c13ebe30fa9 HTTP/1.1" status: 404 len: 352 time: 0.0235877
2026-05-09 14:01:40.812 10 INFO neutron.wsgi [req-134a62d4-2615-4ed1-85ae-64af4a88c203 req-8fc0229d-b411-49dd-a9f2-a1dfd77439c2 545a29cbd5e149549e7cc2715030e019 bf6884c3cf6f423c82ee29023daa8bf9 - - default default] 10.0.0.231 "GET /v2.0/security-groups/a1fdbd59-17d1-412c-b186-9000003bd340 HTTP/1.1" status: 200 len: 1817 time: 0.0379078
2026-05-09 14:01:40.929 10 INFO neutron.wsgi [req-134a62d4-2615-4ed1-85ae-64af4a88c203 req-bbf7bdfa-bd10-40bf-9050-e6d5da15f49e 545a29cbd5e149549e7cc2715030e019 bf6884c3cf6f423c82ee29023daa8bf9 - - default default] 10.0.0.231 "DELETE /v2.0/security-groups/a1fdbd59-17d1-412c-b186-9000003bd340 HTTP/1.1" status: 204 len: 173 time: 0.1111093
2026-05-09 14:01:40.963 9 INFO neutron.api.v2.resource [req-af8f5ef8-688a-4f62-a4f1-c2dac6e5a909 req-9f0d25e5-323f-437f-ad15-719f8a1348c8 545a29cbd5e149549e7cc2715030e019 bf6884c3cf6f423c82ee29023daa8bf9 - - default default] show failed (client error): The resource could not be found.
2026-05-09 14:01:40.964 9 INFO neutron.wsgi [req-af8f5ef8-688a-4f62-a4f1-c2dac6e5a909 req-9f0d25e5-323f-437f-ad15-719f8a1348c8 545a29cbd5e149549e7cc2715030e019 bf6884c3cf6f423c82ee29023daa8bf9 - - default default] 10.0.0.231 "GET /v2.0/security-groups/a1fdbd59-17d1-412c-b186-9000003bd340 HTTP/1.1" status: 404 len: 352 time: 0.0139382
2026-05-09 14:01:41.018 10 INFO neutron.wsgi [req-5798a476-ca1e-491b-b3f9-1474f8aed92b req-8d4ddff0-f8dc-458f-be96-4fa71baff0af 545a29cbd5e149549e7cc2715030e019 bf6884c3cf6f423c82ee29023daa8bf9 - - default default] 10.0.0.231 "GET /v2.0/security-groups/73acea6d-f6dc-40d7-87b9-90cd4b9789d4 HTTP/1.1" status: 200 len: 1817 time: 0.0327692
2026-05-09 14:01:41.131 10 INFO neutron.wsgi [req-5798a476-ca1e-491b-b3f9-1474f8aed92b req-a70fc1e0-751e-4fac-8f49-a0f43c9eff7b 545a29cbd5e149549e7cc2715030e019 bf6884c3cf6f423c82ee29023daa8bf9 - - default default] 10.0.0.231 "DELETE /v2.0/security-groups/73acea6d-f6dc-40d7-87b9-90cd4b9789d4 HTTP/1.1" status: 204 len: 173 time: 0.1052773
2026-05-09 14:01:41.164 9 INFO neutron.api.v2.resource [req-be196d3c-30e3-445e-9d25-141e5c7ad01b req-72167168-3e2e-4eba-bf68-8211ce7ceb09 545a29cbd5e149549e7cc2715030e019 bf6884c3cf6f423c82ee29023daa8bf9 - - default default] show failed (client error): The resource could not be found.
2026-05-09 14:01:41.165 9 INFO neutron.wsgi [req-be196d3c-30e3-445e-9d25-141e5c7ad01b req-72167168-3e2e-4eba-bf68-8211ce7ceb09 545a29cbd5e149549e7cc2715030e019 bf6884c3cf6f423c82ee29023daa8bf9 - - default default] 10.0.0.231 "GET /v2.0/security-groups/73acea6d-f6dc-40d7-87b9-90cd4b9789d4 HTTP/1.1" status: 404 len: 352 time: 0.0130239
2026-05-09 14:01:41.227 10 INFO neutron.wsgi [req-a8dfeffd-d4ed-406d-95d7-6d12d66edd72 req-812a5117-d9dc-4909-858f-dbbfb97a950a 545a29cbd5e149549e7cc2715030e019 bf6884c3cf6f423c82ee29023daa8bf9 - - default default] 10.0.0.231 "GET /v2.0/security-groups?tenant_id=bf6884c3cf6f423c82ee29023daa8bf9 HTTP/1.1" status: 200 len: 3001 time: 0.0393810
2026-05-09 14:01:41.268 10 INFO neutron.wsgi [req-a8dfeffd-d4ed-406d-95d7-6d12d66edd72 req-6150afd5-c364-41c1-8bcd-e0faeefd4de5 545a29cbd5e149549e7cc2715030e019 bf6884c3cf6f423c82ee29023daa8bf9 - - default default] 10.0.0.231 "GET /v2.0/security-groups/3fd0b28f-d5de-40cd-b745-b1063fd91c68 HTTP/1.1" status: 200 len: 2998 time: 0.0324292
2026-05-09 14:01:41.300 10 INFO neutron.wsgi [req-a8dfeffd-d4ed-406d-95d7-6d12d66edd72 req-e50d5386-a01d-4967-8cc5-7e72fdb393ae 545a29cbd5e149549e7cc2715030e019 bf6884c3cf6f423c82ee29023daa8bf9 - - default default] 10.0.0.231 "GET /v2.0/security-groups/3fd0b28f-d5de-40cd-b745-b1063fd91c68 HTTP/1.1" status: 200 len: 2998 time: 0.0253778
2026-05-09 14:01:41.337 9 INFO neutron.api.v2.resource [req-4633a5f8-91cc-4ea5-bb3b-fbfcc0017650 req-258f9c42-e720-4bf0-89ab-5c261759ecc3 545a29cbd5e149549e7cc2715030e019 bf6884c3cf6f423c82ee29023daa8bf9 - - default default] show failed (client error): The resource could not be found.
2026-05-09 14:01:41.338 9 INFO neutron.wsgi [req-4633a5f8-91cc-4ea5-bb3b-fbfcc0017650 req-258f9c42-e720-4bf0-89ab-5c261759ecc3 545a29cbd5e149549e7cc2715030e019 bf6884c3cf6f423c82ee29023daa8bf9 - - default default] 10.0.0.231 "GET /v2.0/security-groups/73acea6d-f6dc-40d7-87b9-90cd4b9789d4 HTTP/1.1" status: 404 len: 352 time: 0.0117130
2026-05-09 14:01:41.370 10 INFO neutron.api.v2.resource [req-2205aa16-c88b-404b-805c-b16efbe07f0a req-0f2b7931-2d1c-4f64-8030-05a66af53703 545a29cbd5e149549e7cc2715030e019 bf6884c3cf6f423c82ee29023daa8bf9 - - default default] show failed (client error): The resource could not be found.
2026-05-09 14:01:41.371 10 INFO neutron.wsgi [req-2205aa16-c88b-404b-805c-b16efbe07f0a req-0f2b7931-2d1c-4f64-8030-05a66af53703 545a29cbd5e149549e7cc2715030e019 bf6884c3cf6f423c82ee29023daa8bf9 - - default default] 10.0.0.231 "GET /v2.0/security-groups/a1fdbd59-17d1-412c-b186-9000003bd340 HTTP/1.1" status: 404 len: 352 time: 0.0119460
2026-05-09 14:01:41.415 9 INFO neutron.api.v2.resource [req-1849988a-c9c1-4c28-ae5b-67e4ba5d56fb req-bd8ff4f0-e840-4d9c-9603-db1e9f462770 545a29cbd5e149549e7cc2715030e019 bf6884c3cf6f423c82ee29023daa8bf9 - - default default] show failed (client error): The resource could not be found.
2026-05-09 14:01:41.416 9 INFO neutron.wsgi [req-1849988a-c9c1-4c28-ae5b-67e4ba5d56fb req-bd8ff4f0-e840-4d9c-9603-db1e9f462770 545a29cbd5e149549e7cc2715030e019 bf6884c3cf6f423c82ee29023daa8bf9 - - default default] 10.0.0.231 "GET /v2.0/security-groups/d074f3fb-420a-488b-94dc-1c13ebe30fa9 HTTP/1.1" status: 404 len: 352 time: 0.0206499
2026-05-09 14:01:42.107 9 INFO neutron.wsgi [None req-dac18978-58c6-4e3d-a71a-e4fd7cdf3e38 b590dbd9c64c4389b093d0be7426b2a5 cc24006cfb974c3d9e246039d008146f - - default default] 10.0.0.11 "PUT /v2.0/routers/8e8cf4c5-0281-4bd0-85c8-48b2e844ffca/remove_router_interface HTTP/1.1" status: 200 len: 503 time: 1.4998782 /var/lib/openstack/lib/python3.10/site-packages/pycadf/identifier.py:71: UserWarning: Invalid uuid: neutron. To ensure interoperability, identifiers should be a valid uuid. warnings.warn(('Invalid uuid: %s. To ensure interoperability, '
2026-05-09 14:01:42.758 10 INFO neutron.wsgi [None req-88f05381-e113-45c1-885e-fcb00e590f7f b590dbd9c64c4389b093d0be7426b2a5 cc24006cfb974c3d9e246039d008146f - - default default] 10.0.0.11 "PUT /v2.0/routers/10fd8aa0-f48d-408e-a881-4a47bc4d0569/remove_router_interface HTTP/1.1" status: 200 len: 503 time: 1.3298569 /var/lib/openstack/lib/python3.10/site-packages/pycadf/identifier.py:71: UserWarning: Invalid uuid: neutron. To ensure interoperability, identifiers should be a valid uuid. warnings.warn(('Invalid uuid: %s. To ensure interoperability, '
2026-05-09 14:01:42.927 9 INFO neutron.wsgi [None req-38bc5b95-98ff-4353-ab8e-8c25710a4aba b590dbd9c64c4389b093d0be7426b2a5 cc24006cfb974c3d9e246039d008146f - - default default] 10.0.0.11 "DELETE /v2.0/routers/8e8cf4c5-0281-4bd0-85c8-48b2e844ffca HTTP/1.1" status: 204 len: 168 time: 0.8161972
2026-05-09 14:01:43.139 9 INFO neutron.wsgi [None req-98c4e5da-f813-4ddf-b248-39b6078181c6 b590dbd9c64c4389b093d0be7426b2a5 cc24006cfb974c3d9e246039d008146f - - default default] 10.0.0.11 "DELETE /v2.0/subnets/76aeeb5c-852d-4d57-91cf-fd3a3992f1d9 HTTP/1.1" status: 204 len: 168 time: 0.2062602
2026-05-09 14:01:43.768 10 INFO neutron.wsgi [None req-e86e6edf-b8e0-4b50-8451-4d7e41feca55 b590dbd9c64c4389b093d0be7426b2a5 cc24006cfb974c3d9e246039d008146f - - default default] 10.0.0.11 "DELETE /v2.0/networks/e9ab254c-8d04-4498-b9b9-3a9fffca2f58 HTTP/1.1" status: 204 len: 168 time: 0.6249864
2026-05-09 14:01:43.770 10 WARNING neutron.plugins.ml2.drivers.ovn.mech_driver.ovsdb.ovn_client [None req-10273ac3-c27f-4488-ae81-b8b2ed9c7008 - - - - - -] No port found with ID 7baa2069-e36d-46d2-bc89-2a3ff6eaa399: RuntimeError: No port found with ID 7baa2069-e36d-46d2-bc89-2a3ff6eaa399
2026-05-09 14:01:43.799 10 INFO neutron.wsgi [None req-653ce965-0fe3-4309-84a6-8c9aa071f74b b590dbd9c64c4389b093d0be7426b2a5 cc24006cfb974c3d9e246039d008146f - - default default] 10.0.0.11 "DELETE /v2.0/routers/10fd8aa0-f48d-408e-a881-4a47bc4d0569 HTTP/1.1" status: 204 len: 168 time: 1.0348248
2026-05-09 14:01:43.951 10 INFO neutron.wsgi [None req-04afee66-e0ed-4947-b979-da7e4aedff1f b590dbd9c64c4389b093d0be7426b2a5 cc24006cfb974c3d9e246039d008146f - - default default] 10.0.0.11 "GET /v2.0/security-groups?tenant_id=7862dc27eccd4cd9bc11e63ae8708b9a&name=default HTTP/1.1" status: 200 len: 2992 time: 0.0432696
2026-05-09 14:01:44.012 9 INFO neutron.wsgi [None req-493f6500-10cb-445a-8089-03f215f37c3d b590dbd9c64c4389b093d0be7426b2a5 cc24006cfb974c3d9e246039d008146f - - default default] 10.0.0.11 "DELETE /v2.0/subnets/bc5fcc07-1a28-4755-ab55-98a7156eb640 HTTP/1.1" status: 204 len: 168 time: 0.2036581
2026-05-09 14:01:44.122 10 INFO neutron.services.segments.plugin [-] Segment d9df9bf7-9f52-4c77-a231-4e1725ccd20b resource provider aggregate not found
2026-05-09 14:01:44.140 10 INFO neutron.services.segments.plugin [-] Segment d9df9bf7-9f52-4c77-a231-4e1725ccd20b resource provider not found; error: Placement Client Error (4xx): {"errors": [{"status": 404, "title": "Not Found", "detail": "The resource could not be found.\n\n No resource provider with uuid d9df9bf7-9f52-4c77-a231-4e1725ccd20b found for delete ", "request_id": "req-0bb04116-dece-442a-94b3-049856ba7be4"}]}
2026-05-09 14:01:44.150 10 INFO neutron.services.segments.plugin [-] Segment d9df9bf7-9f52-4c77-a231-4e1725ccd20b resource provider aggregate not found
2026-05-09 14:01:44.169 10 INFO neutron.services.segments.plugin [-] Segment d9df9bf7-9f52-4c77-a231-4e1725ccd20b resource provider not found; error: Placement Client Error (4xx): {"errors": [{"status": 404, "title": "Not Found", "detail": "The resource could not be found.\n\n No resource provider with uuid d9df9bf7-9f52-4c77-a231-4e1725ccd20b found for delete ", "request_id": "req-ef194e70-a929-447b-835b-d892ec0eb650"}]}
2026-05-09 14:01:44.192 10 INFO neutron.wsgi [None req-35393862-0b64-4d1e-9026-fbaef3e37077 b590dbd9c64c4389b093d0be7426b2a5 cc24006cfb974c3d9e246039d008146f - - default default] 10.0.0.11 "DELETE /v2.0/security-groups/8e9273fe-e785-41b2-b035-ae28234f1932 HTTP/1.1" status: 204 len: 168 time: 0.2350950
2026-05-09 14:01:44.370 9 INFO neutron.services.segments.plugin [-] Segment ec1757fd-fc77-4669-bc15-0fc3c3bd2055 resource provider aggregate not found
2026-05-09 14:01:44.375 9 INFO neutron.services.segments.plugin [-] Segment ec1757fd-fc77-4669-bc15-0fc3c3bd2055 resource provider aggregate not found
2026-05-09 14:01:44.389 9 INFO neutron.services.segments.plugin [-] Segment ec1757fd-fc77-4669-bc15-0fc3c3bd2055 resource provider not found; error: Placement Client Error (4xx): {"errors": [{"status": 404, "title": "Not Found", "detail": "The resource could not be found.\n\n No resource provider with uuid ec1757fd-fc77-4669-bc15-0fc3c3bd2055 found for delete ", "request_id": "req-a520c4d2-ae0c-4f56-a54e-3f72caded480"}]}
2026-05-09 14:01:44.392 9 INFO neutron.services.segments.plugin [-] Segment ec1757fd-fc77-4669-bc15-0fc3c3bd2055 resource provider not found; error: Placement Client Error (4xx): {"errors": [{"status": 404, "title": "Not Found", "detail": "The resource could not be found.\n\n No resource provider with uuid ec1757fd-fc77-4669-bc15-0fc3c3bd2055 found for delete ", "request_id": "req-c954f36c-17a8-4d99-abd6-f621ffaa4f44"}]}
2026-05-09 14:01:44.415 9 INFO neutron.wsgi [None req-2345b455-d4d9-4bb0-a097-dc70e5db5e10 b590dbd9c64c4389b093d0be7426b2a5 cc24006cfb974c3d9e246039d008146f - - default default] 10.0.0.11 "DELETE /v2.0/networks/238ad586-b3d1-4cf0-8a44-6a812d4ca8b8 HTTP/1.1" status: 204 len: 168 time: 0.3978868
2026-05-09 14:01:44.601 10 INFO neutron.wsgi [None req-be600854-7a9f-4451-a457-e0095e9470a0 b590dbd9c64c4389b093d0be7426b2a5 cc24006cfb974c3d9e246039d008146f - - default default] 10.0.0.11 "GET /v2.0/security-groups?tenant_id=bf6884c3cf6f423c82ee29023daa8bf9&name=default HTTP/1.1" status: 200 len: 2996 time: 0.0367498
2026-05-09 14:01:44.786 10 INFO neutron.wsgi [None req-0c3ff87b-4e35-4d1a-99e6-e26215b88bf0 b590dbd9c64c4389b093d0be7426b2a5 cc24006cfb974c3d9e246039d008146f - - default default] 10.0.0.11 "DELETE /v2.0/security-groups/3fd0b28f-d5de-40cd-b745-b1063fd91c68 HTTP/1.1" status: 204 len: 168 time: 0.1801889
2026-05-09 14:01:45.640 10 INFO neutron.wsgi [req-e45bdd76-d8b8-4461-8186-d404ff55b2a2 req-5b0f241e-d945-470f-8d3b-cc581dcdaf70 4b67dcd5aa72433a9c9c51e3f8259e4c 30a8bedc6d464f10999e32b385c716fd - - d811e5d5de204ad2864da0e08373b371 d811e5d5de204ad2864da0e08373b371] 10.0.0.93 "GET /v2.0/ports?device_id=5482cc22-8f84-4c75-a190-53acb3779fe6 HTTP/1.1" status: 200 len: 1409 time: 0.4908035
2026-05-09 14:01:45.675 10 INFO neutron.wsgi [req-e45bdd76-d8b8-4461-8186-d404ff55b2a2 req-63acf8c1-69f9-4095-8f4a-61d15b81f8b5 4b67dcd5aa72433a9c9c51e3f8259e4c 30a8bedc6d464f10999e32b385c716fd - - d811e5d5de204ad2864da0e08373b371 d811e5d5de204ad2864da0e08373b371] 10.0.0.93 "GET /v2.0/security-groups?id=89cd5ba7-3472-442f-9d50-c607cdbd5c13&fields=id&fields=name HTTP/1.1" status: 200 len: 312 time: 0.0268831
2026-05-09 14:01:45.889 10 INFO neutron.wsgi [req-2cd9dcb3-bb98-40f6-abff-d44f6b690a57 req-26bd5cca-3ee2-48ae-b64b-f0d45a2f6ad2 4b67dcd5aa72433a9c9c51e3f8259e4c 30a8bedc6d464f10999e32b385c716fd - - d811e5d5de204ad2864da0e08373b371 d811e5d5de204ad2864da0e08373b371] 10.0.0.93 "GET /v2.0/ports?device_id=ca29a1f8-195a-46d4-be91-d965bba50369 HTTP/1.1" status: 200 len: 1409 time: 0.0334566
2026-05-09 14:01:45.941 10 INFO neutron.wsgi [req-2cd9dcb3-bb98-40f6-abff-d44f6b690a57 req-d9e5b8b8-b3e2-4006-8d11-c9c90b0e484f 4b67dcd5aa72433a9c9c51e3f8259e4c 30a8bedc6d464f10999e32b385c716fd - - d811e5d5de204ad2864da0e08373b371 d811e5d5de204ad2864da0e08373b371] 10.0.0.93 "GET /v2.0/security-groups?id=c38b572a-961d-446f-95f3-efbe7ed4597c&fields=id&fields=name HTTP/1.1" status: 200 len: 313 time: 0.0448830
2026-05-09 14:01:46.253 9 INFO neutron.db.ovn_revision_numbers_db [None req-87f51f25-41db-4b6f-a806-4eae110b9589 b590dbd9c64c4389b093d0be7426b2a5 cc24006cfb974c3d9e246039d008146f - - default default] Successfully bumped revision number for resource 97107708-ea3b-42db-bd33-9cd94d971236 (type: security_groups) to 1
2026-05-09 14:01:46.269 9 INFO neutron.db.ovn_revision_numbers_db [None req-87f51f25-41db-4b6f-a806-4eae110b9589 b590dbd9c64c4389b093d0be7426b2a5 cc24006cfb974c3d9e246039d008146f - - default default] Successfully bumped revision number for resource 0f6211de-bc69-41eb-8c20-925ae4d241bf (type: security_group_rules) to 0
2026-05-09 14:01:46.289 9 INFO neutron.db.ovn_revision_numbers_db [None req-87f51f25-41db-4b6f-a806-4eae110b9589 b590dbd9c64c4389b093d0be7426b2a5 cc24006cfb974c3d9e246039d008146f - - default default] Successfully bumped revision number for resource 2cb13c22-9921-49f5-ac5a-d82c5012dfb0 (type: security_group_rules) to 0
2026-05-09 14:01:46.303 9 INFO neutron.db.ovn_revision_numbers_db [None req-87f51f25-41db-4b6f-a806-4eae110b9589 b590dbd9c64c4389b093d0be7426b2a5 cc24006cfb974c3d9e246039d008146f - - default default] Successfully bumped revision number for resource 316385a8-44b6-44c2-bdf9-c4df6851b428 (type: security_group_rules) to 0
2026-05-09 14:01:46.317 9 INFO neutron.db.ovn_revision_numbers_db [None req-87f51f25-41db-4b6f-a806-4eae110b9589 b590dbd9c64c4389b093d0be7426b2a5 cc24006cfb974c3d9e246039d008146f - - default default] Successfully bumped revision number for resource 47d4ac27-d5ff-4de4-a33f-ae4b8309f736 (type: security_group_rules) to 0
2026-05-09 14:01:46.370 9 INFO neutron.db.segments_db [None req-87f51f25-41db-4b6f-a806-4eae110b9589 b590dbd9c64c4389b093d0be7426b2a5 cc24006cfb974c3d9e246039d008146f - - default default] Added segment d909290d-88f1-4412-911b-599af997062c of type geneve for network 2051025e-2bb5-43d4-94a3-25d133999d82
2026-05-09 14:01:46.508 9 INFO neutron.db.ovn_revision_numbers_db [None req-87f51f25-41db-4b6f-a806-4eae110b9589 b590dbd9c64c4389b093d0be7426b2a5 cc24006cfb974c3d9e246039d008146f - - default default] Successfully bumped revision number for resource 2051025e-2bb5-43d4-94a3-25d133999d82 (type: networks) to 1
2026-05-09 14:01:46.703 9 WARNING neutron.scheduler.dhcp_agent_scheduler [None req-87f51f25-41db-4b6f-a806-4eae110b9589 b590dbd9c64c4389b093d0be7426b2a5 cc24006cfb974c3d9e246039d008146f - - default default] No more DHCP agents
2026-05-09 14:01:46.707 9 WARNING neutron.api.rpc.agentnotifiers.dhcp_rpc_agent_api [None req-87f51f25-41db-4b6f-a806-4eae110b9589 b590dbd9c64c4389b093d0be7426b2a5 cc24006cfb974c3d9e246039d008146f - - default default] Unable to schedule network 2051025e-2bb5-43d4-94a3-25d133999d82: no agents available; will retry on subsequent port and subnet creation events.
2026-05-09 14:01:46.791 9 INFO neutron.db.ovn_revision_numbers_db [None req-d42c1020-a6b0-4c0f-866a-6cd0fcd7aafd b590dbd9c64c4389b093d0be7426b2a5 cc24006cfb974c3d9e246039d008146f - - default default] Successfully bumped revision number for resource 158710f0-e7a5-4572-96c3-389eaf3754c6 (type: security_groups) to 1
2026-05-09 14:01:46.799 9 INFO neutron.db.ovn_revision_numbers_db [None req-87f51f25-41db-4b6f-a806-4eae110b9589 b590dbd9c64c4389b093d0be7426b2a5 cc24006cfb974c3d9e246039d008146f - - default default] Successfully bumped revision number for resource 645184fc-aa38-4778-b961-fd8a72ad2d90 (type: ports) to 1
2026-05-09 14:01:46.804 9 INFO neutron.db.ovn_revision_numbers_db [None req-d42c1020-a6b0-4c0f-866a-6cd0fcd7aafd b590dbd9c64c4389b093d0be7426b2a5 cc24006cfb974c3d9e246039d008146f - - default default] Successfully bumped revision number for resource 156a12e6-9818-4767-9338-b92f87bb4685 (type: security_group_rules) to 0
2026-05-09 14:01:46.821 9 INFO neutron.wsgi [None req-87f51f25-41db-4b6f-a806-4eae110b9589 b590dbd9c64c4389b093d0be7426b2a5 cc24006cfb974c3d9e246039d008146f - - default default] 10.0.0.11 "POST /v2.0/networks HTTP/1.1" status: 201 len: 940 time: 0.9026327
2026-05-09 14:01:46.821 9 INFO neutron.db.ovn_revision_numbers_db [None req-d42c1020-a6b0-4c0f-866a-6cd0fcd7aafd b590dbd9c64c4389b093d0be7426b2a5 cc24006cfb974c3d9e246039d008146f - - default default] Successfully bumped revision number for resource 174456b1-9f70-4d10-8a12-ec2274997675 (type: security_group_rules) to 0
2026-05-09 14:01:46.839 9 INFO neutron.db.ovn_revision_numbers_db [None req-d42c1020-a6b0-4c0f-866a-6cd0fcd7aafd b590dbd9c64c4389b093d0be7426b2a5 cc24006cfb974c3d9e246039d008146f - - default default] Successfully bumped revision number for resource 78be785a-456a-4ae5-be45-24af282ca892 (type: security_group_rules) to 0
2026-05-09 14:01:46.854 9 INFO neutron.db.ovn_revision_numbers_db [None req-d42c1020-a6b0-4c0f-866a-6cd0fcd7aafd b590dbd9c64c4389b093d0be7426b2a5 cc24006cfb974c3d9e246039d008146f - - default default] Successfully bumped revision number for resource d40e4801-3924-424b-b208-97ccfa2de27a (type: security_group_rules) to 0
2026-05-09 14:01:46.903 9 INFO neutron.db.segments_db [None req-d42c1020-a6b0-4c0f-866a-6cd0fcd7aafd b590dbd9c64c4389b093d0be7426b2a5 cc24006cfb974c3d9e246039d008146f - - default default] Added segment d82b90af-2ccc-483f-a713-bdabcb013610 of type geneve for network 2c01c0b4-4578-4184-bffe-a9c32403aa9c
2026-05-09 14:01:47.009 9 WARNING neutron.scheduler.dhcp_agent_scheduler [None req-9078c7f0-3dc9-49a2-9b97-09341f2c1d25 b590dbd9c64c4389b093d0be7426b2a5 cc24006cfb974c3d9e246039d008146f - - default default] No more DHCP agents
2026-05-09 14:01:47.014 9 WARNING neutron.api.rpc.agentnotifiers.dhcp_rpc_agent_api [None req-9078c7f0-3dc9-49a2-9b97-09341f2c1d25 b590dbd9c64c4389b093d0be7426b2a5 cc24006cfb974c3d9e246039d008146f - - default default] Unable to schedule network 2051025e-2bb5-43d4-94a3-25d133999d82: no agents available; will retry on subsequent port and subnet creation events.
2026-05-09 14:01:47.074 9 INFO neutron.db.ovn_revision_numbers_db [None req-d42c1020-a6b0-4c0f-866a-6cd0fcd7aafd b590dbd9c64c4389b093d0be7426b2a5 cc24006cfb974c3d9e246039d008146f - - default default] Successfully bumped revision number for resource 2c01c0b4-4578-4184-bffe-a9c32403aa9c (type: networks) to 1
2026-05-09 14:01:47.285 9 WARNING neutron.scheduler.dhcp_agent_scheduler [None req-d42c1020-a6b0-4c0f-866a-6cd0fcd7aafd b590dbd9c64c4389b093d0be7426b2a5 cc24006cfb974c3d9e246039d008146f - - default default] No more DHCP agents
2026-05-09 14:01:47.289 9 WARNING neutron.api.rpc.agentnotifiers.dhcp_rpc_agent_api [None req-d42c1020-a6b0-4c0f-866a-6cd0fcd7aafd b590dbd9c64c4389b093d0be7426b2a5 cc24006cfb974c3d9e246039d008146f - - default default] Unable to schedule network 2c01c0b4-4578-4184-bffe-a9c32403aa9c: no agents available; will retry on subsequent port and subnet creation events.
2026-05-09 14:01:47.386 9 INFO neutron.db.ovn_revision_numbers_db [None req-d42c1020-a6b0-4c0f-866a-6cd0fcd7aafd b590dbd9c64c4389b093d0be7426b2a5 cc24006cfb974c3d9e246039d008146f - - default default] Successfully bumped revision number for resource 150bf03f-c77c-494a-a31a-c12c0fe7f25c (type: ports) to 1
2026-05-09 14:01:47.419 9 INFO neutron.wsgi [None req-d42c1020-a6b0-4c0f-866a-6cd0fcd7aafd b590dbd9c64c4389b093d0be7426b2a5 cc24006cfb974c3d9e246039d008146f - - default default] 10.0.0.11 "POST /v2.0/networks HTTP/1.1" status: 201 len: 946 time: 0.9357910
2026-05-09 14:01:47.814 9 WARNING neutron.scheduler.dhcp_agent_scheduler [None req-b86e7376-27cd-4b5d-beea-b652fcf9b13f b590dbd9c64c4389b093d0be7426b2a5 cc24006cfb974c3d9e246039d008146f - - default default] No more DHCP agents
2026-05-09 14:01:47.818 9 WARNING neutron.api.rpc.agentnotifiers.dhcp_rpc_agent_api [None req-b86e7376-27cd-4b5d-beea-b652fcf9b13f b590dbd9c64c4389b093d0be7426b2a5 cc24006cfb974c3d9e246039d008146f - - default default] Unable to schedule network 2c01c0b4-4578-4184-bffe-a9c32403aa9c: no agents available; will retry on subsequent port and subnet creation events.
2026-05-09 14:01:47.829 9 INFO neutron.db.ovn_revision_numbers_db [None req-9078c7f0-3dc9-49a2-9b97-09341f2c1d25 b590dbd9c64c4389b093d0be7426b2a5 cc24006cfb974c3d9e246039d008146f - - default default] Successfully bumped revision number for resource 645184fc-aa38-4778-b961-fd8a72ad2d90 (type: ports) to 2
2026-05-09 14:01:47.867 9 INFO neutron.db.ovn_revision_numbers_db [None req-9078c7f0-3dc9-49a2-9b97-09341f2c1d25 b590dbd9c64c4389b093d0be7426b2a5 cc24006cfb974c3d9e246039d008146f - - default default] Successfully bumped revision number for resource 25d735ce-2cbd-477c-aedd-8903b2b4a5d8 (type: subnets) to 0
2026-05-09 14:01:47.883 9 INFO neutron.wsgi [None req-9078c7f0-3dc9-49a2-9b97-09341f2c1d25 b590dbd9c64c4389b093d0be7426b2a5 cc24006cfb974c3d9e246039d008146f - - default default] 10.0.0.11 "POST /v2.0/subnets HTTP/1.1" status: 201 len: 860 time: 1.0553226
2026-05-09 14:01:48.266 9 INFO neutron.db.ovn_revision_numbers_db [None req-b86e7376-27cd-4b5d-beea-b652fcf9b13f b590dbd9c64c4389b093d0be7426b2a5 cc24006cfb974c3d9e246039d008146f - - default default] Successfully bumped revision number for resource 150bf03f-c77c-494a-a31a-c12c0fe7f25c (type: ports) to 2
2026-05-09 14:01:48.295 9 INFO neutron.db.ovn_revision_numbers_db [None req-b86e7376-27cd-4b5d-beea-b652fcf9b13f b590dbd9c64c4389b093d0be7426b2a5 cc24006cfb974c3d9e246039d008146f - - default default] Successfully bumped revision number for resource 38cdc4d2-4c1d-4efd-afaa-5e4dc2eaba94 (type: subnets) to 0
2026-05-09 14:01:48.310 9 INFO neutron.wsgi [None req-b86e7376-27cd-4b5d-beea-b652fcf9b13f b590dbd9c64c4389b093d0be7426b2a5 cc24006cfb974c3d9e246039d008146f - - default default] 10.0.0.11 "POST /v2.0/subnets HTTP/1.1" status: 201 len: 866 time: 0.8855293
2026-05-09 14:01:48.377 10 WARNING neutron.scheduler.dhcp_agent_scheduler [None req-79ef2760-6743-4f8d-9459-3a8eb79288bf b590dbd9c64c4389b093d0be7426b2a5 cc24006cfb974c3d9e246039d008146f - - default default] No more DHCP agents
2026-05-09 14:01:48.380 10 WARNING neutron.api.rpc.agentnotifiers.dhcp_rpc_agent_api [None req-79ef2760-6743-4f8d-9459-3a8eb79288bf b590dbd9c64c4389b093d0be7426b2a5 cc24006cfb974c3d9e246039d008146f - - default default] Unable to schedule network 9b938021-88fb-4384-8cbc-c04ee322a3e1: no agents available; will retry on subsequent port and subnet creation events.
2026-05-09 14:01:48.529 10 INFO neutron.db.ovn_revision_numbers_db [None req-79ef2760-6743-4f8d-9459-3a8eb79288bf b590dbd9c64c4389b093d0be7426b2a5 cc24006cfb974c3d9e246039d008146f - - default default] Successfully bumped revision number for resource 0f735538-40ee-4d38-9edd-004e8359ad35 (type: ports) to 1
2026-05-09 14:01:48.747 9 WARNING neutron.scheduler.dhcp_agent_scheduler [None req-9059f5a3-4f2b-45e0-bae5-cad6e6149171 b590dbd9c64c4389b093d0be7426b2a5 cc24006cfb974c3d9e246039d008146f - - default default] No more DHCP agents
2026-05-09 14:01:48.748 9 WARNING neutron.api.rpc.agentnotifiers.dhcp_rpc_agent_api [None req-9059f5a3-4f2b-45e0-bae5-cad6e6149171 b590dbd9c64c4389b093d0be7426b2a5 cc24006cfb974c3d9e246039d008146f - - default default] Unable to schedule network 9b938021-88fb-4384-8cbc-c04ee322a3e1: no agents available; will retry on subsequent port and subnet creation events.
2026-05-09 14:01:48.894 9 INFO neutron.db.ovn_revision_numbers_db [None req-9059f5a3-4f2b-45e0-bae5-cad6e6149171 b590dbd9c64c4389b093d0be7426b2a5 cc24006cfb974c3d9e246039d008146f - - default default] Successfully bumped revision number for resource 972e1cf1-19e0-4300-910e-bb18158fe321 (type: ports) to 1
2026-05-09 14:01:48.951 10 INFO neutron.wsgi [-] 10.0.0.66 "GET / HTTP/1.1" status: 200 len: 245 time: 0.0014231
2026-05-09 14:01:48.951 9 INFO neutron.wsgi [-] 10.0.0.66 "GET / HTTP/1.1" status: 200 len: 245 time: 0.0017774
2026-05-09 14:01:49.058 9 INFO neutron.plugins.ml2.drivers.ovn.mech_driver.mech_driver [None req-f95c564e-2f7f-46ed-a315-89a1dd8e37e0 - - - - - -] OVN reports status up for port: 0f735538-40ee-4d38-9edd-004e8359ad35
2026-05-09 14:01:49.066 10 INFO neutron.plugins.ml2.drivers.ovn.mech_driver.ovsdb.ovsdb_monitor [None req-2cd8dde2-2672-48c2-bbbd-81b7d14572b8 - - - - - -] Router 87df809b-f162-4dd2-b3a0-d41078f86bc4 is bound to host instance
2026-05-09 14:01:49.069 9 INFO neutron.plugins.ml2.plugin [None req-f95c564e-2f7f-46ed-a315-89a1dd8e37e0 - - - - - -] Attempt 1 to provision port 0f735538-40ee-4d38-9edd-004e8359ad35
