2026-05-09 14:03:25.238 10 INFO neutron.wsgi [None req-36704260-4cb5-4e6f-8182-11c0e0afec0e b590dbd9c64c4389b093d0be7426b2a5 cc24006cfb974c3d9e246039d008146f - - default default] 10.0.0.50 "GET /v2.0/subnets HTTP/1.1" status: 200 len: 2687 time: 0.0398402
2026-05-09 14:03:25.291 10 INFO neutron.wsgi [None req-327b4da1-a6e7-4c2c-b9a0-b67c0351a81f b590dbd9c64c4389b093d0be7426b2a5 cc24006cfb974c3d9e246039d008146f - - default default] 10.0.0.50 "GET /v2.0/floatingips HTTP/1.1" status: 200 len: 1035 time: 0.0517883
2026-05-09 14:03:25.353 9 WARNING neutron.plugins.ml2.drivers.ovn.mech_driver.ovsdb.ovn_client [None req-f95c564e-2f7f-46ed-a315-89a1dd8e37e0 - - - - - -] No port found with ID faa5d5f5-d1db-45fc-8990-ca6e77b16b89: RuntimeError: No port found with ID faa5d5f5-d1db-45fc-8990-ca6e77b16b89
2026-05-09 14:03:25.366 10 INFO neutron.wsgi [None req-a5e1e800-b2a7-402e-ac57-a11990976ab5 b590dbd9c64c4389b093d0be7426b2a5 cc24006cfb974c3d9e246039d008146f - - default default] 10.0.0.50 "GET /v2.0/networks HTTP/1.1" status: 200 len: 5255 time: 0.0732765
2026-05-09 14:03:25.389 10 INFO neutron.wsgi [None req-26079aec-cb11-4023-8d8c-06dba02ae8d0 b590dbd9c64c4389b093d0be7426b2a5 cc24006cfb974c3d9e246039d008146f - - default default] 10.0.0.11 "DELETE /v2.0/security-groups/4309c103-e402-42f4-9c0a-7638f7d5ec60 HTTP/1.1" status: 204 len: 168 time: 0.3772724
2026-05-09 14:03:25.455 9 WARNING neutron.scheduler.dhcp_agent_scheduler [None req-5c951fb3-d494-4a13-b44f-03e348aad638 3c59e1930c51411784149cb32a72de0e ca62223c9c284d8798eb9fd6c980a21d - - default default] No more DHCP agents
2026-05-09 14:03:25.459 9 WARNING neutron.api.rpc.agentnotifiers.dhcp_rpc_agent_api [None req-5c951fb3-d494-4a13-b44f-03e348aad638 3c59e1930c51411784149cb32a72de0e ca62223c9c284d8798eb9fd6c980a21d - - default default] Unable to schedule network 69d9e00c-5dbf-46b8-985e-2b7af66874cb: no agents available; will retry on subsequent port and subnet creation events.
2026-05-09 14:03:25.668 9 INFO neutron.services.segments.plugin [-] Segment 643e3979-270d-4103-aa42-0e0f2c1fb72f resource provider aggregate not found
2026-05-09 14:03:25.672 9 INFO neutron.services.segments.plugin [-] Segment 643e3979-270d-4103-aa42-0e0f2c1fb72f resource provider aggregate not found
2026-05-09 14:03:25.688 9 INFO neutron.services.segments.plugin [-] Segment 643e3979-270d-4103-aa42-0e0f2c1fb72f resource provider not found; error: Placement Client Error (4xx): {"errors": [{"status": 404, "title": "Not Found", "detail": "The resource could not be found.\n\n No resource provider with uuid 643e3979-270d-4103-aa42-0e0f2c1fb72f found for delete ", "request_id": "req-f25a8dd2-31a9-4f43-9aba-5c9c832b65f2"}]}
2026-05-09 14:03:25.690 9 INFO neutron.services.segments.plugin [-] Segment 643e3979-270d-4103-aa42-0e0f2c1fb72f resource provider not found; error: Placement Client Error (4xx): {"errors": [{"status": 404, "title": "Not Found", "detail": "The resource could not be found.\n\n No resource provider with uuid 643e3979-270d-4103-aa42-0e0f2c1fb72f found for delete ", "request_id": "req-e2ff95c3-731b-487f-9be9-b1cc83c8d262"}]}
2026-05-09 14:03:25.697 9 INFO neutron.db.ovn_revision_numbers_db [None req-5c951fb3-d494-4a13-b44f-03e348aad638 3c59e1930c51411784149cb32a72de0e ca62223c9c284d8798eb9fd6c980a21d - - default default] Successfully bumped revision number for resource 240a8556-ebd9-4aac-8c2d-eb089fa32cad (type: ports) to 1
2026-05-09 14:03:25.728 9 INFO neutron.wsgi [None req-3b816ea1-ef3e-41ba-a744-a159ca799802 6d57de5d47e847669aa23a284f23fa0e 302ea2da68b043988fe7d1812faecc10 - - default default] 10.0.0.11 "DELETE /v2.0/networks/9c3081dd-a631-4611-8133-657e2ec85788 HTTP/1.1" status: 204 len: 168 time: 0.5568137
2026-05-09 14:03:26.092 10 INFO neutron.services.segments.plugin [-] Segment 6f934a0c-0067-4941-aa15-fe6728f78f76 resource provider aggregate not found
2026-05-09 14:03:26.096 10 INFO neutron.services.segments.plugin [-] Segment 6f934a0c-0067-4941-aa15-fe6728f78f76 resource provider aggregate not found
2026-05-09 14:03:26.117 10 INFO neutron.services.segments.plugin [-] Segment 6f934a0c-0067-4941-aa15-fe6728f78f76 resource provider not found; error: Placement Client Error (4xx): {"errors": [{"status": 404, "title": "Not Found", "detail": "The resource could not be found.\n\n No resource provider with uuid 6f934a0c-0067-4941-aa15-fe6728f78f76 found for delete ", "request_id": "req-52ea5cf0-0529-4b8b-ad2c-d4402cebfc08"}]}
2026-05-09 14:03:26.118 10 INFO neutron.services.segments.plugin [-] Segment 6f934a0c-0067-4941-aa15-fe6728f78f76 resource provider not found; error: Placement Client Error (4xx): {"errors": [{"status": 404, "title": "Not Found", "detail": "The resource could not be found.\n\n No resource provider with uuid 6f934a0c-0067-4941-aa15-fe6728f78f76 found for delete ", "request_id": "req-d4dbb63a-d5b0-4905-95fd-c11d1501d8af"}]}
2026-05-09 14:03:26.123 9 INFO neutron.db.ovn_revision_numbers_db [None req-5c951fb3-d494-4a13-b44f-03e348aad638 3c59e1930c51411784149cb32a72de0e ca62223c9c284d8798eb9fd6c980a21d - - default default] Successfully bumped revision number for resource 240a8556-ebd9-4aac-8c2d-eb089fa32cad (type: router_ports) to 1
2026-05-09 14:03:26.127 10 INFO neutron.wsgi [None req-241b47b0-3d03-4aa6-9c43-57c10c14eed4 6d57de5d47e847669aa23a284f23fa0e 302ea2da68b043988fe7d1812faecc10 - - default default] 10.0.0.11 "DELETE /v2.0/networks/d85e9bd4-03ff-442c-8034-9ec00000d338 HTTP/1.1" status: 204 len: 168 time: 0.3937950
2026-05-09 14:03:26.138 10 WARNING neutron_lib.context [None req-49a72fc3-58a7-412f-9a6b-7a18c0370b3c 6d57de5d47e847669aa23a284f23fa0e 302ea2da68b043988fe7d1812faecc10 - - default default] Method 'is_advsvc' is deprecated since 2023.2 release (neutron-lib 3.8.0) and will be removed once support for the old RBAC API policies will be removed from Neutron. Please use method 'is_service_role' instead.
2026-05-09 14:03:26.211 10 INFO neutron.db.segments_db [None req-49a72fc3-58a7-412f-9a6b-7a18c0370b3c 6d57de5d47e847669aa23a284f23fa0e 302ea2da68b043988fe7d1812faecc10 - - default default] Added segment a1685c19-8ed6-4b6a-a1d5-1f7ed0cfa013 of type geneve for network 94de0292-a3e5-450a-8aa2-3a0ca93c7c9a
2026-05-09 14:03:26.281 9 INFO neutron.db.ovn_revision_numbers_db [None req-5c951fb3-d494-4a13-b44f-03e348aad638 3c59e1930c51411784149cb32a72de0e ca62223c9c284d8798eb9fd6c980a21d - - default default] Successfully bumped revision number for resource 240a8556-ebd9-4aac-8c2d-eb089fa32cad (type: ports) to 1
2026-05-09 14:03:26.345 10 INFO neutron.db.ovn_revision_numbers_db [None req-49a72fc3-58a7-412f-9a6b-7a18c0370b3c 6d57de5d47e847669aa23a284f23fa0e 302ea2da68b043988fe7d1812faecc10 - - default default] Successfully bumped revision number for resource 94de0292-a3e5-450a-8aa2-3a0ca93c7c9a (type: networks) to 1
2026-05-09 14:03:26.351 9 WARNING neutron.scheduler.dhcp_agent_scheduler [None req-5c951fb3-d494-4a13-b44f-03e348aad638 3c59e1930c51411784149cb32a72de0e ca62223c9c284d8798eb9fd6c980a21d - - default default] No more DHCP agents
2026-05-09 14:03:26.353 9 WARNING neutron.api.rpc.agentnotifiers.dhcp_rpc_agent_api [None req-5c951fb3-d494-4a13-b44f-03e348aad638 3c59e1930c51411784149cb32a72de0e ca62223c9c284d8798eb9fd6c980a21d - - default default] Unable to schedule network 69d9e00c-5dbf-46b8-985e-2b7af66874cb: no agents available; will retry on subsequent port and subnet creation events.
2026-05-09 14:03:26.481 9 INFO neutron.db.ovn_revision_numbers_db [None req-5c951fb3-d494-4a13-b44f-03e348aad638 3c59e1930c51411784149cb32a72de0e ca62223c9c284d8798eb9fd6c980a21d - - default default] Successfully bumped revision number for resource 240a8556-ebd9-4aac-8c2d-eb089fa32cad (type: router_ports) to 1
2026-05-09 14:03:26.484 9 INFO neutron.wsgi [None req-5c951fb3-d494-4a13-b44f-03e348aad638 3c59e1930c51411784149cb32a72de0e ca62223c9c284d8798eb9fd6c980a21d - - default default] 10.0.0.11 "PUT /v2.0/routers/f96ee614-e93b-439a-9fa2-34c681a57512/add_router_interface HTTP/1.1" status: 200 len: 503 time: 1.5649886 /var/lib/openstack/lib/python3.10/site-packages/pycadf/identifier.py:71: UserWarning: Invalid uuid: neutron. To ensure interoperability, identifiers should be a valid uuid. warnings.warn(('Invalid uuid: %s. To ensure interoperability, '
2026-05-09 14:03:26.507 10 WARNING neutron.scheduler.dhcp_agent_scheduler [None req-49a72fc3-58a7-412f-9a6b-7a18c0370b3c 6d57de5d47e847669aa23a284f23fa0e 302ea2da68b043988fe7d1812faecc10 - - default default] No more DHCP agents
2026-05-09 14:03:26.510 10 WARNING neutron.api.rpc.agentnotifiers.dhcp_rpc_agent_api [None req-49a72fc3-58a7-412f-9a6b-7a18c0370b3c 6d57de5d47e847669aa23a284f23fa0e 302ea2da68b043988fe7d1812faecc10 - - default default] Unable to schedule network 94de0292-a3e5-450a-8aa2-3a0ca93c7c9a: no agents available; will retry on subsequent port and subnet creation events.
2026-05-09 14:03:26.524 9 INFO neutron.wsgi [None req-1b90d849-0627-4b4d-9f96-c3c677d6e60d 3c59e1930c51411784149cb32a72de0e ca62223c9c284d8798eb9fd6c980a21d - - default default] 10.0.0.11 "GET /v2.0/ports/240a8556-ebd9-4aac-8c2d-eb089fa32cad HTTP/1.1" status: 200 len: 1135 time: 0.0341542
2026-05-09 14:03:26.577 9 INFO neutron.wsgi [None req-09e6a7a1-ad4f-4d1a-b4ab-02a6198fab97 3c59e1930c51411784149cb32a72de0e ca62223c9c284d8798eb9fd6c980a21d - - default default] 10.0.0.11 "GET /v2.0/ports/240a8556-ebd9-4aac-8c2d-eb089fa32cad HTTP/1.1" status: 200 len: 1135 time: 0.0498686
2026-05-09 14:03:26.599 10 INFO neutron.db.ovn_revision_numbers_db [None req-49a72fc3-58a7-412f-9a6b-7a18c0370b3c 6d57de5d47e847669aa23a284f23fa0e 302ea2da68b043988fe7d1812faecc10 - - default default] Successfully bumped revision number for resource 54d13784-fc47-4e8a-8286-c7e9090259bc (type: ports) to 1
2026-05-09 14:03:26.623 10 INFO neutron.wsgi [None req-49a72fc3-58a7-412f-9a6b-7a18c0370b3c 6d57de5d47e847669aa23a284f23fa0e 302ea2da68b043988fe7d1812faecc10 - - default default] 10.0.0.11 "POST /v2.0/networks HTTP/1.1" status: 201 len: 833 time: 0.4892437
2026-05-09 14:03:26.632 10 WARNING neutron_lib.context [None req-603d9fbf-def3-4377-8139-24818f6914c6 6d57de5d47e847669aa23a284f23fa0e 302ea2da68b043988fe7d1812faecc10 - - default default] Method 'is_advsvc' is deprecated since 2023.2 release (neutron-lib 3.8.0) and will be removed once support for the old RBAC API policies will be removed from Neutron. Please use method 'is_service_role' instead.
2026-05-09 14:03:26.862 10 WARNING neutron.scheduler.dhcp_agent_scheduler [None req-603d9fbf-def3-4377-8139-24818f6914c6 6d57de5d47e847669aa23a284f23fa0e 302ea2da68b043988fe7d1812faecc10 - - default default] No more DHCP agents
2026-05-09 14:03:26.864 10 WARNING neutron.api.rpc.agentnotifiers.dhcp_rpc_agent_api [None req-603d9fbf-def3-4377-8139-24818f6914c6 6d57de5d47e847669aa23a284f23fa0e 302ea2da68b043988fe7d1812faecc10 - - default default] Unable to schedule network 94de0292-a3e5-450a-8aa2-3a0ca93c7c9a: no agents available; will retry on subsequent port and subnet creation events.
2026-05-09 14:03:26.895 10 INFO neutron.db.ovn_revision_numbers_db [None req-603d9fbf-def3-4377-8139-24818f6914c6 6d57de5d47e847669aa23a284f23fa0e 302ea2da68b043988fe7d1812faecc10 - - default default] Successfully bumped revision number for resource 549cc868-f782-4614-82fc-35654c180d38 (type: subnets) to 0
2026-05-09 14:03:26.910 10 INFO neutron.wsgi [None req-603d9fbf-def3-4377-8139-24818f6914c6 6d57de5d47e847669aa23a284f23fa0e 302ea2da68b043988fe7d1812faecc10 - - default default] 10.0.0.11 "POST /v2.0/subnets HTTP/1.1" status: 201 len: 821 time: 0.2823431
2026-05-09 14:03:26.920 10 WARNING neutron_lib.context [None req-ba1f1fd6-5fd5-40ef-999c-f3bf9ab5f450 6d57de5d47e847669aa23a284f23fa0e 302ea2da68b043988fe7d1812faecc10 - - default default] Method 'is_advsvc' is deprecated since 2023.2 release (neutron-lib 3.8.0) and will be removed once support for the old RBAC API policies will be removed from Neutron. Please use method 'is_service_role' instead.
2026-05-09 14:03:27.055 10 INFO neutron.db.ovn_revision_numbers_db [None req-ba1f1fd6-5fd5-40ef-999c-f3bf9ab5f450 6d57de5d47e847669aa23a284f23fa0e 302ea2da68b043988fe7d1812faecc10 - - default default] Successfully bumped revision number for resource a7da49c7-5302-4275-9eff-e33d21a61a4c (type: routers) to 1
2026-05-09 14:03:27.072 10 INFO neutron.wsgi [None req-ba1f1fd6-5fd5-40ef-999c-f3bf9ab5f450 6d57de5d47e847669aa23a284f23fa0e 302ea2da68b043988fe7d1812faecc10 - - default default] 10.0.0.11 "POST /v2.0/routers HTTP/1.1" status: 201 len: 690 time: 0.1567514
2026-05-09 14:03:27.081 10 WARNING neutron_lib.context [None req-ba18a6df-79db-4039-9f38-316a6c38a006 6d57de5d47e847669aa23a284f23fa0e 302ea2da68b043988fe7d1812faecc10 - - default default] Method 'is_advsvc' is deprecated since 2023.2 release (neutron-lib 3.8.0) and will be removed once support for the old RBAC API policies will be removed from Neutron. Please use method 'is_service_role' instead.
2026-05-09 14:03:27.412 10 WARNING neutron.scheduler.dhcp_agent_scheduler [None req-ba18a6df-79db-4039-9f38-316a6c38a006 6d57de5d47e847669aa23a284f23fa0e 302ea2da68b043988fe7d1812faecc10 - - default default] No more DHCP agents
2026-05-09 14:03:27.415 10 WARNING neutron.api.rpc.agentnotifiers.dhcp_rpc_agent_api [None req-ba18a6df-79db-4039-9f38-316a6c38a006 6d57de5d47e847669aa23a284f23fa0e 302ea2da68b043988fe7d1812faecc10 - - default default] Unable to schedule network 94de0292-a3e5-450a-8aa2-3a0ca93c7c9a: no agents available; will retry on subsequent port and subnet creation events.
2026-05-09 14:03:27.542 10 INFO neutron.db.ovn_revision_numbers_db [None req-ba18a6df-79db-4039-9f38-316a6c38a006 6d57de5d47e847669aa23a284f23fa0e 302ea2da68b043988fe7d1812faecc10 - - default default] Successfully bumped revision number for resource d84cb511-3b82-4a22-9984-a628a181dca6 (type: ports) to 1
2026-05-09 14:03:27.563 10 INFO neutron.wsgi [None req-ba18a6df-79db-4039-9f38-316a6c38a006 6d57de5d47e847669aa23a284f23fa0e 302ea2da68b043988fe7d1812faecc10 - - default default] 10.0.0.11 "POST /v2.0/ports HTTP/1.1" status: 201 len: 1163 time: 0.4871628 /var/lib/openstack/lib/python3.10/site-packages/pycadf/identifier.py:71: UserWarning: Invalid uuid: neutron. To ensure interoperability, identifiers should be a valid uuid. warnings.warn(('Invalid uuid: %s. To ensure interoperability, '
2026-05-09 14:03:27.625 9 INFO neutron.wsgi [None req-753ae7da-7f70-4d7e-a036-1e6472ab7ded 3c59e1930c51411784149cb32a72de0e ca62223c9c284d8798eb9fd6c980a21d - - default default] 10.0.0.11 "GET /v2.0/ports/240a8556-ebd9-4aac-8c2d-eb089fa32cad HTTP/1.1" status: 200 len: 1135 time: 0.0422873
2026-05-09 14:03:27.696 10 WARNING neutron.plugins.ml2.drivers.ovn.mech_driver.ovsdb.ovn_client [None req-10273ac3-c27f-4488-ae81-b8b2ed9c7008 - - - - - -] No port found with ID 01667b4f-d453-48e1-b374-ce385294dd8f: RuntimeError: No port found with ID 01667b4f-d453-48e1-b374-ce385294dd8f
2026-05-09 14:03:27.697 10 INFO neutron.plugins.ml2.drivers.ovn.mech_driver.mech_driver [None req-10273ac3-c27f-4488-ae81-b8b2ed9c7008 - - - - - -] OVN reports status up for port: 240a8556-ebd9-4aac-8c2d-eb089fa32cad
2026-05-09 14:03:27.711 10 INFO neutron.plugins.ml2.plugin [None req-10273ac3-c27f-4488-ae81-b8b2ed9c7008 - - - - - -] Attempt 1 to provision port 240a8556-ebd9-4aac-8c2d-eb089fa32cad
2026-05-09 14:03:27.987 9 INFO neutron.plugins.ml2.drivers.ovn.mech_driver.mech_driver [None req-f95c564e-2f7f-46ed-a315-89a1dd8e37e0 - - - - - -] OVN reports status up for port: d84cb511-3b82-4a22-9984-a628a181dca6
2026-05-09 14:03:27.995 9 INFO neutron.plugins.ml2.plugin [None req-f95c564e-2f7f-46ed-a315-89a1dd8e37e0 - - - - - -] Attempt 1 to provision port d84cb511-3b82-4a22-9984-a628a181dca6
2026-05-09 14:03:28.251 10 INFO neutron.db.ovn_revision_numbers_db [None req-fd6a2cc5-803d-4297-b6b3-9fbf35af7f02 6d57de5d47e847669aa23a284f23fa0e 302ea2da68b043988fe7d1812faecc10 - - default default] Successfully bumped revision number for resource d84cb511-3b82-4a22-9984-a628a181dca6 (type: router_ports) to 2
2026-05-09 14:03:28.334 9 INFO neutron.db.ovn_revision_numbers_db [None req-f95c564e-2f7f-46ed-a315-89a1dd8e37e0 - - - - - -] Successfully bumped revision number for resource d84cb511-3b82-4a22-9984-a628a181dca6 (type: ports) to 3
2026-05-09 14:03:28.349 10 ERROR ovsdbapp.backend.ovs_idl.transaction [None req-fd6a2cc5-803d-4297-b6b3-9fbf35af7f02 6d57de5d47e847669aa23a284f23fa0e 302ea2da68b043988fe7d1812faecc10 - - default default]
Traceback (most recent call last): File "/var/lib/openstack/lib/python3.10/site-packages/ovsdbapp/backend/ovs_idl/connection.py", line 118, in run txn.results.put(txn.do_commit())
File "/var/lib/openstack/lib/python3.10/site-packages/ovsdbapp/backend/ovs_idl/transaction.py", line 92, in do_commit command.run_idl(txn)
File "/var/lib/openstack/lib/python3.10/site-packages/neutron/plugins/ml2/drivers/ovn/mech_driver/ovsdb/commands.py", line 823, in run_idl raise ovn_exc.RevisionConflict( neutron.common.ovn.exceptions.RevisionConflict: OVN revision number for d84cb511-3b82-4a22-9984-a628a181dca6 (type: ports) is higher than the given resource. Skipping update 
2026-05-09 14:03:28.349 10 INFO neutron.plugins.ml2.drivers.ovn.mech_driver.ovsdb.impl_idl_ovn [None req-fd6a2cc5-803d-4297-b6b3-9fbf35af7f02 6d57de5d47e847669aa23a284f23fa0e 302ea2da68b043988fe7d1812faecc10 - - default default] Transaction aborted. Reason: OVN revision number for d84cb511-3b82-4a22-9984-a628a181dca6 (type: ports) is higher than the given resource. Skipping update
2026-05-09 14:03:28.350 10 INFO neutron.db.ovn_revision_numbers_db [None req-10273ac3-c27f-4488-ae81-b8b2ed9c7008 - - - - - -] Successfully bumped revision number for resource 240a8556-ebd9-4aac-8c2d-eb089fa32cad (type: ports) to 2
2026-05-09 14:03:28.415 9 INFO neutron.db.ovn_revision_numbers_db [None req-f95c564e-2f7f-46ed-a315-89a1dd8e37e0 - - - - - -] Successfully bumped revision number for resource d84cb511-3b82-4a22-9984-a628a181dca6 (type: router_ports) to 3
2026-05-09 14:03:28.455 10 INFO neutron.db.ovn_revision_numbers_db [None req-10273ac3-c27f-4488-ae81-b8b2ed9c7008 - - - - - -] Successfully bumped revision number for resource 240a8556-ebd9-4aac-8c2d-eb089fa32cad (type: router_ports) to 2 /var/lib/openstack/lib/python3.10/site-packages/pycadf/identifier.py:71: UserWarning: Invalid uuid: neutron. To ensure interoperability, identifiers should be a valid uuid. warnings.warn(('Invalid uuid: %s. To ensure interoperability, '
2026-05-09 14:03:28.665 9 INFO neutron.wsgi [None req-e64a567a-c438-4a07-aa48-a78181d0de70 3c59e1930c51411784149cb32a72de0e ca62223c9c284d8798eb9fd6c980a21d - - default default] 10.0.0.11 "GET /v2.0/ports/240a8556-ebd9-4aac-8c2d-eb089fa32cad HTTP/1.1" status: 200 len: 1137 time: 0.0342557
2026-05-09 14:03:28.900 10 INFO neutron.db.ovn_revision_numbers_db [None req-fd6a2cc5-803d-4297-b6b3-9fbf35af7f02 6d57de5d47e847669aa23a284f23fa0e 302ea2da68b043988fe7d1812faecc10 - - default default] Successfully bumped revision number for resource d84cb511-3b82-4a22-9984-a628a181dca6 (type: ports) to 3
2026-05-09 14:03:28.975 10 WARNING neutron.scheduler.dhcp_agent_scheduler [None req-fd6a2cc5-803d-4297-b6b3-9fbf35af7f02 6d57de5d47e847669aa23a284f23fa0e 302ea2da68b043988fe7d1812faecc10 - - default default] No more DHCP agents
2026-05-09 14:03:28.976 10 WARNING neutron.api.rpc.agentnotifiers.dhcp_rpc_agent_api [None req-fd6a2cc5-803d-4297-b6b3-9fbf35af7f02 6d57de5d47e847669aa23a284f23fa0e 302ea2da68b043988fe7d1812faecc10 - - default default] Unable to schedule network 94de0292-a3e5-450a-8aa2-3a0ca93c7c9a: no agents available; will retry on subsequent port and subnet creation events.
2026-05-09 14:03:29.148 10 INFO neutron.db.ovn_revision_numbers_db [None req-fd6a2cc5-803d-4297-b6b3-9fbf35af7f02 6d57de5d47e847669aa23a284f23fa0e 302ea2da68b043988fe7d1812faecc10 - - default default] Successfully bumped revision number for resource d84cb511-3b82-4a22-9984-a628a181dca6 (type: router_ports) to 3
2026-05-09 14:03:29.151 10 INFO neutron.wsgi [None req-fd6a2cc5-803d-4297-b6b3-9fbf35af7f02 6d57de5d47e847669aa23a284f23fa0e 302ea2da68b043988fe7d1812faecc10 - - default default] 10.0.0.11 "PUT /v2.0/routers/a7da49c7-5302-4275-9eff-e33d21a61a4c/add_router_interface HTTP/1.1" status: 200 len: 503 time: 1.5811272 /var/lib/openstack/lib/python3.10/site-packages/pycadf/identifier.py:71: UserWarning: Invalid uuid: neutron. To ensure interoperability, identifiers should be a valid uuid. warnings.warn(('Invalid uuid: %s. To ensure interoperability, '
2026-05-09 14:03:29.189 10 INFO neutron.wsgi [None req-fdcb6f3f-b1c0-4f70-8f9c-f01bcd22cd63 6d57de5d47e847669aa23a284f23fa0e 302ea2da68b043988fe7d1812faecc10 - - default default] 10.0.0.11 "GET /v2.0/ports/d84cb511-3b82-4a22-9984-a628a181dca6 HTTP/1.1" status: 200 len: 1221 time: 0.0322711
2026-05-09 14:03:29.306 9 INFO neutron.wsgi [None req-d8e5c6ff-818a-4e03-8a59-aab4270cf806 3c59e1930c51411784149cb32a72de0e ca62223c9c284d8798eb9fd6c980a21d - - default default] 10.0.0.11 "PUT /v2.0/routers/f96ee614-e93b-439a-9fa2-34c681a57512/remove_router_interface HTTP/1.1" status: 200 len: 503 time: 0.6373973 /var/lib/openstack/lib/python3.10/site-packages/pycadf/identifier.py:71: UserWarning: Invalid uuid: neutron. To ensure interoperability, identifiers should be a valid uuid. warnings.warn(('Invalid uuid: %s. To ensure interoperability, '
2026-05-09 14:03:29.335 9 INFO neutron.wsgi [None req-e7eed4f3-5027-4a83-932b-0a01e223996d 3c59e1930c51411784149cb32a72de0e ca62223c9c284d8798eb9fd6c980a21d - - default default] 10.0.0.11 "GET /v2.0/ports?device_id=f96ee614-e93b-439a-9fa2-34c681a57512 HTTP/1.1" status: 200 len: 205 time: 0.0243459
2026-05-09 14:03:29.809 10 INFO neutron.wsgi [None req-7c64afa3-56cb-429c-946e-b447ee1de450 6d57de5d47e847669aa23a284f23fa0e 302ea2da68b043988fe7d1812faecc10 - - default default] 10.0.0.11 "PUT /v2.0/routers/a7da49c7-5302-4275-9eff-e33d21a61a4c/remove_router_interface HTTP/1.1" status: 200 len: 503 time: 0.6050568 /var/lib/openstack/lib/python3.10/site-packages/pycadf/identifier.py:71: UserWarning: Invalid uuid: neutron. To ensure interoperability, identifiers should be a valid uuid. warnings.warn(('Invalid uuid: %s. To ensure interoperability, '
2026-05-09 14:03:29.830 9 INFO neutron.wsgi [None req-7b9aead6-1844-4a90-9f72-d1c136388c3c 3c59e1930c51411784149cb32a72de0e ca62223c9c284d8798eb9fd6c980a21d - - default default] 10.0.0.11 "DELETE /v2.0/routers/f96ee614-e93b-439a-9fa2-34c681a57512 HTTP/1.1" status: 204 len: 168 time: 0.4896276
2026-05-09 14:03:29.891 10 INFO neutron.api.v2.resource [None req-20196aab-f26a-4b5a-893f-85ab14edb7a5 6d57de5d47e847669aa23a284f23fa0e 302ea2da68b043988fe7d1812faecc10 - - default default] remove_router_interface failed (client error): The resource could not be found.
2026-05-09 14:03:29.892 10 INFO neutron.wsgi [None req-20196aab-f26a-4b5a-893f-85ab14edb7a5 6d57de5d47e847669aa23a284f23fa0e 302ea2da68b043988fe7d1812faecc10 - - default default] 10.0.0.11 "PUT /v2.0/routers/a7da49c7-5302-4275-9eff-e33d21a61a4c/remove_router_interface HTTP/1.1" status: 404 len: 398 time: 0.0766749
2026-05-09 14:03:29.917 10 INFO neutron.wsgi [None req-ee39be52-3b14-41e1-9c67-0de154af0dbd 6d57de5d47e847669aa23a284f23fa0e 302ea2da68b043988fe7d1812faecc10 - - default default] 10.0.0.11 "GET /v2.0/ports?device_id=a7da49c7-5302-4275-9eff-e33d21a61a4c HTTP/1.1" status: 200 len: 205 time: 0.0188236
2026-05-09 14:03:30.046 9 INFO neutron.wsgi [None req-0377cbb4-c371-4692-b731-1d67111c45d7 3c59e1930c51411784149cb32a72de0e ca62223c9c284d8798eb9fd6c980a21d - - default default] 10.0.0.11 "DELETE /v2.0/subnets/c4d94dc9-a4be-4773-a91b-e96a78b97cd8 HTTP/1.1" status: 204 len: 168 time: 0.2106502
2026-05-09 14:03:30.205 10 INFO neutron.wsgi [req-de8129f1-5a73-463e-8004-871c1a7a2117 req-bbe20614-c2e5-4da6-8ae9-a6a1797c1d0e 4b67dcd5aa72433a9c9c51e3f8259e4c 30a8bedc6d464f10999e32b385c716fd - - d811e5d5de204ad2864da0e08373b371 d811e5d5de204ad2864da0e08373b371] 10.0.0.93 "GET /v2.0/ports?device_id=6635ec1f-8c7d-417f-b1f3-6fdb190290a3 HTTP/1.1" status: 200 len: 1409 time: 0.0569699
2026-05-09 14:03:30.220 10 INFO neutron.wsgi [None req-fbe12b3c-a17a-4e30-8c2f-2d2e45ad7c08 6d57de5d47e847669aa23a284f23fa0e 302ea2da68b043988fe7d1812faecc10 - - default default] 10.0.0.11 "DELETE /v2.0/routers/a7da49c7-5302-4275-9eff-e33d21a61a4c HTTP/1.1" status: 204 len: 168 time: 0.2982657
2026-05-09 14:03:30.264 10 INFO neutron.wsgi [req-de8129f1-5a73-463e-8004-871c1a7a2117 req-48886b4a-09ca-42b1-8ebd-b01cf99fb981 4b67dcd5aa72433a9c9c51e3f8259e4c 30a8bedc6d464f10999e32b385c716fd - - d811e5d5de204ad2864da0e08373b371 d811e5d5de204ad2864da0e08373b371] 10.0.0.93 "GET /v2.0/security-groups?id=c03f2936-806b-43b3-8983-a1a5a114f8c0&fields=id&fields=name HTTP/1.1" status: 200 len: 312 time: 0.0532792
2026-05-09 14:03:30.404 10 INFO neutron.wsgi [None req-2c249d80-5598-4f51-be34-e61ac1a5d25e 6d57de5d47e847669aa23a284f23fa0e 302ea2da68b043988fe7d1812faecc10 - - default default] 10.0.0.11 "DELETE /v2.0/subnets/549cc868-f782-4614-82fc-35654c180d38 HTTP/1.1" status: 204 len: 168 time: 0.1783690
2026-05-09 14:03:30.439 9 INFO neutron.services.segments.plugin [-] Segment def78628-3e34-49ba-8eac-e02f7a0464e7 resource provider aggregate not found
2026-05-09 14:03:30.444 9 INFO neutron.services.segments.plugin [-] Segment def78628-3e34-49ba-8eac-e02f7a0464e7 resource provider aggregate not found
2026-05-09 14:03:30.460 9 INFO neutron.services.segments.plugin [-] Segment def78628-3e34-49ba-8eac-e02f7a0464e7 resource provider not found; error: Placement Client Error (4xx): {"errors": [{"status": 404, "title": "Not Found", "detail": "The resource could not be found.\n\n No resource provider with uuid def78628-3e34-49ba-8eac-e02f7a0464e7 found for delete ", "request_id": "req-2f0584c8-e690-4a1c-b16c-bbb1c4ca59ca"}]}
2026-05-09 14:03:30.470 9 INFO neutron.services.segments.plugin [-] Segment def78628-3e34-49ba-8eac-e02f7a0464e7 resource provider not found; error: Placement Client Error (4xx): {"errors": [{"status": 404, "title": "Not Found", "detail": "The resource could not be found.\n\n No resource provider with uuid def78628-3e34-49ba-8eac-e02f7a0464e7 found for delete ", "request_id": "req-b9eb2a2a-ba46-4768-ac39-86ebc77656bd"}]}
2026-05-09 14:03:30.498 9 INFO neutron.wsgi [None req-2d82f2d4-70a5-488a-9fc2-4aecec0682be 3c59e1930c51411784149cb32a72de0e ca62223c9c284d8798eb9fd6c980a21d - - default default] 10.0.0.11 "DELETE /v2.0/networks/69d9e00c-5dbf-46b8-985e-2b7af66874cb HTTP/1.1" status: 204 len: 168 time: 0.4460745
2026-05-09 14:03:30.515 9 WARNING neutron_lib.context [None req-cd4066f0-70d4-42e6-8aad-29ed8a3d9f15 3c59e1930c51411784149cb32a72de0e ca62223c9c284d8798eb9fd6c980a21d - - default default] Method 'is_advsvc' is deprecated since 2023.2 release (neutron-lib 3.8.0) and will be removed once support for the old RBAC API policies will be removed from Neutron. Please use method 'is_service_role' instead.
2026-05-09 14:03:30.841 10 INFO neutron.services.segments.plugin [-] Segment a1685c19-8ed6-4b6a-a1d5-1f7ed0cfa013 resource provider aggregate not found
2026-05-09 14:03:30.846 10 INFO neutron.services.segments.plugin [-] Segment a1685c19-8ed6-4b6a-a1d5-1f7ed0cfa013 resource provider aggregate not found
2026-05-09 14:03:30.861 10 INFO neutron.services.segments.plugin [-] Segment a1685c19-8ed6-4b6a-a1d5-1f7ed0cfa013 resource provider not found; error: Placement Client Error (4xx): {"errors": [{"status": 404, "title": "Not Found", "detail": "The resource could not be found.\n\n No resource provider with uuid a1685c19-8ed6-4b6a-a1d5-1f7ed0cfa013 found for delete ", "request_id": "req-c5034711-ecdc-442c-b0f7-66e518ff9dea"}]}
2026-05-09 14:03:30.868 10 INFO neutron.services.segments.plugin [-] Segment a1685c19-8ed6-4b6a-a1d5-1f7ed0cfa013 resource provider not found; error: Placement Client Error (4xx): {"errors": [{"status": 404, "title": "Not Found", "detail": "The resource could not be found.\n\n No resource provider with uuid a1685c19-8ed6-4b6a-a1d5-1f7ed0cfa013 found for delete ", "request_id": "req-3f155bb0-cdda-4129-88c6-a00d5fec3624"}]}
2026-05-09 14:03:30.882 10 INFO neutron.wsgi [None req-83a2e8af-a764-42c3-a29a-a4189d6f49a2 6d57de5d47e847669aa23a284f23fa0e 302ea2da68b043988fe7d1812faecc10 - - default default] 10.0.0.11 "DELETE /v2.0/networks/94de0292-a3e5-450a-8aa2-3a0ca93c7c9a HTTP/1.1" status: 204 len: 168 time: 0.4739842
2026-05-09 14:03:30.897 9 WARNING neutron_lib.context [None req-171222cd-8d0e-4b7e-bf6b-3579ace9a635 6d57de5d47e847669aa23a284f23fa0e 302ea2da68b043988fe7d1812faecc10 - - default default] Method 'is_advsvc' is deprecated since 2023.2 release (neutron-lib 3.8.0) and will be removed once support for the old RBAC API policies will be removed from Neutron. Please use method 'is_service_role' instead.
2026-05-09 14:03:30.986 9 INFO neutron.db.segments_db [None req-171222cd-8d0e-4b7e-bf6b-3579ace9a635 6d57de5d47e847669aa23a284f23fa0e 302ea2da68b043988fe7d1812faecc10 - - default default] Added segment e9ee19e8-3b26-4861-a9d5-b45c1bf3c185 of type geneve for network 748466ef-097c-49a5-8df2-a616204788cb
2026-05-09 14:03:31.028 9 WARNING neutron.scheduler.dhcp_agent_scheduler [None req-cd4066f0-70d4-42e6-8aad-29ed8a3d9f15 3c59e1930c51411784149cb32a72de0e ca62223c9c284d8798eb9fd6c980a21d - - default default] No more DHCP agents
2026-05-09 14:03:31.033 9 WARNING neutron.api.rpc.agentnotifiers.dhcp_rpc_agent_api [None req-cd4066f0-70d4-42e6-8aad-29ed8a3d9f15 3c59e1930c51411784149cb32a72de0e ca62223c9c284d8798eb9fd6c980a21d - - default default] Unable to schedule network 9b938021-88fb-4384-8cbc-c04ee322a3e1: no agents available; will retry on subsequent port and subnet creation events.
2026-05-09 14:03:31.158 9 INFO neutron.db.ovn_revision_numbers_db [None req-171222cd-8d0e-4b7e-bf6b-3579ace9a635 6d57de5d47e847669aa23a284f23fa0e 302ea2da68b043988fe7d1812faecc10 - - default default] Successfully bumped revision number for resource 748466ef-097c-49a5-8df2-a616204788cb (type: networks) to 1
2026-05-09 14:03:31.262 9 INFO neutron.db.ovn_revision_numbers_db [None req-cd4066f0-70d4-42e6-8aad-29ed8a3d9f15 3c59e1930c51411784149cb32a72de0e ca62223c9c284d8798eb9fd6c980a21d - - default default] Successfully bumped revision number for resource f06c07f4-1875-48db-ae56-bfe71dd02696 (type: ports) to 1
2026-05-09 14:03:31.369 9 WARNING neutron.scheduler.dhcp_agent_scheduler [None req-171222cd-8d0e-4b7e-bf6b-3579ace9a635 6d57de5d47e847669aa23a284f23fa0e 302ea2da68b043988fe7d1812faecc10 - - default default] No more DHCP agents
2026-05-09 14:03:31.381 9 WARNING neutron.api.rpc.agentnotifiers.dhcp_rpc_agent_api [None req-171222cd-8d0e-4b7e-bf6b-3579ace9a635 6d57de5d47e847669aa23a284f23fa0e 302ea2da68b043988fe7d1812faecc10 - - default default] Unable to schedule network 748466ef-097c-49a5-8df2-a616204788cb: no agents available; will retry on subsequent port and subnet creation events.
2026-05-09 14:03:31.481 9 INFO neutron.db.ovn_revision_numbers_db [None req-171222cd-8d0e-4b7e-bf6b-3579ace9a635 6d57de5d47e847669aa23a284f23fa0e 302ea2da68b043988fe7d1812faecc10 - - default default] Successfully bumped revision number for resource 5815aec8-6f36-43ee-b07d-1cd7924a19ab (type: ports) to 1
2026-05-09 14:03:31.510 9 INFO neutron.wsgi [None req-171222cd-8d0e-4b7e-bf6b-3579ace9a635 6d57de5d47e847669aa23a284f23fa0e 302ea2da68b043988fe7d1812faecc10 - - default default] 10.0.0.11 "POST /v2.0/networks HTTP/1.1" status: 201 len: 833 time: 0.6188784
2026-05-09 14:03:31.533 9 WARNING neutron_lib.context [None req-5f21f169-21fb-4026-bc0d-4a27ae705209 6d57de5d47e847669aa23a284f23fa0e 302ea2da68b043988fe7d1812faecc10 - - default default] Method 'is_advsvc' is deprecated since 2023.2 release (neutron-lib 3.8.0) and will be removed once support for the old RBAC API policies will be removed from Neutron. Please use method 'is_service_role' instead.
2026-05-09 14:03:31.833 9 WARNING neutron.scheduler.dhcp_agent_scheduler [None req-5f21f169-21fb-4026-bc0d-4a27ae705209 6d57de5d47e847669aa23a284f23fa0e 302ea2da68b043988fe7d1812faecc10 - - default default] No more DHCP agents
2026-05-09 14:03:31.839 9 WARNING neutron.api.rpc.agentnotifiers.dhcp_rpc_agent_api [None req-5f21f169-21fb-4026-bc0d-4a27ae705209 6d57de5d47e847669aa23a284f23fa0e 302ea2da68b043988fe7d1812faecc10 - - default default] Unable to schedule network 748466ef-097c-49a5-8df2-a616204788cb: no agents available; will retry on subsequent port and subnet creation events.
2026-05-09 14:03:31.884 9 INFO neutron.db.ovn_revision_numbers_db [None req-5f21f169-21fb-4026-bc0d-4a27ae705209 6d57de5d47e847669aa23a284f23fa0e 302ea2da68b043988fe7d1812faecc10 - - default default] Successfully bumped revision number for resource a7ad2d4e-16a3-40c7-96e7-539ce82b7d68 (type: subnets) to 0
2026-05-09 14:03:31.922 9 INFO neutron.wsgi [None req-5f21f169-21fb-4026-bc0d-4a27ae705209 6d57de5d47e847669aa23a284f23fa0e 302ea2da68b043988fe7d1812faecc10 - - default default] 10.0.0.11 "POST /v2.0/subnets HTTP/1.1" status: 201 len: 821 time: 0.4045255
2026-05-09 14:03:31.934 9 WARNING neutron_lib.context [None req-c4805b32-9202-49c4-a33b-ec2b502a458f 6d57de5d47e847669aa23a284f23fa0e 302ea2da68b043988fe7d1812faecc10 - - default default] Method 'is_advsvc' is deprecated since 2023.2 release (neutron-lib 3.8.0) and will be removed once support for the old RBAC API policies will be removed from Neutron. Please use method 'is_service_role' instead.
2026-05-09 14:03:32.006 9 INFO neutron.db.ovn_revision_numbers_db [None req-cd4066f0-70d4-42e6-8aad-29ed8a3d9f15 3c59e1930c51411784149cb32a72de0e ca62223c9c284d8798eb9fd6c980a21d - - default default] Successfully bumped revision number for resource f06c07f4-1875-48db-ae56-bfe71dd02696 (type: router_ports) to 1
2026-05-09 14:03:32.092 10 INFO neutron.wsgi [None req-585f0f63-fea3-4bfd-b217-3458712d5979 e951140929144ef39f16e91db947fe38 e4a67a7c9e2243b38379e4d6a1c66eb4 - - default default] 10.0.0.11 "GET /v2.0/ports?project_id=a4a94f06e3e544849cf5604263794b13&network_id=b4ef658c-c97a-4091-b41a-73d680a762b4 HTTP/1.1" status: 200 len: 3510 time: 0.0705066
2026-05-09 14:03:32.365 9 INFO neutron.db.ovn_revision_numbers_db [None req-cd4066f0-70d4-42e6-8aad-29ed8a3d9f15 3c59e1930c51411784149cb32a72de0e ca62223c9c284d8798eb9fd6c980a21d - - default default] Successfully bumped revision number for resource 19c96fa8-1ca8-431a-a051-b7af3b535b2f (type: routers) to 2
2026-05-09 14:03:32.367 9 INFO neutron.db.ovn_revision_numbers_db [None req-c4805b32-9202-49c4-a33b-ec2b502a458f 6d57de5d47e847669aa23a284f23fa0e 302ea2da68b043988fe7d1812faecc10 - - default default] Successfully bumped revision number for resource 05f46308-2873-4a2d-bc0a-1fed7de65133 (type: routers) to 1
2026-05-09 14:03:32.391 9 INFO neutron.wsgi [None req-cd4066f0-70d4-42e6-8aad-29ed8a3d9f15 3c59e1930c51411784149cb32a72de0e ca62223c9c284d8798eb9fd6c980a21d - - default default] 10.0.0.11 "POST /v2.0/routers HTTP/1.1" status: 201 len: 868 time: 1.8826356
2026-05-09 14:03:32.402 10 INFO neutron.wsgi [None req-6edb3f53-5130-4efc-a791-f508c54a0a36 e951140929144ef39f16e91db947fe38 e4a67a7c9e2243b38379e4d6a1c66eb4 - - default default] 10.0.0.11 "GET /v2.0/subnets?network_id=9b938021-88fb-4384-8cbc-c04ee322a3e1 HTTP/1.1" status: 200 len: 838 time: 0.0671825
2026-05-09 14:03:32.426 9 INFO neutron.wsgi [None req-c4805b32-9202-49c4-a33b-ec2b502a458f 6d57de5d47e847669aa23a284f23fa0e 302ea2da68b043988fe7d1812faecc10 - - default default] 10.0.0.11 "POST /v2.0/routers HTTP/1.1" status: 201 len: 691 time: 0.4968987
2026-05-09 14:03:32.495 9 INFO neutron.wsgi [None req-9933d59f-f1b1-43af-9146-e5933c7d92e1 3c59e1930c51411784149cb32a72de0e ca62223c9c284d8798eb9fd6c980a21d - - default default] 10.0.0.11 "GET /v2.0/routers/19c96fa8-1ca8-431a-a051-b7af3b535b2f HTTP/1.1" status: 200 len: 869 time: 0.1011045
2026-05-09 14:03:32.629 9 INFO neutron.wsgi [None req-702ea846-209f-46a4-9b5b-ccae9340573f 3c59e1930c51411784149cb32a72de0e ca62223c9c284d8798eb9fd6c980a21d - - default default] 10.0.0.11 "GET /v2.0/routers HTTP/1.1" status: 200 len: 872 time: 0.1251602
2026-05-09 14:03:32.668 9 WARNING neutron.plugins.ml2.drivers.ovn.mech_driver.ovsdb.ovn_client [None req-f95c564e-2f7f-46ed-a315-89a1dd8e37e0 - - - - - -] No port found with ID d84cb511-3b82-4a22-9984-a628a181dca6: RuntimeError: No port found with ID d84cb511-3b82-4a22-9984-a628a181dca6
2026-05-09 14:03:32.792 10 INFO neutron.db.l3_db [None req-4ea51f22-4fbe-4c4f-b9ed-1d72a7181d8b 78ebec1a08614cc9a600725fd0557e32 a4a94f06e3e544849cf5604263794b13 - - default default] Floating IP 91dba372-3044-4bb8-be6c-56d594ddbf12 disassociated. External IP: 10.96.250.213, port: 92f8187e-be0f-475d-98a8-5be810782446.
2026-05-09 14:03:32.835 10 INFO neutron.db.ovn_revision_numbers_db [None req-4ea51f22-4fbe-4c4f-b9ed-1d72a7181d8b 78ebec1a08614cc9a600725fd0557e32 a4a94f06e3e544849cf5604263794b13 - - default default] Successfully bumped revision number for resource 91dba372-3044-4bb8-be6c-56d594ddbf12 (type: floatingips) to 2
2026-05-09 14:03:33.105 9 INFO neutron.db.ovn_revision_numbers_db [None req-9540a92f-c52f-4e79-b987-f58129108d66 3c59e1930c51411784149cb32a72de0e ca62223c9c284d8798eb9fd6c980a21d - - default default] Successfully bumped revision number for resource 19c96fa8-1ca8-431a-a051-b7af3b535b2f (type: routers) to 3
2026-05-09 14:03:33.109 9 INFO neutron.wsgi [None req-9540a92f-c52f-4e79-b987-f58129108d66 3c59e1930c51411784149cb32a72de0e ca62223c9c284d8798eb9fd6c980a21d - - default default] 10.0.0.11 "PUT /v2.0/routers/19c96fa8-1ca8-431a-a051-b7af3b535b2f HTTP/1.1" status: 200 len: 876 time: 0.4761968 /var/lib/openstack/lib/python3.10/site-packages/pycadf/identifier.py:71: UserWarning: Invalid uuid: neutron. To ensure interoperability, identifiers should be a valid uuid. warnings.warn(('Invalid uuid: %s. To ensure interoperability, '
2026-05-09 14:03:33.128 10 WARNING neutron.plugins.ml2.drivers.ovn.mech_driver.ovsdb.ovn_client [None req-10273ac3-c27f-4488-ae81-b8b2ed9c7008 - - - - - -] No port found with ID 240a8556-ebd9-4aac-8c2d-eb089fa32cad: RuntimeError: No port found with ID 240a8556-ebd9-4aac-8c2d-eb089fa32cad
2026-05-09 14:03:33.128 10 INFO neutron.plugins.ml2.drivers.ovn.mech_driver.mech_driver [None req-10273ac3-c27f-4488-ae81-b8b2ed9c7008 - - - - - -] OVN reports status up for port: f06c07f4-1875-48db-ae56-bfe71dd02696
2026-05-09 14:03:33.144 10 INFO neutron.plugins.ml2.plugin [None req-10273ac3-c27f-4488-ae81-b8b2ed9c7008 - - - - - -] Attempt 1 to provision port f06c07f4-1875-48db-ae56-bfe71dd02696
2026-05-09 14:03:33.181 10 INFO neutron.wsgi [None req-4ea51f22-4fbe-4c4f-b9ed-1d72a7181d8b 78ebec1a08614cc9a600725fd0557e32 a4a94f06e3e544849cf5604263794b13 - - default default] 10.0.0.11 "PUT /v2.0/floatingips/91dba372-3044-4bb8-be6c-56d594ddbf12 HTTP/1.1" status: 200 len: 748 time: 0.5918448
2026-05-09 14:03:33.215 9 INFO neutron.wsgi [None req-f1edc740-369c-40e4-9749-83e07ae34709 3c59e1930c51411784149cb32a72de0e ca62223c9c284d8798eb9fd6c980a21d - - default default] 10.0.0.11 "GET /v2.0/routers/19c96fa8-1ca8-431a-a051-b7af3b535b2f HTTP/1.1" status: 200 len: 876 time: 0.0978763
2026-05-09 14:03:33.219 9 INFO neutron.wsgi [None req-7d68384d-cbfd-4920-9809-f8fd8ae1959d 78ebec1a08614cc9a600725fd0557e32 a4a94f06e3e544849cf5604263794b13 - - default default] 10.0.0.11 "GET /v2.0/floatingips/91dba372-3044-4bb8-be6c-56d594ddbf12 HTTP/1.1" status: 200 len: 746 time: 0.0311575
2026-05-09 14:03:33.226 10 INFO neutron.notifiers.nova [-] Nova event matching ['req-3b75e7d5-0785-4356-b4af-9ffeaade7862'] response: {'name': 'network-changed', 'server_uuid': '6635ec1f-8c7d-417f-b1f3-6fdb190290a3', 'tag': '92f8187e-be0f-475d-98a8-5be810782446', 'status': 'completed', 'code': 200}
2026-05-09 14:03:33.239 9 INFO neutron.wsgi [None req-8e632058-e9f0-4b1a-a8c1-69cc420aa924 3c59e1930c51411784149cb32a72de0e ca62223c9c284d8798eb9fd6c980a21d - - default default] 10.0.0.11 "GET /v2.0/ports?device_id=19c96fa8-1ca8-431a-a051-b7af3b535b2f HTTP/1.1" status: 200 len: 205 time: 0.0192411
2026-05-09 14:03:33.296 10 WARNING neutron.scheduler.dhcp_agent_scheduler [None req-0818aefb-66f5-4d19-b537-84d6f74ee845 6d57de5d47e847669aa23a284f23fa0e 302ea2da68b043988fe7d1812faecc10 - - default default] No more DHCP agents
2026-05-09 14:03:33.300 10 WARNING neutron.api.rpc.agentnotifiers.dhcp_rpc_agent_api [None req-0818aefb-66f5-4d19-b537-84d6f74ee845 6d57de5d47e847669aa23a284f23fa0e 302ea2da68b043988fe7d1812faecc10 - - default default] Unable to schedule network 748466ef-097c-49a5-8df2-a616204788cb: no agents available; will retry on subsequent port and subnet creation events.
2026-05-09 14:03:33.307 9 INFO neutron.wsgi [req-e6a8bf4e-c66e-4d23-a5b4-7669246c99dc req-068706c7-44b9-4f47-8431-e89eb168beba 4b67dcd5aa72433a9c9c51e3f8259e4c 30a8bedc6d464f10999e32b385c716fd - - d811e5d5de204ad2864da0e08373b371 d811e5d5de204ad2864da0e08373b371] 199.204.45.157 "GET /v2.0/ports?tenant_id=a4a94f06e3e544849cf5604263794b13&device_id=6635ec1f-8c7d-417f-b1f3-6fdb190290a3 HTTP/1.1" status: 200 len: 1409 time: 0.0594218
2026-05-09 14:03:33.401 9 INFO neutron.wsgi [req-e6a8bf4e-c66e-4d23-a5b4-7669246c99dc req-92fd845d-4b0b-46b8-afe6-d095e6d083cd 4b67dcd5aa72433a9c9c51e3f8259e4c 30a8bedc6d464f10999e32b385c716fd - - d811e5d5de204ad2864da0e08373b371 d811e5d5de204ad2864da0e08373b371] 199.204.45.157 "GET /v2.0/networks?id=b4ef658c-c97a-4091-b41a-73d680a762b4 HTTP/1.1" status: 200 len: 959 time: 0.0866680
2026-05-09 14:03:33.409 10 INFO neutron.db.ovn_revision_numbers_db [None req-0818aefb-66f5-4d19-b537-84d6f74ee845 6d57de5d47e847669aa23a284f23fa0e 302ea2da68b043988fe7d1812faecc10 - - default default] Successfully bumped revision number for resource b70e815e-1a98-4992-8e69-fc7921091a53 (type: ports) to 1
2026-05-09 14:03:33.455 9 INFO neutron.wsgi [req-e6a8bf4e-c66e-4d23-a5b4-7669246c99dc req-b3c3d28a-c58d-4a1c-96d4-ef63770ef9dd 4b67dcd5aa72433a9c9c51e3f8259e4c 30a8bedc6d464f10999e32b385c716fd - - d811e5d5de204ad2864da0e08373b371 d811e5d5de204ad2864da0e08373b371] 199.204.45.157 "GET /v2.0/floatingips?fixed_ip_address=10.100.0.9&port_id=92f8187e-be0f-475d-98a8-5be810782446 HTTP/1.1" status: 200 len: 217 time: 0.0472257
2026-05-09 14:03:33.503 9 INFO neutron.wsgi [req-e6a8bf4e-c66e-4d23-a5b4-7669246c99dc req-f17df88a-a62c-44bd-bbca-541c41b5fd3a 4b67dcd5aa72433a9c9c51e3f8259e4c 30a8bedc6d464f10999e32b385c716fd - - d811e5d5de204ad2864da0e08373b371 d811e5d5de204ad2864da0e08373b371] 199.204.45.157 "GET /v2.0/subnets?id=299d69b4-81d8-4ea1-90d0-6955cfc8a261 HTTP/1.1" status: 200 len: 852 time: 0.0323954
2026-05-09 14:03:33.536 9 INFO neutron.wsgi [req-e6a8bf4e-c66e-4d23-a5b4-7669246c99dc req-794e6bef-c407-45bd-9c75-073318e5633a 4b67dcd5aa72433a9c9c51e3f8259e4c 30a8bedc6d464f10999e32b385c716fd - - d811e5d5de204ad2864da0e08373b371 d811e5d5de204ad2864da0e08373b371] 199.204.45.157 "GET /v2.0/ports?network_id=b4ef658c-c97a-4091-b41a-73d680a762b4&device_owner=network%3Adhcp HTTP/1.1" status: 200 len: 210 time: 0.0264380
2026-05-09 14:03:33.634 9 INFO neutron.wsgi [req-e6a8bf4e-c66e-4d23-a5b4-7669246c99dc req-f6d2392a-834e-4e63-9cb2-7cc73fa0fc33 4b67dcd5aa72433a9c9c51e3f8259e4c 30a8bedc6d464f10999e32b385c716fd - - d811e5d5de204ad2864da0e08373b371 d811e5d5de204ad2864da0e08373b371] 199.204.45.157 "GET /v2.0/networks/b4ef658c-c97a-4091-b41a-73d680a762b4?fields=segments HTTP/1.1" status: 200 len: 212 time: 0.0879438
2026-05-09 14:03:33.705 9 INFO neutron.wsgi [req-e6a8bf4e-c66e-4d23-a5b4-7669246c99dc req-08c238d0-be57-44aa-864c-be42f4014f05 4b67dcd5aa72433a9c9c51e3f8259e4c 30a8bedc6d464f10999e32b385c716fd - - d811e5d5de204ad2864da0e08373b371 d811e5d5de204ad2864da0e08373b371] 199.204.45.157 "GET /v2.0/networks/b4ef658c-c97a-4091-b41a-73d680a762b4?fields=provider%3Aphysical_network&fields=provider%3Anetwork_type HTTP/1.1" status: 200 len: 277 time: 0.0631790
2026-05-09 14:03:33.794 10 INFO neutron.db.ovn_revision_numbers_db [None req-0818aefb-66f5-4d19-b537-84d6f74ee845 6d57de5d47e847669aa23a284f23fa0e 302ea2da68b043988fe7d1812faecc10 - - default default] Successfully bumped revision number for resource b70e815e-1a98-4992-8e69-fc7921091a53 (type: router_ports) to 1
2026-05-09 14:03:33.920 10 INFO neutron.db.ovn_revision_numbers_db [None req-0818aefb-66f5-4d19-b537-84d6f74ee845 6d57de5d47e847669aa23a284f23fa0e 302ea2da68b043988fe7d1812faecc10 - - default default] Successfully bumped revision number for resource b70e815e-1a98-4992-8e69-fc7921091a53 (type: ports) to 1
2026-05-09 14:03:33.952 10 INFO neutron.wsgi [-] 10.0.0.66 "GET / HTTP/1.1" status: 200 len: 245 time: 0.0012820
2026-05-09 14:03:33.954 10 INFO neutron.wsgi [-] 10.0.0.66 "GET / HTTP/1.1" status: 200 len: 245 time: 0.0011144
2026-05-09 14:03:34.000 10 WARNING neutron.scheduler.dhcp_agent_scheduler [None req-0818aefb-66f5-4d19-b537-84d6f74ee845 6d57de5d47e847669aa23a284f23fa0e 302ea2da68b043988fe7d1812faecc10 - - default default] No more DHCP agents
2026-05-09 14:03:34.001 10 WARNING neutron.api.rpc.agentnotifiers.dhcp_rpc_agent_api [None req-0818aefb-66f5-4d19-b537-84d6f74ee845 6d57de5d47e847669aa23a284f23fa0e 302ea2da68b043988fe7d1812faecc10 - - default default] Unable to schedule network 748466ef-097c-49a5-8df2-a616204788cb: no agents available; will retry on subsequent port and subnet creation events.
2026-05-09 14:03:34.149 10 INFO neutron.db.ovn_revision_numbers_db [None req-0818aefb-66f5-4d19-b537-84d6f74ee845 6d57de5d47e847669aa23a284f23fa0e 302ea2da68b043988fe7d1812faecc10 - - default default] Successfully bumped revision number for resource b70e815e-1a98-4992-8e69-fc7921091a53 (type: router_ports) to 1
2026-05-09 14:03:34.151 10 INFO neutron.wsgi [None req-0818aefb-66f5-4d19-b537-84d6f74ee845 6d57de5d47e847669aa23a284f23fa0e 302ea2da68b043988fe7d1812faecc10 - - default default] 10.0.0.11 "PUT /v2.0/routers/05f46308-2873-4a2d-bc0a-1fed7de65133/add_router_interface HTTP/1.1" status: 200 len: 503 time: 1.7178853
2026-05-09 14:03:34.227 9 INFO neutron.wsgi [None req-6494c65d-dadb-4667-84c0-9090b463df39 3c59e1930c51411784149cb32a72de0e ca62223c9c284d8798eb9fd6c980a21d - - default default] 10.0.0.11 "DELETE /v2.0/routers/19c96fa8-1ca8-431a-a051-b7af3b535b2f HTTP/1.1" status: 204 len: 168 time: 0.9834993
2026-05-09 14:03:34.236 10 INFO neutron.wsgi [None req-66da6ed1-8a06-41b5-8d6b-981a5f91574c 6d57de5d47e847669aa23a284f23fa0e 302ea2da68b043988fe7d1812faecc10 - - default default] 10.0.0.11 "GET /v2.0/ports/b70e815e-1a98-4992-8e69-fc7921091a53 HTTP/1.1" status: 200 len: 1139 time: 0.0793595
2026-05-09 14:03:34.255 9 INFO neutron.wsgi [None req-7fe84076-7479-4412-b5a1-0abd611fbf63 3c59e1930c51411784149cb32a72de0e ca62223c9c284d8798eb9fd6c980a21d - - default default] 10.0.0.11 "GET /v2.0/ports?device_id=19c96fa8-1ca8-431a-a051-b7af3b535b2f HTTP/1.1" status: 200 len: 205 time: 0.0217347
2026-05-09 14:03:34.277 10 INFO neutron.wsgi [None req-842bd918-407d-4d4c-a25f-def83c6b64cc 6d57de5d47e847669aa23a284f23fa0e 302ea2da68b043988fe7d1812faecc10 - - default default] 10.0.0.11 "GET /v2.0/ports/b70e815e-1a98-4992-8e69-fc7921091a53 HTTP/1.1" status: 200 len: 1139 time: 0.0355594
2026-05-09 14:03:34.283 10 WARNING neutron_lib.context [None req-b70c1cd9-0a5d-47f3-a9fb-8e3867522e8d 78ebec1a08614cc9a600725fd0557e32 a4a94f06e3e544849cf5604263794b13 - - default default] Method 'is_advsvc' is deprecated since 2023.2 release (neutron-lib 3.8.0) and will be removed once support for the old RBAC API policies will be removed from Neutron. Please use method 'is_service_role' instead.
2026-05-09 14:03:34.288 9 INFO neutron.api.v2.resource [None req-bcdb031b-b696-43f0-bad8-17415f67b502 3c59e1930c51411784149cb32a72de0e ca62223c9c284d8798eb9fd6c980a21d - - default default] delete failed (client error): The resource could not be found.
2026-05-09 14:03:34.289 9 INFO neutron.wsgi [None req-bcdb031b-b696-43f0-bad8-17415f67b502 3c59e1930c51411784149cb32a72de0e ca62223c9c284d8798eb9fd6c980a21d - - default default] 10.0.0.11 "DELETE /v2.0/routers/19c96fa8-1ca8-431a-a051-b7af3b535b2f HTTP/1.1" status: 404 len: 336 time: 0.0272725
2026-05-09 14:03:34.314 10 INFO neutron.wsgi [None req-f51ba618-1419-4326-a715-c8646d12b3b9 3c59e1930c51411784149cb32a72de0e ca62223c9c284d8798eb9fd6c980a21d - - default default] 10.0.0.11 "GET /v2.0/ports?device_id=f96ee614-e93b-439a-9fa2-34c681a57512 HTTP/1.1" status: 200 len: 205 time: 0.0204694
2026-05-09 14:03:34.346 9 INFO neutron.api.v2.resource [None req-e9f8106b-da21-42f2-97b2-0bdbbaabcb83 3c59e1930c51411784149cb32a72de0e ca62223c9c284d8798eb9fd6c980a21d - - default default] delete failed (client error): The resource could not be found.
2026-05-09 14:03:34.347 9 INFO neutron.wsgi [None req-e9f8106b-da21-42f2-97b2-0bdbbaabcb83 3c59e1930c51411784149cb32a72de0e ca62223c9c284d8798eb9fd6c980a21d - - default default] 10.0.0.11 "DELETE /v2.0/routers/f96ee614-e93b-439a-9fa2-34c681a57512 HTTP/1.1" status: 404 len: 336 time: 0.0278437
2026-05-09 14:03:34.367 9 INFO neutron.pecan_wsgi.hooks.translation [None req-7b0892c2-f0c2-4358-9c92-8f8dec60ed2b 3c59e1930c51411784149cb32a72de0e ca62223c9c284d8798eb9fd6c980a21d - - default default] DELETE failed (client error): The resource could not be found.
2026-05-09 14:03:34.369 9 INFO neutron.wsgi [None req-7b0892c2-f0c2-4358-9c92-8f8dec60ed2b 3c59e1930c51411784149cb32a72de0e ca62223c9c284d8798eb9fd6c980a21d - - default default] 10.0.0.11 "DELETE /v2.0/subnets/c4d94dc9-a4be-4773-a91b-e96a78b97cd8 HTTP/1.1" status: 404 len: 337 time: 0.0169823
2026-05-09 14:03:34.391 9 INFO neutron.wsgi [None req-df69053a-adb2-4997-9f02-918b9467a45f 3c59e1930c51411784149cb32a72de0e ca62223c9c284d8798eb9fd6c980a21d - - default default] 10.0.0.11 "GET /v2.0/ports?device_id=f65ce9a2-93d4-4154-895b-04f1d7be73c0 HTTP/1.1" status: 200 len: 205 time: 0.0184579
2026-05-09 14:03:34.406 10 INFO neutron.db.ovn_revision_numbers_db [None req-b70c1cd9-0a5d-47f3-a9fb-8e3867522e8d 78ebec1a08614cc9a600725fd0557e32 a4a94f06e3e544849cf5604263794b13 - - default default] Successfully bumped revision number for resource 0875f495-828e-4740-83ce-647e9847d5d7 (type: security_groups) to 1
