2026-05-09 14:02:18.896 10 INFO neutron.db.ovn_revision_numbers_db [None req-7593cf98-6d30-432c-94f3-367a2513abaa b590dbd9c64c4389b093d0be7426b2a5 cc24006cfb974c3d9e246039d008146f - - default default] Successfully bumped revision number for resource 80aeeb6f-73e9-432d-b2ec-0be4d92c767d (type: security_group_rules) to 0
2026-05-09 14:02:18.900 10 INFO neutron.db.ovn_revision_numbers_db [None req-7d876d0e-d377-4567-b3d7-7013c1c3bf05 b590dbd9c64c4389b093d0be7426b2a5 cc24006cfb974c3d9e246039d008146f - - default default] Successfully bumped revision number for resource feb02478-0d9f-4d6c-9712-db6bb3b67c44 (type: security_group_rules) to 0
2026-05-09 14:02:18.914 10 INFO neutron.db.ovn_revision_numbers_db [None req-7593cf98-6d30-432c-94f3-367a2513abaa b590dbd9c64c4389b093d0be7426b2a5 cc24006cfb974c3d9e246039d008146f - - default default] Successfully bumped revision number for resource cbe704b8-9e64-4cf0-8005-0ed505eb43da (type: security_group_rules) to 0
2026-05-09 14:02:18.925 10 INFO neutron.wsgi [None req-7d876d0e-d377-4567-b3d7-7013c1c3bf05 b590dbd9c64c4389b093d0be7426b2a5 cc24006cfb974c3d9e246039d008146f - - default default] 10.0.0.11 "GET /v2.0/security-groups?tenant_id=ca0c734bea9d4144a4fdcf0d2017d657&name=default HTTP/1.1" status: 200 len: 2996 time: 0.4177680
2026-05-09 14:02:18.936 10 INFO neutron.db.ovn_revision_numbers_db [None req-7593cf98-6d30-432c-94f3-367a2513abaa b590dbd9c64c4389b093d0be7426b2a5 cc24006cfb974c3d9e246039d008146f - - default default] Successfully bumped revision number for resource fc30b523-453f-439a-9471-92c70b74e121 (type: security_group_rules) to 0
2026-05-09 14:02:18.955 9 INFO neutron.wsgi [-] 10.0.0.66 "GET / HTTP/1.1" status: 200 len: 245 time: 0.0013311
2026-05-09 14:02:18.957 10 INFO neutron.wsgi [-] 10.0.0.66 "GET / HTTP/1.1" status: 200 len: 245 time: 0.0026212
2026-05-09 14:02:18.991 10 INFO neutron.db.segments_db [None req-7593cf98-6d30-432c-94f3-367a2513abaa b590dbd9c64c4389b093d0be7426b2a5 cc24006cfb974c3d9e246039d008146f - - default default] Added segment 7893af05-2a70-4105-be28-64f04bc2fa7c of type geneve for network ae6877c8-1f21-4c37-a613-ea4c8429364c
2026-05-09 14:02:19.145 9 INFO neutron.wsgi [None req-0e89cb56-94d8-4606-83fa-ed4a6ebd7f92 b590dbd9c64c4389b093d0be7426b2a5 cc24006cfb974c3d9e246039d008146f - - default default] 10.0.0.11 "DELETE /v2.0/security-groups/deafbb46-71b1-4c79-873c-36cb4f88f64a HTTP/1.1" status: 204 len: 168 time: 0.2139568
2026-05-09 14:02:19.152 10 INFO neutron.db.ovn_revision_numbers_db [None req-7593cf98-6d30-432c-94f3-367a2513abaa b590dbd9c64c4389b093d0be7426b2a5 cc24006cfb974c3d9e246039d008146f - - default default] Successfully bumped revision number for resource ae6877c8-1f21-4c37-a613-ea4c8429364c (type: networks) to 1
2026-05-09 14:02:19.322 10 WARNING neutron.scheduler.dhcp_agent_scheduler [None req-7593cf98-6d30-432c-94f3-367a2513abaa b590dbd9c64c4389b093d0be7426b2a5 cc24006cfb974c3d9e246039d008146f - - default default] No more DHCP agents
2026-05-09 14:02:19.325 10 WARNING neutron.api.rpc.agentnotifiers.dhcp_rpc_agent_api [None req-7593cf98-6d30-432c-94f3-367a2513abaa b590dbd9c64c4389b093d0be7426b2a5 cc24006cfb974c3d9e246039d008146f - - default default] Unable to schedule network ae6877c8-1f21-4c37-a613-ea4c8429364c: no agents available; will retry on subsequent port and subnet creation events.
2026-05-09 14:02:19.391 9 INFO neutron.db.ovn_revision_numbers_db [None req-668330d4-026f-4a9e-bdac-629f642bfed5 b590dbd9c64c4389b093d0be7426b2a5 cc24006cfb974c3d9e246039d008146f - - default default] Successfully bumped revision number for resource 2e5eae5c-4f69-4088-9456-547bf20a7d4c (type: security_groups) to 1
2026-05-09 14:02:19.405 9 INFO neutron.db.ovn_revision_numbers_db [None req-668330d4-026f-4a9e-bdac-629f642bfed5 b590dbd9c64c4389b093d0be7426b2a5 cc24006cfb974c3d9e246039d008146f - - default default] Successfully bumped revision number for resource 413d440d-97b4-45e8-9291-cb8bca74b97f (type: security_group_rules) to 0
2026-05-09 14:02:19.408 10 INFO neutron.db.ovn_revision_numbers_db [None req-7593cf98-6d30-432c-94f3-367a2513abaa b590dbd9c64c4389b093d0be7426b2a5 cc24006cfb974c3d9e246039d008146f - - default default] Successfully bumped revision number for resource a8945ea4-13ac-4485-b3a7-0506d4cb55be (type: ports) to 1
2026-05-09 14:02:19.417 9 INFO neutron.db.ovn_revision_numbers_db [None req-668330d4-026f-4a9e-bdac-629f642bfed5 b590dbd9c64c4389b093d0be7426b2a5 cc24006cfb974c3d9e246039d008146f - - default default] Successfully bumped revision number for resource 6d38b4f9-a47e-4c84-a179-ffdc689fad39 (type: security_group_rules) to 0
2026-05-09 14:02:19.432 9 INFO neutron.db.ovn_revision_numbers_db [None req-668330d4-026f-4a9e-bdac-629f642bfed5 b590dbd9c64c4389b093d0be7426b2a5 cc24006cfb974c3d9e246039d008146f - - default default] Successfully bumped revision number for resource 7477fa14-42e2-4885-b909-1e60f8afa0e2 (type: security_group_rules) to 0
2026-05-09 14:02:19.433 10 INFO neutron.wsgi [None req-7593cf98-6d30-432c-94f3-367a2513abaa b590dbd9c64c4389b093d0be7426b2a5 cc24006cfb974c3d9e246039d008146f - - default default] 10.0.0.11 "POST /v2.0/networks HTTP/1.1" status: 201 len: 948 time: 0.9135268
2026-05-09 14:02:19.447 9 INFO neutron.db.ovn_revision_numbers_db [None req-668330d4-026f-4a9e-bdac-629f642bfed5 b590dbd9c64c4389b093d0be7426b2a5 cc24006cfb974c3d9e246039d008146f - - default default] Successfully bumped revision number for resource b667c67b-6567-47a5-8c44-e178f93a93e2 (type: security_group_rules) to 0
2026-05-09 14:02:19.468 9 INFO neutron.wsgi [None req-668330d4-026f-4a9e-bdac-629f642bfed5 b590dbd9c64c4389b093d0be7426b2a5 cc24006cfb974c3d9e246039d008146f - - default default] 10.0.0.11 "GET /v2.0/security-groups?tenant_id=1988a402ad6145d49b1fc96a4d0f42a5&name=default HTTP/1.1" status: 200 len: 2996 time: 0.1854436
2026-05-09 14:02:19.582 10 WARNING neutron.scheduler.dhcp_agent_scheduler [None req-852161d0-4044-405f-92ed-5f25804d7490 b590dbd9c64c4389b093d0be7426b2a5 cc24006cfb974c3d9e246039d008146f - - default default] No more DHCP agents
2026-05-09 14:02:19.584 10 WARNING neutron.api.rpc.agentnotifiers.dhcp_rpc_agent_api [None req-852161d0-4044-405f-92ed-5f25804d7490 b590dbd9c64c4389b093d0be7426b2a5 cc24006cfb974c3d9e246039d008146f - - default default] Unable to schedule network ae6877c8-1f21-4c37-a613-ea4c8429364c: no agents available; will retry on subsequent port and subnet creation events.
2026-05-09 14:02:19.641 9 INFO neutron.wsgi [None req-95307242-2349-4619-8d6a-2fd5baf07398 b590dbd9c64c4389b093d0be7426b2a5 cc24006cfb974c3d9e246039d008146f - - default default] 10.0.0.11 "DELETE /v2.0/security-groups/2e5eae5c-4f69-4088-9456-547bf20a7d4c HTTP/1.1" status: 204 len: 168 time: 0.1679204
2026-05-09 14:02:20.031 10 INFO neutron.db.ovn_revision_numbers_db [None req-852161d0-4044-405f-92ed-5f25804d7490 b590dbd9c64c4389b093d0be7426b2a5 cc24006cfb974c3d9e246039d008146f - - default default] Successfully bumped revision number for resource a8945ea4-13ac-4485-b3a7-0506d4cb55be (type: ports) to 2
2026-05-09 14:02:20.060 10 INFO neutron.db.ovn_revision_numbers_db [None req-852161d0-4044-405f-92ed-5f25804d7490 b590dbd9c64c4389b093d0be7426b2a5 cc24006cfb974c3d9e246039d008146f - - default default] Successfully bumped revision number for resource a30ee80e-b20a-4632-8722-9b975cbe08ce (type: subnets) to 0
2026-05-09 14:02:20.074 10 INFO neutron.wsgi [None req-852161d0-4044-405f-92ed-5f25804d7490 b590dbd9c64c4389b093d0be7426b2a5 cc24006cfb974c3d9e246039d008146f - - default default] 10.0.0.11 "POST /v2.0/subnets HTTP/1.1" status: 201 len: 868 time: 0.6366336
2026-05-09 14:02:20.117 9 INFO neutron.db.ovn_revision_numbers_db [None req-b6b91911-1cab-47ce-b6fc-ad4a82c726c3 b590dbd9c64c4389b093d0be7426b2a5 cc24006cfb974c3d9e246039d008146f - - default default] Successfully bumped revision number for resource b139d41c-fdcc-4e36-8dc5-9635c46904c9 (type: security_groups) to 1
2026-05-09 14:02:20.131 9 INFO neutron.db.ovn_revision_numbers_db [None req-b6b91911-1cab-47ce-b6fc-ad4a82c726c3 b590dbd9c64c4389b093d0be7426b2a5 cc24006cfb974c3d9e246039d008146f - - default default] Successfully bumped revision number for resource 32a0034c-92bc-4d83-b13e-732e3f0a9e3c (type: security_group_rules) to 0
2026-05-09 14:02:20.150 9 INFO neutron.db.ovn_revision_numbers_db [None req-b6b91911-1cab-47ce-b6fc-ad4a82c726c3 b590dbd9c64c4389b093d0be7426b2a5 cc24006cfb974c3d9e246039d008146f - - default default] Successfully bumped revision number for resource 50c99cf8-c922-498f-b359-ce34641ae588 (type: security_group_rules) to 0
2026-05-09 14:02:20.163 9 INFO neutron.db.ovn_revision_numbers_db [None req-b6b91911-1cab-47ce-b6fc-ad4a82c726c3 b590dbd9c64c4389b093d0be7426b2a5 cc24006cfb974c3d9e246039d008146f - - default default] Successfully bumped revision number for resource 9e9f855e-7cec-4898-bb10-6f5779bcf1d5 (type: security_group_rules) to 0
2026-05-09 14:02:20.175 9 INFO neutron.db.ovn_revision_numbers_db [None req-b6b91911-1cab-47ce-b6fc-ad4a82c726c3 b590dbd9c64c4389b093d0be7426b2a5 cc24006cfb974c3d9e246039d008146f - - default default] Successfully bumped revision number for resource d2b0736a-a3a7-495f-a75f-cf3892ace540 (type: security_group_rules) to 0
2026-05-09 14:02:20.198 9 INFO neutron.wsgi [None req-b6b91911-1cab-47ce-b6fc-ad4a82c726c3 b590dbd9c64c4389b093d0be7426b2a5 cc24006cfb974c3d9e246039d008146f - - default default] 10.0.0.11 "GET /v2.0/security-groups?tenant_id=a21c925b86fc4a11afc8d3f95b47d46a&name=default HTTP/1.1" status: 200 len: 2996 time: 0.3820610
2026-05-09 14:02:20.415 9 INFO neutron.db.ovn_revision_numbers_db [None req-b8bfa49c-18a6-4a4a-b99e-a4aac41658a4 b590dbd9c64c4389b093d0be7426b2a5 cc24006cfb974c3d9e246039d008146f - - default default] Successfully bumped revision number for resource 7a1b157c-e7ee-4594-af91-31edc1294f92 (type: security_groups) to 1
2026-05-09 14:02:20.431 9 INFO neutron.db.ovn_revision_numbers_db [None req-b8bfa49c-18a6-4a4a-b99e-a4aac41658a4 b590dbd9c64c4389b093d0be7426b2a5 cc24006cfb974c3d9e246039d008146f - - default default] Successfully bumped revision number for resource 15626210-78b0-496a-a265-d0161b0691ec (type: security_group_rules) to 0
2026-05-09 14:02:20.444 9 INFO neutron.db.ovn_revision_numbers_db [None req-b8bfa49c-18a6-4a4a-b99e-a4aac41658a4 b590dbd9c64c4389b093d0be7426b2a5 cc24006cfb974c3d9e246039d008146f - - default default] Successfully bumped revision number for resource 946dd2e2-9c54-40ae-979e-ff2be294270a (type: security_group_rules) to 0
2026-05-09 14:02:20.459 9 INFO neutron.db.ovn_revision_numbers_db [None req-b8bfa49c-18a6-4a4a-b99e-a4aac41658a4 b590dbd9c64c4389b093d0be7426b2a5 cc24006cfb974c3d9e246039d008146f - - default default] Successfully bumped revision number for resource b72eba30-7c13-4830-9b57-0f6a586e396e (type: security_group_rules) to 0
2026-05-09 14:02:20.470 9 INFO neutron.db.ovn_revision_numbers_db [None req-b8bfa49c-18a6-4a4a-b99e-a4aac41658a4 b590dbd9c64c4389b093d0be7426b2a5 cc24006cfb974c3d9e246039d008146f - - default default] Successfully bumped revision number for resource bec7aa78-bfe7-4072-b653-cf613c35e104 (type: security_group_rules) to 0
2026-05-09 14:02:20.474 10 INFO neutron.wsgi [None req-d11bccfa-19ac-4cd6-8812-ed649a26bdbb b590dbd9c64c4389b093d0be7426b2a5 cc24006cfb974c3d9e246039d008146f - - default default] 10.0.0.11 "DELETE /v2.0/security-groups/b139d41c-fdcc-4e36-8dc5-9635c46904c9 HTTP/1.1" status: 204 len: 168 time: 0.2708554
2026-05-09 14:02:20.489 9 INFO neutron.wsgi [None req-b8bfa49c-18a6-4a4a-b99e-a4aac41658a4 b590dbd9c64c4389b093d0be7426b2a5 cc24006cfb974c3d9e246039d008146f - - default default] 10.0.0.11 "GET /v2.0/security-groups?tenant_id=b23c60aa9f384fd39d22c5cd77d4b517&name=default HTTP/1.1" status: 200 len: 2996 time: 0.2654579
2026-05-09 14:02:20.502 10 WARNING neutron.scheduler.dhcp_agent_scheduler [None req-c92c2de2-2757-4fac-8016-3a6777214915 b590dbd9c64c4389b093d0be7426b2a5 cc24006cfb974c3d9e246039d008146f - - default default] No more DHCP agents
2026-05-09 14:02:20.505 10 WARNING neutron.api.rpc.agentnotifiers.dhcp_rpc_agent_api [None req-c92c2de2-2757-4fac-8016-3a6777214915 b590dbd9c64c4389b093d0be7426b2a5 cc24006cfb974c3d9e246039d008146f - - default default] Unable to schedule network 9b938021-88fb-4384-8cbc-c04ee322a3e1: no agents available; will retry on subsequent port and subnet creation events.
2026-05-09 14:02:20.659 10 INFO neutron.db.ovn_revision_numbers_db [None req-c92c2de2-2757-4fac-8016-3a6777214915 b590dbd9c64c4389b093d0be7426b2a5 cc24006cfb974c3d9e246039d008146f - - default default] Successfully bumped revision number for resource 8d14741b-8ac2-43fd-8763-1de2eae791b7 (type: ports) to 1
2026-05-09 14:02:20.692 9 INFO neutron.wsgi [None req-6b75e591-8aa2-412c-8c0c-b387dab8b886 b590dbd9c64c4389b093d0be7426b2a5 cc24006cfb974c3d9e246039d008146f - - default default] 10.0.0.11 "DELETE /v2.0/security-groups/7a1b157c-e7ee-4594-af91-31edc1294f92 HTTP/1.1" status: 204 len: 168 time: 0.1989777
2026-05-09 14:02:21.159 10 INFO neutron.db.ovn_revision_numbers_db [None req-d613cc2e-a8be-488e-96ba-7232760cc903 b590dbd9c64c4389b093d0be7426b2a5 cc24006cfb974c3d9e246039d008146f - - default default] Successfully bumped revision number for resource 3a5f3dbc-4163-4aa7-b8c5-a46b96476a8c (type: security_groups) to 1
2026-05-09 14:02:21.190 10 INFO neutron.db.ovn_revision_numbers_db [None req-d613cc2e-a8be-488e-96ba-7232760cc903 b590dbd9c64c4389b093d0be7426b2a5 cc24006cfb974c3d9e246039d008146f - - default default] Successfully bumped revision number for resource 11925bf0-d717-4575-a91c-67edc05cfbed (type: security_group_rules) to 0
2026-05-09 14:02:21.214 10 INFO neutron.db.ovn_revision_numbers_db [None req-d613cc2e-a8be-488e-96ba-7232760cc903 b590dbd9c64c4389b093d0be7426b2a5 cc24006cfb974c3d9e246039d008146f - - default default] Successfully bumped revision number for resource 4cdaa398-d357-4c79-be96-fd39093fb669 (type: security_group_rules) to 0
2026-05-09 14:02:21.228 10 INFO neutron.db.ovn_revision_numbers_db [None req-d613cc2e-a8be-488e-96ba-7232760cc903 b590dbd9c64c4389b093d0be7426b2a5 cc24006cfb974c3d9e246039d008146f - - default default] Successfully bumped revision number for resource 7ae3ddc7-08f6-45ed-ba83-a2ae054d2b8a (type: security_group_rules) to 0
2026-05-09 14:02:21.247 10 INFO neutron.db.ovn_revision_numbers_db [None req-d613cc2e-a8be-488e-96ba-7232760cc903 b590dbd9c64c4389b093d0be7426b2a5 cc24006cfb974c3d9e246039d008146f - - default default] Successfully bumped revision number for resource e4c288d0-fb75-40b7-9284-84058ee26c11 (type: security_group_rules) to 0
2026-05-09 14:02:21.278 10 INFO neutron.wsgi [None req-d613cc2e-a8be-488e-96ba-7232760cc903 b590dbd9c64c4389b093d0be7426b2a5 cc24006cfb974c3d9e246039d008146f - - default default] 10.0.0.11 "GET /v2.0/security-groups?tenant_id=8ff3a98214c142709054edeeca79feaa&name=default HTTP/1.1" status: 200 len: 2996 time: 0.4924181
2026-05-09 14:02:21.459 9 INFO neutron.plugins.ml2.drivers.ovn.mech_driver.mech_driver [None req-f95c564e-2f7f-46ed-a315-89a1dd8e37e0 - - - - - -] OVN reports status up for port: 8d14741b-8ac2-43fd-8763-1de2eae791b7
2026-05-09 14:02:21.475 9 INFO neutron.plugins.ml2.drivers.ovn.mech_driver.ovsdb.ovsdb_monitor [None req-a67bba2b-c1b2-4edf-ba38-e97ecfd194d3 - - - - - -] Router a790c305-01bf-4486-9fef-181ace473ee8 is bound to host instance
2026-05-09 14:02:21.480 9 INFO neutron.wsgi [None req-272c1ac0-fc34-4a4a-a3c8-59bf4c76afcc b590dbd9c64c4389b093d0be7426b2a5 cc24006cfb974c3d9e246039d008146f - - default default] 10.0.0.11 "DELETE /v2.0/security-groups/3a5f3dbc-4163-4aa7-b8c5-a46b96476a8c HTTP/1.1" status: 204 len: 168 time: 0.1971145
2026-05-09 14:02:21.480 9 INFO neutron.plugins.ml2.plugin [None req-f95c564e-2f7f-46ed-a315-89a1dd8e37e0 - - - - - -] Attempt 1 to provision port 8d14741b-8ac2-43fd-8763-1de2eae791b7
2026-05-09 14:02:21.483 10 INFO neutron.db.ovn_revision_numbers_db [None req-c92c2de2-2757-4fac-8016-3a6777214915 b590dbd9c64c4389b093d0be7426b2a5 cc24006cfb974c3d9e246039d008146f - - default default] Successfully bumped revision number for resource 8d14741b-8ac2-43fd-8763-1de2eae791b7 (type: router_ports) to 1
2026-05-09 14:02:21.551 10 INFO neutron.db.ovn_revision_numbers_db [None req-c92c2de2-2757-4fac-8016-3a6777214915 b590dbd9c64c4389b093d0be7426b2a5 cc24006cfb974c3d9e246039d008146f - - default default] Successfully bumped revision number for resource a790c305-01bf-4486-9fef-181ace473ee8 (type: routers) to 2
2026-05-09 14:02:21.566 10 INFO neutron.wsgi [None req-c92c2de2-2757-4fac-8016-3a6777214915 b590dbd9c64c4389b093d0be7426b2a5 cc24006cfb974c3d9e246039d008146f - - default default] 10.0.0.11 "POST /v2.0/routers HTTP/1.1" status: 201 len: 879 time: 1.4851971
2026-05-09 14:02:22.034 10 WARNING neutron.scheduler.dhcp_agent_scheduler [None req-f01a541f-eb6c-4516-8cd7-a6227312efe1 b590dbd9c64c4389b093d0be7426b2a5 cc24006cfb974c3d9e246039d008146f - - default default] No more DHCP agents
2026-05-09 14:02:22.037 10 WARNING neutron.api.rpc.agentnotifiers.dhcp_rpc_agent_api [None req-f01a541f-eb6c-4516-8cd7-a6227312efe1 b590dbd9c64c4389b093d0be7426b2a5 cc24006cfb974c3d9e246039d008146f - - default default] Unable to schedule network ae6877c8-1f21-4c37-a613-ea4c8429364c: no agents available; will retry on subsequent port and subnet creation events.
2026-05-09 14:02:22.176 9 INFO neutron.db.ovn_revision_numbers_db [None req-a67bba2b-c1b2-4edf-ba38-e97ecfd194d3 - - - - - -] Successfully bumped revision number for resource 8d14741b-8ac2-43fd-8763-1de2eae791b7 (type: ports) to 1
2026-05-09 14:02:22.196 10 INFO neutron.db.ovn_revision_numbers_db [None req-f01a541f-eb6c-4516-8cd7-a6227312efe1 b590dbd9c64c4389b093d0be7426b2a5 cc24006cfb974c3d9e246039d008146f - - default default] Successfully bumped revision number for resource 87ea4917-9cb3-42dd-a432-82e126551368 (type: ports) to 1
2026-05-09 14:02:22.450 9 INFO neutron.db.ovn_revision_numbers_db [None req-a67bba2b-c1b2-4edf-ba38-e97ecfd194d3 - - - - - -] Successfully bumped revision number for resource 8d14741b-8ac2-43fd-8763-1de2eae791b7 (type: router_ports) to 3
2026-05-09 14:02:22.605 10 INFO neutron.db.ovn_revision_numbers_db [None req-f01a541f-eb6c-4516-8cd7-a6227312efe1 b590dbd9c64c4389b093d0be7426b2a5 cc24006cfb974c3d9e246039d008146f - - default default] Successfully bumped revision number for resource 87ea4917-9cb3-42dd-a432-82e126551368 (type: router_ports) to 1
2026-05-09 14:02:22.627 9 INFO neutron.db.ovn_revision_numbers_db [None req-a67bba2b-c1b2-4edf-ba38-e97ecfd194d3 - - - - - -] Successfully bumped revision number for resource 8d14741b-8ac2-43fd-8763-1de2eae791b7 (type: ports) to 2
2026-05-09 14:02:22.638 9 INFO neutron.wsgi [None req-4103698c-fd06-4bb5-bd7d-f4f3e7f593b2 6260e8576a7844969b8b4321249d8b25 07dce9390df34f9d8069529f2755517a - - default default] 10.0.0.11 "GET /v2.0/extensions HTTP/1.1" status: 200 len: 16975 time: 0.2982647
2026-05-09 14:02:22.649 9 INFO neutron.wsgi [None req-664a9acd-6b10-434c-8b12-ade7d9ff87e7 6260e8576a7844969b8b4321249d8b25 07dce9390df34f9d8069529f2755517a - - default default] 10.0.0.11 "GET /v2.0/extensions/address-group HTTP/1.1" status: 200 len: 353 time: 0.0040662
2026-05-09 14:02:22.659 9 INFO neutron.wsgi [None req-a2703539-0285-4bd9-93ff-7b6208dce7d6 6260e8576a7844969b8b4321249d8b25 07dce9390df34f9d8069529f2755517a - - default default] 10.0.0.11 "GET /v2.0/extensions/address-scope HTTP/1.1" status: 200 len: 357 time: 0.0042095
2026-05-09 14:02:22.669 9 INFO neutron.wsgi [None req-34c43da4-99c5-4531-9c3f-082d01601174 6260e8576a7844969b8b4321249d8b25 07dce9390df34f9d8069529f2755517a - - default default] 10.0.0.11 "GET /v2.0/extensions/agent HTTP/1.1" status: 200 len: 347 time: 0.0034990
2026-05-09 14:02:22.680 10 INFO neutron.wsgi [None req-6203414f-0d2d-412a-a7be-58bafadbe6ae 6260e8576a7844969b8b4321249d8b25 07dce9390df34f9d8069529f2755517a - - default default] 10.0.0.11 "GET /v2.0/extensions/allowed-address-pairs HTTP/1.1" status: 200 len: 378 time: 0.0074282
2026-05-09 14:02:22.692 9 INFO neutron.wsgi [None req-9395642a-24f3-4b6f-96ba-a20f7a8a02b9 6260e8576a7844969b8b4321249d8b25 07dce9390df34f9d8069529f2755517a - - default default] 10.0.0.11 "GET /v2.0/extensions/auto-allocated-topology HTTP/1.1" status: 200 len: 394 time: 0.0054364
2026-05-09 14:02:22.701 9 INFO neutron.wsgi [None req-3e131913-5961-4879-a874-0e74eb2ec214 6260e8576a7844969b8b4321249d8b25 07dce9390df34f9d8069529f2755517a - - default default] 10.0.0.11 "GET /v2.0/extensions/availability_zone HTTP/1.1" status: 200 len: 372 time: 0.0045085
2026-05-09 14:02:22.707 9 INFO neutron.wsgi [None req-d1bf3868-289b-4be4-af19-f601128da89b 6260e8576a7844969b8b4321249d8b25 07dce9390df34f9d8069529f2755517a - - default default] 10.0.0.11 "GET /v2.0/extensions/default-subnetpools HTTP/1.1" status: 200 len: 405 time: 0.0029094
2026-05-09 14:02:22.718 10 INFO neutron.wsgi [None req-347dc79c-250d-4eb7-933f-ee31c9ebc4eb 6260e8576a7844969b8b4321249d8b25 07dce9390df34f9d8069529f2755517a - - default default] 10.0.0.11 "GET /v2.0/extensions/dhcp_agent_scheduler HTTP/1.1" status: 200 len: 381 time: 0.0070107
2026-05-09 14:02:22.725 10 INFO neutron.wsgi [None req-e7efa794-f29e-4bc0-947c-27f806988317 6260e8576a7844969b8b4321249d8b25 07dce9390df34f9d8069529f2755517a - - default default] 10.0.0.11 "GET /v2.0/extensions/dns-integration HTTP/1.1" status: 200 len: 366 time: 0.0036120
2026-05-09 14:02:22.735 9 INFO neutron.wsgi [None req-c5fe6f3c-21b6-4161-aeca-f903417411a6 6260e8576a7844969b8b4321249d8b25 07dce9390df34f9d8069529f2755517a - - default default] 10.0.0.11 "GET /v2.0/extensions/dns-domain-ports HTTP/1.1" status: 200 len: 399 time: 0.0066972
2026-05-09 14:02:22.745 10 INFO neutron.wsgi [None req-164f1dc5-9dff-4316-b16a-88c08ac23249 6260e8576a7844969b8b4321249d8b25 07dce9390df34f9d8069529f2755517a - - default default] 10.0.0.11 "GET /v2.0/extensions/dns-integration-domain-keywords HTTP/1.1" status: 200 len: 477 time: 0.0055780
2026-05-09 14:02:22.764 9 INFO neutron.wsgi [None req-c89d3d42-47b0-484d-9167-074e18714fcd 6260e8576a7844969b8b4321249d8b25 07dce9390df34f9d8069529f2755517a - - default default] 10.0.0.11 "GET /v2.0/extensions/empty-string-filtering HTTP/1.1" status: 200 len: 413 time: 0.0152256
2026-05-09 14:02:22.772 9 INFO neutron.wsgi [None req-1ca76600-1fb8-4f10-8216-49a02b0c80a2 6260e8576a7844969b8b4321249d8b25 07dce9390df34f9d8069529f2755517a - - default default] 10.0.0.11 "GET /v2.0/extensions/external-net HTTP/1.1" status: 200 len: 394 time: 0.0036364
2026-05-09 14:02:22.778 9 INFO neutron.wsgi [None req-867143a5-c55e-4187-9fda-8e054e192363 6260e8576a7844969b8b4321249d8b25 07dce9390df34f9d8069529f2755517a - - default default] 10.0.0.11 "GET /v2.0/extensions/extra_dhcp_opt HTTP/1.1" status: 200 len: 498 time: 0.0035908
2026-05-09 14:02:22.789 10 INFO neutron.wsgi [None req-1e0eef3c-9bd5-4606-ad8b-1e5623864cb0 6260e8576a7844969b8b4321249d8b25 07dce9390df34f9d8069529f2755517a - - default default] 10.0.0.11 "GET /v2.0/extensions/extraroute HTTP/1.1" status: 200 len: 375 time: 0.0048060
2026-05-09 14:02:22.790 10 INFO neutron.db.ovn_revision_numbers_db [None req-f01a541f-eb6c-4516-8cd7-a6227312efe1 b590dbd9c64c4389b093d0be7426b2a5 cc24006cfb974c3d9e246039d008146f - - default default] Successfully bumped revision number for resource 87ea4917-9cb3-42dd-a432-82e126551368 (type: ports) to 1
2026-05-09 14:02:22.797 9 INFO neutron.wsgi [None req-13f76ae1-805b-44ca-9bca-93b5783eaf0c 6260e8576a7844969b8b4321249d8b25 07dce9390df34f9d8069529f2755517a - - default default] 10.0.0.11 "GET /v2.0/extensions/filter-validation HTTP/1.1" status: 200 len: 392 time: 0.0039806
2026-05-09 14:02:22.807 10 INFO neutron.wsgi [None req-f8d56062-2a16-4ded-805f-e0d6e3abafaf 6260e8576a7844969b8b4321249d8b25 07dce9390df34f9d8069529f2755517a - - default default] 10.0.0.11 "GET /v2.0/extensions/floating-ip-port-forwarding-detail HTTP/1.1" status: 200 len: 465 time: 0.0065606
2026-05-09 14:02:22.815 9 INFO neutron.wsgi [None req-0ed8ee84-8a14-4f5f-be4d-7edc4fc99307 6260e8576a7844969b8b4321249d8b25 07dce9390df34f9d8069529f2755517a - - default default] 10.0.0.11 "GET /v2.0/extensions/fip-port-details HTTP/1.1" status: 200 len: 406 time: 0.0037632
2026-05-09 14:02:22.829 10 INFO neutron.wsgi [None req-10419831-2494-40c7-b365-07e59f745d78 6260e8576a7844969b8b4321249d8b25 07dce9390df34f9d8069529f2755517a - - default default] 10.0.0.11 "GET /v2.0/extensions/flavors HTTP/1.1" status: 200 len: 387 time: 0.0070317
2026-05-09 14:02:22.844 10 INFO neutron.wsgi [None req-f94b6fb9-d344-4749-b6e5-db399f341775 6260e8576a7844969b8b4321249d8b25 07dce9390df34f9d8069529f2755517a - - default default] 10.0.0.11 "GET /v2.0/extensions/floatingip-pools HTTP/1.1" status: 200 len: 382 time: 0.0114357
2026-05-09 14:02:22.853 10 INFO neutron.wsgi [None req-70784df3-a7bb-4174-8246-bf735372e991 6260e8576a7844969b8b4321249d8b25 07dce9390df34f9d8069529f2755517a - - default default] 10.0.0.11 "GET /v2.0/extensions/ip_allocation HTTP/1.1" status: 200 len: 356 time: 0.0042605
2026-05-09 14:02:22.863 10 INFO neutron.wsgi [None req-78a5a270-bed2-4fe3-a5c1-30a0723eee0f 6260e8576a7844969b8b4321249d8b25 07dce9390df34f9d8069529f2755517a - - default default] 10.0.0.11 "GET /v2.0/extensions/l2_adjacency HTTP/1.1" status: 200 len: 372 time: 0.0034070
2026-05-09 14:02:22.871 10 INFO neutron.wsgi [None req-735c3d1b-f11a-4545-b56b-06ef79f1262c 6260e8576a7844969b8b4321249d8b25 07dce9390df34f9d8069529f2755517a - - default default] 10.0.0.11 "GET /v2.0/extensions/router HTTP/1.1" status: 200 len: 450 time: 0.0045004
2026-05-09 14:02:22.882 10 INFO neutron.wsgi [None req-71f41274-8592-4171-ad1f-72c5d9cf8b15 6260e8576a7844969b8b4321249d8b25 07dce9390df34f9d8069529f2755517a - - default default] 10.0.0.11 "GET /v2.0/extensions/ext-gw-mode HTTP/1.1" status: 200 len: 462 time: 0.0050273
2026-05-09 14:02:22.895 10 WARNING neutron.scheduler.dhcp_agent_scheduler [None req-f01a541f-eb6c-4516-8cd7-a6227312efe1 b590dbd9c64c4389b093d0be7426b2a5 cc24006cfb974c3d9e246039d008146f - - default default] No more DHCP agents
2026-05-09 14:02:22.896 10 WARNING neutron.api.rpc.agentnotifiers.dhcp_rpc_agent_api [None req-f01a541f-eb6c-4516-8cd7-a6227312efe1 b590dbd9c64c4389b093d0be7426b2a5 cc24006cfb974c3d9e246039d008146f - - default default] Unable to schedule network ae6877c8-1f21-4c37-a613-ea4c8429364c: no agents available; will retry on subsequent port and subnet creation events.
2026-05-09 14:02:22.897 9 INFO neutron.wsgi [None req-4b881f30-319a-44e3-b560-b7a0b26b02b4 6260e8576a7844969b8b4321249d8b25 07dce9390df34f9d8069529f2755517a - - default default] 10.0.0.11 "GET /v2.0/extensions/logging HTTP/1.1" status: 200 len: 407 time: 0.0075748
2026-05-09 14:02:22.909 9 INFO neutron.wsgi [None req-11f347d8-890d-4f5b-a529-c4dfc57782af 6260e8576a7844969b8b4321249d8b25 07dce9390df34f9d8069529f2755517a - - default default] 10.0.0.11 "GET /v2.0/extensions/multi-provider HTTP/1.1" status: 200 len: 406 time: 0.0038779
2026-05-09 14:02:22.916 9 INFO neutron.wsgi [None req-ab135722-42c9-4353-ae64-48329d4c1ea4 6260e8576a7844969b8b4321249d8b25 07dce9390df34f9d8069529f2755517a - - default default] 10.0.0.11 "GET /v2.0/extensions/net-mtu HTTP/1.1" status: 200 len: 370 time: 0.0037680
2026-05-09 14:02:22.926 10 INFO neutron.wsgi [None req-cc26e19b-ce8f-4215-beb8-5d2ce7d845ed 6260e8576a7844969b8b4321249d8b25 07dce9390df34f9d8069529f2755517a - - default default] 10.0.0.11 "GET /v2.0/extensions/net-mtu-writable HTTP/1.1" status: 200 len: 401 time: 0.0056875
2026-05-09 14:02:22.933 9 INFO neutron.wsgi [None req-6249c4a4-c1a3-4fe8-9c7c-0df4197fa46e 6260e8576a7844969b8b4321249d8b25 07dce9390df34f9d8069529f2755517a - - default default] 10.0.0.11 "GET /v2.0/extensions/network_availability_zone HTTP/1.1" status: 200 len: 394 time: 0.0043290
2026-05-09 14:02:22.934 9 INFO neutron.db.ovn_revision_numbers_db [None req-a67bba2b-c1b2-4edf-ba38-e97ecfd194d3 - - - - - -] Successfully bumped revision number for resource 8d14741b-8ac2-43fd-8763-1de2eae791b7 (type: ports) to 4
2026-05-09 14:02:22.942 9 INFO neutron.wsgi [None req-fa3b5f29-7a7e-4071-9187-f08832698dcd 6260e8576a7844969b8b4321249d8b25 07dce9390df34f9d8069529f2755517a - - default default] 10.0.0.11 "GET /v2.0/extensions/network-ip-availability HTTP/1.1" status: 200 len: 410 time: 0.0043344
2026-05-09 14:02:22.953 9 INFO neutron.wsgi [None req-bf479b93-5a23-4eae-ace4-85e3fed88657 6260e8576a7844969b8b4321249d8b25 07dce9390df34f9d8069529f2755517a - - default default] 10.0.0.11 "GET /v2.0/extensions/pagination HTTP/1.1" status: 200 len: 386 time: 0.0056260
2026-05-09 14:02:22.965 9 INFO neutron.wsgi [None req-0f33b30d-8234-4570-bc76-d8ab90b43cd6 6260e8576a7844969b8b4321249d8b25 07dce9390df34f9d8069529f2755517a - - default default] 10.0.0.11 "GET /v2.0/extensions/port-device-profile HTTP/1.1" status: 200 len: 383 time: 0.0079970
2026-05-09 14:02:22.974 10 INFO neutron.wsgi [None req-7f114066-dc1f-4b05-abcf-0ea5096aeab5 6260e8576a7844969b8b4321249d8b25 07dce9390df34f9d8069529f2755517a - - default default] 10.0.0.11 "GET /v2.0/extensions/port-mac-address-regenerate HTTP/1.1" status: 200 len: 403 time: 0.0054951
2026-05-09 14:02:22.983 9 INFO neutron.wsgi [None req-9c4c132f-f8e7-410b-94c5-18f074251246 6260e8576a7844969b8b4321249d8b25 07dce9390df34f9d8069529f2755517a - - default default] 10.0.0.11 "GET /v2.0/extensions/port-numa-affinity-policy HTTP/1.1" status: 200 len: 392 time: 0.0048954
2026-05-09 14:02:22.991 9 INFO neutron.wsgi [None req-d3f095ac-93c6-4c18-bc57-85579bbc70e9 6260e8576a7844969b8b4321249d8b25 07dce9390df34f9d8069529f2755517a - - default default] 10.0.0.11 "GET /v2.0/extensions/port-resource-request HTTP/1.1" status: 200 len: 379 time: 0.0043383
2026-05-09 14:02:22.999 10 INFO neutron.wsgi [None req-3f36da9f-0501-44d1-96e4-dfb72e41896b 6260e8576a7844969b8b4321249d8b25 07dce9390df34f9d8069529f2755517a - - default default] 10.0.0.11 "GET /v2.0/extensions/port-resource-request-groups HTTP/1.1" status: 200 len: 465 time: 0.0050387
2026-05-09 14:02:23.005 10 INFO neutron.wsgi [None req-c9ca4730-a5b5-4f5c-97b9-80dc3a6f0b3d 6260e8576a7844969b8b4321249d8b25 07dce9390df34f9d8069529f2755517a - - default default] 10.0.0.11 "GET /v2.0/extensions/binding HTTP/1.1" status: 200 len: 387 time: 0.0030365
2026-05-09 14:02:23.015 9 INFO neutron.wsgi [None req-26c78fc2-415d-4e93-acdf-1d553193833f 6260e8576a7844969b8b4321249d8b25 07dce9390df34f9d8069529f2755517a - - default default] 10.0.0.11 "GET /v2.0/extensions/binding-extended HTTP/1.1" status: 200 len: 406 time: 0.0041449
2026-05-09 14:02:23.022 9 INFO neutron.wsgi [None req-25d1349e-bd6f-4c45-aa8a-ac1b61265c7b 6260e8576a7844969b8b4321249d8b25 07dce9390df34f9d8069529f2755517a - - default default] 10.0.0.11 "GET /v2.0/extensions/port-security HTTP/1.1" status: 200 len: 354 time: 0.0037205
2026-05-09 14:02:23.031 10 INFO neutron.wsgi [None req-28361b90-65cb-4c6d-9aff-d905c8ea06b8 6260e8576a7844969b8b4321249d8b25 07dce9390df34f9d8069529f2755517a - - default default] 10.0.0.11 "GET /v2.0/extensions/project-id HTTP/1.1" status: 200 len: 398 time: 0.0038838
2026-05-09 14:02:23.038 9 INFO neutron.wsgi [None req-a8ec738d-c0dd-4433-8d7a-43cfc750919e 6260e8576a7844969b8b4321249d8b25 07dce9390df34f9d8069529f2755517a - - default default] 10.0.0.11 "GET /v2.0/extensions/provider HTTP/1.1" status: 200 len: 385 time: 0.0038810
2026-05-09 14:02:23.044 9 INFO neutron.wsgi [None req-0dd9678a-852a-447b-a45a-65ca63ee8df1 6260e8576a7844969b8b4321249d8b25 07dce9390df34f9d8069529f2755517a - - default default] 10.0.0.11 "GET /v2.0/extensions/qos HTTP/1.1" status: 200 len: 360 time: 0.0029995
2026-05-09 14:02:23.050 9 INFO neutron.wsgi [None req-e9b9a919-b16f-4ea6-a137-c5f57df6081c 6260e8576a7844969b8b4321249d8b25 07dce9390df34f9d8069529f2755517a - - default default] 10.0.0.11 "GET /v2.0/extensions/qos-bw-limit-direction HTTP/1.1" status: 200 len: 452 time: 0.0036533
2026-05-09 14:02:23.059 10 INFO neutron.wsgi [None req-7d51899f-7acf-412c-bf3b-f4b5d60bfea9 6260e8576a7844969b8b4321249d8b25 07dce9390df34f9d8069529f2755517a - - default default] 10.0.0.11 "GET /v2.0/extensions/qos-bw-minimum-ingress HTTP/1.1" status: 200 len: 445 time: 0.0045512
2026-05-09 14:02:23.069 9 INFO neutron.wsgi [None req-3515a63d-c36f-4a48-ac73-427164d77eaf 6260e8576a7844969b8b4321249d8b25 07dce9390df34f9d8069529f2755517a - - default default] 10.0.0.11 "GET /v2.0/extensions/qos-default HTTP/1.1" status: 200 len: 377 time: 0.0064178
2026-05-09 14:02:23.076 9 INFO neutron.wsgi [None req-f1d1a191-5a3b-4278-92d8-36e2ba8ff408 6260e8576a7844969b8b4321249d8b25 07dce9390df34f9d8069529f2755517a - - default default] 10.0.0.11 "GET /v2.0/extensions/qos-fip HTTP/1.1" status: 200 len: 372 time: 0.0038455
2026-05-09 14:02:23.086 9 INFO neutron.wsgi [None req-0ad168c7-a633-4cb5-b043-3bbc50944c79 6260e8576a7844969b8b4321249d8b25 07dce9390df34f9d8069529f2755517a - - default default] 10.0.0.11 "GET /v2.0/extensions/qos-gateway-ip HTTP/1.1" status: 200 len: 391 time: 0.0040605
2026-05-09 14:02:23.093 9 INFO neutron.wsgi [None req-b65ab033-1d55-4776-bdbd-dfc6e5bb0e5d 6260e8576a7844969b8b4321249d8b25 07dce9390df34f9d8069529f2755517a - - default default] 10.0.0.11 "GET /v2.0/extensions/qos-port-network-policy HTTP/1.1" status: 200 len: 403 time: 0.0028391
2026-05-09 14:02:23.104 10 INFO neutron.wsgi [None req-21506ccc-bdb8-47e0-bd54-d5b7522a1aab 6260e8576a7844969b8b4321249d8b25 07dce9390df34f9d8069529f2755517a - - default default] 10.0.0.11 "GET /v2.0/extensions/qos-pps-minimum HTTP/1.1" status: 200 len: 397 time: 0.0067499
2026-05-09 14:02:23.112 9 INFO neutron.wsgi [None req-172b397d-0ce7-405d-be37-87534f9a2ffe 6260e8576a7844969b8b4321249d8b25 07dce9390df34f9d8069529f2755517a - - default default] 10.0.0.11 "GET /v2.0/extensions/qos-pps-minimum-rule-alias HTTP/1.1" status: 200 len: 471 time: 0.0043404
2026-05-09 14:02:23.120 9 INFO neutron.wsgi [None req-d3b9c028-0f25-48f8-959c-8cc22aff79cb 6260e8576a7844969b8b4321249d8b25 07dce9390df34f9d8069529f2755517a - - default default] 10.0.0.11 "GET /v2.0/extensions/qos-pps HTTP/1.1" status: 200 len: 389 time: 0.0042012
2026-05-09 14:02:23.128 9 INFO neutron.wsgi [None req-75d37056-c11e-4cd1-b9ea-822d3dace4a8 6260e8576a7844969b8b4321249d8b25 07dce9390df34f9d8069529f2755517a - - default default] 10.0.0.11 "GET /v2.0/extensions/qos-rule-type-details HTTP/1.1" status: 200 len: 423 time: 0.0046914
2026-05-09 14:02:23.141 9 INFO neutron.wsgi [None req-d6ac7b8f-5c5e-4a4a-85cd-e6232d35765e 6260e8576a7844969b8b4321249d8b25 07dce9390df34f9d8069529f2755517a - - default default] 10.0.0.11 "GET /v2.0/extensions/qos-rule-type-filter HTTP/1.1" status: 200 len: 567 time: 0.0079246
2026-05-09 14:02:23.148 9 INFO neutron.wsgi [None req-03fb7aca-c6b3-487c-ae3c-006e2a8bd127 6260e8576a7844969b8b4321249d8b25 07dce9390df34f9d8069529f2755517a - - default default] 10.0.0.11 "GET /v2.0/extensions/qos-rules-alias HTTP/1.1" status: 200 len: 448 time: 0.0032687
2026-05-09 14:02:23.160 10 INFO neutron.wsgi [None req-c57abc00-c7ab-4464-b369-c13dead9d760 6260e8576a7844969b8b4321249d8b25 07dce9390df34f9d8069529f2755517a - - default default] 10.0.0.11 "GET /v2.0/extensions/quota-check-limit HTTP/1.1" status: 200 len: 420 time: 0.0045233
2026-05-09 14:02:23.169 9 INFO neutron.wsgi [None req-99cc9524-547b-4fe8-b16c-af29ee729d24 6260e8576a7844969b8b4321249d8b25 07dce9390df34f9d8069529f2755517a - - default default] 10.0.0.11 "GET /v2.0/extensions/quotas HTTP/1.1" status: 200 len: 386 time: 0.0045192
2026-05-09 14:02:23.182 9 INFO neutron.wsgi [None req-feec6b9e-89d4-4c65-8a23-8fab354b3793 6260e8576a7844969b8b4321249d8b25 07dce9390df34f9d8069529f2755517a - - default default] 10.0.0.11 "GET /v2.0/extensions/quota_details HTTP/1.1" status: 200 len: 407 time: 0.0075717
2026-05-09 14:02:23.194 10 INFO neutron.wsgi [None req-0a87e442-b5ca-409e-9f61-a465ef22518f 6260e8576a7844969b8b4321249d8b25 07dce9390df34f9d8069529f2755517a - - default default] 10.0.0.11 "GET /v2.0/extensions/rbac-policies HTTP/1.1" status: 200 len: 417 time: 0.0049162
2026-05-09 14:02:23.196 9 INFO neutron.db.ovn_revision_numbers_db [None req-a67bba2b-c1b2-4edf-ba38-e97ecfd194d3 - - - - - -] Successfully bumped revision number for resource 8d14741b-8ac2-43fd-8763-1de2eae791b7 (type: router_ports) to 4
2026-05-09 14:02:23.204 9 INFO neutron.wsgi [None req-94bae007-659b-4b80-8ec3-a2ddb7af8696 6260e8576a7844969b8b4321249d8b25 07dce9390df34f9d8069529f2755517a - - default default] 10.0.0.11 "GET /v2.0/extensions/rbac-address-scope HTTP/1.1" status: 200 len: 384 time: 0.0054591
2026-05-09 14:02:23.211 10 INFO neutron.wsgi [None req-afcf3c61-553c-4fab-aeef-90d4c414571a 6260e8576a7844969b8b4321249d8b25 07dce9390df34f9d8069529f2755517a - - default default] 10.0.0.11 "GET /v2.0/extensions/rbac-security-groups HTTP/1.1" status: 200 len: 404 time: 0.0040853
2026-05-09 14:02:23.224 9 INFO neutron.wsgi [None req-6e207363-ad20-438f-b2a9-b9befda0afeb 6260e8576a7844969b8b4321249d8b25 07dce9390df34f9d8069529f2755517a - - default default] 10.0.0.11 "GET /v2.0/extensions/revision-if-match HTTP/1.1" status: 200 len: 441 time: 0.0074103
2026-05-09 14:02:23.233 9 INFO neutron.wsgi [None req-2fd08adc-7697-4d73-937b-64aa20089afd 6260e8576a7844969b8b4321249d8b25 07dce9390df34f9d8069529f2755517a - - default default] 10.0.0.11 "GET /v2.0/extensions/standard-attr-revisions HTTP/1.1" status: 200 len: 423 time: 0.0053194
2026-05-09 14:02:23.242 9 INFO neutron.wsgi [None req-6681df22-8219-4bba-ab21-15865afd1f1d 6260e8576a7844969b8b4321249d8b25 07dce9390df34f9d8069529f2755517a - - default default] 10.0.0.11 "GET /v2.0/extensions/router_availability_zone HTTP/1.1" status: 200 len: 391 time: 0.0046415
2026-05-09 14:02:23.253 9 INFO neutron.wsgi [None req-d30afcf0-f53a-4ba3-b129-c25985197a8e 6260e8576a7844969b8b4321249d8b25 07dce9390df34f9d8069529f2755517a - - default default] 10.0.0.11 "GET /v2.0/extensions/security-groups-default-rules HTTP/1.1" status: 200 len: 456 time: 0.0042205
2026-05-09 14:02:23.261 10 INFO neutron.wsgi [None req-b4dc00f6-9706-42dd-b198-92793135e67e 6260e8576a7844969b8b4321249d8b25 07dce9390df34f9d8069529f2755517a - - default default] 10.0.0.11 "GET /v2.0/extensions/security-groups-normalized-cidr HTTP/1.1" status: 200 len: 445 time: 0.0037029
2026-05-09 14:02:23.272 9 INFO neutron.wsgi [None req-c2b432f3-6ae0-47e4-a5da-1d4aed525848 6260e8576a7844969b8b4321249d8b25 07dce9390df34f9d8069529f2755517a - - default default] 10.0.0.11 "GET /v2.0/extensions/security-groups-remote-address-group HTTP/1.1" status: 200 len: 448 time: 0.0059800
2026-05-09 14:02:23.281 9 INFO neutron.wsgi [None req-959e41e7-aad1-4ac6-981d-cbff12317eac 6260e8576a7844969b8b4321249d8b25 07dce9390df34f9d8069529f2755517a - - default default] 10.0.0.11 "GET /v2.0/extensions/security-groups-shared-filtering HTTP/1.1" status: 200 len: 435 time: 0.0052998
2026-05-09 14:02:23.289 9 INFO neutron.wsgi [None req-d0a79aeb-962e-42ba-83f2-ee00c1f1ede2 6260e8576a7844969b8b4321249d8b25 07dce9390df34f9d8069529f2755517a - - default default] 10.0.0.11 "GET /v2.0/extensions/security-group HTTP/1.1" status: 200 len: 364 time: 0.0045478
2026-05-09 14:02:23.296 9 INFO neutron.wsgi [None req-961db67d-503a-4434-a306-dea81419ef5d 6260e8576a7844969b8b4321249d8b25 07dce9390df34f9d8069529f2755517a - - default default] 10.0.0.11 "GET /v2.0/extensions/segment HTTP/1.1" status: 200 len: 339 time: 0.0034845
2026-05-09 14:02:23.308 10 INFO neutron.wsgi [None req-526ccf4d-9867-4ec6-bf0c-9c83824deb2a 6260e8576a7844969b8b4321249d8b25 07dce9390df34f9d8069529f2755517a - - default default] 10.0.0.11 "GET /v2.0/extensions/segments-peer-subnet-host-routes HTTP/1.1" status: 200 len: 427 time: 0.0051107
2026-05-09 14:02:23.323 10 INFO neutron.wsgi [None req-20601645-c87d-43cd-a934-127329425b09 6260e8576a7844969b8b4321249d8b25 07dce9390df34f9d8069529f2755517a - - default default] 10.0.0.11 "GET /v2.0/extensions/service-type HTTP/1.1" status: 200 len: 415 time: 0.0100970
2026-05-09 14:02:23.336 10 INFO neutron.db.ovn_revision_numbers_db [None req-f01a541f-eb6c-4516-8cd7-a6227312efe1 b590dbd9c64c4389b093d0be7426b2a5 cc24006cfb974c3d9e246039d008146f - - default default] Successfully bumped revision number for resource 87ea4917-9cb3-42dd-a432-82e126551368 (type: router_ports) to 1
2026-05-09 14:02:23.336 9 INFO neutron.wsgi [None req-bce6bc56-f6e1-4cdf-87e6-beb3eb1230f6 6260e8576a7844969b8b4321249d8b25 07dce9390df34f9d8069529f2755517a - - default default] 10.0.0.11 "GET /v2.0/extensions/sorting HTTP/1.1" status: 200 len: 377 time: 0.0082068
2026-05-09 14:02:23.338 10 INFO neutron.wsgi [None req-f01a541f-eb6c-4516-8cd7-a6227312efe1 b590dbd9c64c4389b093d0be7426b2a5 cc24006cfb974c3d9e246039d008146f - - default default] 10.0.0.11 "PUT /v2.0/routers/a790c305-01bf-4486-9fef-181ace473ee8/add_router_interface HTTP/1.1" status: 200 len: 503 time: 1.7677474
2026-05-09 14:02:23.342 9 INFO neutron.wsgi [None req-e89203b4-658f-4744-99d4-4ea364b422b2 6260e8576a7844969b8b4321249d8b25 07dce9390df34f9d8069529f2755517a - - default default] 10.0.0.11 "GET /v2.0/extensions/standard-attr-segment HTTP/1.1" status: 200 len: 406 time: 0.0031302
2026-05-09 14:02:23.352 10 INFO neutron.wsgi [None req-6c0d8e5e-fa2c-4285-b0b3-adf082f90563 6260e8576a7844969b8b4321249d8b25 07dce9390df34f9d8069529f2755517a - - default default] 10.0.0.11 "GET /v2.0/extensions/standard-attr-description HTTP/1.1" status: 200 len: 408 time: 0.0066502
2026-05-09 14:02:23.360 10 INFO neutron.wsgi [None req-a3077c19-6e2f-4de5-83b0-1259f0bad4f5 6260e8576a7844969b8b4321249d8b25 07dce9390df34f9d8069529f2755517a - - default default] 10.0.0.11 "GET /v2.0/extensions/stateful-security-group HTTP/1.1" status: 200 len: 402 time: 0.0042145
2026-05-09 14:02:23.367 10 INFO neutron.wsgi [None req-bb711209-10bb-4e2f-99e1-822c1f1fc62a 6260e8576a7844969b8b4321249d8b25 07dce9390df34f9d8069529f2755517a - - default default] 10.0.0.11 "GET /v2.0/extensions/subnet-dns-publish-fixed-ip HTTP/1.1" status: 200 len: 421 time: 0.0039816
2026-05-09 14:02:23.377 10 INFO neutron.wsgi [None req-d827d733-ca28-454a-8451-d79962d3997f 6260e8576a7844969b8b4321249d8b25 07dce9390df34f9d8069529f2755517a - - default default] 10.0.0.11 "GET /v2.0/extensions/subnet-segmentid-writable HTTP/1.1" status: 200 len: 421 time: 0.0045855
2026-05-09 14:02:23.385 10 INFO neutron.wsgi [None req-f723e56f-8ebd-4664-81a2-7788e37e5a0a 6260e8576a7844969b8b4321249d8b25 07dce9390df34f9d8069529f2755517a - - default default] 10.0.0.11 "GET /v2.0/extensions/subnet-service-types HTTP/1.1" status: 200 len: 400 time: 0.0041068
2026-05-09 14:02:23.394 10 INFO neutron.wsgi [None req-53adccb3-99af-48cf-b32b-79b47dd92657 6260e8576a7844969b8b4321249d8b25 07dce9390df34f9d8069529f2755517a - - default default] 10.0.0.11 "GET /v2.0/extensions/subnet_allocation HTTP/1.1" status: 200 len: 388 time: 0.0042803
2026-05-09 14:02:23.403 10 INFO neutron.wsgi [None req-bbcf7545-efe9-4c1b-bfcb-547028cf254a 6260e8576a7844969b8b4321249d8b25 07dce9390df34f9d8069529f2755517a - - default default] 10.0.0.11 "GET /v2.0/extensions/subnetpool-prefix-ops HTTP/1.1" status: 200 len: 418 time: 0.0040870
2026-05-09 14:02:23.412 10 INFO neutron.wsgi [None req-a4c6244b-22dc-46b0-83f8-14e911624c37 6260e8576a7844969b8b4321249d8b25 07dce9390df34f9d8069529f2755517a - - default default] 10.0.0.11 "GET /v2.0/extensions/standard-attr-tag HTTP/1.1" status: 200 len: 537 time: 0.0041783
2026-05-09 14:02:23.420 10 INFO neutron.wsgi [None req-fe23333b-8381-45b0-a6b6-0e526735afd2 6260e8576a7844969b8b4321249d8b25 07dce9390df34f9d8069529f2755517a - - default default] 10.0.0.11 "GET /v2.0/extensions/standard-attr-timestamp HTTP/1.1" status: 200 len: 449 time: 0.0038548
2026-05-09 14:02:23.427 10 INFO neutron.wsgi [None req-25b085b0-fe18-4c04-8a78-70db5d11eef5 6260e8576a7844969b8b4321249d8b25 07dce9390df34f9d8069529f2755517a - - default default] 10.0.0.11 "GET /v2.0/extensions/trunk HTTP/1.1" status: 200 len: 358 time: 0.0038166
2026-05-09 14:02:23.434 10 INFO neutron.wsgi [None req-c2ef751c-8824-472f-8be8-caae431fd611 6260e8576a7844969b8b4321249d8b25 07dce9390df34f9d8069529f2755517a - - default default] 10.0.0.11 "GET /v2.0/extensions/trunk-details HTTP/1.1" status: 200 len: 362 time: 0.0039444
2026-05-09 14:02:24.215 9 INFO neutron.plugins.ml2.drivers.ovn.mech_driver.mech_driver [None req-f95c564e-2f7f-46ed-a315-89a1dd8e37e0 - - - - - -] OVN reports status up for port: 87ea4917-9cb3-42dd-a432-82e126551368
2026-05-09 14:02:24.222 9 INFO neutron.plugins.ml2.plugin [None req-f95c564e-2f7f-46ed-a315-89a1dd8e37e0 - - - - - -] Attempt 1 to provision port 87ea4917-9cb3-42dd-a432-82e126551368
2026-05-09 14:02:24.224 10 INFO neutron.db.ovn_revision_numbers_db [None req-55bfbd08-69f7-4d12-8bff-ab69cb0e0f92 b590dbd9c64c4389b093d0be7426b2a5 cc24006cfb974c3d9e246039d008146f - - default default] Successfully bumped revision number for resource fd069e8e-b8c7-4991-9089-f2a092c9b545 (type: security_groups) to 1
2026-05-09 14:02:24.239 10 INFO neutron.db.ovn_revision_numbers_db [None req-55bfbd08-69f7-4d12-8bff-ab69cb0e0f92 b590dbd9c64c4389b093d0be7426b2a5 cc24006cfb974c3d9e246039d008146f - - default default] Successfully bumped revision number for resource 4260ee10-7877-43db-b53b-55fe3ca6cd30 (type: security_group_rules) to 0
2026-05-09 14:02:24.255 10 INFO neutron.db.ovn_revision_numbers_db [None req-55bfbd08-69f7-4d12-8bff-ab69cb0e0f92 b590dbd9c64c4389b093d0be7426b2a5 cc24006cfb974c3d9e246039d008146f - - default default] Successfully bumped revision number for resource 7349f189-a4a9-4b97-8992-897e9a8a607c (type: security_group_rules) to 0
2026-05-09 14:02:24.268 10 INFO neutron.db.ovn_revision_numbers_db [None req-55bfbd08-69f7-4d12-8bff-ab69cb0e0f92 b590dbd9c64c4389b093d0be7426b2a5 cc24006cfb974c3d9e246039d008146f - - default default] Successfully bumped revision number for resource c57f7cc3-ad3f-4326-96c0-c42ddcaf8784 (type: security_group_rules) to 0
2026-05-09 14:02:24.283 10 INFO neutron.db.ovn_revision_numbers_db [None req-55bfbd08-69f7-4d12-8bff-ab69cb0e0f92 b590dbd9c64c4389b093d0be7426b2a5 cc24006cfb974c3d9e246039d008146f - - default default] Successfully bumped revision number for resource f018d21d-fb89-4aa8-a8f3-c9e8e5e28bb8 (type: security_group_rules) to 0
2026-05-09 14:02:24.308 10 INFO neutron.wsgi [None req-55bfbd08-69f7-4d12-8bff-ab69cb0e0f92 b590dbd9c64c4389b093d0be7426b2a5 cc24006cfb974c3d9e246039d008146f - - default default] 10.0.0.11 "GET /v2.0/security-groups?tenant_id=07dce9390df34f9d8069529f2755517a&name=default HTTP/1.1" status: 200 len: 2996 time: 0.3715520
2026-05-09 14:02:24.466 9 INFO neutron.wsgi [req-74015808-d501-40bf-8119-f944441103ef req-3ff98cfb-e987-425d-9ab8-c1389070e275 5c834db807304402a53150163d9bad02 5d2bfac05bf94c65996961ebab1e7138 - - default default] 10.0.0.231 "GET /v2.0/networks?id=ae6877c8-1f21-4c37-a613-ea4c8429364c HTTP/1.1" status: 200 len: 877 time: 0.0812931
2026-05-09 14:02:24.492 9 INFO neutron.wsgi [req-74015808-d501-40bf-8119-f944441103ef req-71b58130-eddb-4834-b075-0fcca3ba2735 5c834db807304402a53150163d9bad02 5d2bfac05bf94c65996961ebab1e7138 - - default default] 10.0.0.231 "GET /v2.0/quotas/5d2bfac05bf94c65996961ebab1e7138 HTTP/1.1" status: 200 len: 386 time: 0.0189962
2026-05-09 14:02:24.565 10 INFO neutron.wsgi [None req-123fad9a-e5b0-440d-9cc9-e571e36a5271 b590dbd9c64c4389b093d0be7426b2a5 cc24006cfb974c3d9e246039d008146f - - default default] 10.0.0.11 "DELETE /v2.0/security-groups/fd069e8e-b8c7-4991-9089-f2a092c9b545 HTTP/1.1" status: 204 len: 168 time: 0.2501111
2026-05-09 14:02:24.607 9 INFO neutron.wsgi [req-74015808-d501-40bf-8119-f944441103ef req-dc9933a0-5d76-4102-aca8-7e24777deaaa 5c834db807304402a53150163d9bad02 5d2bfac05bf94c65996961ebab1e7138 - - default default] 10.0.0.231 "GET /v2.0/ports?tenant_id=5d2bfac05bf94c65996961ebab1e7138&fields=id HTTP/1.1" status: 200 len: 302 time: 0.1101761
2026-05-09 14:02:24.613 9 INFO neutron.db.ovn_revision_numbers_db [None req-f95c564e-2f7f-46ed-a315-89a1dd8e37e0 - - - - - -] Successfully bumped revision number for resource 87ea4917-9cb3-42dd-a432-82e126551368 (type: ports) to 2
2026-05-09 14:02:24.724 9 INFO neutron.wsgi [req-74015808-d501-40bf-8119-f944441103ef req-0feca256-3214-4c52-8f29-13102e4b6f79 4b67dcd5aa72433a9c9c51e3f8259e4c 30a8bedc6d464f10999e32b385c716fd - - d811e5d5de204ad2864da0e08373b371 d811e5d5de204ad2864da0e08373b371] 10.0.0.231 "GET /v2.0/networks/ae6877c8-1f21-4c37-a613-ea4c8429364c?fields=segments HTTP/1.1" status: 200 len: 212 time: 0.1086626
2026-05-09 14:02:24.736 9 INFO neutron.db.ovn_revision_numbers_db [None req-f95c564e-2f7f-46ed-a315-89a1dd8e37e0 - - - - - -] Successfully bumped revision number for resource 87ea4917-9cb3-42dd-a432-82e126551368 (type: router_ports) to 2
2026-05-09 14:02:24.744 10 INFO neutron.wsgi [None req-c137bf3c-1ab7-4725-977b-6a72149f1bb9 b590dbd9c64c4389b093d0be7426b2a5 cc24006cfb974c3d9e246039d008146f - - default default] 10.0.0.50 "GET /v2.0/networks HTTP/1.1" status: 200 len: 3112 time: 0.1967576
2026-05-09 14:02:24.784 10 INFO neutron.wsgi [None req-42a3026d-c718-4a90-b437-0447707e362b b590dbd9c64c4389b093d0be7426b2a5 cc24006cfb974c3d9e246039d008146f - - default default] 10.0.0.50 "GET /v2.0/subnets HTTP/1.1" status: 200 len: 2096 time: 0.0366316
2026-05-09 14:02:24.807 9 INFO neutron.wsgi [req-74015808-d501-40bf-8119-f944441103ef req-ff3f811a-23f7-4de4-b240-2f805fa296b4 4b67dcd5aa72433a9c9c51e3f8259e4c 30a8bedc6d464f10999e32b385c716fd - - d811e5d5de204ad2864da0e08373b371 d811e5d5de204ad2864da0e08373b371] 10.0.0.231 "GET /v2.0/networks/ae6877c8-1f21-4c37-a613-ea4c8429364c?fields=provider%3Aphysical_network&fields=provider%3Anetwork_type HTTP/1.1" status: 200 len: 277 time: 0.0767722
2026-05-09 14:02:24.832 10 INFO neutron.wsgi [None req-1b94d2a4-47d4-4132-97c7-afef9dc551d9 b590dbd9c64c4389b093d0be7426b2a5 cc24006cfb974c3d9e246039d008146f - - default default] 10.0.0.50 "GET /v2.0/ports HTTP/1.1" status: 200 len: 8576 time: 0.0475717
2026-05-09 14:02:24.930 10 INFO neutron.wsgi [req-c92e6543-54e7-4b0d-8ab4-9547107af979 req-4aed410d-bf07-44c6-af7e-add12cfefff9 5c834db807304402a53150163d9bad02 5d2bfac05bf94c65996961ebab1e7138 - - default default] 10.0.0.231 "GET /v2.0/ports?device_id=c6b60129-e007-4cfa-8f8e-2189ea1edc06 HTTP/1.1" status: 200 len: 210 time: 0.0212450
