2026-04-17 06:55:37.664 7 INFO neutron.services.segments.plugin [-] Segment fe455edf-9c65-4d00-a118-e371aac99f5e resource provider not found; error: Placement Client Error (4xx): {"errors": [{"status": 404, "title": "Not Found", "detail": "The resource could not be found.\n\n No resource provider with uuid fe455edf-9c65-4d00-a118-e371aac99f5e found for delete ", "request_id": "req-4c214a36-3f3c-4558-9b2e-1ab252d2caa1"}]} [pid: 8|app: 0|req: 930/2015] 199.204.45.209 () {34 vars in 1050 bytes} [Fri Apr 17 06:55:37 2026] GET /v2.0/security-groups?fields=id&fields=name&tenant_id=4759b55bf68649b2a684ef648923a413 => generated 273 bytes in 45 msecs (HTTP/1.1 200) 4 headers in 157 bytes (1 switches on core 0) [pid: 7|app: 0|req: 1086/2016] 10.0.0.179 () {32 vars in 726 bytes} [Fri Apr 17 06:55:37 2026] DELETE /v2.0/networks/046bc889-51ff-4a44-b37e-c69c00273b9c => generated 0 bytes in 490 msecs (HTTP/1.1 204) 3 headers in 131 bytes (1 switches on core 0)
2026-04-17 06:55:37.955 8 INFO neutron.db.ovn_revision_numbers_db [None req-8f3e536b-cfb8-45b5-b789-af13359dc5e6 7687c5808a614e15a392c8985d5f8f9e c493923e8e1c426888b97221d634356c - - default default] Successfully bumped revision number for resource 66ff845f-82d8-4c6f-a6f4-44e761203908 (type: security_groups) to 1
2026-04-17 06:55:37.970 8 INFO neutron.db.ovn_revision_numbers_db [None req-8f3e536b-cfb8-45b5-b789-af13359dc5e6 7687c5808a614e15a392c8985d5f8f9e c493923e8e1c426888b97221d634356c - - default default] Successfully bumped revision number for resource 151bc1f7-aec6-46cd-9e37-265e447cd645 (type: security_group_rules) to 0
2026-04-17 06:55:37.983 8 INFO neutron.db.ovn_revision_numbers_db [None req-8f3e536b-cfb8-45b5-b789-af13359dc5e6 7687c5808a614e15a392c8985d5f8f9e c493923e8e1c426888b97221d634356c - - default default] Successfully bumped revision number for resource 6accbc6a-d3c4-43bf-8fdd-94780317148b (type: security_group_rules) to 0
2026-04-17 06:55:37.988 7 WARNING neutron.scheduler.dhcp_agent_scheduler [req-9b275369-d0f7-483b-9cf8-4b7999b530b8 req-b830ef82-ee20-4c99-b2eb-1b7223874b74 bdc21a83327b4f2f8fb1e36389b2cab8 4759b55bf68649b2a684ef648923a413 - - default default] No more DHCP agents
2026-04-17 06:55:37.989 7 WARNING neutron.api.rpc.agentnotifiers.dhcp_rpc_agent_api [req-9b275369-d0f7-483b-9cf8-4b7999b530b8 req-b830ef82-ee20-4c99-b2eb-1b7223874b74 bdc21a83327b4f2f8fb1e36389b2cab8 4759b55bf68649b2a684ef648923a413 - - default default] Unable to schedule network 10d51c1f-3839-4d5f-aa06-f565979af1a9: no agents available; will retry on subsequent port and subnet creation events.
2026-04-17 06:55:37.995 8 INFO neutron.db.ovn_revision_numbers_db [None req-8f3e536b-cfb8-45b5-b789-af13359dc5e6 7687c5808a614e15a392c8985d5f8f9e c493923e8e1c426888b97221d634356c - - default default] Successfully bumped revision number for resource ad06fdd3-46ed-47e4-83ac-3bb04c1aaa78 (type: security_group_rules) to 0
2026-04-17 06:55:38.008 8 INFO neutron.db.ovn_revision_numbers_db [None req-8f3e536b-cfb8-45b5-b789-af13359dc5e6 7687c5808a614e15a392c8985d5f8f9e c493923e8e1c426888b97221d634356c - - default default] Successfully bumped revision number for resource bb380db1-c071-47ac-a463-53a10c0df938 (type: security_group_rules) to 0
2026-04-17 06:55:38.091 8 INFO neutron.db.segments_db [None req-8f3e536b-cfb8-45b5-b789-af13359dc5e6 7687c5808a614e15a392c8985d5f8f9e c493923e8e1c426888b97221d634356c - - default default] Added segment 48f33245-2318-4e89-b351-8c3e08d48c69 of type geneve for network 9f4cd1e2-435c-4d28-990b-38676cc0c82e
2026-04-17 06:55:38.113 7 INFO neutron.plugins.ml2.drivers.ovn.mech_driver.mech_driver [None req-8a4c1db4-f9f2-4cf7-a743-9c25ed7ce84a - - - - - -] OVN reports status down for port: 48916715-cbf2-4f42-b38c-27b5564b0f5d
2026-04-17 06:55:38.177 7 INFO neutron.db.ovn_revision_numbers_db [req-9b275369-d0f7-483b-9cf8-4b7999b530b8 req-b830ef82-ee20-4c99-b2eb-1b7223874b74 bdc21a83327b4f2f8fb1e36389b2cab8 4759b55bf68649b2a684ef648923a413 - - default default] Successfully bumped revision number for resource 48916715-cbf2-4f42-b38c-27b5564b0f5d (type: ports) to 1
2026-04-17 06:55:38.209 8 INFO neutron.db.ovn_revision_numbers_db [None req-8f3e536b-cfb8-45b5-b789-af13359dc5e6 7687c5808a614e15a392c8985d5f8f9e c493923e8e1c426888b97221d634356c - - default default] Successfully bumped revision number for resource 9f4cd1e2-435c-4d28-990b-38676cc0c82e (type: networks) to 1 [pid: 7|app: 0|req: 1087/2017] 199.204.45.209 () {38 vars in 955 bytes} [Fri Apr 17 06:55:37 2026] POST /v2.0/ports => generated 958 bytes in 587 msecs (HTTP/1.1 201) 4 headers in 162 bytes (1 switches on core 0) /var/lib/openstack/lib/python3.12/site-packages/pycadf/identifier.py:70: UserWarning: Invalid uuid: neutron. To ensure interoperability, identifiers should be a valid uuid. warnings.warn(('Invalid uuid: %s. To ensure interoperability, '
2026-04-17 06:55:38.351 7 INFO neutron.db.segments_db [None req-29f725ee-e520-4517-9735-76638587920e ff6dd5647dae4ebeb5e339710f415d58 fdd17e16e18a4fe19fbcfa7ac87f0f45 - - default default] Added segment a6c7d05d-02af-4448-8731-b206087f74ef of type geneve for network db023cc5-8213-4463-bcff-e9a83491a26f
2026-04-17 06:55:38.395 8 WARNING neutron.scheduler.dhcp_agent_scheduler [None req-8f3e536b-cfb8-45b5-b789-af13359dc5e6 7687c5808a614e15a392c8985d5f8f9e c493923e8e1c426888b97221d634356c - - default default] No more DHCP agents
2026-04-17 06:55:38.397 8 WARNING neutron.api.rpc.agentnotifiers.dhcp_rpc_agent_api [None req-8f3e536b-cfb8-45b5-b789-af13359dc5e6 7687c5808a614e15a392c8985d5f8f9e c493923e8e1c426888b97221d634356c - - default default] Unable to schedule network 9f4cd1e2-435c-4d28-990b-38676cc0c82e: no agents available; will retry on subsequent port and subnet creation events.
2026-04-17 06:55:38.462 7 INFO neutron.db.ovn_revision_numbers_db [None req-29f725ee-e520-4517-9735-76638587920e ff6dd5647dae4ebeb5e339710f415d58 fdd17e16e18a4fe19fbcfa7ac87f0f45 - - default default] Successfully bumped revision number for resource db023cc5-8213-4463-bcff-e9a83491a26f (type: networks) to 1
2026-04-17 06:55:38.466 7 INFO neutron.plugins.ml2.drivers.ovn.mech_driver.mech_driver [None req-8a4c1db4-f9f2-4cf7-a743-9c25ed7ce84a - - - - - -] OVN reports status down for port: 3c169983-46bb-4fdb-93b8-a60b31a0af9c
2026-04-17 06:55:38.476 8 INFO neutron.db.ovn_revision_numbers_db [None req-8f3e536b-cfb8-45b5-b789-af13359dc5e6 7687c5808a614e15a392c8985d5f8f9e c493923e8e1c426888b97221d634356c - - default default] Successfully bumped revision number for resource 3c169983-46bb-4fdb-93b8-a60b31a0af9c (type: ports) to 1 [pid: 8|app: 0|req: 931/2018] 10.0.0.179 () {34 vars in 670 bytes} [Fri Apr 17 06:55:37 2026] POST /v2.0/networks => generated 650 bytes in 822 msecs (HTTP/1.1 201) 4 headers in 162 bytes (1 switches on core 0) [pid: 8|app: 0|req: 932/2019] 10.0.0.192 () {34 vars in 990 bytes} [Fri Apr 17 06:55:38 2026] GET /v2.0/ports?device_id=e54a6e46-0978-4c9b-b22a-da0af00612e9 => generated 961 bytes in 78 msecs (HTTP/1.1 200) 4 headers in 157 bytes (1 switches on core 0)
2026-04-17 06:55:38.691 7 WARNING neutron.scheduler.dhcp_agent_scheduler [None req-29f725ee-e520-4517-9735-76638587920e ff6dd5647dae4ebeb5e339710f415d58 fdd17e16e18a4fe19fbcfa7ac87f0f45 - - default default] No more DHCP agents
2026-04-17 06:55:38.692 7 WARNING neutron.api.rpc.agentnotifiers.dhcp_rpc_agent_api [None req-29f725ee-e520-4517-9735-76638587920e ff6dd5647dae4ebeb5e339710f415d58 fdd17e16e18a4fe19fbcfa7ac87f0f45 - - default default] Unable to schedule network db023cc5-8213-4463-bcff-e9a83491a26f: no agents available; will retry on subsequent port and subnet creation events.
2026-04-17 06:55:38.755 7 INFO neutron.plugins.ml2.drivers.ovn.mech_driver.mech_driver [None req-8a4c1db4-f9f2-4cf7-a743-9c25ed7ce84a - - - - - -] OVN reports status down for port: b80eceb6-a977-4261-96f1-e92799f0f135
2026-04-17 06:55:38.818 7 INFO neutron.db.ovn_revision_numbers_db [None req-29f725ee-e520-4517-9735-76638587920e ff6dd5647dae4ebeb5e339710f415d58 fdd17e16e18a4fe19fbcfa7ac87f0f45 - - default default] Successfully bumped revision number for resource b80eceb6-a977-4261-96f1-e92799f0f135 (type: ports) to 1 [pid: 7|app: 0|req: 1088/2020] 10.0.0.179 () {34 vars in 670 bytes} [Fri Apr 17 06:55:38 2026] POST /v2.0/networks => generated 748 bytes in 608 msecs (HTTP/1.1 201) 4 headers in 162 bytes (1 switches on core 0)
2026-04-17 06:55:38.926 8 INFO neutron.db.ovn_revision_numbers_db [req-9b275369-d0f7-483b-9cf8-4b7999b530b8 req-45c53ea1-9335-4c98-8b44-1e0bb27542ee 7ad77d988e9d46c7b81983b77c864f5b 681953bcbaf140da99b72b8bb9cc732d - - 7808438605f4439091b2ac3cb40f2971 7808438605f4439091b2ac3cb40f2971] Successfully bumped revision number for resource 48916715-cbf2-4f42-b38c-27b5564b0f5d (type: ports) to 2
2026-04-17 06:55:39.083 7 WARNING neutron.scheduler.dhcp_agent_scheduler [None req-543d26b8-997b-4a85-99e1-1ef46cc5e102 7687c5808a614e15a392c8985d5f8f9e c493923e8e1c426888b97221d634356c - - default default] No more DHCP agents
2026-04-17 06:55:39.085 7 WARNING neutron.api.rpc.agentnotifiers.dhcp_rpc_agent_api [None req-543d26b8-997b-4a85-99e1-1ef46cc5e102 7687c5808a614e15a392c8985d5f8f9e c493923e8e1c426888b97221d634356c - - default default] Unable to schedule network 9f4cd1e2-435c-4d28-990b-38676cc0c82e: no agents available; will retry on subsequent port and subnet creation events.
2026-04-17 06:55:39.131 8 INFO neutron.db.ovn_revision_numbers_db [req-9b275369-d0f7-483b-9cf8-4b7999b530b8 req-45c53ea1-9335-4c98-8b44-1e0bb27542ee 7ad77d988e9d46c7b81983b77c864f5b 681953bcbaf140da99b72b8bb9cc732d - - 7808438605f4439091b2ac3cb40f2971 7808438605f4439091b2ac3cb40f2971] Successfully bumped revision number for resource 48916715-cbf2-4f42-b38c-27b5564b0f5d (type: ports) to 4 [pid: 8|app: 0|req: 933/2021] 199.204.45.209 () {38 vars in 1028 bytes} [Fri Apr 17 06:55:38 2026] PUT /v2.0/ports/48916715-cbf2-4f42-b38c-27b5564b0f5d => generated 1208 bytes in 571 msecs (HTTP/1.1 200) 4 headers in 158 bytes (1 switches on core 0) /var/lib/openstack/lib/python3.12/site-packages/pycadf/identifier.py:70: UserWarning: Invalid uuid: neutron. To ensure interoperability, identifiers should be a valid uuid. warnings.warn(('Invalid uuid: %s. To ensure interoperability, '
2026-04-17 06:55:39.192 8 INFO neutron.notifiers.nova [-] Nova event matching ['req-e982a20e-1dc9-4732-ac11-fa31868fe700'] response: {'name': 'network-changed', 'server_uuid': 'e54a6e46-0978-4c9b-b22a-da0af00612e9', 'tag': '48916715-cbf2-4f42-b38c-27b5564b0f5d', 'status': 'completed', 'code': 200} [pid: 8|app: 0|req: 934/2022] 10.0.0.192 () {34 vars in 1040 bytes} [Fri Apr 17 06:55:39 2026] GET /v2.0/security-groups?id=2be71716-6288-4cfc-8ab0-d3d62a864053&fields=id&fields=name => generated 113 bytes in 47 msecs (HTTP/1.1 200) 4 headers in 157 bytes (1 switches on core 0)
2026-04-17 06:55:39.318 8 WARNING neutron.scheduler.dhcp_agent_scheduler [None req-4ce009de-3065-4534-a516-9448a29514f3 ff6dd5647dae4ebeb5e339710f415d58 fdd17e16e18a4fe19fbcfa7ac87f0f45 - - default default] No more DHCP agents
2026-04-17 06:55:39.321 8 WARNING neutron.api.rpc.agentnotifiers.dhcp_rpc_agent_api [None req-4ce009de-3065-4534-a516-9448a29514f3 ff6dd5647dae4ebeb5e339710f415d58 fdd17e16e18a4fe19fbcfa7ac87f0f45 - - default default] Unable to schedule network db023cc5-8213-4463-bcff-e9a83491a26f: no agents available; will retry on subsequent port and subnet creation events.
2026-04-17 06:55:39.564 7 INFO neutron.db.ovn_revision_numbers_db [None req-3cf15781-d7f1-4a54-a5bf-87ece40d82c9 - - - - - -] Successfully bumped revision number for resource 3c169983-46bb-4fdb-93b8-a60b31a0af9c (type: ports) to 2
2026-04-17 06:55:39.599 7 INFO neutron.db.ovn_revision_numbers_db [None req-3cf15781-d7f1-4a54-a5bf-87ece40d82c9 - - - - - -] Successfully bumped revision number for resource ccf19b12-b9c0-4e1c-ac45-33cb639bf388 (type: subnets) to 0 [pid: 7|app: 0|req: 1089/2023] 10.0.0.179 () {34 vars in 669 bytes} [Fri Apr 17 06:55:38 2026] POST /v2.0/subnets => generated 626 bytes in 735 msecs (HTTP/1.1 201) 4 headers in 162 bytes (1 switches on core 0)
2026-04-17 06:55:39.709 7 INFO neutron.db.segments_db [None req-b12f7d7e-be0a-431b-9d30-dd1a957025f9 7687c5808a614e15a392c8985d5f8f9e c493923e8e1c426888b97221d634356c - - default default] Added segment 4394f072-34d6-4b7b-b611-3c2746d9f815 of type geneve for network 5a957ade-48f5-4123-8f64-ba9eabb3ebd8
2026-04-17 06:55:39.805 8 INFO neutron.db.ovn_revision_numbers_db [None req-6a85d18c-8895-4469-8f81-70e2598c119c - - - - - -] Successfully bumped revision number for resource b80eceb6-a977-4261-96f1-e92799f0f135 (type: ports) to 2
2026-04-17 06:55:39.851 7 INFO neutron.db.ovn_revision_numbers_db [None req-b12f7d7e-be0a-431b-9d30-dd1a957025f9 7687c5808a614e15a392c8985d5f8f9e c493923e8e1c426888b97221d634356c - - default default] Successfully bumped revision number for resource 5a957ade-48f5-4123-8f64-ba9eabb3ebd8 (type: networks) to 1
2026-04-17 06:55:39.855 8 INFO neutron.db.ovn_revision_numbers_db [None req-6a85d18c-8895-4469-8f81-70e2598c119c - - - - - -] Successfully bumped revision number for resource 0998877f-56f6-463d-892b-41a97e4549d0 (type: subnets) to 0 [pid: 8|app: 0|req: 935/2024] 10.0.0.179 () {34 vars in 669 bytes} [Fri Apr 17 06:55:39 2026] POST /v2.0/subnets => generated 647 bytes in 675 msecs (HTTP/1.1 201) 4 headers in 162 bytes (1 switches on core 0) [pid: 8|app: 0|req: 936/2025] 199.204.45.209 () {34 vars in 1080 bytes} [Fri Apr 17 06:55:39 2026] GET /v2.0/ports?tenant_id=4759b55bf68649b2a684ef648923a413&device_id=e54a6e46-0978-4c9b-b22a-da0af00612e9 => generated 1211 bytes in 36 msecs (HTTP/1.1 200) 4 headers in 158 bytes (1 switches on core 0)
2026-04-17 06:55:40.039 7 WARNING neutron.scheduler.dhcp_agent_scheduler [None req-b12f7d7e-be0a-431b-9d30-dd1a957025f9 7687c5808a614e15a392c8985d5f8f9e c493923e8e1c426888b97221d634356c - - default default] No more DHCP agents
2026-04-17 06:55:40.040 7 WARNING neutron.api.rpc.agentnotifiers.dhcp_rpc_agent_api [None req-b12f7d7e-be0a-431b-9d30-dd1a957025f9 7687c5808a614e15a392c8985d5f8f9e c493923e8e1c426888b97221d634356c - - default default] Unable to schedule network 5a957ade-48f5-4123-8f64-ba9eabb3ebd8: no agents available; will retry on subsequent port and subnet creation events.
2026-04-17 06:55:40.095 7 INFO neutron.plugins.ml2.drivers.ovn.mech_driver.mech_driver [None req-8a4c1db4-f9f2-4cf7-a743-9c25ed7ce84a - - - - - -] OVN reports status down for port: 81dd6574-cebc-44f0-ac56-1b2fa5ee3c89
2026-04-17 06:55:40.144 7 INFO neutron.db.ovn_revision_numbers_db [None req-b12f7d7e-be0a-431b-9d30-dd1a957025f9 7687c5808a614e15a392c8985d5f8f9e c493923e8e1c426888b97221d634356c - - default default] Successfully bumped revision number for resource 81dd6574-cebc-44f0-ac56-1b2fa5ee3c89 (type: ports) to 1 [pid: 8|app: 0|req: 937/2026] 10.0.0.179 () {34 vars in 681 bytes} [Fri Apr 17 06:55:39 2026] POST /v2.0/rbac-policies => generated 324 bytes in 268 msecs (HTTP/1.1 201) 4 headers in 162 bytes (1 switches on core 0) [pid: 7|app: 0|req: 1090/2027] 10.0.0.179 () {34 vars in 670 bytes} [Fri Apr 17 06:55:39 2026] POST /v2.0/networks => generated 650 bytes in 570 msecs (HTTP/1.1 201) 4 headers in 162 bytes (1 switches on core 0) [pid: 8|app: 0|req: 938/2028] 199.204.45.209 () {34 vars in 1018 bytes} [Fri Apr 17 06:55:40 2026] GET /v2.0/networks?tenant_id=4759b55bf68649b2a684ef648923a413&shared=False => generated 798 bytes in 51 msecs (HTTP/1.1 200) 4 headers in 157 bytes (1 switches on core 0) [pid: 8|app: 0|req: 939/2029] 199.204.45.209 () {34 vars in 930 bytes} [Fri Apr 17 06:55:40 2026] GET /v2.0/networks?shared=True => generated 791 bytes in 47 msecs (HTTP/1.1 200) 4 headers in 157 bytes (1 switches on core 0)
2026-04-17 06:55:40.370 7 WARNING neutron.scheduler.dhcp_agent_scheduler [None req-fecad9d0-2ab9-4960-87e8-7eb28a248e04 7687c5808a614e15a392c8985d5f8f9e c493923e8e1c426888b97221d634356c - - default default] No more DHCP agents
2026-04-17 06:55:40.372 7 WARNING neutron.api.rpc.agentnotifiers.dhcp_rpc_agent_api [None req-fecad9d0-2ab9-4960-87e8-7eb28a248e04 7687c5808a614e15a392c8985d5f8f9e c493923e8e1c426888b97221d634356c - - default default] Unable to schedule network 5a957ade-48f5-4123-8f64-ba9eabb3ebd8: no agents available; will retry on subsequent port and subnet creation events.
2026-04-17 06:55:40.526 8 INFO neutron.db.ovn_revision_numbers_db [None req-bca320bd-7e70-45e5-92ce-f2c1bf9736e7 58ac615fd6ab465ca774411cfd7962fa de42f83a8fbc41f0ae09a99d99a55dbf - - default default] Successfully bumped revision number for resource 981fe513-db63-4fbc-9c93-c7a005948cba (type: security_groups) to 1
2026-04-17 06:55:40.540 8 INFO neutron.db.ovn_revision_numbers_db [None req-bca320bd-7e70-45e5-92ce-f2c1bf9736e7 58ac615fd6ab465ca774411cfd7962fa de42f83a8fbc41f0ae09a99d99a55dbf - - default default] Successfully bumped revision number for resource 7378df23-8dce-4cf1-b32c-35eefb98891b (type: security_group_rules) to 0
2026-04-17 06:55:40.552 8 INFO neutron.db.ovn_revision_numbers_db [None req-bca320bd-7e70-45e5-92ce-f2c1bf9736e7 58ac615fd6ab465ca774411cfd7962fa de42f83a8fbc41f0ae09a99d99a55dbf - - default default] Successfully bumped revision number for resource b78bbd0e-65aa-4acf-9bd8-11834ca4ea3d (type: security_group_rules) to 0
2026-04-17 06:55:40.569 8 INFO neutron.db.ovn_revision_numbers_db [None req-bca320bd-7e70-45e5-92ce-f2c1bf9736e7 58ac615fd6ab465ca774411cfd7962fa de42f83a8fbc41f0ae09a99d99a55dbf - - default default] Successfully bumped revision number for resource e098ca22-b186-4ff7-9340-489cdd82f378 (type: security_group_rules) to 0
2026-04-17 06:55:40.588 8 INFO neutron.db.ovn_revision_numbers_db [None req-bca320bd-7e70-45e5-92ce-f2c1bf9736e7 58ac615fd6ab465ca774411cfd7962fa de42f83a8fbc41f0ae09a99d99a55dbf - - default default] Successfully bumped revision number for resource f0ded8cc-883c-4bd8-a90f-e042d7f6eb5d (type: security_group_rules) to 0
2026-04-17 06:55:40.684 8 INFO neutron.db.segments_db [None req-bca320bd-7e70-45e5-92ce-f2c1bf9736e7 58ac615fd6ab465ca774411cfd7962fa de42f83a8fbc41f0ae09a99d99a55dbf - - default default] Added segment c3bde170-6d47-4484-ba3b-262d9465928e of type geneve for network 3e8d6756-7fe7-478a-9839-96bef758a0be
2026-04-17 06:55:40.785 8 INFO neutron.db.ovn_revision_numbers_db [None req-bca320bd-7e70-45e5-92ce-f2c1bf9736e7 58ac615fd6ab465ca774411cfd7962fa de42f83a8fbc41f0ae09a99d99a55dbf - - default default] Successfully bumped revision number for resource 3e8d6756-7fe7-478a-9839-96bef758a0be (type: networks) to 1
2026-04-17 06:55:40.857 7 INFO neutron.db.ovn_revision_numbers_db [None req-49062706-5618-49a7-bec3-89b60ed89249 - - - - - -] Successfully bumped revision number for resource 81dd6574-cebc-44f0-ac56-1b2fa5ee3c89 (type: ports) to 2
2026-04-17 06:55:40.894 7 INFO neutron.db.ovn_revision_numbers_db [None req-49062706-5618-49a7-bec3-89b60ed89249 - - - - - -] Successfully bumped revision number for resource 6b1b14d9-1bb8-4bcc-b9a1-3d1266b04627 (type: subnets) to 0 [pid: 7|app: 0|req: 1091/2030] 10.0.0.179 () {34 vars in 669 bytes} [Fri Apr 17 06:55:40 2026] POST /v2.0/subnets => generated 629 bytes in 716 msecs (HTTP/1.1 201) 4 headers in 162 bytes (1 switches on core 0) [pid: 7|app: 0|req: 1092/2031] 10.0.0.192 () {34 vars in 990 bytes} [Fri Apr 17 06:55:40 2026] GET /v2.0/ports?device_id=e54a6e46-0978-4c9b-b22a-da0af00612e9 => generated 973 bytes in 36 msecs (HTTP/1.1 200) 4 headers in 157 bytes (1 switches on core 0)
2026-04-17 06:55:40.959 8 WARNING neutron.scheduler.dhcp_agent_scheduler [None req-bca320bd-7e70-45e5-92ce-f2c1bf9736e7 58ac615fd6ab465ca774411cfd7962fa de42f83a8fbc41f0ae09a99d99a55dbf - - default default] No more DHCP agents
2026-04-17 06:55:40.960 8 WARNING neutron.api.rpc.agentnotifiers.dhcp_rpc_agent_api [None req-bca320bd-7e70-45e5-92ce-f2c1bf9736e7 58ac615fd6ab465ca774411cfd7962fa de42f83a8fbc41f0ae09a99d99a55dbf - - default default] Unable to schedule network 3e8d6756-7fe7-478a-9839-96bef758a0be: no agents available; will retry on subsequent port and subnet creation events.
2026-04-17 06:55:40.992 8 INFO neutron.plugins.ml2.drivers.ovn.mech_driver.mech_driver [None req-a0d2d493-6f60-4413-90a1-360e0955403e - - - - - -] OVN reports status down for port: 7b3971f1-c6b5-423e-bcec-a2d7eb25a78f [pid: 7|app: 0|req: 1093/2032] 10.0.0.179 () {32 vars in 723 bytes} [Fri Apr 17 06:55:40 2026] GET /v2.0/networks/db023cc5-8213-4463-bcff-e9a83491a26f => generated 692 bytes in 85 msecs (HTTP/1.1 200) 4 headers in 157 bytes (1 switches on core 0)
2026-04-17 06:55:41.073 8 INFO neutron.db.ovn_revision_numbers_db [None req-bca320bd-7e70-45e5-92ce-f2c1bf9736e7 58ac615fd6ab465ca774411cfd7962fa de42f83a8fbc41f0ae09a99d99a55dbf - - default default] Successfully bumped revision number for resource 7b3971f1-c6b5-423e-bcec-a2d7eb25a78f (type: ports) to 1
2026-04-17 06:55:41.115 7 INFO neutron.db.segments_db [None req-54a86938-78b8-4824-ae92-4bdb21f9cd92 7687c5808a614e15a392c8985d5f8f9e c493923e8e1c426888b97221d634356c - - default default] Added segment 35cad056-0605-45a8-9ace-e8758ac9961a of type geneve for network 58529ff8-baa7-4962-804f-1a6762496937 [pid: 8|app: 0|req: 940/2033] 10.0.0.179 () {34 vars in 670 bytes} [Fri Apr 17 06:55:40 2026] POST /v2.0/networks => generated 650 bytes in 861 msecs (HTTP/1.1 201) 4 headers in 162 bytes (1 switches on core 0) [pid: 8|app: 0|req: 941/2034] 10.0.0.192 () {34 vars in 1040 bytes} [Fri Apr 17 06:55:41 2026] GET /v2.0/security-groups?id=2be71716-6288-4cfc-8ab0-d3d62a864053&fields=id&fields=name => generated 113 bytes in 37 msecs (HTTP/1.1 200) 4 headers in 157 bytes (1 switches on core 0)
2026-04-17 06:55:41.221 7 INFO neutron.db.ovn_revision_numbers_db [None req-54a86938-78b8-4824-ae92-4bdb21f9cd92 7687c5808a614e15a392c8985d5f8f9e c493923e8e1c426888b97221d634356c - - default default] Successfully bumped revision number for resource 58529ff8-baa7-4962-804f-1a6762496937 (type: networks) to 1
2026-04-17 06:55:41.278 8 INFO neutron.db.segments_db [None req-564d0ccf-9afe-49c9-b4cb-88a9ba3034e3 58ac615fd6ab465ca774411cfd7962fa de42f83a8fbc41f0ae09a99d99a55dbf - - default default] Added segment 7c82c608-29de-4f6f-b51e-7fe4505c7b54 of type geneve for network 44fe204a-e645-4dc7-a213-0a59dcfe63f3
2026-04-17 06:55:41.354 7 WARNING neutron.scheduler.dhcp_agent_scheduler [None req-54a86938-78b8-4824-ae92-4bdb21f9cd92 7687c5808a614e15a392c8985d5f8f9e c493923e8e1c426888b97221d634356c - - default default] No more DHCP agents
2026-04-17 06:55:41.356 7 WARNING neutron.api.rpc.agentnotifiers.dhcp_rpc_agent_api [None req-54a86938-78b8-4824-ae92-4bdb21f9cd92 7687c5808a614e15a392c8985d5f8f9e c493923e8e1c426888b97221d634356c - - default default] Unable to schedule network 58529ff8-baa7-4962-804f-1a6762496937: no agents available; will retry on subsequent port and subnet creation events.
2026-04-17 06:55:41.392 8 INFO neutron.db.ovn_revision_numbers_db [None req-564d0ccf-9afe-49c9-b4cb-88a9ba3034e3 58ac615fd6ab465ca774411cfd7962fa de42f83a8fbc41f0ae09a99d99a55dbf - - default default] Successfully bumped revision number for resource 44fe204a-e645-4dc7-a213-0a59dcfe63f3 (type: networks) to 1
2026-04-17 06:55:41.401 8 INFO neutron.plugins.ml2.drivers.ovn.mech_driver.mech_driver [None req-a0d2d493-6f60-4413-90a1-360e0955403e - - - - - -] OVN reports status down for port: 7a6a8dec-f6be-4e80-982d-b6cbca887a40
2026-04-17 06:55:41.439 7 INFO neutron.db.ovn_revision_numbers_db [None req-54a86938-78b8-4824-ae92-4bdb21f9cd92 7687c5808a614e15a392c8985d5f8f9e c493923e8e1c426888b97221d634356c - - default default] Successfully bumped revision number for resource 7a6a8dec-f6be-4e80-982d-b6cbca887a40 (type: ports) to 1 [pid: 7|app: 0|req: 1094/2035] 10.0.0.179 () {34 vars in 670 bytes} [Fri Apr 17 06:55:41 2026] POST /v2.0/networks => generated 650 bytes in 427 msecs (HTTP/1.1 201) 4 headers in 162 bytes (1 switches on core 0) [pid: 7|app: 0|req: 1095/2036] 199.204.45.209 () {34 vars in 1080 bytes} [Fri Apr 17 06:55:41 2026] GET /v2.0/ports?tenant_id=4759b55bf68649b2a684ef648923a413&device_id=e54a6e46-0978-4c9b-b22a-da0af00612e9 => generated 1211 bytes in 26 msecs (HTTP/1.1 200) 4 headers in 158 bytes (1 switches on core 0)
2026-04-17 06:55:41.532 7 INFO neutron.pecan_wsgi.hooks.translation [None req-06d1d25d-7a5d-4113-af71-be226ceb9cf1 859172849b5b4aac96b3db7017176e91 e36ad0f0e00e4ffe93176c7bc39da640 - - default default] GET failed (client error): The resource could not be found. [pid: 7|app: 0|req: 1096/2037] 10.0.0.179 () {32 vars in 723 bytes} [Fri Apr 17 06:55:41 2026] GET /v2.0/networks/db023cc5-8213-4463-bcff-e9a83491a26f => generated 138 bytes in 45 msecs (HTTP/1.1 404) 4 headers in 164 bytes (1 switches on core 0)
2026-04-17 06:55:41.642 8 WARNING neutron.scheduler.dhcp_agent_scheduler [None req-564d0ccf-9afe-49c9-b4cb-88a9ba3034e3 58ac615fd6ab465ca774411cfd7962fa de42f83a8fbc41f0ae09a99d99a55dbf - - default default] No more DHCP agents
2026-04-17 06:55:41.644 8 WARNING neutron.api.rpc.agentnotifiers.dhcp_rpc_agent_api [None req-564d0ccf-9afe-49c9-b4cb-88a9ba3034e3 58ac615fd6ab465ca774411cfd7962fa de42f83a8fbc41f0ae09a99d99a55dbf - - default default] Unable to schedule network 44fe204a-e645-4dc7-a213-0a59dcfe63f3: no agents available; will retry on subsequent port and subnet creation events.
2026-04-17 06:55:41.688 8 INFO neutron.plugins.ml2.drivers.ovn.mech_driver.mech_driver [None req-a0d2d493-6f60-4413-90a1-360e0955403e - - - - - -] OVN reports status down for port: ca164b89-dfd1-4977-8bf9-ea294a2d3bb6
2026-04-17 06:55:41.728 7 WARNING neutron.scheduler.dhcp_agent_scheduler [None req-04f80c0a-a800-428d-9518-71fa84bc285a 7687c5808a614e15a392c8985d5f8f9e c493923e8e1c426888b97221d634356c - - default default] No more DHCP agents
2026-04-17 06:55:41.732 7 WARNING neutron.api.rpc.agentnotifiers.dhcp_rpc_agent_api [None req-04f80c0a-a800-428d-9518-71fa84bc285a 7687c5808a614e15a392c8985d5f8f9e c493923e8e1c426888b97221d634356c - - default default] Unable to schedule network 58529ff8-baa7-4962-804f-1a6762496937: no agents available; will retry on subsequent port and subnet creation events.
2026-04-17 06:55:41.760 8 INFO neutron.db.ovn_revision_numbers_db [None req-564d0ccf-9afe-49c9-b4cb-88a9ba3034e3 58ac615fd6ab465ca774411cfd7962fa de42f83a8fbc41f0ae09a99d99a55dbf - - default default] Successfully bumped revision number for resource ca164b89-dfd1-4977-8bf9-ea294a2d3bb6 (type: ports) to 1 [pid: 8|app: 0|req: 942/2038] 10.0.0.179 () {34 vars in 670 bytes} [Fri Apr 17 06:55:41 2026] POST /v2.0/networks => generated 650 bytes in 628 msecs (HTTP/1.1 201) 4 headers in 162 bytes (1 switches on core 0) [pid: 8|app: 0|req: 943/2039] 199.204.45.209 () {34 vars in 1060 bytes} [Fri Apr 17 06:55:41 2026] GET /v2.0/floatingips?fixed_ip_address=10.100.0.12&port_id=48916715-cbf2-4f42-b38c-27b5564b0f5d => generated 19 bytes in 26 msecs (HTTP/1.1 200) 4 headers in 156 bytes (1 switches on core 0)
2026-04-17 06:55:42.024 8 INFO neutron_taas.services.taas.taas_plugin [None req-cbad42b5-fc57-4b97-9e5b-1537c9ca3578 ff6dd5647dae4ebeb5e339710f415d58 fdd17e16e18a4fe19fbcfa7ac87f0f45 - - default default] TaaS: Handle Delete Port: b80eceb6-a977-4261-96f1-e92799f0f135
2026-04-17 06:55:42.027 8 INFO neutron_taas.services.taas.tap_mirror_plugin [None req-cbad42b5-fc57-4b97-9e5b-1537c9ca3578 ff6dd5647dae4ebeb5e339710f415d58 fdd17e16e18a4fe19fbcfa7ac87f0f45 - - default default] Tap Mirror: Handle Delete Port: b80eceb6-a977-4261-96f1-e92799f0f135
2026-04-17 06:55:42.148 7 INFO neutron.db.ovn_revision_numbers_db [None req-f98aec8f-f0ee-479f-89ef-259567730292 - - - - - -] Successfully bumped revision number for resource 7a6a8dec-f6be-4e80-982d-b6cbca887a40 (type: ports) to 2
2026-04-17 06:55:42.193 7 INFO neutron.db.ovn_revision_numbers_db [None req-f98aec8f-f0ee-479f-89ef-259567730292 - - - - - -] Successfully bumped revision number for resource 9e1e48fc-f69d-4c4e-a206-fc2a382e0c3d (type: subnets) to 0 [pid: 7|app: 0|req: 1097/2040] 10.0.0.179 () {34 vars in 669 bytes} [Fri Apr 17 06:55:41 2026] POST /v2.0/subnets => generated 629 bytes in 683 msecs (HTTP/1.1 201) 4 headers in 162 bytes (1 switches on core 0) [pid: 7|app: 0|req: 1098/2041] 10.0.0.179 () {34 vars in 753 bytes} [Fri Apr 17 06:55:42 2026] PUT /v2.0/networks/3e8d6756-7fe7-478a-9839-96bef758a0be/tags => generated 25 bytes in 58 msecs (HTTP/1.1 200) 4 headers in 156 bytes (1 switches on core 0) [pid: 7|app: 0|req: 1099/2042] 199.204.45.209 () {34 vars in 984 bytes} [Fri Apr 17 06:55:42 2026] GET /v2.0/subnets?id=cfc7b6ca-8301-41d7-81f2-4f5bb55f7946 => generated 677 bytes in 29 msecs (HTTP/1.1 200) 4 headers in 157 bytes (1 switches on core 0)
2026-04-17 06:55:42.361 8 INFO neutron.services.segments.plugin [-] Segment a6c7d05d-02af-4448-8731-b206087f74ef resource provider aggregate not found
2026-04-17 06:55:42.372 8 INFO neutron.services.segments.plugin [-] Segment a6c7d05d-02af-4448-8731-b206087f74ef resource provider aggregate not found
2026-04-17 06:55:42.388 8 INFO neutron.services.segments.plugin [-] Segment a6c7d05d-02af-4448-8731-b206087f74ef resource provider not found; error: Placement Client Error (4xx): {"errors": [{"status": 404, "title": "Not Found", "detail": "The resource could not be found.\n\n No resource provider with uuid a6c7d05d-02af-4448-8731-b206087f74ef found for delete ", "request_id": "req-24415cfc-0232-417b-b80b-34a413c9a1e5"}]}
2026-04-17 06:55:42.389 8 INFO neutron.services.segments.plugin [-] Segment a6c7d05d-02af-4448-8731-b206087f74ef resource provider not found; error: Placement Client Error (4xx): {"errors": [{"status": 404, "title": "Not Found", "detail": "The resource could not be found.\n\n No resource provider with uuid a6c7d05d-02af-4448-8731-b206087f74ef found for delete ", "request_id": "req-ce590aaf-895a-4612-b942-e630b9a308b6"}]}
2026-04-17 06:55:42.401 7 INFO neutron.db.segments_db [None req-80abb444-628a-481d-afa4-6a6411e23245 7687c5808a614e15a392c8985d5f8f9e c493923e8e1c426888b97221d634356c - - default default] Added segment 119b76ef-8e7b-4e64-b654-ee6337f1d63f of type geneve for network bee6678d-dc4e-4482-833b-6d6830e2f21d [pid: 8|app: 0|req: 944/2043] 10.0.0.179 () {32 vars in 726 bytes} [Fri Apr 17 06:55:41 2026] DELETE /v2.0/networks/db023cc5-8213-4463-bcff-e9a83491a26f => generated 0 bytes in 586 msecs (HTTP/1.1 204) 3 headers in 131 bytes (1 switches on core 0) [pid: 8|app: 0|req: 945/2044] 10.0.0.192 () {34 vars in 990 bytes} [Fri Apr 17 06:55:42 2026] GET /v2.0/ports?device_id=e54a6e46-0978-4c9b-b22a-da0af00612e9 => generated 973 bytes in 35 msecs (HTTP/1.1 200) 4 headers in 157 bytes (1 switches on core 0) [pid: 8|app: 0|req: 946/2045] 10.0.0.179 () {32 vars in 733 bytes} [Fri Apr 17 06:55:42 2026] GET /v2.0/networks/3e8d6756-7fe7-478a-9839-96bef758a0be/tags => generated 25 bytes in 45 msecs (HTTP/1.1 200) 4 headers in 156 bytes (1 switches on core 0) [pid: 8|app: 0|req: 947/2046] 199.204.45.209 () {34 vars in 1052 bytes} [Fri Apr 17 06:55:42 2026] GET /v2.0/ports?network_id=10d51c1f-3839-4d5f-aa06-f565979af1a9&device_owner=network%3Adhcp => generated 12 bytes in 16 msecs (HTTP/1.1 200) 4 headers in 156 bytes (1 switches on core 0)
2026-04-17 06:55:42.525 7 INFO neutron.db.ovn_revision_numbers_db [None req-80abb444-628a-481d-afa4-6a6411e23245 7687c5808a614e15a392c8985d5f8f9e c493923e8e1c426888b97221d634356c - - default default] Successfully bumped revision number for resource bee6678d-dc4e-4482-833b-6d6830e2f21d (type: networks) to 1
2026-04-17 06:55:42.535 8 INFO neutron.pecan_wsgi.hooks.translation [None req-78fb8856-aa7b-4e7c-8b5f-90f4f79c57eb ff6dd5647dae4ebeb5e339710f415d58 fdd17e16e18a4fe19fbcfa7ac87f0f45 - - default default] DELETE failed (client error): The resource could not be found. [pid: 8|app: 0|req: 948/2047] 10.0.0.179 () {32 vars in 724 bytes} [Fri Apr 17 06:55:42 2026] DELETE /v2.0/subnets/b0e888cd-5999-4686-bb3d-e8b47a2e7562 => generated 136 bytes in 11 msecs (HTTP/1.1 404) 4 headers in 164 bytes (1 switches on core 0) [pid: 8|app: 0|req: 949/2048] 10.0.0.192 () {34 vars in 1040 bytes} [Fri Apr 17 06:55:42 2026] GET /v2.0/security-groups?id=2be71716-6288-4cfc-8ab0-d3d62a864053&fields=id&fields=name => generated 113 bytes in 29 msecs (HTTP/1.1 200) 4 headers in 157 bytes (1 switches on core 0) [pid: 8|app: 0|req: 950/2049] 10.0.0.179 () {34 vars in 753 bytes} [Fri Apr 17 06:55:42 2026] PUT /v2.0/networks/44fe204a-e645-4dc7-a213-0a59dcfe63f3/tags => generated 17 bytes in 48 msecs (HTTP/1.1 200) 4 headers in 156 bytes (1 switches on core 0) [pid: 8|app: 0|req: 951/2050] 199.204.45.209 () {34 vars in 1012 bytes} [Fri Apr 17 06:55:42 2026] GET /v2.0/networks/10d51c1f-3839-4d5f-aa06-f565979af1a9?fields=segments => generated 14 bytes in 38 msecs (HTTP/1.1 200) 4 headers in 156 bytes (1 switches on core 0)
2026-04-17 06:55:42.663 8 INFO neutron.pecan_wsgi.hooks.translation [None req-5d80e79a-48ba-4c13-83a1-d49eadcc6a0a ff6dd5647dae4ebeb5e339710f415d58 fdd17e16e18a4fe19fbcfa7ac87f0f45 - - default default] DELETE failed (client error): The resource could not be found.
2026-04-17 06:55:42.664 7 WARNING neutron.scheduler.dhcp_agent_scheduler [None req-80abb444-628a-481d-afa4-6a6411e23245 7687c5808a614e15a392c8985d5f8f9e c493923e8e1c426888b97221d634356c - - default default] No more DHCP agents [pid: 8|app: 0|req: 952/2051] 10.0.0.179 () {32 vars in 724 bytes} [Fri Apr 17 06:55:42 2026] DELETE /v2.0/subnets/7d7eecc4-97cd-43fa-9b1e-2ed209fed5bd => generated 136 bytes in 11 msecs (HTTP/1.1 404) 4 headers in 164 bytes (1 switches on core 0)
2026-04-17 06:55:42.666 7 WARNING neutron.api.rpc.agentnotifiers.dhcp_rpc_agent_api [None req-80abb444-628a-481d-afa4-6a6411e23245 7687c5808a614e15a392c8985d5f8f9e c493923e8e1c426888b97221d634356c - - default default] Unable to schedule network bee6678d-dc4e-4482-833b-6d6830e2f21d: no agents available; will retry on subsequent port and subnet creation events.
2026-04-17 06:55:42.725 7 INFO neutron.plugins.ml2.drivers.ovn.mech_driver.mech_driver [None req-8a4c1db4-f9f2-4cf7-a743-9c25ed7ce84a - - - - - -] OVN reports status down for port: 981b2c72-5e4d-4aeb-a593-a275435a53bf [pid: 8|app: 0|req: 953/2052] 10.0.0.179 () {32 vars in 733 bytes} [Fri Apr 17 06:55:42 2026] GET /v2.0/networks/44fe204a-e645-4dc7-a213-0a59dcfe63f3/tags => generated 17 bytes in 62 msecs (HTTP/1.1 200) 4 headers in 156 bytes (1 switches on core 0) [pid: 8|app: 0|req: 954/2053] 199.204.45.209 () {34 vars in 1112 bytes} [Fri Apr 17 06:55:42 2026] GET /v2.0/networks/10d51c1f-3839-4d5f-aa06-f565979af1a9?fields=provider%3Aphysical_network&fields=provider%3Anetwork_type => generated 79 bytes in 48 msecs (HTTP/1.1 200) 4 headers in 156 bytes (1 switches on core 0)
2026-04-17 06:55:42.778 7 INFO neutron.db.ovn_revision_numbers_db [None req-80abb444-628a-481d-afa4-6a6411e23245 7687c5808a614e15a392c8985d5f8f9e c493923e8e1c426888b97221d634356c - - default default] Successfully bumped revision number for resource 981b2c72-5e4d-4aeb-a593-a275435a53bf (type: ports) to 1
2026-04-17 06:55:42.789 8 INFO neutron.pecan_wsgi.hooks.translation [None req-2c8f833f-b715-43d8-a60e-2d567cc94fff ff6dd5647dae4ebeb5e339710f415d58 fdd17e16e18a4fe19fbcfa7ac87f0f45 - - default default] DELETE failed (client error): The resource could not be found. [pid: 8|app: 0|req: 955/2054] 10.0.0.179 () {32 vars in 724 bytes} [Fri Apr 17 06:55:42 2026] DELETE /v2.0/subnets/0998877f-56f6-463d-892b-41a97e4549d0 => generated 136 bytes in 14 msecs (HTTP/1.1 404) 4 headers in 164 bytes (1 switches on core 0) [pid: 7|app: 0|req: 1100/2055] 10.0.0.179 () {34 vars in 670 bytes} [Fri Apr 17 06:55:42 2026] POST /v2.0/networks => generated 651 bytes in 514 msecs (HTTP/1.1 201) 4 headers in 162 bytes (1 switches on core 0) [pid: 8|app: 0|req: 956/2056] 10.0.0.179 () {34 vars in 753 bytes} [Fri Apr 17 06:55:42 2026] PUT /v2.0/networks/44fe204a-e645-4dc7-a213-0a59dcfe63f3/tags => generated 12 bytes in 56 msecs (HTTP/1.1 200) 4 headers in 156 bytes (1 switches on core 0) [pid: 8|app: 0|req: 957/2057] 10.0.0.179 () {32 vars in 733 bytes} [Fri Apr 17 06:55:42 2026] GET /v2.0/networks/44fe204a-e645-4dc7-a213-0a59dcfe63f3/tags => generated 12 bytes in 58 msecs (HTTP/1.1 200) 4 headers in 156 bytes (1 switches on core 0) [pid: 8|app: 0|req: 958/2058] 10.0.0.179 () {32 vars in 733 bytes} [Fri Apr 17 06:55:42 2026] GET /v2.0/networks/3e8d6756-7fe7-478a-9839-96bef758a0be/tags => generated 25 bytes in 44 msecs (HTTP/1.1 200) 4 headers in 156 bytes (1 switches on core 0)
2026-04-17 06:55:43.006 7 WARNING neutron.scheduler.dhcp_agent_scheduler [None req-cb9263f9-cb39-4b1a-b774-171eec694fd8 7687c5808a614e15a392c8985d5f8f9e c493923e8e1c426888b97221d634356c - - default default] No more DHCP agents
2026-04-17 06:55:43.008 7 WARNING neutron.api.rpc.agentnotifiers.dhcp_rpc_agent_api [None req-cb9263f9-cb39-4b1a-b774-171eec694fd8 7687c5808a614e15a392c8985d5f8f9e c493923e8e1c426888b97221d634356c - - default default] Unable to schedule network bee6678d-dc4e-4482-833b-6d6830e2f21d: no agents available; will retry on subsequent port and subnet creation events.
2026-04-17 06:55:43.088 8 INFO neutron_taas.services.taas.taas_plugin [None req-434252cd-50e8-4f71-ad91-7488b03e0789 58ac615fd6ab465ca774411cfd7962fa de42f83a8fbc41f0ae09a99d99a55dbf - - default default] TaaS: Handle Delete Port: 7b3971f1-c6b5-423e-bcec-a2d7eb25a78f
2026-04-17 06:55:43.091 8 INFO neutron_taas.services.taas.tap_mirror_plugin [None req-434252cd-50e8-4f71-ad91-7488b03e0789 58ac615fd6ab465ca774411cfd7962fa de42f83a8fbc41f0ae09a99d99a55dbf - - default default] Tap Mirror: Handle Delete Port: 7b3971f1-c6b5-423e-bcec-a2d7eb25a78f [pid: 8|app: 0|req: 959/2059] 10.0.0.179 () {32 vars in 726 bytes} [Fri Apr 17 06:55:42 2026] DELETE /v2.0/networks/3e8d6756-7fe7-478a-9839-96bef758a0be => generated 0 bytes in 338 msecs (HTTP/1.1 204) 3 headers in 131 bytes (1 switches on core 0)
2026-04-17 06:55:43.430 8 INFO neutron_taas.services.taas.taas_plugin [None req-aaa12f09-9a8e-4758-98f2-09ff809bbeb4 58ac615fd6ab465ca774411cfd7962fa de42f83a8fbc41f0ae09a99d99a55dbf - - default default] TaaS: Handle Delete Port: ca164b89-dfd1-4977-8bf9-ea294a2d3bb6
2026-04-17 06:55:43.433 8 INFO neutron_taas.services.taas.tap_mirror_plugin [None req-aaa12f09-9a8e-4758-98f2-09ff809bbeb4 58ac615fd6ab465ca774411cfd7962fa de42f83a8fbc41f0ae09a99d99a55dbf - - default default] Tap Mirror: Handle Delete Port: ca164b89-dfd1-4977-8bf9-ea294a2d3bb6
2026-04-17 06:55:43.441 7 INFO neutron.db.ovn_revision_numbers_db [None req-eaee1d59-ee4b-45bc-b83e-1ed6611fe3f8 - - - - - -] Successfully bumped revision number for resource 981b2c72-5e4d-4aeb-a593-a275435a53bf (type: ports) to 2
2026-04-17 06:55:43.475 7 INFO neutron.db.ovn_revision_numbers_db [None req-eaee1d59-ee4b-45bc-b83e-1ed6611fe3f8 - - - - - -] Successfully bumped revision number for resource b440d440-9f0e-40a0-83db-9e6dce9e8f8f (type: subnets) to 0 [pid: 7|app: 0|req: 1101/2060] 10.0.0.179 () {34 vars in 669 bytes} [Fri Apr 17 06:55:42 2026] POST /v2.0/subnets => generated 629 bytes in 673 msecs (HTTP/1.1 201) 4 headers in 162 bytes (1 switches on core 0)
2026-04-17 06:55:43.596 7 INFO neutron.db.segments_db [None req-a210f832-bcb9-461f-be85-bc8a39e06e84 7687c5808a614e15a392c8985d5f8f9e c493923e8e1c426888b97221d634356c - - default default] Added segment f4a17bb0-1c74-4cdb-96d4-b340bfe9bce7 of type geneve for network 5db6c732-0aa2-4cf8-a335-1cf7be56bb4f [pid: 8|app: 0|req: 960/2061] 10.0.0.179 () {32 vars in 726 bytes} [Fri Apr 17 06:55:43 2026] DELETE /v2.0/networks/44fe204a-e645-4dc7-a213-0a59dcfe63f3 => generated 0 bytes in 341 msecs (HTTP/1.1 204) 3 headers in 131 bytes (1 switches on core 0)
2026-04-17 06:55:43.717 7 INFO neutron.db.ovn_revision_numbers_db [None req-a210f832-bcb9-461f-be85-bc8a39e06e84 7687c5808a614e15a392c8985d5f8f9e c493923e8e1c426888b97221d634356c - - default default] Successfully bumped revision number for resource 5db6c732-0aa2-4cf8-a335-1cf7be56bb4f (type: networks) to 1 [pid: 8|app: 0|req: 961/2062] 10.0.0.179 () {32 vars in 774 bytes} [Fri Apr 17 06:55:43 2026] GET /v2.0/security-groups?tenant_id=fdd17e16e18a4fe19fbcfa7ac87f0f45&name=default => generated 2925 bytes in 236 msecs (HTTP/1.1 200) 4 headers in 158 bytes (1 switches on core 0)
2026-04-17 06:55:43.897 7 WARNING neutron.scheduler.dhcp_agent_scheduler [None req-a210f832-bcb9-461f-be85-bc8a39e06e84 7687c5808a614e15a392c8985d5f8f9e c493923e8e1c426888b97221d634356c - - default default] No more DHCP agents
2026-04-17 06:55:43.899 7 WARNING neutron.api.rpc.agentnotifiers.dhcp_rpc_agent_api [None req-a210f832-bcb9-461f-be85-bc8a39e06e84 7687c5808a614e15a392c8985d5f8f9e c493923e8e1c426888b97221d634356c - - default default] Unable to schedule network 5db6c732-0aa2-4cf8-a335-1cf7be56bb4f: no agents available; will retry on subsequent port and subnet creation events.
2026-04-17 06:55:43.985 8 INFO neutron.plugins.ml2.drivers.ovn.mech_driver.mech_driver [None req-a0d2d493-6f60-4413-90a1-360e0955403e - - - - - -] OVN reports status down for port: 811c47b0-32f7-4507-a9ad-c618e967239c
2026-04-17 06:55:44.007 7 INFO neutron.db.ovn_revision_numbers_db [None req-a210f832-bcb9-461f-be85-bc8a39e06e84 7687c5808a614e15a392c8985d5f8f9e c493923e8e1c426888b97221d634356c - - default default] Successfully bumped revision number for resource 811c47b0-32f7-4507-a9ad-c618e967239c (type: ports) to 1 [pid: 8|app: 0|req: 962/2063] 10.0.0.192 () {34 vars in 990 bytes} [Fri Apr 17 06:55:43 2026] GET /v2.0/ports?device_id=e54a6e46-0978-4c9b-b22a-da0af00612e9 => generated 973 bytes in 148 msecs (HTTP/1.1 200) 4 headers in 157 bytes (1 switches on core 0) [pid: 7|app: 0|req: 1102/2064] 10.0.0.179 () {34 vars in 670 bytes} [Fri Apr 17 06:55:43 2026] POST /v2.0/networks => generated 650 bytes in 548 msecs (HTTP/1.1 201) 4 headers in 162 bytes (1 switches on core 0) [pid: 7|app: 0|req: 1103/2065] 10.0.0.192 () {34 vars in 1040 bytes} [Fri Apr 17 06:55:44 2026] GET /v2.0/security-groups?id=2be71716-6288-4cfc-8ab0-d3d62a864053&fields=id&fields=name => generated 113 bytes in 33 msecs (HTTP/1.1 200) 4 headers in 157 bytes (1 switches on core 0) [pid: 8|app: 0|req: 963/2066] 10.0.0.179 () {32 vars in 740 bytes} [Fri Apr 17 06:55:44 2026] DELETE /v2.0/security-groups/45bc9caa-da69-473f-b969-e8301293ca47 => generated 0 bytes in 267 msecs (HTTP/1.1 204) 2 headers in 112 bytes (1 switches on core 0)
2026-04-17 06:55:44.321 7 WARNING neutron.scheduler.dhcp_agent_scheduler [None req-a79433f1-1e47-42bd-8a51-92ff21500a64 7687c5808a614e15a392c8985d5f8f9e c493923e8e1c426888b97221d634356c - - default default] No more DHCP agents
2026-04-17 06:55:44.324 7 WARNING neutron.api.rpc.agentnotifiers.dhcp_rpc_agent_api [None req-a79433f1-1e47-42bd-8a51-92ff21500a64 7687c5808a614e15a392c8985d5f8f9e c493923e8e1c426888b97221d634356c - - default default] Unable to schedule network 5db6c732-0aa2-4cf8-a335-1cf7be56bb4f: no agents available; will retry on subsequent port and subnet creation events.
2026-04-17 06:55:44.406 8 INFO neutron.services.segments.plugin [-] Segment c3bde170-6d47-4484-ba3b-262d9465928e resource provider aggregate not found
2026-04-17 06:55:44.410 8 INFO neutron.services.segments.plugin [-] Segment c3bde170-6d47-4484-ba3b-262d9465928e resource provider aggregate not found
2026-04-17 06:55:44.425 8 INFO neutron.services.segments.plugin [-] Segment c3bde170-6d47-4484-ba3b-262d9465928e resource provider not found; error: Placement Client Error (4xx): {"errors": [{"status": 404, "title": "Not Found", "detail": "The resource could not be found.\n\n No resource provider with uuid c3bde170-6d47-4484-ba3b-262d9465928e found for delete ", "request_id": "req-568e6332-401d-484a-8efa-08da74f90220"}]}
2026-04-17 06:55:44.429 8 INFO neutron.services.segments.plugin [-] Segment c3bde170-6d47-4484-ba3b-262d9465928e resource provider not found; error: Placement Client Error (4xx): {"errors": [{"status": 404, "title": "Not Found", "detail": "The resource could not be found.\n\n No resource provider with uuid c3bde170-6d47-4484-ba3b-262d9465928e found for delete ", "request_id": "req-45dbf9a1-b584-4485-a290-6fb58224998f"}]}
2026-04-17 06:55:44.444 8 INFO neutron.services.segments.plugin [-] Segment 7c82c608-29de-4f6f-b51e-7fe4505c7b54 resource provider aggregate not found
2026-04-17 06:55:44.448 8 INFO neutron.services.segments.plugin [-] Segment 7c82c608-29de-4f6f-b51e-7fe4505c7b54 resource provider aggregate not found
2026-04-17 06:55:44.467 8 INFO neutron.services.segments.plugin [-] Segment 7c82c608-29de-4f6f-b51e-7fe4505c7b54 resource provider not found; error: Placement Client Error (4xx): {"errors": [{"status": 404, "title": "Not Found", "detail": "The resource could not be found.\n\n No resource provider with uuid 7c82c608-29de-4f6f-b51e-7fe4505c7b54 found for delete ", "request_id": "req-057d6242-b21d-4ef4-a11c-efb0492f21ab"}]}
2026-04-17 06:55:44.480 8 INFO neutron.services.segments.plugin [-] Segment 7c82c608-29de-4f6f-b51e-7fe4505c7b54 resource provider not found; error: Placement Client Error (4xx): {"errors": [{"status": 404, "title": "Not Found", "detail": "The resource could not be found.\n\n No resource provider with uuid 7c82c608-29de-4f6f-b51e-7fe4505c7b54 found for delete ", "request_id": "req-e846cfe3-6f2e-409d-abae-3635ddde900d"}]} [pid: 8|app: 0|req: 964/2067] 10.0.0.179 () {32 vars in 774 bytes} [Fri Apr 17 06:55:44 2026] GET /v2.0/security-groups?tenant_id=de42f83a8fbc41f0ae09a99d99a55dbf&name=default => generated 2925 bytes in 200 msecs (HTTP/1.1 200) 4 headers in 158 bytes (1 switches on core 0)
2026-04-17 06:55:44.645 8 INFO neutron.db.ovn_revision_numbers_db [None req-6340e192-65e3-4237-931c-47dd82b4ef26 963b9acd950a4dc3b38bee9e8008acfa e680dba82ec44164ab10949e162114d3 - - default default] Successfully bumped revision number for resource f742e53c-7bbc-46ca-8bec-b9693e106a20 (type: security_groups) to 1
2026-04-17 06:55:44.657 8 INFO neutron.db.ovn_revision_numbers_db [None req-6340e192-65e3-4237-931c-47dd82b4ef26 963b9acd950a4dc3b38bee9e8008acfa e680dba82ec44164ab10949e162114d3 - - default default] Successfully bumped revision number for resource 97149a41-2370-44bb-b634-00a7a7f2ac4d (type: security_group_rules) to 0
2026-04-17 06:55:44.677 8 INFO neutron.db.ovn_revision_numbers_db [None req-6340e192-65e3-4237-931c-47dd82b4ef26 963b9acd950a4dc3b38bee9e8008acfa e680dba82ec44164ab10949e162114d3 - - default default] Successfully bumped revision number for resource d9237fa2-ef51-4a42-9816-f05221f6a9f8 (type: security_group_rules) to 0
2026-04-17 06:55:44.689 8 INFO neutron.db.ovn_revision_numbers_db [None req-6340e192-65e3-4237-931c-47dd82b4ef26 963b9acd950a4dc3b38bee9e8008acfa e680dba82ec44164ab10949e162114d3 - - default default] Successfully bumped revision number for resource d9f98853-d404-4d63-abe6-c710bc22416d (type: security_group_rules) to 0
2026-04-17 06:55:44.700 8 INFO neutron.db.ovn_revision_numbers_db [None req-6340e192-65e3-4237-931c-47dd82b4ef26 963b9acd950a4dc3b38bee9e8008acfa e680dba82ec44164ab10949e162114d3 - - default default] Successfully bumped revision number for resource fbc9a403-a10e-423d-9d0d-24ec622f2eda (type: security_group_rules) to 0 [pid: 8|app: 0|req: 965/2068] 10.0.0.179 () {32 vars in 774 bytes} [Fri Apr 17 06:55:44 2026] GET /v2.0/security-groups?tenant_id=e36ad0f0e00e4ffe93176c7bc39da640&name=default => generated 2925 bytes in 236 msecs (HTTP/1.1 200) 4 headers in 158 bytes (1 switches on core 0)
2026-04-17 06:55:44.836 7 INFO neutron.db.ovn_revision_numbers_db [None req-a5fb41db-5b23-49c0-8724-bff5efb557d6 - - - - - -] Successfully bumped revision number for resource 811c47b0-32f7-4507-a9ad-c618e967239c (type: ports) to 2
2026-04-17 06:55:44.888 7 INFO neutron.db.ovn_revision_numbers_db [None req-a5fb41db-5b23-49c0-8724-bff5efb557d6 - - - - - -] Successfully bumped revision number for resource ea53ac6e-0ad8-4a80-8968-ea303922c7b6 (type: subnets) to 0 [pid: 7|app: 0|req: 1104/2069] 10.0.0.179 () {34 vars in 669 bytes} [Fri Apr 17 06:55:44 2026] POST /v2.0/subnets => generated 629 bytes in 829 msecs (HTTP/1.1 201) 4 headers in 162 bytes (1 switches on core 0) [pid: 8|app: 0|req: 966/2070] 10.0.0.179 () {32 vars in 740 bytes} [Fri Apr 17 06:55:44 2026] DELETE /v2.0/security-groups/981fe513-db63-4fbc-9c93-c7a005948cba => generated 0 bytes in 260 msecs (HTTP/1.1 204) 2 headers in 112 bytes (1 switches on core 0) [pid: 8|app: 0|req: 967/2071] 10.0.0.179 () {34 vars in 751 bytes} [Fri Apr 17 06:55:45 2026] PUT /v2.0/subnets/ccf19b12-b9c0-4e1c-ac45-33cb639bf388/tags => generated 17 bytes in 59 msecs (HTTP/1.1 200) 4 headers in 156 bytes (1 switches on core 0) [pid: 8|app: 0|req: 968/2072] 10.0.0.179 () {34 vars in 751 bytes} [Fri Apr 17 06:55:45 2026] PUT /v2.0/subnets/6b1b14d9-1bb8-4bcc-b9a1-3d1266b04627/tags => generated 25 bytes in 79 msecs (HTTP/1.1 200) 4 headers in 156 bytes (1 switches on core 0) [pid: 7|app: 0|req: 1105/2073] 10.0.0.179 () {32 vars in 740 bytes} [Fri Apr 17 06:55:44 2026] DELETE /v2.0/security-groups/f742e53c-7bbc-46ca-8bec-b9693e106a20 => generated 0 bytes in 308 msecs (HTTP/1.1 204) 2 headers in 112 bytes (1 switches on core 0)
2026-04-17 06:55:45.285 8 INFO neutron.db.ovn_revision_numbers_db [None req-c0a540b1-1730-41bf-88ed-3cd52f9ad74e 963b9acd950a4dc3b38bee9e8008acfa e680dba82ec44164ab10949e162114d3 - - default default] Successfully bumped revision number for resource 50070b1f-0fc6-4567-93c0-1acf30268c22 (type: security_groups) to 1 [pid: 7|app: 0|req: 1106/2074] 10.0.0.179 () {34 vars in 751 bytes} [Fri Apr 17 06:55:45 2026] PUT /v2.0/subnets/9e1e48fc-f69d-4c4e-a206-fc2a382e0c3d/tags => generated 34 bytes in 73 msecs (HTTP/1.1 200) 4 headers in 156 bytes (1 switches on core 0)
2026-04-17 06:55:45.307 8 INFO neutron.db.ovn_revision_numbers_db [None req-c0a540b1-1730-41bf-88ed-3cd52f9ad74e 963b9acd950a4dc3b38bee9e8008acfa e680dba82ec44164ab10949e162114d3 - - default default] Successfully bumped revision number for resource 1afa906b-dbe5-4248-93e5-1952691aac60 (type: security_group_rules) to 0
