2026-04-17 06:54:14.288 7 INFO neutron.db.ovn_revision_numbers_db [None req-c4f10531-702d-415b-b975-cb8f995a6c48 f4ca70cfc04d4b1da629f0e7f9e40fc4 49f3891896104454ac0f4a7e8676609f - - default default] Successfully bumped revision number for resource 64f05f6b-5c96-43fb-81b5-4cedc93e9ee4 (type: subnets) to 0 [pid: 7|app: 0|req: 751/1392] 10.0.0.179 () {34 vars in 669 bytes} [Fri Apr 17 06:54:13 2026] POST /v2.0/subnets => generated 1324 bytes in 786 msecs (HTTP/1.1 201) 4 headers in 163 bytes (1 switches on core 0) [pid: 7|app: 0|req: 752/1393] 10.0.0.192 () {34 vars in 990 bytes} [Fri Apr 17 06:54:14 2026] GET /v2.0/ports?device_id=05fae908-4b7a-4025-b585-059bc3120c4e => generated 969 bytes in 41 msecs (HTTP/1.1 200) 4 headers in 157 bytes (1 switches on core 0) [pid: 7|app: 0|req: 753/1394] 10.0.0.179 () {32 vars in 643 bytes} [Fri Apr 17 06:54:14 2026] GET /v2.0/ports => generated 1537 bytes in 63 msecs (HTTP/1.1 200) 4 headers in 158 bytes (1 switches on core 0) [pid: 7|app: 0|req: 754/1395] 199.204.45.209 () {34 vars in 1080 bytes} [Fri Apr 17 06:54:14 2026] GET /v2.0/ports?tenant_id=c83f478580c74a10b908f101e40020b7&device_id=05fae908-4b7a-4025-b585-059bc3120c4e => generated 1207 bytes in 39 msecs (HTTP/1.1 200) 4 headers in 158 bytes (1 switches on core 0) [pid: 7|app: 0|req: 755/1396] 10.0.0.179 () {32 vars in 647 bytes} [Fri Apr 17 06:54:14 2026] GET /v2.0/subnets => generated 1960 bytes in 49 msecs (HTTP/1.1 200) 4 headers in 158 bytes (1 switches on core 0) [pid: 7|app: 0|req: 756/1397] 10.0.0.192 () {34 vars in 1040 bytes} [Fri Apr 17 06:54:14 2026] GET /v2.0/security-groups?id=9dc213b5-fe61-4526-815c-c81a0b5a9924&fields=id&fields=name => generated 88 bytes in 28 msecs (HTTP/1.1 200) 4 headers in 156 bytes (1 switches on core 0)
2026-04-17 06:54:14.553 7 INFO neutron.pecan_wsgi.hooks.translation [None req-0471b368-3a71-4c44-aa5f-009e41182d24 1ba2e299f3ed44b4a12630fbb86e7388 ab14c6147d3e4ab9af89c25389a338a7 - - default default] GET failed (client error): The resource could not be found. [pid: 7|app: 0|req: 757/1398] 10.0.0.179 () {32 vars in 717 bytes} [Fri Apr 17 06:54:14 2026] GET /v2.0/ports/5fa12a98-7516-4f2c-ab2e-8da9c841e7e5 => generated 132 bytes in 23 msecs (HTTP/1.1 404) 4 headers in 164 bytes (1 switches on core 0) [pid: 7|app: 0|req: 758/1399] 199.204.45.209 () {34 vars in 1058 bytes} [Fri Apr 17 06:54:14 2026] GET /v2.0/floatingips?fixed_ip_address=10.100.0.8&port_id=5dc7b0f5-acad-41ae-8007-006f7fd33c8d => generated 19 bytes in 24 msecs (HTTP/1.1 200) 4 headers in 156 bytes (1 switches on core 0)
2026-04-17 06:54:14.749 8 INFO neutron.db.ovn_revision_numbers_db [None req-8e6f2cbe-c24e-4ea3-9090-16fffb0cb324 - - - - - -] Successfully bumped revision number for resource 6cfc4f9d-bb11-4544-9465-ba82e6266c0a (type: ports) to 2 [pid: 7|app: 0|req: 759/1400] 10.0.0.179 () {32 vars in 724 bytes} [Fri Apr 17 06:54:14 2026] DELETE /v2.0/subnets/7509705a-d8c5-4dba-a9a3-f2f8064c5aee => generated 0 bytes in 199 msecs (HTTP/1.1 204) 3 headers in 131 bytes (1 switches on core 0) [pid: 7|app: 0|req: 760/1401] 10.0.0.179 () {32 vars in 643 bytes} [Fri Apr 17 06:54:14 2026] GET /v2.0/ports => generated 1537 bytes in 44 msecs (HTTP/1.1 200) 4 headers in 158 bytes (1 switches on core 0) [pid: 7|app: 0|req: 761/1402] 199.204.45.209 () {34 vars in 984 bytes} [Fri Apr 17 06:54:14 2026] GET /v2.0/subnets?id=b686346e-7454-47ff-9829-9408f3881e3d => generated 690 bytes in 27 msecs (HTTP/1.1 200) 4 headers in 157 bytes (1 switches on core 0) [pid: 7|app: 0|req: 762/1403] 10.0.0.179 () {32 vars in 724 bytes} [Fri Apr 17 06:54:14 2026] DELETE /v2.0/subnets/64f05f6b-5c96-43fb-81b5-4cedc93e9ee4 => generated 0 bytes in 191 msecs (HTTP/1.1 204) 3 headers in 131 bytes (1 switches on core 0)
2026-04-17 06:54:15.054 8 INFO neutron.db.ovn_revision_numbers_db [None req-baa67c1c-8e8a-4d8a-b58d-2b1eb5e776a1 963b9acd950a4dc3b38bee9e8008acfa e680dba82ec44164ab10949e162114d3 - - default default] Successfully bumped revision number for resource 6cfc4f9d-bb11-4544-9465-ba82e6266c0a (type: router_ports) to 1 [pid: 8|app: 0|req: 642/1404] 10.0.0.179 () {34 vars in 783 bytes} [Fri Apr 17 06:54:12 2026] PUT /v2.0/routers/2c3c4c64-67b2-4099-9030-d530a84f9728/add_router_interface => generated 309 bytes in 2357 msecs (HTTP/1.1 200) 4 headers in 157 bytes (1 switches on core 0) [pid: 7|app: 0|req: 763/1405] 10.0.0.179 () {32 vars in 717 bytes} [Fri Apr 17 06:54:15 2026] GET /v2.0/ports/30260600-5ea2-4749-8e07-68e3f3561ffb => generated 778 bytes in 33 msecs (HTTP/1.1 200) 4 headers in 157 bytes (1 switches on core 0) [pid: 8|app: 0|req: 643/1406] 199.204.45.209 () {34 vars in 1052 bytes} [Fri Apr 17 06:54:15 2026] GET /v2.0/ports?network_id=03299861-e7c9-4d8a-a167-9a4dcee1c8ae&device_owner=network%3Adhcp => generated 12 bytes in 22 msecs (HTTP/1.1 200) 4 headers in 156 bytes (1 switches on core 0)
2026-04-17 06:54:15.102 8 INFO neutron.pecan_wsgi.hooks.translation [None req-00b33405-ed26-4507-a1d4-c8a28e3e7bd4 1ba2e299f3ed44b4a12630fbb86e7388 ab14c6147d3e4ab9af89c25389a338a7 - - default default] DELETE failed (client error): The resource could not be found. [pid: 8|app: 0|req: 644/1407] 10.0.0.179 () {32 vars in 720 bytes} [Fri Apr 17 06:54:15 2026] DELETE /v2.0/ports/abae9d51-bf42-445f-a47f-9393d560406e => generated 132 bytes in 20 msecs (HTTP/1.1 404) 4 headers in 164 bytes (1 switches on core 0) [pid: 7|app: 0|req: 764/1408] 10.0.0.179 () {32 vars in 647 bytes} [Fri Apr 17 06:54:15 2026] GET /v2.0/subnets => generated 649 bytes in 40 msecs (HTTP/1.1 200) 4 headers in 157 bytes (1 switches on core 0)
2026-04-17 06:54:15.130 7 INFO neutron.pecan_wsgi.hooks.translation [None req-26a73bdd-d252-4965-a133-9cd46e5b0846 1ba2e299f3ed44b4a12630fbb86e7388 ab14c6147d3e4ab9af89c25389a338a7 - - default default] DELETE failed (client error): The resource could not be found. [pid: 7|app: 0|req: 765/1409] 10.0.0.179 () {32 vars in 724 bytes} [Fri Apr 17 06:54:15 2026] DELETE /v2.0/subnets/7848735e-95f9-4476-a330-d09425c1f785 => generated 136 bytes in 13 msecs (HTTP/1.1 404) 4 headers in 164 bytes (1 switches on core 0) [pid: 8|app: 0|req: 645/1410] 199.204.45.209 () {34 vars in 1012 bytes} [Fri Apr 17 06:54:15 2026] GET /v2.0/networks/03299861-e7c9-4d8a-a167-9a4dcee1c8ae?fields=segments => generated 14 bytes in 39 msecs (HTTP/1.1 200) 4 headers in 156 bytes (1 switches on core 0)
2026-04-17 06:54:15.156 8 INFO neutron.pecan_wsgi.hooks.translation [None req-ecfe535c-bd88-420e-8403-04de4e26a815 1ba2e299f3ed44b4a12630fbb86e7388 ab14c6147d3e4ab9af89c25389a338a7 - - default default] DELETE failed (client error): The resource could not be found. [pid: 8|app: 0|req: 646/1411] 10.0.0.179 () {32 vars in 724 bytes} [Fri Apr 17 06:54:15 2026] DELETE /v2.0/subnets/c0597db9-943a-47d3-8fda-7dca46dc7827 => generated 136 bytes in 14 msecs (HTTP/1.1 404) 4 headers in 164 bytes (1 switches on core 0) [pid: 8|app: 0|req: 647/1412] 199.204.45.209 () {34 vars in 1112 bytes} [Fri Apr 17 06:54:15 2026] GET /v2.0/networks/03299861-e7c9-4d8a-a167-9a4dcee1c8ae?fields=provider%3Aphysical_network&fields=provider%3Anetwork_type => generated 79 bytes in 35 msecs (HTTP/1.1 200) 4 headers in 156 bytes (1 switches on core 0)
2026-04-17 06:54:15.258 7 INFO neutron_taas.services.taas.taas_plugin [None req-652f576c-7ce3-4e94-acd7-7f0f7d1acc19 f4ca70cfc04d4b1da629f0e7f9e40fc4 49f3891896104454ac0f4a7e8676609f - - default default] TaaS: Handle Delete Port: f34b1ddf-3393-434e-8985-90bf535cba2b
2026-04-17 06:54:15.261 7 INFO neutron_taas.services.taas.tap_mirror_plugin [None req-652f576c-7ce3-4e94-acd7-7f0f7d1acc19 f4ca70cfc04d4b1da629f0e7f9e40fc4 49f3891896104454ac0f4a7e8676609f - - default default] Tap Mirror: Handle Delete Port: f34b1ddf-3393-434e-8985-90bf535cba2b
2026-04-17 06:54:15.315 8 INFO neutron_taas.services.taas.taas_plugin [None req-d13ccee4-6ffa-4b0c-9759-f205b699f10c 1ba2e299f3ed44b4a12630fbb86e7388 ab14c6147d3e4ab9af89c25389a338a7 - - default default] TaaS: Handle Delete Port: 30260600-5ea2-4749-8e07-68e3f3561ffb
2026-04-17 06:54:15.318 8 INFO neutron_taas.services.taas.tap_mirror_plugin [None req-d13ccee4-6ffa-4b0c-9759-f205b699f10c 1ba2e299f3ed44b4a12630fbb86e7388 ab14c6147d3e4ab9af89c25389a338a7 - - default default] Tap Mirror: Handle Delete Port: 30260600-5ea2-4749-8e07-68e3f3561ffb
2026-04-17 06:54:15.468 7 INFO neutron.services.segments.plugin [-] Segment d022edbf-a684-4697-9c98-d837a2e7444b resource provider aggregate not found [pid: 8|app: 0|req: 648/1413] 10.0.0.179 () {32 vars in 720 bytes} [Fri Apr 17 06:54:15 2026] DELETE /v2.0/ports/30260600-5ea2-4749-8e07-68e3f3561ffb => generated 0 bytes in 274 msecs (HTTP/1.1 204) 3 headers in 131 bytes (1 switches on core 0)
2026-04-17 06:54:15.472 7 INFO neutron.services.segments.plugin [-] Segment d022edbf-a684-4697-9c98-d837a2e7444b resource provider aggregate not found
2026-04-17 06:54:15.492 7 INFO neutron.services.segments.plugin [-] Segment d022edbf-a684-4697-9c98-d837a2e7444b resource provider not found; error: Placement Client Error (4xx): {"errors": [{"status": 404, "title": "Not Found", "detail": "The resource could not be found.\n\n No resource provider with uuid d022edbf-a684-4697-9c98-d837a2e7444b found for delete ", "request_id": "req-f44eb438-0a9c-4c45-afda-e0b5bd7f8c70"}]}
2026-04-17 06:54:15.495 7 INFO neutron.services.segments.plugin [-] Segment d022edbf-a684-4697-9c98-d837a2e7444b resource provider not found; error: Placement Client Error (4xx): {"errors": [{"status": 404, "title": "Not Found", "detail": "The resource could not be found.\n\n No resource provider with uuid d022edbf-a684-4697-9c98-d837a2e7444b found for delete ", "request_id": "req-cb18a5e9-77fc-4e5c-b9ce-29bb818e3e17"}]} [pid: 7|app: 0|req: 766/1414] 10.0.0.179 () {32 vars in 726 bytes} [Fri Apr 17 06:54:15 2026] DELETE /v2.0/networks/4049f4f3-414f-4dd5-9d9b-b477aa74a30a => generated 0 bytes in 399 msecs (HTTP/1.1 204) 3 headers in 131 bytes (1 switches on core 0)
2026-04-17 06:54:15.619 8 INFO neutron_taas.services.taas.taas_plugin [None req-bbc623b1-b881-4d31-a5c3-180e7275b9d3 1ba2e299f3ed44b4a12630fbb86e7388 ab14c6147d3e4ab9af89c25389a338a7 - - default default] TaaS: Handle Delete Port: b7bde084-ae23-4e76-adaa-8a2965c22384
2026-04-17 06:54:15.622 8 INFO neutron_taas.services.taas.tap_mirror_plugin [None req-bbc623b1-b881-4d31-a5c3-180e7275b9d3 1ba2e299f3ed44b4a12630fbb86e7388 ab14c6147d3e4ab9af89c25389a338a7 - - default default] Tap Mirror: Handle Delete Port: b7bde084-ae23-4e76-adaa-8a2965c22384
2026-04-17 06:54:15.692 7 INFO neutron_taas.services.taas.taas_plugin [None req-2a57a89f-e3b6-42b8-b19c-8a4779d9f18c f4ca70cfc04d4b1da629f0e7f9e40fc4 49f3891896104454ac0f4a7e8676609f - - default default] TaaS: Handle Delete Port: 6845213c-b6f3-4eb2-bd62-91cbb35cf18c
2026-04-17 06:54:15.695 7 INFO neutron_taas.services.taas.tap_mirror_plugin [None req-2a57a89f-e3b6-42b8-b19c-8a4779d9f18c f4ca70cfc04d4b1da629f0e7f9e40fc4 49f3891896104454ac0f4a7e8676609f - - default default] Tap Mirror: Handle Delete Port: 6845213c-b6f3-4eb2-bd62-91cbb35cf18c
2026-04-17 06:54:15.821 8 INFO neutron.services.segments.plugin [-] Segment 8d94b28d-1cef-427c-9076-ac5148175d58 resource provider aggregate not found
2026-04-17 06:54:15.830 8 INFO neutron.services.segments.plugin [-] Segment 8d94b28d-1cef-427c-9076-ac5148175d58 resource provider aggregate not found
2026-04-17 06:54:15.857 8 INFO neutron.services.segments.plugin [-] Segment 8d94b28d-1cef-427c-9076-ac5148175d58 resource provider not found; error: Placement Client Error (4xx): {"errors": [{"status": 404, "title": "Not Found", "detail": "The resource could not be found.\n\n No resource provider with uuid 8d94b28d-1cef-427c-9076-ac5148175d58 found for delete ", "request_id": "req-51b94ae6-9cde-412d-b147-350f04ba5d05"}]}
2026-04-17 06:54:15.858 8 INFO neutron.services.segments.plugin [-] Segment 8d94b28d-1cef-427c-9076-ac5148175d58 resource provider not found; error: Placement Client Error (4xx): {"errors": [{"status": 404, "title": "Not Found", "detail": "The resource could not be found.\n\n No resource provider with uuid 8d94b28d-1cef-427c-9076-ac5148175d58 found for delete ", "request_id": "req-9404dc56-e11b-42b7-bb9e-f219307f8a11"}]} [pid: 8|app: 0|req: 649/1415] 10.0.0.179 () {32 vars in 726 bytes} [Fri Apr 17 06:54:15 2026] DELETE /v2.0/networks/aa4834fd-f7db-4d8a-9f7d-43cfac584195 => generated 0 bytes in 418 msecs (HTTP/1.1 204) 3 headers in 131 bytes (1 switches on core 0) [pid: 7|app: 0|req: 767/1416] 10.0.0.179 () {32 vars in 726 bytes} [Fri Apr 17 06:54:15 2026] DELETE /v2.0/networks/fcd5a425-91a7-4924-b831-5ab544bae0e8 => generated 0 bytes in 446 msecs (HTTP/1.1 204) 3 headers in 131 bytes (1 switches on core 0) [pid: 8|app: 0|req: 650/1417] 10.0.0.192 () {34 vars in 990 bytes} [Fri Apr 17 06:54:15 2026] GET /v2.0/ports?device_id=05fae908-4b7a-4025-b585-059bc3120c4e => generated 969 bytes in 112 msecs (HTTP/1.1 200) 4 headers in 157 bytes (1 switches on core 0) [pid: 8|app: 0|req: 651/1418] 10.0.0.192 () {34 vars in 1040 bytes} [Fri Apr 17 06:54:16 2026] GET /v2.0/security-groups?id=9dc213b5-fe61-4526-815c-c81a0b5a9924&fields=id&fields=name => generated 88 bytes in 36 msecs (HTTP/1.1 200) 4 headers in 156 bytes (1 switches on core 0)
2026-04-17 06:54:16.117 7 INFO neutron_taas.services.taas.taas_plugin [None req-0d01bf2c-6169-49ef-8d27-ecdf8a2dd06b f4ca70cfc04d4b1da629f0e7f9e40fc4 49f3891896104454ac0f4a7e8676609f - - default default] TaaS: Handle Delete Port: 6e69d7a1-3aac-4578-bde4-8a43d93a095c
2026-04-17 06:54:16.127 7 INFO neutron_taas.services.taas.tap_mirror_plugin [None req-0d01bf2c-6169-49ef-8d27-ecdf8a2dd06b f4ca70cfc04d4b1da629f0e7f9e40fc4 49f3891896104454ac0f4a7e8676609f - - default default] Tap Mirror: Handle Delete Port: 6e69d7a1-3aac-4578-bde4-8a43d93a095c [pid: 7|app: 0|req: 768/1419] 10.0.0.179 () {32 vars in 726 bytes} [Fri Apr 17 06:54:15 2026] DELETE /v2.0/networks/10d6d45a-4a80-4eae-aa2e-8aea6df30a7f => generated 0 bytes in 375 msecs (HTTP/1.1 204) 3 headers in 131 bytes (1 switches on core 0)
2026-04-17 06:54:16.441 8 INFO neutron.db.ovn_revision_numbers_db [None req-6d67794f-b08f-498c-83a0-f15f26e8d587 963b9acd950a4dc3b38bee9e8008acfa e680dba82ec44164ab10949e162114d3 - - default default] Successfully bumped revision number for resource a81511ae-7a82-45bb-8886-d637efc9e5c3 (type: security_groups) to 1
2026-04-17 06:54:16.453 8 INFO neutron.db.ovn_revision_numbers_db [None req-6d67794f-b08f-498c-83a0-f15f26e8d587 963b9acd950a4dc3b38bee9e8008acfa e680dba82ec44164ab10949e162114d3 - - default default] Successfully bumped revision number for resource 2a47a2e2-bd99-4b0c-afa6-a7951eb7837f (type: security_group_rules) to 0
2026-04-17 06:54:16.464 8 INFO neutron.db.ovn_revision_numbers_db [None req-6d67794f-b08f-498c-83a0-f15f26e8d587 963b9acd950a4dc3b38bee9e8008acfa e680dba82ec44164ab10949e162114d3 - - default default] Successfully bumped revision number for resource 543989e4-e1f9-4276-ba2f-78867dd65838 (type: security_group_rules) to 0
2026-04-17 06:54:16.475 8 INFO neutron.db.ovn_revision_numbers_db [None req-6d67794f-b08f-498c-83a0-f15f26e8d587 963b9acd950a4dc3b38bee9e8008acfa e680dba82ec44164ab10949e162114d3 - - default default] Successfully bumped revision number for resource 929d72e3-93a6-45db-825a-b671135252b4 (type: security_group_rules) to 0
2026-04-17 06:54:16.484 8 INFO neutron.db.ovn_revision_numbers_db [None req-6d67794f-b08f-498c-83a0-f15f26e8d587 963b9acd950a4dc3b38bee9e8008acfa e680dba82ec44164ab10949e162114d3 - - default default] Successfully bumped revision number for resource c9081479-5802-4f85-8a5b-57ac3402007c (type: security_group_rules) to 0
2026-04-17 06:54:16.502 7 INFO neutron_taas.services.taas.taas_plugin [None req-097b914b-bc64-4084-bb1f-e5cd50903b19 f4ca70cfc04d4b1da629f0e7f9e40fc4 49f3891896104454ac0f4a7e8676609f - - default default] TaaS: Handle Delete Port: 01ba3d85-d543-46b1-9cab-296a7b0462f6
2026-04-17 06:54:16.505 7 INFO neutron_taas.services.taas.tap_mirror_plugin [None req-097b914b-bc64-4084-bb1f-e5cd50903b19 f4ca70cfc04d4b1da629f0e7f9e40fc4 49f3891896104454ac0f4a7e8676609f - - default default] Tap Mirror: Handle Delete Port: 01ba3d85-d543-46b1-9cab-296a7b0462f6
2026-04-17 06:54:16.559 8 INFO neutron.db.segments_db [None req-6d67794f-b08f-498c-83a0-f15f26e8d587 963b9acd950a4dc3b38bee9e8008acfa e680dba82ec44164ab10949e162114d3 - - default default] Added segment 2296e964-6201-4e01-981c-258937922cff of type geneve for network 283186c9-a0f7-4a78-beb6-7267c09d9fee
2026-04-17 06:54:16.692 8 INFO neutron.db.ovn_revision_numbers_db [None req-6d67794f-b08f-498c-83a0-f15f26e8d587 963b9acd950a4dc3b38bee9e8008acfa e680dba82ec44164ab10949e162114d3 - - default default] Successfully bumped revision number for resource 283186c9-a0f7-4a78-beb6-7267c09d9fee (type: networks) to 1 [pid: 7|app: 0|req: 769/1420] 10.0.0.179 () {32 vars in 726 bytes} [Fri Apr 17 06:54:16 2026] DELETE /v2.0/networks/8155d0c3-7372-4e57-86e6-33959ae1f674 => generated 0 bytes in 372 msecs (HTTP/1.1 204) 3 headers in 131 bytes (1 switches on core 0)
2026-04-17 06:54:16.844 8 WARNING neutron.scheduler.dhcp_agent_scheduler [None req-6d67794f-b08f-498c-83a0-f15f26e8d587 963b9acd950a4dc3b38bee9e8008acfa e680dba82ec44164ab10949e162114d3 - - default default] No more DHCP agents
2026-04-17 06:54:16.845 8 WARNING neutron.api.rpc.agentnotifiers.dhcp_rpc_agent_api [None req-6d67794f-b08f-498c-83a0-f15f26e8d587 963b9acd950a4dc3b38bee9e8008acfa e680dba82ec44164ab10949e162114d3 - - default default] Unable to schedule network 283186c9-a0f7-4a78-beb6-7267c09d9fee: no agents available; will retry on subsequent port and subnet creation events.
2026-04-17 06:54:16.897 7 INFO neutron.plugins.ml2.drivers.ovn.mech_driver.mech_driver [None req-f3220d99-faeb-4a9a-8b9d-91b372e1db21 - - - - - -] OVN reports status down for port: 3bc9310f-20ae-42ee-a249-18743b7305d6
2026-04-17 06:54:16.918 8 INFO neutron.db.ovn_revision_numbers_db [None req-6d67794f-b08f-498c-83a0-f15f26e8d587 963b9acd950a4dc3b38bee9e8008acfa e680dba82ec44164ab10949e162114d3 - - default default] Successfully bumped revision number for resource 3bc9310f-20ae-42ee-a249-18743b7305d6 (type: ports) to 1 [pid: 8|app: 0|req: 652/1421] 10.0.0.179 () {34 vars in 671 bytes} [Fri Apr 17 06:54:16 2026] POST /v2.0/networks => generated 761 bytes in 685 msecs (HTTP/1.1 201) 4 headers in 162 bytes (1 switches on core 0) [pid: 7|app: 0|req: 770/1422] 10.0.0.179 () {32 vars in 774 bytes} [Fri Apr 17 06:54:16 2026] GET /v2.0/security-groups?tenant_id=ab14c6147d3e4ab9af89c25389a338a7&name=default => generated 2925 bytes in 254 msecs (HTTP/1.1 200) 4 headers in 158 bytes (1 switches on core 0)
2026-04-17 06:54:17.070 8 WARNING neutron.scheduler.dhcp_agent_scheduler [None req-6e7c5e35-bf30-4794-af46-f87950cfcd89 963b9acd950a4dc3b38bee9e8008acfa e680dba82ec44164ab10949e162114d3 - - default default] No more DHCP agents
2026-04-17 06:54:17.072 8 WARNING neutron.api.rpc.agentnotifiers.dhcp_rpc_agent_api [None req-6e7c5e35-bf30-4794-af46-f87950cfcd89 963b9acd950a4dc3b38bee9e8008acfa e680dba82ec44164ab10949e162114d3 - - default default] Unable to schedule network 283186c9-a0f7-4a78-beb6-7267c09d9fee: no agents available; will retry on subsequent port and subnet creation events. [pid: 7|app: 0|req: 771/1423] 10.0.0.179 () {32 vars in 740 bytes} [Fri Apr 17 06:54:17 2026] DELETE /v2.0/security-groups/79373db9-8bcc-4c03-96cf-fb44fdddbff0 => generated 0 bytes in 232 msecs (HTTP/1.1 204) 2 headers in 112 bytes (1 switches on core 0) [pid: 7|app: 0|req: 772/1424] 10.0.0.192 () {34 vars in 990 bytes} [Fri Apr 17 06:54:17 2026] GET /v2.0/ports?device_id=05fae908-4b7a-4025-b585-059bc3120c4e => generated 969 bytes in 92 msecs (HTTP/1.1 200) 4 headers in 157 bytes (1 switches on core 0)
2026-04-17 06:54:17.527 8 INFO neutron.db.ovn_revision_numbers_db [None req-c7b678a7-8b0c-4283-a76f-f63f5dd39520 - - - - - -] Successfully bumped revision number for resource 3bc9310f-20ae-42ee-a249-18743b7305d6 (type: ports) to 2
2026-04-17 06:54:17.528 7 INFO neutron.services.segments.plugin [-] Segment b26ab1ab-9467-423e-ae76-85c35c567d9c resource provider aggregate not found
2026-04-17 06:54:17.533 7 INFO neutron.services.segments.plugin [-] Segment b26ab1ab-9467-423e-ae76-85c35c567d9c resource provider aggregate not found
2026-04-17 06:54:17.551 7 INFO neutron.services.segments.plugin [-] Segment b26ab1ab-9467-423e-ae76-85c35c567d9c resource provider not found; error: Placement Client Error (4xx): {"errors": [{"status": 404, "title": "Not Found", "detail": "The resource could not be found.\n\n No resource provider with uuid b26ab1ab-9467-423e-ae76-85c35c567d9c found for delete ", "request_id": "req-6ee755c8-0a58-4a5a-aefe-629f0d862363"}]}
2026-04-17 06:54:17.552 7 INFO neutron.services.segments.plugin [-] Segment b26ab1ab-9467-423e-ae76-85c35c567d9c resource provider not found; error: Placement Client Error (4xx): {"errors": [{"status": 404, "title": "Not Found", "detail": "The resource could not be found.\n\n No resource provider with uuid b26ab1ab-9467-423e-ae76-85c35c567d9c found for delete ", "request_id": "req-559aa309-0ba9-49db-bd7e-b853b6a0ee1f"}]}
2026-04-17 06:54:17.557 8 INFO neutron.db.ovn_revision_numbers_db [None req-c7b678a7-8b0c-4283-a76f-f63f5dd39520 - - - - - -] Successfully bumped revision number for resource cea337e2-1177-45d2-92d0-1a4d7b74c087 (type: subnets) to 0
2026-04-17 06:54:17.571 7 INFO neutron.services.segments.plugin [-] Segment 52aad5a9-32cd-4dc8-a406-9d3e788cc66c resource provider aggregate not found [pid: 8|app: 0|req: 653/1425] 10.0.0.179 () {34 vars in 669 bytes} [Fri Apr 17 06:54:16 2026] POST /v2.0/subnets => generated 687 bytes in 632 msecs (HTTP/1.1 201) 4 headers in 162 bytes (1 switches on core 0)
2026-04-17 06:54:17.576 7 INFO neutron.services.segments.plugin [-] Segment 52aad5a9-32cd-4dc8-a406-9d3e788cc66c resource provider aggregate not found
2026-04-17 06:54:17.592 7 INFO neutron.services.segments.plugin [-] Segment 52aad5a9-32cd-4dc8-a406-9d3e788cc66c resource provider not found; error: Placement Client Error (4xx): {"errors": [{"status": 404, "title": "Not Found", "detail": "The resource could not be found.\n\n No resource provider with uuid 52aad5a9-32cd-4dc8-a406-9d3e788cc66c found for delete ", "request_id": "req-eddb3e90-95c4-48d6-b3ab-073e0f0a9bea"}]} [pid: 8|app: 0|req: 654/1426] 10.0.0.192 () {34 vars in 1040 bytes} [Fri Apr 17 06:54:17 2026] GET /v2.0/security-groups?id=9dc213b5-fe61-4526-815c-c81a0b5a9924&fields=id&fields=name => generated 88 bytes in 35 msecs (HTTP/1.1 200) 4 headers in 156 bytes (1 switches on core 0)
2026-04-17 06:54:17.612 7 INFO neutron.services.segments.plugin [-] Segment 52aad5a9-32cd-4dc8-a406-9d3e788cc66c resource provider not found; error: Placement Client Error (4xx): {"errors": [{"status": 404, "title": "Not Found", "detail": "The resource could not be found.\n\n No resource provider with uuid 52aad5a9-32cd-4dc8-a406-9d3e788cc66c found for delete ", "request_id": "req-b89d46f3-0737-4999-bf93-73062b35e2ab"}]}
2026-04-17 06:54:17.613 7 INFO neutron.services.segments.plugin [-] Segment a6c5b9db-1ea4-4748-b4da-b5aeedc8d9bf resource provider aggregate not found [pid: 7|app: 0|req: 773/1427] 10.0.0.179 () {32 vars in 774 bytes} [Fri Apr 17 06:54:17 2026] GET /v2.0/security-groups?tenant_id=49f3891896104454ac0f4a7e8676609f&name=default => generated 2925 bytes in 303 msecs (HTTP/1.1 200) 4 headers in 158 bytes (1 switches on core 0)
2026-04-17 06:54:17.635 7 INFO neutron.services.segments.plugin [-] Segment a6c5b9db-1ea4-4748-b4da-b5aeedc8d9bf resource provider aggregate not found
2026-04-17 06:54:17.640 7 INFO neutron.services.segments.plugin [-] Segment a6c5b9db-1ea4-4748-b4da-b5aeedc8d9bf resource provider not found; error: Placement Client Error (4xx): {"errors": [{"status": 404, "title": "Not Found", "detail": "The resource could not be found.\n\n No resource provider with uuid a6c5b9db-1ea4-4748-b4da-b5aeedc8d9bf found for delete ", "request_id": "req-1b278a61-5cdd-4ccb-a7cb-0ccf9ac43e1c"}]}
2026-04-17 06:54:17.653 7 INFO neutron.services.segments.plugin [-] Segment a6c5b9db-1ea4-4748-b4da-b5aeedc8d9bf resource provider not found; error: Placement Client Error (4xx): {"errors": [{"status": 404, "title": "Not Found", "detail": "The resource could not be found.\n\n No resource provider with uuid a6c5b9db-1ea4-4748-b4da-b5aeedc8d9bf found for delete ", "request_id": "req-aa16182d-3d1e-48ce-941b-f557ad47aa85"}]} [pid: 7|app: 0|req: 774/1428] 10.0.0.179 () {32 vars in 740 bytes} [Fri Apr 17 06:54:17 2026] DELETE /v2.0/security-groups/58dbde8e-4ae5-4f8b-8c83-587dfcc6c308 => generated 0 bytes in 336 msecs (HTTP/1.1 204) 2 headers in 112 bytes (1 switches on core 0)
2026-04-17 06:54:18.113 8 WARNING neutron.scheduler.dhcp_agent_scheduler [None req-3113536b-5b13-4363-90cf-0c1f3606c7fe 963b9acd950a4dc3b38bee9e8008acfa e680dba82ec44164ab10949e162114d3 - - default default] No more DHCP agents
2026-04-17 06:54:18.115 8 WARNING neutron.api.rpc.agentnotifiers.dhcp_rpc_agent_api [None req-3113536b-5b13-4363-90cf-0c1f3606c7fe 963b9acd950a4dc3b38bee9e8008acfa e680dba82ec44164ab10949e162114d3 - - default default] Unable to schedule network e24f253c-a057-4e81-a950-30f05f803c4b: no agents available; will retry on subsequent port and subnet creation events.
2026-04-17 06:54:18.276 8 INFO neutron.db.ovn_revision_numbers_db [None req-3113536b-5b13-4363-90cf-0c1f3606c7fe 963b9acd950a4dc3b38bee9e8008acfa e680dba82ec44164ab10949e162114d3 - - default default] Successfully bumped revision number for resource 2ff2c87b-3a87-4784-aab7-64e633a1532b (type: ports) to 1 [pid: 7|app: 0|req: 775/1429] 10.0.0.192 () {34 vars in 990 bytes} [Fri Apr 17 06:54:18 2026] GET /v2.0/ports?device_id=05fae908-4b7a-4025-b585-059bc3120c4e => generated 969 bytes in 42 msecs (HTTP/1.1 200) 4 headers in 157 bytes (1 switches on core 0) [pid: 7|app: 0|req: 776/1430] 10.0.0.192 () {34 vars in 1040 bytes} [Fri Apr 17 06:54:18 2026] GET /v2.0/security-groups?id=9dc213b5-fe61-4526-815c-c81a0b5a9924&fields=id&fields=name => generated 88 bytes in 36 msecs (HTTP/1.1 200) 4 headers in 156 bytes (1 switches on core 0)
2026-04-17 06:54:18.920 8 INFO neutron.plugins.ml2.drivers.ovn.mech_driver.ovsdb.commands [None req-0aec07a9-3756-4367-96a6-3f33be046fb8 - - - - - -] Schedule LRP lrp-2ff2c87b-3a87-4784-aab7-64e633a1532b on gateway e9dbfa87-52fc-4627-8c1f-4bc85bc4b71b with priority 1
2026-04-17 06:54:18.973 8 INFO neutron.plugins.ml2.drivers.ovn.mech_driver.ovsdb.ovsdb_monitor [None req-d6c50929-5b3d-4ec3-9dd1-59216c424846 - - - - - -] Router 865ca462-3760-4bfd-921c-2162278d13ed is bound to host instance
2026-04-17 06:54:19.016 8 INFO neutron.db.ovn_revision_numbers_db [None req-3113536b-5b13-4363-90cf-0c1f3606c7fe 963b9acd950a4dc3b38bee9e8008acfa e680dba82ec44164ab10949e162114d3 - - default default] Successfully bumped revision number for resource 2ff2c87b-3a87-4784-aab7-64e633a1532b (type: router_ports) to 1
2026-04-17 06:54:19.138 8 INFO neutron.db.ovn_revision_numbers_db [None req-3113536b-5b13-4363-90cf-0c1f3606c7fe 963b9acd950a4dc3b38bee9e8008acfa e680dba82ec44164ab10949e162114d3 - - default default] Successfully bumped revision number for resource 865ca462-3760-4bfd-921c-2162278d13ed (type: routers) to 2 [pid: 8|app: 0|req: 655/1431] 10.0.0.179 () {34 vars in 669 bytes} [Fri Apr 17 06:54:17 2026] POST /v2.0/routers => generated 965 bytes in 1554 msecs (HTTP/1.1 201) 4 headers in 162 bytes (1 switches on core 0)
2026-04-17 06:54:19.257 7 INFO neutron.db.ovn_revision_numbers_db [None req-7e46f91f-b360-46ea-97a5-6887c48bb0bc 8807b530f26341a980ebbefc1de0f604 12a72cf3996b4b81869e585d01a1912d - - default default] Successfully bumped revision number for resource 5b6a1c46-7843-42de-b9a9-177a42e5b187 (type: security_groups) to 1
2026-04-17 06:54:19.270 7 INFO neutron.db.ovn_revision_numbers_db [None req-7e46f91f-b360-46ea-97a5-6887c48bb0bc 8807b530f26341a980ebbefc1de0f604 12a72cf3996b4b81869e585d01a1912d - - default default] Successfully bumped revision number for resource 38440ad6-a3dd-49b7-9fc3-de9e206e65a2 (type: security_group_rules) to 0
2026-04-17 06:54:19.282 7 INFO neutron.db.ovn_revision_numbers_db [None req-7e46f91f-b360-46ea-97a5-6887c48bb0bc 8807b530f26341a980ebbefc1de0f604 12a72cf3996b4b81869e585d01a1912d - - default default] Successfully bumped revision number for resource 43c9f6fd-d6b3-40d1-bd65-3cc1c1924b94 (type: security_group_rules) to 0
2026-04-17 06:54:19.296 7 INFO neutron.db.ovn_revision_numbers_db [None req-7e46f91f-b360-46ea-97a5-6887c48bb0bc 8807b530f26341a980ebbefc1de0f604 12a72cf3996b4b81869e585d01a1912d - - default default] Successfully bumped revision number for resource 8c0ca0d9-026c-4d52-8af7-631e6bf1901b (type: security_group_rules) to 0
2026-04-17 06:54:19.313 7 INFO neutron.db.ovn_revision_numbers_db [None req-7e46f91f-b360-46ea-97a5-6887c48bb0bc 8807b530f26341a980ebbefc1de0f604 12a72cf3996b4b81869e585d01a1912d - - default default] Successfully bumped revision number for resource f83ae959-ec9f-4231-b1dc-8518437068f0 (type: security_group_rules) to 0
2026-04-17 06:54:19.403 7 INFO neutron.db.segments_db [None req-7e46f91f-b360-46ea-97a5-6887c48bb0bc 8807b530f26341a980ebbefc1de0f604 12a72cf3996b4b81869e585d01a1912d - - default default] Added segment 59e30eb1-d797-4aaf-a967-d08511f6eefa of type geneve for network a37f63a6-c16b-4b08-9422-e3c62cfd5efe
2026-04-17 06:54:20.102 8 WARNING neutron.scheduler.dhcp_agent_scheduler [None req-0410813f-e379-4811-b332-4eb10fd7b154 963b9acd950a4dc3b38bee9e8008acfa e680dba82ec44164ab10949e162114d3 - - default default] No more DHCP agents
2026-04-17 06:54:20.106 8 WARNING neutron.api.rpc.agentnotifiers.dhcp_rpc_agent_api [None req-0410813f-e379-4811-b332-4eb10fd7b154 963b9acd950a4dc3b38bee9e8008acfa e680dba82ec44164ab10949e162114d3 - - default default] Unable to schedule network 283186c9-a0f7-4a78-beb6-7267c09d9fee: no agents available; will retry on subsequent port and subnet creation events.
2026-04-17 06:54:20.314 7 INFO neutron.db.ovn_revision_numbers_db [None req-7e46f91f-b360-46ea-97a5-6887c48bb0bc 8807b530f26341a980ebbefc1de0f604 12a72cf3996b4b81869e585d01a1912d - - default default] Successfully bumped revision number for resource a37f63a6-c16b-4b08-9422-e3c62cfd5efe (type: networks) to 1
2026-04-17 06:54:20.323 8 WARNING neutron.plugins.ml2.drivers.ovn.mech_driver.ovsdb.ovn_client [None req-71035e11-fa5b-4416-a90e-41ba63b9fada - - - - - -] No hosting information found for port 6cfc4f9d-bb11-4544-9465-ba82e6266c0a: RuntimeError: No hosting information found for port 6cfc4f9d-bb11-4544-9465-ba82e6266c0a
2026-04-17 06:54:20.445 8 INFO neutron.db.ovn_revision_numbers_db [None req-0410813f-e379-4811-b332-4eb10fd7b154 963b9acd950a4dc3b38bee9e8008acfa e680dba82ec44164ab10949e162114d3 - - default default] Successfully bumped revision number for resource d85f2ec7-749a-4e4c-b915-db8e97254832 (type: ports) to 1
2026-04-17 06:54:20.453 7 WARNING neutron.scheduler.dhcp_agent_scheduler [None req-7e46f91f-b360-46ea-97a5-6887c48bb0bc 8807b530f26341a980ebbefc1de0f604 12a72cf3996b4b81869e585d01a1912d - - default default] No more DHCP agents
2026-04-17 06:54:20.455 7 WARNING neutron.api.rpc.agentnotifiers.dhcp_rpc_agent_api [None req-7e46f91f-b360-46ea-97a5-6887c48bb0bc 8807b530f26341a980ebbefc1de0f604 12a72cf3996b4b81869e585d01a1912d - - default default] Unable to schedule network a37f63a6-c16b-4b08-9422-e3c62cfd5efe: no agents available; will retry on subsequent port and subnet creation events.
2026-04-17 06:54:20.532 7 INFO neutron.db.ovn_revision_numbers_db [None req-7e46f91f-b360-46ea-97a5-6887c48bb0bc 8807b530f26341a980ebbefc1de0f604 12a72cf3996b4b81869e585d01a1912d - - default default] Successfully bumped revision number for resource 7298921b-c9f0-42b8-a344-d35b163b4a37 (type: ports) to 1 [pid: 7|app: 0|req: 777/1432] 10.0.0.179 () {34 vars in 670 bytes} [Fri Apr 17 06:54:18 2026] POST /v2.0/networks => generated 649 bytes in 1609 msecs (HTTP/1.1 201) 4 headers in 162 bytes (1 switches on core 0)
2026-04-17 06:54:20.611 8 INFO neutron.db.ovn_revision_numbers_db [None req-efc42147-e868-4903-bfc3-7a2686b0cb76 - - - - - -] Successfully bumped revision number for resource 2ff2c87b-3a87-4784-aab7-64e633a1532b (type: ports) to 4
2026-04-17 06:54:20.711 8 INFO neutron.db.ovn_revision_numbers_db [None req-71035e11-fa5b-4416-a90e-41ba63b9fada - - - - - -] Successfully bumped revision number for resource 6cfc4f9d-bb11-4544-9465-ba82e6266c0a (type: router_ports) to 2
2026-04-17 06:54:20.711 8 INFO neutron.plugins.ml2.drivers.ovn.mech_driver.mech_driver [None req-71035e11-fa5b-4416-a90e-41ba63b9fada - - - - - -] OVN reports status up for port: 5dc7b0f5-acad-41ae-8007-006f7fd33c8d
2026-04-17 06:54:20.752 8 INFO neutron.plugins.ml2.plugin [None req-71035e11-fa5b-4416-a90e-41ba63b9fada - - - - - -] Attempt 1 to provision port 5dc7b0f5-acad-41ae-8007-006f7fd33c8d
2026-04-17 06:54:20.768 7 INFO neutron.db.ovn_revision_numbers_db [None req-179a3ad5-91a0-4cd2-9133-68c4f2e36c39 47cf6b3f0a3d42d8b3733455eca4aa75 34b3fb3fa79b41dbb12012f75d54dee0 - - default default] Successfully bumped revision number for resource a899763c-be35-466a-8b86-fac8271725b0 (type: security_groups) to 1
2026-04-17 06:54:20.778 7 INFO neutron.db.ovn_revision_numbers_db [None req-179a3ad5-91a0-4cd2-9133-68c4f2e36c39 47cf6b3f0a3d42d8b3733455eca4aa75 34b3fb3fa79b41dbb12012f75d54dee0 - - default default] Successfully bumped revision number for resource 1d6af522-8adb-46bf-ac01-4fae01797662 (type: security_group_rules) to 0
2026-04-17 06:54:20.788 7 INFO neutron.db.ovn_revision_numbers_db [None req-179a3ad5-91a0-4cd2-9133-68c4f2e36c39 47cf6b3f0a3d42d8b3733455eca4aa75 34b3fb3fa79b41dbb12012f75d54dee0 - - default default] Successfully bumped revision number for resource 3ad0c954-5580-4221-af5e-4942064257d6 (type: security_group_rules) to 0
2026-04-17 06:54:20.799 7 INFO neutron.db.ovn_revision_numbers_db [None req-179a3ad5-91a0-4cd2-9133-68c4f2e36c39 47cf6b3f0a3d42d8b3733455eca4aa75 34b3fb3fa79b41dbb12012f75d54dee0 - - default default] Successfully bumped revision number for resource cb70a677-7b53-4332-9a01-a51d0398327e (type: security_group_rules) to 0
2026-04-17 06:54:20.810 7 INFO neutron.db.ovn_revision_numbers_db [None req-179a3ad5-91a0-4cd2-9133-68c4f2e36c39 47cf6b3f0a3d42d8b3733455eca4aa75 34b3fb3fa79b41dbb12012f75d54dee0 - - default default] Successfully bumped revision number for resource d7ea5648-3401-4c96-b5b8-deb12205b35f (type: security_group_rules) to 0
2026-04-17 06:54:20.868 7 INFO neutron.db.segments_db [None req-179a3ad5-91a0-4cd2-9133-68c4f2e36c39 47cf6b3f0a3d42d8b3733455eca4aa75 34b3fb3fa79b41dbb12012f75d54dee0 - - default default] Added segment 0b9c2052-7ba9-48eb-98a1-653c2b024edd of type geneve for network 31cb048d-ff53-4dd5-8aa1-dd0ca970bb0a
2026-04-17 06:54:20.947 7 INFO neutron.db.ovn_revision_numbers_db [None req-179a3ad5-91a0-4cd2-9133-68c4f2e36c39 47cf6b3f0a3d42d8b3733455eca4aa75 34b3fb3fa79b41dbb12012f75d54dee0 - - default default] Successfully bumped revision number for resource 31cb048d-ff53-4dd5-8aa1-dd0ca970bb0a (type: networks) to 1
2026-04-17 06:54:21.095 7 WARNING neutron.scheduler.dhcp_agent_scheduler [None req-179a3ad5-91a0-4cd2-9133-68c4f2e36c39 47cf6b3f0a3d42d8b3733455eca4aa75 34b3fb3fa79b41dbb12012f75d54dee0 - - default default] No more DHCP agents
2026-04-17 06:54:21.096 7 WARNING neutron.api.rpc.agentnotifiers.dhcp_rpc_agent_api [None req-179a3ad5-91a0-4cd2-9133-68c4f2e36c39 47cf6b3f0a3d42d8b3733455eca4aa75 34b3fb3fa79b41dbb12012f75d54dee0 - - default default] Unable to schedule network 31cb048d-ff53-4dd5-8aa1-dd0ca970bb0a: no agents available; will retry on subsequent port and subnet creation events.
2026-04-17 06:54:21.118 8 INFO neutron.notifiers.nova [-] Nova event matching ['req-d56af163-ca89-48f2-b135-f46a820a7f8c'] response: {'server_uuid': '05fae908-4b7a-4025-b585-059bc3120c4e', 'name': 'network-vif-plugged', 'status': 'completed', 'tag': '5dc7b0f5-acad-41ae-8007-006f7fd33c8d', 'code': 200}
2026-04-17 06:54:21.148 7 INFO neutron.plugins.ml2.drivers.ovn.mech_driver.mech_driver [None req-f3220d99-faeb-4a9a-8b9d-91b372e1db21 - - - - - -] OVN reports status down for port: dbbe8a61-61e1-4ede-8b07-4a2322fa8731
2026-04-17 06:54:21.204 7 INFO neutron.db.ovn_revision_numbers_db [None req-179a3ad5-91a0-4cd2-9133-68c4f2e36c39 47cf6b3f0a3d42d8b3733455eca4aa75 34b3fb3fa79b41dbb12012f75d54dee0 - - default default] Successfully bumped revision number for resource dbbe8a61-61e1-4ede-8b07-4a2322fa8731 (type: ports) to 1 [pid: 7|app: 0|req: 780/1435] 10.0.0.179 () {34 vars in 670 bytes} [Fri Apr 17 06:54:20 2026] POST /v2.0/networks => generated 662 bytes in 713 msecs (HTTP/1.1 201) 4 headers in 162 bytes (1 switches on core 0) [pid: 7|app: 0|req: 781/1436] 10.0.0.192 () {34 vars in 990 bytes} [Fri Apr 17 06:54:21 2026] GET /v2.0/ports?device_id=05fae908-4b7a-4025-b585-059bc3120c4e => generated 971 bytes in 45 msecs (HTTP/1.1 200) 4 headers in 157 bytes (1 switches on core 0)
2026-04-17 06:54:21.404 7 INFO neutron.db.segments_db [None req-9765f3d7-35a2-4d1f-815e-f783f3ba69dc 8807b530f26341a980ebbefc1de0f604 12a72cf3996b4b81869e585d01a1912d - - default default] Added segment 20ea0bf0-9fdc-4599-a1b2-c6b1d8f518ff of type geneve for network 8a8ba05b-07f0-48c8-bc70-ae3952f3b1ee
2026-04-17 06:54:21.546 7 INFO neutron.db.ovn_revision_numbers_db [None req-9765f3d7-35a2-4d1f-815e-f783f3ba69dc 8807b530f26341a980ebbefc1de0f604 12a72cf3996b4b81869e585d01a1912d - - default default] Successfully bumped revision number for resource 8a8ba05b-07f0-48c8-bc70-ae3952f3b1ee (type: networks) to 1
2026-04-17 06:54:21.662 8 INFO neutron.db.ovn_revision_numbers_db [None req-71035e11-fa5b-4416-a90e-41ba63b9fada - - - - - -] Successfully bumped revision number for resource 5dc7b0f5-acad-41ae-8007-006f7fd33c8d (type: ports) to 5
2026-04-17 06:54:21.747 7 WARNING neutron.scheduler.dhcp_agent_scheduler [None req-9765f3d7-35a2-4d1f-815e-f783f3ba69dc 8807b530f26341a980ebbefc1de0f604 12a72cf3996b4b81869e585d01a1912d - - default default] No more DHCP agents
2026-04-17 06:54:21.752 7 WARNING neutron.api.rpc.agentnotifiers.dhcp_rpc_agent_api [None req-9765f3d7-35a2-4d1f-815e-f783f3ba69dc 8807b530f26341a980ebbefc1de0f604 12a72cf3996b4b81869e585d01a1912d - - default default] Unable to schedule network 8a8ba05b-07f0-48c8-bc70-ae3952f3b1ee: no agents available; will retry on subsequent port and subnet creation events.
2026-04-17 06:54:21.830 7 INFO neutron.db.ovn_revision_numbers_db [None req-9765f3d7-35a2-4d1f-815e-f783f3ba69dc 8807b530f26341a980ebbefc1de0f604 12a72cf3996b4b81869e585d01a1912d - - default default] Successfully bumped revision number for resource 21154d26-009f-4c7a-96cb-4a3da655a7ff (type: ports) to 1
2026-04-17 06:54:21.833 8 INFO neutron.db.ovn_revision_numbers_db [None req-efc42147-e868-4903-bfc3-7a2686b0cb76 - - - - - -] Successfully bumped revision number for resource 2ff2c87b-3a87-4784-aab7-64e633a1532b (type: ports) to 5 [pid: 7|app: 0|req: 782/1437] 10.0.0.179 () {34 vars in 670 bytes} [Fri Apr 17 06:54:21 2026] POST /v2.0/networks => generated 648 bytes in 536 msecs (HTTP/1.1 201) 4 headers in 162 bytes (1 switches on core 0)
2026-04-17 06:54:21.987 8 INFO neutron.plugins.ml2.drivers.ovn.mech_driver.mech_driver [None req-3654e7f1-8f24-48a5-9767-3bf2aa8c0d5f - - - - - -] OVN reports status down for port: 2ff2c87b-3a87-4784-aab7-64e633a1532b
2026-04-17 06:54:22.058 7 WARNING neutron.scheduler.dhcp_agent_scheduler [None req-0f747971-d990-457e-823b-e066d57f381c 47cf6b3f0a3d42d8b3733455eca4aa75 34b3fb3fa79b41dbb12012f75d54dee0 - - default default] No more DHCP agents
2026-04-17 06:54:22.059 7 WARNING neutron.api.rpc.agentnotifiers.dhcp_rpc_agent_api [None req-0f747971-d990-457e-823b-e066d57f381c 47cf6b3f0a3d42d8b3733455eca4aa75 34b3fb3fa79b41dbb12012f75d54dee0 - - default default] Unable to schedule network 31cb048d-ff53-4dd5-8aa1-dd0ca970bb0a: no agents available; will retry on subsequent port and subnet creation events.
2026-04-17 06:54:22.573 7 INFO neutron.db.ovn_revision_numbers_db [None req-575f255b-840e-47b3-a83a-ef8371c68271 - - - - - -] Successfully bumped revision number for resource dbbe8a61-61e1-4ede-8b07-4a2322fa8731 (type: ports) to 2
2026-04-17 06:54:22.601 8 WARNING neutron.scheduler.dhcp_agent_scheduler [None req-0410813f-e379-4811-b332-4eb10fd7b154 963b9acd950a4dc3b38bee9e8008acfa e680dba82ec44164ab10949e162114d3 - - default default] No more DHCP agents
2026-04-17 06:54:22.606 7 INFO neutron.db.ovn_revision_numbers_db [None req-575f255b-840e-47b3-a83a-ef8371c68271 - - - - - -] Successfully bumped revision number for resource b811ae0b-3684-4cfb-bb76-ab747b3d6046 (type: subnets) to 0
2026-04-17 06:54:22.606 8 WARNING neutron.api.rpc.agentnotifiers.dhcp_rpc_agent_api [None req-0410813f-e379-4811-b332-4eb10fd7b154 963b9acd950a4dc3b38bee9e8008acfa e680dba82ec44164ab10949e162114d3 - - default default] Unable to schedule network 283186c9-a0f7-4a78-beb6-7267c09d9fee: no agents available; will retry on subsequent port and subnet creation events. [pid: 7|app: 0|req: 783/1438] 10.0.0.179 () {34 vars in 669 bytes} [Fri Apr 17 06:54:21 2026] POST /v2.0/subnets => generated 641 bytes in 771 msecs (HTTP/1.1 201) 4 headers in 162 bytes (1 switches on core 0) [pid: 7|app: 0|req: 784/1439] 10.0.0.192 () {34 vars in 1040 bytes} [Fri Apr 17 06:54:22 2026] GET /v2.0/security-groups?id=9dc213b5-fe61-4526-815c-c81a0b5a9924&fields=id&fields=name => generated 88 bytes in 29 msecs (HTTP/1.1 200) 4 headers in 156 bytes (1 switches on core 0)
2026-04-17 06:54:22.825 8 INFO neutron.db.ovn_revision_numbers_db [None req-3654e7f1-8f24-48a5-9767-3bf2aa8c0d5f - - - - - -] Successfully bumped revision number for resource 2ff2c87b-3a87-4784-aab7-64e633a1532b (type: ports) to 6
2026-04-17 06:54:22.854 7 WARNING neutron.scheduler.dhcp_agent_scheduler [None req-bd86369e-7686-42fb-934e-50a9c29fe21e 8807b530f26341a980ebbefc1de0f604 12a72cf3996b4b81869e585d01a1912d - - default default] No more DHCP agents
2026-04-17 06:54:22.856 7 WARNING neutron.api.rpc.agentnotifiers.dhcp_rpc_agent_api [None req-bd86369e-7686-42fb-934e-50a9c29fe21e 8807b530f26341a980ebbefc1de0f604 12a72cf3996b4b81869e585d01a1912d - - default default] Unable to schedule network a37f63a6-c16b-4b08-9422-e3c62cfd5efe: no agents available; will retry on subsequent port and subnet creation events.
2026-04-17 06:54:22.988 8 WARNING neutron.plugins.ml2.drivers.ovn.mech_driver.ovsdb.ovn_client [None req-1b8c80a7-c3ad-4b31-89b4-c6f8e3bfaad0 - - - - - -] Logical_Switch_Port %s host information not removed, the port state is up
2026-04-17 06:54:22.989 8 INFO neutron.plugins.ml2.drivers.ovn.mech_driver.mech_driver [None req-1b8c80a7-c3ad-4b31-89b4-c6f8e3bfaad0 - - - - - -] OVN reports status up for port: 2ff2c87b-3a87-4784-aab7-64e633a1532b
2026-04-17 06:54:23.005 8 INFO neutron.plugins.ml2.plugin [None req-1b8c80a7-c3ad-4b31-89b4-c6f8e3bfaad0 - - - - - -] Attempt 1 to provision port 2ff2c87b-3a87-4784-aab7-64e633a1532b
2026-04-17 06:54:23.193 8 INFO neutron.notifiers.nova [-] Nova event matching ['req-a164e14f-dba5-43b7-8568-10bb5000435d'] response: {'server_uuid': '05fae908-4b7a-4025-b585-059bc3120c4e', 'name': 'network-vif-plugged', 'status': 'completed', 'tag': '5dc7b0f5-acad-41ae-8007-006f7fd33c8d', 'code': 200}
2026-04-17 06:54:23.350 7 INFO neutron.db.ovn_revision_numbers_db [None req-f6de01e0-b24e-4c21-8cd1-bc4056d9a865 - - - - - -] Successfully bumped revision number for resource 7298921b-c9f0-42b8-a344-d35b163b4a37 (type: ports) to 2
2026-04-17 06:54:23.376 7 INFO neutron.db.ovn_revision_numbers_db [None req-f6de01e0-b24e-4c21-8cd1-bc4056d9a865 - - - - - -] Successfully bumped revision number for resource 7182350c-4866-429d-bb4b-47427299e8da (type: subnets) to 0 [pid: 7|app: 0|req: 785/1440] 10.0.0.179 () {34 vars in 669 bytes} [Fri Apr 17 06:54:22 2026] POST /v2.0/subnets => generated 626 bytes in 735 msecs (HTTP/1.1 201) 4 headers in 162 bytes (1 switches on core 0)
2026-04-17 06:54:23.472 8 INFO neutron.db.ovn_revision_numbers_db [None req-0410813f-e379-4811-b332-4eb10fd7b154 963b9acd950a4dc3b38bee9e8008acfa e680dba82ec44164ab10949e162114d3 - - default default] Successfully bumped revision number for resource d85f2ec7-749a-4e4c-b915-db8e97254832 (type: router_ports) to 1
2026-04-17 06:54:23.474 7 INFO neutron.db.segments_db [None req-3460acb6-1370-499b-a371-19499b1e409b 47cf6b3f0a3d42d8b3733455eca4aa75 34b3fb3fa79b41dbb12012f75d54dee0 - - default default] Added segment 2f5e2b69-2746-4bdc-9ff6-cadf8dc73349 of type geneve for network 5d99412c-d77b-4e84-b731-1f06dbe53814 [pid: 8|app: 0|req: 656/1441] 10.0.0.179 () {34 vars in 783 bytes} [Fri Apr 17 06:54:19 2026] PUT /v2.0/routers/865ca462-3760-4bfd-921c-2162278d13ed/add_router_interface => generated 309 bytes in 4312 msecs (HTTP/1.1 200) 4 headers in 157 bytes (1 switches on core 0) /var/lib/openstack/lib/python3.12/site-packages/pycadf/identifier.py:70: UserWarning: Invalid uuid: neutron. To ensure interoperability, identifiers should be a valid uuid. warnings.warn(('Invalid uuid: %s. To ensure interoperability, '
2026-04-17 06:54:23.586 7 INFO neutron.db.ovn_revision_numbers_db [None req-3460acb6-1370-499b-a371-19499b1e409b 47cf6b3f0a3d42d8b3733455eca4aa75 34b3fb3fa79b41dbb12012f75d54dee0 - - default default] Successfully bumped revision number for resource 5d99412c-d77b-4e84-b731-1f06dbe53814 (type: networks) to 1
2026-04-17 06:54:23.741 7 WARNING neutron.scheduler.dhcp_agent_scheduler [None req-3460acb6-1370-499b-a371-19499b1e409b 47cf6b3f0a3d42d8b3733455eca4aa75 34b3fb3fa79b41dbb12012f75d54dee0 - - default default] No more DHCP agents
2026-04-17 06:54:23.742 7 WARNING neutron.api.rpc.agentnotifiers.dhcp_rpc_agent_api [None req-3460acb6-1370-499b-a371-19499b1e409b 47cf6b3f0a3d42d8b3733455eca4aa75 34b3fb3fa79b41dbb12012f75d54dee0 - - default default] Unable to schedule network 5d99412c-d77b-4e84-b731-1f06dbe53814: no agents available; will retry on subsequent port and subnet creation events.
2026-04-17 06:54:23.743 8 INFO neutron.db.ovn_revision_numbers_db [None req-1b8c80a7-c3ad-4b31-89b4-c6f8e3bfaad0 - - - - - -] Successfully bumped revision number for resource 2ff2c87b-3a87-4784-aab7-64e633a1532b (type: ports) to 7
2026-04-17 06:54:23.817 7 INFO neutron.db.ovn_revision_numbers_db [None req-3460acb6-1370-499b-a371-19499b1e409b 47cf6b3f0a3d42d8b3733455eca4aa75 34b3fb3fa79b41dbb12012f75d54dee0 - - default default] Successfully bumped revision number for resource 673b1aae-dee4-4e29-8a85-28169bd3ab11 (type: ports) to 1
2026-04-17 06:54:23.833 8 WARNING neutron.scheduler.dhcp_agent_scheduler [None req-da883cb5-2fa7-49c9-9022-a0e77bedef6e 8807b530f26341a980ebbefc1de0f604 12a72cf3996b4b81869e585d01a1912d - - default default] No more DHCP agents
2026-04-17 06:54:23.835 8 WARNING neutron.api.rpc.agentnotifiers.dhcp_rpc_agent_api [None req-da883cb5-2fa7-49c9-9022-a0e77bedef6e 8807b530f26341a980ebbefc1de0f604 12a72cf3996b4b81869e585d01a1912d - - default default] Unable to schedule network 8a8ba05b-07f0-48c8-bc70-ae3952f3b1ee: no agents available; will retry on subsequent port and subnet creation events. [pid: 7|app: 0|req: 786/1442] 10.0.0.179 () {34 vars in 670 bytes} [Fri Apr 17 06:54:23 2026] POST /v2.0/networks => generated 663 bytes in 445 msecs (HTTP/1.1 201) 4 headers in 162 bytes (1 switches on core 0) [pid: 7|app: 0|req: 787/1443] 10.0.0.192 () {34 vars in 990 bytes} [Fri Apr 17 06:54:23 2026] GET /v2.0/ports?device_id=05fae908-4b7a-4025-b585-059bc3120c4e => generated 971 bytes in 75 msecs (HTTP/1.1 200) 4 headers in 157 bytes (1 switches on core 0)
2026-04-17 06:54:23.917 8 INFO neutron.plugins.ml2.drivers.ovn.mech_driver.mech_driver [None req-04b3c11b-e864-405e-921d-1f456cd3e9a3 - - - - - -] OVN reports status down for port: d85f2ec7-749a-4e4c-b915-db8e97254832
2026-04-17 06:54:24.015 8 WARNING neutron.plugins.ml2.drivers.ovn.mech_driver.ovsdb.ovn_client [None req-04b3c11b-e864-405e-921d-1f456cd3e9a3 - - - - - -] Logical_Switch_Port %s host information not removed, the port state is up
2026-04-17 06:54:24.017 8 INFO neutron.plugins.ml2.drivers.ovn.mech_driver.mech_driver [None req-04b3c11b-e864-405e-921d-1f456cd3e9a3 - - - - - -] OVN reports status down for port: 7298921b-c9f0-42b8-a344-d35b163b4a37
2026-04-17 06:54:24.049 7 INFO neutron.db.ovn_revision_numbers_db [None req-78a69917-d5d7-41eb-9275-87dd2f1eb231 47cf6b3f0a3d42d8b3733455eca4aa75 34b3fb3fa79b41dbb12012f75d54dee0 - - default default] Successfully bumped revision number for resource 5d99412c-d77b-4e84-b731-1f06dbe53814 (type: networks) to 2 [pid: 7|app: 0|req: 788/1444] 10.0.0.179 () {34 vars in 743 bytes} [Fri Apr 17 06:54:23 2026] PUT /v2.0/networks/5d99412c-d77b-4e84-b731-1f06dbe53814 => generated 636 bytes in 143 msecs (HTTP/1.1 200) 4 headers in 157 bytes (1 switches on core 0) [pid: 7|app: 0|req: 789/1445] 10.0.0.192 () {34 vars in 1040 bytes} [Fri Apr 17 06:54:24 2026] GET /v2.0/security-groups?id=9dc213b5-fe61-4526-815c-c81a0b5a9924&fields=id&fields=name => generated 88 bytes in 36 msecs (HTTP/1.1 200) 4 headers in 156 bytes (1 switches on core 0)
2026-04-17 06:54:24.139 8 INFO neutron.plugins.ml2.drivers.ovn.mech_driver.mech_driver [None req-04b3c11b-e864-405e-921d-1f456cd3e9a3 - - - - - -] OVN reports status down for port: 21154d26-009f-4c7a-96cb-4a3da655a7ff
2026-04-17 06:54:24.289 7 WARNING neutron.scheduler.dhcp_agent_scheduler [None req-d5bfcb2b-c51e-469b-bfea-6452f423c34d 47cf6b3f0a3d42d8b3733455eca4aa75 34b3fb3fa79b41dbb12012f75d54dee0 - - default default] No more DHCP agents
2026-04-17 06:54:24.290 7 WARNING neutron.api.rpc.agentnotifiers.dhcp_rpc_agent_api [None req-d5bfcb2b-c51e-469b-bfea-6452f423c34d 47cf6b3f0a3d42d8b3733455eca4aa75 34b3fb3fa79b41dbb12012f75d54dee0 - - default default] Unable to schedule network 5d99412c-d77b-4e84-b731-1f06dbe53814: no agents available; will retry on subsequent port and subnet creation events.
2026-04-17 06:54:24.300 8 INFO neutron.plugins.ml2.drivers.ovn.mech_driver.mech_driver [None req-04b3c11b-e864-405e-921d-1f456cd3e9a3 - - - - - -] OVN reports status up for port: d85f2ec7-749a-4e4c-b915-db8e97254832
