2026-04-17 06:53:26.848 7 INFO neutron_taas.services.taas.tap_mirror_plugin [None req-867daccf-7b7f-4318-a7e4-39bedef0f1d7 ac0b97b578f64e26b75ab11cd7b1a8c4 dcecb48ed667472ab7d674a61d390732 - - default default] Tap Mirror: Handle Delete Port: 690014ab-1ad1-480a-9a4e-a96256a369f9 [pid: 8|app: 0|req: 502/1029] 10.0.0.30 () {28 vars in 582 bytes} [Fri Apr 17 06:53:26 2026] GET /v2.0/subnets => generated 4621 bytes in 40 msecs (HTTP/1.1 200) 4 headers in 158 bytes (1 switches on core 0) [pid: 8|app: 0|req: 503/1030] 10.0.0.30 () {28 vars in 590 bytes} [Fri Apr 17 06:53:26 2026] GET /v2.0/subnetpools => generated 19 bytes in 8 msecs (HTTP/1.1 200) 4 headers in 156 bytes (1 switches on core 0) [pid: 8|app: 0|req: 504/1031] 10.0.0.30 () {28 vars in 582 bytes} [Fri Apr 17 06:53:26 2026] GET /v2.0/subnets => generated 4621 bytes in 40 msecs (HTTP/1.1 200) 4 headers in 158 bytes (1 switches on core 0) [pid: 8|app: 0|req: 505/1032] 10.0.0.30 () {28 vars in 582 bytes} [Fri Apr 17 06:53:26 2026] GET /v2.0/routers => generated 3339 bytes in 75 msecs (HTTP/1.1 200) 4 headers in 158 bytes (1 switches on core 0) [pid: 8|app: 0|req: 506/1033] 10.0.0.30 () {28 vars in 623 bytes} [Fri Apr 17 06:53:27 2026] GET /v2.0/agents?binary=ovn-controller => generated 416 bytes in 13 msecs (HTTP/1.1 200) 4 headers in 157 bytes (1 switches on core 0) [pid: 8|app: 0|req: 507/1034] 10.0.0.30 () {28 vars in 618 bytes} [Fri Apr 17 06:53:27 2026] GET /v2.0/network-ip-availabilities => generated 3398 bytes in 15 msecs (HTTP/1.1 200) 4 headers in 158 bytes (1 switches on core 0) [pid: 7|app: 0|req: 528/1035] 10.0.0.179 () {32 vars in 724 bytes} [Fri Apr 17 06:53:26 2026] DELETE /v2.0/routers/5c401c5b-5800-4b41-a2af-21f48f52f737 => generated 0 bytes in 690 msecs (HTTP/1.1 204) 2 headers in 112 bytes (1 switches on core 0) [pid: 8|app: 0|req: 508/1036] 10.0.0.179 () {32 vars in 724 bytes} [Fri Apr 17 06:53:27 2026] DELETE /v2.0/subnets/5816eddc-a00c-46f2-9ad1-511e607dfd92 => generated 0 bytes in 150 msecs (HTTP/1.1 204) 3 headers in 131 bytes (1 switches on core 0)
2026-04-17 06:53:27.540 7 INFO neutron_taas.services.taas.taas_plugin [None req-d42146e5-0e37-4039-b7ff-51697df9f440 ac0b97b578f64e26b75ab11cd7b1a8c4 dcecb48ed667472ab7d674a61d390732 - - default default] TaaS: Handle Delete Port: 1fbadcdf-56cb-4e29-94ce-c2fbe223a687
2026-04-17 06:53:27.543 7 INFO neutron_taas.services.taas.tap_mirror_plugin [None req-d42146e5-0e37-4039-b7ff-51697df9f440 ac0b97b578f64e26b75ab11cd7b1a8c4 dcecb48ed667472ab7d674a61d390732 - - default default] Tap Mirror: Handle Delete Port: 1fbadcdf-56cb-4e29-94ce-c2fbe223a687 [pid: 8|app: 0|req: 509/1037] 10.0.0.179 () {32 vars in 717 bytes} [Fri Apr 17 06:53:27 2026] GET /v2.0/ports/d58edc44-d823-4d7c-bc95-e969a5500cfa => generated 953 bytes in 73 msecs (HTTP/1.1 200) 4 headers in 157 bytes (1 switches on core 0)
2026-04-17 06:53:27.733 7 INFO neutron.services.segments.plugin [-] Segment bf240e62-f24c-45b8-99c5-2e032cc412be resource provider aggregate not found
2026-04-17 06:53:27.735 7 INFO neutron.services.segments.plugin [-] Segment bf240e62-f24c-45b8-99c5-2e032cc412be resource provider aggregate not found
2026-04-17 06:53:27.754 7 INFO neutron.services.segments.plugin [-] Segment bf240e62-f24c-45b8-99c5-2e032cc412be resource provider not found; error: Placement Client Error (4xx): {"errors": [{"status": 404, "title": "Not Found", "detail": "The resource could not be found.\n\n No resource provider with uuid bf240e62-f24c-45b8-99c5-2e032cc412be found for delete ", "request_id": "req-67a61968-16c0-4f7c-9784-508d3c0b2935"}]}
2026-04-17 06:53:27.757 7 INFO neutron.services.segments.plugin [-] Segment bf240e62-f24c-45b8-99c5-2e032cc412be resource provider not found; error: Placement Client Error (4xx): {"errors": [{"status": 404, "title": "Not Found", "detail": "The resource could not be found.\n\n No resource provider with uuid bf240e62-f24c-45b8-99c5-2e032cc412be found for delete ", "request_id": "req-8e14fc3c-6aac-45de-b8d3-105983befb8a"}]} [pid: 7|app: 0|req: 529/1038] 10.0.0.179 () {32 vars in 726 bytes} [Fri Apr 17 06:53:27 2026] DELETE /v2.0/networks/ccb0287b-e630-490d-a22c-ed5cbd498fc2 => generated 0 bytes in 404 msecs (HTTP/1.1 204) 3 headers in 131 bytes (1 switches on core 0) [pid: 8|app: 0|req: 510/1039] 10.0.0.179 () {32 vars in 740 bytes} [Fri Apr 17 06:53:27 2026] DELETE /v2.0/security-groups/b0c33421-dcf1-457b-a977-6c8a24fc17bd => generated 0 bytes in 138 msecs (HTTP/1.1 204) 2 headers in 112 bytes (1 switches on core 0)
2026-04-17 06:53:27.820 7 INFO neutron.api.v2.resource [None req-0b355cb8-1740-4570-a233-0179686caf2e dca57891261241d091814296a0300782 6dba369c01924615978631fe912d1e05 - - default default] show failed (client error): The resource could not be found. [pid: 7|app: 0|req: 530/1040] 10.0.0.179 () {32 vars in 737 bytes} [Fri Apr 17 06:53:27 2026] GET /v2.0/security-groups/b0c33421-dcf1-457b-a977-6c8a24fc17bd => generated 146 bytes in 13 msecs (HTTP/1.1 404) 4 headers in 164 bytes (1 switches on core 0)
2026-04-17 06:53:27.941 8 INFO neutron_taas.services.taas.taas_plugin [None req-80fbe4c1-126f-4552-b13e-4881672fd0b9 dca57891261241d091814296a0300782 6dba369c01924615978631fe912d1e05 - - default default] TaaS: Handle Delete Port: 76a149b1-2a21-4551-8412-63a82b0d81ad
2026-04-17 06:53:27.954 8 INFO neutron_taas.services.taas.tap_mirror_plugin [None req-80fbe4c1-126f-4552-b13e-4881672fd0b9 dca57891261241d091814296a0300782 6dba369c01924615978631fe912d1e05 - - default default] Tap Mirror: Handle Delete Port: 76a149b1-2a21-4551-8412-63a82b0d81ad [pid: 8|app: 0|req: 511/1041] 10.0.0.179 () {32 vars in 732 bytes} [Fri Apr 17 06:53:27 2026] DELETE /v2.0/floatingips/f7176061-d993-45cc-b377-856edddef199 => generated 0 bytes in 264 msecs (HTTP/1.1 204) 2 headers in 112 bytes (1 switches on core 0) [pid: 8|app: 0|req: 512/1042] 10.0.0.179 () {32 vars in 774 bytes} [Fri Apr 17 06:53:28 2026] GET /v2.0/security-groups?tenant_id=dcecb48ed667472ab7d674a61d390732&name=default => generated 2925 bytes in 104 msecs (HTTP/1.1 200) 4 headers in 158 bytes (1 switches on core 0)
2026-04-17 06:53:28.394 7 INFO neutron_taas.services.taas.taas_plugin [None req-9ebf6907-6a34-45df-9e95-00db6ff71c93 963b9acd950a4dc3b38bee9e8008acfa e680dba82ec44164ab10949e162114d3 - - default default] TaaS: Handle Delete Port: 7ce4476c-4160-436d-a8e2-abd35976f752
2026-04-17 06:53:28.397 7 INFO neutron_taas.services.taas.tap_mirror_plugin [None req-9ebf6907-6a34-45df-9e95-00db6ff71c93 963b9acd950a4dc3b38bee9e8008acfa e680dba82ec44164ab10949e162114d3 - - default default] Tap Mirror: Handle Delete Port: 7ce4476c-4160-436d-a8e2-abd35976f752 [pid: 8|app: 0|req: 513/1043] 10.0.0.179 () {32 vars in 740 bytes} [Fri Apr 17 06:53:28 2026] DELETE /v2.0/security-groups/fb86527c-7f61-4fcb-b119-797cd161dd70 => generated 0 bytes in 202 msecs (HTTP/1.1 204) 2 headers in 112 bytes (1 switches on core 0)
2026-04-17 06:53:28.644 8 WARNING neutron.plugins.ml2.drivers.ovn.mech_driver.ovsdb.ovn_client [None req-c2b27fae-fbc5-42f5-beb3-72691a9f3fec - - - - - -] No hosting information found for port aaa9b2a2-014f-4c48-8856-24d581315109: RuntimeError: No hosting information found for port aaa9b2a2-014f-4c48-8856-24d581315109 [pid: 8|app: 0|req: 514/1044] 10.0.0.179 () {32 vars in 717 bytes} [Fri Apr 17 06:53:28 2026] GET /v2.0/ports/d58edc44-d823-4d7c-bc95-e969a5500cfa => generated 953 bytes in 62 msecs (HTTP/1.1 200) 4 headers in 157 bytes (1 switches on core 0)
2026-04-17 06:53:28.730 8 INFO neutron.db.ovn_revision_numbers_db [None req-c2b27fae-fbc5-42f5-beb3-72691a9f3fec - - - - - -] Successfully bumped revision number for resource aaa9b2a2-014f-4c48-8856-24d581315109 (type: router_ports) to 2
2026-04-17 06:53:28.730 8 INFO neutron.plugins.ml2.drivers.ovn.mech_driver.mech_driver [None req-c2b27fae-fbc5-42f5-beb3-72691a9f3fec - - - - - -] OVN reports status down for port: d58edc44-d823-4d7c-bc95-e969a5500cfa
2026-04-17 06:53:28.781 8 WARNING neutron.plugins.ml2.drivers.ovn.mech_driver.ovsdb.ovn_client [None req-c2b27fae-fbc5-42f5-beb3-72691a9f3fec - - - - - -] Logical_Switch_Port %s host information not removed, the port state is up
2026-04-17 06:53:28.782 8 INFO neutron.plugins.ml2.drivers.ovn.mech_driver.mech_driver [None req-c2b27fae-fbc5-42f5-beb3-72691a9f3fec - - - - - -] OVN reports status down for port: f128732f-de9c-48e1-8f6d-24aef7334c43
2026-04-17 06:53:28.791 8 INFO neutron.plugins.ml2.drivers.ovn.mech_driver.mech_driver [None req-c2b27fae-fbc5-42f5-beb3-72691a9f3fec - - - - - -] OVN reports status up for port: d58edc44-d823-4d7c-bc95-e969a5500cfa
2026-04-17 06:53:28.801 8 INFO neutron.plugins.ml2.plugin [None req-c2b27fae-fbc5-42f5-beb3-72691a9f3fec - - - - - -] Attempt 1 to provision port d58edc44-d823-4d7c-bc95-e969a5500cfa [pid: 7|app: 0|req: 531/1045] 10.0.0.179 () {34 vars in 789 bytes} [Fri Apr 17 06:53:28 2026] PUT /v2.0/routers/e7144297-6b8e-4209-a975-bc108fa2370b/remove_router_interface => generated 309 bytes in 939 msecs (HTTP/1.1 200) 4 headers in 157 bytes (1 switches on core 0)
2026-04-17 06:53:29.223 8 INFO neutron.db.ovn_revision_numbers_db [None req-c2b27fae-fbc5-42f5-beb3-72691a9f3fec - - - - - -] Successfully bumped revision number for resource d58edc44-d823-4d7c-bc95-e969a5500cfa (type: ports) to 2 /var/lib/openstack/lib/python3.12/site-packages/pycadf/identifier.py:70: UserWarning: Invalid uuid: neutron. To ensure interoperability, identifiers should be a valid uuid. warnings.warn(('Invalid uuid: %s. To ensure interoperability, ' [pid: 7|app: 0|req: 532/1046] 10.0.0.179 () {32 vars in 717 bytes} [Fri Apr 17 06:53:29 2026] GET /v2.0/ports/d58edc44-d823-4d7c-bc95-e969a5500cfa => generated 955 bytes in 85 msecs (HTTP/1.1 200) 4 headers in 157 bytes (1 switches on core 0)
2026-04-17 06:53:29.918 8 INFO neutron_taas.services.taas.taas_plugin [None req-2bdd3cd4-a945-4814-ade9-9235d7734a7e 963b9acd950a4dc3b38bee9e8008acfa e680dba82ec44164ab10949e162114d3 - - default default] TaaS: Handle Delete Port: 7c304e34-88c3-4d4d-9017-1bc3bbdf944b
2026-04-17 06:53:29.921 8 INFO neutron_taas.services.taas.tap_mirror_plugin [None req-2bdd3cd4-a945-4814-ade9-9235d7734a7e 963b9acd950a4dc3b38bee9e8008acfa e680dba82ec44164ab10949e162114d3 - - default default] Tap Mirror: Handle Delete Port: 7c304e34-88c3-4d4d-9017-1bc3bbdf944b
2026-04-17 06:53:30.107 7 INFO neutron_taas.services.taas.taas_plugin [None req-4b5b70d7-55f2-4383-bfca-c2894aa49d33 9a8f8c7aa50340239989699b7c22e02e 0c54b7c1ef93433c8f921809cb2db8a8 - - default default] TaaS: Handle Delete Port: d58edc44-d823-4d7c-bc95-e969a5500cfa
2026-04-17 06:53:30.111 7 INFO neutron_taas.services.taas.tap_mirror_plugin [None req-4b5b70d7-55f2-4383-bfca-c2894aa49d33 9a8f8c7aa50340239989699b7c22e02e 0c54b7c1ef93433c8f921809cb2db8a8 - - default default] Tap Mirror: Handle Delete Port: d58edc44-d823-4d7c-bc95-e969a5500cfa [pid: 8|app: 0|req: 515/1047] 10.0.0.179 () {32 vars in 724 bytes} [Fri Apr 17 06:53:29 2026] DELETE /v2.0/routers/e7144297-6b8e-4209-a975-bc108fa2370b => generated 0 bytes in 1256 msecs (HTTP/1.1 204) 2 headers in 112 bytes (1 switches on core 0) [pid: 7|app: 0|req: 533/1048] 10.0.0.179 () {34 vars in 789 bytes} [Fri Apr 17 06:53:29 2026] PUT /v2.0/routers/53b7725a-aa1a-4b8c-924f-2284d50a8ca0/remove_router_interface => generated 309 bytes in 709 msecs (HTTP/1.1 200) 4 headers in 157 bytes (1 switches on core 0) /var/lib/openstack/lib/python3.12/site-packages/pycadf/identifier.py:70: UserWarning: Invalid uuid: neutron. To ensure interoperability, identifiers should be a valid uuid. warnings.warn(('Invalid uuid: %s. To ensure interoperability, '
2026-04-17 06:53:30.598 8 INFO neutron.db.ovn_revision_numbers_db [None req-bf93ed78-981f-4efd-89f9-ad9d0d600bf8 3c693cdaf83346308340fc2891c2d8de 7c194c90af2c41b189de2eb346e7a829 - - default default] Successfully bumped revision number for resource d243d10b-996c-4d64-b7d8-620b9c0cfc8d (type: security_groups) to 1
2026-04-17 06:53:30.616 8 INFO neutron.db.ovn_revision_numbers_db [None req-bf93ed78-981f-4efd-89f9-ad9d0d600bf8 3c693cdaf83346308340fc2891c2d8de 7c194c90af2c41b189de2eb346e7a829 - - default default] Successfully bumped revision number for resource 93654f47-391a-46a1-a8fe-534a86ab1ab9 (type: security_group_rules) to 0
2026-04-17 06:53:30.627 8 INFO neutron.db.ovn_revision_numbers_db [None req-bf93ed78-981f-4efd-89f9-ad9d0d600bf8 3c693cdaf83346308340fc2891c2d8de 7c194c90af2c41b189de2eb346e7a829 - - default default] Successfully bumped revision number for resource c18a5067-7639-458b-a882-6c688d063aef (type: security_group_rules) to 0
2026-04-17 06:53:30.638 8 INFO neutron.db.ovn_revision_numbers_db [None req-bf93ed78-981f-4efd-89f9-ad9d0d600bf8 3c693cdaf83346308340fc2891c2d8de 7c194c90af2c41b189de2eb346e7a829 - - default default] Successfully bumped revision number for resource c6719bb5-c8c4-4b4a-a618-61e5f001a35b (type: security_group_rules) to 0
2026-04-17 06:53:30.652 8 INFO neutron.db.ovn_revision_numbers_db [None req-bf93ed78-981f-4efd-89f9-ad9d0d600bf8 3c693cdaf83346308340fc2891c2d8de 7c194c90af2c41b189de2eb346e7a829 - - default default] Successfully bumped revision number for resource dee3bc7e-bded-41c0-8921-9d93ff7c8d0a (type: security_group_rules) to 0 [pid: 7|app: 0|req: 534/1049] 10.0.0.179 () {32 vars in 724 bytes} [Fri Apr 17 06:53:30 2026] DELETE /v2.0/subnets/e19ffdbe-5a06-4f6a-89f6-82bafde0b860 => generated 0 bytes in 180 msecs (HTTP/1.1 204) 3 headers in 131 bytes (1 switches on core 0)
2026-04-17 06:53:30.726 8 INFO neutron.db.segments_db [None req-bf93ed78-981f-4efd-89f9-ad9d0d600bf8 3c693cdaf83346308340fc2891c2d8de 7c194c90af2c41b189de2eb346e7a829 - - default default] Added segment 26ff0a9b-db9f-4fff-8e81-e720942178ea of type geneve for network 12d70c6b-1602-42f4-afa0-7725b3de5d7c [pid: 7|app: 0|req: 535/1050] 10.0.0.179 () {32 vars in 717 bytes} [Fri Apr 17 06:53:30 2026] GET /v2.0/ports/aaa9b2a2-014f-4c48-8856-24d581315109 => generated 947 bytes in 70 msecs (HTTP/1.1 200) 4 headers in 157 bytes (1 switches on core 0)
2026-04-17 06:53:30.832 8 INFO neutron.db.ovn_revision_numbers_db [None req-bf93ed78-981f-4efd-89f9-ad9d0d600bf8 3c693cdaf83346308340fc2891c2d8de 7c194c90af2c41b189de2eb346e7a829 - - default default] Successfully bumped revision number for resource 12d70c6b-1602-42f4-afa0-7725b3de5d7c (type: networks) to 1
2026-04-17 06:53:30.859 7 INFO neutron_taas.services.taas.taas_plugin [None req-d48a94ac-5981-4d02-9f0e-747cfd0012e8 963b9acd950a4dc3b38bee9e8008acfa e680dba82ec44164ab10949e162114d3 - - default default] TaaS: Handle Delete Port: 23015345-147b-4d9d-864f-333fa6243b2e
2026-04-17 06:53:30.863 7 INFO neutron_taas.services.taas.tap_mirror_plugin [None req-d48a94ac-5981-4d02-9f0e-747cfd0012e8 963b9acd950a4dc3b38bee9e8008acfa e680dba82ec44164ab10949e162114d3 - - default default] Tap Mirror: Handle Delete Port: 23015345-147b-4d9d-864f-333fa6243b2e
2026-04-17 06:53:31.009 8 WARNING neutron.scheduler.dhcp_agent_scheduler [None req-bf93ed78-981f-4efd-89f9-ad9d0d600bf8 3c693cdaf83346308340fc2891c2d8de 7c194c90af2c41b189de2eb346e7a829 - - default default] No more DHCP agents
2026-04-17 06:53:31.011 8 WARNING neutron.api.rpc.agentnotifiers.dhcp_rpc_agent_api [None req-bf93ed78-981f-4efd-89f9-ad9d0d600bf8 3c693cdaf83346308340fc2891c2d8de 7c194c90af2c41b189de2eb346e7a829 - - default default] Unable to schedule network 12d70c6b-1602-42f4-afa0-7725b3de5d7c: no agents available; will retry on subsequent port and subnet creation events.
2026-04-17 06:53:31.045 7 INFO neutron.services.segments.plugin [-] Segment b508577e-928a-4b7b-831e-ca6365eaa43f resource provider aggregate not found
2026-04-17 06:53:31.059 7 INFO neutron.services.segments.plugin [-] Segment b508577e-928a-4b7b-831e-ca6365eaa43f resource provider aggregate not found
2026-04-17 06:53:31.071 7 INFO neutron.services.segments.plugin [-] Segment b508577e-928a-4b7b-831e-ca6365eaa43f resource provider not found; error: Placement Client Error (4xx): {"errors": [{"status": 404, "title": "Not Found", "detail": "The resource could not be found.\n\n No resource provider with uuid b508577e-928a-4b7b-831e-ca6365eaa43f found for delete ", "request_id": "req-0b500272-979b-4abd-9194-bc6be690fec5"}]}
2026-04-17 06:53:31.083 7 INFO neutron.services.segments.plugin [-] Segment b508577e-928a-4b7b-831e-ca6365eaa43f resource provider not found; error: Placement Client Error (4xx): {"errors": [{"status": 404, "title": "Not Found", "detail": "The resource could not be found.\n\n No resource provider with uuid b508577e-928a-4b7b-831e-ca6365eaa43f found for delete ", "request_id": "req-25ce5aba-72c3-4b90-bd53-510ca1361f90"}]}
2026-04-17 06:53:31.108 8 INFO neutron.db.ovn_revision_numbers_db [None req-bf93ed78-981f-4efd-89f9-ad9d0d600bf8 3c693cdaf83346308340fc2891c2d8de 7c194c90af2c41b189de2eb346e7a829 - - default default] Successfully bumped revision number for resource ff507b00-90e9-4857-aff2-40b2c5ceaf30 (type: ports) to 1 [pid: 7|app: 0|req: 536/1051] 10.0.0.179 () {32 vars in 726 bytes} [Fri Apr 17 06:53:30 2026] DELETE /v2.0/networks/5a75f0d2-057c-492f-97a7-81761e4433df => generated 0 bytes in 367 msecs (HTTP/1.1 204) 3 headers in 131 bytes (1 switches on core 0) [pid: 8|app: 0|req: 516/1052] 10.0.0.179 () {34 vars in 670 bytes} [Fri Apr 17 06:53:30 2026] POST /v2.0/networks => generated 666 bytes in 836 msecs (HTTP/1.1 201) 4 headers in 162 bytes (1 switches on core 0) [pid: 8|app: 0|req: 517/1053] 10.0.0.179 () {32 vars in 774 bytes} [Fri Apr 17 06:53:31 2026] GET /v2.0/security-groups?tenant_id=6dba369c01924615978631fe912d1e05&name=default => generated 2925 bytes in 39 msecs (HTTP/1.1 200) 4 headers in 158 bytes (1 switches on core 0)
2026-04-17 06:53:31.426 7 INFO neutron_taas.services.taas.taas_plugin [None req-6193ebb8-7e48-48f3-8866-33981440e1c8 9a8f8c7aa50340239989699b7c22e02e 0c54b7c1ef93433c8f921809cb2db8a8 - - default default] TaaS: Handle Delete Port: aaa9b2a2-014f-4c48-8856-24d581315109
2026-04-17 06:53:31.428 7 INFO neutron_taas.services.taas.tap_mirror_plugin [None req-6193ebb8-7e48-48f3-8866-33981440e1c8 9a8f8c7aa50340239989699b7c22e02e 0c54b7c1ef93433c8f921809cb2db8a8 - - default default] Tap Mirror: Handle Delete Port: aaa9b2a2-014f-4c48-8856-24d581315109 [pid: 8|app: 0|req: 518/1054] 10.0.0.179 () {32 vars in 740 bytes} [Fri Apr 17 06:53:31 2026] DELETE /v2.0/security-groups/4e8bfcf9-d47c-4e6a-a391-747156a898e7 => generated 0 bytes in 212 msecs (HTTP/1.1 204) 2 headers in 112 bytes (1 switches on core 0) [pid: 7|app: 0|req: 537/1055] 10.0.0.179 () {34 vars in 789 bytes} [Fri Apr 17 06:53:31 2026] PUT /v2.0/routers/53b7725a-aa1a-4b8c-924f-2284d50a8ca0/remove_router_interface => generated 309 bytes in 600 msecs (HTTP/1.1 200) 4 headers in 157 bytes (1 switches on core 0) /var/lib/openstack/lib/python3.12/site-packages/pycadf/identifier.py:70: UserWarning: Invalid uuid: neutron. To ensure interoperability, identifiers should be a valid uuid. warnings.warn(('Invalid uuid: %s. To ensure interoperability, ' [pid: 7|app: 0|req: 538/1056] 10.0.0.179 () {32 vars in 736 bytes} [Fri Apr 17 06:53:31 2026] GET /v2.0/ports?device_id=53b7725a-aa1a-4b8c-924f-2284d50a8ca0 => generated 12 bytes in 20 msecs (HTTP/1.1 200) 4 headers in 156 bytes (1 switches on core 0)
2026-04-17 06:53:31.831 8 WARNING neutron.scheduler.dhcp_agent_scheduler [None req-983d90f2-d31f-4a87-9d95-badec0642cf8 3c693cdaf83346308340fc2891c2d8de 7c194c90af2c41b189de2eb346e7a829 - - default default] No more DHCP agents
2026-04-17 06:53:31.833 8 WARNING neutron.api.rpc.agentnotifiers.dhcp_rpc_agent_api [None req-983d90f2-d31f-4a87-9d95-badec0642cf8 3c693cdaf83346308340fc2891c2d8de 7c194c90af2c41b189de2eb346e7a829 - - default default] Unable to schedule network 12d70c6b-1602-42f4-afa0-7725b3de5d7c: no agents available; will retry on subsequent port and subnet creation events.
2026-04-17 06:53:31.859 8 INFO neutron.db.ovn_revision_numbers_db [None req-983d90f2-d31f-4a87-9d95-badec0642cf8 3c693cdaf83346308340fc2891c2d8de 7c194c90af2c41b189de2eb346e7a829 - - default default] Successfully bumped revision number for resource a5a53568-bab3-42a4-95db-2a7b7b4f076f (type: subnets) to 0 [pid: 8|app: 0|req: 519/1057] 10.0.0.179 () {34 vars in 669 bytes} [Fri Apr 17 06:53:31 2026] POST /v2.0/subnets => generated 673 bytes in 258 msecs (HTTP/1.1 201) 4 headers in 162 bytes (1 switches on core 0)
2026-04-17 06:53:31.967 8 INFO neutron.db.segments_db [None req-3ac905a2-0ddf-4168-a664-d4fc52bab3d7 3c693cdaf83346308340fc2891c2d8de 7c194c90af2c41b189de2eb346e7a829 - - default default] Added segment dc7fe8b8-9f91-4df9-9a5e-c17397cc15b5 of type geneve for network ee38686a-c42d-49c2-b592-d764587122f3 [pid: 7|app: 0|req: 539/1058] 10.0.0.179 () {32 vars in 724 bytes} [Fri Apr 17 06:53:31 2026] DELETE /v2.0/routers/53b7725a-aa1a-4b8c-924f-2284d50a8ca0 => generated 0 bytes in 241 msecs (HTTP/1.1 204) 2 headers in 112 bytes (1 switches on core 0)
2026-04-17 06:53:32.064 8 INFO neutron.db.ovn_revision_numbers_db [None req-3ac905a2-0ddf-4168-a664-d4fc52bab3d7 3c693cdaf83346308340fc2891c2d8de 7c194c90af2c41b189de2eb346e7a829 - - default default] Successfully bumped revision number for resource ee38686a-c42d-49c2-b592-d764587122f3 (type: networks) to 1 [pid: 7|app: 0|req: 540/1059] 10.0.0.179 () {32 vars in 724 bytes} [Fri Apr 17 06:53:31 2026] DELETE /v2.0/subnets/bc095101-c8d6-45b8-a7fb-e08b8f234238 => generated 0 bytes in 149 msecs (HTTP/1.1 204) 3 headers in 131 bytes (1 switches on core 0)
2026-04-17 06:53:32.238 8 WARNING neutron.scheduler.dhcp_agent_scheduler [None req-3ac905a2-0ddf-4168-a664-d4fc52bab3d7 3c693cdaf83346308340fc2891c2d8de 7c194c90af2c41b189de2eb346e7a829 - - default default] No more DHCP agents
2026-04-17 06:53:32.240 8 WARNING neutron.api.rpc.agentnotifiers.dhcp_rpc_agent_api [None req-3ac905a2-0ddf-4168-a664-d4fc52bab3d7 3c693cdaf83346308340fc2891c2d8de 7c194c90af2c41b189de2eb346e7a829 - - default default] Unable to schedule network ee38686a-c42d-49c2-b592-d764587122f3: no agents available; will retry on subsequent port and subnet creation events. [pid: 7|app: 0|req: 541/1060] 10.0.0.179 () {32 vars in 724 bytes} [Fri Apr 17 06:53:32 2026] DELETE /v2.0/subnets/5f682eb9-fc20-40e5-8836-511fc68470e3 => generated 0 bytes in 164 msecs (HTTP/1.1 204) 3 headers in 131 bytes (1 switches on core 0)
2026-04-17 06:53:32.324 8 INFO neutron.db.ovn_revision_numbers_db [None req-3ac905a2-0ddf-4168-a664-d4fc52bab3d7 3c693cdaf83346308340fc2891c2d8de 7c194c90af2c41b189de2eb346e7a829 - - default default] Successfully bumped revision number for resource 8b08e3fd-b811-4f5e-b138-6a0b78f3c388 (type: ports) to 1 [pid: 8|app: 0|req: 520/1061] 10.0.0.179 () {34 vars in 670 bytes} [Fri Apr 17 06:53:31 2026] POST /v2.0/networks => generated 667 bytes in 467 msecs (HTTP/1.1 201) 4 headers in 162 bytes (1 switches on core 0)
2026-04-17 06:53:32.461 7 INFO neutron_taas.services.taas.taas_plugin [None req-48b7e451-4036-4d79-a63e-cfc7d6d9d06b 9a8f8c7aa50340239989699b7c22e02e 0c54b7c1ef93433c8f921809cb2db8a8 - - default default] TaaS: Handle Delete Port: 0f1e973a-4ed6-4c6a-9af6-fea5e8770165
2026-04-17 06:53:32.467 7 INFO neutron_taas.services.taas.tap_mirror_plugin [None req-48b7e451-4036-4d79-a63e-cfc7d6d9d06b 9a8f8c7aa50340239989699b7c22e02e 0c54b7c1ef93433c8f921809cb2db8a8 - - default default] Tap Mirror: Handle Delete Port: 0f1e973a-4ed6-4c6a-9af6-fea5e8770165
2026-04-17 06:53:32.486 8 INFO neutron.db.ovn_revision_numbers_db [None req-393574ef-dc51-4178-84c0-32f90a4bb028 3c693cdaf83346308340fc2891c2d8de 7c194c90af2c41b189de2eb346e7a829 - - default default] Successfully bumped revision number for resource ee38686a-c42d-49c2-b592-d764587122f3 (type: networks) to 2 [pid: 8|app: 0|req: 521/1062] 10.0.0.179 () {34 vars in 743 bytes} [Fri Apr 17 06:53:32 2026] PUT /v2.0/networks/ee38686a-c42d-49c2-b592-d764587122f3 => generated 636 bytes in 137 msecs (HTTP/1.1 200) 4 headers in 157 bytes (1 switches on core 0) [pid: 8|app: 0|req: 522/1063] 10.0.0.192 () {34 vars in 990 bytes} [Fri Apr 17 06:53:32 2026] GET /v2.0/ports?device_id=24af1f84-42d6-4365-8b84-c04af7fcc200 => generated 971 bytes in 77 msecs (HTTP/1.1 200) 4 headers in 157 bytes (1 switches on core 0) [pid: 7|app: 0|req: 542/1064] 10.0.0.179 () {32 vars in 726 bytes} [Fri Apr 17 06:53:32 2026] DELETE /v2.0/networks/a067abaf-2de3-4bf8-914a-9c40a1105b1d => generated 0 bytes in 375 msecs (HTTP/1.1 204) 3 headers in 131 bytes (1 switches on core 0) [pid: 7|app: 0|req: 543/1065] 10.0.0.192 () {34 vars in 1040 bytes} [Fri Apr 17 06:53:32 2026] GET /v2.0/security-groups?id=d51e7bae-066a-4df1-a929-d7162b5b1283&fields=id&fields=name => generated 113 bytes in 21 msecs (HTTP/1.1 200) 4 headers in 157 bytes (1 switches on core 0)
2026-04-17 06:53:32.739 8 WARNING neutron.scheduler.dhcp_agent_scheduler [None req-9fec7c67-7b16-48aa-ada7-889711e6a912 3c693cdaf83346308340fc2891c2d8de 7c194c90af2c41b189de2eb346e7a829 - - default default] No more DHCP agents
2026-04-17 06:53:32.740 8 WARNING neutron.api.rpc.agentnotifiers.dhcp_rpc_agent_api [None req-9fec7c67-7b16-48aa-ada7-889711e6a912 3c693cdaf83346308340fc2891c2d8de 7c194c90af2c41b189de2eb346e7a829 - - default default] Unable to schedule network ee38686a-c42d-49c2-b592-d764587122f3: no agents available; will retry on subsequent port and subnet creation events.
2026-04-17 06:53:32.765 8 INFO neutron.db.ovn_revision_numbers_db [None req-9fec7c67-7b16-48aa-ada7-889711e6a912 3c693cdaf83346308340fc2891c2d8de 7c194c90af2c41b189de2eb346e7a829 - - default default] Successfully bumped revision number for resource 872f79d9-deec-4c43-97ef-ae36e7df808b (type: subnets) to 0 [pid: 8|app: 0|req: 523/1066] 10.0.0.179 () {34 vars in 669 bytes} [Fri Apr 17 06:53:32 2026] POST /v2.0/subnets => generated 646 bytes in 212 msecs (HTTP/1.1 201) 4 headers in 162 bytes (1 switches on core 0)
2026-04-17 06:53:32.825 7 INFO neutron_taas.services.taas.taas_plugin [None req-48a4e5f2-848b-451f-babc-be8e98b0d57b 9a8f8c7aa50340239989699b7c22e02e 0c54b7c1ef93433c8f921809cb2db8a8 - - default default] TaaS: Handle Delete Port: ef319136-e890-47c0-b1e5-3159ed0d27de
2026-04-17 06:53:32.829 7 INFO neutron_taas.services.taas.tap_mirror_plugin [None req-48a4e5f2-848b-451f-babc-be8e98b0d57b 9a8f8c7aa50340239989699b7c22e02e 0c54b7c1ef93433c8f921809cb2db8a8 - - default default] Tap Mirror: Handle Delete Port: ef319136-e890-47c0-b1e5-3159ed0d27de [pid: 7|app: 0|req: 544/1067] 10.0.0.179 () {32 vars in 726 bytes} [Fri Apr 17 06:53:32 2026] DELETE /v2.0/networks/00dabdf2-ff98-4fd6-a69d-4c05b244c685 => generated 0 bytes in 350 msecs (HTTP/1.1 204) 3 headers in 131 bytes (1 switches on core 0)
2026-04-17 06:53:33.100 7 INFO neutron.services.segments.plugin [-] Segment ba347297-f4c7-456b-ab0b-84986c9d707e resource provider aggregate not found
2026-04-17 06:53:33.109 7 INFO neutron.services.segments.plugin [-] Segment ba347297-f4c7-456b-ab0b-84986c9d707e resource provider aggregate not found
2026-04-17 06:53:33.121 7 INFO neutron.services.segments.plugin [-] Segment ba347297-f4c7-456b-ab0b-84986c9d707e resource provider not found; error: Placement Client Error (4xx): {"errors": [{"status": 404, "title": "Not Found", "detail": "The resource could not be found.\n\n No resource provider with uuid ba347297-f4c7-456b-ab0b-84986c9d707e found for delete ", "request_id": "req-d2e8d3ca-2bf1-4a73-82be-eb9615cc9f44"}]}
2026-04-17 06:53:33.130 7 INFO neutron.services.segments.plugin [-] Segment ba347297-f4c7-456b-ab0b-84986c9d707e resource provider not found; error: Placement Client Error (4xx): {"errors": [{"status": 404, "title": "Not Found", "detail": "The resource could not be found.\n\n No resource provider with uuid ba347297-f4c7-456b-ab0b-84986c9d707e found for delete ", "request_id": "req-4bf813ea-0463-41e2-ac16-18dfda192aac"}]}
2026-04-17 06:53:33.140 7 INFO neutron.services.segments.plugin [-] Segment 60d8ca14-391a-4771-b332-fe2a166b6170 resource provider aggregate not found
2026-04-17 06:53:33.150 7 INFO neutron.services.segments.plugin [-] Segment 60d8ca14-391a-4771-b332-fe2a166b6170 resource provider aggregate not found
2026-04-17 06:53:33.166 7 INFO neutron.services.segments.plugin [-] Segment 60d8ca14-391a-4771-b332-fe2a166b6170 resource provider not found; error: Placement Client Error (4xx): {"errors": [{"status": 404, "title": "Not Found", "detail": "The resource could not be found.\n\n No resource provider with uuid 60d8ca14-391a-4771-b332-fe2a166b6170 found for delete ", "request_id": "req-d33ea630-0e82-4f59-978a-cb5e1903dbb7"}]}
2026-04-17 06:53:33.178 7 INFO neutron.services.segments.plugin [-] Segment 60d8ca14-391a-4771-b332-fe2a166b6170 resource provider not found; error: Placement Client Error (4xx): {"errors": [{"status": 404, "title": "Not Found", "detail": "The resource could not be found.\n\n No resource provider with uuid 60d8ca14-391a-4771-b332-fe2a166b6170 found for delete ", "request_id": "req-bdc3696a-7016-4601-be02-b8619354eb03"}]} [pid: 7|app: 0|req: 545/1068] 10.0.0.192 () {34 vars in 990 bytes} [Fri Apr 17 06:53:33 2026] GET /v2.0/ports?device_id=24af1f84-42d6-4365-8b84-c04af7fcc200 => generated 971 bytes in 135 msecs (HTTP/1.1 200) 4 headers in 157 bytes (1 switches on core 0)
2026-04-17 06:53:33.286 7 INFO neutron.db.segments_db [None req-9c513ccd-c252-487b-8aae-4067d0227909 9a8f8c7aa50340239989699b7c22e02e 0c54b7c1ef93433c8f921809cb2db8a8 - - default default] Added segment f5c6c05e-c567-4031-ba04-f46843a8ddc7 of type geneve for network 549e3060-0ab5-4207-9265-ed6cda70669e
2026-04-17 06:53:33.370 8 INFO neutron.db.ovn_revision_numbers_db [None req-736c07f9-a195-4d9c-89ab-8c9625c2bd02 - - - - - -] Successfully bumped revision number for resource 8b08e3fd-b811-4f5e-b138-6a0b78f3c388 (type: ports) to 2
2026-04-17 06:53:33.402 8 INFO neutron.db.ovn_revision_numbers_db [None req-736c07f9-a195-4d9c-89ab-8c9625c2bd02 - - - - - -] Successfully bumped revision number for resource 872f79d9-deec-4c43-97ef-ae36e7df808b (type: subnets) to 1 [pid: 8|app: 0|req: 524/1069] 10.0.0.179 () {34 vars in 741 bytes} [Fri Apr 17 06:53:32 2026] PUT /v2.0/subnets/872f79d9-deec-4c43-97ef-ae36e7df808b => generated 656 bytes in 620 msecs (HTTP/1.1 200) 4 headers in 157 bytes (1 switches on core 0)
2026-04-17 06:53:33.413 7 INFO neutron.db.ovn_revision_numbers_db [None req-9c513ccd-c252-487b-8aae-4067d0227909 9a8f8c7aa50340239989699b7c22e02e 0c54b7c1ef93433c8f921809cb2db8a8 - - default default] Successfully bumped revision number for resource 549e3060-0ab5-4207-9265-ed6cda70669e (type: networks) to 1 [pid: 8|app: 0|req: 525/1070] 10.0.0.192 () {34 vars in 1040 bytes} [Fri Apr 17 06:53:33 2026] GET /v2.0/security-groups?id=d51e7bae-066a-4df1-a929-d7162b5b1283&fields=id&fields=name => generated 113 bytes in 35 msecs (HTTP/1.1 200) 4 headers in 157 bytes (1 switches on core 0)
2026-04-17 06:53:33.557 8 INFO neutron_taas.services.taas.taas_plugin [None req-d9c51a3e-ab81-448d-8c29-634b1a7865fd 3c693cdaf83346308340fc2891c2d8de 7c194c90af2c41b189de2eb346e7a829 - - default default] TaaS: Handle Delete Port: 8b08e3fd-b811-4f5e-b138-6a0b78f3c388
2026-04-17 06:53:33.559 8 INFO neutron_taas.services.taas.tap_mirror_plugin [None req-d9c51a3e-ab81-448d-8c29-634b1a7865fd 3c693cdaf83346308340fc2891c2d8de 7c194c90af2c41b189de2eb346e7a829 - - default default] Tap Mirror: Handle Delete Port: 8b08e3fd-b811-4f5e-b138-6a0b78f3c388
2026-04-17 06:53:33.601 7 WARNING neutron.scheduler.dhcp_agent_scheduler [None req-9c513ccd-c252-487b-8aae-4067d0227909 9a8f8c7aa50340239989699b7c22e02e 0c54b7c1ef93433c8f921809cb2db8a8 - - default default] No more DHCP agents
2026-04-17 06:53:33.602 7 WARNING neutron.api.rpc.agentnotifiers.dhcp_rpc_agent_api [None req-9c513ccd-c252-487b-8aae-4067d0227909 9a8f8c7aa50340239989699b7c22e02e 0c54b7c1ef93433c8f921809cb2db8a8 - - default default] Unable to schedule network 549e3060-0ab5-4207-9265-ed6cda70669e: no agents available; will retry on subsequent port and subnet creation events.
2026-04-17 06:53:33.651 7 INFO neutron.plugins.ml2.drivers.ovn.mech_driver.mech_driver [None req-1a8310af-31ce-4d2f-89aa-b8c7a6baec30 - - - - - -] OVN reports status down for port: 84b265f5-1417-42d0-827b-1fddc1e7f1da
2026-04-17 06:53:33.729 7 INFO neutron.db.ovn_revision_numbers_db [None req-9c513ccd-c252-487b-8aae-4067d0227909 9a8f8c7aa50340239989699b7c22e02e 0c54b7c1ef93433c8f921809cb2db8a8 - - default default] Successfully bumped revision number for resource 84b265f5-1417-42d0-827b-1fddc1e7f1da (type: ports) to 1 [pid: 7|app: 0|req: 546/1071] 10.0.0.179 () {34 vars in 670 bytes} [Fri Apr 17 06:53:33 2026] POST /v2.0/networks => generated 653 bytes in 577 msecs (HTTP/1.1 201) 4 headers in 162 bytes (1 switches on core 0)
2026-04-17 06:53:33.808 8 INFO neutron.services.segments.plugin [-] Segment dc7fe8b8-9f91-4df9-9a5e-c17397cc15b5 resource provider aggregate not found
2026-04-17 06:53:33.809 8 INFO neutron.services.segments.plugin [-] Segment dc7fe8b8-9f91-4df9-9a5e-c17397cc15b5 resource provider aggregate not found
2026-04-17 06:53:33.834 8 INFO neutron.services.segments.plugin [-] Segment dc7fe8b8-9f91-4df9-9a5e-c17397cc15b5 resource provider not found; error: Placement Client Error (4xx): {"errors": [{"status": 404, "title": "Not Found", "detail": "The resource could not be found.\n\n No resource provider with uuid dc7fe8b8-9f91-4df9-9a5e-c17397cc15b5 found for delete ", "request_id": "req-061b8d05-9d64-45ba-bdf7-73f0351c7e5f"}]}
2026-04-17 06:53:33.835 8 INFO neutron.services.segments.plugin [-] Segment dc7fe8b8-9f91-4df9-9a5e-c17397cc15b5 resource provider not found; error: Placement Client Error (4xx): {"errors": [{"status": 404, "title": "Not Found", "detail": "The resource could not be found.\n\n No resource provider with uuid dc7fe8b8-9f91-4df9-9a5e-c17397cc15b5 found for delete ", "request_id": "req-4d3a5d88-1fe6-413f-97bd-12d74bfea195"}]} [pid: 8|app: 0|req: 526/1072] 10.0.0.179 () {32 vars in 726 bytes} [Fri Apr 17 06:53:33 2026] DELETE /v2.0/networks/ee38686a-c42d-49c2-b592-d764587122f3 => generated 0 bytes in 412 msecs (HTTP/1.1 204) 3 headers in 131 bytes (1 switches on core 0)
2026-04-17 06:53:33.871 8 INFO neutron.pecan_wsgi.hooks.translation [None req-4487c848-654a-439f-b8c2-768b8d662eed 3c693cdaf83346308340fc2891c2d8de 7c194c90af2c41b189de2eb346e7a829 - - default default] DELETE failed (client error): The resource could not be found. [pid: 8|app: 0|req: 527/1073] 10.0.0.179 () {32 vars in 726 bytes} [Fri Apr 17 06:53:33 2026] DELETE /v2.0/networks/ee38686a-c42d-49c2-b592-d764587122f3 => generated 138 bytes in 17 msecs (HTTP/1.1 404) 4 headers in 164 bytes (1 switches on core 0) [pid: 8|app: 0|req: 528/1074] 10.0.0.179 () {32 vars in 694 bytes} [Fri Apr 17 06:53:33 2026] GET /v2.0/networks?router%3Aexternal=True => generated 689 bytes in 74 msecs (HTTP/1.1 200) 4 headers in 157 bytes (1 switches on core 0)
2026-04-17 06:53:33.976 7 INFO neutron.plugins.ml2.drivers.ovn.mech_driver.mech_driver [None req-1a8310af-31ce-4d2f-89aa-b8c7a6baec30 - - - - - -] OVN reports status down for port: 58e932d8-554f-4ba9-a124-e52388d643aa [pid: 8|app: 0|req: 529/1075] 10.0.0.179 () {32 vars in 742 bytes} [Fri Apr 17 06:53:33 2026] GET /v2.0/subnets?network_id=e24f253c-a057-4e81-a950-30f05f803c4b => generated 649 bytes in 49 msecs (HTTP/1.1 200) 4 headers in 157 bytes (1 switches on core 0) [pid: 8|app: 0|req: 530/1076] 10.0.0.179 () {32 vars in 653 bytes} [Fri Apr 17 06:53:34 2026] GET /v2.0/extensions => generated 20541 bytes in 4 msecs (HTTP/1.1 200) 4 headers in 159 bytes (1 switches on core 0)
2026-04-17 06:53:34.039 7 WARNING neutron.scheduler.dhcp_agent_scheduler [None req-6e8145cb-2928-4aa1-9568-bb7660febb37 9a8f8c7aa50340239989699b7c22e02e 0c54b7c1ef93433c8f921809cb2db8a8 - - default default] No more DHCP agents
2026-04-17 06:53:34.041 7 WARNING neutron.api.rpc.agentnotifiers.dhcp_rpc_agent_api [None req-6e8145cb-2928-4aa1-9568-bb7660febb37 9a8f8c7aa50340239989699b7c22e02e 0c54b7c1ef93433c8f921809cb2db8a8 - - default default] Unable to schedule network 549e3060-0ab5-4207-9265-ed6cda70669e: no agents available; will retry on subsequent port and subnet creation events.
2026-04-17 06:53:34.098 7 INFO neutron.db.ovn_revision_numbers_db [None req-6e8145cb-2928-4aa1-9568-bb7660febb37 9a8f8c7aa50340239989699b7c22e02e 0c54b7c1ef93433c8f921809cb2db8a8 - - default default] Successfully bumped revision number for resource b9aa0b19-21cb-4b8d-b1ab-5236ee197151 (type: subnets) to 0 [pid: 8|app: 0|req: 531/1077] 10.0.0.179 () {32 vars in 649 bytes} [Fri Apr 17 06:53:34 2026] GET /v2.0/networks => generated 1388 bytes in 69 msecs (HTTP/1.1 200) 4 headers in 158 bytes (1 switches on core 0) [pid: 7|app: 0|req: 547/1078] 10.0.0.179 () {34 vars in 669 bytes} [Fri Apr 17 06:53:33 2026] POST /v2.0/subnets => generated 646 bytes in 360 msecs (HTTP/1.1 201) 4 headers in 162 bytes (1 switches on core 0) [pid: 8|app: 0|req: 532/1079] 10.0.0.179 () {32 vars in 647 bytes} [Fri Apr 17 06:53:34 2026] GET /v2.0/subnets => generated 1312 bytes in 34 msecs (HTTP/1.1 200) 4 headers in 158 bytes (1 switches on core 0)
2026-04-17 06:53:34.174 7 INFO neutron.notifiers.nova [-] Nova event matching ['req-62cecb52-8b9e-4cb2-ac5a-fdf5a68e1338'] response: {'server_uuid': '24af1f84-42d6-4365-8b84-c04af7fcc200', 'name': 'network-vif-unplugged', 'status': 'completed', 'tag': '58e932d8-554f-4ba9-a124-e52388d643aa', 'code': 200} [pid: 8|app: 0|req: 533/1080] 10.0.0.179 () {32 vars in 723 bytes} [Fri Apr 17 06:53:34 2026] GET /v2.0/networks/12d70c6b-1602-42f4-afa0-7725b3de5d7c => generated 710 bytes in 50 msecs (HTTP/1.1 200) 4 headers in 157 bytes (1 switches on core 0) [pid: 8|app: 0|req: 534/1081] 10.0.0.179 () {32 vars in 721 bytes} [Fri Apr 17 06:53:34 2026] GET /v2.0/subnets/a5a53568-bab3-42a4-95db-2a7b7b4f076f => generated 673 bytes in 31 msecs (HTTP/1.1 200) 4 headers in 157 bytes (1 switches on core 0)
2026-04-17 06:53:34.260 8 INFO neutron.pecan_wsgi.hooks.translation [None req-6647092a-b721-424b-a3b6-ddf3ce34d764 3c693cdaf83346308340fc2891c2d8de 7c194c90af2c41b189de2eb346e7a829 - - default default] DELETE failed (client error): The resource could not be found. [pid: 8|app: 0|req: 535/1082] 10.0.0.179 () {32 vars in 724 bytes} [Fri Apr 17 06:53:34 2026] DELETE /v2.0/subnets/872f79d9-deec-4c43-97ef-ae36e7df808b => generated 136 bytes in 16 msecs (HTTP/1.1 404) 4 headers in 164 bytes (1 switches on core 0)
2026-04-17 06:53:34.323 7 INFO neutron.db.ovn_revision_numbers_db [None req-5f862201-24d7-493e-b425-ad6821bc18a8 9a8f8c7aa50340239989699b7c22e02e 0c54b7c1ef93433c8f921809cb2db8a8 - - default default] Successfully bumped revision number for resource 91d0397d-b372-468c-8b16-9d9d12326906 (type: routers) to 1 [pid: 7|app: 0|req: 548/1083] 10.0.0.179 () {34 vars in 669 bytes} [Fri Apr 17 06:53:34 2026] POST /v2.0/routers => generated 607 bytes in 222 msecs (HTTP/1.1 201) 4 headers in 162 bytes (1 switches on core 0)
2026-04-17 06:53:34.385 7 INFO neutron.pecan_wsgi.hooks.translation [None req-dbfea8b0-8f7c-4583-a504-52c9d7eabab2 3c693cdaf83346308340fc2891c2d8de 7c194c90af2c41b189de2eb346e7a829 - - default default] DELETE failed (client error): The resource could not be found. [pid: 7|app: 0|req: 549/1084] 10.0.0.179 () {32 vars in 726 bytes} [Fri Apr 17 06:53:34 2026] DELETE /v2.0/networks/ee38686a-c42d-49c2-b592-d764587122f3 => generated 138 bytes in 22 msecs (HTTP/1.1 404) 4 headers in 164 bytes (1 switches on core 0)
2026-04-17 06:53:34.399 7 INFO neutron.db.ovn_revision_numbers_db [None req-1a8310af-31ce-4d2f-89aa-b8c7a6baec30 - - - - - -] Successfully bumped revision number for resource 58e932d8-554f-4ba9-a124-e52388d643aa (type: ports) to 8
2026-04-17 06:53:34.518 8 INFO neutron.db.ovn_revision_numbers_db [None req-e62d0731-2b6d-4045-91b2-df022cdf96bf 963b9acd950a4dc3b38bee9e8008acfa e680dba82ec44164ab10949e162114d3 - - default default] Successfully bumped revision number for resource 04e250c2-7a0b-4f77-bcae-6d87bfcbf7cc (type: security_groups) to 1
2026-04-17 06:53:34.528 8 INFO neutron.db.ovn_revision_numbers_db [None req-e62d0731-2b6d-4045-91b2-df022cdf96bf 963b9acd950a4dc3b38bee9e8008acfa e680dba82ec44164ab10949e162114d3 - - default default] Successfully bumped revision number for resource 31b10c06-057e-441a-a6be-56c4084a614e (type: security_group_rules) to 0
2026-04-17 06:53:34.539 8 INFO neutron.db.ovn_revision_numbers_db [None req-e62d0731-2b6d-4045-91b2-df022cdf96bf 963b9acd950a4dc3b38bee9e8008acfa e680dba82ec44164ab10949e162114d3 - - default default] Successfully bumped revision number for resource 4575cb04-3273-4a40-a811-f9754b40bbbd (type: security_group_rules) to 0
2026-04-17 06:53:34.551 8 INFO neutron.db.ovn_revision_numbers_db [None req-e62d0731-2b6d-4045-91b2-df022cdf96bf 963b9acd950a4dc3b38bee9e8008acfa e680dba82ec44164ab10949e162114d3 - - default default] Successfully bumped revision number for resource 62a8cc66-960a-404a-945a-4ae9e8ea9c2e (type: security_group_rules) to 0
2026-04-17 06:53:34.562 8 INFO neutron.db.ovn_revision_numbers_db [None req-e62d0731-2b6d-4045-91b2-df022cdf96bf 963b9acd950a4dc3b38bee9e8008acfa e680dba82ec44164ab10949e162114d3 - - default default] Successfully bumped revision number for resource efffb017-dd85-4356-afb4-cfaf0c46d998 (type: security_group_rules) to 0 [pid: 8|app: 0|req: 536/1087] 10.0.0.179 () {32 vars in 774 bytes} [Fri Apr 17 06:53:34 2026] GET /v2.0/security-groups?tenant_id=6e6f48999961457e9b9a26f21d785b1c&name=default => generated 2925 bytes in 334 msecs (HTTP/1.1 200) 4 headers in 158 bytes (1 switches on core 0)
2026-04-17 06:53:34.703 7 WARNING neutron.scheduler.dhcp_agent_scheduler [None req-1eed0a98-b3df-427d-a0ed-7b65107991b6 9a8f8c7aa50340239989699b7c22e02e 0c54b7c1ef93433c8f921809cb2db8a8 - - default default] No more DHCP agents
2026-04-17 06:53:34.704 7 WARNING neutron.api.rpc.agentnotifiers.dhcp_rpc_agent_api [None req-1eed0a98-b3df-427d-a0ed-7b65107991b6 9a8f8c7aa50340239989699b7c22e02e 0c54b7c1ef93433c8f921809cb2db8a8 - - default default] Unable to schedule network 549e3060-0ab5-4207-9265-ed6cda70669e: no agents available; will retry on subsequent port and subnet creation events. [pid: 8|app: 0|req: 537/1088] 10.0.0.179 () {32 vars in 724 bytes} [Fri Apr 17 06:53:34 2026] DELETE /v2.0/subnets/a5a53568-bab3-42a4-95db-2a7b7b4f076f => generated 0 bytes in 132 msecs (HTTP/1.1 204) 3 headers in 131 bytes (1 switches on core 0) [pid: 8|app: 0|req: 538/1089] 10.0.0.192 () {34 vars in 990 bytes} [Fri Apr 17 06:53:34 2026] GET /v2.0/ports?device_id=24af1f84-42d6-4365-8b84-c04af7fcc200 => generated 969 bytes in 31 msecs (HTTP/1.1 200) 4 headers in 157 bytes (1 switches on core 0)
2026-04-17 06:53:34.784 7 INFO neutron.plugins.ml2.drivers.ovn.mech_driver.mech_driver [None req-e82e63ea-1134-487a-a39d-1372cd3769e0 - - - - - -] OVN reports status down for port: 36a9f508-6516-41a5-ac55-c9996141708d
2026-04-17 06:53:34.838 7 INFO neutron.db.ovn_revision_numbers_db [None req-1eed0a98-b3df-427d-a0ed-7b65107991b6 9a8f8c7aa50340239989699b7c22e02e 0c54b7c1ef93433c8f921809cb2db8a8 - - default default] Successfully bumped revision number for resource 36a9f508-6516-41a5-ac55-c9996141708d (type: ports) to 1 [pid: 7|app: 0|req: 552/1090] 10.0.0.179 () {34 vars in 665 bytes} [Fri Apr 17 06:53:34 2026] POST /v2.0/ports => generated 964 bytes in 493 msecs (HTTP/1.1 201) 4 headers in 162 bytes (1 switches on core 0) /var/lib/openstack/lib/python3.12/site-packages/pycadf/identifier.py:70: UserWarning: Invalid uuid: neutron. To ensure interoperability, identifiers should be a valid uuid. warnings.warn(('Invalid uuid: %s. To ensure interoperability, ' [pid: 8|app: 0|req: 539/1091] 10.0.0.179 () {32 vars in 740 bytes} [Fri Apr 17 06:53:34 2026] DELETE /v2.0/security-groups/04e250c2-7a0b-4f77-bcae-6d87bfcbf7cc => generated 0 bytes in 229 msecs (HTTP/1.1 204) 2 headers in 112 bytes (1 switches on core 0)
2026-04-17 06:53:35.004 7 INFO neutron_taas.services.taas.taas_plugin [None req-7bb48f36-4751-43f6-933c-aa52c4f1a7fd 3c693cdaf83346308340fc2891c2d8de 7c194c90af2c41b189de2eb346e7a829 - - default default] TaaS: Handle Delete Port: ff507b00-90e9-4857-aff2-40b2c5ceaf30
2026-04-17 06:53:35.009 7 INFO neutron_taas.services.taas.tap_mirror_plugin [None req-7bb48f36-4751-43f6-933c-aa52c4f1a7fd 3c693cdaf83346308340fc2891c2d8de 7c194c90af2c41b189de2eb346e7a829 - - default default] Tap Mirror: Handle Delete Port: ff507b00-90e9-4857-aff2-40b2c5ceaf30 [pid: 8|app: 0|req: 540/1092] 10.0.0.192 () {34 vars in 1040 bytes} [Fri Apr 17 06:53:34 2026] GET /v2.0/security-groups?id=d51e7bae-066a-4df1-a929-d7162b5b1283&fields=id&fields=name => generated 113 bytes in 24 msecs (HTTP/1.1 200) 4 headers in 157 bytes (1 switches on core 0)
2026-04-17 06:53:35.191 7 INFO neutron.services.segments.plugin [-] Segment 26ff0a9b-db9f-4fff-8e81-e720942178ea resource provider aggregate not found
2026-04-17 06:53:35.198 7 INFO neutron.services.segments.plugin [-] Segment 26ff0a9b-db9f-4fff-8e81-e720942178ea resource provider aggregate not found
2026-04-17 06:53:35.213 7 INFO neutron.services.segments.plugin [-] Segment 26ff0a9b-db9f-4fff-8e81-e720942178ea resource provider not found; error: Placement Client Error (4xx): {"errors": [{"status": 404, "title": "Not Found", "detail": "The resource could not be found.\n\n No resource provider with uuid 26ff0a9b-db9f-4fff-8e81-e720942178ea found for delete ", "request_id": "req-bcf7f703-c9ae-4d18-ab7f-5b03ccec03e7"}]}
2026-04-17 06:53:35.219 7 INFO neutron.services.segments.plugin [-] Segment 26ff0a9b-db9f-4fff-8e81-e720942178ea resource provider not found; error: Placement Client Error (4xx): {"errors": [{"status": 404, "title": "Not Found", "detail": "The resource could not be found.\n\n No resource provider with uuid 26ff0a9b-db9f-4fff-8e81-e720942178ea found for delete ", "request_id": "req-97172984-cf33-4d67-ae85-47d40859e5f3"}]} [pid: 7|app: 0|req: 553/1093] 10.0.0.179 () {32 vars in 726 bytes} [Fri Apr 17 06:53:34 2026] DELETE /v2.0/networks/12d70c6b-1602-42f4-afa0-7725b3de5d7c => generated 0 bytes in 348 msecs (HTTP/1.1 204) 3 headers in 131 bytes (1 switches on core 0)
2026-04-17 06:53:35.287 8 WARNING neutron.plugins.ml2.drivers.ovn.mech_driver.ovsdb.ovn_client [None req-d4a0f21b-7895-4a98-962f-1a80c44af6bb - - - - - -] No port found with ID d58edc44-d823-4d7c-bc95-e969a5500cfa: RuntimeError: No port found with ID d58edc44-d823-4d7c-bc95-e969a5500cfa
2026-04-17 06:53:35.287 8 INFO neutron.plugins.ml2.drivers.ovn.mech_driver.mech_driver [None req-d4a0f21b-7895-4a98-962f-1a80c44af6bb - - - - - -] OVN reports status down for port: 5e935cb0-380b-452f-9558-062121de45b2 [pid: 7|app: 0|req: 554/1094] 199.204.45.209 () {34 vars in 994 bytes} [Fri Apr 17 06:53:35 2026] GET /v2.0/ports?device_id=24af1f84-42d6-4365-8b84-c04af7fcc200 => generated 969 bytes in 52 msecs (HTTP/1.1 200) 4 headers in 157 bytes (1 switches on core 0)
2026-04-17 06:53:35.416 8 INFO neutron.plugins.ml2.drivers.ovn.mech_driver.mech_driver [None req-d4a0f21b-7895-4a98-962f-1a80c44af6bb - - - - - -] OVN reports status down for port: ff507b00-90e9-4857-aff2-40b2c5ceaf30
2026-04-17 06:53:35.443 8 INFO neutron.plugins.ml2.drivers.ovn.mech_driver.mech_driver [None req-d4a0f21b-7895-4a98-962f-1a80c44af6bb - - - - - -] OVN reports status down for port: 8b08e3fd-b811-4f5e-b138-6a0b78f3c388
2026-04-17 06:53:35.453 7 INFO neutron_taas.services.taas.taas_plugin [req-a5311cc0-77b2-4980-80a4-d3fff1dba309 req-345ca581-adb4-4e3d-baf5-6f21938df822 1895012a90b349c29d2576727ad84181 2ccfb532bbfb41b4bd2d230159da4352 - - default default] TaaS: Handle Delete Port: 58e932d8-554f-4ba9-a124-e52388d643aa
2026-04-17 06:53:35.456 7 INFO neutron_taas.services.taas.tap_mirror_plugin [req-a5311cc0-77b2-4980-80a4-d3fff1dba309 req-345ca581-adb4-4e3d-baf5-6f21938df822 1895012a90b349c29d2576727ad84181 2ccfb532bbfb41b4bd2d230159da4352 - - default default] Tap Mirror: Handle Delete Port: 58e932d8-554f-4ba9-a124-e52388d643aa
2026-04-17 06:53:35.588 8 INFO neutron.db.ovn_revision_numbers_db [None req-75ebadc4-88e4-4b2d-b505-e9b2c426a7fc 9a8f8c7aa50340239989699b7c22e02e 0c54b7c1ef93433c8f921809cb2db8a8 - - default default] Successfully bumped revision number for resource 36a9f508-6516-41a5-ac55-c9996141708d (type: ports) to 2
2026-04-17 06:53:35.591 7 INFO neutron.plugins.ml2.drivers.ovn.mech_driver.mech_driver [None req-e82e63ea-1134-487a-a39d-1372cd3769e0 - - - - - -] OVN reports status up for port: 36a9f508-6516-41a5-ac55-c9996141708d
2026-04-17 06:53:35.642 7 INFO neutron.plugins.ml2.plugin [None req-e82e63ea-1134-487a-a39d-1372cd3769e0 - - - - - -] Attempt 1 to provision port 36a9f508-6516-41a5-ac55-c9996141708d
2026-04-17 06:53:35.656 7 INFO neutron.db.l3_db [req-a5311cc0-77b2-4980-80a4-d3fff1dba309 req-345ca581-adb4-4e3d-baf5-6f21938df822 1895012a90b349c29d2576727ad84181 2ccfb532bbfb41b4bd2d230159da4352 - - default default] Floating IP a6722b63-78a9-41b1-9def-3ad8576a33a7 disassociated. External IP: 10.96.250.220, port: 58e932d8-554f-4ba9-a124-e52388d643aa. [pid: 7|app: 0|req: 555/1095] 199.204.45.209 () {36 vars in 997 bytes} [Fri Apr 17 06:53:35 2026] DELETE /v2.0/ports/58e932d8-554f-4ba9-a124-e52388d643aa => generated 0 bytes in 579 msecs (HTTP/1.1 204) 3 headers in 131 bytes (1 switches on core 0)
2026-04-17 06:53:36.025 7 INFO neutron.db.ovn_revision_numbers_db [None req-e82e63ea-1134-487a-a39d-1372cd3769e0 - - - - - -] Successfully bumped revision number for resource 36a9f508-6516-41a5-ac55-c9996141708d (type: ports) to 3 [pid: 7|app: 0|req: 556/1096] 10.0.0.179 () {32 vars in 774 bytes} [Fri Apr 17 06:53:35 2026] GET /v2.0/security-groups?tenant_id=7c194c90af2c41b189de2eb346e7a829&name=default => generated 2925 bytes in 215 msecs (HTTP/1.1 200) 4 headers in 158 bytes (1 switches on core 0) /var/lib/openstack/lib/python3.12/site-packages/pycadf/identifier.py:70: UserWarning: Invalid uuid: neutron. To ensure interoperability, identifiers should be a valid uuid. warnings.warn(('Invalid uuid: %s. To ensure interoperability, ' [pid: 7|app: 0|req: 557/1097] 10.0.0.192 () {34 vars in 990 bytes} [Fri Apr 17 06:53:36 2026] GET /v2.0/ports?device_id=24af1f84-42d6-4365-8b84-c04af7fcc200 => generated 12 bytes in 26 msecs (HTTP/1.1 200) 4 headers in 156 bytes (1 switches on core 0)
