Mar 26 22:38:12.581674 np0000161106 neutron-periodic-workers[103904]: DEBUG cotyledon.oslo_config_glue [-] ml2.project_network_types = ['geneve'] {{(pid=103904) log_opt_values /opt/stack/data/venv/lib/python3.12/site-packages/oslo_config/cfg.py:3006}}
Mar 26 22:38:12.581674 np0000161106 neutron-periodic-workers[103904]: DEBUG cotyledon.oslo_config_glue [-] ml2.tunnelled_network_rp_name = rp_tunnelled {{(pid=103904) log_opt_values /opt/stack/data/venv/lib/python3.12/site-packages/oslo_config/cfg.py:3006}}
Mar 26 22:38:12.581674 np0000161106 neutron-periodic-workers[103904]: DEBUG cotyledon.oslo_config_glue [-] ml2.type_drivers = ['local', 'flat', 'vlan', 'geneve'] {{(pid=103904) log_opt_values /opt/stack/data/venv/lib/python3.12/site-packages/oslo_config/cfg.py:3006}}
Mar 26 22:38:12.581781 np0000161106 neutron-periodic-workers[103904]: DEBUG cotyledon.oslo_config_glue [-] ml2_type_flat.flat_networks = ['public'] {{(pid=103904) log_opt_values /opt/stack/data/venv/lib/python3.12/site-packages/oslo_config/cfg.py:3006}}
Mar 26 22:38:12.581781 np0000161106 neutron-periodic-workers[103904]: DEBUG cotyledon.oslo_config_glue [-] ml2_type_geneve.max_header_size = 38 {{(pid=103904) log_opt_values /opt/stack/data/venv/lib/python3.12/site-packages/oslo_config/cfg.py:3006}}
Mar 26 22:38:12.581870 np0000161106 neutron-periodic-workers[103904]: DEBUG cotyledon.oslo_config_glue [-] ml2_type_geneve.vni_ranges = ['1:65536'] {{(pid=103904) log_opt_values /opt/stack/data/venv/lib/python3.12/site-packages/oslo_config/cfg.py:3006}}
Mar 26 22:38:12.581870 np0000161106 neutron-periodic-workers[103904]: DEBUG cotyledon.oslo_config_glue [-] ml2_type_vlan.network_vlan_ranges = ['public'] {{(pid=103904) log_opt_values /opt/stack/data/venv/lib/python3.12/site-packages/oslo_config/cfg.py:3006}}
Mar 26 22:38:12.581962 np0000161106 neutron-periodic-workers[103904]: DEBUG cotyledon.oslo_config_glue [-] network_log.burst_limit = 25 {{(pid=103904) log_opt_values /opt/stack/data/venv/lib/python3.12/site-packages/oslo_config/cfg.py:3006}}
Mar 26 22:38:12.581962 np0000161106 neutron-periodic-workers[103904]: DEBUG cotyledon.oslo_config_glue [-] network_log.local_output_log_base = None {{(pid=103904) log_opt_values /opt/stack/data/venv/lib/python3.12/site-packages/oslo_config/cfg.py:3006}}
Mar 26 22:38:12.582067 np0000161106 neutron-periodic-workers[103904]: DEBUG cotyledon.oslo_config_glue [-] network_log.rate_limit = 100 {{(pid=103904) log_opt_values /opt/stack/data/venv/lib/python3.12/site-packages/oslo_config/cfg.py:3006}}
Mar 26 22:38:12.582067 np0000161106 neutron-periodic-workers[103904]: DEBUG cotyledon.oslo_config_glue [-] database.asyncio_connection = **** {{(pid=103904) log_opt_values /opt/stack/data/venv/lib/python3.12/site-packages/oslo_config/cfg.py:3006}}
Mar 26 22:38:12.582165 np0000161106 neutron-periodic-workers[103904]: DEBUG cotyledon.oslo_config_glue [-] database.asyncio_slave_connection = **** {{(pid=103904) log_opt_values /opt/stack/data/venv/lib/python3.12/site-packages/oslo_config/cfg.py:3006}}
Mar 26 22:38:12.582165 np0000161106 neutron-periodic-workers[103904]: DEBUG cotyledon.oslo_config_glue [-] database.backend = sqlalchemy {{(pid=103904) log_opt_values /opt/stack/data/venv/lib/python3.12/site-packages/oslo_config/cfg.py:3006}}
Mar 26 22:38:12.582270 np0000161106 neutron-periodic-workers[103904]: DEBUG cotyledon.oslo_config_glue [-] database.connection = **** {{(pid=103904) log_opt_values /opt/stack/data/venv/lib/python3.12/site-packages/oslo_config/cfg.py:3006}}
Mar 26 22:38:12.582270 np0000161106 neutron-periodic-workers[103904]: DEBUG cotyledon.oslo_config_glue [-] database.connection_debug = 0 {{(pid=103904) log_opt_values /opt/stack/data/venv/lib/python3.12/site-packages/oslo_config/cfg.py:3006}}
Mar 26 22:38:12.582270 np0000161106 neutron-periodic-workers[103904]: DEBUG cotyledon.oslo_config_glue [-] database.connection_parameters = {{(pid=103904) log_opt_values /opt/stack/data/venv/lib/python3.12/site-packages/oslo_config/cfg.py:3006}}
Mar 26 22:38:12.582409 np0000161106 neutron-periodic-workers[103904]: DEBUG cotyledon.oslo_config_glue [-] database.connection_recycle_time = 3600 {{(pid=103904) log_opt_values /opt/stack/data/venv/lib/python3.12/site-packages/oslo_config/cfg.py:3006}}
Mar 26 22:38:12.582409 np0000161106 neutron-periodic-workers[103904]: DEBUG cotyledon.oslo_config_glue [-] database.connection_trace = False {{(pid=103904) log_opt_values /opt/stack/data/venv/lib/python3.12/site-packages/oslo_config/cfg.py:3006}}
Mar 26 22:38:12.582513 np0000161106 neutron-periodic-workers[103904]: DEBUG cotyledon.oslo_config_glue [-] database.db_inc_retry_interval = True {{(pid=103904) log_opt_values /opt/stack/data/venv/lib/python3.12/site-packages/oslo_config/cfg.py:3006}}
Mar 26 22:38:12.582513 np0000161106 neutron-periodic-workers[103904]: DEBUG cotyledon.oslo_config_glue [-] database.db_max_retries = 20 {{(pid=103904) log_opt_values /opt/stack/data/venv/lib/python3.12/site-packages/oslo_config/cfg.py:3006}}
Mar 26 22:38:12.582513 np0000161106 neutron-periodic-workers[103904]: DEBUG cotyledon.oslo_config_glue [-] database.db_max_retry_interval = 10 {{(pid=103904) log_opt_values /opt/stack/data/venv/lib/python3.12/site-packages/oslo_config/cfg.py:3006}}
Mar 26 22:38:12.582626 np0000161106 neutron-periodic-workers[103904]: DEBUG cotyledon.oslo_config_glue [-] database.db_retry_interval = 1 {{(pid=103904) log_opt_values /opt/stack/data/venv/lib/python3.12/site-packages/oslo_config/cfg.py:3006}}
Mar 26 22:38:12.582626 np0000161106 neutron-periodic-workers[103904]: DEBUG cotyledon.oslo_config_glue [-] database.max_overflow = 50 {{(pid=103904) log_opt_values /opt/stack/data/venv/lib/python3.12/site-packages/oslo_config/cfg.py:3006}}
Mar 26 22:38:12.582626 np0000161106 neutron-periodic-workers[103904]: DEBUG cotyledon.oslo_config_glue [-] database.max_pool_size = 5 {{(pid=103904) log_opt_values /opt/stack/data/venv/lib/python3.12/site-packages/oslo_config/cfg.py:3006}}
Mar 26 22:38:12.582739 np0000161106 neutron-periodic-workers[103904]: DEBUG cotyledon.oslo_config_glue [-] database.max_retries = 10 {{(pid=103904) log_opt_values /opt/stack/data/venv/lib/python3.12/site-packages/oslo_config/cfg.py:3006}}
Mar 26 22:38:12.582739 np0000161106 neutron-periodic-workers[103904]: DEBUG cotyledon.oslo_config_glue [-] database.mysql_sql_mode = TRADITIONAL {{(pid=103904) log_opt_values /opt/stack/data/venv/lib/python3.12/site-packages/oslo_config/cfg.py:3006}}
Mar 26 22:38:12.582739 np0000161106 neutron-periodic-workers[103904]: DEBUG cotyledon.oslo_config_glue [-] database.mysql_wsrep_sync_wait = None {{(pid=103904) log_opt_values /opt/stack/data/venv/lib/python3.12/site-packages/oslo_config/cfg.py:3006}}
Mar 26 22:38:12.582860 np0000161106 neutron-periodic-workers[103904]: DEBUG cotyledon.oslo_config_glue [-] database.pool_timeout = None {{(pid=103904) log_opt_values /opt/stack/data/venv/lib/python3.12/site-packages/oslo_config/cfg.py:3006}}
Mar 26 22:38:12.582860 np0000161106 neutron-periodic-workers[103904]: DEBUG cotyledon.oslo_config_glue [-] database.retry_interval = 10 {{(pid=103904) log_opt_values /opt/stack/data/venv/lib/python3.12/site-packages/oslo_config/cfg.py:3006}}
Mar 26 22:38:12.582860 np0000161106 neutron-periodic-workers[103904]: DEBUG cotyledon.oslo_config_glue [-] database.slave_connection = **** {{(pid=103904) log_opt_values /opt/stack/data/venv/lib/python3.12/site-packages/oslo_config/cfg.py:3006}}
Mar 26 22:38:12.582979 np0000161106 neutron-periodic-workers[103904]: DEBUG cotyledon.oslo_config_glue [-] database.sqlite_synchronous = True {{(pid=103904) log_opt_values /opt/stack/data/venv/lib/python3.12/site-packages/oslo_config/cfg.py:3006}}
Mar 26 22:38:12.582979 np0000161106 neutron-periodic-workers[103904]: DEBUG cotyledon.oslo_config_glue [-] database.synchronous_reader = True {{(pid=103904) log_opt_values /opt/stack/data/venv/lib/python3.12/site-packages/oslo_config/cfg.py:3006}}
Mar 26 22:38:12.582979 np0000161106 neutron-periodic-workers[103904]: DEBUG cotyledon.oslo_config_glue [-] database.use_db_reconnect = False {{(pid=103904) log_opt_values /opt/stack/data/venv/lib/python3.12/site-packages/oslo_config/cfg.py:3006}}
Mar 26 22:38:12.583102 np0000161106 neutron-periodic-workers[103904]: DEBUG cotyledon.oslo_config_glue [-] ovn.bfd_min_rx = 1000 {{(pid=103904) log_opt_values /opt/stack/data/venv/lib/python3.12/site-packages/oslo_config/cfg.py:3006}}
Mar 26 22:38:12.583102 np0000161106 neutron-periodic-workers[103904]: DEBUG cotyledon.oslo_config_glue [-] ovn.bfd_min_tx = 100 {{(pid=103904) log_opt_values /opt/stack/data/venv/lib/python3.12/site-packages/oslo_config/cfg.py:3006}}
Mar 26 22:38:12.583198 np0000161106 neutron-periodic-workers[103904]: DEBUG cotyledon.oslo_config_glue [-] ovn.bfd_mult = 3 {{(pid=103904) log_opt_values /opt/stack/data/venv/lib/python3.12/site-packages/oslo_config/cfg.py:3006}}
Mar 26 22:38:12.583198 np0000161106 neutron-periodic-workers[103904]: DEBUG cotyledon.oslo_config_glue [-] ovn.broadcast_arps_to_all_routers = True {{(pid=103904) log_opt_values /opt/stack/data/venv/lib/python3.12/site-packages/oslo_config/cfg.py:3006}}
Mar 26 22:38:12.583198 np0000161106 neutron-periodic-workers[103904]: DEBUG cotyledon.oslo_config_glue [-] ovn.dhcp_default_lease_time = 43200 {{(pid=103904) log_opt_values /opt/stack/data/venv/lib/python3.12/site-packages/oslo_config/cfg.py:3006}}
Mar 26 22:38:12.583428 np0000161106 neutron-periodic-workers[103904]: DEBUG cotyledon.oslo_config_glue [-] ovn.disable_ovn_dhcp_for_baremetal_ports = False {{(pid=103904) log_opt_values /opt/stack/data/venv/lib/python3.12/site-packages/oslo_config/cfg.py:3006}}
Mar 26 22:38:12.583428 np0000161106 neutron-periodic-workers[103904]: DEBUG cotyledon.oslo_config_glue [-] ovn.dns_records_ovn_owned = False {{(pid=103904) log_opt_values /opt/stack/data/venv/lib/python3.12/site-packages/oslo_config/cfg.py:3006}}
Mar 26 22:38:12.583428 np0000161106 neutron-periodic-workers[103904]: DEBUG cotyledon.oslo_config_glue [-] ovn.dns_servers = [] {{(pid=103904) log_opt_values /opt/stack/data/venv/lib/python3.12/site-packages/oslo_config/cfg.py:3006}}
Mar 26 22:38:12.583428 np0000161106 neutron-periodic-workers[103904]: DEBUG cotyledon.oslo_config_glue [-] ovn.enable_distributed_floating_ip = False {{(pid=103904) log_opt_values /opt/stack/data/venv/lib/python3.12/site-packages/oslo_config/cfg.py:3006}}
Mar 26 22:38:12.583428 np0000161106 neutron-periodic-workers[103904]: DEBUG cotyledon.oslo_config_glue [-] ovn.fdb_age_threshold = 300 {{(pid=103904) log_opt_values /opt/stack/data/venv/lib/python3.12/site-packages/oslo_config/cfg.py:3006}}
Mar 26 22:38:12.583428 np0000161106 neutron-periodic-workers[103904]: DEBUG cotyledon.oslo_config_glue [-] ovn.ha_failover_strategy = normal {{(pid=103904) log_opt_values /opt/stack/data/venv/lib/python3.12/site-packages/oslo_config/cfg.py:3006}}
Mar 26 22:38:12.583635 np0000161106 neutron-periodic-workers[103904]: DEBUG cotyledon.oslo_config_glue [-] ovn.live_migration_activation_strategy = rarp {{(pid=103904) log_opt_values /opt/stack/data/venv/lib/python3.12/site-packages/oslo_config/cfg.py:3006}}
Mar 26 22:38:12.583635 np0000161106 neutron-periodic-workers[103904]: DEBUG cotyledon.oslo_config_glue [-] ovn.localnet_learn_fdb = False {{(pid=103904) log_opt_values /opt/stack/data/venv/lib/python3.12/site-packages/oslo_config/cfg.py:3006}}
Mar 26 22:38:12.583635 np0000161106 neutron-periodic-workers[103904]: DEBUG cotyledon.oslo_config_glue [-] ovn.mac_binding_age_threshold = 300 {{(pid=103904) log_opt_values /opt/stack/data/venv/lib/python3.12/site-packages/oslo_config/cfg.py:3006}}
Mar 26 22:38:12.583635 np0000161106 neutron-periodic-workers[103904]: DEBUG cotyledon.oslo_config_glue [-] ovn.neutron_sync_mode = log {{(pid=103904) log_opt_values /opt/stack/data/venv/lib/python3.12/site-packages/oslo_config/cfg.py:3006}}
Mar 26 22:38:12.583635 np0000161106 neutron-periodic-workers[103904]: DEBUG cotyledon.oslo_config_glue [-] ovn.ovn_dhcp4_global_options = {} {{(pid=103904) log_opt_values /opt/stack/data/venv/lib/python3.12/site-packages/oslo_config/cfg.py:3006}}
Mar 26 22:38:12.583800 np0000161106 neutron-periodic-workers[103904]: DEBUG cotyledon.oslo_config_glue [-] ovn.ovn_dhcp6_global_options = {} {{(pid=103904) log_opt_values /opt/stack/data/venv/lib/python3.12/site-packages/oslo_config/cfg.py:3006}}
Mar 26 22:38:12.583800 np0000161106 neutron-periodic-workers[103904]: DEBUG cotyledon.oslo_config_glue [-] ovn.ovn_l3_scheduler = leastloaded {{(pid=103904) log_opt_values /opt/stack/data/venv/lib/python3.12/site-packages/oslo_config/cfg.py:3006}}
Mar 26 22:38:12.583800 np0000161106 neutron-periodic-workers[103904]: DEBUG cotyledon.oslo_config_glue [-] ovn.ovn_metadata_enabled = True {{(pid=103904) log_opt_values /opt/stack/data/venv/lib/python3.12/site-packages/oslo_config/cfg.py:3006}}
Mar 26 22:38:12.583800 np0000161106 neutron-periodic-workers[103904]: DEBUG cotyledon.oslo_config_glue [-] ovn.ovn_nb_ca_cert = /opt/stack/data/CA/int-ca/ca-chain.pem {{(pid=103904) log_opt_values /opt/stack/data/venv/lib/python3.12/site-packages/oslo_config/cfg.py:3006}}
Mar 26 22:38:12.583935 np0000161106 neutron-periodic-workers[103904]: DEBUG cotyledon.oslo_config_glue [-] ovn.ovn_nb_certificate = /opt/stack/data/CA/int-ca/devstack-cert.crt {{(pid=103904) log_opt_values /opt/stack/data/venv/lib/python3.12/site-packages/oslo_config/cfg.py:3006}}
Mar 26 22:38:12.583935 np0000161106 neutron-periodic-workers[103904]: DEBUG cotyledon.oslo_config_glue [-] ovn.ovn_nb_connection = ['ssl:162.253.55.221:6641'] {{(pid=103904) log_opt_values /opt/stack/data/venv/lib/python3.12/site-packages/oslo_config/cfg.py:3006}}
Mar 26 22:38:12.583935 np0000161106 neutron-periodic-workers[103904]: DEBUG cotyledon.oslo_config_glue [-] ovn.ovn_nb_private_key = /opt/stack/data/CA/int-ca/private/devstack-cert.key {{(pid=103904) log_opt_values /opt/stack/data/venv/lib/python3.12/site-packages/oslo_config/cfg.py:3006}}
Mar 26 22:38:12.584058 np0000161106 neutron-periodic-workers[103904]: DEBUG cotyledon.oslo_config_glue [-] ovn.ovn_router_indirect_snat = False {{(pid=103904) log_opt_values /opt/stack/data/venv/lib/python3.12/site-packages/oslo_config/cfg.py:3006}}
Mar 26 22:38:12.584058 np0000161106 neutron-periodic-workers[103904]: DEBUG cotyledon.oslo_config_glue [-] ovn.ovn_sb_ca_cert = /opt/stack/data/CA/int-ca/ca-chain.pem {{(pid=103904) log_opt_values /opt/stack/data/venv/lib/python3.12/site-packages/oslo_config/cfg.py:3006}}
Mar 26 22:38:12.584058 np0000161106 neutron-periodic-workers[103904]: DEBUG cotyledon.oslo_config_glue [-] ovn.ovn_sb_certificate = /opt/stack/data/CA/int-ca/devstack-cert.crt {{(pid=103904) log_opt_values /opt/stack/data/venv/lib/python3.12/site-packages/oslo_config/cfg.py:3006}}
Mar 26 22:38:12.584175 np0000161106 neutron-periodic-workers[103904]: DEBUG cotyledon.oslo_config_glue [-] ovn.ovn_sb_connection = ['ssl:162.253.55.221:6642'] {{(pid=103904) log_opt_values /opt/stack/data/venv/lib/python3.12/site-packages/oslo_config/cfg.py:3006}}
Mar 26 22:38:12.584175 np0000161106 neutron-periodic-workers[103904]: DEBUG cotyledon.oslo_config_glue [-] ovn.ovn_sb_private_key = /opt/stack/data/CA/int-ca/private/devstack-cert.key {{(pid=103904) log_opt_values /opt/stack/data/venv/lib/python3.12/site-packages/oslo_config/cfg.py:3006}}
Mar 26 22:38:12.584175 np0000161106 neutron-periodic-workers[103904]: DEBUG cotyledon.oslo_config_glue [-] ovn.ovs_create_tap = False {{(pid=103904) log_opt_values /opt/stack/data/venv/lib/python3.12/site-packages/oslo_config/cfg.py:3006}}
Mar 26 22:38:12.584175 np0000161106 neutron-periodic-workers[103904]: DEBUG cotyledon.oslo_config_glue [-] ovn.ovsdb_connection_timeout = 180 {{(pid=103904) log_opt_values /opt/stack/data/venv/lib/python3.12/site-packages/oslo_config/cfg.py:3006}}
Mar 26 22:38:12.584323 np0000161106 neutron-periodic-workers[103904]: DEBUG cotyledon.oslo_config_glue [-] ovn.ovsdb_log_level = INFO {{(pid=103904) log_opt_values /opt/stack/data/venv/lib/python3.12/site-packages/oslo_config/cfg.py:3006}}
Mar 26 22:38:12.584323 np0000161106 neutron-periodic-workers[103904]: DEBUG cotyledon.oslo_config_glue [-] ovn.ovsdb_probe_interval = 60000 {{(pid=103904) log_opt_values /opt/stack/data/venv/lib/python3.12/site-packages/oslo_config/cfg.py:3006}}
Mar 26 22:38:12.584323 np0000161106 neutron-periodic-workers[103904]: DEBUG cotyledon.oslo_config_glue [-] ovn.ovsdb_retry_max_interval = 180 {{(pid=103904) log_opt_values /opt/stack/data/venv/lib/python3.12/site-packages/oslo_config/cfg.py:3006}}
Mar 26 22:38:12.584472 np0000161106 neutron-periodic-workers[103904]: DEBUG cotyledon.oslo_config_glue [-] ovn.stateless_nat_enabled = False {{(pid=103904) log_opt_values /opt/stack/data/venv/lib/python3.12/site-packages/oslo_config/cfg.py:3006}}
Mar 26 22:38:12.584472 np0000161106 neutron-periodic-workers[103904]: DEBUG cotyledon.oslo_config_glue [-] ovn.vhost_sock_dir = /var/run/openvswitch {{(pid=103904) log_opt_values /opt/stack/data/venv/lib/python3.12/site-packages/oslo_config/cfg.py:3006}}
Mar 26 22:38:12.584472 np0000161106 neutron-periodic-workers[103904]: DEBUG cotyledon.oslo_config_glue [-] OVS.bridge_mac_table_size = 50000 {{(pid=103904) log_opt_values /opt/stack/data/venv/lib/python3.12/site-packages/oslo_config/cfg.py:3006}}
Mar 26 22:38:12.584624 np0000161106 neutron-periodic-workers[103904]: DEBUG cotyledon.oslo_config_glue [-] OVS.igmp_flood = False {{(pid=103904) log_opt_values /opt/stack/data/venv/lib/python3.12/site-packages/oslo_config/cfg.py:3006}}
Mar 26 22:38:12.584624 np0000161106 neutron-periodic-workers[103904]: DEBUG cotyledon.oslo_config_glue [-] OVS.igmp_flood_reports = True {{(pid=103904) log_opt_values /opt/stack/data/venv/lib/python3.12/site-packages/oslo_config/cfg.py:3006}}
Mar 26 22:38:12.584624 np0000161106 neutron-periodic-workers[103904]: DEBUG cotyledon.oslo_config_glue [-] OVS.igmp_flood_unregistered = False {{(pid=103904) log_opt_values /opt/stack/data/venv/lib/python3.12/site-packages/oslo_config/cfg.py:3006}}
Mar 26 22:38:12.584846 np0000161106 neutron-periodic-workers[103904]: DEBUG cotyledon.oslo_config_glue [-] OVS.igmp_snooping_enable = False {{(pid=103904) log_opt_values /opt/stack/data/venv/lib/python3.12/site-packages/oslo_config/cfg.py:3006}}
Mar 26 22:38:12.584846 np0000161106 neutron-periodic-workers[103904]: DEBUG cotyledon.oslo_config_glue [-] OVS.ovsdb_timeout = 10 {{(pid=103904) log_opt_values /opt/stack/data/venv/lib/python3.12/site-packages/oslo_config/cfg.py:3006}}
Mar 26 22:38:12.584846 np0000161106 neutron-periodic-workers[103904]: DEBUG cotyledon.oslo_config_glue [-] ovn_nb_global.fdb_removal_limit = 0 {{(pid=103904) log_opt_values /opt/stack/data/venv/lib/python3.12/site-packages/oslo_config/cfg.py:3006}}
Mar 26 22:38:12.584846 np0000161106 neutron-periodic-workers[103904]: DEBUG cotyledon.oslo_config_glue [-] ovn_nb_global.ignore_lsp_down = False {{(pid=103904) log_opt_values /opt/stack/data/venv/lib/python3.12/site-packages/oslo_config/cfg.py:3006}}
Mar 26 22:38:12.584846 np0000161106 neutron-periodic-workers[103904]: DEBUG cotyledon.oslo_config_glue [-] ovn_nb_global.mac_binding_removal_limit = 0 {{(pid=103904) log_opt_values /opt/stack/data/venv/lib/python3.12/site-packages/oslo_config/cfg.py:3006}}
Mar 26 22:38:12.584846 np0000161106 neutron-periodic-workers[103904]: DEBUG cotyledon.oslo_config_glue [-] ******************************************************************************** {{(pid=103904) log_opt_values /opt/stack/data/venv/lib/python3.12/site-packages/oslo_config/cfg.py:3013}}
Mar 26 22:38:12.585157 np0000161106 neutron-periodic-workers[103904]: DEBUG cotyledon._service_worker [-] Run service ServiceWrapper(0) [103904] {{(pid=103904) wait_forever /opt/stack/data/venv/lib/python3.12/site-packages/cotyledon/_service_worker.py:218}}
Mar 26 22:38:22.227603 np0000161106 neutron-periodic-workers[103153]: DEBUG dbcounter [-] [103153] Writing DB stats neutron:SELECT=4 {{(pid=103153) stat_writer /opt/stack/data/venv/lib/python3.12/site-packages/dbcounter.py:115}}
Mar 26 22:38:50.576964 np0000161106 neutron-periodic-workers[103892]: DEBUG oslo_db.sqlalchemy.engines [None req-94aea502-66a1-4fb6-8cca-8a0dd3bb3873 None None] Parent process 103153 forked (103892) with an open database connection, which is being discarded and recreated. {{(pid=103892) checkout /opt/stack/data/venv/lib/python3.12/site-packages/oslo_db/sqlalchemy/engines.py:402}}
Mar 26 22:38:50.584120 np0000161106 neutron-periodic-workers[103892]: DEBUG dbcounter [-] [103892] Writer thread running {{(pid=103892) stat_writer /opt/stack/data/venv/lib/python3.12/site-packages/dbcounter.py:102}}
Mar 26 22:38:50.587447 np0000161106 neutron-periodic-workers[103892]: DEBUG neutron.db.agents_db [None req-94aea502-66a1-4fb6-8cca-8a0dd3bb3873 None None] Agent healthcheck: found 0 active agents {{(pid=103892) agent_health_check /opt/stack/neutron/neutron/db/agents_db.py:317}}
Mar 26 22:38:50.587645 np0000161106 neutron-periodic-workers[103892]: DEBUG oslo.service.backend._threading.loopingcall [None req-94aea502-66a1-4fb6-8cca-8a0dd3bb3873 None None] Fixed interval looping call 'neutron.plugins.ml2.plugin.AgentDbMixin.agent_health_check' sleeping for 36.98 seconds {{(pid=103892) _run_loop /opt/stack/data/venv/lib/python3.12/site-packages/oslo_service/backend/_threading/loopingcall.py:125}}
Mar 26 22:39:00.584691 np0000161106 neutron-periodic-workers[103892]: DEBUG dbcounter [-] [103892] Writing DB stats neutron:SELECT=1 {{(pid=103892) stat_writer /opt/stack/data/venv/lib/python3.12/site-packages/dbcounter.py:115}}
Mar 26 22:39:04.570566 np0000161106 neutron-periodic-workers[103878]: DEBUG dbcounter [-] [103878] Writer thread running {{(pid=103878) stat_writer /opt/stack/data/venv/lib/python3.12/site-packages/dbcounter.py:102}}
Mar 26 22:39:04.578322 np0000161106 neutron-periodic-workers[103878]: DEBUG oslo.service.backend._threading.loopingcall [None req-ec783684-a079-4ecb-8d93-60695be599d1 None None] Fixed interval looping call 'neutron.plugins.ml2.plugin.DhcpAgentSchedulerDbMixin.remove_networks_from_down_agents' sleeping for 36.98 seconds {{(pid=103878) _run_loop /opt/stack/data/venv/lib/python3.12/site-packages/oslo_service/backend/_threading/loopingcall.py:125}}
Mar 26 22:39:14.577285 np0000161106 neutron-periodic-workers[103878]: DEBUG dbcounter [-] [103878] Writing DB stats neutron:SELECT=3 {{(pid=103878) stat_writer /opt/stack/data/venv/lib/python3.12/site-packages/dbcounter.py:115}}
Mar 26 22:39:27.574238 np0000161106 neutron-periodic-workers[103892]: DEBUG neutron.db.agents_db [None req-94aea502-66a1-4fb6-8cca-8a0dd3bb3873 None None] Agent healthcheck: found 0 active agents {{(pid=103892) agent_health_check /opt/stack/neutron/neutron/db/agents_db.py:317}}
Mar 26 22:39:27.574976 np0000161106 neutron-periodic-workers[103892]: DEBUG oslo.service.backend._threading.loopingcall [None req-94aea502-66a1-4fb6-8cca-8a0dd3bb3873 None None] Fixed interval looping call 'neutron.plugins.ml2.plugin.AgentDbMixin.agent_health_check' sleeping for 36.99 seconds {{(pid=103892) _run_loop /opt/stack/data/venv/lib/python3.12/site-packages/oslo_service/backend/_threading/loopingcall.py:125}}
Mar 26 22:39:37.572799 np0000161106 neutron-periodic-workers[103892]: DEBUG dbcounter [-] [103892] Writing DB stats neutron:SELECT=1 {{(pid=103892) stat_writer /opt/stack/data/venv/lib/python3.12/site-packages/dbcounter.py:115}}
Mar 26 22:39:41.568510 np0000161106 neutron-periodic-workers[103878]: DEBUG oslo.service.backend._threading.loopingcall [None req-ec783684-a079-4ecb-8d93-60695be599d1 None None] Fixed interval looping call 'neutron.plugins.ml2.plugin.DhcpAgentSchedulerDbMixin.remove_networks_from_down_agents' sleeping for 36.99 seconds {{(pid=103878) _run_loop /opt/stack/data/venv/lib/python3.12/site-packages/oslo_service/backend/_threading/loopingcall.py:125}}
Mar 26 22:39:51.567231 np0000161106 neutron-periodic-workers[103878]: DEBUG dbcounter [-] [103878] Writing DB stats neutron:SELECT=3 {{(pid=103878) stat_writer /opt/stack/data/venv/lib/python3.12/site-packages/dbcounter.py:115}}
Mar 26 22:40:04.571321 np0000161106 neutron-periodic-workers[103892]: DEBUG neutron.db.agents_db [None req-94aea502-66a1-4fb6-8cca-8a0dd3bb3873 None None] Agent healthcheck: found 0 active agents {{(pid=103892) agent_health_check /opt/stack/neutron/neutron/db/agents_db.py:317}}
Mar 26 22:40:04.571850 np0000161106 neutron-periodic-workers[103892]: DEBUG oslo.service.backend._threading.loopingcall [None req-94aea502-66a1-4fb6-8cca-8a0dd3bb3873 None None] Fixed interval looping call 'neutron.plugins.ml2.plugin.AgentDbMixin.agent_health_check' sleeping for 36.99 seconds {{(pid=103892) _run_loop /opt/stack/data/venv/lib/python3.12/site-packages/oslo_service/backend/_threading/loopingcall.py:125}}
Mar 26 22:40:12.600779 np0000161106 neutron-periodic-workers[103904]: DEBUG dbcounter [-] [103904] Writer thread running {{(pid=103904) stat_writer /opt/stack/data/venv/lib/python3.12/site-packages/dbcounter.py:102}}
Mar 26 22:40:12.602562 np0000161106 neutron-periodic-workers[103904]: DEBUG oslo.service.backend._threading.loopingcall [None req-e12d4ab6-33e6-45a5-ba23-ca1b7107c7c5 None None] Fixed interval looping call 'neutron.db.quota.driver_nolock.DbQuotaNoLockDriver._remove_expired_reservations' sleeping for 119.98 seconds {{(pid=103904) _run_loop /opt/stack/data/venv/lib/python3.12/site-packages/oslo_service/backend/_threading/loopingcall.py:125}}
Mar 26 22:40:14.569223 np0000161106 neutron-periodic-workers[103892]: DEBUG dbcounter [-] [103892] Writing DB stats neutron:SELECT=1 {{(pid=103892) stat_writer /opt/stack/data/venv/lib/python3.12/site-packages/dbcounter.py:115}}
Mar 26 22:40:18.568390 np0000161106 neutron-periodic-workers[103878]: DEBUG oslo.service.backend._threading.loopingcall [None req-ec783684-a079-4ecb-8d93-60695be599d1 None None] Fixed interval looping call 'neutron.plugins.ml2.plugin.DhcpAgentSchedulerDbMixin.remove_networks_from_down_agents' sleeping for 36.99 seconds {{(pid=103878) _run_loop /opt/stack/data/venv/lib/python3.12/site-packages/oslo_service/backend/_threading/loopingcall.py:125}}
Mar 26 22:40:22.601798 np0000161106 neutron-periodic-workers[103904]: DEBUG dbcounter [-] [103904] Writing DB stats neutron:DELETE=1 {{(pid=103904) stat_writer /opt/stack/data/venv/lib/python3.12/site-packages/dbcounter.py:115}}
Mar 26 22:40:28.566824 np0000161106 neutron-periodic-workers[103878]: DEBUG dbcounter [-] [103878] Writing DB stats neutron:SELECT=3 {{(pid=103878) stat_writer /opt/stack/data/venv/lib/python3.12/site-packages/dbcounter.py:115}}
Mar 26 22:40:41.567276 np0000161106 neutron-periodic-workers[103892]: DEBUG neutron.db.agents_db [None req-94aea502-66a1-4fb6-8cca-8a0dd3bb3873 None None] Agent healthcheck: found 0 active agents {{(pid=103892) agent_health_check /opt/stack/neutron/neutron/db/agents_db.py:317}}
Mar 26 22:40:41.567631 np0000161106 neutron-periodic-workers[103892]: DEBUG oslo.service.backend._threading.loopingcall [None req-94aea502-66a1-4fb6-8cca-8a0dd3bb3873 None None] Fixed interval looping call 'neutron.plugins.ml2.plugin.AgentDbMixin.agent_health_check' sleeping for 37.00 seconds {{(pid=103892) _run_loop /opt/stack/data/venv/lib/python3.12/site-packages/oslo_service/backend/_threading/loopingcall.py:125}}
Mar 26 22:40:51.566135 np0000161106 neutron-periodic-workers[103892]: DEBUG dbcounter [-] [103892] Writing DB stats neutron:SELECT=1 {{(pid=103892) stat_writer /opt/stack/data/venv/lib/python3.12/site-packages/dbcounter.py:115}}
Mar 26 22:40:55.568522 np0000161106 neutron-periodic-workers[103878]: DEBUG oslo.service.backend._threading.loopingcall [None req-ec783684-a079-4ecb-8d93-60695be599d1 None None] Fixed interval looping call 'neutron.plugins.ml2.plugin.DhcpAgentSchedulerDbMixin.remove_networks_from_down_agents' sleeping for 36.99 seconds {{(pid=103878) _run_loop /opt/stack/data/venv/lib/python3.12/site-packages/oslo_service/backend/_threading/loopingcall.py:125}}
Mar 26 22:41:05.567170 np0000161106 neutron-periodic-workers[103878]: DEBUG dbcounter [-] [103878] Writing DB stats neutron:SELECT=3 {{(pid=103878) stat_writer /opt/stack/data/venv/lib/python3.12/site-packages/dbcounter.py:115}}
Mar 26 22:41:18.572346 np0000161106 neutron-periodic-workers[103892]: DEBUG neutron.db.agents_db [None req-94aea502-66a1-4fb6-8cca-8a0dd3bb3873 None None] Agent healthcheck: found 0 active agents {{(pid=103892) agent_health_check /opt/stack/neutron/neutron/db/agents_db.py:317}}
Mar 26 22:41:18.573060 np0000161106 neutron-periodic-workers[103892]: DEBUG oslo.service.backend._threading.loopingcall [None req-94aea502-66a1-4fb6-8cca-8a0dd3bb3873 None None] Fixed interval looping call 'neutron.plugins.ml2.plugin.AgentDbMixin.agent_health_check' sleeping for 37.00 seconds {{(pid=103892) _run_loop /opt/stack/data/venv/lib/python3.12/site-packages/oslo_service/backend/_threading/loopingcall.py:125}}
Mar 26 22:41:28.571138 np0000161106 neutron-periodic-workers[103892]: DEBUG dbcounter [-] [103892] Writing DB stats neutron:SELECT=1 {{(pid=103892) stat_writer /opt/stack/data/venv/lib/python3.12/site-packages/dbcounter.py:115}}
Mar 26 22:41:32.567504 np0000161106 neutron-periodic-workers[103878]: DEBUG oslo.service.backend._threading.loopingcall [None req-ec783684-a079-4ecb-8d93-60695be599d1 None None] Fixed interval looping call 'neutron.plugins.ml2.plugin.DhcpAgentSchedulerDbMixin.remove_networks_from_down_agents' sleeping for 36.99 seconds {{(pid=103878) _run_loop /opt/stack/data/venv/lib/python3.12/site-packages/oslo_service/backend/_threading/loopingcall.py:125}}
Mar 26 22:41:42.566582 np0000161106 neutron-periodic-workers[103878]: DEBUG dbcounter [-] [103878] Writing DB stats neutron:SELECT=3 {{(pid=103878) stat_writer /opt/stack/data/venv/lib/python3.12/site-packages/dbcounter.py:115}}
Mar 26 22:41:55.575491 np0000161106 neutron-periodic-workers[103892]: DEBUG neutron.db.agents_db [None req-94aea502-66a1-4fb6-8cca-8a0dd3bb3873 None None] Agent healthcheck: found 0 active agents {{(pid=103892) agent_health_check /opt/stack/neutron/neutron/db/agents_db.py:317}}
Mar 26 22:41:55.575942 np0000161106 neutron-periodic-workers[103892]: DEBUG oslo.service.backend._threading.loopingcall [None req-94aea502-66a1-4fb6-8cca-8a0dd3bb3873 None None] Fixed interval looping call 'neutron.plugins.ml2.plugin.AgentDbMixin.agent_health_check' sleeping for 37.00 seconds {{(pid=103892) _run_loop /opt/stack/data/venv/lib/python3.12/site-packages/oslo_service/backend/_threading/loopingcall.py:125}}
Mar 26 22:42:05.574874 np0000161106 neutron-periodic-workers[103892]: DEBUG dbcounter [-] [103892] Writing DB stats neutron:SELECT=1 {{(pid=103892) stat_writer /opt/stack/data/venv/lib/python3.12/site-packages/dbcounter.py:115}}
Mar 26 22:42:09.567955 np0000161106 neutron-periodic-workers[103878]: DEBUG oslo.service.backend._threading.loopingcall [None req-ec783684-a079-4ecb-8d93-60695be599d1 None None] Fixed interval looping call 'neutron.plugins.ml2.plugin.DhcpAgentSchedulerDbMixin.remove_networks_from_down_agents' sleeping for 36.99 seconds {{(pid=103878) _run_loop /opt/stack/data/venv/lib/python3.12/site-packages/oslo_service/backend/_threading/loopingcall.py:125}}
Mar 26 22:42:12.588166 np0000161106 neutron-periodic-workers[103904]: DEBUG oslo.service.backend._threading.loopingcall [None req-e12d4ab6-33e6-45a5-ba23-ca1b7107c7c5 None None] Fixed interval looping call 'neutron.db.quota.driver_nolock.DbQuotaNoLockDriver._remove_expired_reservations' sleeping for 119.99 seconds {{(pid=103904) _run_loop /opt/stack/data/venv/lib/python3.12/site-packages/oslo_service/backend/_threading/loopingcall.py:125}}
Mar 26 22:42:19.566549 np0000161106 neutron-periodic-workers[103878]: DEBUG dbcounter [-] [103878] Writing DB stats neutron:SELECT=3 {{(pid=103878) stat_writer /opt/stack/data/venv/lib/python3.12/site-packages/dbcounter.py:115}}
Mar 26 22:42:22.586718 np0000161106 neutron-periodic-workers[103904]: DEBUG dbcounter [-] [103904] Writing DB stats neutron:DELETE=1 {{(pid=103904) stat_writer /opt/stack/data/venv/lib/python3.12/site-packages/dbcounter.py:115}}
Mar 26 22:42:32.579222 np0000161106 neutron-periodic-workers[103892]: DEBUG neutron.db.agents_db [None req-94aea502-66a1-4fb6-8cca-8a0dd3bb3873 None None] Agent healthcheck: found 0 active agents {{(pid=103892) agent_health_check /opt/stack/neutron/neutron/db/agents_db.py:317}}
Mar 26 22:42:32.579607 np0000161106 neutron-periodic-workers[103892]: DEBUG oslo.service.backend._threading.loopingcall [None req-94aea502-66a1-4fb6-8cca-8a0dd3bb3873 None None] Fixed interval looping call 'neutron.plugins.ml2.plugin.AgentDbMixin.agent_health_check' sleeping for 37.00 seconds {{(pid=103892) _run_loop /opt/stack/data/venv/lib/python3.12/site-packages/oslo_service/backend/_threading/loopingcall.py:125}}
Mar 26 22:42:42.578166 np0000161106 neutron-periodic-workers[103892]: DEBUG dbcounter [-] [103892] Writing DB stats neutron:SELECT=1 {{(pid=103892) stat_writer /opt/stack/data/venv/lib/python3.12/site-packages/dbcounter.py:115}}
Mar 26 22:42:46.565738 np0000161106 neutron-periodic-workers[103878]: DEBUG oslo.service.backend._threading.loopingcall [None req-ec783684-a079-4ecb-8d93-60695be599d1 None None] Fixed interval looping call 'neutron.plugins.ml2.plugin.DhcpAgentSchedulerDbMixin.remove_networks_from_down_agents' sleeping for 36.99 seconds {{(pid=103878) _run_loop /opt/stack/data/venv/lib/python3.12/site-packages/oslo_service/backend/_threading/loopingcall.py:125}}
Mar 26 22:42:54.570574 np0000161106 neutron-periodic-workers[103868]: DEBUG dbcounter [-] [103868] Writer thread running {{(pid=103868) stat_writer /opt/stack/data/venv/lib/python3.12/site-packages/dbcounter.py:102}}
Mar 26 22:42:54.583756 np0000161106 neutron-periodic-workers[103868]: DEBUG oslo.service.backend._threading.loopingcall [None req-1b845136-4da7-4a4f-a98f-569ec39d1bcf None None] Fixed interval looping call 'neutron.services.ovn_l3.plugin.L3_NAT_dbonly_mixin._clean_garbage' sleeping for 299.95 seconds {{(pid=103868) _run_loop /opt/stack/data/venv/lib/python3.12/site-packages/oslo_service/backend/_threading/loopingcall.py:125}}
Mar 26 22:42:56.564929 np0000161106 neutron-periodic-workers[103878]: DEBUG dbcounter [-] [103878] Writing DB stats neutron:SELECT=3 {{(pid=103878) stat_writer /opt/stack/data/venv/lib/python3.12/site-packages/dbcounter.py:115}}
Mar 26 22:43:04.571239 np0000161106 neutron-periodic-workers[103868]: DEBUG dbcounter [-] [103868] Writing DB stats neutron:SELECT=1 {{(pid=103868) stat_writer /opt/stack/data/venv/lib/python3.12/site-packages/dbcounter.py:115}}
Mar 26 22:43:09.582824 np0000161106 neutron-periodic-workers[103892]: DEBUG neutron.db.agents_db [None req-94aea502-66a1-4fb6-8cca-8a0dd3bb3873 None None] Agent healthcheck: found 0 active agents {{(pid=103892) agent_health_check /opt/stack/neutron/neutron/db/agents_db.py:317}}
Mar 26 22:43:09.583384 np0000161106 neutron-periodic-workers[103892]: DEBUG oslo.service.backend._threading.loopingcall [None req-94aea502-66a1-4fb6-8cca-8a0dd3bb3873 None None] Fixed interval looping call 'neutron.plugins.ml2.plugin.AgentDbMixin.agent_health_check' sleeping for 37.00 seconds {{(pid=103892) _run_loop /opt/stack/data/venv/lib/python3.12/site-packages/oslo_service/backend/_threading/loopingcall.py:125}}
Mar 26 22:43:19.581975 np0000161106 neutron-periodic-workers[103892]: DEBUG dbcounter [-] [103892] Writing DB stats neutron:SELECT=1 {{(pid=103892) stat_writer /opt/stack/data/venv/lib/python3.12/site-packages/dbcounter.py:115}}
Mar 26 22:43:23.566123 np0000161106 neutron-periodic-workers[103878]: DEBUG oslo.service.backend._threading.loopingcall [None req-ec783684-a079-4ecb-8d93-60695be599d1 None None] Fixed interval looping call 'neutron.plugins.ml2.plugin.DhcpAgentSchedulerDbMixin.remove_networks_from_down_agents' sleeping for 36.99 seconds {{(pid=103878) _run_loop /opt/stack/data/venv/lib/python3.12/site-packages/oslo_service/backend/_threading/loopingcall.py:125}}
Mar 26 22:43:33.564964 np0000161106 neutron-periodic-workers[103878]: DEBUG dbcounter [-] [103878] Writing DB stats neutron:SELECT=3 {{(pid=103878) stat_writer /opt/stack/data/venv/lib/python3.12/site-packages/dbcounter.py:115}}
Mar 26 22:43:46.588883 np0000161106 neutron-periodic-workers[103892]: DEBUG neutron.db.agents_db [None req-94aea502-66a1-4fb6-8cca-8a0dd3bb3873 None None] Agent healthcheck: found 0 active agents {{(pid=103892) agent_health_check /opt/stack/neutron/neutron/db/agents_db.py:317}}
Mar 26 22:43:46.589929 np0000161106 neutron-periodic-workers[103892]: DEBUG oslo.service.backend._threading.loopingcall [None req-94aea502-66a1-4fb6-8cca-8a0dd3bb3873 None None] Fixed interval looping call 'neutron.plugins.ml2.plugin.AgentDbMixin.agent_health_check' sleeping for 36.99 seconds {{(pid=103892) _run_loop /opt/stack/data/venv/lib/python3.12/site-packages/oslo_service/backend/_threading/loopingcall.py:125}}
Mar 26 22:43:56.587281 np0000161106 neutron-periodic-workers[103892]: DEBUG dbcounter [-] [103892] Writing DB stats neutron:SELECT=1 {{(pid=103892) stat_writer /opt/stack/data/venv/lib/python3.12/site-packages/dbcounter.py:115}}
Mar 26 22:44:00.564811 np0000161106 neutron-periodic-workers[103878]: DEBUG oslo.service.backend._threading.loopingcall [None req-ec783684-a079-4ecb-8d93-60695be599d1 None None] Fixed interval looping call 'neutron.plugins.ml2.plugin.DhcpAgentSchedulerDbMixin.remove_networks_from_down_agents' sleeping for 36.99 seconds {{(pid=103878) _run_loop /opt/stack/data/venv/lib/python3.12/site-packages/oslo_service/backend/_threading/loopingcall.py:125}}
Mar 26 22:44:10.563578 np0000161106 neutron-periodic-workers[103878]: DEBUG dbcounter [-] [103878] Writing DB stats neutron:SELECT=3 {{(pid=103878) stat_writer /opt/stack/data/venv/lib/python3.12/site-packages/dbcounter.py:115}}
Mar 26 22:44:12.582638 np0000161106 neutron-periodic-workers[103904]: DEBUG oslo.service.backend._threading.loopingcall [None req-e12d4ab6-33e6-45a5-ba23-ca1b7107c7c5 None None] Fixed interval looping call 'neutron.db.quota.driver_nolock.DbQuotaNoLockDriver._remove_expired_reservations' sleeping for 120.00 seconds {{(pid=103904) _run_loop /opt/stack/data/venv/lib/python3.12/site-packages/oslo_service/backend/_threading/loopingcall.py:125}}
Mar 26 22:44:22.581652 np0000161106 neutron-periodic-workers[103904]: DEBUG dbcounter [-] [103904] Writing DB stats neutron:DELETE=1 {{(pid=103904) stat_writer /opt/stack/data/venv/lib/python3.12/site-packages/dbcounter.py:115}}
Mar 26 22:44:23.584700 np0000161106 neutron-periodic-workers[103892]: DEBUG neutron.db.agents_db [None req-94aea502-66a1-4fb6-8cca-8a0dd3bb3873 None None] Agent healthcheck: found 0 active agents {{(pid=103892) agent_health_check /opt/stack/neutron/neutron/db/agents_db.py:317}}
Mar 26 22:44:23.585394 np0000161106 neutron-periodic-workers[103892]: DEBUG oslo.service.backend._threading.loopingcall [None req-94aea502-66a1-4fb6-8cca-8a0dd3bb3873 None None] Fixed interval looping call 'neutron.plugins.ml2.plugin.AgentDbMixin.agent_health_check' sleeping for 36.99 seconds {{(pid=103892) _run_loop /opt/stack/data/venv/lib/python3.12/site-packages/oslo_service/backend/_threading/loopingcall.py:125}}
Mar 26 22:44:33.583001 np0000161106 neutron-periodic-workers[103892]: DEBUG dbcounter [-] [103892] Writing DB stats neutron:SELECT=1 {{(pid=103892) stat_writer /opt/stack/data/venv/lib/python3.12/site-packages/dbcounter.py:115}}
Mar 26 22:44:37.564404 np0000161106 neutron-periodic-workers[103878]: DEBUG oslo.service.backend._threading.loopingcall [None req-ec783684-a079-4ecb-8d93-60695be599d1 None None] Fixed interval looping call 'neutron.plugins.ml2.plugin.DhcpAgentSchedulerDbMixin.remove_networks_from_down_agents' sleeping for 36.99 seconds {{(pid=103878) _run_loop /opt/stack/data/venv/lib/python3.12/site-packages/oslo_service/backend/_threading/loopingcall.py:125}}
Mar 26 22:44:47.563399 np0000161106 neutron-periodic-workers[103878]: DEBUG dbcounter [-] [103878] Writing DB stats neutron:SELECT=3 {{(pid=103878) stat_writer /opt/stack/data/venv/lib/python3.12/site-packages/dbcounter.py:115}}
Mar 26 22:45:00.580571 np0000161106 neutron-periodic-workers[103892]: DEBUG neutron.db.agents_db [None req-94aea502-66a1-4fb6-8cca-8a0dd3bb3873 None None] Agent healthcheck: found 0 active agents {{(pid=103892) agent_health_check /opt/stack/neutron/neutron/db/agents_db.py:317}}
Mar 26 22:45:00.581164 np0000161106 neutron-periodic-workers[103892]: DEBUG oslo.service.backend._threading.loopingcall [None req-94aea502-66a1-4fb6-8cca-8a0dd3bb3873 None None] Fixed interval looping call 'neutron.plugins.ml2.plugin.AgentDbMixin.agent_health_check' sleeping for 36.99 seconds {{(pid=103892) _run_loop /opt/stack/data/venv/lib/python3.12/site-packages/oslo_service/backend/_threading/loopingcall.py:125}}
Mar 26 22:45:10.578727 np0000161106 neutron-periodic-workers[103892]: DEBUG dbcounter [-] [103892] Writing DB stats neutron:SELECT=1 {{(pid=103892) stat_writer /opt/stack/data/venv/lib/python3.12/site-packages/dbcounter.py:115}}
Mar 26 22:45:14.564051 np0000161106 neutron-periodic-workers[103878]: DEBUG oslo.service.backend._threading.loopingcall [None req-ec783684-a079-4ecb-8d93-60695be599d1 None None] Fixed interval looping call 'neutron.plugins.ml2.plugin.DhcpAgentSchedulerDbMixin.remove_networks_from_down_agents' sleeping for 36.99 seconds {{(pid=103878) _run_loop /opt/stack/data/venv/lib/python3.12/site-packages/oslo_service/backend/_threading/loopingcall.py:125}}
Mar 26 22:45:24.562488 np0000161106 neutron-periodic-workers[103878]: DEBUG dbcounter [-] [103878] Writing DB stats neutron:SELECT=3 {{(pid=103878) stat_writer /opt/stack/data/venv/lib/python3.12/site-packages/dbcounter.py:115}}
Mar 26 22:45:37.576240 np0000161106 neutron-periodic-workers[103892]: DEBUG neutron.db.agents_db [None req-94aea502-66a1-4fb6-8cca-8a0dd3bb3873 None None] Agent healthcheck: found 0 active agents {{(pid=103892) agent_health_check /opt/stack/neutron/neutron/db/agents_db.py:317}}
Mar 26 22:45:37.576825 np0000161106 neutron-periodic-workers[103892]: DEBUG oslo.service.backend._threading.loopingcall [None req-94aea502-66a1-4fb6-8cca-8a0dd3bb3873 None None] Fixed interval looping call 'neutron.plugins.ml2.plugin.AgentDbMixin.agent_health_check' sleeping for 36.99 seconds {{(pid=103892) _run_loop /opt/stack/data/venv/lib/python3.12/site-packages/oslo_service/backend/_threading/loopingcall.py:125}}
Mar 26 22:45:47.574012 np0000161106 neutron-periodic-workers[103892]: DEBUG dbcounter [-] [103892] Writing DB stats neutron:SELECT=1 {{(pid=103892) stat_writer /opt/stack/data/venv/lib/python3.12/site-packages/dbcounter.py:115}}
Mar 26 22:45:51.563429 np0000161106 neutron-periodic-workers[103878]: DEBUG oslo.service.backend._threading.loopingcall [None req-ec783684-a079-4ecb-8d93-60695be599d1 None None] Fixed interval looping call 'neutron.plugins.ml2.plugin.DhcpAgentSchedulerDbMixin.remove_networks_from_down_agents' sleeping for 36.99 seconds {{(pid=103878) _run_loop /opt/stack/data/venv/lib/python3.12/site-packages/oslo_service/backend/_threading/loopingcall.py:125}}
Mar 26 22:46:01.562322 np0000161106 neutron-periodic-workers[103878]: DEBUG dbcounter [-] [103878] Writing DB stats neutron:SELECT=3 {{(pid=103878) stat_writer /opt/stack/data/venv/lib/python3.12/site-packages/dbcounter.py:115}}
Mar 26 22:46:12.587640 np0000161106 neutron-periodic-workers[103904]: DEBUG oslo.service.backend._threading.loopingcall [None req-e12d4ab6-33e6-45a5-ba23-ca1b7107c7c5 None None] Fixed interval looping call 'neutron.db.quota.driver_nolock.DbQuotaNoLockDriver._remove_expired_reservations' sleeping for 120.00 seconds {{(pid=103904) _run_loop /opt/stack/data/venv/lib/python3.12/site-packages/oslo_service/backend/_threading/loopingcall.py:125}}
Mar 26 22:46:14.570343 np0000161106 neutron-periodic-workers[103892]: DEBUG neutron.db.agents_db [None req-94aea502-66a1-4fb6-8cca-8a0dd3bb3873 None None] Agent healthcheck: found 0 active agents {{(pid=103892) agent_health_check /opt/stack/neutron/neutron/db/agents_db.py:317}}
Mar 26 22:46:14.571023 np0000161106 neutron-periodic-workers[103892]: DEBUG oslo.service.backend._threading.loopingcall [None req-94aea502-66a1-4fb6-8cca-8a0dd3bb3873 None None] Fixed interval looping call 'neutron.plugins.ml2.plugin.AgentDbMixin.agent_health_check' sleeping for 37.00 seconds {{(pid=103892) _run_loop /opt/stack/data/venv/lib/python3.12/site-packages/oslo_service/backend/_threading/loopingcall.py:125}}
Mar 26 22:46:22.586196 np0000161106 neutron-periodic-workers[103904]: DEBUG dbcounter [-] [103904] Writing DB stats neutron:DELETE=1 {{(pid=103904) stat_writer /opt/stack/data/venv/lib/python3.12/site-packages/dbcounter.py:115}}
Mar 26 22:46:24.569476 np0000161106 neutron-periodic-workers[103892]: DEBUG dbcounter [-] [103892] Writing DB stats neutron:SELECT=1 {{(pid=103892) stat_writer /opt/stack/data/venv/lib/python3.12/site-packages/dbcounter.py:115}}
Mar 26 22:46:28.564591 np0000161106 neutron-periodic-workers[103878]: DEBUG oslo.service.backend._threading.loopingcall [None req-ec783684-a079-4ecb-8d93-60695be599d1 None None] Fixed interval looping call 'neutron.plugins.ml2.plugin.DhcpAgentSchedulerDbMixin.remove_networks_from_down_agents' sleeping for 36.99 seconds {{(pid=103878) _run_loop /opt/stack/data/venv/lib/python3.12/site-packages/oslo_service/backend/_threading/loopingcall.py:125}}
Mar 26 22:46:38.562976 np0000161106 neutron-periodic-workers[103878]: DEBUG dbcounter [-] [103878] Writing DB stats neutron:SELECT=3 {{(pid=103878) stat_writer /opt/stack/data/venv/lib/python3.12/site-packages/dbcounter.py:115}}
Mar 26 22:46:51.594693 np0000161106 neutron-periodic-workers[103892]: DEBUG neutron.db.agents_db [None req-94aea502-66a1-4fb6-8cca-8a0dd3bb3873 None None] Agent healthcheck: found 0 active agents {{(pid=103892) agent_health_check /opt/stack/neutron/neutron/db/agents_db.py:317}}
Mar 26 22:46:51.595156 np0000161106 neutron-periodic-workers[103892]: DEBUG oslo.service.backend._threading.loopingcall [None req-94aea502-66a1-4fb6-8cca-8a0dd3bb3873 None None] Fixed interval looping call 'neutron.plugins.ml2.plugin.AgentDbMixin.agent_health_check' sleeping for 36.98 seconds {{(pid=103892) _run_loop /opt/stack/data/venv/lib/python3.12/site-packages/oslo_service/backend/_threading/loopingcall.py:125}}
Mar 26 22:47:01.590996 np0000161106 neutron-periodic-workers[103892]: DEBUG dbcounter [-] [103892] Writing DB stats neutron:SELECT=1 {{(pid=103892) stat_writer /opt/stack/data/venv/lib/python3.12/site-packages/dbcounter.py:115}}
Mar 26 22:47:05.565179 np0000161106 neutron-periodic-workers[103878]: DEBUG oslo.service.backend._threading.loopingcall [None req-ec783684-a079-4ecb-8d93-60695be599d1 None None] Fixed interval looping call 'neutron.plugins.ml2.plugin.DhcpAgentSchedulerDbMixin.remove_networks_from_down_agents' sleeping for 36.99 seconds {{(pid=103878) _run_loop /opt/stack/data/venv/lib/python3.12/site-packages/oslo_service/backend/_threading/loopingcall.py:125}}
Mar 26 22:47:15.564647 np0000161106 neutron-periodic-workers[103878]: DEBUG dbcounter [-] [103878] Writing DB stats neutron:SELECT=3 {{(pid=103878) stat_writer /opt/stack/data/venv/lib/python3.12/site-packages/dbcounter.py:115}}
Mar 26 22:47:28.580163 np0000161106 neutron-periodic-workers[103892]: DEBUG neutron.db.agents_db [None req-94aea502-66a1-4fb6-8cca-8a0dd3bb3873 None None] Agent healthcheck: found 0 active agents {{(pid=103892) agent_health_check /opt/stack/neutron/neutron/db/agents_db.py:317}}
Mar 26 22:47:28.580846 np0000161106 neutron-periodic-workers[103892]: DEBUG oslo.service.backend._threading.loopingcall [None req-94aea502-66a1-4fb6-8cca-8a0dd3bb3873 None None] Fixed interval looping call 'neutron.plugins.ml2.plugin.AgentDbMixin.agent_health_check' sleeping for 36.99 seconds {{(pid=103892) _run_loop /opt/stack/data/venv/lib/python3.12/site-packages/oslo_service/backend/_threading/loopingcall.py:125}}
Mar 26 22:47:38.578728 np0000161106 neutron-periodic-workers[103892]: DEBUG dbcounter [-] [103892] Writing DB stats neutron:SELECT=1 {{(pid=103892) stat_writer /opt/stack/data/venv/lib/python3.12/site-packages/dbcounter.py:115}}
Mar 26 22:47:42.564526 np0000161106 neutron-periodic-workers[103878]: DEBUG oslo.service.backend._threading.loopingcall [None req-ec783684-a079-4ecb-8d93-60695be599d1 None None] Fixed interval looping call 'neutron.plugins.ml2.plugin.DhcpAgentSchedulerDbMixin.remove_networks_from_down_agents' sleeping for 36.99 seconds {{(pid=103878) _run_loop /opt/stack/data/venv/lib/python3.12/site-packages/oslo_service/backend/_threading/loopingcall.py:125}}
Mar 26 22:47:52.563701 np0000161106 neutron-periodic-workers[103878]: DEBUG dbcounter [-] [103878] Writing DB stats neutron:SELECT=3 {{(pid=103878) stat_writer /opt/stack/data/venv/lib/python3.12/site-packages/dbcounter.py:115}}
Mar 26 22:47:54.543543 np0000161106 neutron-periodic-workers[103868]: DEBUG oslo.service.backend._threading.loopingcall [None req-1b845136-4da7-4a4f-a98f-569ec39d1bcf None None] Fixed interval looping call 'neutron.services.ovn_l3.plugin.L3_NAT_dbonly_mixin._clean_garbage' sleeping for 299.99 seconds {{(pid=103868) _run_loop /opt/stack/data/venv/lib/python3.12/site-packages/oslo_service/backend/_threading/loopingcall.py:125}}
Mar 26 22:48:04.537591 np0000161106 neutron-periodic-workers[103868]: DEBUG dbcounter [-] [103868] Writing DB stats neutron:SELECT=1 {{(pid=103868) stat_writer /opt/stack/data/venv/lib/python3.12/site-packages/dbcounter.py:115}}
Mar 26 22:48:05.576621 np0000161106 neutron-periodic-workers[103892]: DEBUG neutron.db.agents_db [None req-94aea502-66a1-4fb6-8cca-8a0dd3bb3873 None None] Agent healthcheck: found 0 active agents {{(pid=103892) agent_health_check /opt/stack/neutron/neutron/db/agents_db.py:317}}
