Apr 02 10:53:40.196324 np0000162876 nova-scheduler[107470]: DEBUG cotyledon.oslo_config_glue [-] vnc.server_listen = 127.0.0.1 {{(pid=107470) log_opt_values /opt/stack/data/venv/lib/python3.12/site-packages/oslo_config/cfg.py:3006}}
Apr 02 10:53:40.196324 np0000162876 nova-scheduler[107470]: DEBUG cotyledon.oslo_config_glue [-] vnc.server_proxyclient_address = 127.0.0.1 {{(pid=107470) log_opt_values /opt/stack/data/venv/lib/python3.12/site-packages/oslo_config/cfg.py:3006}}
Apr 02 10:53:40.196543 np0000162876 nova-scheduler[107470]: DEBUG cotyledon.oslo_config_glue [-] vnc.vencrypt_ca_certs = None {{(pid=107470) log_opt_values /opt/stack/data/venv/lib/python3.12/site-packages/oslo_config/cfg.py:3006}}
Apr 02 10:53:40.196543 np0000162876 nova-scheduler[107470]: DEBUG cotyledon.oslo_config_glue [-] vnc.vencrypt_client_cert = None {{(pid=107470) log_opt_values /opt/stack/data/venv/lib/python3.12/site-packages/oslo_config/cfg.py:3006}}
Apr 02 10:53:40.196543 np0000162876 nova-scheduler[107470]: DEBUG cotyledon.oslo_config_glue [-] vnc.vencrypt_client_key = None {{(pid=107470) log_opt_values /opt/stack/data/venv/lib/python3.12/site-packages/oslo_config/cfg.py:3006}}
Apr 02 10:53:40.196543 np0000162876 nova-scheduler[107470]: DEBUG cotyledon.oslo_config_glue [-] workarounds.disable_compute_service_check_for_ffu = False {{(pid=107470) log_opt_values /opt/stack/data/venv/lib/python3.12/site-packages/oslo_config/cfg.py:3006}}
Apr 02 10:53:40.196543 np0000162876 nova-scheduler[107470]: DEBUG cotyledon.oslo_config_glue [-] workarounds.disable_deep_image_inspection = False {{(pid=107470) log_opt_values /opt/stack/data/venv/lib/python3.12/site-packages/oslo_config/cfg.py:3006}}
Apr 02 10:53:40.196543 np0000162876 nova-scheduler[107470]: DEBUG cotyledon.oslo_config_glue [-] workarounds.disable_fallback_pcpu_query = False {{(pid=107470) log_opt_values /opt/stack/data/venv/lib/python3.12/site-packages/oslo_config/cfg.py:3006}}
Apr 02 10:53:40.196543 np0000162876 nova-scheduler[107470]: DEBUG cotyledon.oslo_config_glue [-] workarounds.disable_group_policy_check_upcall = False {{(pid=107470) log_opt_values /opt/stack/data/venv/lib/python3.12/site-packages/oslo_config/cfg.py:3006}}
Apr 02 10:53:40.196543 np0000162876 nova-scheduler[107470]: DEBUG cotyledon.oslo_config_glue [-] workarounds.disable_libvirt_livesnapshot = False {{(pid=107470) log_opt_values /opt/stack/data/venv/lib/python3.12/site-packages/oslo_config/cfg.py:3006}}
Apr 02 10:53:40.196543 np0000162876 nova-scheduler[107470]: DEBUG cotyledon.oslo_config_glue [-] workarounds.disable_rootwrap = False {{(pid=107470) log_opt_values /opt/stack/data/venv/lib/python3.12/site-packages/oslo_config/cfg.py:3006}}
Apr 02 10:53:40.196758 np0000162876 nova-scheduler[107470]: DEBUG cotyledon.oslo_config_glue [-] workarounds.enable_numa_live_migration = False {{(pid=107470) log_opt_values /opt/stack/data/venv/lib/python3.12/site-packages/oslo_config/cfg.py:3006}}
Apr 02 10:53:40.196758 np0000162876 nova-scheduler[107470]: DEBUG cotyledon.oslo_config_glue [-] workarounds.enable_qemu_monitor_announce_self = False {{(pid=107470) log_opt_values /opt/stack/data/venv/lib/python3.12/site-packages/oslo_config/cfg.py:3006}}
Apr 02 10:53:40.196758 np0000162876 nova-scheduler[107470]: DEBUG cotyledon.oslo_config_glue [-] workarounds.ensure_libvirt_rbd_instance_dir_cleanup = False {{(pid=107470) log_opt_values /opt/stack/data/venv/lib/python3.12/site-packages/oslo_config/cfg.py:3006}}
Apr 02 10:53:40.196758 np0000162876 nova-scheduler[107470]: DEBUG cotyledon.oslo_config_glue [-] workarounds.handle_virt_lifecycle_events = True {{(pid=107470) log_opt_values /opt/stack/data/venv/lib/python3.12/site-packages/oslo_config/cfg.py:3006}}
Apr 02 10:53:40.196758 np0000162876 nova-scheduler[107470]: DEBUG cotyledon.oslo_config_glue [-] workarounds.libvirt_disable_apic = False {{(pid=107470) log_opt_values /opt/stack/data/venv/lib/python3.12/site-packages/oslo_config/cfg.py:3006}}
Apr 02 10:53:40.196758 np0000162876 nova-scheduler[107470]: DEBUG cotyledon.oslo_config_glue [-] workarounds.never_download_image_if_on_rbd = False {{(pid=107470) log_opt_values /opt/stack/data/venv/lib/python3.12/site-packages/oslo_config/cfg.py:3006}}
Apr 02 10:53:40.196758 np0000162876 nova-scheduler[107470]: DEBUG cotyledon.oslo_config_glue [-] workarounds.qemu_monitor_announce_self_count = 3 {{(pid=107470) log_opt_values /opt/stack/data/venv/lib/python3.12/site-packages/oslo_config/cfg.py:3006}}
Apr 02 10:53:40.196758 np0000162876 nova-scheduler[107470]: DEBUG cotyledon.oslo_config_glue [-] workarounds.qemu_monitor_announce_self_interval = 1 {{(pid=107470) log_opt_values /opt/stack/data/venv/lib/python3.12/site-packages/oslo_config/cfg.py:3006}}
Apr 02 10:53:40.196758 np0000162876 nova-scheduler[107470]: DEBUG cotyledon.oslo_config_glue [-] workarounds.reserve_disk_resource_for_image_cache = False {{(pid=107470) log_opt_values /opt/stack/data/venv/lib/python3.12/site-packages/oslo_config/cfg.py:3006}}
Apr 02 10:53:40.196998 np0000162876 nova-scheduler[107470]: DEBUG cotyledon.oslo_config_glue [-] workarounds.skip_cpu_compare_at_startup = False {{(pid=107470) log_opt_values /opt/stack/data/venv/lib/python3.12/site-packages/oslo_config/cfg.py:3006}}
Apr 02 10:53:40.197029 np0000162876 nova-scheduler[107463]: DEBUG oslo_db.sqlalchemy.engines [None req-3a24f567-f908-4343-8c58-da5df25bf5ea None None] MySQL server mode set to STRICT_TRANS_TABLES,STRICT_ALL_TABLES,NO_ZERO_IN_DATE,NO_ZERO_DATE,ERROR_FOR_DIVISION_BY_ZERO,TRADITIONAL,NO_ENGINE_SUBSTITUTION {{(pid=107463) _check_effective_sql_mode /opt/stack/data/venv/lib/python3.12/site-packages/oslo_db/sqlalchemy/engines.py:325}}
Apr 02 10:53:40.197059 np0000162876 nova-scheduler[107470]: DEBUG cotyledon.oslo_config_glue [-] workarounds.skip_cpu_compare_on_dest = False {{(pid=107470) log_opt_values /opt/stack/data/venv/lib/python3.12/site-packages/oslo_config/cfg.py:3006}}
Apr 02 10:53:40.197059 np0000162876 nova-scheduler[107470]: DEBUG cotyledon.oslo_config_glue [-] workarounds.skip_hypervisor_version_check_on_lm = False {{(pid=107470) log_opt_values /opt/stack/data/venv/lib/python3.12/site-packages/oslo_config/cfg.py:3006}}
Apr 02 10:53:40.197059 np0000162876 nova-scheduler[107470]: DEBUG cotyledon.oslo_config_glue [-] workarounds.skip_reserve_in_use_ironic_nodes = False {{(pid=107470) log_opt_values /opt/stack/data/venv/lib/python3.12/site-packages/oslo_config/cfg.py:3006}}
Apr 02 10:53:40.197059 np0000162876 nova-scheduler[107470]: DEBUG cotyledon.oslo_config_glue [-] workarounds.unified_limits_count_pcpu_as_vcpu = False {{(pid=107470) log_opt_values /opt/stack/data/venv/lib/python3.12/site-packages/oslo_config/cfg.py:3006}}
Apr 02 10:53:40.197059 np0000162876 nova-scheduler[107470]: DEBUG cotyledon.oslo_config_glue [-] workarounds.wait_for_vif_plugged_event_during_hard_reboot = [] {{(pid=107470) log_opt_values /opt/stack/data/venv/lib/python3.12/site-packages/oslo_config/cfg.py:3006}}
Apr 02 10:53:40.197059 np0000162876 nova-scheduler[107470]: DEBUG cotyledon.oslo_config_glue [-] wsgi.api_paste_config = /etc/nova/api-paste.ini {{(pid=107470) log_opt_values /opt/stack/data/venv/lib/python3.12/site-packages/oslo_config/cfg.py:3006}}
Apr 02 10:53:40.197059 np0000162876 nova-scheduler[107470]: DEBUG cotyledon.oslo_config_glue [-] wsgi.secure_proxy_ssl_header = None {{(pid=107470) log_opt_values /opt/stack/data/venv/lib/python3.12/site-packages/oslo_config/cfg.py:3006}}
Apr 02 10:53:40.197059 np0000162876 nova-scheduler[107470]: DEBUG cotyledon.oslo_config_glue [-] zvm.ca_file = None {{(pid=107470) log_opt_values /opt/stack/data/venv/lib/python3.12/site-packages/oslo_config/cfg.py:3006}}
Apr 02 10:53:40.197059 np0000162876 nova-scheduler[107470]: DEBUG cotyledon.oslo_config_glue [-] zvm.cloud_connector_url = None {{(pid=107470) log_opt_values /opt/stack/data/venv/lib/python3.12/site-packages/oslo_config/cfg.py:3006}}
Apr 02 10:53:40.197316 np0000162876 nova-scheduler[107470]: DEBUG cotyledon.oslo_config_glue [-] zvm.image_tmp_path = /opt/stack/data/nova/images {{(pid=107470) log_opt_values /opt/stack/data/venv/lib/python3.12/site-packages/oslo_config/cfg.py:3006}}
Apr 02 10:53:40.197316 np0000162876 nova-scheduler[107470]: DEBUG cotyledon.oslo_config_glue [-] zvm.reachable_timeout = 300 {{(pid=107470) log_opt_values /opt/stack/data/venv/lib/python3.12/site-packages/oslo_config/cfg.py:3006}}
Apr 02 10:53:40.197316 np0000162876 nova-scheduler[107470]: DEBUG cotyledon.oslo_config_glue [-] oslo_versionedobjects.fatal_exception_format_errors = False {{(pid=107470) log_opt_values /opt/stack/data/venv/lib/python3.12/site-packages/oslo_config/cfg.py:3006}}
Apr 02 10:53:40.197316 np0000162876 nova-scheduler[107470]: DEBUG cotyledon.oslo_config_glue [-] oslo_middleware.http_basic_auth_user_file = /etc/htpasswd {{(pid=107470) log_opt_values /opt/stack/data/venv/lib/python3.12/site-packages/oslo_config/cfg.py:3006}}
Apr 02 10:53:40.197316 np0000162876 nova-scheduler[107470]: DEBUG cotyledon.oslo_config_glue [-] oslo_messaging_metrics.metrics_buffer_size = 1000 {{(pid=107470) log_opt_values /opt/stack/data/venv/lib/python3.12/site-packages/oslo_config/cfg.py:3006}}
Apr 02 10:53:40.197316 np0000162876 nova-scheduler[107470]: DEBUG cotyledon.oslo_config_glue [-] oslo_messaging_metrics.metrics_enabled = False {{(pid=107470) log_opt_values /opt/stack/data/venv/lib/python3.12/site-packages/oslo_config/cfg.py:3006}}
Apr 02 10:53:40.197316 np0000162876 nova-scheduler[107470]: DEBUG cotyledon.oslo_config_glue [-] oslo_messaging_metrics.metrics_process_name = {{(pid=107470) log_opt_values /opt/stack/data/venv/lib/python3.12/site-packages/oslo_config/cfg.py:3006}}
Apr 02 10:53:40.197316 np0000162876 nova-scheduler[107470]: DEBUG cotyledon.oslo_config_glue [-] oslo_messaging_metrics.metrics_socket_file = /var/tmp/metrics_collector.sock {{(pid=107470) log_opt_values /opt/stack/data/venv/lib/python3.12/site-packages/oslo_config/cfg.py:3006}}
Apr 02 10:53:40.197515 np0000162876 nova-scheduler[107470]: DEBUG cotyledon.oslo_config_glue [-] oslo_messaging_metrics.metrics_thread_stop_timeout = 10 {{(pid=107470) log_opt_values /opt/stack/data/venv/lib/python3.12/site-packages/oslo_config/cfg.py:3006}}
Apr 02 10:53:40.197515 np0000162876 nova-scheduler[107470]: DEBUG cotyledon.oslo_config_glue [-] profiler.connection_string = messaging:// {{(pid=107470) log_opt_values /opt/stack/data/venv/lib/python3.12/site-packages/oslo_config/cfg.py:3006}}
Apr 02 10:53:40.197515 np0000162876 nova-scheduler[107470]: DEBUG cotyledon.oslo_config_glue [-] profiler.enabled = False {{(pid=107470) log_opt_values /opt/stack/data/venv/lib/python3.12/site-packages/oslo_config/cfg.py:3006}}
Apr 02 10:53:40.197515 np0000162876 nova-scheduler[107470]: DEBUG cotyledon.oslo_config_glue [-] profiler.es_doc_type = notification {{(pid=107470) log_opt_values /opt/stack/data/venv/lib/python3.12/site-packages/oslo_config/cfg.py:3006}}
Apr 02 10:53:40.197515 np0000162876 nova-scheduler[107470]: DEBUG cotyledon.oslo_config_glue [-] profiler.es_scroll_size = 10000 {{(pid=107470) log_opt_values /opt/stack/data/venv/lib/python3.12/site-packages/oslo_config/cfg.py:3006}}
Apr 02 10:53:40.197515 np0000162876 nova-scheduler[107470]: DEBUG cotyledon.oslo_config_glue [-] profiler.es_scroll_time = 2m {{(pid=107470) log_opt_values /opt/stack/data/venv/lib/python3.12/site-packages/oslo_config/cfg.py:3006}}
Apr 02 10:53:40.197515 np0000162876 nova-scheduler[107470]: DEBUG cotyledon.oslo_config_glue [-] profiler.filter_error_trace = False {{(pid=107470) log_opt_values /opt/stack/data/venv/lib/python3.12/site-packages/oslo_config/cfg.py:3006}}
Apr 02 10:53:40.197515 np0000162876 nova-scheduler[107470]: DEBUG cotyledon.oslo_config_glue [-] profiler.hmac_keys = **** {{(pid=107470) log_opt_values /opt/stack/data/venv/lib/python3.12/site-packages/oslo_config/cfg.py:3006}}
Apr 02 10:53:40.197515 np0000162876 nova-scheduler[107470]: DEBUG cotyledon.oslo_config_glue [-] profiler.sentinel_service_name = mymaster {{(pid=107470) log_opt_values /opt/stack/data/venv/lib/python3.12/site-packages/oslo_config/cfg.py:3006}}
Apr 02 10:53:40.197734 np0000162876 nova-scheduler[107470]: DEBUG cotyledon.oslo_config_glue [-] profiler.socket_timeout = 0.1 {{(pid=107470) log_opt_values /opt/stack/data/venv/lib/python3.12/site-packages/oslo_config/cfg.py:3006}}
Apr 02 10:53:40.197734 np0000162876 nova-scheduler[107470]: DEBUG cotyledon.oslo_config_glue [-] profiler.trace_requests = False {{(pid=107470) log_opt_values /opt/stack/data/venv/lib/python3.12/site-packages/oslo_config/cfg.py:3006}}
Apr 02 10:53:40.197734 np0000162876 nova-scheduler[107470]: DEBUG cotyledon.oslo_config_glue [-] profiler.trace_sqlalchemy = False {{(pid=107470) log_opt_values /opt/stack/data/venv/lib/python3.12/site-packages/oslo_config/cfg.py:3006}}
Apr 02 10:53:40.197734 np0000162876 nova-scheduler[107470]: DEBUG cotyledon.oslo_config_glue [-] profiler_jaeger.process_tags = {} {{(pid=107470) log_opt_values /opt/stack/data/venv/lib/python3.12/site-packages/oslo_config/cfg.py:3006}}
Apr 02 10:53:40.197734 np0000162876 nova-scheduler[107470]: DEBUG cotyledon.oslo_config_glue [-] profiler_jaeger.service_name_prefix = None {{(pid=107470) log_opt_values /opt/stack/data/venv/lib/python3.12/site-packages/oslo_config/cfg.py:3006}}
Apr 02 10:53:40.197734 np0000162876 nova-scheduler[107470]: DEBUG cotyledon.oslo_config_glue [-] profiler_otlp.service_name_prefix = None {{(pid=107470) log_opt_values /opt/stack/data/venv/lib/python3.12/site-packages/oslo_config/cfg.py:3006}}
Apr 02 10:53:40.197734 np0000162876 nova-scheduler[107470]: DEBUG cotyledon.oslo_config_glue [-] oslo_messaging_rabbit.amqp_auto_delete = False {{(pid=107470) log_opt_values /opt/stack/data/venv/lib/python3.12/site-packages/oslo_config/cfg.py:3006}}
Apr 02 10:53:40.197734 np0000162876 nova-scheduler[107470]: DEBUG cotyledon.oslo_config_glue [-] oslo_messaging_rabbit.amqp_durable_queues = False {{(pid=107470) log_opt_values /opt/stack/data/venv/lib/python3.12/site-packages/oslo_config/cfg.py:3006}}
Apr 02 10:53:40.197734 np0000162876 nova-scheduler[107470]: DEBUG cotyledon.oslo_config_glue [-] oslo_messaging_rabbit.conn_pool_min_size = 2 {{(pid=107470) log_opt_values /opt/stack/data/venv/lib/python3.12/site-packages/oslo_config/cfg.py:3006}}
Apr 02 10:53:40.197945 np0000162876 nova-scheduler[107470]: DEBUG cotyledon.oslo_config_glue [-] oslo_messaging_rabbit.conn_pool_ttl = 1200 {{(pid=107470) log_opt_values /opt/stack/data/venv/lib/python3.12/site-packages/oslo_config/cfg.py:3006}}
Apr 02 10:53:40.197945 np0000162876 nova-scheduler[107470]: DEBUG cotyledon.oslo_config_glue [-] oslo_messaging_rabbit.direct_mandatory_flag = True {{(pid=107470) log_opt_values /opt/stack/data/venv/lib/python3.12/site-packages/oslo_config/cfg.py:3006}}
Apr 02 10:53:40.197945 np0000162876 nova-scheduler[107470]: DEBUG cotyledon.oslo_config_glue [-] oslo_messaging_rabbit.enable_cancel_on_failover = False {{(pid=107470) log_opt_values /opt/stack/data/venv/lib/python3.12/site-packages/oslo_config/cfg.py:3006}}
Apr 02 10:53:40.197945 np0000162876 nova-scheduler[107470]: DEBUG cotyledon.oslo_config_glue [-] oslo_messaging_rabbit.heartbeat_in_pthread = False {{(pid=107470) log_opt_values /opt/stack/data/venv/lib/python3.12/site-packages/oslo_config/cfg.py:3006}}
Apr 02 10:53:40.197945 np0000162876 nova-scheduler[107470]: DEBUG cotyledon.oslo_config_glue [-] oslo_messaging_rabbit.heartbeat_rate = 3 {{(pid=107470) log_opt_values /opt/stack/data/venv/lib/python3.12/site-packages/oslo_config/cfg.py:3006}}
Apr 02 10:53:40.197945 np0000162876 nova-scheduler[107470]: DEBUG cotyledon.oslo_config_glue [-] oslo_messaging_rabbit.heartbeat_timeout_threshold = 60 {{(pid=107470) log_opt_values /opt/stack/data/venv/lib/python3.12/site-packages/oslo_config/cfg.py:3006}}
Apr 02 10:53:40.197945 np0000162876 nova-scheduler[107470]: DEBUG cotyledon.oslo_config_glue [-] oslo_messaging_rabbit.hostname = np0000162876 {{(pid=107470) log_opt_values /opt/stack/data/venv/lib/python3.12/site-packages/oslo_config/cfg.py:3006}}
Apr 02 10:53:40.197945 np0000162876 nova-scheduler[107470]: DEBUG cotyledon.oslo_config_glue [-] oslo_messaging_rabbit.kombu_compression = None {{(pid=107470) log_opt_values /opt/stack/data/venv/lib/python3.12/site-packages/oslo_config/cfg.py:3006}}
Apr 02 10:53:40.197945 np0000162876 nova-scheduler[107470]: DEBUG cotyledon.oslo_config_glue [-] oslo_messaging_rabbit.kombu_failover_strategy = round-robin {{(pid=107470) log_opt_values /opt/stack/data/venv/lib/python3.12/site-packages/oslo_config/cfg.py:3006}}
Apr 02 10:53:40.198169 np0000162876 nova-scheduler[107470]: DEBUG cotyledon.oslo_config_glue [-] oslo_messaging_rabbit.kombu_missing_consumer_retry_timeout = 60 {{(pid=107470) log_opt_values /opt/stack/data/venv/lib/python3.12/site-packages/oslo_config/cfg.py:3006}}
Apr 02 10:53:40.198169 np0000162876 nova-scheduler[107470]: DEBUG cotyledon.oslo_config_glue [-] oslo_messaging_rabbit.kombu_reconnect_delay = 1.0 {{(pid=107470) log_opt_values /opt/stack/data/venv/lib/python3.12/site-packages/oslo_config/cfg.py:3006}}
Apr 02 10:53:40.198169 np0000162876 nova-scheduler[107470]: DEBUG cotyledon.oslo_config_glue [-] oslo_messaging_rabbit.kombu_reconnect_splay = 0.0 {{(pid=107470) log_opt_values /opt/stack/data/venv/lib/python3.12/site-packages/oslo_config/cfg.py:3006}}
Apr 02 10:53:40.198169 np0000162876 nova-scheduler[107470]: DEBUG cotyledon.oslo_config_glue [-] oslo_messaging_rabbit.processname = nova-scheduler {{(pid=107470) log_opt_values /opt/stack/data/venv/lib/python3.12/site-packages/oslo_config/cfg.py:3006}}
Apr 02 10:53:40.198169 np0000162876 nova-scheduler[107470]: DEBUG cotyledon.oslo_config_glue [-] oslo_messaging_rabbit.rabbit_ha_queues = False {{(pid=107470) log_opt_values /opt/stack/data/venv/lib/python3.12/site-packages/oslo_config/cfg.py:3006}}
Apr 02 10:53:40.198169 np0000162876 nova-scheduler[107470]: DEBUG cotyledon.oslo_config_glue [-] oslo_messaging_rabbit.rabbit_interval_max = 30 {{(pid=107470) log_opt_values /opt/stack/data/venv/lib/python3.12/site-packages/oslo_config/cfg.py:3006}}
Apr 02 10:53:40.198169 np0000162876 nova-scheduler[107470]: DEBUG cotyledon.oslo_config_glue [-] oslo_messaging_rabbit.rabbit_login_method = AMQPLAIN {{(pid=107470) log_opt_values /opt/stack/data/venv/lib/python3.12/site-packages/oslo_config/cfg.py:3006}}
Apr 02 10:53:40.198169 np0000162876 nova-scheduler[107470]: DEBUG cotyledon.oslo_config_glue [-] oslo_messaging_rabbit.rabbit_qos_prefetch_count = 0 {{(pid=107470) log_opt_values /opt/stack/data/venv/lib/python3.12/site-packages/oslo_config/cfg.py:3006}}
Apr 02 10:53:40.198363 np0000162876 nova-scheduler[107470]: DEBUG cotyledon.oslo_config_glue [-] oslo_messaging_rabbit.rabbit_quorum_delivery_limit = 0 {{(pid=107470) log_opt_values /opt/stack/data/venv/lib/python3.12/site-packages/oslo_config/cfg.py:3006}}
Apr 02 10:53:40.198363 np0000162876 nova-scheduler[107470]: DEBUG cotyledon.oslo_config_glue [-] oslo_messaging_rabbit.rabbit_quorum_max_memory_bytes = 0 {{(pid=107470) log_opt_values /opt/stack/data/venv/lib/python3.12/site-packages/oslo_config/cfg.py:3006}}
Apr 02 10:53:40.198363 np0000162876 nova-scheduler[107470]: DEBUG cotyledon.oslo_config_glue [-] oslo_messaging_rabbit.rabbit_quorum_max_memory_length = 0 {{(pid=107470) log_opt_values /opt/stack/data/venv/lib/python3.12/site-packages/oslo_config/cfg.py:3006}}
Apr 02 10:53:40.198363 np0000162876 nova-scheduler[107470]: DEBUG cotyledon.oslo_config_glue [-] oslo_messaging_rabbit.rabbit_quorum_queue = False {{(pid=107470) log_opt_values /opt/stack/data/venv/lib/python3.12/site-packages/oslo_config/cfg.py:3006}}
Apr 02 10:53:40.198363 np0000162876 nova-scheduler[107470]: DEBUG cotyledon.oslo_config_glue [-] oslo_messaging_rabbit.rabbit_retry_backoff = 2 {{(pid=107470) log_opt_values /opt/stack/data/venv/lib/python3.12/site-packages/oslo_config/cfg.py:3006}}
Apr 02 10:53:40.198363 np0000162876 nova-scheduler[107470]: DEBUG cotyledon.oslo_config_glue [-] oslo_messaging_rabbit.rabbit_retry_interval = 1 {{(pid=107470) log_opt_values /opt/stack/data/venv/lib/python3.12/site-packages/oslo_config/cfg.py:3006}}
Apr 02 10:53:40.198363 np0000162876 nova-scheduler[107470]: DEBUG cotyledon.oslo_config_glue [-] oslo_messaging_rabbit.rabbit_stream_fanout = False {{(pid=107470) log_opt_values /opt/stack/data/venv/lib/python3.12/site-packages/oslo_config/cfg.py:3006}}
Apr 02 10:53:40.198363 np0000162876 nova-scheduler[107470]: DEBUG cotyledon.oslo_config_glue [-] oslo_messaging_rabbit.rabbit_transient_queues_ttl = 1800 {{(pid=107470) log_opt_values /opt/stack/data/venv/lib/python3.12/site-packages/oslo_config/cfg.py:3006}}
Apr 02 10:53:40.198569 np0000162876 nova-scheduler[107470]: DEBUG cotyledon.oslo_config_glue [-] oslo_messaging_rabbit.rabbit_transient_quorum_queue = False {{(pid=107470) log_opt_values /opt/stack/data/venv/lib/python3.12/site-packages/oslo_config/cfg.py:3006}}
Apr 02 10:53:40.198569 np0000162876 nova-scheduler[107470]: DEBUG cotyledon.oslo_config_glue [-] oslo_messaging_rabbit.rpc_conn_pool_size = 30 {{(pid=107470) log_opt_values /opt/stack/data/venv/lib/python3.12/site-packages/oslo_config/cfg.py:3006}}
Apr 02 10:53:40.198569 np0000162876 nova-scheduler[107470]: DEBUG cotyledon.oslo_config_glue [-] oslo_messaging_rabbit.ssl = False {{(pid=107470) log_opt_values /opt/stack/data/venv/lib/python3.12/site-packages/oslo_config/cfg.py:3006}}
Apr 02 10:53:40.198569 np0000162876 nova-scheduler[107470]: DEBUG cotyledon.oslo_config_glue [-] oslo_messaging_rabbit.ssl_ca_file = {{(pid=107470) log_opt_values /opt/stack/data/venv/lib/python3.12/site-packages/oslo_config/cfg.py:3006}}
Apr 02 10:53:40.198569 np0000162876 nova-scheduler[107470]: DEBUG cotyledon.oslo_config_glue [-] oslo_messaging_rabbit.ssl_cert_file = {{(pid=107470) log_opt_values /opt/stack/data/venv/lib/python3.12/site-packages/oslo_config/cfg.py:3006}}
Apr 02 10:53:40.198569 np0000162876 nova-scheduler[107470]: DEBUG cotyledon.oslo_config_glue [-] oslo_messaging_rabbit.ssl_enforce_fips_mode = False {{(pid=107470) log_opt_values /opt/stack/data/venv/lib/python3.12/site-packages/oslo_config/cfg.py:3006}}
Apr 02 10:53:40.198569 np0000162876 nova-scheduler[107470]: DEBUG cotyledon.oslo_config_glue [-] oslo_messaging_rabbit.ssl_key_file = {{(pid=107470) log_opt_values /opt/stack/data/venv/lib/python3.12/site-packages/oslo_config/cfg.py:3006}}
Apr 02 10:53:40.198569 np0000162876 nova-scheduler[107470]: DEBUG cotyledon.oslo_config_glue [-] oslo_messaging_rabbit.ssl_version = {{(pid=107470) log_opt_values /opt/stack/data/venv/lib/python3.12/site-packages/oslo_config/cfg.py:3006}}
Apr 02 10:53:40.198569 np0000162876 nova-scheduler[107470]: DEBUG cotyledon.oslo_config_glue [-] oslo_messaging_rabbit.use_queue_manager = False {{(pid=107470) log_opt_values /opt/stack/data/venv/lib/python3.12/site-packages/oslo_config/cfg.py:3006}}
Apr 02 10:53:40.198798 np0000162876 nova-scheduler[107470]: DEBUG cotyledon.oslo_config_glue [-] oslo_messaging_notifications.driver = ['messagingv2'] {{(pid=107470) log_opt_values /opt/stack/data/venv/lib/python3.12/site-packages/oslo_config/cfg.py:3006}}
Apr 02 10:53:40.198798 np0000162876 nova-scheduler[107470]: DEBUG cotyledon.oslo_config_glue [-] oslo_messaging_notifications.retry = -1 {{(pid=107470) log_opt_values /opt/stack/data/venv/lib/python3.12/site-packages/oslo_config/cfg.py:3006}}
Apr 02 10:53:40.198798 np0000162876 nova-scheduler[107470]: DEBUG cotyledon.oslo_config_glue [-] oslo_messaging_notifications.topics = ['notifications'] {{(pid=107470) log_opt_values /opt/stack/data/venv/lib/python3.12/site-packages/oslo_config/cfg.py:3006}}
Apr 02 10:53:40.198798 np0000162876 nova-scheduler[107470]: DEBUG cotyledon.oslo_config_glue [-] oslo_messaging_notifications.transport_url = **** {{(pid=107470) log_opt_values /opt/stack/data/venv/lib/python3.12/site-packages/oslo_config/cfg.py:3006}}
Apr 02 10:53:40.198798 np0000162876 nova-scheduler[107470]: DEBUG cotyledon.oslo_config_glue [-] oslo_limit.auth_section = None {{(pid=107470) log_opt_values /opt/stack/data/venv/lib/python3.12/site-packages/oslo_config/cfg.py:3006}}
Apr 02 10:53:40.198798 np0000162876 nova-scheduler[107470]: DEBUG cotyledon.oslo_config_glue [-] oslo_limit.auth_type = None {{(pid=107470) log_opt_values /opt/stack/data/venv/lib/python3.12/site-packages/oslo_config/cfg.py:3006}}
Apr 02 10:53:40.198798 np0000162876 nova-scheduler[107470]: DEBUG cotyledon.oslo_config_glue [-] oslo_limit.cafile = None {{(pid=107470) log_opt_values /opt/stack/data/venv/lib/python3.12/site-packages/oslo_config/cfg.py:3006}}
Apr 02 10:53:40.198798 np0000162876 nova-scheduler[107470]: DEBUG cotyledon.oslo_config_glue [-] oslo_limit.certfile = None {{(pid=107470) log_opt_values /opt/stack/data/venv/lib/python3.12/site-packages/oslo_config/cfg.py:3006}}
Apr 02 10:53:40.198798 np0000162876 nova-scheduler[107470]: DEBUG cotyledon.oslo_config_glue [-] oslo_limit.collect_timing = False {{(pid=107470) log_opt_values /opt/stack/data/venv/lib/python3.12/site-packages/oslo_config/cfg.py:3006}}
Apr 02 10:53:40.199093 np0000162876 nova-scheduler[107470]: DEBUG cotyledon.oslo_config_glue [-] oslo_limit.connect_retries = None {{(pid=107470) log_opt_values /opt/stack/data/venv/lib/python3.12/site-packages/oslo_config/cfg.py:3006}}
Apr 02 10:53:40.199093 np0000162876 nova-scheduler[107470]: DEBUG cotyledon.oslo_config_glue [-] oslo_limit.connect_retry_delay = None {{(pid=107470) log_opt_values /opt/stack/data/venv/lib/python3.12/site-packages/oslo_config/cfg.py:3006}}
Apr 02 10:53:40.199093 np0000162876 nova-scheduler[107470]: DEBUG cotyledon.oslo_config_glue [-] oslo_limit.endpoint_id = None {{(pid=107470) log_opt_values /opt/stack/data/venv/lib/python3.12/site-packages/oslo_config/cfg.py:3006}}
Apr 02 10:53:40.199093 np0000162876 nova-scheduler[107470]: DEBUG cotyledon.oslo_config_glue [-] oslo_limit.endpoint_interface = public {{(pid=107470) log_opt_values /opt/stack/data/venv/lib/python3.12/site-packages/oslo_config/cfg.py:3006}}
Apr 02 10:53:40.199093 np0000162876 nova-scheduler[107470]: DEBUG cotyledon.oslo_config_glue [-] oslo_limit.endpoint_override = None {{(pid=107470) log_opt_values /opt/stack/data/venv/lib/python3.12/site-packages/oslo_config/cfg.py:3006}}
Apr 02 10:53:40.199093 np0000162876 nova-scheduler[107470]: DEBUG cotyledon.oslo_config_glue [-] oslo_limit.endpoint_region_name = None {{(pid=107470) log_opt_values /opt/stack/data/venv/lib/python3.12/site-packages/oslo_config/cfg.py:3006}}
Apr 02 10:53:40.199093 np0000162876 nova-scheduler[107470]: DEBUG cotyledon.oslo_config_glue [-] oslo_limit.endpoint_service_name = None {{(pid=107470) log_opt_values /opt/stack/data/venv/lib/python3.12/site-packages/oslo_config/cfg.py:3006}}
Apr 02 10:53:40.199093 np0000162876 nova-scheduler[107470]: DEBUG cotyledon.oslo_config_glue [-] oslo_limit.endpoint_service_type = None {{(pid=107470) log_opt_values /opt/stack/data/venv/lib/python3.12/site-packages/oslo_config/cfg.py:3006}}
Apr 02 10:53:40.199093 np0000162876 nova-scheduler[107470]: DEBUG cotyledon.oslo_config_glue [-] oslo_limit.insecure = False {{(pid=107470) log_opt_values /opt/stack/data/venv/lib/python3.12/site-packages/oslo_config/cfg.py:3006}}
Apr 02 10:53:40.199309 np0000162876 nova-scheduler[107470]: DEBUG cotyledon.oslo_config_glue [-] oslo_limit.keyfile = None {{(pid=107470) log_opt_values /opt/stack/data/venv/lib/python3.12/site-packages/oslo_config/cfg.py:3006}}
Apr 02 10:53:40.199309 np0000162876 nova-scheduler[107470]: DEBUG cotyledon.oslo_config_glue [-] oslo_limit.max_version = None {{(pid=107470) log_opt_values /opt/stack/data/venv/lib/python3.12/site-packages/oslo_config/cfg.py:3006}}
Apr 02 10:53:40.199309 np0000162876 nova-scheduler[107470]: DEBUG cotyledon.oslo_config_glue [-] oslo_limit.min_version = None {{(pid=107470) log_opt_values /opt/stack/data/venv/lib/python3.12/site-packages/oslo_config/cfg.py:3006}}
Apr 02 10:53:40.199309 np0000162876 nova-scheduler[107470]: DEBUG cotyledon.oslo_config_glue [-] oslo_limit.region_name = None {{(pid=107470) log_opt_values /opt/stack/data/venv/lib/python3.12/site-packages/oslo_config/cfg.py:3006}}
Apr 02 10:53:40.199309 np0000162876 nova-scheduler[107470]: DEBUG cotyledon.oslo_config_glue [-] oslo_limit.retriable_status_codes = None {{(pid=107470) log_opt_values /opt/stack/data/venv/lib/python3.12/site-packages/oslo_config/cfg.py:3006}}
Apr 02 10:53:40.199309 np0000162876 nova-scheduler[107470]: DEBUG cotyledon.oslo_config_glue [-] oslo_limit.service_name = None {{(pid=107470) log_opt_values /opt/stack/data/venv/lib/python3.12/site-packages/oslo_config/cfg.py:3006}}
Apr 02 10:53:40.199309 np0000162876 nova-scheduler[107470]: DEBUG cotyledon.oslo_config_glue [-] oslo_limit.service_type = None {{(pid=107470) log_opt_values /opt/stack/data/venv/lib/python3.12/site-packages/oslo_config/cfg.py:3006}}
Apr 02 10:53:40.199309 np0000162876 nova-scheduler[107470]: DEBUG cotyledon.oslo_config_glue [-] oslo_limit.split_loggers = False {{(pid=107470) log_opt_values /opt/stack/data/venv/lib/python3.12/site-packages/oslo_config/cfg.py:3006}}
Apr 02 10:53:40.199309 np0000162876 nova-scheduler[107470]: DEBUG cotyledon.oslo_config_glue [-] oslo_limit.status_code_retries = None {{(pid=107470) log_opt_values /opt/stack/data/venv/lib/python3.12/site-packages/oslo_config/cfg.py:3006}}
Apr 02 10:53:40.199518 np0000162876 nova-scheduler[107470]: DEBUG cotyledon.oslo_config_glue [-] oslo_limit.status_code_retry_delay = None {{(pid=107470) log_opt_values /opt/stack/data/venv/lib/python3.12/site-packages/oslo_config/cfg.py:3006}}
Apr 02 10:53:40.199518 np0000162876 nova-scheduler[107470]: DEBUG cotyledon.oslo_config_glue [-] oslo_limit.timeout = None {{(pid=107470) log_opt_values /opt/stack/data/venv/lib/python3.12/site-packages/oslo_config/cfg.py:3006}}
Apr 02 10:53:40.199518 np0000162876 nova-scheduler[107470]: DEBUG cotyledon.oslo_config_glue [-] oslo_limit.valid_interfaces = None {{(pid=107470) log_opt_values /opt/stack/data/venv/lib/python3.12/site-packages/oslo_config/cfg.py:3006}}
Apr 02 10:53:40.199518 np0000162876 nova-scheduler[107470]: DEBUG cotyledon.oslo_config_glue [-] oslo_limit.version = None {{(pid=107470) log_opt_values /opt/stack/data/venv/lib/python3.12/site-packages/oslo_config/cfg.py:3006}}
Apr 02 10:53:40.199518 np0000162876 nova-scheduler[107470]: DEBUG cotyledon.oslo_config_glue [-] oslo_reports.file_event_handler = None {{(pid=107470) log_opt_values /opt/stack/data/venv/lib/python3.12/site-packages/oslo_config/cfg.py:3006}}
Apr 02 10:53:40.199518 np0000162876 nova-scheduler[107470]: DEBUG cotyledon.oslo_config_glue [-] oslo_reports.file_event_handler_interval = 1 {{(pid=107470) log_opt_values /opt/stack/data/venv/lib/python3.12/site-packages/oslo_config/cfg.py:3006}}
Apr 02 10:53:40.199518 np0000162876 nova-scheduler[107470]: DEBUG cotyledon.oslo_config_glue [-] oslo_reports.log_dir = None {{(pid=107470) log_opt_values /opt/stack/data/venv/lib/python3.12/site-packages/oslo_config/cfg.py:3006}}
Apr 02 10:53:40.199518 np0000162876 nova-scheduler[107470]: DEBUG cotyledon.oslo_config_glue [-] ******************************************************************************** {{(pid=107470) log_opt_values /opt/stack/data/venv/lib/python3.12/site-packages/oslo_config/cfg.py:3013}}
Apr 02 10:53:40.199518 np0000162876 nova-scheduler[107470]: DEBUG cotyledon._service_worker [-] Run service ServiceWrapper(3) [107470] {{(pid=107470) wait_forever /opt/stack/data/venv/lib/python3.12/site-packages/cotyledon/_service_worker.py:218}}
Apr 02 10:53:40.199768 np0000162876 nova-scheduler[107470]: INFO nova.service [-] Starting scheduler node (version 33.1.0)
Apr 02 10:53:40.199806 np0000162876 nova-scheduler[107446]: DEBUG nova.service [None req-8619872c-ec8d-41d5-b571-80aa0be0fe68 None None] Creating RPC server for service: nova-scheduler on topic: scheduler {{(pid=107446) start /opt/stack/nova/nova/service.py:195}}
Apr 02 10:53:40.199855 np0000162876 nova-scheduler[107457]: DEBUG nova.service [None req-85e4a53a-2391-4f80-9656-da00d36f0ea5 None None] Creating RPC server for service: nova-scheduler on topic: scheduler {{(pid=107457) start /opt/stack/nova/nova/service.py:195}}
Apr 02 10:53:40.199885 np0000162876 nova-scheduler[107470]: INFO dbcounter [None req-e425f075-9638-4bdf-8e22-f8a3b9323c33 None None] Registered counter for database nova_cell0
Apr 02 10:53:40.199912 np0000162876 nova-scheduler[107463]: DEBUG dbcounter [-] [107463] Writer thread running {{(pid=107463) stat_writer /opt/stack/data/venv/lib/python3.12/site-packages/dbcounter.py:102}}
Apr 02 10:53:40.199938 np0000162876 nova-scheduler[107470]: DEBUG oslo_db.sqlalchemy.engines [None req-e425f075-9638-4bdf-8e22-f8a3b9323c33 None None] MySQL server mode set to STRICT_TRANS_TABLES,STRICT_ALL_TABLES,NO_ZERO_IN_DATE,NO_ZERO_DATE,ERROR_FOR_DIVISION_BY_ZERO,TRADITIONAL,NO_ENGINE_SUBSTITUTION {{(pid=107470) _check_effective_sql_mode /opt/stack/data/venv/lib/python3.12/site-packages/oslo_db/sqlalchemy/engines.py:325}}
Apr 02 10:53:40.202967 np0000162876 nova-scheduler[107463]: DEBUG nova.service [None req-3a24f567-f908-4343-8c58-da5df25bf5ea None None] Creating RPC server for service: nova-scheduler on topic: scheduler {{(pid=107463) start /opt/stack/nova/nova/service.py:195}}
Apr 02 10:53:40.211102 np0000162876 nova-scheduler[107446]: DEBUG nova.service [None req-8619872c-ec8d-41d5-b571-80aa0be0fe68 None None] Join ServiceGroup membership for this service scheduler {{(pid=107446) start /opt/stack/nova/nova/service.py:221}}
Apr 02 10:53:40.211515 np0000162876 nova-scheduler[107446]: DEBUG nova.servicegroup.drivers.db [None req-8619872c-ec8d-41d5-b571-80aa0be0fe68 None None] DB_Driver: join new ServiceGroup member np0000162876 to the scheduler group, service = {{(pid=107446) join /opt/stack/nova/nova/servicegroup/drivers/db.py:44}}
Apr 02 10:53:40.212694 np0000162876 nova-scheduler[107470]: DEBUG dbcounter [-] [107470] Writer thread running {{(pid=107470) stat_writer /opt/stack/data/venv/lib/python3.12/site-packages/dbcounter.py:102}}
Apr 02 10:53:40.215708 np0000162876 nova-scheduler[107470]: DEBUG nova.service [None req-e425f075-9638-4bdf-8e22-f8a3b9323c33 None None] Creating RPC server for service: nova-scheduler on topic: scheduler {{(pid=107470) start /opt/stack/nova/nova/service.py:195}}
Apr 02 10:53:40.217115 np0000162876 nova-scheduler[107457]: DEBUG nova.service [None req-85e4a53a-2391-4f80-9656-da00d36f0ea5 None None] Join ServiceGroup membership for this service scheduler {{(pid=107457) start /opt/stack/nova/nova/service.py:221}}
Apr 02 10:53:40.217429 np0000162876 nova-scheduler[107457]: DEBUG nova.servicegroup.drivers.db [None req-85e4a53a-2391-4f80-9656-da00d36f0ea5 None None] DB_Driver: join new ServiceGroup member np0000162876 to the scheduler group, service = {{(pid=107457) join /opt/stack/nova/nova/servicegroup/drivers/db.py:44}}
Apr 02 10:53:40.221159 np0000162876 nova-scheduler[107463]: DEBUG nova.service [None req-3a24f567-f908-4343-8c58-da5df25bf5ea None None] Join ServiceGroup membership for this service scheduler {{(pid=107463) start /opt/stack/nova/nova/service.py:221}}
Apr 02 10:53:40.221415 np0000162876 nova-scheduler[107463]: DEBUG nova.servicegroup.drivers.db [None req-3a24f567-f908-4343-8c58-da5df25bf5ea None None] DB_Driver: join new ServiceGroup member np0000162876 to the scheduler group, service = {{(pid=107463) join /opt/stack/nova/nova/servicegroup/drivers/db.py:44}}
Apr 02 10:53:40.233929 np0000162876 nova-scheduler[107470]: DEBUG nova.service [None req-e425f075-9638-4bdf-8e22-f8a3b9323c33 None None] Join ServiceGroup membership for this service scheduler {{(pid=107470) start /opt/stack/nova/nova/service.py:221}}
Apr 02 10:53:40.234185 np0000162876 nova-scheduler[107470]: DEBUG nova.servicegroup.drivers.db [None req-e425f075-9638-4bdf-8e22-f8a3b9323c33 None None] DB_Driver: join new ServiceGroup member np0000162876 to the scheduler group, service = {{(pid=107470) join /opt/stack/nova/nova/servicegroup/drivers/db.py:44}}
Apr 02 10:53:44.237387 np0000162876 nova-scheduler[107470]: DEBUG oslo.service.backend._threading.loopingcall [None req-ea29e6ad-5fe8-407c-833b-4ce5b799be66 None None] Dynamic interval looping call 'nova.service.Service.periodic_tasks' sleeping for 60.00 seconds {{(pid=107470) _run_loop /opt/stack/data/venv/lib/python3.12/site-packages/oslo_service/backend/_threading/loopingcall.py:125}}
Apr 02 10:53:45.246547 np0000162876 nova-scheduler[107446]: DEBUG oslo.service.backend._threading.loopingcall [-] Fixed interval looping call 'nova.servicegroup.drivers.db.DbDriver._report_state' sleeping for 119.97 seconds {{(pid=107446) _run_loop /opt/stack/data/venv/lib/python3.12/site-packages/oslo_service/backend/_threading/loopingcall.py:125}}
Apr 02 10:53:45.247286 np0000162876 nova-scheduler[107463]: DEBUG oslo.service.backend._threading.loopingcall [-] Fixed interval looping call 'nova.servicegroup.drivers.db.DbDriver._report_state' sleeping for 119.98 seconds {{(pid=107463) _run_loop /opt/stack/data/venv/lib/python3.12/site-packages/oslo_service/backend/_threading/loopingcall.py:125}}
Apr 02 10:53:45.248713 np0000162876 nova-scheduler[107470]: DEBUG oslo.service.backend._threading.loopingcall [-] Fixed interval looping call 'nova.servicegroup.drivers.db.DbDriver._report_state' sleeping for 119.99 seconds {{(pid=107470) _run_loop /opt/stack/data/venv/lib/python3.12/site-packages/oslo_service/backend/_threading/loopingcall.py:125}}
Apr 02 10:53:45.250158 np0000162876 nova-scheduler[107457]: DEBUG oslo.service.backend._threading.loopingcall [-] Fixed interval looping call 'nova.servicegroup.drivers.db.DbDriver._report_state' sleeping for 119.97 seconds {{(pid=107457) _run_loop /opt/stack/data/venv/lib/python3.12/site-packages/oslo_service/backend/_threading/loopingcall.py:125}}
Apr 02 10:53:48.219795 np0000162876 nova-scheduler[107457]: DEBUG oslo.service.backend._threading.loopingcall [None req-4ca3efdc-f9f1-41ae-870c-d9217bf99042 None None] Dynamic interval looping call 'nova.service.Service.periodic_tasks' sleeping for 60.00 seconds {{(pid=107457) _run_loop /opt/stack/data/venv/lib/python3.12/site-packages/oslo_service/backend/_threading/loopingcall.py:125}}
Apr 02 10:53:48.835123 np0000162876 nova-scheduler[106691]: DEBUG dbcounter [-] [106691] Writing DB stats nova_api:SELECT=3 {{(pid=106691) stat_writer /opt/stack/data/venv/lib/python3.12/site-packages/dbcounter.py:115}}
Apr 02 10:53:48.939821 np0000162876 nova-scheduler[106691]: DEBUG dbcounter [-] [106691] Writing DB stats nova_cell0:SELECT=1 {{(pid=106691) stat_writer /opt/stack/data/venv/lib/python3.12/site-packages/dbcounter.py:115}}
Apr 02 10:53:48.943761 np0000162876 nova-scheduler[106691]: DEBUG dbcounter [-] [106691] Writing DB stats nova_cell1:SELECT=1 {{(pid=106691) stat_writer /opt/stack/data/venv/lib/python3.12/site-packages/dbcounter.py:115}}
Apr 02 10:53:50.215452 np0000162876 nova-scheduler[107446]: DEBUG oslo.service.backend._threading.loopingcall [None req-1031c0f8-f1f3-4236-be79-97455d59f78c None None] Dynamic interval looping call 'nova.service.Service.periodic_tasks' sleeping for 60.00 seconds {{(pid=107446) _run_loop /opt/stack/data/venv/lib/python3.12/site-packages/oslo_service/backend/_threading/loopingcall.py:125}}
Apr 02 10:53:55.232358 np0000162876 nova-scheduler[107446]: DEBUG dbcounter [-] [107446] Writing DB stats nova_cell0:SELECT=4,nova_cell0:INSERT=1,nova_cell0:UPDATE=1 {{(pid=107446) stat_writer /opt/stack/data/venv/lib/python3.12/site-packages/dbcounter.py:115}}
Apr 02 10:53:55.235046 np0000162876 nova-scheduler[107463]: DEBUG dbcounter [-] [107463] Writing DB stats nova_cell0:SELECT=3,nova_cell0:UPDATE=1 {{(pid=107463) stat_writer /opt/stack/data/venv/lib/python3.12/site-packages/dbcounter.py:115}}
Apr 02 10:53:55.235493 np0000162876 nova-scheduler[107457]: DEBUG dbcounter [-] [107457] Writing DB stats nova_cell0:SELECT=5,nova_cell0:INSERT=1,nova_cell0:UPDATE=1 {{(pid=107457) stat_writer /opt/stack/data/venv/lib/python3.12/site-packages/dbcounter.py:115}}
Apr 02 10:53:55.245253 np0000162876 nova-scheduler[107470]: DEBUG dbcounter [-] [107470] Writing DB stats nova_cell0:SELECT=3 {{(pid=107470) stat_writer /opt/stack/data/venv/lib/python3.12/site-packages/dbcounter.py:115}}
Apr 02 10:54:39.223780 np0000162876 nova-scheduler[107463]: DEBUG oslo.service.backend._threading.loopingcall [None req-6600277d-c7e7-4418-9ae4-75607f51e129 None None] Dynamic interval looping call 'nova.service.Service.periodic_tasks' sleeping for 60.00 seconds {{(pid=107463) _run_loop /opt/stack/data/venv/lib/python3.12/site-packages/oslo_service/backend/_threading/loopingcall.py:125}}
Apr 02 10:54:44.238585 np0000162876 nova-scheduler[107470]: DEBUG oslo.service.backend._threading.loopingcall [None req-ea29e6ad-5fe8-407c-833b-4ce5b799be66 None None] Dynamic interval looping call 'nova.service.Service.periodic_tasks' sleeping for 60.00 seconds {{(pid=107470) _run_loop /opt/stack/data/venv/lib/python3.12/site-packages/oslo_service/backend/_threading/loopingcall.py:125}}
Apr 02 10:54:48.220584 np0000162876 nova-scheduler[107457]: DEBUG oslo.service.backend._threading.loopingcall [None req-4ca3efdc-f9f1-41ae-870c-d9217bf99042 None None] Dynamic interval looping call 'nova.service.Service.periodic_tasks' sleeping for 60.00 seconds {{(pid=107457) _run_loop /opt/stack/data/venv/lib/python3.12/site-packages/oslo_service/backend/_threading/loopingcall.py:125}}
Apr 02 10:54:50.216280 np0000162876 nova-scheduler[107446]: DEBUG oslo.service.backend._threading.loopingcall [None req-1031c0f8-f1f3-4236-be79-97455d59f78c None None] Dynamic interval looping call 'nova.service.Service.periodic_tasks' sleeping for 60.00 seconds {{(pid=107446) _run_loop /opt/stack/data/venv/lib/python3.12/site-packages/oslo_service/backend/_threading/loopingcall.py:125}}
Apr 02 10:55:39.224656 np0000162876 nova-scheduler[107463]: DEBUG oslo.service.backend._threading.loopingcall [None req-6600277d-c7e7-4418-9ae4-75607f51e129 None None] Dynamic interval looping call 'nova.service.Service.periodic_tasks' sleeping for 60.00 seconds {{(pid=107463) _run_loop /opt/stack/data/venv/lib/python3.12/site-packages/oslo_service/backend/_threading/loopingcall.py:125}}
Apr 02 10:55:44.239365 np0000162876 nova-scheduler[107470]: DEBUG oslo.service.backend._threading.loopingcall [None req-ea29e6ad-5fe8-407c-833b-4ce5b799be66 None None] Dynamic interval looping call 'nova.service.Service.periodic_tasks' sleeping for 60.00 seconds {{(pid=107470) _run_loop /opt/stack/data/venv/lib/python3.12/site-packages/oslo_service/backend/_threading/loopingcall.py:125}}
Apr 02 10:55:45.229892 np0000162876 nova-scheduler[107457]: DEBUG oslo.service.backend._threading.loopingcall [-] Fixed interval looping call 'nova.servicegroup.drivers.db.DbDriver._report_state' sleeping for 119.99 seconds {{(pid=107457) _run_loop /opt/stack/data/venv/lib/python3.12/site-packages/oslo_service/backend/_threading/loopingcall.py:125}}
Apr 02 10:55:45.230441 np0000162876 nova-scheduler[107446]: DEBUG oslo.service.backend._threading.loopingcall [-] Fixed interval looping call 'nova.servicegroup.drivers.db.DbDriver._report_state' sleeping for 119.99 seconds {{(pid=107446) _run_loop /opt/stack/data/venv/lib/python3.12/site-packages/oslo_service/backend/_threading/loopingcall.py:125}}
Apr 02 10:55:45.233189 np0000162876 nova-scheduler[107463]: DEBUG oslo.service.backend._threading.loopingcall [-] Fixed interval looping call 'nova.servicegroup.drivers.db.DbDriver._report_state' sleeping for 119.99 seconds {{(pid=107463) _run_loop /opt/stack/data/venv/lib/python3.12/site-packages/oslo_service/backend/_threading/loopingcall.py:125}}
Apr 02 10:55:45.244273 np0000162876 nova-scheduler[107470]: DEBUG oslo.service.backend._threading.loopingcall [-] Fixed interval looping call 'nova.servicegroup.drivers.db.DbDriver._report_state' sleeping for 119.99 seconds {{(pid=107470) _run_loop /opt/stack/data/venv/lib/python3.12/site-packages/oslo_service/backend/_threading/loopingcall.py:125}}
Apr 02 10:55:48.221463 np0000162876 nova-scheduler[107457]: DEBUG oslo.service.backend._threading.loopingcall [None req-4ca3efdc-f9f1-41ae-870c-d9217bf99042 None None] Dynamic interval looping call 'nova.service.Service.periodic_tasks' sleeping for 60.00 seconds {{(pid=107457) _run_loop /opt/stack/data/venv/lib/python3.12/site-packages/oslo_service/backend/_threading/loopingcall.py:125}}
Apr 02 10:55:50.216981 np0000162876 nova-scheduler[107446]: DEBUG oslo.service.backend._threading.loopingcall [None req-1031c0f8-f1f3-4236-be79-97455d59f78c None None] Dynamic interval looping call 'nova.service.Service.periodic_tasks' sleeping for 60.00 seconds {{(pid=107446) _run_loop /opt/stack/data/venv/lib/python3.12/site-packages/oslo_service/backend/_threading/loopingcall.py:125}}
Apr 02 10:55:55.224509 np0000162876 nova-scheduler[107457]: DEBUG dbcounter [-] [107457] Writing DB stats nova_cell0:SELECT=1,nova_cell0:UPDATE=1 {{(pid=107457) stat_writer /opt/stack/data/venv/lib/python3.12/site-packages/dbcounter.py:115}}
Apr 02 10:55:55.225357 np0000162876 nova-scheduler[107446]: DEBUG dbcounter [-] [107446] Writing DB stats nova_cell0:SELECT=1,nova_cell0:UPDATE=1 {{(pid=107446) stat_writer /opt/stack/data/venv/lib/python3.12/site-packages/dbcounter.py:115}}
Apr 02 10:55:55.231065 np0000162876 nova-scheduler[107463]: DEBUG dbcounter [-] [107463] Writing DB stats nova_cell0:SELECT=1 {{(pid=107463) stat_writer /opt/stack/data/venv/lib/python3.12/site-packages/dbcounter.py:115}}
Apr 02 10:55:55.241628 np0000162876 nova-scheduler[107470]: DEBUG dbcounter [-] [107470] Writing DB stats nova_cell0:SELECT=1 {{(pid=107470) stat_writer /opt/stack/data/venv/lib/python3.12/site-packages/dbcounter.py:115}}
Apr 02 10:56:39.225548 np0000162876 nova-scheduler[107463]: DEBUG oslo.service.backend._threading.loopingcall [None req-6600277d-c7e7-4418-9ae4-75607f51e129 None None] Dynamic interval looping call 'nova.service.Service.periodic_tasks' sleeping for 60.00 seconds {{(pid=107463) _run_loop /opt/stack/data/venv/lib/python3.12/site-packages/oslo_service/backend/_threading/loopingcall.py:125}}
Apr 02 10:56:44.240174 np0000162876 nova-scheduler[107470]: DEBUG oslo.service.backend._threading.loopingcall [None req-ea29e6ad-5fe8-407c-833b-4ce5b799be66 None None] Dynamic interval looping call 'nova.service.Service.periodic_tasks' sleeping for 60.00 seconds {{(pid=107470) _run_loop /opt/stack/data/venv/lib/python3.12/site-packages/oslo_service/backend/_threading/loopingcall.py:125}}
Apr 02 10:56:48.222294 np0000162876 nova-scheduler[107457]: DEBUG oslo.service.backend._threading.loopingcall [None req-4ca3efdc-f9f1-41ae-870c-d9217bf99042 None None] Dynamic interval looping call 'nova.service.Service.periodic_tasks' sleeping for 60.00 seconds {{(pid=107457) _run_loop /opt/stack/data/venv/lib/python3.12/site-packages/oslo_service/backend/_threading/loopingcall.py:125}}
Apr 02 10:56:50.218020 np0000162876 nova-scheduler[107446]: DEBUG oslo.service.backend._threading.loopingcall [None req-1031c0f8-f1f3-4236-be79-97455d59f78c None None] Dynamic interval looping call 'nova.service.Service.periodic_tasks' sleeping for 60.00 seconds {{(pid=107446) _run_loop /opt/stack/data/venv/lib/python3.12/site-packages/oslo_service/backend/_threading/loopingcall.py:125}}
Apr 02 10:57:39.226256 np0000162876 nova-scheduler[107463]: DEBUG oslo.service.backend._threading.loopingcall [None req-6600277d-c7e7-4418-9ae4-75607f51e129 None None] Dynamic interval looping call 'nova.service.Service.periodic_tasks' sleeping for 60.00 seconds {{(pid=107463) _run_loop /opt/stack/data/venv/lib/python3.12/site-packages/oslo_service/backend/_threading/loopingcall.py:125}}
Apr 02 10:57:44.240975 np0000162876 nova-scheduler[107470]: DEBUG oslo.service.backend._threading.loopingcall [None req-ea29e6ad-5fe8-407c-833b-4ce5b799be66 None None] Dynamic interval looping call 'nova.service.Service.periodic_tasks' sleeping for 60.00 seconds {{(pid=107470) _run_loop /opt/stack/data/venv/lib/python3.12/site-packages/oslo_service/backend/_threading/loopingcall.py:125}}
Apr 02 10:57:45.231595 np0000162876 nova-scheduler[107457]: DEBUG oslo.service.backend._threading.loopingcall [-] Fixed interval looping call 'nova.servicegroup.drivers.db.DbDriver._report_state' sleeping for 119.99 seconds {{(pid=107457) _run_loop /opt/stack/data/venv/lib/python3.12/site-packages/oslo_service/backend/_threading/loopingcall.py:125}}
Apr 02 10:57:45.232250 np0000162876 nova-scheduler[107446]: DEBUG oslo.service.backend._threading.loopingcall [-] Fixed interval looping call 'nova.servicegroup.drivers.db.DbDriver._report_state' sleeping for 119.99 seconds {{(pid=107446) _run_loop /opt/stack/data/venv/lib/python3.12/site-packages/oslo_service/backend/_threading/loopingcall.py:125}}
Apr 02 10:57:45.233008 np0000162876 nova-scheduler[107463]: DEBUG oslo.service.backend._threading.loopingcall [-] Fixed interval looping call 'nova.servicegroup.drivers.db.DbDriver._report_state' sleeping for 119.99 seconds {{(pid=107463) _run_loop /opt/stack/data/venv/lib/python3.12/site-packages/oslo_service/backend/_threading/loopingcall.py:125}}
Apr 02 10:57:45.237809 np0000162876 nova-scheduler[107470]: DEBUG oslo.service.backend._threading.loopingcall [-] Fixed interval looping call 'nova.servicegroup.drivers.db.DbDriver._report_state' sleeping for 120.00 seconds {{(pid=107470) _run_loop /opt/stack/data/venv/lib/python3.12/site-packages/oslo_service/backend/_threading/loopingcall.py:125}}
Apr 02 10:57:48.223010 np0000162876 nova-scheduler[107457]: DEBUG oslo.service.backend._threading.loopingcall [None req-4ca3efdc-f9f1-41ae-870c-d9217bf99042 None None] Dynamic interval looping call 'nova.service.Service.periodic_tasks' sleeping for 60.00 seconds {{(pid=107457) _run_loop /opt/stack/data/venv/lib/python3.12/site-packages/oslo_service/backend/_threading/loopingcall.py:125}}
