2026-05-29 22:34:03.230 8 INFO neutron.api.extensions [None req-b9e84251-783f-4fef-93ef-052a9d027875 - - - - - -] Extension port-hint-ovs-tx-steering not supported by any of loaded plugins
2026-05-29 22:34:03.231 8 INFO neutron.api.extensions [None req-b9e84251-783f-4fef-93ef-052a9d027875 - - - - - -] Extension port-hints not supported by any of loaded plugins
2026-05-29 22:34:03.231 7 INFO neutron.quota.resource_registry [None req-42c59883-912d-4f30-9f69-7d687830d281 - - - - - -] Creating instance of CountableResource for resource:rbac_policy
2026-05-29 22:34:03.231 8 INFO neutron.api.extensions [None req-b9e84251-783f-4fef-93ef-052a9d027875 - - - - - -] Loaded extension: port-mac-override
2026-05-29 22:34:03.231 7 INFO neutron.quota.resource_registry [None req-42c59883-912d-4f30-9f69-7d687830d281 - - - - - -] Creating instance of TrackedResource for resource:security_group
2026-05-29 22:34:03.232 8 INFO neutron.api.extensions [None req-b9e84251-783f-4fef-93ef-052a9d027875 - - - - - -] Loaded extension: port-mac-address-regenerate
2026-05-29 22:34:03.232 7 INFO neutron.quota.resource_registry [None req-42c59883-912d-4f30-9f69-7d687830d281 - - - - - -] Creating instance of TrackedResource for resource:security_group_rule
2026-05-29 22:34:03.232 8 INFO neutron.api.extensions [None req-b9e84251-783f-4fef-93ef-052a9d027875 - - - - - -] Loaded extension: port-numa-affinity-policy
2026-05-29 22:34:03.233 8 INFO neutron.api.extensions [None req-b9e84251-783f-4fef-93ef-052a9d027875 - - - - - -] Loaded extension: port-numa-affinity-policy-socket
2026-05-29 22:34:03.233 7 INFO neutron.quota.resource_registry [None req-42c59883-912d-4f30-9f69-7d687830d281 - - - - - -] Creating instance of TrackedResource for resource:subnetpool
2026-05-29 22:34:03.233 7 WARNING neutron.quota.resource_registry [None req-42c59883-912d-4f30-9f69-7d687830d281 - - - - - -] subnetpool is already registered
2026-05-29 22:34:03.233 8 INFO neutron.api.extensions [None req-b9e84251-783f-4fef-93ef-052a9d027875 - - - - - -] Loaded extension: port-resource-request
2026-05-29 22:34:03.233 7 INFO neutron.quota.resource_registry [None req-42c59883-912d-4f30-9f69-7d687830d281 - - - - - -] Creating instance of TrackedResource for resource:subnetpool
2026-05-29 22:34:03.233 7 WARNING neutron.quota.resource_registry [None req-42c59883-912d-4f30-9f69-7d687830d281 - - - - - -] subnetpool is already registered
2026-05-29 22:34:03.234 8 INFO neutron.api.extensions [None req-b9e84251-783f-4fef-93ef-052a9d027875 - - - - - -] Loaded extension: port-resource-request-groups
2026-05-29 22:34:03.234 7 INFO neutron.quota.resource_registry [None req-42c59883-912d-4f30-9f69-7d687830d281 - - - - - -] Creating instance of CountableResource for resource:trunk
2026-05-29 22:34:03.234 7 INFO neutron.quota.resource_registry [None req-42c59883-912d-4f30-9f69-7d687830d281 - - - - - -] Creating instance of CountableResource for resource:endpoint_group
2026-05-29 22:34:03.234 8 INFO neutron.api.extensions [None req-b9e84251-783f-4fef-93ef-052a9d027875 - - - - - -] Extension port-trusted-vif not supported by any of loaded plugins
2026-05-29 22:34:03.235 7 INFO neutron.quota.resource_registry [None req-42c59883-912d-4f30-9f69-7d687830d281 - - - - - -] Creating instance of CountableResource for resource:vpnservice
2026-05-29 22:34:03.235 8 INFO neutron.api.extensions [None req-b9e84251-783f-4fef-93ef-052a9d027875 - - - - - -] Loaded extension: binding
2026-05-29 22:34:03.235 7 INFO neutron.quota.resource_registry [None req-42c59883-912d-4f30-9f69-7d687830d281 - - - - - -] Creating instance of CountableResource for resource:ipsec_site_connection
2026-05-29 22:34:03.236 7 INFO neutron.quota.resource_registry [None req-42c59883-912d-4f30-9f69-7d687830d281 - - - - - -] Creating instance of CountableResource for resource:ipsecpolicy
2026-05-29 22:34:03.236 8 INFO neutron.api.extensions [None req-b9e84251-783f-4fef-93ef-052a9d027875 - - - - - -] Loaded extension: binding-extended
2026-05-29 22:34:03.236 7 INFO neutron.quota.resource_registry [None req-42c59883-912d-4f30-9f69-7d687830d281 - - - - - -] Creating instance of CountableResource for resource:ikepolicy
2026-05-29 22:34:03.236 8 INFO neutron.api.extensions [None req-b9e84251-783f-4fef-93ef-052a9d027875 - - - - - -] Loaded extension: port-security
2026-05-29 22:34:03.237 8 INFO neutron.api.extensions [None req-b9e84251-783f-4fef-93ef-052a9d027875 - - - - - -] Loaded extension: project-id
2026-05-29 22:34:03.237 8 INFO neutron.api.extensions [None req-b9e84251-783f-4fef-93ef-052a9d027875 - - - - - -] Loaded extension: provider
2026-05-29 22:34:03.239 8 INFO neutron.api.extensions [None req-b9e84251-783f-4fef-93ef-052a9d027875 - - - - - -] Loaded extension: qos
2026-05-29 22:34:03.240 7 INFO neutron.quota.resource_registry [None req-42c59883-912d-4f30-9f69-7d687830d281 - - - - - -] Creating instance of TrackedResource for resource:router
2026-05-29 22:34:03.240 7 WARNING neutron.quota.resource_registry [None req-42c59883-912d-4f30-9f69-7d687830d281 - - - - - -] router is already registered
2026-05-29 22:34:03.240 8 INFO neutron.api.extensions [None req-b9e84251-783f-4fef-93ef-052a9d027875 - - - - - -] Loaded extension: qos-bw-limit-direction
2026-05-29 22:34:03.240 7 INFO neutron.quota.resource_registry [None req-42c59883-912d-4f30-9f69-7d687830d281 - - - - - -] Creating instance of TrackedResource for resource:floatingip
2026-05-29 22:34:03.241 7 WARNING neutron.quota.resource_registry [None req-42c59883-912d-4f30-9f69-7d687830d281 - - - - - -] floatingip is already registered
2026-05-29 22:34:03.241 8 INFO neutron.api.extensions [None req-b9e84251-783f-4fef-93ef-052a9d027875 - - - - - -] Loaded extension: qos-bw-minimum-ingress
2026-05-29 22:34:03.241 8 INFO neutron.api.extensions [None req-b9e84251-783f-4fef-93ef-052a9d027875 - - - - - -] Loaded extension: qos-default
2026-05-29 22:34:03.242 8 INFO neutron.api.extensions [None req-b9e84251-783f-4fef-93ef-052a9d027875 - - - - - -] Loaded extension: qos-fip
2026-05-29 22:34:03.242 8 INFO neutron.api.extensions [None req-b9e84251-783f-4fef-93ef-052a9d027875 - - - - - -] Extension qos-fip-network-policy not supported by any of loaded plugins
2026-05-29 22:34:03.243 8 INFO neutron.api.extensions [None req-b9e84251-783f-4fef-93ef-052a9d027875 - - - - - -] Loaded extension: qos-gateway-ip
2026-05-29 22:34:03.243 8 INFO neutron.api.extensions [None req-b9e84251-783f-4fef-93ef-052a9d027875 - - - - - -] Loaded extension: qos-port-network-policy
2026-05-29 22:34:03.244 8 INFO neutron.api.extensions [None req-b9e84251-783f-4fef-93ef-052a9d027875 - - - - - -] Loaded extension: qos-pps-minimum
2026-05-29 22:34:03.244 7 INFO neutron.quota.resource_registry [None req-42c59883-912d-4f30-9f69-7d687830d281 - - - - - -] Creating instance of CountableResource for resource:rbac_policy
2026-05-29 22:34:03.244 8 INFO neutron.api.extensions [None req-b9e84251-783f-4fef-93ef-052a9d027875 - - - - - -] Loaded extension: qos-pps-minimum-rule-alias
2026-05-29 22:34:03.244 7 WARNING neutron.quota.resource_registry [None req-42c59883-912d-4f30-9f69-7d687830d281 - - - - - -] rbac_policy is already registered
2026-05-29 22:34:03.245 7 INFO neutron.quota.resource_registry [None req-42c59883-912d-4f30-9f69-7d687830d281 - - - - - -] Creating instance of TrackedResource for resource:security_group
2026-05-29 22:34:03.245 8 INFO neutron.api.extensions [None req-b9e84251-783f-4fef-93ef-052a9d027875 - - - - - -] Loaded extension: qos-pps
2026-05-29 22:34:03.245 7 WARNING neutron.quota.resource_registry [None req-42c59883-912d-4f30-9f69-7d687830d281 - - - - - -] security_group is already registered
2026-05-29 22:34:03.245 7 INFO neutron.quota.resource_registry [None req-42c59883-912d-4f30-9f69-7d687830d281 - - - - - -] Creating instance of TrackedResource for resource:security_group_rule
2026-05-29 22:34:03.245 8 INFO neutron.api.extensions [None req-b9e84251-783f-4fef-93ef-052a9d027875 - - - - - -] Loaded extension: qos-rule-type-details
2026-05-29 22:34:03.246 7 WARNING neutron.quota.resource_registry [None req-42c59883-912d-4f30-9f69-7d687830d281 - - - - - -] security_group_rule is already registered
2026-05-29 22:34:03.246 8 INFO neutron.api.extensions [None req-b9e84251-783f-4fef-93ef-052a9d027875 - - - - - -] Loaded extension: qos-rule-type-filter
2026-05-29 22:34:03.246 7 INFO neutron.quota.resource_registry [None req-42c59883-912d-4f30-9f69-7d687830d281 - - - - - -] Creating instance of TrackedResource for resource:subnetpool
2026-05-29 22:34:03.247 8 INFO neutron.api.extensions [None req-b9e84251-783f-4fef-93ef-052a9d027875 - - - - - -] Loaded extension: qos-rules-alias
2026-05-29 22:34:03.247 7 WARNING neutron.quota.resource_registry [None req-42c59883-912d-4f30-9f69-7d687830d281 - - - - - -] subnetpool is already registered
2026-05-29 22:34:03.247 7 INFO neutron.quota.resource_registry [None req-42c59883-912d-4f30-9f69-7d687830d281 - - - - - -] Creating instance of TrackedResource for resource:subnetpool
2026-05-29 22:34:03.247 8 INFO neutron.api.extensions [None req-b9e84251-783f-4fef-93ef-052a9d027875 - - - - - -] Loaded extension: quota-check-limit
2026-05-29 22:34:03.247 7 WARNING neutron.quota.resource_registry [None req-42c59883-912d-4f30-9f69-7d687830d281 - - - - - -] subnetpool is already registered
2026-05-29 22:34:03.248 7 INFO neutron.quota.resource_registry [None req-42c59883-912d-4f30-9f69-7d687830d281 - - - - - -] Creating instance of CountableResource for resource:trunk
2026-05-29 22:34:03.248 7 WARNING neutron.quota.resource_registry [None req-42c59883-912d-4f30-9f69-7d687830d281 - - - - - -] trunk is already registered
2026-05-29 22:34:03.248 7 INFO neutron.quota.resource_registry [None req-42c59883-912d-4f30-9f69-7d687830d281 - - - - - -] Creating instance of CountableResource for resource:endpoint_group
2026-05-29 22:34:03.248 7 WARNING neutron.quota.resource_registry [None req-42c59883-912d-4f30-9f69-7d687830d281 - - - - - -] endpoint_group is already registered
2026-05-29 22:34:03.249 7 INFO neutron.quota.resource_registry [None req-42c59883-912d-4f30-9f69-7d687830d281 - - - - - -] Creating instance of CountableResource for resource:vpnservice
2026-05-29 22:34:03.249 7 WARNING neutron.quota.resource_registry [None req-42c59883-912d-4f30-9f69-7d687830d281 - - - - - -] vpnservice is already registered
2026-05-29 22:34:03.249 8 INFO neutron.api.extensions [None req-b9e84251-783f-4fef-93ef-052a9d027875 - - - - - -] Loaded extension: quotas
2026-05-29 22:34:03.249 7 INFO neutron.quota.resource_registry [None req-42c59883-912d-4f30-9f69-7d687830d281 - - - - - -] Creating instance of CountableResource for resource:ipsec_site_connection
2026-05-29 22:34:03.249 7 WARNING neutron.quota.resource_registry [None req-42c59883-912d-4f30-9f69-7d687830d281 - - - - - -] ipsec_site_connection is already registered
2026-05-29 22:34:03.250 7 INFO neutron.quota.resource_registry [None req-42c59883-912d-4f30-9f69-7d687830d281 - - - - - -] Creating instance of CountableResource for resource:ipsecpolicy
2026-05-29 22:34:03.250 7 WARNING neutron.quota.resource_registry [None req-42c59883-912d-4f30-9f69-7d687830d281 - - - - - -] ipsecpolicy is already registered
2026-05-29 22:34:03.250 8 INFO neutron.api.extensions [None req-b9e84251-783f-4fef-93ef-052a9d027875 - - - - - -] Loaded extension: quota_details
2026-05-29 22:34:03.250 7 INFO neutron.quota.resource_registry [None req-42c59883-912d-4f30-9f69-7d687830d281 - - - - - -] Creating instance of CountableResource for resource:ikepolicy
2026-05-29 22:34:03.250 7 WARNING neutron.quota.resource_registry [None req-42c59883-912d-4f30-9f69-7d687830d281 - - - - - -] ikepolicy is already registered
2026-05-29 22:34:03.252 8 INFO neutron.api.extensions [None req-b9e84251-783f-4fef-93ef-052a9d027875 - - - - - -] Loaded extension: rbac-policies
2026-05-29 22:34:03.252 8 INFO neutron.api.extensions [None req-b9e84251-783f-4fef-93ef-052a9d027875 - - - - - -] Loaded extension: rbac-address-group
2026-05-29 22:34:03.253 8 INFO neutron.api.extensions [None req-b9e84251-783f-4fef-93ef-052a9d027875 - - - - - -] Loaded extension: rbac-address-scope
2026-05-29 22:34:03.253 8 INFO neutron.api.extensions [None req-b9e84251-783f-4fef-93ef-052a9d027875 - - - - - -] Loaded extension: rbac-security-groups
2026-05-29 22:34:03.254 8 INFO neutron.api.extensions [None req-b9e84251-783f-4fef-93ef-052a9d027875 - - - - - -] Loaded extension: rbac-subnetpool
2026-05-29 22:34:03.254 8 INFO neutron.api.extensions [None req-b9e84251-783f-4fef-93ef-052a9d027875 - - - - - -] Loaded extension: revision-if-match
2026-05-29 22:34:03.255 8 INFO neutron.api.extensions [None req-b9e84251-783f-4fef-93ef-052a9d027875 - - - - - -] Loaded extension: standard-attr-revisions
2026-05-29 22:34:03.255 8 INFO neutron.api.extensions [None req-b9e84251-783f-4fef-93ef-052a9d027875 - - - - - -] Loaded extension: router_availability_zone
2026-05-29 22:34:03.256 8 INFO neutron.api.extensions [None req-b9e84251-783f-4fef-93ef-052a9d027875 - - - - - -] Extension router-service-type not supported by any of loaded plugins
2026-05-29 22:34:03.258 8 INFO neutron.api.extensions [None req-b9e84251-783f-4fef-93ef-052a9d027875 - - - - - -] Loaded extension: security-groups-default-rules
2026-05-29 22:34:03.258 8 INFO neutron.api.extensions [None req-b9e84251-783f-4fef-93ef-052a9d027875 - - - - - -] Loaded extension: security-groups-normalized-cidr
2026-05-29 22:34:03.259 8 INFO neutron.api.extensions [None req-b9e84251-783f-4fef-93ef-052a9d027875 - - - - - -] Loaded extension: port-security-groups-filtering
2026-05-29 22:34:03.259 8 INFO neutron.api.extensions [None req-b9e84251-783f-4fef-93ef-052a9d027875 - - - - - -] Loaded extension: security-groups-remote-address-group
2026-05-29 22:34:03.260 8 INFO neutron.api.extensions [None req-b9e84251-783f-4fef-93ef-052a9d027875 - - - - - -] Loaded extension: security-groups-rules-belongs-to-default-sg
2026-05-29 22:34:03.260 8 INFO neutron.api.extensions [None req-b9e84251-783f-4fef-93ef-052a9d027875 - - - - - -] Loaded extension: security-groups-shared-filtering
2026-05-29 22:34:03.264 8 INFO neutron.api.extensions [None req-b9e84251-783f-4fef-93ef-052a9d027875 - - - - - -] Loaded extension: security-group
2026-05-29 22:34:03.265 8 INFO neutron.api.extensions [None req-b9e84251-783f-4fef-93ef-052a9d027875 - - - - - -] Loaded extension: segment
2026-05-29 22:34:03.266 8 INFO neutron.api.extensions [None req-b9e84251-783f-4fef-93ef-052a9d027875 - - - - - -] Loaded extension: segments-peer-subnet-host-routes
2026-05-29 22:34:03.267 8 INFO neutron.api.extensions [None req-b9e84251-783f-4fef-93ef-052a9d027875 - - - - - -] Loaded extension: service-type
2026-05-29 22:34:03.267 8 INFO neutron.api.extensions [None req-b9e84251-783f-4fef-93ef-052a9d027875 - - - - - -] Loaded extension: sorting
2026-05-29 22:34:03.268 8 INFO neutron.api.extensions [None req-b9e84251-783f-4fef-93ef-052a9d027875 - - - - - -] Loaded extension: standard-attr-segment
2026-05-29 22:34:03.268 8 INFO neutron.api.extensions [None req-b9e84251-783f-4fef-93ef-052a9d027875 - - - - - -] Loaded extension: standard-attr-description
2026-05-29 22:34:03.269 8 INFO neutron.api.extensions [None req-b9e84251-783f-4fef-93ef-052a9d027875 - - - - - -] Loaded extension: stateful-security-group
2026-05-29 22:34:03.269 8 WARNING neutron.api.extensions [None req-b9e84251-783f-4fef-93ef-052a9d027875 - - - - - -] Did not find expected name "Stdattrs_common" in /var/lib/openstack/lib/python3.12/site-packages/neutron/extensions/stdattrs_common.py
2026-05-29 22:34:03.270 8 INFO neutron.api.extensions [None req-b9e84251-783f-4fef-93ef-052a9d027875 - - - - - -] Extension subnet-dns-publish-fixed-ip not supported by any of loaded plugins
2026-05-29 22:34:03.270 8 INFO neutron.api.extensions [None req-b9e84251-783f-4fef-93ef-052a9d027875 - - - - - -] Loaded extension: subnet-external-network
2026-05-29 22:34:03.271 8 INFO neutron.api.extensions [None req-b9e84251-783f-4fef-93ef-052a9d027875 - - - - - -] Loaded extension: subnet_onboard
2026-05-29 22:34:03.271 8 INFO neutron.api.extensions [None req-b9e84251-783f-4fef-93ef-052a9d027875 - - - - - -] Loaded extension: subnet-segmentid-writable
2026-05-29 22:34:03.272 8 INFO neutron.api.extensions [None req-b9e84251-783f-4fef-93ef-052a9d027875 - - - - - -] Loaded extension: subnet-service-types
2026-05-29 22:34:03.273 8 INFO neutron.api.extensions [None req-b9e84251-783f-4fef-93ef-052a9d027875 - - - - - -] Loaded extension: subnet_allocation
2026-05-29 22:34:03.273 8 INFO neutron.api.extensions [None req-b9e84251-783f-4fef-93ef-052a9d027875 - - - - - -] Loaded extension: subnetpool-prefix-ops
2026-05-29 22:34:03.274 8 INFO neutron.api.extensions [None req-b9e84251-783f-4fef-93ef-052a9d027875 - - - - - -] Loaded extension: tag-creation
2026-05-29 22:34:03.274 8 INFO neutron.api.extensions [None req-b9e84251-783f-4fef-93ef-052a9d027875 - - - - - -] Extension tag-ports-during-bulk-creation not supported by any of loaded plugins
2026-05-29 22:34:03.278 8 INFO neutron.api.extensions [None req-b9e84251-783f-4fef-93ef-052a9d027875 - - - - - -] Loaded extension: standard-attr-tag
2026-05-29 22:34:03.278 8 INFO neutron.api.extensions [None req-b9e84251-783f-4fef-93ef-052a9d027875 - - - - - -] Loaded extension: standard-attr-timestamp
2026-05-29 22:34:03.279 8 INFO neutron.api.extensions [None req-b9e84251-783f-4fef-93ef-052a9d027875 - - - - - -] Loaded extension: trunk
2026-05-29 22:34:03.280 8 INFO neutron.api.extensions [None req-b9e84251-783f-4fef-93ef-052a9d027875 - - - - - -] Loaded extension: trunk-details
2026-05-29 22:34:03.280 8 INFO neutron.api.extensions [None req-b9e84251-783f-4fef-93ef-052a9d027875 - - - - - -] Extension uplink-status-propagation not supported by any of loaded plugins
2026-05-29 22:34:03.281 8 INFO neutron.api.extensions [None req-b9e84251-783f-4fef-93ef-052a9d027875 - - - - - -] Extension vlan-transparent not supported by any of loaded plugins
2026-05-29 22:34:03.283 8 INFO neutron.api.extensions [None req-b9e84251-783f-4fef-93ef-052a9d027875 - - - - - -] Extension vpn-agent-scheduler not supported by any of loaded plugins
2026-05-29 22:34:03.283 8 INFO neutron.api.extensions [None req-b9e84251-783f-4fef-93ef-052a9d027875 - - - - - -] Loaded extension: vpn-endpoint-groups
2026-05-29 22:34:03.284 8 INFO neutron.api.extensions [None req-b9e84251-783f-4fef-93ef-052a9d027875 - - - - - -] Loaded extension: vpn-flavors
2026-05-29 22:34:03.285 7 WARNING keystonemiddleware._common.config [None req-42c59883-912d-4f30-9f69-7d687830d281 - - - - - -] The option "audit_map_file" is not known to keystonemiddleware
2026-05-29 22:34:03.286 8 INFO neutron.api.extensions [None req-b9e84251-783f-4fef-93ef-052a9d027875 - - - - - -] Loaded extension: vpnaas
2026-05-29 22:34:03.288 8 INFO neutron.quota.resource_registry [None req-b9e84251-783f-4fef-93ef-052a9d027875 - - - - - -] Creating instance of TrackedResource for resource:network
2026-05-29 22:34:03.288 8 INFO neutron.quota.resource_registry [None req-b9e84251-783f-4fef-93ef-052a9d027875 - - - - - -] Creating instance of TrackedResource for resource:subnet
2026-05-29 22:34:03.288 8 INFO neutron.quota.resource_registry [None req-b9e84251-783f-4fef-93ef-052a9d027875 - - - - - -] Creating instance of TrackedResource for resource:subnetpool
2026-05-29 22:34:03.288 8 INFO neutron.quota.resource_registry [None req-b9e84251-783f-4fef-93ef-052a9d027875 - - - - - -] Creating instance of TrackedResource for resource:port
2026-05-29 22:34:03.291 7 WARNING oslo_config.cfg [None req-42c59883-912d-4f30-9f69-7d687830d281 - - - - - -] Deprecated: Option "auth_uri" from group "keystone_authtoken" is deprecated. Use option "www_authenticate_uri" from group "keystone_authtoken".
2026-05-29 22:34:03.291 8 INFO neutron.quota.resource_registry [None req-b9e84251-783f-4fef-93ef-052a9d027875 - - - - - -] Creating instance of TrackedResource for resource:router
2026-05-29 22:34:03.292 8 INFO neutron.quota.resource_registry [None req-b9e84251-783f-4fef-93ef-052a9d027875 - - - - - -] Creating instance of TrackedResource for resource:floatingip WSGI app 0 (mountpoint='') ready in 8 seconds on interpreter 0x7f51ee3f1668 pid: 7 (default app)
2026-05-29 22:34:03.296 8 INFO neutron.quota.resource_registry [None req-b9e84251-783f-4fef-93ef-052a9d027875 - - - - - -] Creating instance of CountableResource for resource:rbac_policy
2026-05-29 22:34:03.297 8 INFO neutron.quota.resource_registry [None req-b9e84251-783f-4fef-93ef-052a9d027875 - - - - - -] Creating instance of TrackedResource for resource:security_group
2026-05-29 22:34:03.297 8 INFO neutron.quota.resource_registry [None req-b9e84251-783f-4fef-93ef-052a9d027875 - - - - - -] Creating instance of TrackedResource for resource:security_group_rule
2026-05-29 22:34:03.298 8 INFO neutron.quota.resource_registry [None req-b9e84251-783f-4fef-93ef-052a9d027875 - - - - - -] Creating instance of TrackedResource for resource:subnetpool
2026-05-29 22:34:03.298 8 WARNING neutron.quota.resource_registry [None req-b9e84251-783f-4fef-93ef-052a9d027875 - - - - - -] subnetpool is already registered
2026-05-29 22:34:03.299 8 INFO neutron.quota.resource_registry [None req-b9e84251-783f-4fef-93ef-052a9d027875 - - - - - -] Creating instance of TrackedResource for resource:subnetpool
2026-05-29 22:34:03.299 8 WARNING neutron.quota.resource_registry [None req-b9e84251-783f-4fef-93ef-052a9d027875 - - - - - -] subnetpool is already registered
2026-05-29 22:34:03.299 8 INFO neutron.quota.resource_registry [None req-b9e84251-783f-4fef-93ef-052a9d027875 - - - - - -] Creating instance of CountableResource for resource:trunk
2026-05-29 22:34:03.300 8 INFO neutron.quota.resource_registry [None req-b9e84251-783f-4fef-93ef-052a9d027875 - - - - - -] Creating instance of CountableResource for resource:endpoint_group
2026-05-29 22:34:03.300 8 INFO neutron.quota.resource_registry [None req-b9e84251-783f-4fef-93ef-052a9d027875 - - - - - -] Creating instance of CountableResource for resource:vpnservice
2026-05-29 22:34:03.301 8 INFO neutron.quota.resource_registry [None req-b9e84251-783f-4fef-93ef-052a9d027875 - - - - - -] Creating instance of CountableResource for resource:ipsec_site_connection
2026-05-29 22:34:03.301 8 INFO neutron.quota.resource_registry [None req-b9e84251-783f-4fef-93ef-052a9d027875 - - - - - -] Creating instance of CountableResource for resource:ipsecpolicy
2026-05-29 22:34:03.302 8 INFO neutron.quota.resource_registry [None req-b9e84251-783f-4fef-93ef-052a9d027875 - - - - - -] Creating instance of CountableResource for resource:ikepolicy
2026-05-29 22:34:03.305 8 INFO neutron.quota.resource_registry [None req-b9e84251-783f-4fef-93ef-052a9d027875 - - - - - -] Creating instance of TrackedResource for resource:router
2026-05-29 22:34:03.305 8 WARNING neutron.quota.resource_registry [None req-b9e84251-783f-4fef-93ef-052a9d027875 - - - - - -] router is already registered
2026-05-29 22:34:03.306 8 INFO neutron.quota.resource_registry [None req-b9e84251-783f-4fef-93ef-052a9d027875 - - - - - -] Creating instance of TrackedResource for resource:floatingip
2026-05-29 22:34:03.306 8 WARNING neutron.quota.resource_registry [None req-b9e84251-783f-4fef-93ef-052a9d027875 - - - - - -] floatingip is already registered
2026-05-29 22:34:03.310 8 INFO neutron.quota.resource_registry [None req-b9e84251-783f-4fef-93ef-052a9d027875 - - - - - -] Creating instance of CountableResource for resource:rbac_policy
2026-05-29 22:34:03.310 8 WARNING neutron.quota.resource_registry [None req-b9e84251-783f-4fef-93ef-052a9d027875 - - - - - -] rbac_policy is already registered
2026-05-29 22:34:03.310 8 INFO neutron.quota.resource_registry [None req-b9e84251-783f-4fef-93ef-052a9d027875 - - - - - -] Creating instance of TrackedResource for resource:security_group
2026-05-29 22:34:03.311 8 WARNING neutron.quota.resource_registry [None req-b9e84251-783f-4fef-93ef-052a9d027875 - - - - - -] security_group is already registered
2026-05-29 22:34:03.311 8 INFO neutron.quota.resource_registry [None req-b9e84251-783f-4fef-93ef-052a9d027875 - - - - - -] Creating instance of TrackedResource for resource:security_group_rule
2026-05-29 22:34:03.311 8 WARNING neutron.quota.resource_registry [None req-b9e84251-783f-4fef-93ef-052a9d027875 - - - - - -] security_group_rule is already registered
2026-05-29 22:34:03.312 8 INFO neutron.quota.resource_registry [None req-b9e84251-783f-4fef-93ef-052a9d027875 - - - - - -] Creating instance of TrackedResource for resource:subnetpool
2026-05-29 22:34:03.312 8 WARNING neutron.quota.resource_registry [None req-b9e84251-783f-4fef-93ef-052a9d027875 - - - - - -] subnetpool is already registered
2026-05-29 22:34:03.312 8 INFO neutron.quota.resource_registry [None req-b9e84251-783f-4fef-93ef-052a9d027875 - - - - - -] Creating instance of TrackedResource for resource:subnetpool
2026-05-29 22:34:03.313 8 WARNING neutron.quota.resource_registry [None req-b9e84251-783f-4fef-93ef-052a9d027875 - - - - - -] subnetpool is already registered
2026-05-29 22:34:03.313 8 INFO neutron.quota.resource_registry [None req-b9e84251-783f-4fef-93ef-052a9d027875 - - - - - -] Creating instance of CountableResource for resource:trunk
2026-05-29 22:34:03.313 8 WARNING neutron.quota.resource_registry [None req-b9e84251-783f-4fef-93ef-052a9d027875 - - - - - -] trunk is already registered
2026-05-29 22:34:03.314 8 INFO neutron.quota.resource_registry [None req-b9e84251-783f-4fef-93ef-052a9d027875 - - - - - -] Creating instance of CountableResource for resource:endpoint_group
2026-05-29 22:34:03.314 8 WARNING neutron.quota.resource_registry [None req-b9e84251-783f-4fef-93ef-052a9d027875 - - - - - -] endpoint_group is already registered
2026-05-29 22:34:03.314 8 INFO neutron.quota.resource_registry [None req-b9e84251-783f-4fef-93ef-052a9d027875 - - - - - -] Creating instance of CountableResource for resource:vpnservice
2026-05-29 22:34:03.314 8 WARNING neutron.quota.resource_registry [None req-b9e84251-783f-4fef-93ef-052a9d027875 - - - - - -] vpnservice is already registered
2026-05-29 22:34:03.315 8 INFO neutron.quota.resource_registry [None req-b9e84251-783f-4fef-93ef-052a9d027875 - - - - - -] Creating instance of CountableResource for resource:ipsec_site_connection
2026-05-29 22:34:03.315 8 WARNING neutron.quota.resource_registry [None req-b9e84251-783f-4fef-93ef-052a9d027875 - - - - - -] ipsec_site_connection is already registered
2026-05-29 22:34:03.315 8 INFO neutron.quota.resource_registry [None req-b9e84251-783f-4fef-93ef-052a9d027875 - - - - - -] Creating instance of CountableResource for resource:ipsecpolicy
2026-05-29 22:34:03.316 8 WARNING neutron.quota.resource_registry [None req-b9e84251-783f-4fef-93ef-052a9d027875 - - - - - -] ipsecpolicy is already registered
2026-05-29 22:34:03.316 8 INFO neutron.quota.resource_registry [None req-b9e84251-783f-4fef-93ef-052a9d027875 - - - - - -] Creating instance of CountableResource for resource:ikepolicy
2026-05-29 22:34:03.316 8 WARNING neutron.quota.resource_registry [None req-b9e84251-783f-4fef-93ef-052a9d027875 - - - - - -] ikepolicy is already registered
2026-05-29 22:34:03.350 8 WARNING keystonemiddleware._common.config [None req-b9e84251-783f-4fef-93ef-052a9d027875 - - - - - -] The option "audit_map_file" is not known to keystonemiddleware
2026-05-29 22:34:03.356 8 WARNING oslo_config.cfg [None req-b9e84251-783f-4fef-93ef-052a9d027875 - - - - - -] Deprecated: Option "auth_uri" from group "keystone_authtoken" is deprecated. Use option "www_authenticate_uri" from group "keystone_authtoken". WSGI app 0 (mountpoint='') ready in 8 seconds on interpreter 0x7f51ee3f1668 pid: 8 (default app) /var/lib/openstack/lib/python3.12/site-packages/pycadf/identifier.py:71: UserWarning: Invalid uuid: unknown. To ensure interoperability, identifiers should be a valid uuid. warnings.warn(('Invalid uuid: %s. To ensure interoperability, '
2026-05-29 22:34:07.684 7 INFO neutron.pecan_wsgi.hooks.translation [None req-1edc1d21-02d6-4890-aaa3-5e75f067a1c1 8fe12dbac6e245efab40dd8cc5d2d2b7 e6b8f89f223847b188bcb127ece83440 - - default default] GET failed (client error): The resource could not be found. [pid: 7|app: 0|req: 4/4] 199.204.45.238 () {44 vars in 927 bytes} [Fri May 29 22:34:07 2026] GET /v2.0/networks/public => generated 108 bytes in 649 msecs (HTTP/1.1 404) 4 headers in 164 bytes (1 switches on core 0) /var/lib/openstack/lib/python3.12/site-packages/pycadf/identifier.py:71: UserWarning: Invalid uuid: unknown. To ensure interoperability, identifiers should be a valid uuid. warnings.warn(('Invalid uuid: %s. To ensure interoperability, ' [pid: 8|app: 0|req: 1/5] 199.204.45.238 () {44 vars in 949 bytes} [Fri May 29 22:34:07 2026] GET /v2.0/networks?name=public => generated 15 bytes in 255 msecs (HTTP/1.1 200) 4 headers in 156 bytes (1 switches on core 0)
2026-05-29 22:34:08.306 7 WARNING neutron.services.revisions.revision_plugin [None req-4b1e8985-0b01-4b1a-a390-7c338f1d4f0d 8fe12dbac6e245efab40dd8cc5d2d2b7 e6b8f89f223847b188bcb127ece83440 - - default default] Could not find related network for resource to bump revision.
2026-05-29 22:34:08.327 7 INFO neutron.db.segments_db [None req-4b1e8985-0b01-4b1a-a390-7c338f1d4f0d 8fe12dbac6e245efab40dd8cc5d2d2b7 e6b8f89f223847b188bcb127ece83440 - - default default] Added segment 4d641356-9397-45f7-a69c-24f6d65f8d2b of type flat for network 771e25a0-721e-4626-a5ae-5f2aab84e03a
2026-05-29 22:34:08.367 7 INFO neutron.pecan_wsgi.hooks.translation [None req-4b1e8985-0b01-4b1a-a390-7c338f1d4f0d 8fe12dbac6e245efab40dd8cc5d2d2b7 e6b8f89f223847b188bcb127ece83440 - - default default] POST failed (client error): The resource could not be found. [pid: 7|app: 0|req: 5/6] 199.204.45.238 () {48 vars in 967 bytes} [Fri May 29 22:34:07 2026] POST /v2.0/networks => generated 124 bytes in 432 msecs (HTTP/1.1 404) 4 headers in 164 bytes (1 switches on core 0)
2026-05-29 22:34:14.645 8 INFO neutron.pecan_wsgi.hooks.translation [None req-15a01547-75be-49cd-9310-0919884ee091 8fe12dbac6e245efab40dd8cc5d2d2b7 e6b8f89f223847b188bcb127ece83440 - - default default] GET failed (client error): The resource could not be found. [pid: 8|app: 0|req: 2/7] 199.204.45.238 () {44 vars in 927 bytes} [Fri May 29 22:34:14 2026] GET /v2.0/networks/public => generated 108 bytes in 405 msecs (HTTP/1.1 404) 4 headers in 164 bytes (1 switches on core 0) [pid: 7|app: 0|req: 6/8] 199.204.45.238 () {44 vars in 949 bytes} [Fri May 29 22:34:14 2026] GET /v2.0/networks?name=public => generated 15 bytes in 21 msecs (HTTP/1.1 200) 4 headers in 156 bytes (1 switches on core 0)
2026-05-29 22:34:14.909 8 WARNING neutron.services.revisions.revision_plugin [None req-487b8340-b29c-43db-9ed7-391c5ac73ee0 8fe12dbac6e245efab40dd8cc5d2d2b7 e6b8f89f223847b188bcb127ece83440 - - default default] Could not find related network for resource to bump revision.
2026-05-29 22:34:14.930 8 INFO neutron.db.segments_db [None req-487b8340-b29c-43db-9ed7-391c5ac73ee0 8fe12dbac6e245efab40dd8cc5d2d2b7 e6b8f89f223847b188bcb127ece83440 - - default default] Added segment 2498e4a8-d5c2-4613-a9b1-0845b877967d of type flat for network d2fd1607-00b6-4305-b876-02609c2f22d7
2026-05-29 22:34:14.983 8 INFO neutron.pecan_wsgi.hooks.translation [None req-487b8340-b29c-43db-9ed7-391c5ac73ee0 8fe12dbac6e245efab40dd8cc5d2d2b7 e6b8f89f223847b188bcb127ece83440 - - default default] POST failed (client error): The resource could not be found. [pid: 8|app: 0|req: 3/9] 199.204.45.238 () {48 vars in 967 bytes} [Fri May 29 22:34:14 2026] POST /v2.0/networks => generated 124 bytes in 323 msecs (HTTP/1.1 404) 4 headers in 164 bytes (1 switches on core 0)
2026-05-29 22:34:20.832 8 INFO neutron.pecan_wsgi.hooks.translation [None req-19517678-b4c3-4e6e-95f2-090c67ce2563 8fe12dbac6e245efab40dd8cc5d2d2b7 e6b8f89f223847b188bcb127ece83440 - - default default] GET failed (client error): The resource could not be found. [pid: 8|app: 0|req: 4/11] 199.204.45.238 () {44 vars in 927 bytes} [Fri May 29 22:34:20 2026] GET /v2.0/networks/public => generated 108 bytes in 40 msecs (HTTP/1.1 404) 4 headers in 164 bytes (1 switches on core 0) [pid: 7|app: 0|req: 8/12] 199.204.45.238 () {44 vars in 949 bytes} [Fri May 29 22:34:20 2026] GET /v2.0/networks?name=public => generated 15 bytes in 14 msecs (HTTP/1.1 200) 4 headers in 156 bytes (1 switches on core 0)
2026-05-29 22:34:20.903 8 WARNING neutron.services.revisions.revision_plugin [None req-1060547b-2747-49bc-b94e-88f49e75e6f2 8fe12dbac6e245efab40dd8cc5d2d2b7 e6b8f89f223847b188bcb127ece83440 - - default default] Could not find related network for resource to bump revision.
2026-05-29 22:34:20.917 8 INFO neutron.db.segments_db [None req-1060547b-2747-49bc-b94e-88f49e75e6f2 8fe12dbac6e245efab40dd8cc5d2d2b7 e6b8f89f223847b188bcb127ece83440 - - default default] Added segment 036f196b-68f4-47ea-8ba6-5a78c291af88 of type flat for network 05d41262-c901-4dff-9c56-7e2de35bc318
2026-05-29 22:34:20.949 8 INFO neutron.pecan_wsgi.hooks.translation [None req-1060547b-2747-49bc-b94e-88f49e75e6f2 8fe12dbac6e245efab40dd8cc5d2d2b7 e6b8f89f223847b188bcb127ece83440 - - default default] POST failed (client error): The resource could not be found. [pid: 8|app: 0|req: 5/13] 199.204.45.238 () {48 vars in 967 bytes} [Fri May 29 22:34:20 2026] POST /v2.0/networks => generated 124 bytes in 103 msecs (HTTP/1.1 404) 4 headers in 164 bytes (1 switches on core 0)
2026-05-29 22:34:26.787 7 INFO neutron.pecan_wsgi.hooks.translation [None req-dc743eea-bbbd-4439-8074-e43fe77127f2 8fe12dbac6e245efab40dd8cc5d2d2b7 e6b8f89f223847b188bcb127ece83440 - - default default] GET failed (client error): The resource could not be found. [pid: 7|app: 0|req: 9/14] 199.204.45.238 () {44 vars in 927 bytes} [Fri May 29 22:34:26 2026] GET /v2.0/networks/public => generated 108 bytes in 42 msecs (HTTP/1.1 404) 4 headers in 164 bytes (1 switches on core 0) [pid: 8|app: 0|req: 6/15] 199.204.45.238 () {44 vars in 949 bytes} [Fri May 29 22:34:26 2026] GET /v2.0/networks?name=public => generated 15 bytes in 14 msecs (HTTP/1.1 200) 4 headers in 156 bytes (1 switches on core 0)
2026-05-29 22:34:26.861 7 WARNING neutron.services.revisions.revision_plugin [None req-dad9528b-0d39-4940-85a0-0f3270fe8b5d 8fe12dbac6e245efab40dd8cc5d2d2b7 e6b8f89f223847b188bcb127ece83440 - - default default] Could not find related network for resource to bump revision.
2026-05-29 22:34:26.880 7 INFO neutron.db.segments_db [None req-dad9528b-0d39-4940-85a0-0f3270fe8b5d 8fe12dbac6e245efab40dd8cc5d2d2b7 e6b8f89f223847b188bcb127ece83440 - - default default] Added segment 4b5b256f-362a-42a9-ba15-14b3ca9ae268 of type flat for network 0550983d-ae0b-4826-90b5-f871c8c3656f
2026-05-29 22:34:26.906 7 INFO neutron.pecan_wsgi.hooks.translation [None req-dad9528b-0d39-4940-85a0-0f3270fe8b5d 8fe12dbac6e245efab40dd8cc5d2d2b7 e6b8f89f223847b188bcb127ece83440 - - default default] POST failed (client error): The resource could not be found. [pid: 7|app: 0|req: 10/16] 199.204.45.238 () {48 vars in 967 bytes} [Fri May 29 22:34:26 2026] POST /v2.0/networks => generated 124 bytes in 105 msecs (HTTP/1.1 404) 4 headers in 164 bytes (1 switches on core 0)
2026-05-29 22:34:32.827 7 INFO neutron.pecan_wsgi.hooks.translation [None req-1303fd0e-d080-4dd1-ba1c-78e7419e79c8 8fe12dbac6e245efab40dd8cc5d2d2b7 e6b8f89f223847b188bcb127ece83440 - - default default] GET failed (client error): The resource could not be found. [pid: 7|app: 0|req: 11/18] 199.204.45.238 () {44 vars in 927 bytes} [Fri May 29 22:34:32 2026] GET /v2.0/networks/public => generated 108 bytes in 55 msecs (HTTP/1.1 404) 4 headers in 164 bytes (1 switches on core 0) [pid: 8|app: 0|req: 8/19] 199.204.45.238 () {44 vars in 949 bytes} [Fri May 29 22:34:32 2026] GET /v2.0/networks?name=public => generated 15 bytes in 11 msecs (HTTP/1.1 200) 4 headers in 156 bytes (1 switches on core 0)
2026-05-29 22:34:32.902 7 WARNING neutron.services.revisions.revision_plugin [None req-eabe7460-7a06-45da-a265-a26303d5a8a8 8fe12dbac6e245efab40dd8cc5d2d2b7 e6b8f89f223847b188bcb127ece83440 - - default default] Could not find related network for resource to bump revision.
2026-05-29 22:34:32.921 7 INFO neutron.db.segments_db [None req-eabe7460-7a06-45da-a265-a26303d5a8a8 8fe12dbac6e245efab40dd8cc5d2d2b7 e6b8f89f223847b188bcb127ece83440 - - default default] Added segment 782584b8-d38a-4908-8165-eb059ce512d5 of type flat for network a22fe9a8-5f0d-4589-bcf0-093c609630dc
2026-05-29 22:34:32.948 7 INFO neutron.pecan_wsgi.hooks.translation [None req-eabe7460-7a06-45da-a265-a26303d5a8a8 8fe12dbac6e245efab40dd8cc5d2d2b7 e6b8f89f223847b188bcb127ece83440 - - default default] POST failed (client error): The resource could not be found. [pid: 7|app: 0|req: 12/20] 199.204.45.238 () {48 vars in 967 bytes} [Fri May 29 22:34:32 2026] POST /v2.0/networks => generated 124 bytes in 110 msecs (HTTP/1.1 404) 4 headers in 164 bytes (1 switches on core 0)
2026-05-29 22:34:38.811 8 INFO neutron.pecan_wsgi.hooks.translation [None req-080d736e-2aad-451a-9879-a1480754c78c 8fe12dbac6e245efab40dd8cc5d2d2b7 e6b8f89f223847b188bcb127ece83440 - - default default] GET failed (client error): The resource could not be found. [pid: 8|app: 0|req: 9/21] 199.204.45.238 () {44 vars in 927 bytes} [Fri May 29 22:34:38 2026] GET /v2.0/networks/public => generated 108 bytes in 49 msecs (HTTP/1.1 404) 4 headers in 164 bytes (1 switches on core 0) [pid: 7|app: 0|req: 13/22] 199.204.45.238 () {44 vars in 949 bytes} [Fri May 29 22:34:38 2026] GET /v2.0/networks?name=public => generated 15 bytes in 16 msecs (HTTP/1.1 200) 4 headers in 156 bytes (1 switches on core 0)
2026-05-29 22:34:39.529 8 WARNING neutron.services.revisions.revision_plugin [None req-77a1e125-fd94-4d02-afbb-89e88c4292ae 8fe12dbac6e245efab40dd8cc5d2d2b7 e6b8f89f223847b188bcb127ece83440 - - default default] Could not find related network for resource to bump revision.
2026-05-29 22:34:40.648 8 INFO neutron.db.segments_db [None req-77a1e125-fd94-4d02-afbb-89e88c4292ae 8fe12dbac6e245efab40dd8cc5d2d2b7 e6b8f89f223847b188bcb127ece83440 - - default default] Added segment 4880d571-a336-4693-8978-5ca26b3794ff of type flat for network 616f1b18-0fc4-4cac-bb33-3ba8420eb2e3 [pid: 8|app: 0|req: 10/23] 199.204.45.238 () {48 vars in 967 bytes} [Fri May 29 22:34:38 2026] POST /v2.0/networks => generated 706 bytes in 2469 msecs (HTTP/1.1 201) 4 headers in 162 bytes (1 switches on core 0)
2026-05-29 22:34:42.450 7 INFO neutron.pecan_wsgi.hooks.translation [None req-6e939284-a8b6-44fa-b915-2441a79573cc 8fe12dbac6e245efab40dd8cc5d2d2b7 e6b8f89f223847b188bcb127ece83440 - - default default] GET failed (client error): The resource could not be found. [pid: 7|app: 0|req: 14/24] 199.204.45.238 () {44 vars in 927 bytes} [Fri May 29 22:34:42 2026] GET /v2.0/networks/public => generated 108 bytes in 60 msecs (HTTP/1.1 404) 4 headers in 164 bytes (1 switches on core 0) [pid: 8|app: 0|req: 11/25] 199.204.45.238 () {44 vars in 949 bytes} [Fri May 29 22:34:42 2026] GET /v2.0/networks?name=public => generated 709 bytes in 38 msecs (HTTP/1.1 200) 4 headers in 157 bytes (1 switches on core 0)
2026-05-29 22:34:42.525 7 INFO neutron.pecan_wsgi.hooks.translation [None req-db540e57-3361-488b-a6b9-5eac339c3c10 8fe12dbac6e245efab40dd8cc5d2d2b7 e6b8f89f223847b188bcb127ece83440 - - default default] GET failed (client error): The resource could not be found. [pid: 7|app: 0|req: 15/26] 199.204.45.238 () {44 vars in 1034 bytes} [Fri May 29 22:34:42 2026] GET /v2.0/subnets/public-subnet?network_id=616f1b18-0fc4-4cac-bb33-3ba8420eb2e3 => generated 113 bytes in 24 msecs (HTTP/1.1 404) 4 headers in 164 bytes (1 switches on core 0) [pid: 8|app: 0|req: 12/27] 199.204.45.238 () {44 vars in 1057 bytes} [Fri May 29 22:34:42 2026] GET /v2.0/subnets?name=public-subnet&network_id=616f1b18-0fc4-4cac-bb33-3ba8420eb2e3 => generated 14 bytes in 26 msecs (HTTP/1.1 200) 4 headers in 156 bytes (1 switches on core 0) [pid: 7|app: 0|req: 16/28] 199.204.45.238 () {48 vars in 965 bytes} [Fri May 29 22:34:42 2026] POST /v2.0/subnets => generated 664 bytes in 543 msecs (HTTP/1.1 201) 4 headers in 162 bytes (1 switches on core 0)
2026-05-29 22:39:17.326 8 ERROR oslo.messaging._drivers.impl_rabbit [-] [691dfb80-945b-4206-9e40-c21d5bc82f81] AMQP server on rabbitmq-neutron.openstack.svc.cluster.local:5672 is unreachable: . Trying again in 1 seconds.: amqp.exceptions.RecoverableConnectionError:
2026-05-29 22:39:17.327 8 INFO oslo.messaging._drivers.impl_rabbit [-] A recoverable connection/channel error occurred, trying to reconnect: Server unexpectedly closed connection Fri May 29 22:39:17 2026 - SIGPIPE: writing to a closed pipe/socket/fd (probably the client disconnected) on request /v2.0/networks/lb-mgmt-net (ip 199.204.45.238) !!!
2026-05-29 22:39:17.442 8 INFO neutron.pecan_wsgi.hooks.translation [None req-aef241d1-f9d8-49f2-8e4d-25261bb1d476 8fe12dbac6e245efab40dd8cc5d2d2b7 e6b8f89f223847b188bcb127ece83440 - - default default] GET failed (client error): The resource could not be found. [pid: 8|app: 0|req: 32/66] 199.204.45.238 () {44 vars in 937 bytes} [Fri May 29 22:39:17 2026] GET /v2.0/networks/lb-mgmt-net => generated 113 bytes in 122 msecs (HTTP/1.1 404) 4 headers in 164 bytes (1 switches on core 0)
2026-05-29 22:39:17.454 7 ERROR oslo.messaging._drivers.impl_rabbit [-] [8268d358-ae27-4c70-98e3-15dfb84c165d] AMQP server on rabbitmq-neutron.openstack.svc.cluster.local:5672 is unreachable: . Trying again in 1 seconds.: amqp.exceptions.RecoverableConnectionError:
2026-05-29 22:39:17.456 7 INFO oslo.messaging._drivers.impl_rabbit [-] A recoverable connection/channel error occurred, trying to reconnect: Server unexpectedly closed connection Fri May 29 22:39:17 2026 - SIGPIPE: writing to a closed pipe/socket/fd (probably the client disconnected) on request /v2.0/networks?name=lb-mgmt-net (ip 199.204.45.238) !!! [pid: 7|app: 0|req: 35/67] 199.204.45.238 () {44 vars in 959 bytes} [Fri May 29 22:39:17 2026] GET /v2.0/networks?name=lb-mgmt-net => generated 15 bytes in 24 msecs (HTTP/1.1 200) 4 headers in 156 bytes (1 switches on core 0)
2026-05-29 22:39:17.533 8 INFO neutron.db.segments_db [None req-63042795-8ab1-4411-82f5-36742d248d76 8fe12dbac6e245efab40dd8cc5d2d2b7 e6b8f89f223847b188bcb127ece83440 - - default default] Added segment 37b39b44-ac43-4162-8214-16360d187ebd of type vxlan for network 21ab38df-7d8f-4386-bec4-5f563bf1e9ee [pid: 8|app: 0|req: 33/68] 199.204.45.238 () {48 vars in 966 bytes} [Fri May 29 22:39:17 2026] POST /v2.0/networks => generated 707 bytes in 150 msecs (HTTP/1.1 201) 4 headers in 162 bytes (1 switches on core 0)
2026-05-29 22:39:18.495 7 INFO oslo.messaging._drivers.impl_rabbit [-] [8268d358-ae27-4c70-98e3-15dfb84c165d] Reconnected to AMQP server on rabbitmq-neutron.openstack.svc.cluster.local:5672 via [amqp] client with port 41992.
2026-05-29 22:39:18.530 7 INFO neutron.pecan_wsgi.hooks.translation [None req-2807280e-877c-4e87-b7b8-d379f22deeea 8fe12dbac6e245efab40dd8cc5d2d2b7 e6b8f89f223847b188bcb127ece83440 - - default default] GET failed (client error): The resource could not be found. [pid: 7|app: 0|req: 36/69] 199.204.45.238 () {44 vars in 937 bytes} [Fri May 29 22:39:18 2026] GET /v2.0/networks/lb-mgmt-net => generated 113 bytes in 56 msecs (HTTP/1.1 404) 4 headers in 164 bytes (1 switches on core 0)
2026-05-29 22:39:18.709 8 INFO oslo.messaging._drivers.impl_rabbit [-] [691dfb80-945b-4206-9e40-c21d5bc82f81] Reconnected to AMQP server on rabbitmq-neutron.openstack.svc.cluster.local:5672 via [amqp] client with port 41996. [pid: 8|app: 0|req: 34/70] 199.204.45.238 () {44 vars in 959 bytes} [Fri May 29 22:39:18 2026] GET /v2.0/networks?name=lb-mgmt-net => generated 691 bytes in 184 msecs (HTTP/1.1 200) 4 headers in 157 bytes (1 switches on core 0)
2026-05-29 22:39:18.736 7 INFO neutron.pecan_wsgi.hooks.translation [None req-e9b8ce69-367d-4a77-ad42-2f8c22a3bc52 8fe12dbac6e245efab40dd8cc5d2d2b7 e6b8f89f223847b188bcb127ece83440 - - default default] GET failed (client error): The resource could not be found. [pid: 7|app: 0|req: 37/71] 199.204.45.238 () {44 vars in 1036 bytes} [Fri May 29 22:39:18 2026] GET /v2.0/subnets/lb-mgmt-subnet?network_id=21ab38df-7d8f-4386-bec4-5f563bf1e9ee => generated 114 bytes in 10 msecs (HTTP/1.1 404) 4 headers in 164 bytes (1 switches on core 0) [pid: 8|app: 0|req: 35/72] 199.204.45.238 () {44 vars in 1059 bytes} [Fri May 29 22:39:18 2026] GET /v2.0/subnets?name=lb-mgmt-subnet&network_id=21ab38df-7d8f-4386-bec4-5f563bf1e9ee => generated 14 bytes in 13 msecs (HTTP/1.1 200) 4 headers in 156 bytes (1 switches on core 0) [pid: 7|app: 0|req: 38/73] 199.204.45.238 () {48 vars in 965 bytes} [Fri May 29 22:39:18 2026] POST /v2.0/subnets => generated 651 bytes in 179 msecs (HTTP/1.1 201) 4 headers in 162 bytes (1 switches on core 0)
