2026-02-25 20:51:49.884 8 INFO neutron.api.v2.resource [None req-f8e0eae4-0cbb-4612-8832-62900446b9fb 5d84ad96d80b484d8c51690ff5c96f6a add572c8db084315a0f2b75171de0dfb - - default default] show failed (client error): The resource could not be found. [pid: 8|app: 0|req: 1672/3545] 10.0.0.18 () {32 vars in 727 bytes} [Wed Feb 25 20:51:49 2026] GET /v2.0/floatingips/42513938-8852-4373-b35b-916e02c89319 => generated 144 bytes in 29 msecs (HTTP/1.1 404) 4 headers in 164 bytes (1 switches on core 0) [pid: 7|app: 0|req: 1874/3546] 10.0.0.227 () {34 vars in 989 bytes} [Wed Feb 25 20:51:50 2026] GET /v2.0/ports?device_id=49766422-3c1a-447b-9b15-421b0c631246 => generated 1196 bytes in 81 msecs (HTTP/1.1 200) 4 headers in 158 bytes (1 switches on core 0) [pid: 8|app: 0|req: 1673/3547] 10.0.0.227 () {34 vars in 1039 bytes} [Wed Feb 25 20:51:50 2026] GET /v2.0/security-groups?id=8fd9905f-563e-4b1d-b26e-a0abfcf14aab&fields=id&fields=name => generated 112 bytes in 31 msecs (HTTP/1.1 200) 4 headers in 157 bytes (1 switches on core 0) [pid: 7|app: 0|req: 1875/3548] 199.204.45.244 () {34 vars in 1079 bytes} [Wed Feb 25 20:51:50 2026] GET /v2.0/ports?tenant_id=add572c8db084315a0f2b75171de0dfb&device_id=49766422-3c1a-447b-9b15-421b0c631246 => generated 1434 bytes in 50 msecs (HTTP/1.1 200) 4 headers in 158 bytes (1 switches on core 0) [pid: 8|app: 0|req: 1674/3549] 199.204.45.244 () {34 vars in 985 bytes} [Wed Feb 25 20:51:50 2026] GET /v2.0/networks?id=1ee1b44b-2096-4864-871f-06368fdf1e54 => generated 803 bytes in 50 msecs (HTTP/1.1 200) 4 headers in 157 bytes (1 switches on core 0) [pid: 7|app: 0|req: 1876/3550] 199.204.45.244 () {34 vars in 1057 bytes} [Wed Feb 25 20:51:50 2026] GET /v2.0/floatingips?fixed_ip_address=10.2.1.143&port_id=c5df0b04-866c-41aa-9fd4-31a89203981f => generated 19 bytes in 25 msecs (HTTP/1.1 200) 4 headers in 156 bytes (1 switches on core 0) [pid: 8|app: 0|req: 1675/3551] 199.204.45.244 () {34 vars in 1101 bytes} [Wed Feb 25 20:51:50 2026] GET /v2.0/floatingips?fixed_ip_address=fd7b%3Af9f7%3Afff%3A4eca%3A%3A1a&port_id=c5df0b04-866c-41aa-9fd4-31a89203981f => generated 19 bytes in 20 msecs (HTTP/1.1 200) 4 headers in 156 bytes (1 switches on core 0) [pid: 7|app: 0|req: 1877/3552] 199.204.45.244 () {34 vars in 1063 bytes} [Wed Feb 25 20:51:50 2026] GET /v2.0/subnets?id=c1460391-5fec-478e-9b64-5d21cf315852&id=66081748-95c3-462f-82f8-e21915bfe192 => generated 1410 bytes in 34 msecs (HTTP/1.1 200) 4 headers in 158 bytes (1 switches on core 0) [pid: 8|app: 0|req: 1676/3553] 199.204.45.244 () {34 vars in 1051 bytes} [Wed Feb 25 20:51:50 2026] GET /v2.0/ports?network_id=1ee1b44b-2096-4864-871f-06368fdf1e54&device_owner=network%3Adhcp => generated 12 bytes in 21 msecs (HTTP/1.1 200) 4 headers in 156 bytes (1 switches on core 0) [pid: 7|app: 0|req: 1878/3554] 199.204.45.244 () {34 vars in 1051 bytes} [Wed Feb 25 20:51:50 2026] GET /v2.0/ports?network_id=1ee1b44b-2096-4864-871f-06368fdf1e54&device_owner=network%3Adhcp => generated 12 bytes in 20 msecs (HTTP/1.1 200) 4 headers in 156 bytes (1 switches on core 0) [pid: 8|app: 0|req: 1677/3555] 199.204.45.244 () {34 vars in 1011 bytes} [Wed Feb 25 20:51:50 2026] GET /v2.0/networks/1ee1b44b-2096-4864-871f-06368fdf1e54?fields=segments => generated 14 bytes in 49 msecs (HTTP/1.1 200) 4 headers in 156 bytes (1 switches on core 0) [pid: 7|app: 0|req: 1879/3556] 199.204.45.244 () {34 vars in 1111 bytes} [Wed Feb 25 20:51:50 2026] GET /v2.0/networks/1ee1b44b-2096-4864-871f-06368fdf1e54?fields=provider%3Aphysical_network&fields=provider%3Anetwork_type => generated 79 bytes in 59 msecs (HTTP/1.1 200) 4 headers in 156 bytes (1 switches on core 0)
2026-02-25 20:51:51.118 8 INFO neutron.plugins.ml2.drivers.ovn.mech_driver.mech_driver [None req-b164b71a-b5cd-421e-869f-90d2e39edea6 - - - - - -] OVN reports status down for port: c5df0b04-866c-41aa-9fd4-31a89203981f
2026-02-25 20:51:51.241 8 INFO neutron.notifiers.nova [-] Nova event matching ['req-227e6311-3cfb-4cb3-9abb-7cd71c800d9c'] response: {'server_uuid': '49766422-3c1a-447b-9b15-421b0c631246', 'name': 'network-vif-unplugged', 'status': 'completed', 'tag': 'c5df0b04-866c-41aa-9fd4-31a89203981f', 'code': 200}
2026-02-25 20:51:51.388 8 INFO neutron.db.ovn_revision_numbers_db [None req-b164b71a-b5cd-421e-869f-90d2e39edea6 - - - - - -] Successfully bumped revision number for resource c5df0b04-866c-41aa-9fd4-31a89203981f (type: ports) to 6 /var/lib/openstack/lib/python3.12/site-packages/pycadf/identifier.py:70: UserWarning: Invalid uuid: neutron. To ensure interoperability, identifiers should be a valid uuid. warnings.warn(('Invalid uuid: %s. To ensure interoperability, ' [pid: 8|app: 0|req: 1678/3557] 199.204.45.244 () {34 vars in 993 bytes} [Wed Feb 25 20:51:52 2026] GET /v2.0/ports?device_id=49766422-3c1a-447b-9b15-421b0c631246 => generated 1194 bytes in 83 msecs (HTTP/1.1 200) 4 headers in 158 bytes (1 switches on core 0)
2026-02-25 20:51:52.521 7 INFO neutron_taas.services.taas.taas_plugin [req-2605091f-bca2-461d-8f70-c8eb9bf152b9 req-372ed27e-cc0d-4034-99b0-3dab82c685cb 5d84ad96d80b484d8c51690ff5c96f6a add572c8db084315a0f2b75171de0dfb - - default default] TaaS: Handle Delete Port: c5df0b04-866c-41aa-9fd4-31a89203981f
2026-02-25 20:51:52.524 7 INFO neutron_taas.services.taas.tap_mirror_plugin [req-2605091f-bca2-461d-8f70-c8eb9bf152b9 req-372ed27e-cc0d-4034-99b0-3dab82c685cb 5d84ad96d80b484d8c51690ff5c96f6a add572c8db084315a0f2b75171de0dfb - - default default] Tap Mirror: Handle Delete Port: c5df0b04-866c-41aa-9fd4-31a89203981f [pid: 7|app: 0|req: 1880/3558] 199.204.45.244 () {36 vars in 996 bytes} [Wed Feb 25 20:51:52 2026] DELETE /v2.0/ports/c5df0b04-866c-41aa-9fd4-31a89203981f => generated 0 bytes in 336 msecs (HTTP/1.1 204) 3 headers in 131 bytes (1 switches on core 0)
2026-02-25 20:51:52.746 7 INFO neutron.notifiers.nova [-] Nova event matching ['req-0c25a8ea-225f-4374-9fc0-2548f5985918'] response: {'server_uuid': '49766422-3c1a-447b-9b15-421b0c631246', 'name': 'network-vif-deleted', 'tag': 'c5df0b04-866c-41aa-9fd4-31a89203981f', 'status': 'completed', 'code': 200}
2026-02-25 20:51:53.272 8 INFO neutron.notifiers.nova [-] Nova event matching ['req-d782612f-04b3-45e2-8092-8d18c2f3ea93'] response: {'server_uuid': '49766422-3c1a-447b-9b15-421b0c631246', 'name': 'network-vif-unplugged', 'status': 'completed', 'tag': 'c5df0b04-866c-41aa-9fd4-31a89203981f', 'code': 200} [pid: 8|app: 0|req: 1680/3561] 10.0.0.227 () {34 vars in 989 bytes} [Wed Feb 25 20:51:55 2026] GET /v2.0/ports?device_id=49766422-3c1a-447b-9b15-421b0c631246 => generated 12 bytes in 25 msecs (HTTP/1.1 200) 4 headers in 156 bytes (1 switches on core 0) [pid: 7|app: 0|req: 1882/3562] 10.0.0.18 () {32 vars in 748 bytes} [Wed Feb 25 20:52:00 2026] DELETE /v2.0/security-group-rules/d8641737-c353-4f1a-910e-f1112aa61351 => generated 0 bytes in 189 msecs (HTTP/1.1 204) 2 headers in 112 bytes (1 switches on core 0)
2026-02-25 20:52:00.529 8 INFO neutron.api.v2.resource [None req-2fd63184-0c24-4591-859e-5da3dd395c12 5d84ad96d80b484d8c51690ff5c96f6a add572c8db084315a0f2b75171de0dfb - - default default] show failed (client error): The resource could not be found. [pid: 8|app: 0|req: 1681/3563] 10.0.0.18 () {32 vars in 745 bytes} [Wed Feb 25 20:52:00 2026] GET /v2.0/security-group-rules/d8641737-c353-4f1a-910e-f1112aa61351 => generated 155 bytes in 12 msecs (HTTP/1.1 404) 4 headers in 164 bytes (1 switches on core 0) [pid: 7|app: 0|req: 1883/3564] 10.0.0.18 () {32 vars in 748 bytes} [Wed Feb 25 20:52:00 2026] DELETE /v2.0/security-group-rules/1212ba1f-0768-4fdd-bd6d-106fea2f5e10 => generated 0 bytes in 138 msecs (HTTP/1.1 204) 2 headers in 112 bytes (1 switches on core 0)
2026-02-25 20:52:00.691 8 INFO neutron.api.v2.resource [None req-1b3260f1-4914-426d-88fa-31ad75a0eaeb 5d84ad96d80b484d8c51690ff5c96f6a add572c8db084315a0f2b75171de0dfb - - default default] show failed (client error): The resource could not be found. [pid: 8|app: 0|req: 1682/3565] 10.0.0.18 () {32 vars in 745 bytes} [Wed Feb 25 20:52:00 2026] GET /v2.0/security-group-rules/1212ba1f-0768-4fdd-bd6d-106fea2f5e10 => generated 155 bytes in 12 msecs (HTTP/1.1 404) 4 headers in 164 bytes (1 switches on core 0) [pid: 7|app: 0|req: 1884/3566] 10.0.0.18 () {32 vars in 748 bytes} [Wed Feb 25 20:52:00 2026] DELETE /v2.0/security-group-rules/2d8e1081-9f20-4b7e-99ab-047dcf0c37ae => generated 0 bytes in 157 msecs (HTTP/1.1 204) 2 headers in 112 bytes (1 switches on core 0)
2026-02-25 20:52:00.873 8 INFO neutron.api.v2.resource [None req-fe3a9615-c6a5-41fe-810d-5ed43272a7e2 5d84ad96d80b484d8c51690ff5c96f6a add572c8db084315a0f2b75171de0dfb - - default default] show failed (client error): The resource could not be found. [pid: 8|app: 0|req: 1683/3567] 10.0.0.18 () {32 vars in 745 bytes} [Wed Feb 25 20:52:00 2026] GET /v2.0/security-group-rules/2d8e1081-9f20-4b7e-99ab-047dcf0c37ae => generated 155 bytes in 15 msecs (HTTP/1.1 404) 4 headers in 164 bytes (1 switches on core 0) [pid: 7|app: 0|req: 1885/3568] 10.0.0.18 () {32 vars in 748 bytes} [Wed Feb 25 20:52:00 2026] DELETE /v2.0/security-group-rules/4681c346-5448-4c24-b84a-1e53673c97f3 => generated 0 bytes in 143 msecs (HTTP/1.1 204) 2 headers in 112 bytes (1 switches on core 0)
2026-02-25 20:52:01.039 8 INFO neutron.api.v2.resource [None req-ea07c704-5c08-48e3-9ee7-782ae1136b31 5d84ad96d80b484d8c51690ff5c96f6a add572c8db084315a0f2b75171de0dfb - - default default] show failed (client error): The resource could not be found. [pid: 8|app: 0|req: 1684/3569] 10.0.0.18 () {32 vars in 745 bytes} [Wed Feb 25 20:52:01 2026] GET /v2.0/security-group-rules/4681c346-5448-4c24-b84a-1e53673c97f3 => generated 155 bytes in 13 msecs (HTTP/1.1 404) 4 headers in 164 bytes (1 switches on core 0) [pid: 7|app: 0|req: 1886/3570] 10.0.0.18 () {32 vars in 748 bytes} [Wed Feb 25 20:52:01 2026] DELETE /v2.0/security-group-rules/73477204-6d87-4ab8-b096-49add0a23869 => generated 0 bytes in 140 msecs (HTTP/1.1 204) 2 headers in 112 bytes (1 switches on core 0)
2026-02-25 20:52:01.202 8 INFO neutron.api.v2.resource [None req-5909de4d-13ec-4723-b3b8-2bc4334fd0b2 5d84ad96d80b484d8c51690ff5c96f6a add572c8db084315a0f2b75171de0dfb - - default default] show failed (client error): The resource could not be found. [pid: 8|app: 0|req: 1685/3571] 10.0.0.18 () {32 vars in 745 bytes} [Wed Feb 25 20:52:01 2026] GET /v2.0/security-group-rules/73477204-6d87-4ab8-b096-49add0a23869 => generated 155 bytes in 13 msecs (HTTP/1.1 404) 4 headers in 164 bytes (1 switches on core 0) [pid: 7|app: 0|req: 1887/3572] 10.0.0.18 () {32 vars in 748 bytes} [Wed Feb 25 20:52:01 2026] DELETE /v2.0/security-group-rules/2725bcf4-850d-4b47-af12-c1759c800976 => generated 0 bytes in 149 msecs (HTTP/1.1 204) 2 headers in 112 bytes (1 switches on core 0)
2026-02-25 20:52:01.374 8 INFO neutron.api.v2.resource [None req-7ad72538-94f0-4730-96cc-8d9446b7705e 5d84ad96d80b484d8c51690ff5c96f6a add572c8db084315a0f2b75171de0dfb - - default default] show failed (client error): The resource could not be found. [pid: 8|app: 0|req: 1686/3573] 10.0.0.18 () {32 vars in 745 bytes} [Wed Feb 25 20:52:01 2026] GET /v2.0/security-group-rules/2725bcf4-850d-4b47-af12-c1759c800976 => generated 155 bytes in 14 msecs (HTTP/1.1 404) 4 headers in 164 bytes (1 switches on core 0) [pid: 7|app: 0|req: 1888/3574] 10.0.0.18 () {32 vars in 748 bytes} [Wed Feb 25 20:52:01 2026] DELETE /v2.0/security-group-rules/54093933-f7ed-421c-834b-ae129daf2158 => generated 0 bytes in 136 msecs (HTTP/1.1 204) 2 headers in 112 bytes (1 switches on core 0)
2026-02-25 20:52:01.533 8 INFO neutron.api.v2.resource [None req-c35cb739-6436-4713-a133-ed366e6aa21d 5d84ad96d80b484d8c51690ff5c96f6a add572c8db084315a0f2b75171de0dfb - - default default] show failed (client error): The resource could not be found. [pid: 8|app: 0|req: 1687/3575] 10.0.0.18 () {32 vars in 745 bytes} [Wed Feb 25 20:52:01 2026] GET /v2.0/security-group-rules/54093933-f7ed-421c-834b-ae129daf2158 => generated 155 bytes in 12 msecs (HTTP/1.1 404) 4 headers in 164 bytes (1 switches on core 0) [pid: 7|app: 0|req: 1889/3576] 10.0.0.18 () {32 vars in 748 bytes} [Wed Feb 25 20:52:01 2026] DELETE /v2.0/security-group-rules/3e03e065-4517-41d0-9c41-e6fa6a4fe201 => generated 0 bytes in 129 msecs (HTTP/1.1 204) 2 headers in 112 bytes (1 switches on core 0)
2026-02-25 20:52:01.683 8 INFO neutron.api.v2.resource [None req-4c8e9549-3650-4bf0-b57d-caddecb0b850 5d84ad96d80b484d8c51690ff5c96f6a add572c8db084315a0f2b75171de0dfb - - default default] show failed (client error): The resource could not be found. [pid: 8|app: 0|req: 1688/3577] 10.0.0.18 () {32 vars in 745 bytes} [Wed Feb 25 20:52:01 2026] GET /v2.0/security-group-rules/3e03e065-4517-41d0-9c41-e6fa6a4fe201 => generated 155 bytes in 12 msecs (HTTP/1.1 404) 4 headers in 164 bytes (1 switches on core 0) [pid: 7|app: 0|req: 1890/3578] 10.0.0.18 () {32 vars in 748 bytes} [Wed Feb 25 20:52:01 2026] DELETE /v2.0/security-group-rules/41bd5bc4-5802-4de1-bc3e-c017f4abc3cc => generated 0 bytes in 140 msecs (HTTP/1.1 204) 2 headers in 112 bytes (1 switches on core 0)
2026-02-25 20:52:01.845 8 INFO neutron.api.v2.resource [None req-4bd0da54-b588-463f-8f08-922314d0538e 5d84ad96d80b484d8c51690ff5c96f6a add572c8db084315a0f2b75171de0dfb - - default default] show failed (client error): The resource could not be found. [pid: 8|app: 0|req: 1689/3579] 10.0.0.18 () {32 vars in 745 bytes} [Wed Feb 25 20:52:01 2026] GET /v2.0/security-group-rules/41bd5bc4-5802-4de1-bc3e-c017f4abc3cc => generated 155 bytes in 12 msecs (HTTP/1.1 404) 4 headers in 164 bytes (1 switches on core 0) [pid: 7|app: 0|req: 1891/3580] 10.0.0.18 () {32 vars in 748 bytes} [Wed Feb 25 20:52:01 2026] DELETE /v2.0/security-group-rules/9c346fd7-1e62-406f-9fae-7444811d8b8b => generated 0 bytes in 123 msecs (HTTP/1.1 204) 2 headers in 112 bytes (1 switches on core 0)
2026-02-25 20:52:01.996 8 INFO neutron.api.v2.resource [None req-71f8bf7d-9bc5-45ee-b336-02f840ff674c 5d84ad96d80b484d8c51690ff5c96f6a add572c8db084315a0f2b75171de0dfb - - default default] show failed (client error): The resource could not be found. [pid: 8|app: 0|req: 1690/3581] 10.0.0.18 () {32 vars in 745 bytes} [Wed Feb 25 20:52:01 2026] GET /v2.0/security-group-rules/9c346fd7-1e62-406f-9fae-7444811d8b8b => generated 155 bytes in 14 msecs (HTTP/1.1 404) 4 headers in 164 bytes (1 switches on core 0) [pid: 7|app: 0|req: 1892/3582] 10.0.0.18 () {32 vars in 748 bytes} [Wed Feb 25 20:52:02 2026] DELETE /v2.0/security-group-rules/8611e0ad-614b-421e-8642-a46190716e9d => generated 0 bytes in 127 msecs (HTTP/1.1 204) 2 headers in 112 bytes (1 switches on core 0)
2026-02-25 20:52:02.144 8 INFO neutron.api.v2.resource [None req-08331f10-0e09-479f-a14b-e431eb6db8bd 5d84ad96d80b484d8c51690ff5c96f6a add572c8db084315a0f2b75171de0dfb - - default default] show failed (client error): The resource could not be found. [pid: 8|app: 0|req: 1691/3583] 10.0.0.18 () {32 vars in 745 bytes} [Wed Feb 25 20:52:02 2026] GET /v2.0/security-group-rules/8611e0ad-614b-421e-8642-a46190716e9d => generated 155 bytes in 12 msecs (HTTP/1.1 404) 4 headers in 164 bytes (1 switches on core 0) [pid: 7|app: 0|req: 1893/3584] 10.0.0.18 () {32 vars in 738 bytes} [Wed Feb 25 20:52:02 2026] DELETE /v2.0/security-groups/8fd9905f-563e-4b1d-b26e-a0abfcf14aab => generated 0 bytes in 135 msecs (HTTP/1.1 204) 2 headers in 112 bytes (1 switches on core 0)
2026-02-25 20:52:02.301 8 INFO neutron.api.v2.resource [None req-6f1bcd64-ce6a-462b-8eff-e1412ae2f39a 5d84ad96d80b484d8c51690ff5c96f6a add572c8db084315a0f2b75171de0dfb - - default default] show failed (client error): The resource could not be found. [pid: 8|app: 0|req: 1692/3585] 10.0.0.18 () {32 vars in 735 bytes} [Wed Feb 25 20:52:02 2026] GET /v2.0/security-groups/8fd9905f-563e-4b1d-b26e-a0abfcf14aab => generated 146 bytes in 11 msecs (HTTP/1.1 404) 4 headers in 164 bytes (1 switches on core 0)
2026-02-25 20:52:02.611 7 INFO neutron_taas.services.taas.taas_plugin [None req-d562a31f-adcb-483e-84dd-b0d3db12544b 5d84ad96d80b484d8c51690ff5c96f6a add572c8db084315a0f2b75171de0dfb - - default default] TaaS: Handle Delete Port: eda8e9c7-675f-410f-b7cc-86cd3f424a4a
2026-02-25 20:52:02.615 7 INFO neutron_taas.services.taas.tap_mirror_plugin [None req-d562a31f-adcb-483e-84dd-b0d3db12544b 5d84ad96d80b484d8c51690ff5c96f6a add572c8db084315a0f2b75171de0dfb - - default default] Tap Mirror: Handle Delete Port: eda8e9c7-675f-410f-b7cc-86cd3f424a4a [pid: 7|app: 0|req: 1894/3586] 10.0.0.18 () {34 vars in 787 bytes} [Wed Feb 25 20:52:02 2026] PUT /v2.0/routers/5e6a47ec-8b7a-4247-86b4-32645a9fbe0a/remove_router_interface => generated 309 bytes in 844 msecs (HTTP/1.1 200) 4 headers in 157 bytes (1 switches on core 0)
2026-02-25 20:52:03.328 8 INFO neutron.api.v2.resource [None req-65cd9aee-ae6a-4d29-b8d6-1a7549cd91f6 5d84ad96d80b484d8c51690ff5c96f6a add572c8db084315a0f2b75171de0dfb - - default default] remove_router_interface failed (client error): The resource could not be found. [pid: 8|app: 0|req: 1693/3587] 10.0.0.18 () {34 vars in 787 bytes} [Wed Feb 25 20:52:03 2026] PUT /v2.0/routers/5e6a47ec-8b7a-4247-86b4-32645a9fbe0a/remove_router_interface => generated 198 bytes in 129 msecs (HTTP/1.1 404) 4 headers in 164 bytes (1 switches on core 0) /var/lib/openstack/lib/python3.12/site-packages/pycadf/identifier.py:70: UserWarning: Invalid uuid: neutron. To ensure interoperability, identifiers should be a valid uuid. warnings.warn(('Invalid uuid: %s. To ensure interoperability, '
2026-02-25 20:52:03.622 7 INFO neutron_taas.services.taas.taas_plugin [None req-d547aa69-3dad-4b0a-87b9-ded46ba08e00 5d84ad96d80b484d8c51690ff5c96f6a add572c8db084315a0f2b75171de0dfb - - default default] TaaS: Handle Delete Port: 34494576-3588-40cb-928e-1144eb974231
2026-02-25 20:52:03.626 7 INFO neutron_taas.services.taas.tap_mirror_plugin [None req-d547aa69-3dad-4b0a-87b9-ded46ba08e00 5d84ad96d80b484d8c51690ff5c96f6a add572c8db084315a0f2b75171de0dfb - - default default] Tap Mirror: Handle Delete Port: 34494576-3588-40cb-928e-1144eb974231 [pid: 7|app: 0|req: 1895/3588] 10.0.0.18 () {34 vars in 787 bytes} [Wed Feb 25 20:52:03 2026] PUT /v2.0/routers/5e6a47ec-8b7a-4247-86b4-32645a9fbe0a/remove_router_interface => generated 309 bytes in 896 msecs (HTTP/1.1 200) 4 headers in 157 bytes (1 switches on core 0)
2026-02-25 20:52:04.339 8 INFO neutron.api.v2.resource [None req-365a0db6-82e2-4b30-8e86-9b0dd9519f92 5d84ad96d80b484d8c51690ff5c96f6a add572c8db084315a0f2b75171de0dfb - - default default] remove_router_interface failed (client error): The resource could not be found. [pid: 8|app: 0|req: 1694/3589] 10.0.0.18 () {34 vars in 787 bytes} [Wed Feb 25 20:52:04 2026] PUT /v2.0/routers/5e6a47ec-8b7a-4247-86b4-32645a9fbe0a/remove_router_interface => generated 198 bytes in 104 msecs (HTTP/1.1 404) 4 headers in 164 bytes (1 switches on core 0) /var/lib/openstack/lib/python3.12/site-packages/pycadf/identifier.py:70: UserWarning: Invalid uuid: neutron. To ensure interoperability, identifiers should be a valid uuid. warnings.warn(('Invalid uuid: %s. To ensure interoperability, '
2026-02-25 20:52:04.651 7 INFO neutron_taas.services.taas.taas_plugin [None req-77760b25-a316-4a4d-9263-a4b27667bd99 5d84ad96d80b484d8c51690ff5c96f6a add572c8db084315a0f2b75171de0dfb - - default default] TaaS: Handle Delete Port: 254b0d4e-c82d-489a-836a-4b3c3c54c4d4
2026-02-25 20:52:04.653 7 INFO neutron_taas.services.taas.tap_mirror_plugin [None req-77760b25-a316-4a4d-9263-a4b27667bd99 5d84ad96d80b484d8c51690ff5c96f6a add572c8db084315a0f2b75171de0dfb - - default default] Tap Mirror: Handle Delete Port: 254b0d4e-c82d-489a-836a-4b3c3c54c4d4 [pid: 7|app: 0|req: 1896/3590] 10.0.0.18 () {34 vars in 787 bytes} [Wed Feb 25 20:52:04 2026] PUT /v2.0/routers/5e6a47ec-8b7a-4247-86b4-32645a9fbe0a/remove_router_interface => generated 309 bytes in 879 msecs (HTTP/1.1 200) 4 headers in 157 bytes (1 switches on core 0)
2026-02-25 20:52:05.336 8 INFO neutron.api.v2.resource [None req-c0d0a459-cbc1-43f1-9ff1-26fdb07cb8ba 5d84ad96d80b484d8c51690ff5c96f6a add572c8db084315a0f2b75171de0dfb - - default default] remove_router_interface failed (client error): The resource could not be found. [pid: 8|app: 0|req: 1695/3591] 10.0.0.18 () {34 vars in 787 bytes} [Wed Feb 25 20:52:05 2026] PUT /v2.0/routers/5e6a47ec-8b7a-4247-86b4-32645a9fbe0a/remove_router_interface => generated 198 bytes in 108 msecs (HTTP/1.1 404) 4 headers in 164 bytes (1 switches on core 0) /var/lib/openstack/lib/python3.12/site-packages/pycadf/identifier.py:70: UserWarning: Invalid uuid: neutron. To ensure interoperability, identifiers should be a valid uuid. warnings.warn(('Invalid uuid: %s. To ensure interoperability, '
2026-02-25 20:52:05.627 7 INFO neutron_taas.services.taas.taas_plugin [None req-d9b50455-8735-468c-8364-e9eaa8d420ec 5d84ad96d80b484d8c51690ff5c96f6a add572c8db084315a0f2b75171de0dfb - - default default] TaaS: Handle Delete Port: 97b7a954-5cb2-45eb-bcf7-d7a25da1e1e6
2026-02-25 20:52:05.631 7 INFO neutron_taas.services.taas.tap_mirror_plugin [None req-d9b50455-8735-468c-8364-e9eaa8d420ec 5d84ad96d80b484d8c51690ff5c96f6a add572c8db084315a0f2b75171de0dfb - - default default] Tap Mirror: Handle Delete Port: 97b7a954-5cb2-45eb-bcf7-d7a25da1e1e6 [pid: 7|app: 0|req: 1897/3592] 10.0.0.18 () {32 vars in 722 bytes} [Wed Feb 25 20:52:05 2026] DELETE /v2.0/routers/5e6a47ec-8b7a-4247-86b4-32645a9fbe0a => generated 0 bytes in 765 msecs (HTTP/1.1 204) 2 headers in 112 bytes (1 switches on core 0)
2026-02-25 20:52:06.136 8 INFO neutron.api.v2.resource [None req-73eca6b4-cbdd-418d-a6e4-f47608ead74f 5d84ad96d80b484d8c51690ff5c96f6a add572c8db084315a0f2b75171de0dfb - - default default] show failed (client error): The resource could not be found. [pid: 8|app: 0|req: 1696/3593] 10.0.0.18 () {32 vars in 719 bytes} [Wed Feb 25 20:52:06 2026] GET /v2.0/routers/5e6a47ec-8b7a-4247-86b4-32645a9fbe0a => generated 135 bytes in 24 msecs (HTTP/1.1 404) 4 headers in 164 bytes (1 switches on core 0) [pid: 7|app: 0|req: 1898/3594] 10.0.0.18 () {32 vars in 722 bytes} [Wed Feb 25 20:52:06 2026] DELETE /v2.0/subnets/83b584e6-5412-4a93-aabd-495ea129ff80 => generated 0 bytes in 129 msecs (HTTP/1.1 204) 3 headers in 131 bytes (1 switches on core 0)
2026-02-25 20:52:06.295 8 INFO neutron.pecan_wsgi.hooks.translation [None req-ddf34917-9fa4-4acd-9e89-8d8d85ef7f59 5d84ad96d80b484d8c51690ff5c96f6a add572c8db084315a0f2b75171de0dfb - - default default] GET failed (client error): The resource could not be found. [pid: 8|app: 0|req: 1697/3595] 10.0.0.18 () {32 vars in 719 bytes} [Wed Feb 25 20:52:06 2026] GET /v2.0/subnets/83b584e6-5412-4a93-aabd-495ea129ff80 => generated 136 bytes in 20 msecs (HTTP/1.1 404) 4 headers in 164 bytes (1 switches on core 0) [pid: 7|app: 0|req: 1899/3596] 10.0.0.18 () {32 vars in 722 bytes} [Wed Feb 25 20:52:06 2026] DELETE /v2.0/subnets/29ccd021-379d-43ae-8db6-635127cbf1f8 => generated 0 bytes in 180 msecs (HTTP/1.1 204) 3 headers in 131 bytes (1 switches on core 0)
2026-02-25 20:52:06.502 8 INFO neutron.pecan_wsgi.hooks.translation [None req-2b874ccf-c13e-4831-a101-7e377f2f72c8 5d84ad96d80b484d8c51690ff5c96f6a add572c8db084315a0f2b75171de0dfb - - default default] GET failed (client error): The resource could not be found. [pid: 8|app: 0|req: 1698/3597] 10.0.0.18 () {32 vars in 719 bytes} [Wed Feb 25 20:52:06 2026] GET /v2.0/subnets/29ccd021-379d-43ae-8db6-635127cbf1f8 => generated 136 bytes in 17 msecs (HTTP/1.1 404) 4 headers in 164 bytes (1 switches on core 0)
2026-02-25 20:52:06.612 7 INFO neutron_taas.services.taas.taas_plugin [None req-8857fea7-c3da-4634-a3c1-845a6937a908 5d84ad96d80b484d8c51690ff5c96f6a add572c8db084315a0f2b75171de0dfb - - default default] TaaS: Handle Delete Port: 3211ded0-6cae-47be-bfe5-8c3265fda828
2026-02-25 20:52:06.615 7 INFO neutron_taas.services.taas.tap_mirror_plugin [None req-8857fea7-c3da-4634-a3c1-845a6937a908 5d84ad96d80b484d8c51690ff5c96f6a add572c8db084315a0f2b75171de0dfb - - default default] Tap Mirror: Handle Delete Port: 3211ded0-6cae-47be-bfe5-8c3265fda828
2026-02-25 20:52:06.822 7 INFO neutron.services.segments.plugin [-] Segment c52cb3a8-3109-4014-83a2-1b1a7e790a28 resource provider aggregate not found
2026-02-25 20:52:06.827 7 INFO neutron.services.segments.plugin [-] Segment c52cb3a8-3109-4014-83a2-1b1a7e790a28 resource provider aggregate not found
2026-02-25 20:52:06.845 7 INFO neutron.services.segments.plugin [-] Segment c52cb3a8-3109-4014-83a2-1b1a7e790a28 resource provider not found; error: Placement Client Error (4xx): {"errors": [{"status": 404, "title": "Not Found", "detail": "The resource could not be found.\n\n No resource provider with uuid c52cb3a8-3109-4014-83a2-1b1a7e790a28 found for delete ", "request_id": "req-5fb08931-13c5-4098-9e69-8e8d85056f4a"}]}
2026-02-25 20:52:06.845 7 INFO neutron.services.segments.plugin [-] Segment c52cb3a8-3109-4014-83a2-1b1a7e790a28 resource provider not found; error: Placement Client Error (4xx): {"errors": [{"status": 404, "title": "Not Found", "detail": "The resource could not be found.\n\n No resource provider with uuid c52cb3a8-3109-4014-83a2-1b1a7e790a28 found for delete ", "request_id": "req-d5882d72-51b2-4ce8-9198-ef82f4bf6afb"}]} [pid: 7|app: 0|req: 1900/3598] 10.0.0.18 () {32 vars in 724 bytes} [Wed Feb 25 20:52:06 2026] DELETE /v2.0/networks/5978bcd7-aca9-49aa-aae4-cc947df9727e => generated 0 bytes in 392 msecs (HTTP/1.1 204) 3 headers in 131 bytes (1 switches on core 0)
2026-02-25 20:52:06.920 8 INFO neutron.pecan_wsgi.hooks.translation [None req-7f29d6de-5dc2-4f0c-97f9-49322abc0d0d 5d84ad96d80b484d8c51690ff5c96f6a add572c8db084315a0f2b75171de0dfb - - default default] GET failed (client error): The resource could not be found. [pid: 8|app: 0|req: 1699/3599] 10.0.0.18 () {32 vars in 721 bytes} [Wed Feb 25 20:52:06 2026] GET /v2.0/networks/5978bcd7-aca9-49aa-aae4-cc947df9727e => generated 138 bytes in 16 msecs (HTTP/1.1 404) 4 headers in 164 bytes (1 switches on core 0) [pid: 7|app: 0|req: 1901/3600] 10.0.0.18 () {32 vars in 722 bytes} [Wed Feb 25 20:52:06 2026] DELETE /v2.0/subnets/66081748-95c3-462f-82f8-e21915bfe192 => generated 0 bytes in 157 msecs (HTTP/1.1 204) 3 headers in 131 bytes (1 switches on core 0)
2026-02-25 20:52:07.106 8 INFO neutron.pecan_wsgi.hooks.translation [None req-742daa2a-27e8-4405-9f46-6061120c9f50 5d84ad96d80b484d8c51690ff5c96f6a add572c8db084315a0f2b75171de0dfb - - default default] GET failed (client error): The resource could not be found. [pid: 8|app: 0|req: 1700/3601] 10.0.0.18 () {32 vars in 719 bytes} [Wed Feb 25 20:52:07 2026] GET /v2.0/subnets/66081748-95c3-462f-82f8-e21915bfe192 => generated 136 bytes in 18 msecs (HTTP/1.1 404) 4 headers in 164 bytes (1 switches on core 0) [pid: 7|app: 0|req: 1902/3602] 10.0.0.18 () {32 vars in 722 bytes} [Wed Feb 25 20:52:07 2026] DELETE /v2.0/subnets/c1460391-5fec-478e-9b64-5d21cf315852 => generated 0 bytes in 166 msecs (HTTP/1.1 204) 3 headers in 131 bytes (1 switches on core 0)
2026-02-25 20:52:07.300 8 INFO neutron.pecan_wsgi.hooks.translation [None req-eb2cd549-87a9-41b5-9126-312f84911908 5d84ad96d80b484d8c51690ff5c96f6a add572c8db084315a0f2b75171de0dfb - - default default] GET failed (client error): The resource could not be found. [pid: 8|app: 0|req: 1701/3603] 10.0.0.18 () {32 vars in 719 bytes} [Wed Feb 25 20:52:07 2026] GET /v2.0/subnets/c1460391-5fec-478e-9b64-5d21cf315852 => generated 136 bytes in 15 msecs (HTTP/1.1 404) 4 headers in 164 bytes (1 switches on core 0)
2026-02-25 20:52:07.460 7 INFO neutron_taas.services.taas.taas_plugin [None req-a52f1aa0-9536-4339-b67a-910fd652a2bb 5d84ad96d80b484d8c51690ff5c96f6a add572c8db084315a0f2b75171de0dfb - - default default] TaaS: Handle Delete Port: deae3a52-cdc4-4fdf-ae78-332f0a93d0d1
2026-02-25 20:52:07.463 7 INFO neutron_taas.services.taas.tap_mirror_plugin [None req-a52f1aa0-9536-4339-b67a-910fd652a2bb 5d84ad96d80b484d8c51690ff5c96f6a add572c8db084315a0f2b75171de0dfb - - default default] Tap Mirror: Handle Delete Port: deae3a52-cdc4-4fdf-ae78-332f0a93d0d1 [pid: 7|app: 0|req: 1903/3604] 10.0.0.18 () {32 vars in 724 bytes} [Wed Feb 25 20:52:07 2026] DELETE /v2.0/networks/1ee1b44b-2096-4864-871f-06368fdf1e54 => generated 0 bytes in 414 msecs (HTTP/1.1 204) 3 headers in 131 bytes (1 switches on core 0)
2026-02-25 20:52:07.744 8 INFO neutron.pecan_wsgi.hooks.translation [None req-40912d81-a59a-4076-9d7c-40a8cb087d97 5d84ad96d80b484d8c51690ff5c96f6a add572c8db084315a0f2b75171de0dfb - - default default] GET failed (client error): The resource could not be found. [pid: 8|app: 0|req: 1702/3605] 10.0.0.18 () {32 vars in 721 bytes} [Wed Feb 25 20:52:07 2026] GET /v2.0/networks/1ee1b44b-2096-4864-871f-06368fdf1e54 => generated 138 bytes in 23 msecs (HTTP/1.1 404) 4 headers in 164 bytes (1 switches on core 0) [pid: 7|app: 0|req: 1904/3606] 10.0.0.18 () {32 vars in 722 bytes} [Wed Feb 25 20:52:07 2026] DELETE /v2.0/subnets/ce1e65b8-07aa-458c-affd-690c2a81733b => generated 0 bytes in 173 msecs (HTTP/1.1 204) 3 headers in 131 bytes (1 switches on core 0)
2026-02-25 20:52:07.946 8 INFO neutron.pecan_wsgi.hooks.translation [None req-ea8d9838-f806-40a2-ad7a-3a4122234531 5d84ad96d80b484d8c51690ff5c96f6a add572c8db084315a0f2b75171de0dfb - - default default] GET failed (client error): The resource could not be found. [pid: 8|app: 0|req: 1703/3607] 10.0.0.18 () {32 vars in 719 bytes} [Wed Feb 25 20:52:07 2026] GET /v2.0/subnets/ce1e65b8-07aa-458c-affd-690c2a81733b => generated 136 bytes in 18 msecs (HTTP/1.1 404) 4 headers in 164 bytes (1 switches on core 0) [pid: 7|app: 0|req: 1905/3608] 10.0.0.18 () {32 vars in 722 bytes} [Wed Feb 25 20:52:07 2026] DELETE /v2.0/subnets/d5e79472-b8f6-4443-aab9-3d6ac1ebafd7 => generated 0 bytes in 170 msecs (HTTP/1.1 204) 3 headers in 131 bytes (1 switches on core 0)
2026-02-25 20:52:08.160 8 INFO neutron.pecan_wsgi.hooks.translation [None req-774aa978-be06-4c39-a58f-617ceefb23d1 5d84ad96d80b484d8c51690ff5c96f6a add572c8db084315a0f2b75171de0dfb - - default default] GET failed (client error): The resource could not be found. [pid: 8|app: 0|req: 1704/3609] 10.0.0.18 () {32 vars in 719 bytes} [Wed Feb 25 20:52:08 2026] GET /v2.0/subnets/d5e79472-b8f6-4443-aab9-3d6ac1ebafd7 => generated 136 bytes in 19 msecs (HTTP/1.1 404) 4 headers in 164 bytes (1 switches on core 0)
2026-02-25 20:52:08.311 7 INFO neutron_taas.services.taas.taas_plugin [None req-373b6561-e88d-454f-908d-1cdaa1892040 5d84ad96d80b484d8c51690ff5c96f6a add572c8db084315a0f2b75171de0dfb - - default default] TaaS: Handle Delete Port: fe7b3479-8031-4038-bf9d-da16c60b78ec
2026-02-25 20:52:08.313 7 INFO neutron_taas.services.taas.tap_mirror_plugin [None req-373b6561-e88d-454f-908d-1cdaa1892040 5d84ad96d80b484d8c51690ff5c96f6a add572c8db084315a0f2b75171de0dfb - - default default] Tap Mirror: Handle Delete Port: fe7b3479-8031-4038-bf9d-da16c60b78ec [pid: 7|app: 0|req: 1906/3610] 10.0.0.18 () {32 vars in 724 bytes} [Wed Feb 25 20:52:08 2026] DELETE /v2.0/networks/cc057864-5f8b-493b-8df3-c81cf2f1773b => generated 0 bytes in 416 msecs (HTTP/1.1 204) 3 headers in 131 bytes (1 switches on core 0)
2026-02-25 20:52:08.615 8 INFO neutron.pecan_wsgi.hooks.translation [None req-5312ab36-9dbb-4c8d-8bb4-f45979bfa86c 5d84ad96d80b484d8c51690ff5c96f6a add572c8db084315a0f2b75171de0dfb - - default default] GET failed (client error): The resource could not be found. [pid: 8|app: 0|req: 1705/3611] 10.0.0.18 () {32 vars in 721 bytes} [Wed Feb 25 20:52:08 2026] GET /v2.0/networks/cc057864-5f8b-493b-8df3-c81cf2f1773b => generated 138 bytes in 28 msecs (HTTP/1.1 404) 4 headers in 164 bytes (1 switches on core 0)
2026-02-25 20:52:08.866 7 INFO neutron.services.segments.plugin [-] Segment c6aa0911-cdc4-44ce-938c-a18c9a5dd67c resource provider aggregate not found
2026-02-25 20:52:08.871 7 INFO neutron.services.segments.plugin [-] Segment c6aa0911-cdc4-44ce-938c-a18c9a5dd67c resource provider aggregate not found
2026-02-25 20:52:08.886 7 INFO neutron.services.segments.plugin [-] Segment c6aa0911-cdc4-44ce-938c-a18c9a5dd67c resource provider not found; error: Placement Client Error (4xx): {"errors": [{"status": 404, "title": "Not Found", "detail": "The resource could not be found.\n\n No resource provider with uuid c6aa0911-cdc4-44ce-938c-a18c9a5dd67c found for delete ", "request_id": "req-d2ddaebb-f9bf-4ca4-a854-3ee30a67c6f8"}]}
2026-02-25 20:52:08.901 7 INFO neutron.services.segments.plugin [-] Segment bdaeeae4-afc9-4750-ac2f-a0e2ea6a8491 resource provider aggregate not found
2026-02-25 20:52:08.905 7 INFO neutron.services.segments.plugin [-] Segment c6aa0911-cdc4-44ce-938c-a18c9a5dd67c resource provider not found; error: Placement Client Error (4xx): {"errors": [{"status": 404, "title": "Not Found", "detail": "The resource could not be found.\n\n No resource provider with uuid c6aa0911-cdc4-44ce-938c-a18c9a5dd67c found for delete ", "request_id": "req-dc5db314-24d8-4dfa-a3e5-3c95b5744d83"}]}
2026-02-25 20:52:08.918 7 INFO neutron.services.segments.plugin [-] Segment bdaeeae4-afc9-4750-ac2f-a0e2ea6a8491 resource provider not found; error: Placement Client Error (4xx): {"errors": [{"status": 404, "title": "Not Found", "detail": "The resource could not be found.\n\n No resource provider with uuid bdaeeae4-afc9-4750-ac2f-a0e2ea6a8491 found for delete ", "request_id": "req-65f1fbbb-ab4e-4f93-9445-a956c17de68a"}]}
2026-02-25 20:52:08.923 7 INFO neutron.services.segments.plugin [-] Segment bdaeeae4-afc9-4750-ac2f-a0e2ea6a8491 resource provider aggregate not found
2026-02-25 20:52:08.942 7 INFO neutron.services.segments.plugin [-] Segment bdaeeae4-afc9-4750-ac2f-a0e2ea6a8491 resource provider not found; error: Placement Client Error (4xx): {"errors": [{"status": 404, "title": "Not Found", "detail": "The resource could not be found.\n\n No resource provider with uuid bdaeeae4-afc9-4750-ac2f-a0e2ea6a8491 found for delete ", "request_id": "req-0f96f4cc-9c43-44bc-8919-f7806c38b8e5"}]}
2026-02-25 20:52:10.901 8 INFO neutron.db.ovn_revision_numbers_db [None req-1b57b1b1-ac6e-4e06-8c1f-ffac075cc9ee e2ca2fb877de4a48a2ad1ffceb448689 60c00386bf8844f6a7368ad62ee5dc4e - - default default] Successfully bumped revision number for resource 98461933-92dc-4fee-8a26-d7de0317a933 (type: security_groups) to 1
2026-02-25 20:52:10.918 8 INFO neutron.db.ovn_revision_numbers_db [None req-1b57b1b1-ac6e-4e06-8c1f-ffac075cc9ee e2ca2fb877de4a48a2ad1ffceb448689 60c00386bf8844f6a7368ad62ee5dc4e - - default default] Successfully bumped revision number for resource 054c596a-f2c0-4b25-91e6-fce679924e56 (type: security_group_rules) to 0
2026-02-25 20:52:10.929 8 INFO neutron.db.ovn_revision_numbers_db [None req-1b57b1b1-ac6e-4e06-8c1f-ffac075cc9ee e2ca2fb877de4a48a2ad1ffceb448689 60c00386bf8844f6a7368ad62ee5dc4e - - default default] Successfully bumped revision number for resource 54e6ce9d-0a99-4f3e-9f4b-f8438cfec834 (type: security_group_rules) to 0
2026-02-25 20:52:10.941 8 INFO neutron.db.ovn_revision_numbers_db [None req-1b57b1b1-ac6e-4e06-8c1f-ffac075cc9ee e2ca2fb877de4a48a2ad1ffceb448689 60c00386bf8844f6a7368ad62ee5dc4e - - default default] Successfully bumped revision number for resource 8561a37d-4a21-47cc-b372-473af5d1465f (type: security_group_rules) to 0
2026-02-25 20:52:10.954 8 INFO neutron.db.ovn_revision_numbers_db [None req-1b57b1b1-ac6e-4e06-8c1f-ffac075cc9ee e2ca2fb877de4a48a2ad1ffceb448689 60c00386bf8844f6a7368ad62ee5dc4e - - default default] Successfully bumped revision number for resource f1fcaafe-d217-478b-bc76-1caf0d7987c4 (type: security_group_rules) to 0 [pid: 8|app: 0|req: 1707/3614] 10.0.0.18 () {32 vars in 772 bytes} [Wed Feb 25 20:52:10 2026] GET /v2.0/security-groups?tenant_id=94ea619aeaaa41f7a0ff84baa32a4c0e&name=default => generated 2929 bytes in 447 msecs (HTTP/1.1 200) 4 headers in 158 bytes (1 switches on core 0) [pid: 7|app: 0|req: 1908/3615] 10.0.0.18 () {32 vars in 738 bytes} [Wed Feb 25 20:52:11 2026] DELETE /v2.0/security-groups/98461933-92dc-4fee-8a26-d7de0317a933 => generated 0 bytes in 279 msecs (HTTP/1.1 204) 2 headers in 112 bytes (1 switches on core 0) [pid: 8|app: 0|req: 1708/3616] 10.0.0.18 () {32 vars in 772 bytes} [Wed Feb 25 20:52:11 2026] GET /v2.0/security-groups?tenant_id=add572c8db084315a0f2b75171de0dfb&name=default => generated 2925 bytes in 31 msecs (HTTP/1.1 200) 4 headers in 158 bytes (1 switches on core 0) [pid: 7|app: 0|req: 1909/3617] 10.0.0.18 () {32 vars in 738 bytes} [Wed Feb 25 20:52:11 2026] DELETE /v2.0/security-groups/a64a14cc-3c1c-4f15-98ed-f51c06c264c4 => generated 0 bytes in 319 msecs (HTTP/1.1 204) 2 headers in 112 bytes (1 switches on core 0)
2026-02-25 20:52:12.011 8 INFO neutron.db.ovn_revision_numbers_db [None req-a07db636-d1ae-4959-9990-98db8963dbfe e2ca2fb877de4a48a2ad1ffceb448689 60c00386bf8844f6a7368ad62ee5dc4e - - default default] Successfully bumped revision number for resource 616c526f-fb27-47c6-8946-734ede4eebb6 (type: security_groups) to 1
2026-02-25 20:52:12.022 8 INFO neutron.db.ovn_revision_numbers_db [None req-a07db636-d1ae-4959-9990-98db8963dbfe e2ca2fb877de4a48a2ad1ffceb448689 60c00386bf8844f6a7368ad62ee5dc4e - - default default] Successfully bumped revision number for resource 22492121-4e93-43e5-bed4-afaea8905039 (type: security_group_rules) to 0
2026-02-25 20:52:12.040 8 INFO neutron.db.ovn_revision_numbers_db [None req-a07db636-d1ae-4959-9990-98db8963dbfe e2ca2fb877de4a48a2ad1ffceb448689 60c00386bf8844f6a7368ad62ee5dc4e - - default default] Successfully bumped revision number for resource 508e74cc-70af-4613-952e-d7439df5ffcf (type: security_group_rules) to 0
2026-02-25 20:52:12.054 8 INFO neutron.db.ovn_revision_numbers_db [None req-a07db636-d1ae-4959-9990-98db8963dbfe e2ca2fb877de4a48a2ad1ffceb448689 60c00386bf8844f6a7368ad62ee5dc4e - - default default] Successfully bumped revision number for resource 6e069321-f973-41e6-a31d-5210ca52f7ed (type: security_group_rules) to 0
2026-02-25 20:52:12.064 8 INFO neutron.db.ovn_revision_numbers_db [None req-a07db636-d1ae-4959-9990-98db8963dbfe e2ca2fb877de4a48a2ad1ffceb448689 60c00386bf8844f6a7368ad62ee5dc4e - - default default] Successfully bumped revision number for resource fa6d6c5d-c100-411c-966f-31ea22c543a6 (type: security_group_rules) to 0 [pid: 8|app: 0|req: 1709/3618] 10.0.0.18 () {32 vars in 772 bytes} [Wed Feb 25 20:52:11 2026] GET /v2.0/security-groups?tenant_id=64a45e4e54bc438097932208162b3087&name=default => generated 2929 bytes in 250 msecs (HTTP/1.1 200) 4 headers in 158 bytes (1 switches on core 0) [pid: 7|app: 0|req: 1910/3619] 10.0.0.18 () {32 vars in 738 bytes} [Wed Feb 25 20:52:12 2026] DELETE /v2.0/security-groups/616c526f-fb27-47c6-8946-734ede4eebb6 => generated 0 bytes in 283 msecs (HTTP/1.1 204) 2 headers in 112 bytes (1 switches on core 0)
2026-02-25 20:52:12.611 8 INFO neutron.db.ovn_revision_numbers_db [None req-cc2e0241-d90f-4936-b566-3c063ff5c23b e2ca2fb877de4a48a2ad1ffceb448689 60c00386bf8844f6a7368ad62ee5dc4e - - default default] Successfully bumped revision number for resource d1bdaf21-3d4d-465f-8242-de000cc04639 (type: security_groups) to 1
2026-02-25 20:52:12.624 8 INFO neutron.db.ovn_revision_numbers_db [None req-cc2e0241-d90f-4936-b566-3c063ff5c23b e2ca2fb877de4a48a2ad1ffceb448689 60c00386bf8844f6a7368ad62ee5dc4e - - default default] Successfully bumped revision number for resource 3c475c27-05cf-46c2-b74b-704fb9c61833 (type: security_group_rules) to 0
2026-02-25 20:52:12.636 8 INFO neutron.db.ovn_revision_numbers_db [None req-cc2e0241-d90f-4936-b566-3c063ff5c23b e2ca2fb877de4a48a2ad1ffceb448689 60c00386bf8844f6a7368ad62ee5dc4e - - default default] Successfully bumped revision number for resource 74b6ccf7-4854-4131-a763-1c949d4032c0 (type: security_group_rules) to 0
2026-02-25 20:52:12.647 8 INFO neutron.db.ovn_revision_numbers_db [None req-cc2e0241-d90f-4936-b566-3c063ff5c23b e2ca2fb877de4a48a2ad1ffceb448689 60c00386bf8844f6a7368ad62ee5dc4e - - default default] Successfully bumped revision number for resource ae0535ac-3e94-461d-839c-787bc6f7cbf1 (type: security_group_rules) to 0
2026-02-25 20:52:12.658 8 INFO neutron.db.ovn_revision_numbers_db [None req-cc2e0241-d90f-4936-b566-3c063ff5c23b e2ca2fb877de4a48a2ad1ffceb448689 60c00386bf8844f6a7368ad62ee5dc4e - - default default] Successfully bumped revision number for resource f14cd198-5345-45b0-a13a-36581435c2f5 (type: security_group_rules) to 0 [pid: 8|app: 0|req: 1710/3620] 10.0.0.18 () {32 vars in 772 bytes} [Wed Feb 25 20:52:12 2026] GET /v2.0/security-groups?tenant_id=b41c85fa8a9242f3bf565e0c12fa6809&name=default => generated 2929 bytes in 222 msecs (HTTP/1.1 200) 4 headers in 158 bytes (1 switches on core 0) [pid: 7|app: 0|req: 1911/3621] 10.0.0.18 () {32 vars in 738 bytes} [Wed Feb 25 20:52:12 2026] DELETE /v2.0/security-groups/d1bdaf21-3d4d-465f-8242-de000cc04639 => generated 0 bytes in 347 msecs (HTTP/1.1 204) 2 headers in 112 bytes (1 switches on core 0)
2026-02-25 20:52:13.312 8 INFO neutron.db.ovn_revision_numbers_db [None req-838726b8-3438-42a8-8e2b-54873852b8ff e2ca2fb877de4a48a2ad1ffceb448689 60c00386bf8844f6a7368ad62ee5dc4e - - default default] Successfully bumped revision number for resource 8ac1e869-de6a-4e1a-a2aa-78c97b4677d3 (type: security_groups) to 1
2026-02-25 20:52:13.329 8 INFO neutron.db.ovn_revision_numbers_db [None req-838726b8-3438-42a8-8e2b-54873852b8ff e2ca2fb877de4a48a2ad1ffceb448689 60c00386bf8844f6a7368ad62ee5dc4e - - default default] Successfully bumped revision number for resource 5094a77b-748d-4173-8898-7803a8fff57e (type: security_group_rules) to 0
2026-02-25 20:52:13.344 8 INFO neutron.db.ovn_revision_numbers_db [None req-838726b8-3438-42a8-8e2b-54873852b8ff e2ca2fb877de4a48a2ad1ffceb448689 60c00386bf8844f6a7368ad62ee5dc4e - - default default] Successfully bumped revision number for resource 54ddd7f5-39f9-4859-91c5-e692cdaac5b6 (type: security_group_rules) to 0
2026-02-25 20:52:13.368 8 INFO neutron.db.ovn_revision_numbers_db [None req-838726b8-3438-42a8-8e2b-54873852b8ff e2ca2fb877de4a48a2ad1ffceb448689 60c00386bf8844f6a7368ad62ee5dc4e - - default default] Successfully bumped revision number for resource aefc0e8e-4208-4cd0-a18a-6940d72d9e95 (type: security_group_rules) to 0
2026-02-25 20:52:13.385 8 INFO neutron.db.ovn_revision_numbers_db [None req-838726b8-3438-42a8-8e2b-54873852b8ff e2ca2fb877de4a48a2ad1ffceb448689 60c00386bf8844f6a7368ad62ee5dc4e - - default default] Successfully bumped revision number for resource d8331dd1-e34b-482e-b7ef-c5df49693aa4 (type: security_group_rules) to 0 [pid: 8|app: 0|req: 1711/3622] 10.0.0.18 () {32 vars in 772 bytes} [Wed Feb 25 20:52:13 2026] GET /v2.0/security-groups?tenant_id=ca8a28814eb945ebb13048e9cac281e4&name=default => generated 2929 bytes in 295 msecs (HTTP/1.1 200) 4 headers in 158 bytes (1 switches on core 0) [pid: 7|app: 0|req: 1912/3623] 10.0.0.18 () {32 vars in 738 bytes} [Wed Feb 25 20:52:13 2026] DELETE /v2.0/security-groups/8ac1e869-de6a-4e1a-a2aa-78c97b4677d3 => generated 0 bytes in 296 msecs (HTTP/1.1 204) 2 headers in 112 bytes (1 switches on core 0)
2026-02-25 20:52:13.983 8 INFO neutron.db.ovn_revision_numbers_db [None req-858e07f6-e437-4e5b-ae4a-939d75769606 e2ca2fb877de4a48a2ad1ffceb448689 60c00386bf8844f6a7368ad62ee5dc4e - - default default] Successfully bumped revision number for resource a351d704-4c62-4dc2-978e-9c5b87a0c281 (type: security_groups) to 1
2026-02-25 20:52:13.995 8 INFO neutron.db.ovn_revision_numbers_db [None req-858e07f6-e437-4e5b-ae4a-939d75769606 e2ca2fb877de4a48a2ad1ffceb448689 60c00386bf8844f6a7368ad62ee5dc4e - - default default] Successfully bumped revision number for resource 99c5b850-6166-4d0e-a258-13424e2e9b98 (type: security_group_rules) to 0
2026-02-25 20:52:14.006 8 INFO neutron.db.ovn_revision_numbers_db [None req-858e07f6-e437-4e5b-ae4a-939d75769606 e2ca2fb877de4a48a2ad1ffceb448689 60c00386bf8844f6a7368ad62ee5dc4e - - default default] Successfully bumped revision number for resource ab10365f-ef1d-4dec-98f6-f4253bc226a3 (type: security_group_rules) to 0
2026-02-25 20:52:14.016 8 INFO neutron.db.ovn_revision_numbers_db [None req-858e07f6-e437-4e5b-ae4a-939d75769606 e2ca2fb877de4a48a2ad1ffceb448689 60c00386bf8844f6a7368ad62ee5dc4e - - default default] Successfully bumped revision number for resource c71f0e81-939a-4474-97cd-73acfee39891 (type: security_group_rules) to 0
2026-02-25 20:52:14.027 8 INFO neutron.db.ovn_revision_numbers_db [None req-858e07f6-e437-4e5b-ae4a-939d75769606 e2ca2fb877de4a48a2ad1ffceb448689 60c00386bf8844f6a7368ad62ee5dc4e - - default default] Successfully bumped revision number for resource cfbce48d-5929-4fd3-be06-ee780ceab0f0 (type: security_group_rules) to 0 [pid: 8|app: 0|req: 1712/3624] 10.0.0.18 () {32 vars in 772 bytes} [Wed Feb 25 20:52:13 2026] GET /v2.0/security-groups?tenant_id=35067e62c02940aca9e7e7aeeed0145d&name=default => generated 2929 bytes in 247 msecs (HTTP/1.1 200) 4 headers in 158 bytes (1 switches on core 0) [pid: 7|app: 0|req: 1913/3625] 10.0.0.18 () {32 vars in 738 bytes} [Wed Feb 25 20:52:14 2026] DELETE /v2.0/security-groups/a351d704-4c62-4dc2-978e-9c5b87a0c281 => generated 0 bytes in 331 msecs (HTTP/1.1 204) 2 headers in 112 bytes (1 switches on core 0)
2026-02-25 20:52:14.726 8 INFO neutron.db.ovn_revision_numbers_db [None req-e7810464-2996-433f-bd60-cbb5fcd7e26d e2ca2fb877de4a48a2ad1ffceb448689 60c00386bf8844f6a7368ad62ee5dc4e - - default default] Successfully bumped revision number for resource be5c10dd-2e1f-46e3-b0bb-8d7f64ff32d7 (type: security_groups) to 1
2026-02-25 20:52:14.742 8 INFO neutron.db.ovn_revision_numbers_db [None req-e7810464-2996-433f-bd60-cbb5fcd7e26d e2ca2fb877de4a48a2ad1ffceb448689 60c00386bf8844f6a7368ad62ee5dc4e - - default default] Successfully bumped revision number for resource 2a1fae3c-fba4-43e1-b590-85ed1e31e717 (type: security_group_rules) to 0
2026-02-25 20:52:14.762 8 INFO neutron.db.ovn_revision_numbers_db [None req-e7810464-2996-433f-bd60-cbb5fcd7e26d e2ca2fb877de4a48a2ad1ffceb448689 60c00386bf8844f6a7368ad62ee5dc4e - - default default] Successfully bumped revision number for resource 6962c59c-3040-46f0-b3eb-d5cf745532b7 (type: security_group_rules) to 0
2026-02-25 20:52:14.781 8 INFO neutron.db.ovn_revision_numbers_db [None req-e7810464-2996-433f-bd60-cbb5fcd7e26d e2ca2fb877de4a48a2ad1ffceb448689 60c00386bf8844f6a7368ad62ee5dc4e - - default default] Successfully bumped revision number for resource 89ff5f8c-56db-497c-b308-b19256ffb317 (type: security_group_rules) to 0
2026-02-25 20:52:14.795 8 INFO neutron.db.ovn_revision_numbers_db [None req-e7810464-2996-433f-bd60-cbb5fcd7e26d e2ca2fb877de4a48a2ad1ffceb448689 60c00386bf8844f6a7368ad62ee5dc4e - - default default] Successfully bumped revision number for resource 9ba1f897-cd26-4058-90f1-d7ee3bdcd429 (type: security_group_rules) to 0 [pid: 7|app: 0|req: 1914/3626] 10.0.0.141 () {28 vars in 578 bytes} [Wed Feb 25 20:52:14 2026] GET /v2.0/ports => generated 5167 bytes in 184 msecs (HTTP/1.1 200) 4 headers in 158 bytes (1 switches on core 0) [pid: 8|app: 0|req: 1713/3627] 10.0.0.18 () {32 vars in 772 bytes} [Wed Feb 25 20:52:14 2026] GET /v2.0/security-groups?tenant_id=74d8db729acd4b71ab034500202bc2cf&name=default => generated 2929 bytes in 317 msecs (HTTP/1.1 200) 4 headers in 158 bytes (1 switches on core 0) [pid: 7|app: 0|req: 1915/3628] 10.0.0.141 () {28 vars in 582 bytes} [Wed Feb 25 20:52:14 2026] GET /v2.0/routers => generated 15 bytes in 24 msecs (HTTP/1.1 200) 4 headers in 156 bytes (1 switches on core 0) [pid: 7|app: 0|req: 1916/3629] 10.0.0.141 () {28 vars in 623 bytes} [Wed Feb 25 20:52:14 2026] GET /v2.0/agents?binary=ovn-controller => generated 416 bytes in 89 msecs (HTTP/1.1 200) 4 headers in 157 bytes (1 switches on core 0) [pid: 7|app: 0|req: 1917/3630] 10.0.0.141 () {28 vars in 598 bytes} [Wed Feb 25 20:52:14 2026] GET /v2.0/security-groups => generated 20301 bytes in 40 msecs (HTTP/1.1 200) 4 headers in 159 bytes (1 switches on core 0) [pid: 7|app: 0|req: 1918/3631] 10.0.0.141 () {28 vars in 580 bytes} [Wed Feb 25 20:52:14 2026] GET /v2.0/agents => generated 1214 bytes in 14 msecs (HTTP/1.1 200) 4 headers in 158 bytes (1 switches on core 0) [pid: 7|app: 0|req: 1919/3632] 10.0.0.141 () {28 vars in 590 bytes} [Wed Feb 25 20:52:14 2026] GET /v2.0/floatingips => generated 19 bytes in 20 msecs (HTTP/1.1 200) 4 headers in 156 bytes (1 switches on core 0) [pid: 7|app: 0|req: 1920/3633] 10.0.0.141 () {28 vars in 618 bytes} [Wed Feb 25 20:52:15 2026] GET /v2.0/network-ip-availabilities => generated 1104 bytes in 13 msecs (HTTP/1.1 200) 4 headers in 158 bytes (1 switches on core 0) [pid: 7|app: 0|req: 1921/3634] 10.0.0.141 () {28 vars in 582 bytes} [Wed Feb 25 20:52:15 2026] GET /v2.0/subnets => generated 1308 bytes in 32 msecs (HTTP/1.1 200) 4 headers in 158 bytes (1 switches on core 0) [pid: 7|app: 0|req: 1922/3635] 10.0.0.141 () {28 vars in 590 bytes} [Wed Feb 25 20:52:15 2026] GET /v2.0/subnetpools => generated 19 bytes in 9 msecs (HTTP/1.1 200) 4 headers in 156 bytes (1 switches on core 0) [pid: 8|app: 0|req: 1714/3636] 10.0.0.18 () {32 vars in 738 bytes} [Wed Feb 25 20:52:14 2026] DELETE /v2.0/security-groups/be5c10dd-2e1f-46e3-b0bb-8d7f64ff32d7 => generated 0 bytes in 310 msecs (HTTP/1.1 204) 2 headers in 112 bytes (1 switches on core 0) [pid: 7|app: 0|req: 1923/3637] 10.0.0.141 () {28 vars in 584 bytes} [Wed Feb 25 20:52:15 2026] GET /v2.0/networks => generated 2174 bytes in 62 msecs (HTTP/1.1 200) 4 headers in 158 bytes (1 switches on core 0) [pid: 8|app: 0|req: 1715/3638] 10.0.0.141 () {28 vars in 582 bytes} [Wed Feb 25 20:52:15 2026] GET /v2.0/subnets => generated 1308 bytes in 35 msecs (HTTP/1.1 200) 4 headers in 158 bytes (1 switches on core 0)
2026-02-25 20:52:19.287 7 WARNING neutron.scheduler.dhcp_agent_scheduler [None req-a22b2cba-0609-4075-a039-723fd68b2f26 ea7f53392e89447cb4970b04591e038c df2a9bed370a4f37bf4ddba4ee6a89eb - - default default] No more DHCP agents
