2026-02-25 20:47:14.175 8 INFO neutron.plugins.ml2.drivers.ovn.mech_driver.mech_driver [None req-75ab4cc7-f51c-489a-ad79-11d90b86d51c - - - - - -] OVN reports status down for port: c5cd89bd-b66f-4744-9961-538f5f9c2557 [pid: 8|app: 0|req: 965/2103] 10.0.0.18 () {32 vars in 772 bytes} [Wed Feb 25 20:47:13 2026] GET /v2.0/security-groups?tenant_id=464760fbc308454ab783c40a18d99ecb&name=default => generated 2925 bytes in 386 msecs (HTTP/1.1 200) 4 headers in 158 bytes (1 switches on core 0) [pid: 7|app: 0|req: 1139/2104] 10.0.0.227 () {34 vars in 989 bytes} [Wed Feb 25 20:47:14 2026] GET /v2.0/ports?device_id=d83fd166-4be2-4690-81d2-c554376349a3 => generated 12 bytes in 23 msecs (HTTP/1.1 200) 4 headers in 156 bytes (1 switches on core 0)
2026-02-25 20:47:14.286 8 WARNING neutron.plugins.ml2.drivers.ovn.mech_driver.ovsdb.ovn_client [None req-75ab4cc7-f51c-489a-ad79-11d90b86d51c - - - - - -] Logical_Switch_Port c5cd89bd-b66f-4744-9961-538f5f9c2557 host information not removed, the port state is up
2026-02-25 20:47:14.286 8 INFO neutron.plugins.ml2.drivers.ovn.mech_driver.mech_driver [None req-75ab4cc7-f51c-489a-ad79-11d90b86d51c - - - - - -] OVN reports status up for port: c5cd89bd-b66f-4744-9961-538f5f9c2557
2026-02-25 20:47:14.310 8 INFO neutron.plugins.ml2.plugin [None req-75ab4cc7-f51c-489a-ad79-11d90b86d51c - - - - - -] Attempt 1 to provision port c5cd89bd-b66f-4744-9961-538f5f9c2557 [pid: 7|app: 0|req: 1140/2105] 10.0.0.141 () {28 vars in 578 bytes} [Wed Feb 25 20:47:14 2026] GET /v2.0/ports => generated 10327 bytes in 244 msecs (HTTP/1.1 200) 4 headers in 159 bytes (1 switches on core 0) [pid: 8|app: 0|req: 966/2106] 10.0.0.18 () {32 vars in 738 bytes} [Wed Feb 25 20:47:14 2026] DELETE /v2.0/security-groups/37d5afe5-caf2-4a1b-8bc6-98881661a6dd => generated 0 bytes in 550 msecs (HTTP/1.1 204) 2 headers in 112 bytes (1 switches on core 0) [pid: 8|app: 0|req: 967/2107] 10.0.0.141 () {28 vars in 590 bytes} [Wed Feb 25 20:47:14 2026] GET /v2.0/floatingips => generated 19 bytes in 22 msecs (HTTP/1.1 200) 4 headers in 156 bytes (1 switches on core 0) [pid: 7|app: 0|req: 1141/2108] 10.0.0.18 () {32 vars in 715 bytes} [Wed Feb 25 20:47:14 2026] GET /v2.0/ports/c5cd89bd-b66f-4744-9961-538f5f9c2557 => generated 947 bytes in 52 msecs (HTTP/1.1 200) 4 headers in 157 bytes (1 switches on core 0)
2026-02-25 20:47:15.001 8 INFO neutron.db.ovn_revision_numbers_db [None req-75ab4cc7-f51c-489a-ad79-11d90b86d51c - - - - - -] Successfully bumped revision number for resource c5cd89bd-b66f-4744-9961-538f5f9c2557 (type: ports) to 2 [pid: 8|app: 0|req: 968/2109] 10.0.0.141 () {28 vars in 580 bytes} [Wed Feb 25 20:47:14 2026] GET /v2.0/agents => generated 1214 bytes in 269 msecs (HTTP/1.1 200) 4 headers in 158 bytes (1 switches on core 0) [pid: 8|app: 0|req: 969/2110] 10.0.0.227 () {34 vars in 989 bytes} [Wed Feb 25 20:47:15 2026] GET /v2.0/ports?device_id=d83fd166-4be2-4690-81d2-c554376349a3 => generated 12 bytes in 32 msecs (HTTP/1.1 200) 4 headers in 156 bytes (1 switches on core 0) [pid: 8|app: 0|req: 970/2111] 10.0.0.141 () {28 vars in 618 bytes} [Wed Feb 25 20:47:15 2026] GET /v2.0/network-ip-availabilities => generated 2027 bytes in 17 msecs (HTTP/1.1 200) 4 headers in 158 bytes (1 switches on core 0) [pid: 8|app: 0|req: 971/2112] 10.0.0.141 () {28 vars in 582 bytes} [Wed Feb 25 20:47:15 2026] GET /v2.0/subnets => generated 2640 bytes in 42 msecs (HTTP/1.1 200) 4 headers in 158 bytes (1 switches on core 0) [pid: 8|app: 0|req: 972/2113] 10.0.0.141 () {28 vars in 590 bytes} [Wed Feb 25 20:47:15 2026] GET /v2.0/subnetpools => generated 19 bytes in 14 msecs (HTTP/1.1 200) 4 headers in 156 bytes (1 switches on core 0)
2026-02-25 20:47:15.241 7 INFO neutron_taas.services.taas.taas_plugin [None req-7c77c907-1878-4f99-8d71-d98dcb7f2783 7b1e724164dc4c1b8af3c01dcc9c0a90 910d457722514374b19a84e88bce7fe3 - - default default] TaaS: Handle Delete Port: c5cd89bd-b66f-4744-9961-538f5f9c2557
2026-02-25 20:47:15.244 7 INFO neutron_taas.services.taas.tap_mirror_plugin [None req-7c77c907-1878-4f99-8d71-d98dcb7f2783 7b1e724164dc4c1b8af3c01dcc9c0a90 910d457722514374b19a84e88bce7fe3 - - default default] Tap Mirror: Handle Delete Port: c5cd89bd-b66f-4744-9961-538f5f9c2557 [pid: 8|app: 0|req: 973/2114] 10.0.0.141 () {28 vars in 582 bytes} [Wed Feb 25 20:47:15 2026] GET /v2.0/subnets => generated 2640 bytes in 35 msecs (HTTP/1.1 200) 4 headers in 158 bytes (1 switches on core 0) [pid: 8|app: 0|req: 974/2115] 10.0.0.141 () {28 vars in 582 bytes} [Wed Feb 25 20:47:15 2026] GET /v2.0/routers => generated 1589 bytes in 71 msecs (HTTP/1.1 200) 4 headers in 158 bytes (1 switches on core 0) [pid: 8|app: 0|req: 975/2116] 10.0.0.227 () {34 vars in 989 bytes} [Wed Feb 25 20:47:15 2026] GET /v2.0/ports?device_id=d83fd166-4be2-4690-81d2-c554376349a3 => generated 12 bytes in 22 msecs (HTTP/1.1 200) 4 headers in 156 bytes (1 switches on core 0) [pid: 8|app: 0|req: 976/2117] 10.0.0.141 () {28 vars in 623 bytes} [Wed Feb 25 20:47:15 2026] GET /v2.0/agents?binary=ovn-controller => generated 416 bytes in 18 msecs (HTTP/1.1 200) 4 headers in 157 bytes (1 switches on core 0) [pid: 8|app: 0|req: 977/2118] 10.0.0.141 () {28 vars in 598 bytes} [Wed Feb 25 20:47:15 2026] GET /v2.0/security-groups => generated 23201 bytes in 77 msecs (HTTP/1.1 200) 4 headers in 159 bytes (1 switches on core 0) [pid: 8|app: 0|req: 978/2119] 10.0.0.141 () {28 vars in 584 bytes} [Wed Feb 25 20:47:15 2026] GET /v2.0/networks => generated 3677 bytes in 84 msecs (HTTP/1.1 200) 4 headers in 158 bytes (1 switches on core 0) [pid: 7|app: 0|req: 1142/2120] 10.0.0.18 () {34 vars in 787 bytes} [Wed Feb 25 20:47:14 2026] PUT /v2.0/routers/2a925435-f522-478a-853a-19016a0cfc86/remove_router_interface => generated 309 bytes in 766 msecs (HTTP/1.1 200) 4 headers in 157 bytes (1 switches on core 0) [pid: 8|app: 0|req: 979/2121] 10.0.0.18 () {32 vars in 734 bytes} [Wed Feb 25 20:47:15 2026] GET /v2.0/ports?device_id=2a925435-f522-478a-853a-19016a0cfc86 => generated 12 bytes in 23 msecs (HTTP/1.1 200) 4 headers in 156 bytes (1 switches on core 0) /var/lib/openstack/lib/python3.12/site-packages/pycadf/identifier.py:70: UserWarning: Invalid uuid: neutron. To ensure interoperability, identifiers should be a valid uuid. warnings.warn(('Invalid uuid: %s. To ensure interoperability, ' [pid: 7|app: 0|req: 1143/2122] 10.0.0.18 () {32 vars in 722 bytes} [Wed Feb 25 20:47:15 2026] DELETE /v2.0/routers/2a925435-f522-478a-853a-19016a0cfc86 => generated 0 bytes in 207 msecs (HTTP/1.1 204) 2 headers in 112 bytes (1 switches on core 0) [pid: 8|app: 0|req: 980/2123] 10.0.0.18 () {32 vars in 722 bytes} [Wed Feb 25 20:47:15 2026] DELETE /v2.0/subnets/36ee8d8a-45bf-4af5-a843-2160c0a8fe21 => generated 0 bytes in 130 msecs (HTTP/1.1 204) 3 headers in 131 bytes (1 switches on core 0)
2026-02-25 20:47:16.112 7 INFO neutron_taas.services.taas.taas_plugin [None req-f0585d49-3cb0-47b7-a676-f94cf01da77e 7b1e724164dc4c1b8af3c01dcc9c0a90 910d457722514374b19a84e88bce7fe3 - - default default] TaaS: Handle Delete Port: 5a80104b-58b8-4328-bfd1-bf4ced863edd
2026-02-25 20:47:16.114 7 INFO neutron_taas.services.taas.tap_mirror_plugin [None req-f0585d49-3cb0-47b7-a676-f94cf01da77e 7b1e724164dc4c1b8af3c01dcc9c0a90 910d457722514374b19a84e88bce7fe3 - - default default] Tap Mirror: Handle Delete Port: 5a80104b-58b8-4328-bfd1-bf4ced863edd
2026-02-25 20:47:16.336 7 INFO neutron.services.segments.plugin [-] Segment 9ba7a53f-ff51-425d-8ef1-77bf252f0ac7 resource provider aggregate not found
2026-02-25 20:47:16.340 7 INFO neutron.services.segments.plugin [-] Segment 9ba7a53f-ff51-425d-8ef1-77bf252f0ac7 resource provider aggregate not found
2026-02-25 20:47:16.352 7 INFO neutron.services.segments.plugin [-] Segment 9ba7a53f-ff51-425d-8ef1-77bf252f0ac7 resource provider not found; error: Placement Client Error (4xx): {"errors": [{"status": 404, "title": "Not Found", "detail": "The resource could not be found.\n\n No resource provider with uuid 9ba7a53f-ff51-425d-8ef1-77bf252f0ac7 found for delete ", "request_id": "req-ea2200b9-3d5e-4ed8-a043-b7bb699194c1"}]}
2026-02-25 20:47:16.357 7 INFO neutron.services.segments.plugin [-] Segment 9ba7a53f-ff51-425d-8ef1-77bf252f0ac7 resource provider not found; error: Placement Client Error (4xx): {"errors": [{"status": 404, "title": "Not Found", "detail": "The resource could not be found.\n\n No resource provider with uuid 9ba7a53f-ff51-425d-8ef1-77bf252f0ac7 found for delete ", "request_id": "req-5f11c950-9fa0-4d29-8bb2-4f57a268774d"}]} [pid: 7|app: 0|req: 1144/2124] 10.0.0.18 () {32 vars in 724 bytes} [Wed Feb 25 20:47:15 2026] DELETE /v2.0/networks/980556b6-4d46-451d-9aa2-dd90f1d499d1 => generated 0 bytes in 411 msecs (HTTP/1.1 204) 3 headers in 131 bytes (1 switches on core 0) [pid: 7|app: 0|req: 1145/2125] 10.0.0.227 () {34 vars in 989 bytes} [Wed Feb 25 20:47:16 2026] GET /v2.0/ports?device_id=d83fd166-4be2-4690-81d2-c554376349a3 => generated 12 bytes in 35 msecs (HTTP/1.1 200) 4 headers in 156 bytes (1 switches on core 0)
2026-02-25 20:47:16.863 8 WARNING neutron.scheduler.dhcp_agent_scheduler [None req-004e9678-1544-4942-9bbc-744cc06b52fb 7b1e724164dc4c1b8af3c01dcc9c0a90 910d457722514374b19a84e88bce7fe3 - - default default] No more DHCP agents
2026-02-25 20:47:16.866 8 WARNING neutron.api.rpc.agentnotifiers.dhcp_rpc_agent_api [None req-004e9678-1544-4942-9bbc-744cc06b52fb 7b1e724164dc4c1b8af3c01dcc9c0a90 910d457722514374b19a84e88bce7fe3 - - default default] Unable to schedule network 2d35cb8c-9ee7-403b-95f5-94cd69e196ce: no agents available; will retry on subsequent port and subnet creation events.
2026-02-25 20:47:17.044 8 INFO neutron.db.ovn_revision_numbers_db [None req-004e9678-1544-4942-9bbc-744cc06b52fb 7b1e724164dc4c1b8af3c01dcc9c0a90 910d457722514374b19a84e88bce7fe3 - - default default] Successfully bumped revision number for resource 65913329-0256-423d-a38e-c04dde546b5d (type: ports) to 1
2026-02-25 20:47:18.196 8 INFO neutron.plugins.ml2.drivers.ovn.mech_driver.ovsdb.commands [None req-2adb247f-6073-4d38-ba19-564f5cf7c29d - - - - - -] Schedule LRP lrp-65913329-0256-423d-a38e-c04dde546b5d on gateway b1dca88e-14b0-42ce-a1d3-36671cc75ea2 with priority 1
2026-02-25 20:47:18.334 8 INFO neutron.db.ovn_revision_numbers_db [None req-004e9678-1544-4942-9bbc-744cc06b52fb 7b1e724164dc4c1b8af3c01dcc9c0a90 910d457722514374b19a84e88bce7fe3 - - default default] Successfully bumped revision number for resource 65913329-0256-423d-a38e-c04dde546b5d (type: router_ports) to 1
2026-02-25 20:47:18.400 8 INFO neutron.db.ovn_revision_numbers_db [None req-004e9678-1544-4942-9bbc-744cc06b52fb 7b1e724164dc4c1b8af3c01dcc9c0a90 910d457722514374b19a84e88bce7fe3 - - default default] Successfully bumped revision number for resource 4efb4aae-5d3c-48af-8369-d15e1958a9b9 (type: routers) to 2 [pid: 8|app: 0|req: 981/2126] 10.0.0.18 () {34 vars in 667 bytes} [Wed Feb 25 20:47:16 2026] POST /v2.0/routers => generated 951 bytes in 2011 msecs (HTTP/1.1 201) 4 headers in 162 bytes (1 switches on core 0) [pid: 7|app: 0|req: 1146/2127] 10.0.0.18 () {32 vars in 719 bytes} [Wed Feb 25 20:47:18 2026] GET /v2.0/routers/4efb4aae-5d3c-48af-8369-d15e1958a9b9 => generated 957 bytes in 72 msecs (HTTP/1.1 200) 4 headers in 157 bytes (1 switches on core 0) [pid: 8|app: 0|req: 982/2128] 10.0.0.18 () {32 vars in 645 bytes} [Wed Feb 25 20:47:18 2026] GET /v2.0/routers => generated 960 bytes in 65 msecs (HTTP/1.1 200) 4 headers in 157 bytes (1 switches on core 0)
2026-02-25 20:47:19.037 8 INFO neutron_taas.services.taas.taas_plugin [None req-2d6047cb-ded7-4c1f-9dad-8e3e01deb71a e2ca2fb877de4a48a2ad1ffceb448689 60c00386bf8844f6a7368ad62ee5dc4e - - default default] TaaS: Handle Delete Port: 1b26e41a-a410-4de8-aeec-727005f0088c
2026-02-25 20:47:19.041 8 INFO neutron_taas.services.taas.tap_mirror_plugin [None req-2d6047cb-ded7-4c1f-9dad-8e3e01deb71a e2ca2fb877de4a48a2ad1ffceb448689 60c00386bf8844f6a7368ad62ee5dc4e - - default default] Tap Mirror: Handle Delete Port: 1b26e41a-a410-4de8-aeec-727005f0088c
2026-02-25 20:47:19.095 7 INFO neutron.db.ovn_revision_numbers_db [None req-97e05a90-c75f-4cbb-9dbc-a6bd8e4a8a5d 7b1e724164dc4c1b8af3c01dcc9c0a90 910d457722514374b19a84e88bce7fe3 - - default default] Successfully bumped revision number for resource 4efb4aae-5d3c-48af-8369-d15e1958a9b9 (type: routers) to 3 [pid: 7|app: 0|req: 1147/2129] 10.0.0.18 () {34 vars in 739 bytes} [Wed Feb 25 20:47:18 2026] PUT /v2.0/routers/4efb4aae-5d3c-48af-8369-d15e1958a9b9 => generated 964 bytes in 521 msecs (HTTP/1.1 200) 4 headers in 157 bytes (1 switches on core 0)
2026-02-25 20:47:19.439 7 INFO neutron.db.ovn_revision_numbers_db [None req-2684c9b2-72be-4046-a707-5ff00be76e68 f26f143d69f946a9a1abbc64bc06936a 994897adf12d4fb9bdcf391a29503c17 - - default default] Successfully bumped revision number for resource eb4967af-8a45-4055-993b-9a19d52421b8 (type: security_groups) to 1
2026-02-25 20:47:19.451 7 INFO neutron.db.ovn_revision_numbers_db [None req-2684c9b2-72be-4046-a707-5ff00be76e68 f26f143d69f946a9a1abbc64bc06936a 994897adf12d4fb9bdcf391a29503c17 - - default default] Successfully bumped revision number for resource 1091c1c0-70bf-4844-838f-1271ab6403b5 (type: security_group_rules) to 0
2026-02-25 20:47:19.463 7 INFO neutron.db.ovn_revision_numbers_db [None req-2684c9b2-72be-4046-a707-5ff00be76e68 f26f143d69f946a9a1abbc64bc06936a 994897adf12d4fb9bdcf391a29503c17 - - default default] Successfully bumped revision number for resource 2600e2e7-2f9d-44d0-9f81-083513f86671 (type: security_group_rules) to 0
2026-02-25 20:47:19.476 7 INFO neutron.db.ovn_revision_numbers_db [None req-2684c9b2-72be-4046-a707-5ff00be76e68 f26f143d69f946a9a1abbc64bc06936a 994897adf12d4fb9bdcf391a29503c17 - - default default] Successfully bumped revision number for resource 6e327337-31b9-448e-a1f6-9c407dc0c02e (type: security_group_rules) to 0
2026-02-25 20:47:19.486 7 INFO neutron.db.ovn_revision_numbers_db [None req-2684c9b2-72be-4046-a707-5ff00be76e68 f26f143d69f946a9a1abbc64bc06936a 994897adf12d4fb9bdcf391a29503c17 - - default default] Successfully bumped revision number for resource c54d81d4-6849-4648-ae18-81f253aa01c8 (type: security_group_rules) to 0
2026-02-25 20:47:19.555 7 INFO neutron.db.segments_db [None req-2684c9b2-72be-4046-a707-5ff00be76e68 f26f143d69f946a9a1abbc64bc06936a 994897adf12d4fb9bdcf391a29503c17 - - default default] Added segment 32ddfd39-33ac-4293-ac6f-af261b801006 of type geneve for network b7ee7d62-bd4e-41af-8b96-71a6538b6dba
2026-02-25 20:47:19.681 7 INFO neutron.db.ovn_revision_numbers_db [None req-2684c9b2-72be-4046-a707-5ff00be76e68 f26f143d69f946a9a1abbc64bc06936a 994897adf12d4fb9bdcf391a29503c17 - - default default] Successfully bumped revision number for resource b7ee7d62-bd4e-41af-8b96-71a6538b6dba (type: networks) to 1 [pid: 8|app: 0|req: 983/2130] 10.0.0.18 () {34 vars in 787 bytes} [Wed Feb 25 20:47:18 2026] PUT /v2.0/routers/1f74f656-8342-4d5e-9292-f12f2d9bb821/remove_router_interface => generated 309 bytes in 1084 msecs (HTTP/1.1 200) 4 headers in 157 bytes (1 switches on core 0) /var/lib/openstack/lib/python3.12/site-packages/pycadf/identifier.py:70: UserWarning: Invalid uuid: neutron. To ensure interoperability, identifiers should be a valid uuid. warnings.warn(('Invalid uuid: %s. To ensure interoperability, ' [pid: 8|app: 0|req: 984/2131] 10.0.0.18 () {32 vars in 719 bytes} [Wed Feb 25 20:47:19 2026] GET /v2.0/routers/4efb4aae-5d3c-48af-8369-d15e1958a9b9 => generated 964 bytes in 59 msecs (HTTP/1.1 200) 4 headers in 157 bytes (1 switches on core 0)
2026-02-25 20:47:19.876 7 WARNING neutron.scheduler.dhcp_agent_scheduler [None req-2684c9b2-72be-4046-a707-5ff00be76e68 f26f143d69f946a9a1abbc64bc06936a 994897adf12d4fb9bdcf391a29503c17 - - default default] No more DHCP agents
2026-02-25 20:47:19.877 7 WARNING neutron.api.rpc.agentnotifiers.dhcp_rpc_agent_api [None req-2684c9b2-72be-4046-a707-5ff00be76e68 f26f143d69f946a9a1abbc64bc06936a 994897adf12d4fb9bdcf391a29503c17 - - default default] Unable to schedule network b7ee7d62-bd4e-41af-8b96-71a6538b6dba: no agents available; will retry on subsequent port and subnet creation events.
2026-02-25 20:47:19.997 7 INFO neutron.db.ovn_revision_numbers_db [None req-2684c9b2-72be-4046-a707-5ff00be76e68 f26f143d69f946a9a1abbc64bc06936a 994897adf12d4fb9bdcf391a29503c17 - - default default] Successfully bumped revision number for resource b848becf-ff62-412b-9a4d-f7f89e65dbb2 (type: ports) to 1 [pid: 7|app: 0|req: 1148/2132] 10.0.0.18 () {34 vars in 668 bytes} [Wed Feb 25 20:47:19 2026] POST /v2.0/networks => generated 632 bytes in 919 msecs (HTTP/1.1 201) 4 headers in 162 bytes (1 switches on core 0)
2026-02-25 20:47:20.155 8 INFO neutron.db.ovn_revision_numbers_db [None req-5105a456-1ca5-4955-a70a-d730e9e5c920 5d84ad96d80b484d8c51690ff5c96f6a add572c8db084315a0f2b75171de0dfb - - default default] Successfully bumped revision number for resource a64a14cc-3c1c-4f15-98ed-f51c06c264c4 (type: security_groups) to 1
2026-02-25 20:47:20.171 8 INFO neutron.db.ovn_revision_numbers_db [None req-5105a456-1ca5-4955-a70a-d730e9e5c920 5d84ad96d80b484d8c51690ff5c96f6a add572c8db084315a0f2b75171de0dfb - - default default] Successfully bumped revision number for resource 618350ff-6dc6-41bf-b4bc-94597958d33c (type: security_group_rules) to 0
2026-02-25 20:47:20.182 8 INFO neutron.db.ovn_revision_numbers_db [None req-5105a456-1ca5-4955-a70a-d730e9e5c920 5d84ad96d80b484d8c51690ff5c96f6a add572c8db084315a0f2b75171de0dfb - - default default] Successfully bumped revision number for resource 61af63be-9cfb-4a34-af39-87352a64fb95 (type: security_group_rules) to 0
2026-02-25 20:47:20.193 8 INFO neutron.db.ovn_revision_numbers_db [None req-5105a456-1ca5-4955-a70a-d730e9e5c920 5d84ad96d80b484d8c51690ff5c96f6a add572c8db084315a0f2b75171de0dfb - - default default] Successfully bumped revision number for resource 92abd8ca-e83e-47b9-a6ff-d35282ab15df (type: security_group_rules) to 0
2026-02-25 20:47:20.205 8 INFO neutron.db.ovn_revision_numbers_db [None req-5105a456-1ca5-4955-a70a-d730e9e5c920 5d84ad96d80b484d8c51690ff5c96f6a add572c8db084315a0f2b75171de0dfb - - default default] Successfully bumped revision number for resource e72b539b-6479-496e-bf9d-aa2fad7313fe (type: security_group_rules) to 0
2026-02-25 20:47:20.260 8 WARNING neutron.plugins.ml2.drivers.ovn.mech_driver.ovsdb.ovn_client [None req-9a9e723c-1396-4865-b332-e281fa179ffd - - - - - -] No port found with ID c5cd89bd-b66f-4744-9961-538f5f9c2557: RuntimeError: No port found with ID c5cd89bd-b66f-4744-9961-538f5f9c2557
2026-02-25 20:47:20.298 8 INFO neutron.db.segments_db [None req-5105a456-1ca5-4955-a70a-d730e9e5c920 5d84ad96d80b484d8c51690ff5c96f6a add572c8db084315a0f2b75171de0dfb - - default default] Added segment bdaeeae4-afc9-4750-ac2f-a0e2ea6a8491 of type geneve for network cc057864-5f8b-493b-8df3-c81cf2f1773b
2026-02-25 20:47:20.299 8 INFO neutron.plugins.ml2.drivers.ovn.mech_driver.mech_driver [None req-9a9e723c-1396-4865-b332-e281fa179ffd - - - - - -] OVN reports status down for port: 65913329-0256-423d-a38e-c04dde546b5d
2026-02-25 20:47:20.441 8 WARNING neutron.plugins.ml2.drivers.ovn.mech_driver.ovsdb.ovn_client [None req-9a9e723c-1396-4865-b332-e281fa179ffd - - - - - -] Logical_Switch_Port 65913329-0256-423d-a38e-c04dde546b5d host information not removed, the port state is up
2026-02-25 20:47:20.441 7 INFO neutron_taas.services.taas.taas_plugin [None req-1ed16ece-5f81-4da3-95b3-0e9a28fe8847 e2ca2fb877de4a48a2ad1ffceb448689 60c00386bf8844f6a7368ad62ee5dc4e - - default default] TaaS: Handle Delete Port: c4946f04-b083-455c-ae6b-2e73308214a9
2026-02-25 20:47:20.442 8 INFO neutron.plugins.ml2.drivers.ovn.mech_driver.mech_driver [None req-9a9e723c-1396-4865-b332-e281fa179ffd - - - - - -] OVN reports status up for port: 65913329-0256-423d-a38e-c04dde546b5d
2026-02-25 20:47:20.445 7 INFO neutron_taas.services.taas.tap_mirror_plugin [None req-1ed16ece-5f81-4da3-95b3-0e9a28fe8847 e2ca2fb877de4a48a2ad1ffceb448689 60c00386bf8844f6a7368ad62ee5dc4e - - default default] Tap Mirror: Handle Delete Port: c4946f04-b083-455c-ae6b-2e73308214a9
2026-02-25 20:47:20.468 8 INFO neutron.plugins.ml2.plugin [None req-9a9e723c-1396-4865-b332-e281fa179ffd - - - - - -] Attempt 1 to provision port 65913329-0256-423d-a38e-c04dde546b5d
2026-02-25 20:47:20.552 8 INFO neutron.db.ovn_revision_numbers_db [None req-5105a456-1ca5-4955-a70a-d730e9e5c920 5d84ad96d80b484d8c51690ff5c96f6a add572c8db084315a0f2b75171de0dfb - - default default] Successfully bumped revision number for resource cc057864-5f8b-493b-8df3-c81cf2f1773b (type: networks) to 1
2026-02-25 20:47:20.808 8 WARNING neutron.scheduler.dhcp_agent_scheduler [None req-5105a456-1ca5-4955-a70a-d730e9e5c920 5d84ad96d80b484d8c51690ff5c96f6a add572c8db084315a0f2b75171de0dfb - - default default] No more DHCP agents
2026-02-25 20:47:20.810 8 WARNING neutron.api.rpc.agentnotifiers.dhcp_rpc_agent_api [None req-5105a456-1ca5-4955-a70a-d730e9e5c920 5d84ad96d80b484d8c51690ff5c96f6a add572c8db084315a0f2b75171de0dfb - - default default] Unable to schedule network cc057864-5f8b-493b-8df3-c81cf2f1773b: no agents available; will retry on subsequent port and subnet creation events.
2026-02-25 20:47:20.930 8 INFO neutron.db.ovn_revision_numbers_db [None req-5105a456-1ca5-4955-a70a-d730e9e5c920 5d84ad96d80b484d8c51690ff5c96f6a add572c8db084315a0f2b75171de0dfb - - default default] Successfully bumped revision number for resource fe7b3479-8031-4038-bf9d-da16c60b78ec (type: ports) to 1 [pid: 7|app: 0|req: 1149/2133] 10.0.0.18 () {32 vars in 722 bytes} [Wed Feb 25 20:47:20 2026] DELETE /v2.0/routers/1f74f656-8342-4d5e-9292-f12f2d9bb821 => generated 0 bytes in 937 msecs (HTTP/1.1 204) 2 headers in 112 bytes (1 switches on core 0) [pid: 7|app: 0|req: 1150/2134] 10.0.0.18 () {32 vars in 734 bytes} [Wed Feb 25 20:47:20 2026] GET /v2.0/ports?device_id=4efb4aae-5d3c-48af-8369-d15e1958a9b9 => generated 12 bytes in 25 msecs (HTTP/1.1 200) 4 headers in 156 bytes (1 switches on core 0) [pid: 8|app: 0|req: 985/2135] 10.0.0.18 () {34 vars in 668 bytes} [Wed Feb 25 20:47:19 2026] POST /v2.0/networks => generated 640 bytes in 1122 msecs (HTTP/1.1 201) 4 headers in 162 bytes (1 switches on core 0) [pid: 8|app: 0|req: 986/2136] 10.0.0.18 () {32 vars in 722 bytes} [Wed Feb 25 20:47:20 2026] DELETE /v2.0/subnets/94e5843b-f959-43b4-9e7c-614bfc77c645 => generated 0 bytes in 185 msecs (HTTP/1.1 204) 3 headers in 131 bytes (1 switches on core 0)
2026-02-25 20:47:21.219 7 WARNING neutron.scheduler.dhcp_agent_scheduler [None req-7cca8b4e-01fb-4599-810f-cb1033b59d45 f26f143d69f946a9a1abbc64bc06936a 994897adf12d4fb9bdcf391a29503c17 - - default default] No more DHCP agents
2026-02-25 20:47:21.220 7 WARNING neutron.api.rpc.agentnotifiers.dhcp_rpc_agent_api [None req-7cca8b4e-01fb-4599-810f-cb1033b59d45 f26f143d69f946a9a1abbc64bc06936a 994897adf12d4fb9bdcf391a29503c17 - - default default] Unable to schedule network b7ee7d62-bd4e-41af-8b96-71a6538b6dba: no agents available; will retry on subsequent port and subnet creation events.
2026-02-25 20:47:21.350 7 INFO neutron.db.ovn_revision_numbers_db [None req-7cca8b4e-01fb-4599-810f-cb1033b59d45 f26f143d69f946a9a1abbc64bc06936a 994897adf12d4fb9bdcf391a29503c17 - - default default] Successfully bumped revision number for resource 1a1e0660-2ba5-4637-ad90-08dd882be1be (type: ports) to 1 [pid: 7|app: 0|req: 1151/2137] 10.0.0.18 () {34 vars in 662 bytes} [Wed Feb 25 20:47:20 2026] POST /v2.0/ports => generated 743 bytes in 427 msecs (HTTP/1.1 201) 4 headers in 162 bytes (1 switches on core 0) /var/lib/openstack/lib/python3.12/site-packages/pycadf/identifier.py:70: UserWarning: Invalid uuid: neutron. To ensure interoperability, identifiers should be a valid uuid. warnings.warn(('Invalid uuid: %s. To ensure interoperability, '
2026-02-25 20:47:21.551 8 INFO neutron_taas.services.taas.taas_plugin [None req-beda8104-6b21-4732-b90b-d70b55952d17 7b1e724164dc4c1b8af3c01dcc9c0a90 910d457722514374b19a84e88bce7fe3 - - default default] TaaS: Handle Delete Port: 65913329-0256-423d-a38e-c04dde546b5d
2026-02-25 20:47:21.555 8 INFO neutron_taas.services.taas.tap_mirror_plugin [None req-beda8104-6b21-4732-b90b-d70b55952d17 7b1e724164dc4c1b8af3c01dcc9c0a90 910d457722514374b19a84e88bce7fe3 - - default default] Tap Mirror: Handle Delete Port: 65913329-0256-423d-a38e-c04dde546b5d
2026-02-25 20:47:21.604 7 WARNING neutron.scheduler.dhcp_agent_scheduler [None req-36f389e5-b6d3-4eea-814c-515d87fe6a35 5d84ad96d80b484d8c51690ff5c96f6a add572c8db084315a0f2b75171de0dfb - - default default] No more DHCP agents
2026-02-25 20:47:21.606 7 WARNING neutron.api.rpc.agentnotifiers.dhcp_rpc_agent_api [None req-36f389e5-b6d3-4eea-814c-515d87fe6a35 5d84ad96d80b484d8c51690ff5c96f6a add572c8db084315a0f2b75171de0dfb - - default default] Unable to schedule network cc057864-5f8b-493b-8df3-c81cf2f1773b: no agents available; will retry on subsequent port and subnet creation events. [pid: 8|app: 0|req: 987/2138] 10.0.0.18 () {32 vars in 722 bytes} [Wed Feb 25 20:47:21 2026] DELETE /v2.0/routers/4efb4aae-5d3c-48af-8369-d15e1958a9b9 => generated 0 bytes in 798 msecs (HTTP/1.1 204) 2 headers in 112 bytes (1 switches on core 0)
2026-02-25 20:47:22.125 8 INFO neutron_taas.services.taas.taas_plugin [None req-9729a930-6a8f-4f1d-80d5-56e0d4b9a811 e2ca2fb877de4a48a2ad1ffceb448689 60c00386bf8844f6a7368ad62ee5dc4e - - default default] TaaS: Handle Delete Port: e2991b8e-4c2f-4994-8da4-0765b8587c11
2026-02-25 20:47:22.129 8 INFO neutron_taas.services.taas.tap_mirror_plugin [None req-9729a930-6a8f-4f1d-80d5-56e0d4b9a811 e2ca2fb877de4a48a2ad1ffceb448689 60c00386bf8844f6a7368ad62ee5dc4e - - default default] Tap Mirror: Handle Delete Port: e2991b8e-4c2f-4994-8da4-0765b8587c11
2026-02-25 20:47:22.135 7 INFO neutron.db.ovn_revision_numbers_db [None req-bb204b4b-4add-440c-8ed8-d7d969a6f52a - - - - - -] Successfully bumped revision number for resource fe7b3479-8031-4038-bf9d-da16c60b78ec (type: ports) to 2
2026-02-25 20:47:22.168 7 INFO neutron.db.ovn_revision_numbers_db [None req-bb204b4b-4add-440c-8ed8-d7d969a6f52a - - - - - -] Successfully bumped revision number for resource d5e79472-b8f6-4443-aab9-3d6ac1ebafd7 (type: subnets) to 0 [pid: 7|app: 0|req: 1152/2139] 10.0.0.18 () {34 vars in 667 bytes} [Wed Feb 25 20:47:21 2026] POST /v2.0/subnets => generated 657 bytes in 776 msecs (HTTP/1.1 201) 4 headers in 162 bytes (1 switches on core 0)
2026-02-25 20:47:22.333 8 INFO neutron.services.segments.plugin [-] Segment f51d92f0-a870-49cd-9b05-4ae7779390d7 resource provider aggregate not found
2026-02-25 20:47:22.339 8 INFO neutron.services.segments.plugin [-] Segment f51d92f0-a870-49cd-9b05-4ae7779390d7 resource provider aggregate not found
2026-02-25 20:47:22.355 8 INFO neutron.services.segments.plugin [-] Segment f51d92f0-a870-49cd-9b05-4ae7779390d7 resource provider not found; error: Placement Client Error (4xx): {"errors": [{"status": 404, "title": "Not Found", "detail": "The resource could not be found.\n\n No resource provider with uuid f51d92f0-a870-49cd-9b05-4ae7779390d7 found for delete ", "request_id": "req-d9f39e79-8839-4daf-a4d1-8ae604447227"}]}
2026-02-25 20:47:22.366 8 INFO neutron.services.segments.plugin [-] Segment f51d92f0-a870-49cd-9b05-4ae7779390d7 resource provider not found; error: Placement Client Error (4xx): {"errors": [{"status": 404, "title": "Not Found", "detail": "The resource could not be found.\n\n No resource provider with uuid f51d92f0-a870-49cd-9b05-4ae7779390d7 found for delete ", "request_id": "req-838bebf2-bef0-4d1e-8533-5db476b14382"}]} [pid: 8|app: 0|req: 988/2140] 10.0.0.18 () {32 vars in 724 bytes} [Wed Feb 25 20:47:21 2026] DELETE /v2.0/networks/a9a1aa7a-71fa-469d-8fb2-6b43e023f077 => generated 0 bytes in 433 msecs (HTTP/1.1 204) 3 headers in 131 bytes (1 switches on core 0) [pid: 8|app: 0|req: 989/2141] 10.0.0.18 () {32 vars in 734 bytes} [Wed Feb 25 20:47:22 2026] GET /v2.0/ports?device_id=4efb4aae-5d3c-48af-8369-d15e1958a9b9 => generated 12 bytes in 16 msecs (HTTP/1.1 200) 4 headers in 156 bytes (1 switches on core 0) [pid: 8|app: 0|req: 990/2142] 10.0.0.18 () {32 vars in 720 bytes} [Wed Feb 25 20:47:22 2026] GET /v2.0/subnetpools?name=shared-default-subnetpool-v6 => generated 19 bytes in 42 msecs (HTTP/1.1 200) 4 headers in 156 bytes (1 switches on core 0)
2026-02-25 20:47:22.479 8 INFO neutron.api.v2.resource [None req-5b74a6dc-418d-405b-a6eb-541caed81194 7b1e724164dc4c1b8af3c01dcc9c0a90 910d457722514374b19a84e88bce7fe3 - - default default] delete failed (client error): The resource could not be found. [pid: 8|app: 0|req: 991/2143] 10.0.0.18 () {32 vars in 722 bytes} [Wed Feb 25 20:47:22 2026] DELETE /v2.0/routers/4efb4aae-5d3c-48af-8369-d15e1958a9b9 => generated 135 bytes in 17 msecs (HTTP/1.1 404) 4 headers in 164 bytes (1 switches on core 0) [pid: 7|app: 0|req: 1153/2144] 10.0.0.18 () {34 vars in 664 bytes} [Wed Feb 25 20:47:22 2026] POST /v2.0/trunks => generated 409 bytes in 301 msecs (HTTP/1.1 201) 4 headers in 162 bytes (1 switches on core 0) [pid: 7|app: 0|req: 1154/2145] 10.0.0.18 () {32 vars in 734 bytes} [Wed Feb 25 20:47:22 2026] GET /v2.0/ports?device_id=2a925435-f522-478a-853a-19016a0cfc86 => generated 12 bytes in 17 msecs (HTTP/1.1 200) 4 headers in 156 bytes (1 switches on core 0)
2026-02-25 20:47:22.608 7 INFO neutron.db.segments_db [None req-11bb3816-1bcd-439c-b314-48cdf2c22b5a f26f143d69f946a9a1abbc64bc06936a 994897adf12d4fb9bdcf391a29503c17 - - default default] Added segment 9ab0fb39-8c6e-46df-9c41-c47edbc5e6f7 of type geneve for network c2718bde-c6ec-4ff2-a1b6-0f77482cd54b
2026-02-25 20:47:22.732 8 WARNING neutron.scheduler.dhcp_agent_scheduler [None req-afbd5b58-170d-4595-ad18-875e918c19a0 5d84ad96d80b484d8c51690ff5c96f6a add572c8db084315a0f2b75171de0dfb - - default default] No more DHCP agents
2026-02-25 20:47:22.734 8 WARNING neutron.api.rpc.agentnotifiers.dhcp_rpc_agent_api [None req-afbd5b58-170d-4595-ad18-875e918c19a0 5d84ad96d80b484d8c51690ff5c96f6a add572c8db084315a0f2b75171de0dfb - - default default] Unable to schedule network cc057864-5f8b-493b-8df3-c81cf2f1773b: no agents available; will retry on subsequent port and subnet creation events.
2026-02-25 20:47:22.735 7 INFO neutron.db.ovn_revision_numbers_db [None req-11bb3816-1bcd-439c-b314-48cdf2c22b5a f26f143d69f946a9a1abbc64bc06936a 994897adf12d4fb9bdcf391a29503c17 - - default default] Successfully bumped revision number for resource c2718bde-c6ec-4ff2-a1b6-0f77482cd54b (type: networks) to 1
2026-02-25 20:47:22.773 8 INFO neutron.db.ovn_revision_numbers_db [None req-afbd5b58-170d-4595-ad18-875e918c19a0 5d84ad96d80b484d8c51690ff5c96f6a add572c8db084315a0f2b75171de0dfb - - default default] Successfully bumped revision number for resource ce1e65b8-07aa-458c-affd-690c2a81733b (type: subnets) to 0 [pid: 8|app: 0|req: 992/2146] 10.0.0.18 () {34 vars in 667 bytes} [Wed Feb 25 20:47:22 2026] POST /v2.0/subnets => generated 731 bytes in 311 msecs (HTTP/1.1 201) 4 headers in 162 bytes (1 switches on core 0)
2026-02-25 20:47:22.807 8 INFO neutron.api.v2.resource [None req-a0796273-dcd9-492a-9e7f-b5b35603c9b6 7b1e724164dc4c1b8af3c01dcc9c0a90 910d457722514374b19a84e88bce7fe3 - - default default] delete failed (client error): The resource could not be found. [pid: 8|app: 0|req: 993/2147] 10.0.0.18 () {32 vars in 722 bytes} [Wed Feb 25 20:47:22 2026] DELETE /v2.0/routers/2a925435-f522-478a-853a-19016a0cfc86 => generated 135 bytes in 15 msecs (HTTP/1.1 404) 4 headers in 164 bytes (1 switches on core 0) [pid: 8|app: 0|req: 994/2148] 10.0.0.18 () {32 vars in 772 bytes} [Wed Feb 25 20:47:22 2026] GET /v2.0/security-groups?tenant_id=0ca1e10a053c4c30b28c45206178a5f3&name=default => generated 2925 bytes in 21 msecs (HTTP/1.1 200) 4 headers in 158 bytes (1 switches on core 0)
2026-02-25 20:47:22.902 7 WARNING neutron.scheduler.dhcp_agent_scheduler [None req-11bb3816-1bcd-439c-b314-48cdf2c22b5a f26f143d69f946a9a1abbc64bc06936a 994897adf12d4fb9bdcf391a29503c17 - - default default] No more DHCP agents
2026-02-25 20:47:22.904 7 WARNING neutron.api.rpc.agentnotifiers.dhcp_rpc_agent_api [None req-11bb3816-1bcd-439c-b314-48cdf2c22b5a f26f143d69f946a9a1abbc64bc06936a 994897adf12d4fb9bdcf391a29503c17 - - default default] Unable to schedule network c2718bde-c6ec-4ff2-a1b6-0f77482cd54b: no agents available; will retry on subsequent port and subnet creation events.
2026-02-25 20:47:22.914 8 INFO neutron.db.segments_db [None req-922f75b5-72a6-42f0-a94f-36888236bcbe 5d84ad96d80b484d8c51690ff5c96f6a add572c8db084315a0f2b75171de0dfb - - default default] Added segment c6aa0911-cdc4-44ce-938c-a18c9a5dd67c of type geneve for network 1ee1b44b-2096-4864-871f-06368fdf1e54
2026-02-25 20:47:23.034 7 INFO neutron.db.ovn_revision_numbers_db [None req-11bb3816-1bcd-439c-b314-48cdf2c22b5a f26f143d69f946a9a1abbc64bc06936a 994897adf12d4fb9bdcf391a29503c17 - - default default] Successfully bumped revision number for resource 4a9df84a-3ee4-4a0b-9864-c1f03a11a84e (type: ports) to 1 [pid: 7|app: 0|req: 1155/2149] 10.0.0.18 () {34 vars in 668 bytes} [Wed Feb 25 20:47:22 2026] POST /v2.0/networks => generated 631 bytes in 549 msecs (HTTP/1.1 201) 4 headers in 162 bytes (1 switches on core 0)
2026-02-25 20:47:23.071 7 INFO neutron.pecan_wsgi.hooks.translation [None req-340ba1fd-c86b-48f0-b0a6-72d77c166afd 7b1e724164dc4c1b8af3c01dcc9c0a90 910d457722514374b19a84e88bce7fe3 - - default default] DELETE failed (client error): The resource could not be found. [pid: 7|app: 0|req: 1156/2150] 10.0.0.18 () {32 vars in 722 bytes} [Wed Feb 25 20:47:23 2026] DELETE /v2.0/subnets/36ee8d8a-45bf-4af5-a843-2160c0a8fe21 => generated 136 bytes in 14 msecs (HTTP/1.1 404) 4 headers in 164 bytes (1 switches on core 0)
2026-02-25 20:47:23.149 8 INFO neutron.db.ovn_revision_numbers_db [None req-922f75b5-72a6-42f0-a94f-36888236bcbe 5d84ad96d80b484d8c51690ff5c96f6a add572c8db084315a0f2b75171de0dfb - - default default] Successfully bumped revision number for resource 1ee1b44b-2096-4864-871f-06368fdf1e54 (type: networks) to 1 [pid: 7|app: 0|req: 1157/2151] 10.0.0.18 () {32 vars in 738 bytes} [Wed Feb 25 20:47:23 2026] DELETE /v2.0/security-groups/138ff07e-58b7-4ea9-9d46-f6c3835cf4a5 => generated 0 bytes in 302 msecs (HTTP/1.1 204) 2 headers in 112 bytes (1 switches on core 0)
2026-02-25 20:47:23.403 8 WARNING neutron.scheduler.dhcp_agent_scheduler [None req-922f75b5-72a6-42f0-a94f-36888236bcbe 5d84ad96d80b484d8c51690ff5c96f6a add572c8db084315a0f2b75171de0dfb - - default default] No more DHCP agents
2026-02-25 20:47:23.405 8 WARNING neutron.api.rpc.agentnotifiers.dhcp_rpc_agent_api [None req-922f75b5-72a6-42f0-a94f-36888236bcbe 5d84ad96d80b484d8c51690ff5c96f6a add572c8db084315a0f2b75171de0dfb - - default default] Unable to schedule network 1ee1b44b-2096-4864-871f-06368fdf1e54: no agents available; will retry on subsequent port and subnet creation events.
2026-02-25 20:47:23.549 8 INFO neutron.db.ovn_revision_numbers_db [None req-922f75b5-72a6-42f0-a94f-36888236bcbe 5d84ad96d80b484d8c51690ff5c96f6a add572c8db084315a0f2b75171de0dfb - - default default] Successfully bumped revision number for resource deae3a52-cdc4-4fdf-ae78-332f0a93d0d1 (type: ports) to 1 [pid: 8|app: 0|req: 995/2152] 10.0.0.18 () {34 vars in 668 bytes} [Wed Feb 25 20:47:22 2026] POST /v2.0/networks => generated 637 bytes in 743 msecs (HTTP/1.1 201) 4 headers in 162 bytes (1 switches on core 0) [pid: 8|app: 0|req: 996/2153] 10.0.0.18 () {32 vars in 734 bytes} [Wed Feb 25 20:47:23 2026] GET /v2.0/ports?device_id=12a012fb-6523-4f2e-95d2-e6f867b319be => generated 12 bytes in 23 msecs (HTTP/1.1 200) 4 headers in 156 bytes (1 switches on core 0)
2026-02-25 20:47:23.647 7 WARNING neutron.scheduler.dhcp_agent_scheduler [None req-f8877ae3-ebfa-41e2-b242-8fd6050dd443 f26f143d69f946a9a1abbc64bc06936a 994897adf12d4fb9bdcf391a29503c17 - - default default] No more DHCP agents
2026-02-25 20:47:23.650 7 WARNING neutron.api.rpc.agentnotifiers.dhcp_rpc_agent_api [None req-f8877ae3-ebfa-41e2-b242-8fd6050dd443 f26f143d69f946a9a1abbc64bc06936a 994897adf12d4fb9bdcf391a29503c17 - - default default] Unable to schedule network c2718bde-c6ec-4ff2-a1b6-0f77482cd54b: no agents available; will retry on subsequent port and subnet creation events.
2026-02-25 20:47:23.805 7 INFO neutron.db.ovn_revision_numbers_db [None req-f8877ae3-ebfa-41e2-b242-8fd6050dd443 f26f143d69f946a9a1abbc64bc06936a 994897adf12d4fb9bdcf391a29503c17 - - default default] Successfully bumped revision number for resource 7ea6fe24-96ff-43c1-addd-807d12a2748b (type: ports) to 1
2026-02-25 20:47:23.847 8 WARNING neutron.scheduler.dhcp_agent_scheduler [None req-82eaece6-6649-4b15-b626-be674af95ecd 5d84ad96d80b484d8c51690ff5c96f6a add572c8db084315a0f2b75171de0dfb - - default default] No more DHCP agents
2026-02-25 20:47:23.848 8 WARNING neutron.api.rpc.agentnotifiers.dhcp_rpc_agent_api [None req-82eaece6-6649-4b15-b626-be674af95ecd 5d84ad96d80b484d8c51690ff5c96f6a add572c8db084315a0f2b75171de0dfb - - default default] Unable to schedule network 1ee1b44b-2096-4864-871f-06368fdf1e54: no agents available; will retry on subsequent port and subnet creation events. [pid: 7|app: 0|req: 1158/2154] 10.0.0.18 () {34 vars in 662 bytes} [Wed Feb 25 20:47:23 2026] POST /v2.0/ports => generated 743 bytes in 506 msecs (HTTP/1.1 201) 4 headers in 162 bytes (1 switches on core 0) /var/lib/openstack/lib/python3.12/site-packages/pycadf/identifier.py:70: UserWarning: Invalid uuid: neutron. To ensure interoperability, identifiers should be a valid uuid. warnings.warn(('Invalid uuid: %s. To ensure interoperability, '
2026-02-25 20:47:23.899 7 INFO neutron.api.v2.resource [None req-158cc3a8-2b53-4537-9f22-ebc87f1eb9d2 7b1e724164dc4c1b8af3c01dcc9c0a90 910d457722514374b19a84e88bce7fe3 - - default default] delete failed (client error): The resource could not be found. [pid: 7|app: 0|req: 1159/2155] 10.0.0.18 () {32 vars in 722 bytes} [Wed Feb 25 20:47:23 2026] DELETE /v2.0/routers/12a012fb-6523-4f2e-95d2-e6f867b319be => generated 135 bytes in 17 msecs (HTTP/1.1 404) 4 headers in 164 bytes (1 switches on core 0) [pid: 7|app: 0|req: 1160/2156] 10.0.0.18 () {34 vars in 664 bytes} [Wed Feb 25 20:47:23 2026] POST /v2.0/trunks => generated 409 bytes in 204 msecs (HTTP/1.1 201) 4 headers in 162 bytes (1 switches on core 0)
2026-02-25 20:47:24.116 7 INFO neutron.pecan_wsgi.hooks.translation [None req-c99bb584-3a68-4f3a-a271-55b11d7c8c26 7b1e724164dc4c1b8af3c01dcc9c0a90 910d457722514374b19a84e88bce7fe3 - - default default] DELETE failed (client error): The resource could not be found. [pid: 7|app: 0|req: 1161/2157] 10.0.0.18 () {32 vars in 722 bytes} [Wed Feb 25 20:47:24 2026] DELETE /v2.0/subnets/db7bbb1e-71a2-44a5-8132-770fdceaa5d3 => generated 136 bytes in 13 msecs (HTTP/1.1 404) 4 headers in 164 bytes (1 switches on core 0)
2026-02-25 20:47:24.199 7 INFO neutron.db.segments_db [None req-9044412e-e37b-4f9c-8133-2ecb59056fc4 f26f143d69f946a9a1abbc64bc06936a 994897adf12d4fb9bdcf391a29503c17 - - default default] Added segment 1bdc6ade-46ae-4c30-9e04-bcba95ff8365 of type geneve for network e8be2c12-4fc4-4887-9277-e9379ad65ef9
2026-02-25 20:47:24.286 8 INFO neutron.db.ovn_revision_numbers_db [None req-46d2331a-f3c5-4d9e-b2c1-3543607ab7f6 - - - - - -] Successfully bumped revision number for resource deae3a52-cdc4-4fdf-ae78-332f0a93d0d1 (type: ports) to 2
2026-02-25 20:47:24.317 8 INFO neutron.db.ovn_revision_numbers_db [None req-46d2331a-f3c5-4d9e-b2c1-3543607ab7f6 - - - - - -] Successfully bumped revision number for resource c1460391-5fec-478e-9b64-5d21cf315852 (type: subnets) to 0 [pid: 8|app: 0|req: 997/2158] 10.0.0.18 () {34 vars in 667 bytes} [Wed Feb 25 20:47:23 2026] POST /v2.0/subnets => generated 656 bytes in 740 msecs (HTTP/1.1 201) 4 headers in 162 bytes (1 switches on core 0) [pid: 8|app: 0|req: 998/2159] 10.0.0.18 () {32 vars in 734 bytes} [Wed Feb 25 20:47:24 2026] GET /v2.0/ports?device_id=0ac1943d-1426-4437-8a74-d82550f7fdac => generated 12 bytes in 44 msecs (HTTP/1.1 200) 4 headers in 156 bytes (1 switches on core 0)
2026-02-25 20:47:24.400 7 INFO neutron.db.ovn_revision_numbers_db [None req-9044412e-e37b-4f9c-8133-2ecb59056fc4 f26f143d69f946a9a1abbc64bc06936a 994897adf12d4fb9bdcf391a29503c17 - - default default] Successfully bumped revision number for resource e8be2c12-4fc4-4887-9277-e9379ad65ef9 (type: networks) to 1
2026-02-25 20:47:24.580 7 WARNING neutron.scheduler.dhcp_agent_scheduler [None req-9044412e-e37b-4f9c-8133-2ecb59056fc4 f26f143d69f946a9a1abbc64bc06936a 994897adf12d4fb9bdcf391a29503c17 - - default default] No more DHCP agents
2026-02-25 20:47:24.581 7 WARNING neutron.api.rpc.agentnotifiers.dhcp_rpc_agent_api [None req-9044412e-e37b-4f9c-8133-2ecb59056fc4 f26f143d69f946a9a1abbc64bc06936a 994897adf12d4fb9bdcf391a29503c17 - - default default] Unable to schedule network e8be2c12-4fc4-4887-9277-e9379ad65ef9: no agents available; will retry on subsequent port and subnet creation events.
2026-02-25 20:47:24.604 8 WARNING neutron.scheduler.dhcp_agent_scheduler [None req-89758226-e5cd-4fbd-86f4-4624d700eec2 5d84ad96d80b484d8c51690ff5c96f6a add572c8db084315a0f2b75171de0dfb - - default default] No more DHCP agents
2026-02-25 20:47:24.605 8 WARNING neutron.api.rpc.agentnotifiers.dhcp_rpc_agent_api [None req-89758226-e5cd-4fbd-86f4-4624d700eec2 5d84ad96d80b484d8c51690ff5c96f6a add572c8db084315a0f2b75171de0dfb - - default default] Unable to schedule network 1ee1b44b-2096-4864-871f-06368fdf1e54: no agents available; will retry on subsequent port and subnet creation events.
2026-02-25 20:47:24.687 8 INFO neutron.db.ovn_revision_numbers_db [None req-89758226-e5cd-4fbd-86f4-4624d700eec2 5d84ad96d80b484d8c51690ff5c96f6a add572c8db084315a0f2b75171de0dfb - - default default] Successfully bumped revision number for resource 66081748-95c3-462f-82f8-e21915bfe192 (type: subnets) to 0
2026-02-25 20:47:24.713 7 INFO neutron.db.ovn_revision_numbers_db [None req-9044412e-e37b-4f9c-8133-2ecb59056fc4 f26f143d69f946a9a1abbc64bc06936a 994897adf12d4fb9bdcf391a29503c17 - - default default] Successfully bumped revision number for resource 8cb0e8fc-338d-47fe-935a-e1d21d410619 (type: ports) to 1 [pid: 8|app: 0|req: 1001/2162] 10.0.0.18 () {34 vars in 667 bytes} [Wed Feb 25 20:47:24 2026] POST /v2.0/subnets => generated 725 bytes in 327 msecs (HTTP/1.1 201) 4 headers in 162 bytes (1 switches on core 0)
2026-02-25 20:47:24.733 8 INFO neutron.api.v2.resource [None req-3b0f8bba-37cd-4bcd-9ba3-672f5666e830 7b1e724164dc4c1b8af3c01dcc9c0a90 910d457722514374b19a84e88bce7fe3 - - default default] delete failed (client error): The resource could not be found. [pid: 8|app: 0|req: 1002/2163] 10.0.0.18 () {32 vars in 722 bytes} [Wed Feb 25 20:47:24 2026] DELETE /v2.0/routers/0ac1943d-1426-4437-8a74-d82550f7fdac => generated 135 bytes in 19 msecs (HTTP/1.1 404) 4 headers in 164 bytes (1 switches on core 0) [pid: 7|app: 0|req: 1162/2164] 10.0.0.18 () {34 vars in 668 bytes} [Wed Feb 25 20:47:24 2026] POST /v2.0/networks => generated 632 bytes in 622 msecs (HTTP/1.1 201) 4 headers in 162 bytes (1 switches on core 0)
2026-02-25 20:47:24.756 7 INFO neutron.pecan_wsgi.hooks.translation [None req-b63c33a1-4299-4914-b129-b098a2b505b6 7b1e724164dc4c1b8af3c01dcc9c0a90 910d457722514374b19a84e88bce7fe3 - - default default] DELETE failed (client error): The resource could not be found. [pid: 7|app: 0|req: 1163/2165] 10.0.0.18 () {32 vars in 722 bytes} [Wed Feb 25 20:47:24 2026] DELETE /v2.0/subnets/76bca518-ce87-4e2d-9bf0-96a75033ae30 => generated 136 bytes in 18 msecs (HTTP/1.1 404) 4 headers in 164 bytes (1 switches on core 0)
2026-02-25 20:47:24.843 8 INFO neutron.db.segments_db [None req-6ec032bd-c057-4496-8f2d-0e305a3e9bd3 5d84ad96d80b484d8c51690ff5c96f6a add572c8db084315a0f2b75171de0dfb - - default default] Added segment c52cb3a8-3109-4014-83a2-1b1a7e790a28 of type geneve for network 5978bcd7-aca9-49aa-aae4-cc947df9727e
2026-02-25 20:47:25.007 8 INFO neutron.db.ovn_revision_numbers_db [None req-6ec032bd-c057-4496-8f2d-0e305a3e9bd3 5d84ad96d80b484d8c51690ff5c96f6a add572c8db084315a0f2b75171de0dfb - - default default] Successfully bumped revision number for resource 5978bcd7-aca9-49aa-aae4-cc947df9727e (type: networks) to 1
2026-02-25 20:47:25.015 7 WARNING neutron.scheduler.dhcp_agent_scheduler [None req-be9042b6-69f3-46ba-a8f9-7c8d5c301fc0 f26f143d69f946a9a1abbc64bc06936a 994897adf12d4fb9bdcf391a29503c17 - - default default] No more DHCP agents
2026-02-25 20:47:25.016 7 WARNING neutron.api.rpc.agentnotifiers.dhcp_rpc_agent_api [None req-be9042b6-69f3-46ba-a8f9-7c8d5c301fc0 f26f143d69f946a9a1abbc64bc06936a 994897adf12d4fb9bdcf391a29503c17 - - default default] Unable to schedule network e8be2c12-4fc4-4887-9277-e9379ad65ef9: no agents available; will retry on subsequent port and subnet creation events.
2026-02-25 20:47:25.152 7 INFO neutron.db.ovn_revision_numbers_db [None req-be9042b6-69f3-46ba-a8f9-7c8d5c301fc0 f26f143d69f946a9a1abbc64bc06936a 994897adf12d4fb9bdcf391a29503c17 - - default default] Successfully bumped revision number for resource d639bc13-ef73-496f-a9a3-60d85d663fcb (type: ports) to 1 [pid: 7|app: 0|req: 1164/2166] 10.0.0.18 () {34 vars in 662 bytes} [Wed Feb 25 20:47:24 2026] POST /v2.0/ports => generated 743 bytes in 442 msecs (HTTP/1.1 201) 4 headers in 162 bytes (1 switches on core 0) /var/lib/openstack/lib/python3.12/site-packages/pycadf/identifier.py:70: UserWarning: Invalid uuid: neutron. To ensure interoperability, identifiers should be a valid uuid. warnings.warn(('Invalid uuid: %s. To ensure interoperability, '
2026-02-25 20:47:25.214 7 INFO neutron.pecan_wsgi.hooks.translation [None req-467da9c0-fafa-4012-85ec-aa864b1e6461 7b1e724164dc4c1b8af3c01dcc9c0a90 910d457722514374b19a84e88bce7fe3 - - default default] DELETE failed (client error): The resource could not be found. [pid: 7|app: 0|req: 1165/2167] 10.0.0.18 () {32 vars in 722 bytes} [Wed Feb 25 20:47:25 2026] DELETE /v2.0/subnets/5120f24e-4f55-45c2-b417-eb759b4c9b0d => generated 136 bytes in 14 msecs (HTTP/1.1 404) 4 headers in 164 bytes (1 switches on core 0)
2026-02-25 20:47:25.256 8 WARNING neutron.scheduler.dhcp_agent_scheduler [None req-6ec032bd-c057-4496-8f2d-0e305a3e9bd3 5d84ad96d80b484d8c51690ff5c96f6a add572c8db084315a0f2b75171de0dfb - - default default] No more DHCP agents
2026-02-25 20:47:25.258 8 WARNING neutron.api.rpc.agentnotifiers.dhcp_rpc_agent_api [None req-6ec032bd-c057-4496-8f2d-0e305a3e9bd3 5d84ad96d80b484d8c51690ff5c96f6a add572c8db084315a0f2b75171de0dfb - - default default] Unable to schedule network 5978bcd7-aca9-49aa-aae4-cc947df9727e: no agents available; will retry on subsequent port and subnet creation events.
2026-02-25 20:47:25.370 8 INFO neutron.db.ovn_revision_numbers_db [None req-6ec032bd-c057-4496-8f2d-0e305a3e9bd3 5d84ad96d80b484d8c51690ff5c96f6a add572c8db084315a0f2b75171de0dfb - - default default] Successfully bumped revision number for resource 3211ded0-6cae-47be-bfe5-8c3265fda828 (type: ports) to 1 [pid: 8|app: 0|req: 1003/2168] 10.0.0.18 () {34 vars in 668 bytes} [Wed Feb 25 20:47:24 2026] POST /v2.0/networks => generated 637 bytes in 659 msecs (HTTP/1.1 201) 4 headers in 162 bytes (1 switches on core 0) [pid: 7|app: 0|req: 1166/2169] 10.0.0.18 () {34 vars in 664 bytes} [Wed Feb 25 20:47:25 2026] POST /v2.0/trunks => generated 409 bytes in 213 msecs (HTTP/1.1 201) 4 headers in 162 bytes (1 switches on core 0)
2026-02-25 20:47:25.516 7 INFO neutron.db.segments_db [None req-8dd035a3-3a45-4a7e-b4f4-4d138983d8a9 f26f143d69f946a9a1abbc64bc06936a 994897adf12d4fb9bdcf391a29503c17 - - default default] Added segment 035ee397-972c-4504-ab65-4566097f7905 of type geneve for network ca3d0a43-fd7d-4d0e-993a-7daac204b40b
2026-02-25 20:47:25.557 8 WARNING neutron.scheduler.dhcp_agent_scheduler [None req-f67301f9-f79a-4c9d-9533-7966e7a5b3f2 5d84ad96d80b484d8c51690ff5c96f6a add572c8db084315a0f2b75171de0dfb - - default default] No more DHCP agents
2026-02-25 20:47:25.559 8 WARNING neutron.api.rpc.agentnotifiers.dhcp_rpc_agent_api [None req-f67301f9-f79a-4c9d-9533-7966e7a5b3f2 5d84ad96d80b484d8c51690ff5c96f6a add572c8db084315a0f2b75171de0dfb - - default default] Unable to schedule network 5978bcd7-aca9-49aa-aae4-cc947df9727e: no agents available; will retry on subsequent port and subnet creation events.
2026-02-25 20:47:25.643 7 INFO neutron.db.ovn_revision_numbers_db [None req-8dd035a3-3a45-4a7e-b4f4-4d138983d8a9 f26f143d69f946a9a1abbc64bc06936a 994897adf12d4fb9bdcf391a29503c17 - - default default] Successfully bumped revision number for resource ca3d0a43-fd7d-4d0e-993a-7daac204b40b (type: networks) to 1
2026-02-25 20:47:25.748 8 WARNING neutron.plugins.ml2.drivers.ovn.mech_driver.ovsdb.ovn_client [None req-9a9e723c-1396-4865-b332-e281fa179ffd - - - - - -] No port found with ID 65913329-0256-423d-a38e-c04dde546b5d: RuntimeError: No port found with ID 65913329-0256-423d-a38e-c04dde546b5d
2026-02-25 20:47:25.748 8 INFO neutron.plugins.ml2.drivers.ovn.mech_driver.mech_driver [None req-9a9e723c-1396-4865-b332-e281fa179ffd - - - - - -] OVN reports status down for port: b848becf-ff62-412b-9a4d-f7f89e65dbb2
2026-02-25 20:47:25.801 7 WARNING neutron.scheduler.dhcp_agent_scheduler [None req-8dd035a3-3a45-4a7e-b4f4-4d138983d8a9 f26f143d69f946a9a1abbc64bc06936a 994897adf12d4fb9bdcf391a29503c17 - - default default] No more DHCP agents
2026-02-25 20:47:25.803 7 WARNING neutron.api.rpc.agentnotifiers.dhcp_rpc_agent_api [None req-8dd035a3-3a45-4a7e-b4f4-4d138983d8a9 f26f143d69f946a9a1abbc64bc06936a 994897adf12d4fb9bdcf391a29503c17 - - default default] Unable to schedule network ca3d0a43-fd7d-4d0e-993a-7daac204b40b: no agents available; will retry on subsequent port and subnet creation events.
2026-02-25 20:47:25.914 7 INFO neutron.db.ovn_revision_numbers_db [None req-8dd035a3-3a45-4a7e-b4f4-4d138983d8a9 f26f143d69f946a9a1abbc64bc06936a 994897adf12d4fb9bdcf391a29503c17 - - default default] Successfully bumped revision number for resource 84bdb225-aa3a-41b5-a1b4-b3b26c635b84 (type: ports) to 1 [pid: 7|app: 0|req: 1167/2170] 10.0.0.18 () {34 vars in 668 bytes} [Wed Feb 25 20:47:25 2026] POST /v2.0/networks => generated 631 bytes in 501 msecs (HTTP/1.1 201) 4 headers in 162 bytes (1 switches on core 0)
