2026-02-25 20:45:38.842 7 INFO neutron.db.ovn_revision_numbers_db [None req-466c3b4b-561b-401e-8f80-9c3dc81d15a1 e2ca2fb877de4a48a2ad1ffceb448689 60c00386bf8844f6a7368ad62ee5dc4e - - default default] Successfully bumped revision number for resource b859da11-b249-4ce4-910a-c0c0a2517c89 (type: security_group_rules) to 0
2026-02-25 20:45:38.854 8 INFO neutron_taas.services.taas.taas_plugin [req-f36b48eb-6de1-407d-a453-e5ce9775fa6c req-82bd26ac-228f-44ac-b9aa-92a59a02bc1b 9346f95964a5417a868882c7dbf0728c 3f30f9e80a154084b943eb33fc6a997a - - default default] TaaS: Handle Delete Port: 15a47d69-f3c2-4161-82ab-dac412f02218
2026-02-25 20:45:38.858 8 INFO neutron_taas.services.taas.tap_mirror_plugin [req-f36b48eb-6de1-407d-a453-e5ce9775fa6c req-82bd26ac-228f-44ac-b9aa-92a59a02bc1b 9346f95964a5417a868882c7dbf0728c 3f30f9e80a154084b943eb33fc6a997a - - default default] Tap Mirror: Handle Delete Port: 15a47d69-f3c2-4161-82ab-dac412f02218
2026-02-25 20:45:38.858 7 INFO neutron.db.ovn_revision_numbers_db [None req-466c3b4b-561b-401e-8f80-9c3dc81d15a1 e2ca2fb877de4a48a2ad1ffceb448689 60c00386bf8844f6a7368ad62ee5dc4e - - default default] Successfully bumped revision number for resource f89dd6fd-22cb-4704-bb7e-b39a5b9810b0 (type: security_group_rules) to 0 [pid: 7|app: 0|req: 796/1469] 10.0.0.18 () {32 vars in 772 bytes} [Wed Feb 25 20:45:38 2026] GET /v2.0/security-groups?tenant_id=c9c6c72b7b4a4aff894492431813db79&name=default => generated 2925 bytes in 316 msecs (HTTP/1.1 200) 4 headers in 158 bytes (1 switches on core 0) [pid: 7|app: 0|req: 797/1470] 10.0.0.227 () {34 vars in 989 bytes} [Wed Feb 25 20:45:38 2026] GET /v2.0/ports?device_id=b485b636-5614-4b4d-a5bf-7cdb1485c2e9 => generated 969 bytes in 32 msecs (HTTP/1.1 200) 4 headers in 157 bytes (1 switches on core 0) [pid: 8|app: 0|req: 674/1471] 199.204.45.244 () {36 vars in 996 bytes} [Wed Feb 25 20:45:38 2026] DELETE /v2.0/ports/15a47d69-f3c2-4161-82ab-dac412f02218 => generated 0 bytes in 407 msecs (HTTP/1.1 204) 3 headers in 131 bytes (1 switches on core 0) [pid: 8|app: 0|req: 675/1472] 10.0.0.227 () {34 vars in 1039 bytes} [Wed Feb 25 20:45:39 2026] GET /v2.0/security-groups?id=baf5c34f-ec94-4e12-bec2-fabc8a0594c1&fields=id&fields=name => generated 88 bytes in 45 msecs (HTTP/1.1 200) 4 headers in 156 bytes (1 switches on core 0) [pid: 7|app: 0|req: 798/1475] 10.0.0.18 () {32 vars in 738 bytes} [Wed Feb 25 20:45:38 2026] DELETE /v2.0/security-groups/0914f3ca-a133-45a3-95d1-83edf2cdd27f => generated 0 bytes in 370 msecs (HTTP/1.1 204) 2 headers in 112 bytes (1 switches on core 0) [pid: 8|app: 0|req: 678/1476] 10.0.0.2 () {34 vars in 987 bytes} [Wed Feb 25 20:45:39 2026] GET /v2.0/ports?device_id=059397f3-0417-42d7-9ff3-e61328f073d0 => generated 1209 bytes in 39 msecs (HTTP/1.1 200) 4 headers in 158 bytes (1 switches on core 0) [pid: 7|app: 0|req: 799/1477] 10.0.0.2 () {34 vars in 1037 bytes} [Wed Feb 25 20:45:39 2026] GET /v2.0/security-groups?id=46f7e302-b105-4d03-9764-8b21ad6940bb&fields=id&fields=name => generated 114 bytes in 34 msecs (HTTP/1.1 200) 4 headers in 157 bytes (1 switches on core 0) [pid: 8|app: 0|req: 679/1478] 10.0.0.227 () {34 vars in 989 bytes} [Wed Feb 25 20:45:40 2026] GET /v2.0/ports?device_id=b485b636-5614-4b4d-a5bf-7cdb1485c2e9 => generated 12 bytes in 22 msecs (HTTP/1.1 200) 4 headers in 156 bytes (1 switches on core 0)
2026-02-25 20:45:40.662 8 INFO neutron.notifiers.nova [-] Nova event matching ['req-ee652dc8-1c6f-4eab-bca7-39dba969b8dc'] response: {'server_uuid': 'b485b636-5614-4b4d-a5bf-7cdb1485c2e9', 'name': 'network-vif-deleted', 'tag': '15a47d69-f3c2-4161-82ab-dac412f02218', 'status': 'completed', 'code': 200} [pid: 7|app: 0|req: 800/1479] 10.0.0.227 () {34 vars in 989 bytes} [Wed Feb 25 20:45:41 2026] GET /v2.0/ports?device_id=b485b636-5614-4b4d-a5bf-7cdb1485c2e9 => generated 12 bytes in 26 msecs (HTTP/1.1 200) 4 headers in 156 bytes (1 switches on core 0)
2026-02-25 20:45:42.624 8 INFO neutron_taas.services.taas.taas_plugin [None req-feaadf74-9878-4ef5-b83f-18ded5eaf7e2 e2ca2fb877de4a48a2ad1ffceb448689 60c00386bf8844f6a7368ad62ee5dc4e - - default default] TaaS: Handle Delete Port: ec642e27-9351-4e91-be3b-a8cd536f612d
2026-02-25 20:45:42.626 8 INFO neutron_taas.services.taas.tap_mirror_plugin [None req-feaadf74-9878-4ef5-b83f-18ded5eaf7e2 e2ca2fb877de4a48a2ad1ffceb448689 60c00386bf8844f6a7368ad62ee5dc4e - - default default] Tap Mirror: Handle Delete Port: ec642e27-9351-4e91-be3b-a8cd536f612d [pid: 8|app: 0|req: 680/1480] 10.0.0.18 () {34 vars in 787 bytes} [Wed Feb 25 20:45:42 2026] PUT /v2.0/routers/23594d49-6e84-456f-a3fd-824806c37cb9/remove_router_interface => generated 309 bytes in 969 msecs (HTTP/1.1 200) 4 headers in 157 bytes (1 switches on core 0) /var/lib/openstack/lib/python3.12/site-packages/pycadf/identifier.py:70: UserWarning: Invalid uuid: neutron. To ensure interoperability, identifiers should be a valid uuid. warnings.warn(('Invalid uuid: %s. To ensure interoperability, '
2026-02-25 20:45:43.536 7 INFO neutron.db.ovn_revision_numbers_db [None req-78d89f8a-1d28-4e80-97ea-8b8d6dbe8222 e2ca2fb877de4a48a2ad1ffceb448689 60c00386bf8844f6a7368ad62ee5dc4e - - default default] Successfully bumped revision number for resource b6663cb4-9de7-4a18-8c44-7e2ff82f595a (type: security_groups) to 1
2026-02-25 20:45:43.548 7 INFO neutron.db.ovn_revision_numbers_db [None req-78d89f8a-1d28-4e80-97ea-8b8d6dbe8222 e2ca2fb877de4a48a2ad1ffceb448689 60c00386bf8844f6a7368ad62ee5dc4e - - default default] Successfully bumped revision number for resource 2487b64b-880c-416c-b3b5-8d786f571f42 (type: security_group_rules) to 0
2026-02-25 20:45:43.561 7 INFO neutron.db.ovn_revision_numbers_db [None req-78d89f8a-1d28-4e80-97ea-8b8d6dbe8222 e2ca2fb877de4a48a2ad1ffceb448689 60c00386bf8844f6a7368ad62ee5dc4e - - default default] Successfully bumped revision number for resource 276bc30e-4eab-4e37-b2dd-58966d0c6d19 (type: security_group_rules) to 0
2026-02-25 20:45:43.572 7 INFO neutron.db.ovn_revision_numbers_db [None req-78d89f8a-1d28-4e80-97ea-8b8d6dbe8222 e2ca2fb877de4a48a2ad1ffceb448689 60c00386bf8844f6a7368ad62ee5dc4e - - default default] Successfully bumped revision number for resource 5c394487-7da2-4e02-a0dc-898959627aba (type: security_group_rules) to 0
2026-02-25 20:45:43.583 7 INFO neutron.db.ovn_revision_numbers_db [None req-78d89f8a-1d28-4e80-97ea-8b8d6dbe8222 e2ca2fb877de4a48a2ad1ffceb448689 60c00386bf8844f6a7368ad62ee5dc4e - - default default] Successfully bumped revision number for resource c6a42137-b151-43e5-9cb2-49d0e2cb7886 (type: security_group_rules) to 0 [pid: 7|app: 0|req: 801/1481] 10.0.0.18 () {32 vars in 772 bytes} [Wed Feb 25 20:45:43 2026] GET /v2.0/security-groups?tenant_id=b219875e0e8749e983bf2a4c10a5bbc5&name=default => generated 2925 bytes in 441 msecs (HTTP/1.1 200) 4 headers in 158 bytes (1 switches on core 0)
2026-02-25 20:45:43.681 8 INFO neutron_taas.services.taas.taas_plugin [None req-915d0f2e-2d45-4967-9e85-e8198b89e130 e2ca2fb877de4a48a2ad1ffceb448689 60c00386bf8844f6a7368ad62ee5dc4e - - default default] TaaS: Handle Delete Port: 00d80b1c-e22a-4a49-8dbd-bed978d8e920
2026-02-25 20:45:43.685 8 INFO neutron_taas.services.taas.tap_mirror_plugin [None req-915d0f2e-2d45-4967-9e85-e8198b89e130 e2ca2fb877de4a48a2ad1ffceb448689 60c00386bf8844f6a7368ad62ee5dc4e - - default default] Tap Mirror: Handle Delete Port: 00d80b1c-e22a-4a49-8dbd-bed978d8e920 [pid: 7|app: 0|req: 802/1482] 10.0.0.18 () {32 vars in 738 bytes} [Wed Feb 25 20:45:43 2026] DELETE /v2.0/security-groups/b6663cb4-9de7-4a18-8c44-7e2ff82f595a => generated 0 bytes in 331 msecs (HTTP/1.1 204) 2 headers in 112 bytes (1 switches on core 0) [pid: 8|app: 0|req: 681/1483] 10.0.0.18 () {32 vars in 722 bytes} [Wed Feb 25 20:45:43 2026] DELETE /v2.0/routers/23594d49-6e84-456f-a3fd-824806c37cb9 => generated 0 bytes in 869 msecs (HTTP/1.1 204) 2 headers in 112 bytes (1 switches on core 0)
2026-02-25 20:45:44.302 7 INFO neutron.db.ovn_revision_numbers_db [None req-e30a4336-7a51-4c58-a73e-93a8bfc87b3b e2ca2fb877de4a48a2ad1ffceb448689 60c00386bf8844f6a7368ad62ee5dc4e - - default default] Successfully bumped revision number for resource 6a7a417b-e9dd-4d0e-b93b-e09614f41cea (type: security_groups) to 1
2026-02-25 20:45:44.314 7 INFO neutron.db.ovn_revision_numbers_db [None req-e30a4336-7a51-4c58-a73e-93a8bfc87b3b e2ca2fb877de4a48a2ad1ffceb448689 60c00386bf8844f6a7368ad62ee5dc4e - - default default] Successfully bumped revision number for resource a581a81d-0d3d-4f92-95d9-d2a955b03599 (type: security_group_rules) to 0
2026-02-25 20:45:44.333 7 INFO neutron.db.ovn_revision_numbers_db [None req-e30a4336-7a51-4c58-a73e-93a8bfc87b3b e2ca2fb877de4a48a2ad1ffceb448689 60c00386bf8844f6a7368ad62ee5dc4e - - default default] Successfully bumped revision number for resource bbad812f-03ff-49ce-bc75-1b1816f60b6e (type: security_group_rules) to 0
2026-02-25 20:45:44.346 7 INFO neutron.db.ovn_revision_numbers_db [None req-e30a4336-7a51-4c58-a73e-93a8bfc87b3b e2ca2fb877de4a48a2ad1ffceb448689 60c00386bf8844f6a7368ad62ee5dc4e - - default default] Successfully bumped revision number for resource d8a8b84c-9ab0-4aa1-b4a6-fe71eb530ba1 (type: security_group_rules) to 0
2026-02-25 20:45:44.357 7 INFO neutron.db.ovn_revision_numbers_db [None req-e30a4336-7a51-4c58-a73e-93a8bfc87b3b e2ca2fb877de4a48a2ad1ffceb448689 60c00386bf8844f6a7368ad62ee5dc4e - - default default] Successfully bumped revision number for resource fc15727c-88b7-44cb-aecc-094436ede9d0 (type: security_group_rules) to 0 [pid: 7|app: 0|req: 803/1484] 10.0.0.18 () {32 vars in 772 bytes} [Wed Feb 25 20:45:44 2026] GET /v2.0/security-groups?tenant_id=afb20e792bfd4b0492a9555437508c3a&name=default => generated 2925 bytes in 363 msecs (HTTP/1.1 200) 4 headers in 158 bytes (1 switches on core 0) [pid: 8|app: 0|req: 682/1485] 10.0.0.18 () {32 vars in 722 bytes} [Wed Feb 25 20:45:44 2026] DELETE /v2.0/subnets/b95d8d4b-022f-4f80-a2dd-29c42d3c55d5 => generated 0 bytes in 200 msecs (HTTP/1.1 204) 3 headers in 131 bytes (1 switches on core 0)
2026-02-25 20:45:44.555 8 INFO neutron_taas.services.taas.taas_plugin [None req-9a066992-f440-487a-a32f-9bf3d0dd15b0 e2ca2fb877de4a48a2ad1ffceb448689 60c00386bf8844f6a7368ad62ee5dc4e - - default default] TaaS: Handle Delete Port: 4435ed75-abd4-460a-8e53-06372ac6af91
2026-02-25 20:45:44.560 8 INFO neutron_taas.services.taas.tap_mirror_plugin [None req-9a066992-f440-487a-a32f-9bf3d0dd15b0 e2ca2fb877de4a48a2ad1ffceb448689 60c00386bf8844f6a7368ad62ee5dc4e - - default default] Tap Mirror: Handle Delete Port: 4435ed75-abd4-460a-8e53-06372ac6af91 [pid: 7|app: 0|req: 804/1486] 10.0.0.18 () {32 vars in 738 bytes} [Wed Feb 25 20:45:44 2026] DELETE /v2.0/security-groups/6a7a417b-e9dd-4d0e-b93b-e09614f41cea => generated 0 bytes in 272 msecs (HTTP/1.1 204) 2 headers in 112 bytes (1 switches on core 0)
2026-02-25 20:45:44.816 8 INFO neutron.services.segments.plugin [-] Segment 3a761d58-c977-4bd4-a277-597d288aa863 resource provider aggregate not found
2026-02-25 20:45:44.819 8 INFO neutron.services.segments.plugin [-] Segment 3a761d58-c977-4bd4-a277-597d288aa863 resource provider aggregate not found
2026-02-25 20:45:44.833 8 INFO neutron.services.segments.plugin [-] Segment 3a761d58-c977-4bd4-a277-597d288aa863 resource provider not found; error: Placement Client Error (4xx): {"errors": [{"status": 404, "title": "Not Found", "detail": "The resource could not be found.\n\n No resource provider with uuid 3a761d58-c977-4bd4-a277-597d288aa863 found for delete ", "request_id": "req-1138cdba-b1f1-4c16-8f1d-5dae2015f830"}]}
2026-02-25 20:45:44.837 8 INFO neutron.services.segments.plugin [-] Segment 3a761d58-c977-4bd4-a277-597d288aa863 resource provider not found; error: Placement Client Error (4xx): {"errors": [{"status": 404, "title": "Not Found", "detail": "The resource could not be found.\n\n No resource provider with uuid 3a761d58-c977-4bd4-a277-597d288aa863 found for delete ", "request_id": "req-b99e9286-e1ab-4592-9ee2-a7ecf20eabf8"}]} [pid: 8|app: 0|req: 683/1487] 10.0.0.18 () {32 vars in 724 bytes} [Wed Feb 25 20:45:44 2026] DELETE /v2.0/networks/a2d77f34-3adf-40f6-92df-b3b9cee6a024 => generated 0 bytes in 458 msecs (HTTP/1.1 204) 3 headers in 131 bytes (1 switches on core 0) [pid: 7|app: 0|req: 805/1488] 10.0.0.18 () {32 vars in 772 bytes} [Wed Feb 25 20:45:45 2026] GET /v2.0/security-groups?tenant_id=3f30f9e80a154084b943eb33fc6a997a&name=default => generated 2925 bytes in 30 msecs (HTTP/1.1 200) 4 headers in 158 bytes (1 switches on core 0) [pid: 8|app: 0|req: 684/1489] 10.0.0.18 () {32 vars in 738 bytes} [Wed Feb 25 20:45:45 2026] DELETE /v2.0/security-groups/baf5c34f-ec94-4e12-bec2-fabc8a0594c1 => generated 0 bytes in 300 msecs (HTTP/1.1 204) 2 headers in 112 bytes (1 switches on core 0) [pid: 7|app: 0|req: 806/1490] 10.0.0.227 () {34 vars in 989 bytes} [Wed Feb 25 20:45:45 2026] GET /v2.0/ports?device_id=059397f3-0417-42d7-9ff3-e61328f073d0 => generated 971 bytes in 87 msecs (HTTP/1.1 200) 4 headers in 157 bytes (1 switches on core 0) [pid: 8|app: 0|req: 685/1491] 10.0.0.227 () {34 vars in 1039 bytes} [Wed Feb 25 20:45:45 2026] GET /v2.0/security-groups?id=46f7e302-b105-4d03-9764-8b21ad6940bb&fields=id&fields=name => generated 114 bytes in 30 msecs (HTTP/1.1 200) 4 headers in 157 bytes (1 switches on core 0) [pid: 7|app: 0|req: 807/1492] 10.0.0.227 () {34 vars in 989 bytes} [Wed Feb 25 20:45:45 2026] GET /v2.0/ports?device_id=059397f3-0417-42d7-9ff3-e61328f073d0 => generated 971 bytes in 44 msecs (HTTP/1.1 200) 4 headers in 157 bytes (1 switches on core 0) [pid: 8|app: 0|req: 686/1493] 10.0.0.227 () {34 vars in 1039 bytes} [Wed Feb 25 20:45:45 2026] GET /v2.0/security-groups?id=46f7e302-b105-4d03-9764-8b21ad6940bb&fields=id&fields=name => generated 114 bytes in 46 msecs (HTTP/1.1 200) 4 headers in 157 bytes (1 switches on core 0)
2026-02-25 20:45:46.773 8 INFO neutron.plugins.ml2.drivers.ovn.mech_driver.mech_driver [None req-91ec8c41-03de-4295-b0fb-0da4eab7ce6e - - - - - -] OVN reports status down for port: 7043d3e6-e168-4232-8f72-f97f24d6b7be [pid: 7|app: 0|req: 808/1494] 10.0.0.227 () {34 vars in 989 bytes} [Wed Feb 25 20:45:46 2026] GET /v2.0/ports?device_id=059397f3-0417-42d7-9ff3-e61328f073d0 => generated 971 bytes in 42 msecs (HTTP/1.1 200) 4 headers in 157 bytes (1 switches on core 0)
2026-02-25 20:45:46.925 8 INFO neutron.notifiers.nova [-] Nova event matching ['req-69efe152-ea0b-4382-adf3-c982312928de'] response: {'server_uuid': '059397f3-0417-42d7-9ff3-e61328f073d0', 'name': 'network-vif-unplugged', 'status': 'completed', 'tag': '7043d3e6-e168-4232-8f72-f97f24d6b7be', 'code': 200} [pid: 8|app: 0|req: 687/1495] 10.0.0.227 () {34 vars in 1039 bytes} [Wed Feb 25 20:45:46 2026] GET /v2.0/security-groups?id=46f7e302-b105-4d03-9764-8b21ad6940bb&fields=id&fields=name => generated 114 bytes in 74 msecs (HTTP/1.1 200) 4 headers in 157 bytes (1 switches on core 0)
2026-02-25 20:45:47.090 8 INFO neutron.db.ovn_revision_numbers_db [None req-91ec8c41-03de-4295-b0fb-0da4eab7ce6e - - - - - -] Successfully bumped revision number for resource 7043d3e6-e168-4232-8f72-f97f24d6b7be (type: ports) to 8
2026-02-25 20:45:47.319 7 INFO neutron.db.ovn_revision_numbers_db [None req-5907eeea-e433-4f70-a85e-10365a1f3aa7 e2ca2fb877de4a48a2ad1ffceb448689 60c00386bf8844f6a7368ad62ee5dc4e - - default default] Successfully bumped revision number for resource 3f8763c6-0ca6-4092-910a-45416c0edae1 (type: security_groups) to 1
2026-02-25 20:45:47.335 7 INFO neutron.db.ovn_revision_numbers_db [None req-5907eeea-e433-4f70-a85e-10365a1f3aa7 e2ca2fb877de4a48a2ad1ffceb448689 60c00386bf8844f6a7368ad62ee5dc4e - - default default] Successfully bumped revision number for resource 2a42e0c1-ee2f-4f12-89c7-3fc4c87b533f (type: security_group_rules) to 0
2026-02-25 20:45:47.349 7 INFO neutron.db.ovn_revision_numbers_db [None req-5907eeea-e433-4f70-a85e-10365a1f3aa7 e2ca2fb877de4a48a2ad1ffceb448689 60c00386bf8844f6a7368ad62ee5dc4e - - default default] Successfully bumped revision number for resource 3666d282-1ec6-471e-a003-5ec8894eec3f (type: security_group_rules) to 0
2026-02-25 20:45:47.362 7 INFO neutron.db.ovn_revision_numbers_db [None req-5907eeea-e433-4f70-a85e-10365a1f3aa7 e2ca2fb877de4a48a2ad1ffceb448689 60c00386bf8844f6a7368ad62ee5dc4e - - default default] Successfully bumped revision number for resource 97c5bccd-b3b4-47e3-9321-344059ad1591 (type: security_group_rules) to 0
2026-02-25 20:45:47.373 7 INFO neutron.db.ovn_revision_numbers_db [None req-5907eeea-e433-4f70-a85e-10365a1f3aa7 e2ca2fb877de4a48a2ad1ffceb448689 60c00386bf8844f6a7368ad62ee5dc4e - - default default] Successfully bumped revision number for resource a552ac1e-926d-4252-a4e6-72e68a941fbd (type: security_group_rules) to 0 [pid: 7|app: 0|req: 809/1496] 10.0.0.18 () {32 vars in 772 bytes} [Wed Feb 25 20:45:46 2026] GET /v2.0/security-groups?tenant_id=bddbcbcb755e431382c4dec51dd93a12&name=default => generated 2925 bytes in 446 msecs (HTTP/1.1 200) 4 headers in 158 bytes (1 switches on core 0) /var/lib/openstack/lib/python3.12/site-packages/pycadf/identifier.py:70: UserWarning: Invalid uuid: neutron. To ensure interoperability, identifiers should be a valid uuid. warnings.warn(('Invalid uuid: %s. To ensure interoperability, ' [pid: 8|app: 0|req: 688/1497] 10.0.0.18 () {32 vars in 738 bytes} [Wed Feb 25 20:45:47 2026] DELETE /v2.0/security-groups/3f8763c6-0ca6-4092-910a-45416c0edae1 => generated 0 bytes in 308 msecs (HTTP/1.1 204) 2 headers in 112 bytes (1 switches on core 0) [pid: 7|app: 0|req: 810/1498] 199.204.45.244 () {34 vars in 993 bytes} [Wed Feb 25 20:45:47 2026] GET /v2.0/ports?device_id=059397f3-0417-42d7-9ff3-e61328f073d0 => generated 969 bytes in 48 msecs (HTTP/1.1 200) 4 headers in 157 bytes (1 switches on core 0) [pid: 7|app: 0|req: 811/1499] 10.0.0.227 () {34 vars in 989 bytes} [Wed Feb 25 20:45:48 2026] GET /v2.0/ports?device_id=059397f3-0417-42d7-9ff3-e61328f073d0 => generated 969 bytes in 31 msecs (HTTP/1.1 200) 4 headers in 157 bytes (1 switches on core 0) [pid: 7|app: 0|req: 812/1500] 10.0.0.227 () {34 vars in 1039 bytes} [Wed Feb 25 20:45:48 2026] GET /v2.0/security-groups?id=46f7e302-b105-4d03-9764-8b21ad6940bb&fields=id&fields=name => generated 114 bytes in 28 msecs (HTTP/1.1 200) 4 headers in 157 bytes (1 switches on core 0)
2026-02-25 20:45:48.205 8 INFO neutron_taas.services.taas.taas_plugin [req-a80dd2fd-24bc-42e8-9582-2299ed50008f req-b32e9620-f1df-4436-b607-628f1d56e356 bd2d79f899214c6ab53e3cab08adfd47 0984aa07c8e544dbbe04e6bda99e671e - - default default] TaaS: Handle Delete Port: 7043d3e6-e168-4232-8f72-f97f24d6b7be
2026-02-25 20:45:48.208 8 INFO neutron_taas.services.taas.tap_mirror_plugin [req-a80dd2fd-24bc-42e8-9582-2299ed50008f req-b32e9620-f1df-4436-b607-628f1d56e356 bd2d79f899214c6ab53e3cab08adfd47 0984aa07c8e544dbbe04e6bda99e671e - - default default] Tap Mirror: Handle Delete Port: 7043d3e6-e168-4232-8f72-f97f24d6b7be
2026-02-25 20:45:48.433 8 INFO neutron.db.l3_db [req-a80dd2fd-24bc-42e8-9582-2299ed50008f req-b32e9620-f1df-4436-b607-628f1d56e356 bd2d79f899214c6ab53e3cab08adfd47 0984aa07c8e544dbbe04e6bda99e671e - - default default] Floating IP 9d83f604-7f8d-4fdb-b38b-1dd4ae0ef8a0 disassociated. External IP: 10.96.250.208, port: 7043d3e6-e168-4232-8f72-f97f24d6b7be. [pid: 8|app: 0|req: 689/1501] 199.204.45.244 () {36 vars in 996 bytes} [Wed Feb 25 20:45:48 2026] DELETE /v2.0/ports/7043d3e6-e168-4232-8f72-f97f24d6b7be => generated 0 bytes in 587 msecs (HTTP/1.1 204) 3 headers in 131 bytes (1 switches on core 0)
2026-02-25 20:45:48.965 8 INFO neutron.notifiers.nova [-] Nova event matching ['req-775bacda-685a-4f9f-b842-448fa65f0726'] response: {'server_uuid': '059397f3-0417-42d7-9ff3-e61328f073d0', 'name': 'network-vif-unplugged', 'status': 'completed', 'tag': '7043d3e6-e168-4232-8f72-f97f24d6b7be', 'code': 200}
2026-02-25 20:45:48.965 8 INFO neutron.notifiers.nova [-] Nova event matching ['req-775bacda-685a-4f9f-b842-448fa65f0726'] response: {'server_uuid': '059397f3-0417-42d7-9ff3-e61328f073d0', 'name': 'network-vif-deleted', 'tag': '7043d3e6-e168-4232-8f72-f97f24d6b7be', 'status': 'completed', 'code': 200} /var/lib/openstack/lib/python3.12/site-packages/pycadf/identifier.py:70: UserWarning: Invalid uuid: neutron. To ensure interoperability, identifiers should be a valid uuid. warnings.warn(('Invalid uuid: %s. To ensure interoperability, ' [pid: 8|app: 0|req: 690/1502] 10.0.0.227 () {34 vars in 989 bytes} [Wed Feb 25 20:45:49 2026] GET /v2.0/ports?device_id=059397f3-0417-42d7-9ff3-e61328f073d0 => generated 12 bytes in 37 msecs (HTTP/1.1 200) 4 headers in 156 bytes (1 switches on core 0)
2026-02-25 20:45:49.266 7 INFO neutron.db.ovn_revision_numbers_db [None req-2c60e8d2-f03a-453b-af2a-c2917f030859 e2ca2fb877de4a48a2ad1ffceb448689 60c00386bf8844f6a7368ad62ee5dc4e - - default default] Successfully bumped revision number for resource 233045b1-f59c-468e-9101-723415596d20 (type: security_groups) to 1
2026-02-25 20:45:49.279 7 INFO neutron.db.ovn_revision_numbers_db [None req-2c60e8d2-f03a-453b-af2a-c2917f030859 e2ca2fb877de4a48a2ad1ffceb448689 60c00386bf8844f6a7368ad62ee5dc4e - - default default] Successfully bumped revision number for resource 53c7cb29-abee-4a21-a887-6edecb866c2b (type: security_group_rules) to 0
2026-02-25 20:45:49.293 7 INFO neutron.db.ovn_revision_numbers_db [None req-2c60e8d2-f03a-453b-af2a-c2917f030859 e2ca2fb877de4a48a2ad1ffceb448689 60c00386bf8844f6a7368ad62ee5dc4e - - default default] Successfully bumped revision number for resource 64c92cb8-5247-41af-9d68-f623f7de91fc (type: security_group_rules) to 0
2026-02-25 20:45:49.303 7 INFO neutron.db.ovn_revision_numbers_db [None req-2c60e8d2-f03a-453b-af2a-c2917f030859 e2ca2fb877de4a48a2ad1ffceb448689 60c00386bf8844f6a7368ad62ee5dc4e - - default default] Successfully bumped revision number for resource ecdca304-76d3-4170-95a6-2eefa82d3971 (type: security_group_rules) to 0
2026-02-25 20:45:49.314 7 INFO neutron.db.ovn_revision_numbers_db [None req-2c60e8d2-f03a-453b-af2a-c2917f030859 e2ca2fb877de4a48a2ad1ffceb448689 60c00386bf8844f6a7368ad62ee5dc4e - - default default] Successfully bumped revision number for resource fc7a9f70-5085-4f70-8a19-36538be6edb9 (type: security_group_rules) to 0 [pid: 7|app: 0|req: 813/1503] 10.0.0.18 () {32 vars in 772 bytes} [Wed Feb 25 20:45:48 2026] GET /v2.0/security-groups?tenant_id=4e9d5debd26a494b90d1aa67cfb3593e&name=default => generated 2925 bytes in 375 msecs (HTTP/1.1 200) 4 headers in 158 bytes (1 switches on core 0) [pid: 8|app: 0|req: 691/1504] 10.0.0.18 () {32 vars in 738 bytes} [Wed Feb 25 20:45:49 2026] DELETE /v2.0/security-groups/233045b1-f59c-468e-9101-723415596d20 => generated 0 bytes in 295 msecs (HTTP/1.1 204) 2 headers in 112 bytes (1 switches on core 0)
2026-02-25 20:45:49.832 7 INFO neutron.db.ovn_revision_numbers_db [None req-89f88217-4725-44f3-8362-2a3d1d164ae2 81dd930286b8404892d8b924132b29b6 934a0e9c6f7641a0bf8c1fa409b70f53 - - default default] Successfully bumped revision number for resource d1efe0d9-816a-4360-8fd8-e6d6f3de3dd6 (type: security_groups) to 1
2026-02-25 20:45:49.843 7 INFO neutron.db.ovn_revision_numbers_db [None req-89f88217-4725-44f3-8362-2a3d1d164ae2 81dd930286b8404892d8b924132b29b6 934a0e9c6f7641a0bf8c1fa409b70f53 - - default default] Successfully bumped revision number for resource 10ccf964-add6-440e-a9e7-cbbc39eecef0 (type: security_group_rules) to 0
2026-02-25 20:45:49.853 7 INFO neutron.db.ovn_revision_numbers_db [None req-89f88217-4725-44f3-8362-2a3d1d164ae2 81dd930286b8404892d8b924132b29b6 934a0e9c6f7641a0bf8c1fa409b70f53 - - default default] Successfully bumped revision number for resource 3f31dcc5-0e9b-4448-89bc-012bfa3c8488 (type: security_group_rules) to 0
2026-02-25 20:45:49.864 7 INFO neutron.db.ovn_revision_numbers_db [None req-89f88217-4725-44f3-8362-2a3d1d164ae2 81dd930286b8404892d8b924132b29b6 934a0e9c6f7641a0bf8c1fa409b70f53 - - default default] Successfully bumped revision number for resource 54aaf433-ddde-4881-9d44-dc9b8f4011f0 (type: security_group_rules) to 0
2026-02-25 20:45:49.875 7 INFO neutron.db.ovn_revision_numbers_db [None req-89f88217-4725-44f3-8362-2a3d1d164ae2 81dd930286b8404892d8b924132b29b6 934a0e9c6f7641a0bf8c1fa409b70f53 - - default default] Successfully bumped revision number for resource d018f132-bdaf-411d-a8a9-cd64dae4f5b4 (type: security_group_rules) to 0
2026-02-25 20:45:49.974 7 INFO neutron.db.segments_db [None req-89f88217-4725-44f3-8362-2a3d1d164ae2 81dd930286b8404892d8b924132b29b6 934a0e9c6f7641a0bf8c1fa409b70f53 - - default default] Added segment faa689e4-9035-48db-aab6-b0c462160f9c of type geneve for network b95a86a2-6c0f-42cf-980c-8e8acc0f5a7a
2026-02-25 20:45:49.976 8 INFO neutron.db.ovn_revision_numbers_db [None req-e25559ba-86d8-4369-b871-a2388c5d6b81 e2ca2fb877de4a48a2ad1ffceb448689 60c00386bf8844f6a7368ad62ee5dc4e - - default default] Successfully bumped revision number for resource 2c4d7bb1-501a-4539-af85-36b8c617709d (type: security_groups) to 1
2026-02-25 20:45:49.987 8 INFO neutron.db.ovn_revision_numbers_db [None req-e25559ba-86d8-4369-b871-a2388c5d6b81 e2ca2fb877de4a48a2ad1ffceb448689 60c00386bf8844f6a7368ad62ee5dc4e - - default default] Successfully bumped revision number for resource 60d1d49e-7314-462c-89d8-4a34fe9cfd50 (type: security_group_rules) to 0
2026-02-25 20:45:49.998 8 INFO neutron.db.ovn_revision_numbers_db [None req-e25559ba-86d8-4369-b871-a2388c5d6b81 e2ca2fb877de4a48a2ad1ffceb448689 60c00386bf8844f6a7368ad62ee5dc4e - - default default] Successfully bumped revision number for resource 76187918-6254-4c0b-982c-6bffad0403fb (type: security_group_rules) to 0
2026-02-25 20:45:50.009 8 INFO neutron.db.ovn_revision_numbers_db [None req-e25559ba-86d8-4369-b871-a2388c5d6b81 e2ca2fb877de4a48a2ad1ffceb448689 60c00386bf8844f6a7368ad62ee5dc4e - - default default] Successfully bumped revision number for resource bb88b182-6563-47b7-9547-5d59928e1be3 (type: security_group_rules) to 0
2026-02-25 20:45:50.020 8 INFO neutron.db.ovn_revision_numbers_db [None req-e25559ba-86d8-4369-b871-a2388c5d6b81 e2ca2fb877de4a48a2ad1ffceb448689 60c00386bf8844f6a7368ad62ee5dc4e - - default default] Successfully bumped revision number for resource ce5b9dea-7e5c-4ebb-a1d3-3367102a0308 (type: security_group_rules) to 0 [pid: 8|app: 0|req: 692/1505] 10.0.0.18 () {32 vars in 772 bytes} [Wed Feb 25 20:45:49 2026] GET /v2.0/security-groups?tenant_id=b2c998c968c3420cbe2b2d5040a0f891&name=default => generated 2925 bytes in 258 msecs (HTTP/1.1 200) 4 headers in 158 bytes (1 switches on core 0)
2026-02-25 20:45:50.074 7 INFO neutron.db.segments_db [None req-89f88217-4725-44f3-8362-2a3d1d164ae2 81dd930286b8404892d8b924132b29b6 934a0e9c6f7641a0bf8c1fa409b70f53 - - default default] Added segment d3f0ff8f-b663-4d20-a904-4aea598d672a of type geneve for network f661b669-b57a-4a4e-b763-1b345aff58a6
2026-02-25 20:45:50.217 7 INFO neutron.db.ovn_revision_numbers_db [None req-89f88217-4725-44f3-8362-2a3d1d164ae2 81dd930286b8404892d8b924132b29b6 934a0e9c6f7641a0bf8c1fa409b70f53 - - default default] Successfully bumped revision number for resource b95a86a2-6c0f-42cf-980c-8e8acc0f5a7a (type: networks) to 1 [pid: 8|app: 0|req: 693/1506] 10.0.0.18 () {32 vars in 738 bytes} [Wed Feb 25 20:45:50 2026] DELETE /v2.0/security-groups/2c4d7bb1-501a-4539-af85-36b8c617709d => generated 0 bytes in 318 msecs (HTTP/1.1 204) 2 headers in 112 bytes (1 switches on core 0)
2026-02-25 20:45:50.394 7 WARNING neutron.scheduler.dhcp_agent_scheduler [None req-89f88217-4725-44f3-8362-2a3d1d164ae2 81dd930286b8404892d8b924132b29b6 934a0e9c6f7641a0bf8c1fa409b70f53 - - default default] No more DHCP agents
2026-02-25 20:45:50.396 7 WARNING neutron.api.rpc.agentnotifiers.dhcp_rpc_agent_api [None req-89f88217-4725-44f3-8362-2a3d1d164ae2 81dd930286b8404892d8b924132b29b6 934a0e9c6f7641a0bf8c1fa409b70f53 - - default default] Unable to schedule network b95a86a2-6c0f-42cf-980c-8e8acc0f5a7a: no agents available; will retry on subsequent port and subnet creation events. [pid: 8|app: 0|req: 694/1507] 10.0.0.227 () {34 vars in 989 bytes} [Wed Feb 25 20:45:50 2026] GET /v2.0/ports?device_id=059397f3-0417-42d7-9ff3-e61328f073d0 => generated 12 bytes in 20 msecs (HTTP/1.1 200) 4 headers in 156 bytes (1 switches on core 0)
2026-02-25 20:45:50.472 8 INFO neutron.plugins.ml2.drivers.ovn.mech_driver.mech_driver [None req-bfa2120c-ff3b-4f92-b323-876f4b49e121 - - - - - -] OVN reports status down for port: 07733263-3daf-4759-8af6-086d45230a06
2026-02-25 20:45:50.501 7 INFO neutron.db.ovn_revision_numbers_db [None req-89f88217-4725-44f3-8362-2a3d1d164ae2 81dd930286b8404892d8b924132b29b6 934a0e9c6f7641a0bf8c1fa409b70f53 - - default default] Successfully bumped revision number for resource 07733263-3daf-4759-8af6-086d45230a06 (type: ports) to 1
2026-02-25 20:45:50.581 7 INFO neutron.db.ovn_revision_numbers_db [None req-89f88217-4725-44f3-8362-2a3d1d164ae2 81dd930286b8404892d8b924132b29b6 934a0e9c6f7641a0bf8c1fa409b70f53 - - default default] Successfully bumped revision number for resource f661b669-b57a-4a4e-b763-1b345aff58a6 (type: networks) to 1
2026-02-25 20:45:50.730 7 WARNING neutron.scheduler.dhcp_agent_scheduler [None req-89f88217-4725-44f3-8362-2a3d1d164ae2 81dd930286b8404892d8b924132b29b6 934a0e9c6f7641a0bf8c1fa409b70f53 - - default default] No more DHCP agents
2026-02-25 20:45:50.732 7 WARNING neutron.api.rpc.agentnotifiers.dhcp_rpc_agent_api [None req-89f88217-4725-44f3-8362-2a3d1d164ae2 81dd930286b8404892d8b924132b29b6 934a0e9c6f7641a0bf8c1fa409b70f53 - - default default] Unable to schedule network f661b669-b57a-4a4e-b763-1b345aff58a6: no agents available; will retry on subsequent port and subnet creation events.
2026-02-25 20:45:50.810 8 INFO neutron.plugins.ml2.drivers.ovn.mech_driver.mech_driver [None req-bfa2120c-ff3b-4f92-b323-876f4b49e121 - - - - - -] OVN reports status down for port: d2a6af43-9e48-4bb2-90ce-acbf39f98138
2026-02-25 20:45:50.842 7 INFO neutron.db.ovn_revision_numbers_db [None req-89f88217-4725-44f3-8362-2a3d1d164ae2 81dd930286b8404892d8b924132b29b6 934a0e9c6f7641a0bf8c1fa409b70f53 - - default default] Successfully bumped revision number for resource d2a6af43-9e48-4bb2-90ce-acbf39f98138 (type: ports) to 1 [pid: 7|app: 0|req: 814/1508] 10.0.0.18 () {34 vars in 668 bytes} [Wed Feb 25 20:45:49 2026] POST /v2.0/networks => generated 1245 bytes in 1301 msecs (HTTP/1.1 201) 4 headers in 163 bytes (1 switches on core 0) [pid: 8|app: 0|req: 695/1509] 10.0.0.18 () {32 vars in 647 bytes} [Wed Feb 25 20:45:50 2026] GET /v2.0/networks => generated 1856 bytes in 67 msecs (HTTP/1.1 200) 4 headers in 158 bytes (1 switches on core 0)
2026-02-25 20:45:51.067 7 INFO neutron_taas.services.taas.taas_plugin [None req-ef3167ea-3a21-443a-8a02-fc48761891d3 81dd930286b8404892d8b924132b29b6 934a0e9c6f7641a0bf8c1fa409b70f53 - - default default] TaaS: Handle Delete Port: 07733263-3daf-4759-8af6-086d45230a06
2026-02-25 20:45:51.070 7 INFO neutron_taas.services.taas.tap_mirror_plugin [None req-ef3167ea-3a21-443a-8a02-fc48761891d3 81dd930286b8404892d8b924132b29b6 934a0e9c6f7641a0bf8c1fa409b70f53 - - default default] Tap Mirror: Handle Delete Port: 07733263-3daf-4759-8af6-086d45230a06
2026-02-25 20:45:51.268 7 INFO neutron.services.segments.plugin [-] Segment faa689e4-9035-48db-aab6-b0c462160f9c resource provider aggregate not found
2026-02-25 20:45:51.275 7 INFO neutron.services.segments.plugin [-] Segment faa689e4-9035-48db-aab6-b0c462160f9c resource provider aggregate not found
2026-02-25 20:45:51.290 7 INFO neutron.services.segments.plugin [-] Segment faa689e4-9035-48db-aab6-b0c462160f9c resource provider not found; error: Placement Client Error (4xx): {"errors": [{"status": 404, "title": "Not Found", "detail": "The resource could not be found.\n\n No resource provider with uuid faa689e4-9035-48db-aab6-b0c462160f9c found for delete ", "request_id": "req-2fe84bfe-d95c-4a48-8cd2-8b0643f24302"}]}
2026-02-25 20:45:51.296 7 INFO neutron.services.segments.plugin [-] Segment faa689e4-9035-48db-aab6-b0c462160f9c resource provider not found; error: Placement Client Error (4xx): {"errors": [{"status": 404, "title": "Not Found", "detail": "The resource could not be found.\n\n No resource provider with uuid faa689e4-9035-48db-aab6-b0c462160f9c found for delete ", "request_id": "req-26453311-e1d3-4c7f-a6d0-17b52a18fb77"}]} [pid: 7|app: 0|req: 815/1510] 10.0.0.18 () {32 vars in 724 bytes} [Wed Feb 25 20:45:50 2026] DELETE /v2.0/networks/b95a86a2-6c0f-42cf-980c-8e8acc0f5a7a => generated 0 bytes in 395 msecs (HTTP/1.1 204) 3 headers in 131 bytes (1 switches on core 0)
2026-02-25 20:45:51.485 8 INFO neutron_taas.services.taas.taas_plugin [None req-865a01e5-0422-4696-bc4b-8e9e7fa035a3 81dd930286b8404892d8b924132b29b6 934a0e9c6f7641a0bf8c1fa409b70f53 - - default default] TaaS: Handle Delete Port: d2a6af43-9e48-4bb2-90ce-acbf39f98138
2026-02-25 20:45:51.488 8 INFO neutron_taas.services.taas.tap_mirror_plugin [None req-865a01e5-0422-4696-bc4b-8e9e7fa035a3 81dd930286b8404892d8b924132b29b6 934a0e9c6f7641a0bf8c1fa409b70f53 - - default default] Tap Mirror: Handle Delete Port: d2a6af43-9e48-4bb2-90ce-acbf39f98138 [pid: 7|app: 0|req: 816/1511] 10.0.0.227 () {34 vars in 989 bytes} [Wed Feb 25 20:45:51 2026] GET /v2.0/ports?device_id=059397f3-0417-42d7-9ff3-e61328f073d0 => generated 12 bytes in 27 msecs (HTTP/1.1 200) 4 headers in 156 bytes (1 switches on core 0)
2026-02-25 20:45:51.720 8 INFO neutron.services.segments.plugin [-] Segment d3f0ff8f-b663-4d20-a904-4aea598d672a resource provider aggregate not found
2026-02-25 20:45:51.726 8 INFO neutron.services.segments.plugin [-] Segment d3f0ff8f-b663-4d20-a904-4aea598d672a resource provider aggregate not found
2026-02-25 20:45:51.737 8 INFO neutron.services.segments.plugin [-] Segment d3f0ff8f-b663-4d20-a904-4aea598d672a resource provider not found; error: Placement Client Error (4xx): {"errors": [{"status": 404, "title": "Not Found", "detail": "The resource could not be found.\n\n No resource provider with uuid d3f0ff8f-b663-4d20-a904-4aea598d672a found for delete ", "request_id": "req-33770471-2ad1-4712-979a-de958c7f9ba3"}]}
2026-02-25 20:45:51.744 8 INFO neutron.services.segments.plugin [-] Segment d3f0ff8f-b663-4d20-a904-4aea598d672a resource provider not found; error: Placement Client Error (4xx): {"errors": [{"status": 404, "title": "Not Found", "detail": "The resource could not be found.\n\n No resource provider with uuid d3f0ff8f-b663-4d20-a904-4aea598d672a found for delete ", "request_id": "req-de172327-f6f8-456c-a8e0-f7ca70958bd6"}]} [pid: 8|app: 0|req: 696/1512] 10.0.0.18 () {32 vars in 724 bytes} [Wed Feb 25 20:45:51 2026] DELETE /v2.0/networks/f661b669-b57a-4a4e-b763-1b345aff58a6 => generated 0 bytes in 445 msecs (HTTP/1.1 204) 3 headers in 131 bytes (1 switches on core 0) [pid: 7|app: 0|req: 817/1513] 10.0.0.18 () {32 vars in 647 bytes} [Wed Feb 25 20:45:51 2026] GET /v2.0/networks => generated 651 bytes in 58 msecs (HTTP/1.1 200) 4 headers in 157 bytes (1 switches on core 0)
2026-02-25 20:45:51.952 8 INFO neutron.db.segments_db [None req-d8911417-0647-425a-8a60-600bc1941ff1 81dd930286b8404892d8b924132b29b6 934a0e9c6f7641a0bf8c1fa409b70f53 - - default default] Added segment 63b5e6cc-651e-412e-825d-11d0977f957e of type geneve for network eff0c79c-de29-4200-906a-8defa5ea7a04
2026-02-25 20:45:52.078 8 INFO neutron.db.ovn_revision_numbers_db [None req-d8911417-0647-425a-8a60-600bc1941ff1 81dd930286b8404892d8b924132b29b6 934a0e9c6f7641a0bf8c1fa409b70f53 - - default default] Successfully bumped revision number for resource eff0c79c-de29-4200-906a-8defa5ea7a04 (type: networks) to 1
2026-02-25 20:45:52.237 8 WARNING neutron.scheduler.dhcp_agent_scheduler [None req-d8911417-0647-425a-8a60-600bc1941ff1 81dd930286b8404892d8b924132b29b6 934a0e9c6f7641a0bf8c1fa409b70f53 - - default default] No more DHCP agents
2026-02-25 20:45:52.239 8 WARNING neutron.api.rpc.agentnotifiers.dhcp_rpc_agent_api [None req-d8911417-0647-425a-8a60-600bc1941ff1 81dd930286b8404892d8b924132b29b6 934a0e9c6f7641a0bf8c1fa409b70f53 - - default default] Unable to schedule network eff0c79c-de29-4200-906a-8defa5ea7a04: no agents available; will retry on subsequent port and subnet creation events.
2026-02-25 20:45:52.317 8 INFO neutron.plugins.ml2.drivers.ovn.mech_driver.mech_driver [None req-bfa2120c-ff3b-4f92-b323-876f4b49e121 - - - - - -] OVN reports status down for port: f863fa33-3a50-4681-b5f0-66f82023b88d
2026-02-25 20:45:52.387 8 INFO neutron.db.ovn_revision_numbers_db [None req-d8911417-0647-425a-8a60-600bc1941ff1 81dd930286b8404892d8b924132b29b6 934a0e9c6f7641a0bf8c1fa409b70f53 - - default default] Successfully bumped revision number for resource f863fa33-3a50-4681-b5f0-66f82023b88d (type: ports) to 1 [pid: 8|app: 0|req: 697/1514] 10.0.0.18 () {34 vars in 668 bytes} [Wed Feb 25 20:45:51 2026] POST /v2.0/networks => generated 650 bytes in 585 msecs (HTTP/1.1 201) 4 headers in 162 bytes (1 switches on core 0)
2026-02-25 20:45:52.535 7 INFO neutron.db.segments_db [None req-49185e8b-d932-41dc-a45d-105c903ea379 81dd930286b8404892d8b924132b29b6 934a0e9c6f7641a0bf8c1fa409b70f53 - - default default] Added segment d241e1a1-3c35-4980-8c40-fe57ecb55c36 of type geneve for network bba9f650-fd9d-4022-90b4-debba9e0c666 [pid: 8|app: 0|req: 698/1515] 10.0.0.227 () {34 vars in 989 bytes} [Wed Feb 25 20:45:52 2026] GET /v2.0/ports?device_id=8f3c8be9-4cc0-40d6-8149-113d4b158441 => generated 1014 bytes in 77 msecs (HTTP/1.1 200) 4 headers in 158 bytes (1 switches on core 0)
2026-02-25 20:45:52.664 7 INFO neutron.db.ovn_revision_numbers_db [None req-49185e8b-d932-41dc-a45d-105c903ea379 81dd930286b8404892d8b924132b29b6 934a0e9c6f7641a0bf8c1fa409b70f53 - - default default] Successfully bumped revision number for resource bba9f650-fd9d-4022-90b4-debba9e0c666 (type: networks) to 1 [pid: 8|app: 0|req: 699/1516] 10.0.0.18 () {32 vars in 738 bytes} [Wed Feb 25 20:45:52 2026] DELETE /v2.0/security-groups/46f7e302-b105-4d03-9764-8b21ad6940bb => generated 0 bytes in 202 msecs (HTTP/1.1 204) 2 headers in 112 bytes (1 switches on core 0) [pid: 8|app: 0|req: 700/1517] 10.0.0.227 () {34 vars in 1119 bytes} [Wed Feb 25 20:45:52 2026] GET /v2.0/security-groups?id=eac1aeb3-fef6-43ab-9ddf-2de0938dce1b&id=7a31b81d-cc4c-4e33-a0bb-b96c6cc7321a&fields=id&fields=name => generated 207 bytes in 29 msecs (HTTP/1.1 200) 4 headers in 157 bytes (1 switches on core 0)
2026-02-25 20:45:52.824 8 INFO neutron.api.v2.resource [None req-a8a821d4-2aec-4c10-8641-17ee8fa32030 bd2d79f899214c6ab53e3cab08adfd47 0984aa07c8e544dbbe04e6bda99e671e - - default default] show failed (client error): The resource could not be found. [pid: 8|app: 0|req: 701/1518] 10.0.0.18 () {32 vars in 735 bytes} [Wed Feb 25 20:45:52 2026] GET /v2.0/security-groups/46f7e302-b105-4d03-9764-8b21ad6940bb => generated 146 bytes in 8 msecs (HTTP/1.1 404) 4 headers in 164 bytes (1 switches on core 0)
2026-02-25 20:45:52.868 7 WARNING neutron.scheduler.dhcp_agent_scheduler [None req-49185e8b-d932-41dc-a45d-105c903ea379 81dd930286b8404892d8b924132b29b6 934a0e9c6f7641a0bf8c1fa409b70f53 - - default default] No more DHCP agents
2026-02-25 20:45:52.873 7 WARNING neutron.api.rpc.agentnotifiers.dhcp_rpc_agent_api [None req-49185e8b-d932-41dc-a45d-105c903ea379 81dd930286b8404892d8b924132b29b6 934a0e9c6f7641a0bf8c1fa409b70f53 - - default default] Unable to schedule network bba9f650-fd9d-4022-90b4-debba9e0c666: no agents available; will retry on subsequent port and subnet creation events.
2026-02-25 20:45:52.998 8 INFO neutron.plugins.ml2.drivers.ovn.mech_driver.mech_driver [None req-bfa2120c-ff3b-4f92-b323-876f4b49e121 - - - - - -] OVN reports status down for port: f816c586-b608-4b62-b2c0-c56f1a0172ae
2026-02-25 20:45:53.037 7 INFO neutron.db.ovn_revision_numbers_db [None req-49185e8b-d932-41dc-a45d-105c903ea379 81dd930286b8404892d8b924132b29b6 934a0e9c6f7641a0bf8c1fa409b70f53 - - default default] Successfully bumped revision number for resource f816c586-b608-4b62-b2c0-c56f1a0172ae (type: ports) to 1 [pid: 7|app: 0|req: 818/1519] 10.0.0.18 () {34 vars in 668 bytes} [Wed Feb 25 20:45:52 2026] POST /v2.0/networks => generated 649 bytes in 612 msecs (HTTP/1.1 201) 4 headers in 162 bytes (1 switches on core 0)
2026-02-25 20:45:53.091 8 INFO neutron_taas.services.taas.taas_plugin [None req-778180c2-2c76-44a0-af43-29ceed4e361b bd2d79f899214c6ab53e3cab08adfd47 0984aa07c8e544dbbe04e6bda99e671e - - default default] TaaS: Handle Delete Port: 5d3ba44e-cd39-4694-ad59-964b2c192cc1
2026-02-25 20:45:53.094 8 INFO neutron_taas.services.taas.tap_mirror_plugin [None req-778180c2-2c76-44a0-af43-29ceed4e361b bd2d79f899214c6ab53e3cab08adfd47 0984aa07c8e544dbbe04e6bda99e671e - - default default] Tap Mirror: Handle Delete Port: 5d3ba44e-cd39-4694-ad59-964b2c192cc1 [pid: 8|app: 0|req: 702/1520] 10.0.0.18 () {32 vars in 730 bytes} [Wed Feb 25 20:45:52 2026] DELETE /v2.0/floatingips/9d83f604-7f8d-4fdb-b38b-1dd4ae0ef8a0 => generated 0 bytes in 463 msecs (HTTP/1.1 204) 2 headers in 112 bytes (1 switches on core 0) [pid: 7|app: 0|req: 819/1521] 10.0.0.18 () {32 vars in 734 bytes} [Wed Feb 25 20:45:53 2026] GET /v2.0/ports?device_id=8f3c8be9-4cc0-40d6-8149-113d4b158441 => generated 1252 bytes in 285 msecs (HTTP/1.1 200) 4 headers in 158 bytes (1 switches on core 0)
2026-02-25 20:45:53.682 7 INFO neutron_taas.services.taas.taas_plugin [None req-42f785c8-1386-4c8a-8ce0-88641b649d41 e2ca2fb877de4a48a2ad1ffceb448689 60c00386bf8844f6a7368ad62ee5dc4e - - default default] TaaS: Handle Delete Port: e1bb8942-c4b4-419d-9f91-ef9c829df293
2026-02-25 20:45:53.685 7 INFO neutron_taas.services.taas.tap_mirror_plugin [None req-42f785c8-1386-4c8a-8ce0-88641b649d41 e2ca2fb877de4a48a2ad1ffceb448689 60c00386bf8844f6a7368ad62ee5dc4e - - default default] Tap Mirror: Handle Delete Port: e1bb8942-c4b4-419d-9f91-ef9c829df293
2026-02-25 20:45:53.729 8 WARNING neutron.scheduler.dhcp_agent_scheduler [None req-280635c1-ab3e-48be-87f8-f7707ad74c2b 81dd930286b8404892d8b924132b29b6 934a0e9c6f7641a0bf8c1fa409b70f53 - - default default] No more DHCP agents
2026-02-25 20:45:53.738 8 WARNING neutron.api.rpc.agentnotifiers.dhcp_rpc_agent_api [None req-280635c1-ab3e-48be-87f8-f7707ad74c2b 81dd930286b8404892d8b924132b29b6 934a0e9c6f7641a0bf8c1fa409b70f53 - - default default] Unable to schedule network eff0c79c-de29-4200-906a-8defa5ea7a04: no agents available; will retry on subsequent port and subnet creation events.
2026-02-25 20:45:53.853 8 INFO neutron.plugins.ml2.drivers.ovn.mech_driver.mech_driver [None req-bfa2120c-ff3b-4f92-b323-876f4b49e121 - - - - - -] OVN reports status down for port: 1b09a028-3cae-4524-9887-87a82bdca0ad
2026-02-25 20:45:53.975 8 INFO neutron.db.ovn_revision_numbers_db [None req-280635c1-ab3e-48be-87f8-f7707ad74c2b 81dd930286b8404892d8b924132b29b6 934a0e9c6f7641a0bf8c1fa409b70f53 - - default default] Successfully bumped revision number for resource 1b09a028-3cae-4524-9887-87a82bdca0ad (type: ports) to 1
2026-02-25 20:45:54.122 8 WARNING neutron.scheduler.dhcp_agent_scheduler [None req-280635c1-ab3e-48be-87f8-f7707ad74c2b 81dd930286b8404892d8b924132b29b6 934a0e9c6f7641a0bf8c1fa409b70f53 - - default default] No more DHCP agents
2026-02-25 20:45:54.126 8 WARNING neutron.api.rpc.agentnotifiers.dhcp_rpc_agent_api [None req-280635c1-ab3e-48be-87f8-f7707ad74c2b 81dd930286b8404892d8b924132b29b6 934a0e9c6f7641a0bf8c1fa409b70f53 - - default default] Unable to schedule network bba9f650-fd9d-4022-90b4-debba9e0c666: no agents available; will retry on subsequent port and subnet creation events.
2026-02-25 20:45:54.206 8 INFO neutron.plugins.ml2.drivers.ovn.mech_driver.mech_driver [None req-bfa2120c-ff3b-4f92-b323-876f4b49e121 - - - - - -] OVN reports status down for port: 9fb9aa65-4c2d-4b37-bf72-7fffa1d46437
2026-02-25 20:45:54.287 8 INFO neutron.db.ovn_revision_numbers_db [None req-280635c1-ab3e-48be-87f8-f7707ad74c2b 81dd930286b8404892d8b924132b29b6 934a0e9c6f7641a0bf8c1fa409b70f53 - - default default] Successfully bumped revision number for resource 9fb9aa65-4c2d-4b37-bf72-7fffa1d46437 (type: ports) to 1 [pid: 8|app: 0|req: 703/1522] 10.0.0.18 () {34 vars in 663 bytes} [Wed Feb 25 20:45:53 2026] POST /v2.0/ports => generated 1506 bytes in 1115 msecs (HTTP/1.1 201) 4 headers in 163 bytes (1 switches on core 0) /var/lib/openstack/lib/python3.12/site-packages/pycadf/identifier.py:70: UserWarning: Invalid uuid: neutron. To ensure interoperability, identifiers should be a valid uuid. warnings.warn(('Invalid uuid: %s. To ensure interoperability, ' [pid: 8|app: 0|req: 704/1523] 10.0.0.18 () {32 vars in 856 bytes} [Wed Feb 25 20:45:54 2026] GET /v2.0/floatingips?floating_network_id=2d35cb8c-9ee7-403b-95f5-94cd69e196ce&port_id=36375d22-0165-4249-8684-ddf3065828d5 => generated 861 bytes in 79 msecs (HTTP/1.1 200) 4 headers in 157 bytes (1 switches on core 0) [pid: 8|app: 0|req: 707/1526] 10.0.0.18 () {32 vars in 641 bytes} [Wed Feb 25 20:45:54 2026] GET /v2.0/ports => generated 3018 bytes in 41 msecs (HTTP/1.1 200) 4 headers in 158 bytes (1 switches on core 0) [pid: 7|app: 0|req: 820/1527] 10.0.0.18 () {34 vars in 787 bytes} [Wed Feb 25 20:45:53 2026] PUT /v2.0/routers/a654a2c2-bb20-4911-b5c0-601cc3804cb5/remove_router_interface => generated 309 bytes in 1305 msecs (HTTP/1.1 200) 4 headers in 157 bytes (1 switches on core 0) /var/lib/openstack/lib/python3.12/site-packages/pycadf/identifier.py:70: UserWarning: Invalid uuid: neutron. To ensure interoperability, identifiers should be a valid uuid. warnings.warn(('Invalid uuid: %s. To ensure interoperability, '
2026-02-25 20:45:54.713 8 INFO neutron_taas.services.taas.taas_plugin [None req-aa959047-70ef-4560-a0e2-5868802a3709 81dd930286b8404892d8b924132b29b6 934a0e9c6f7641a0bf8c1fa409b70f53 - - default default] TaaS: Handle Delete Port: 1b09a028-3cae-4524-9887-87a82bdca0ad
2026-02-25 20:45:54.716 8 INFO neutron_taas.services.taas.tap_mirror_plugin [None req-aa959047-70ef-4560-a0e2-5868802a3709 81dd930286b8404892d8b924132b29b6 934a0e9c6f7641a0bf8c1fa409b70f53 - - default default] Tap Mirror: Handle Delete Port: 1b09a028-3cae-4524-9887-87a82bdca0ad [pid: 8|app: 0|req: 708/1528] 10.0.0.18 () {32 vars in 718 bytes} [Wed Feb 25 20:45:54 2026] DELETE /v2.0/ports/1b09a028-3cae-4524-9887-87a82bdca0ad => generated 0 bytes in 351 msecs (HTTP/1.1 204) 3 headers in 131 bytes (1 switches on core 0) [pid: 8|app: 0|req: 709/1529] 10.0.0.2 () {34 vars in 987 bytes} [Wed Feb 25 20:45:54 2026] GET /v2.0/ports?device_id=8f3c8be9-4cc0-40d6-8149-113d4b158441 => generated 1252 bytes in 41 msecs (HTTP/1.1 200) 4 headers in 158 bytes (1 switches on core 0)
2026-02-25 20:45:55.052 8 INFO neutron_taas.services.taas.taas_plugin [None req-5b57e38b-1b82-4734-b65d-00e2a84ec3c2 81dd930286b8404892d8b924132b29b6 934a0e9c6f7641a0bf8c1fa409b70f53 - - default default] TaaS: Handle Delete Port: 9fb9aa65-4c2d-4b37-bf72-7fffa1d46437
2026-02-25 20:45:55.055 8 INFO neutron_taas.services.taas.tap_mirror_plugin [None req-5b57e38b-1b82-4734-b65d-00e2a84ec3c2 81dd930286b8404892d8b924132b29b6 934a0e9c6f7641a0bf8c1fa409b70f53 - - default default] Tap Mirror: Handle Delete Port: 9fb9aa65-4c2d-4b37-bf72-7fffa1d46437
2026-02-25 20:45:55.092 7 INFO neutron_taas.services.taas.taas_plugin [None req-20bc9a9c-1322-4d54-be4b-7bdba8b51ac4 e2ca2fb877de4a48a2ad1ffceb448689 60c00386bf8844f6a7368ad62ee5dc4e - - default default] TaaS: Handle Delete Port: 7f380569-4e3a-4eaa-93c4-98e39eee0d68
2026-02-25 20:45:55.096 7 INFO neutron_taas.services.taas.tap_mirror_plugin [None req-20bc9a9c-1322-4d54-be4b-7bdba8b51ac4 e2ca2fb877de4a48a2ad1ffceb448689 60c00386bf8844f6a7368ad62ee5dc4e - - default default] Tap Mirror: Handle Delete Port: 7f380569-4e3a-4eaa-93c4-98e39eee0d68 [pid: 8|app: 0|req: 710/1530] 10.0.0.18 () {32 vars in 718 bytes} [Wed Feb 25 20:45:54 2026] DELETE /v2.0/ports/9fb9aa65-4c2d-4b37-bf72-7fffa1d46437 => generated 0 bytes in 253 msecs (HTTP/1.1 204) 3 headers in 131 bytes (1 switches on core 0) [pid: 8|app: 0|req: 711/1531] 10.0.0.2 () {34 vars in 1117 bytes} [Wed Feb 25 20:45:55 2026] GET /v2.0/security-groups?id=7a31b81d-cc4c-4e33-a0bb-b96c6cc7321a&id=eac1aeb3-fef6-43ab-9ddf-2de0938dce1b&fields=id&fields=name => generated 207 bytes in 29 msecs (HTTP/1.1 200) 4 headers in 157 bytes (1 switches on core 0) [pid: 8|app: 0|req: 712/1532] 10.0.0.18 () {32 vars in 641 bytes} [Wed Feb 25 20:45:55 2026] GET /v2.0/ports => generated 1523 bytes in 36 msecs (HTTP/1.1 200) 4 headers in 158 bytes (1 switches on core 0)
2026-02-25 20:45:55.349 8 INFO neutron.db.segments_db [None req-123fd215-d871-4188-b374-9fb81449c22d 81dd930286b8404892d8b924132b29b6 934a0e9c6f7641a0bf8c1fa409b70f53 - - default default] Added segment abaaf03e-6c94-4dde-8ac5-cddc9765d95b of type geneve for network ddd109c0-a3ea-4baa-854a-8540a4115c37
2026-02-25 20:45:55.473 8 INFO neutron.db.ovn_revision_numbers_db [None req-123fd215-d871-4188-b374-9fb81449c22d 81dd930286b8404892d8b924132b29b6 934a0e9c6f7641a0bf8c1fa409b70f53 - - default default] Successfully bumped revision number for resource ddd109c0-a3ea-4baa-854a-8540a4115c37 (type: networks) to 1 [pid: 7|app: 0|req: 821/1533] 10.0.0.18 () {32 vars in 722 bytes} [Wed Feb 25 20:45:54 2026] DELETE /v2.0/routers/a654a2c2-bb20-4911-b5c0-601cc3804cb5 => generated 0 bytes in 968 msecs (HTTP/1.1 204) 2 headers in 112 bytes (1 switches on core 0)
2026-02-25 20:45:55.717 8 WARNING neutron.scheduler.dhcp_agent_scheduler [None req-123fd215-d871-4188-b374-9fb81449c22d 81dd930286b8404892d8b924132b29b6 934a0e9c6f7641a0bf8c1fa409b70f53 - - default default] No more DHCP agents
2026-02-25 20:45:55.719 8 WARNING neutron.api.rpc.agentnotifiers.dhcp_rpc_agent_api [None req-123fd215-d871-4188-b374-9fb81449c22d 81dd930286b8404892d8b924132b29b6 934a0e9c6f7641a0bf8c1fa409b70f53 - - default default] Unable to schedule network ddd109c0-a3ea-4baa-854a-8540a4115c37: no agents available; will retry on subsequent port and subnet creation events.
