2026-02-25 20:46:24.480 7 INFO neutron.db.ovn_revision_numbers_db [None req-22d2420e-10ff-4798-a347-bc50e647ec73 f64a9df1cc7e466ab1e79f6db36962a9 cde579f9f5ff4b0992d01584b5bbbd88 - - default default] Successfully bumped revision number for resource 65c03018-9822-4bfd-8079-1c580073f812 (type: security_group_rules) to 0
2026-02-25 20:46:24.496 7 INFO neutron.db.ovn_revision_numbers_db [None req-22d2420e-10ff-4798-a347-bc50e647ec73 f64a9df1cc7e466ab1e79f6db36962a9 cde579f9f5ff4b0992d01584b5bbbd88 - - default default] Successfully bumped revision number for resource 66ec44c0-cf01-4f50-abfc-c18112399936 (type: security_group_rules) to 0 [pid: 8|app: 0|req: 820/1786] 10.0.0.18 () {34 vars in 787 bytes} [Wed Feb 25 20:46:23 2026] PUT /v2.0/routers/ec15bfd6-7834-4c33-a2f3-5acffef707dc/remove_router_interface => generated 309 bytes in 980 msecs (HTTP/1.1 200) 4 headers in 157 bytes (1 switches on core 0) /var/lib/openstack/lib/python3.12/site-packages/pycadf/identifier.py:70: UserWarning: Invalid uuid: neutron. To ensure interoperability, identifiers should be a valid uuid. warnings.warn(('Invalid uuid: %s. To ensure interoperability, '
2026-02-25 20:46:24.512 7 INFO neutron.db.ovn_revision_numbers_db [None req-22d2420e-10ff-4798-a347-bc50e647ec73 f64a9df1cc7e466ab1e79f6db36962a9 cde579f9f5ff4b0992d01584b5bbbd88 - - default default] Successfully bumped revision number for resource a673c0be-7cbc-4df4-ac80-3cdee2fcc709 (type: security_group_rules) to 0
2026-02-25 20:46:24.523 7 INFO neutron.db.ovn_revision_numbers_db [None req-22d2420e-10ff-4798-a347-bc50e647ec73 f64a9df1cc7e466ab1e79f6db36962a9 cde579f9f5ff4b0992d01584b5bbbd88 - - default default] Successfully bumped revision number for resource d3ecde4e-16c3-4768-b8ae-799e5b32f9d0 (type: security_group_rules) to 0
2026-02-25 20:46:24.606 7 INFO neutron.db.segments_db [None req-22d2420e-10ff-4798-a347-bc50e647ec73 f64a9df1cc7e466ab1e79f6db36962a9 cde579f9f5ff4b0992d01584b5bbbd88 - - default default] Added segment 80ec941f-3459-4345-b73e-4803eb2a0132 of type geneve for network 3e6196da-9873-438d-9319-6b88216aa757
2026-02-25 20:46:24.688 7 INFO neutron.db.segments_db [None req-22d2420e-10ff-4798-a347-bc50e647ec73 f64a9df1cc7e466ab1e79f6db36962a9 cde579f9f5ff4b0992d01584b5bbbd88 - - default default] Added segment 40fd8a3c-c04f-4c6a-9f28-76949ade4902 of type geneve for network 46bfd8f5-df8f-4496-b4ce-caff1cdad230 [pid: 8|app: 0|req: 821/1787] 10.0.0.18 () {34 vars in 679 bytes} [Wed Feb 25 20:46:24 2026] POST /v2.0/rbac-policies => generated 324 bytes in 256 msecs (HTTP/1.1 201) 4 headers in 162 bytes (1 switches on core 0)
2026-02-25 20:46:24.819 8 WARNING neutron.plugins.ml2.drivers.ovn.mech_driver.ovsdb.ovn_client [None req-91323d46-b7a6-486a-b32d-157afea6dcb1 - - - - - -] No port found with ID 00ff5d44-4d1d-4d3f-8879-77f45d15172f: RuntimeError: No port found with ID 00ff5d44-4d1d-4d3f-8879-77f45d15172f
2026-02-25 20:46:24.833 7 INFO neutron.db.ovn_revision_numbers_db [None req-22d2420e-10ff-4798-a347-bc50e647ec73 f64a9df1cc7e466ab1e79f6db36962a9 cde579f9f5ff4b0992d01584b5bbbd88 - - default default] Successfully bumped revision number for resource 3e6196da-9873-438d-9319-6b88216aa757 (type: networks) to 1
2026-02-25 20:46:24.858 8 INFO neutron.plugins.ml2.drivers.ovn.mech_driver.mech_driver [None req-91323d46-b7a6-486a-b32d-157afea6dcb1 - - - - - -] OVN reports status down for port: 4207354d-8217-4ab5-a998-03349799dc4b
2026-02-25 20:46:24.873 8 INFO neutron.plugins.ml2.drivers.ovn.mech_driver.mech_driver [None req-91323d46-b7a6-486a-b32d-157afea6dcb1 - - - - - -] OVN reports status down for port: 0ce5d511-5606-4393-a9df-d4c8bf508414 [pid: 8|app: 0|req: 822/1788] 10.0.0.18 () {32 vars in 661 bytes} [Wed Feb 25 20:46:24 2026] GET /v2.0/security-groups => generated 2925 bytes in 129 msecs (HTTP/1.1 200) 4 headers in 158 bytes (1 switches on core 0)
2026-02-25 20:46:24.996 8 INFO neutron.plugins.ml2.drivers.ovn.mech_driver.mech_driver [None req-91323d46-b7a6-486a-b32d-157afea6dcb1 - - - - - -] OVN reports status down for port: 8ca18a8e-a50e-423b-9204-c0e0699d0af3
2026-02-25 20:46:25.055 7 WARNING neutron.scheduler.dhcp_agent_scheduler [None req-22d2420e-10ff-4798-a347-bc50e647ec73 f64a9df1cc7e466ab1e79f6db36962a9 cde579f9f5ff4b0992d01584b5bbbd88 - - default default] No more DHCP agents
2026-02-25 20:46:25.057 7 WARNING neutron.api.rpc.agentnotifiers.dhcp_rpc_agent_api [None req-22d2420e-10ff-4798-a347-bc50e647ec73 f64a9df1cc7e466ab1e79f6db36962a9 cde579f9f5ff4b0992d01584b5bbbd88 - - default default] Unable to schedule network 3e6196da-9873-438d-9319-6b88216aa757: no agents available; will retry on subsequent port and subnet creation events.
2026-02-25 20:46:25.086 8 INFO neutron.plugins.ml2.drivers.ovn.mech_driver.mech_driver [None req-91323d46-b7a6-486a-b32d-157afea6dcb1 - - - - - -] OVN reports status down for port: a51d98fb-9a2a-42cc-b5a3-7756ac6f0757
2026-02-25 20:46:25.167 7 INFO neutron.db.ovn_revision_numbers_db [None req-22d2420e-10ff-4798-a347-bc50e647ec73 f64a9df1cc7e466ab1e79f6db36962a9 cde579f9f5ff4b0992d01584b5bbbd88 - - default default] Successfully bumped revision number for resource 7421e368-859a-442a-8c12-5ba9f1b88173 (type: ports) to 1
2026-02-25 20:46:25.255 7 INFO neutron.db.ovn_revision_numbers_db [None req-22d2420e-10ff-4798-a347-bc50e647ec73 f64a9df1cc7e466ab1e79f6db36962a9 cde579f9f5ff4b0992d01584b5bbbd88 - - default default] Successfully bumped revision number for resource 46bfd8f5-df8f-4496-b4ce-caff1cdad230 (type: networks) to 1
2026-02-25 20:46:25.291 8 INFO neutron.plugins.ml2.drivers.ovn.mech_driver.mech_driver [None req-91323d46-b7a6-486a-b32d-157afea6dcb1 - - - - - -] OVN reports status down for port: 192500cb-c566-4823-82e5-fafdd62ca3dc
2026-02-25 20:46:25.398 7 WARNING neutron.scheduler.dhcp_agent_scheduler [None req-22d2420e-10ff-4798-a347-bc50e647ec73 f64a9df1cc7e466ab1e79f6db36962a9 cde579f9f5ff4b0992d01584b5bbbd88 - - default default] No more DHCP agents
2026-02-25 20:46:25.399 7 WARNING neutron.api.rpc.agentnotifiers.dhcp_rpc_agent_api [None req-22d2420e-10ff-4798-a347-bc50e647ec73 f64a9df1cc7e466ab1e79f6db36962a9 cde579f9f5ff4b0992d01584b5bbbd88 - - default default] Unable to schedule network 46bfd8f5-df8f-4496-b4ce-caff1cdad230: no agents available; will retry on subsequent port and subnet creation events.
2026-02-25 20:46:25.502 7 INFO neutron.db.ovn_revision_numbers_db [None req-22d2420e-10ff-4798-a347-bc50e647ec73 f64a9df1cc7e466ab1e79f6db36962a9 cde579f9f5ff4b0992d01584b5bbbd88 - - default default] Successfully bumped revision number for resource d61ba8a2-e2df-4a89-832a-c1147dda84ee (type: ports) to 1 [pid: 7|app: 0|req: 967/1791] 10.0.0.18 () {34 vars in 668 bytes} [Wed Feb 25 20:46:24 2026] POST /v2.0/networks => generated 1244 bytes in 1407 msecs (HTTP/1.1 201) 4 headers in 163 bytes (1 switches on core 0)
2026-02-25 20:46:25.541 8 INFO neutron.plugins.ml2.drivers.ovn.mech_driver.mech_driver [None req-91323d46-b7a6-486a-b32d-157afea6dcb1 - - - - - -] OVN reports status down for port: 7421e368-859a-442a-8c12-5ba9f1b88173 [pid: 7|app: 0|req: 968/1792] 10.0.0.18 () {32 vars in 661 bytes} [Wed Feb 25 20:46:25 2026] GET /v2.0/security-groups => generated 2925 bytes in 36 msecs (HTTP/1.1 200) 4 headers in 158 bytes (1 switches on core 0) [pid: 7|app: 0|req: 969/1793] 10.0.0.18 () {32 vars in 721 bytes} [Wed Feb 25 20:46:25 2026] GET /v2.0/networks/dc6d11d0-c32e-480e-bfa8-802104892afe => generated 655 bytes in 79 msecs (HTTP/1.1 200) 4 headers in 157 bytes (1 switches on core 0)
2026-02-25 20:46:25.648 8 INFO neutron.plugins.ml2.drivers.ovn.mech_driver.mech_driver [None req-91323d46-b7a6-486a-b32d-157afea6dcb1 - - - - - -] OVN reports status down for port: d61ba8a2-e2df-4a89-832a-c1147dda84ee [pid: 7|app: 0|req: 970/1794] 10.0.0.18 () {32 vars in 647 bytes} [Wed Feb 25 20:46:25 2026] GET /v2.0/networks => generated 1855 bytes in 47 msecs (HTTP/1.1 200) 4 headers in 158 bytes (1 switches on core 0)
2026-02-25 20:46:25.709 8 INFO neutron_taas.services.taas.taas_plugin [None req-bdf15d41-9a08-4fd3-83d7-34679192d184 c81b8f87fe1148509a1e136b0595cb28 bdad6fb0be464c40a7951bff2f8929d2 - - default default] TaaS: Handle Delete Port: 0802695f-9b7d-4ad6-9bbe-30607322ee9b
2026-02-25 20:46:25.714 8 INFO neutron_taas.services.taas.tap_mirror_plugin [None req-bdf15d41-9a08-4fd3-83d7-34679192d184 c81b8f87fe1148509a1e136b0595cb28 bdad6fb0be464c40a7951bff2f8929d2 - - default default] Tap Mirror: Handle Delete Port: 0802695f-9b7d-4ad6-9bbe-30607322ee9b
2026-02-25 20:46:25.790 7 INFO neutron_taas.services.taas.taas_plugin [None req-ace38b55-9c01-41af-af8a-2bf6cfd4cba5 f64a9df1cc7e466ab1e79f6db36962a9 cde579f9f5ff4b0992d01584b5bbbd88 - - default default] TaaS: Handle Delete Port: 7421e368-859a-442a-8c12-5ba9f1b88173
2026-02-25 20:46:25.792 7 INFO neutron_taas.services.taas.tap_mirror_plugin [None req-ace38b55-9c01-41af-af8a-2bf6cfd4cba5 f64a9df1cc7e466ab1e79f6db36962a9 cde579f9f5ff4b0992d01584b5bbbd88 - - default default] Tap Mirror: Handle Delete Port: 7421e368-859a-442a-8c12-5ba9f1b88173
2026-02-25 20:46:26.026 7 INFO neutron.services.segments.plugin [-] Segment 80ec941f-3459-4345-b73e-4803eb2a0132 resource provider aggregate not found
2026-02-25 20:46:26.031 7 INFO neutron.services.segments.plugin [-] Segment 80ec941f-3459-4345-b73e-4803eb2a0132 resource provider aggregate not found
2026-02-25 20:46:26.043 7 INFO neutron.services.segments.plugin [-] Segment 80ec941f-3459-4345-b73e-4803eb2a0132 resource provider not found; error: Placement Client Error (4xx): {"errors": [{"status": 404, "title": "Not Found", "detail": "The resource could not be found.\n\n No resource provider with uuid 80ec941f-3459-4345-b73e-4803eb2a0132 found for delete ", "request_id": "req-2477f1a6-0334-406a-bc99-d4bfaa38e0e7"}]}
2026-02-25 20:46:26.057 7 INFO neutron.services.segments.plugin [-] Segment 80ec941f-3459-4345-b73e-4803eb2a0132 resource provider not found; error: Placement Client Error (4xx): {"errors": [{"status": 404, "title": "Not Found", "detail": "The resource could not be found.\n\n No resource provider with uuid 80ec941f-3459-4345-b73e-4803eb2a0132 found for delete ", "request_id": "req-53da89af-0940-4225-ad29-4a46ea9f8929"}]} [pid: 7|app: 0|req: 971/1795] 10.0.0.18 () {32 vars in 724 bytes} [Wed Feb 25 20:46:25 2026] DELETE /v2.0/networks/3e6196da-9873-438d-9319-6b88216aa757 => generated 0 bytes in 394 msecs (HTTP/1.1 204) 3 headers in 131 bytes (1 switches on core 0)
2026-02-25 20:46:26.205 7 INFO neutron.pecan_wsgi.hooks.translation [None req-98676510-e06e-4ab1-b62a-e3a75cb2b991 0a42c540c90946d1a37f90cb0ae4b2a1 273f3e6727424cfd99cbc2e90cafc543 - - default default] GET failed (client error): The resource could not be found. [pid: 7|app: 0|req: 972/1796] 10.0.0.18 () {32 vars in 721 bytes} [Wed Feb 25 20:46:26 2026] GET /v2.0/networks/dc6d11d0-c32e-480e-bfa8-802104892afe => generated 138 bytes in 112 msecs (HTTP/1.1 404) 4 headers in 164 bytes (1 switches on core 0) [pid: 8|app: 0|req: 825/1797] 10.0.0.18 () {32 vars in 722 bytes} [Wed Feb 25 20:46:24 2026] DELETE /v2.0/routers/ec15bfd6-7834-4c33-a2f3-5acffef707dc => generated 0 bytes in 1355 msecs (HTTP/1.1 204) 2 headers in 112 bytes (1 switches on core 0) /var/lib/openstack/lib/python3.12/site-packages/pycadf/identifier.py:70: UserWarning: Invalid uuid: neutron. To ensure interoperability, identifiers should be a valid uuid. warnings.warn(('Invalid uuid: %s. To ensure interoperability, ' [pid: 7|app: 0|req: 973/1798] 10.0.0.18 () {32 vars in 772 bytes} [Wed Feb 25 20:46:26 2026] GET /v2.0/security-groups?tenant_id=3cb9397c53e641f2b3b6440c7f2fcc16&name=default => generated 2925 bytes in 67 msecs (HTTP/1.1 200) 4 headers in 158 bytes (1 switches on core 0)
2026-02-25 20:46:26.361 8 INFO neutron_taas.services.taas.taas_plugin [None req-89185aaf-d587-4e3a-ac79-8819f8286ce6 f64a9df1cc7e466ab1e79f6db36962a9 cde579f9f5ff4b0992d01584b5bbbd88 - - default default] TaaS: Handle Delete Port: d61ba8a2-e2df-4a89-832a-c1147dda84ee
2026-02-25 20:46:26.364 8 INFO neutron_taas.services.taas.tap_mirror_plugin [None req-89185aaf-d587-4e3a-ac79-8819f8286ce6 f64a9df1cc7e466ab1e79f6db36962a9 cde579f9f5ff4b0992d01584b5bbbd88 - - default default] Tap Mirror: Handle Delete Port: d61ba8a2-e2df-4a89-832a-c1147dda84ee
2026-02-25 20:46:26.406 7 INFO neutron_taas.services.taas.taas_plugin [None req-34aea2e3-26cd-416e-b5af-abc78f02ee5d cabff0d66d4c4a81b8d1116107ceedfe 822539582bca4fedaff347e62d9ed0ff - - default default] TaaS: Handle Delete Port: 192500cb-c566-4823-82e5-fafdd62ca3dc
2026-02-25 20:46:26.409 7 INFO neutron_taas.services.taas.tap_mirror_plugin [None req-34aea2e3-26cd-416e-b5af-abc78f02ee5d cabff0d66d4c4a81b8d1116107ceedfe 822539582bca4fedaff347e62d9ed0ff - - default default] Tap Mirror: Handle Delete Port: 192500cb-c566-4823-82e5-fafdd62ca3dc
2026-02-25 20:46:26.580 8 INFO neutron.services.segments.plugin [-] Segment 40fd8a3c-c04f-4c6a-9f28-76949ade4902 resource provider aggregate not found
2026-02-25 20:46:26.587 8 INFO neutron.services.segments.plugin [-] Segment 40fd8a3c-c04f-4c6a-9f28-76949ade4902 resource provider aggregate not found
2026-02-25 20:46:26.608 8 INFO neutron.services.segments.plugin [-] Segment 40fd8a3c-c04f-4c6a-9f28-76949ade4902 resource provider not found; error: Placement Client Error (4xx): {"errors": [{"status": 404, "title": "Not Found", "detail": "The resource could not be found.\n\n No resource provider with uuid 40fd8a3c-c04f-4c6a-9f28-76949ade4902 found for delete ", "request_id": "req-dec3a2f8-969c-42d6-95e2-d49dd14a12d0"}]}
2026-02-25 20:46:26.610 8 INFO neutron.services.segments.plugin [-] Segment 40fd8a3c-c04f-4c6a-9f28-76949ade4902 resource provider not found; error: Placement Client Error (4xx): {"errors": [{"status": 404, "title": "Not Found", "detail": "The resource could not be found.\n\n No resource provider with uuid 40fd8a3c-c04f-4c6a-9f28-76949ade4902 found for delete ", "request_id": "req-6f6544fb-3a00-4af2-81d2-10a007a7848b"}]} [pid: 8|app: 0|req: 826/1799] 10.0.0.18 () {32 vars in 724 bytes} [Wed Feb 25 20:46:26 2026] DELETE /v2.0/networks/46bfd8f5-df8f-4496-b4ce-caff1cdad230 => generated 0 bytes in 435 msecs (HTTP/1.1 204) 3 headers in 131 bytes (1 switches on core 0) [pid: 8|app: 0|req: 827/1800] 10.0.0.18 () {32 vars in 722 bytes} [Wed Feb 25 20:46:26 2026] DELETE /v2.0/subnets/daa014e0-1e69-45ae-90f6-2b0402eb49cc => generated 0 bytes in 152 msecs (HTTP/1.1 204) 3 headers in 131 bytes (1 switches on core 0) [pid: 7|app: 0|req: 974/1801] 10.0.0.18 () {32 vars in 724 bytes} [Wed Feb 25 20:46:26 2026] DELETE /v2.0/networks/dc6d11d0-c32e-480e-bfa8-802104892afe => generated 0 bytes in 598 msecs (HTTP/1.1 204) 3 headers in 131 bytes (1 switches on core 0) [pid: 7|app: 0|req: 975/1802] 10.0.0.18 () {32 vars in 647 bytes} [Wed Feb 25 20:46:26 2026] GET /v2.0/networks => generated 651 bytes in 58 msecs (HTTP/1.1 200) 4 headers in 157 bytes (1 switches on core 0)
2026-02-25 20:46:27.046 7 INFO neutron_taas.services.taas.taas_plugin [None req-e26d6e79-0eea-41d8-adc3-27bbe25009b5 c81b8f87fe1148509a1e136b0595cb28 bdad6fb0be464c40a7951bff2f8929d2 - - default default] TaaS: Handle Delete Port: 9a8cb7a8-23c3-432b-84e1-01b3d95ade84
2026-02-25 20:46:27.050 7 INFO neutron_taas.services.taas.tap_mirror_plugin [None req-e26d6e79-0eea-41d8-adc3-27bbe25009b5 c81b8f87fe1148509a1e136b0595cb28 bdad6fb0be464c40a7951bff2f8929d2 - - default default] Tap Mirror: Handle Delete Port: 9a8cb7a8-23c3-432b-84e1-01b3d95ade84 [pid: 8|app: 0|req: 828/1803] 10.0.0.18 () {32 vars in 738 bytes} [Wed Feb 25 20:46:26 2026] DELETE /v2.0/security-groups/ffd1708f-a2e6-43da-98bf-7f7e19d4d069 => generated 0 bytes in 329 msecs (HTTP/1.1 204) 2 headers in 112 bytes (1 switches on core 0)
2026-02-25 20:46:27.192 8 INFO neutron.pecan_wsgi.hooks.translation [None req-da247271-1f0a-4a13-85f7-64e5547e0cbd cabff0d66d4c4a81b8d1116107ceedfe 822539582bca4fedaff347e62d9ed0ff - - default default] DELETE failed (client error): The resource could not be found. [pid: 8|app: 0|req: 829/1804] 10.0.0.18 () {32 vars in 722 bytes} [Wed Feb 25 20:46:27 2026] DELETE /v2.0/subnets/ff3f434f-6245-49a0-aee8-cfd715b3f264 => generated 136 bytes in 35 msecs (HTTP/1.1 404) 4 headers in 164 bytes (1 switches on core 0)
2026-02-25 20:46:27.295 8 INFO neutron.db.segments_db [None req-16d9a7e4-1011-4032-aaa8-40eb4343c269 f64a9df1cc7e466ab1e79f6db36962a9 cde579f9f5ff4b0992d01584b5bbbd88 - - default default] Added segment 09ce8cb2-b82e-4f1a-9cc1-cbb1f5748e0b of type geneve for network a69fb87e-131f-4584-8a11-491ef2ec4d77 [pid: 7|app: 0|req: 976/1805] 10.0.0.18 () {32 vars in 724 bytes} [Wed Feb 25 20:46:26 2026] DELETE /v2.0/networks/252fc162-cdbe-4ba7-8678-635ad1ed3442 => generated 0 bytes in 384 msecs (HTTP/1.1 204) 3 headers in 131 bytes (1 switches on core 0)
2026-02-25 20:46:27.325 7 INFO neutron.pecan_wsgi.hooks.translation [None req-9de7572b-4079-496d-8048-3d5571b91366 cabff0d66d4c4a81b8d1116107ceedfe 822539582bca4fedaff347e62d9ed0ff - - default default] DELETE failed (client error): The resource could not be found. [pid: 7|app: 0|req: 977/1806] 10.0.0.18 () {32 vars in 722 bytes} [Wed Feb 25 20:46:27 2026] DELETE /v2.0/subnets/a27bbebf-dff5-4629-89f9-fc844af857f6 => generated 136 bytes in 11 msecs (HTTP/1.1 404) 4 headers in 164 bytes (1 switches on core 0)
2026-02-25 20:46:27.348 7 INFO neutron.pecan_wsgi.hooks.translation [None req-b9bb71b1-4a82-4972-9059-43311d1dd55a cabff0d66d4c4a81b8d1116107ceedfe 822539582bca4fedaff347e62d9ed0ff - - default default] DELETE failed (client error): The resource could not be found. [pid: 7|app: 0|req: 978/1807] 10.0.0.18 () {32 vars in 722 bytes} [Wed Feb 25 20:46:27 2026] DELETE /v2.0/subnets/b138ce51-936b-4ba9-a4f3-f483c01dee18 => generated 136 bytes in 18 msecs (HTTP/1.1 404) 4 headers in 164 bytes (1 switches on core 0)
2026-02-25 20:46:27.451 8 INFO neutron.db.ovn_revision_numbers_db [None req-16d9a7e4-1011-4032-aaa8-40eb4343c269 f64a9df1cc7e466ab1e79f6db36962a9 cde579f9f5ff4b0992d01584b5bbbd88 - - default default] Successfully bumped revision number for resource a69fb87e-131f-4584-8a11-491ef2ec4d77 (type: networks) to 1
2026-02-25 20:46:27.617 8 WARNING neutron.scheduler.dhcp_agent_scheduler [None req-16d9a7e4-1011-4032-aaa8-40eb4343c269 f64a9df1cc7e466ab1e79f6db36962a9 cde579f9f5ff4b0992d01584b5bbbd88 - - default default] No more DHCP agents
2026-02-25 20:46:27.619 8 WARNING neutron.api.rpc.agentnotifiers.dhcp_rpc_agent_api [None req-16d9a7e4-1011-4032-aaa8-40eb4343c269 f64a9df1cc7e466ab1e79f6db36962a9 cde579f9f5ff4b0992d01584b5bbbd88 - - default default] Unable to schedule network a69fb87e-131f-4584-8a11-491ef2ec4d77: no agents available; will retry on subsequent port and subnet creation events.
2026-02-25 20:46:27.706 8 INFO neutron.plugins.ml2.drivers.ovn.mech_driver.mech_driver [None req-91323d46-b7a6-486a-b32d-157afea6dcb1 - - - - - -] OVN reports status down for port: bea96b9e-9c1f-4e58-be0d-fc92b7beeda5
2026-02-25 20:46:27.763 8 INFO neutron.db.ovn_revision_numbers_db [None req-16d9a7e4-1011-4032-aaa8-40eb4343c269 f64a9df1cc7e466ab1e79f6db36962a9 cde579f9f5ff4b0992d01584b5bbbd88 - - default default] Successfully bumped revision number for resource bea96b9e-9c1f-4e58-be0d-fc92b7beeda5 (type: ports) to 1 [pid: 8|app: 0|req: 830/1808] 10.0.0.18 () {34 vars in 668 bytes} [Wed Feb 25 20:46:27 2026] POST /v2.0/networks => generated 654 bytes in 591 msecs (HTTP/1.1 201) 4 headers in 162 bytes (1 switches on core 0)
2026-02-25 20:46:27.876 8 INFO neutron.db.segments_db [None req-e06573b6-c371-403b-ae37-172bc9309df9 f64a9df1cc7e466ab1e79f6db36962a9 cde579f9f5ff4b0992d01584b5bbbd88 - - default default] Added segment 1a5205f8-09a2-4481-9e2b-54290bd7f1f4 of type geneve for network 84bac36d-6056-41aa-a932-cf6c4a3ca2d4
2026-02-25 20:46:28.007 8 INFO neutron.db.ovn_revision_numbers_db [None req-e06573b6-c371-403b-ae37-172bc9309df9 f64a9df1cc7e466ab1e79f6db36962a9 cde579f9f5ff4b0992d01584b5bbbd88 - - default default] Successfully bumped revision number for resource 84bac36d-6056-41aa-a932-cf6c4a3ca2d4 (type: networks) to 1 [pid: 7|app: 0|req: 979/1809] 10.0.0.18 () {32 vars in 772 bytes} [Wed Feb 25 20:46:27 2026] GET /v2.0/security-groups?tenant_id=bdad6fb0be464c40a7951bff2f8929d2&name=default => generated 2925 bytes in 237 msecs (HTTP/1.1 200) 4 headers in 158 bytes (1 switches on core 0)
2026-02-25 20:46:28.070 7 INFO neutron.services.segments.plugin [-] Segment 666a7179-20d6-4843-aed3-77fffb5c8a9d resource provider aggregate not found
2026-02-25 20:46:28.089 7 INFO neutron.services.segments.plugin [-] Segment 666a7179-20d6-4843-aed3-77fffb5c8a9d resource provider not found; error: Placement Client Error (4xx): {"errors": [{"status": 404, "title": "Not Found", "detail": "The resource could not be found.\n\n No resource provider with uuid 666a7179-20d6-4843-aed3-77fffb5c8a9d found for delete ", "request_id": "req-466e7944-c97b-4eb5-b15b-1b67f53b108d"}]}
2026-02-25 20:46:28.094 7 INFO neutron.services.segments.plugin [-] Segment 666a7179-20d6-4843-aed3-77fffb5c8a9d resource provider aggregate not found
2026-02-25 20:46:28.114 7 INFO neutron.services.segments.plugin [-] Segment c80d6715-8c5d-47bd-a66f-5b39fa36cf35 resource provider aggregate not found
2026-02-25 20:46:28.121 7 INFO neutron.services.segments.plugin [-] Segment 666a7179-20d6-4843-aed3-77fffb5c8a9d resource provider not found; error: Placement Client Error (4xx): {"errors": [{"status": 404, "title": "Not Found", "detail": "The resource could not be found.\n\n No resource provider with uuid 666a7179-20d6-4843-aed3-77fffb5c8a9d found for delete ", "request_id": "req-7895129b-e3ad-425d-a90a-26c0cd58008f"}]}
2026-02-25 20:46:28.137 7 INFO neutron.services.segments.plugin [-] Segment c80d6715-8c5d-47bd-a66f-5b39fa36cf35 resource provider not found; error: Placement Client Error (4xx): {"errors": [{"status": 404, "title": "Not Found", "detail": "The resource could not be found.\n\n No resource provider with uuid c80d6715-8c5d-47bd-a66f-5b39fa36cf35 found for delete ", "request_id": "req-fcffc58a-8430-4068-b90a-2603357a77cd"}]}
2026-02-25 20:46:28.141 7 INFO neutron.services.segments.plugin [-] Segment c80d6715-8c5d-47bd-a66f-5b39fa36cf35 resource provider aggregate not found
2026-02-25 20:46:28.163 7 INFO neutron.services.segments.plugin [-] Segment c80d6715-8c5d-47bd-a66f-5b39fa36cf35 resource provider not found; error: Placement Client Error (4xx): {"errors": [{"status": 404, "title": "Not Found", "detail": "The resource could not be found.\n\n No resource provider with uuid c80d6715-8c5d-47bd-a66f-5b39fa36cf35 found for delete ", "request_id": "req-ffb04ada-66f0-4b14-8449-37292f1bc76a"}]}
2026-02-25 20:46:28.222 8 WARNING neutron.scheduler.dhcp_agent_scheduler [None req-e06573b6-c371-403b-ae37-172bc9309df9 f64a9df1cc7e466ab1e79f6db36962a9 cde579f9f5ff4b0992d01584b5bbbd88 - - default default] No more DHCP agents
2026-02-25 20:46:28.224 8 WARNING neutron.api.rpc.agentnotifiers.dhcp_rpc_agent_api [None req-e06573b6-c371-403b-ae37-172bc9309df9 f64a9df1cc7e466ab1e79f6db36962a9 cde579f9f5ff4b0992d01584b5bbbd88 - - default default] Unable to schedule network 84bac36d-6056-41aa-a932-cf6c4a3ca2d4: no agents available; will retry on subsequent port and subnet creation events.
2026-02-25 20:46:28.327 8 INFO neutron.plugins.ml2.drivers.ovn.mech_driver.mech_driver [None req-91323d46-b7a6-486a-b32d-157afea6dcb1 - - - - - -] OVN reports status down for port: 281cd5c3-96ea-4bf4-a78d-21c0f7d251bb
2026-02-25 20:46:28.400 8 INFO neutron.db.ovn_revision_numbers_db [None req-e06573b6-c371-403b-ae37-172bc9309df9 f64a9df1cc7e466ab1e79f6db36962a9 cde579f9f5ff4b0992d01584b5bbbd88 - - default default] Successfully bumped revision number for resource 281cd5c3-96ea-4bf4-a78d-21c0f7d251bb (type: ports) to 1 [pid: 7|app: 0|req: 980/1810] 10.0.0.18 () {32 vars in 738 bytes} [Wed Feb 25 20:46:28 2026] DELETE /v2.0/security-groups/226ee2f7-2141-4e03-aa10-490c19649b40 => generated 0 bytes in 379 msecs (HTTP/1.1 204) 2 headers in 112 bytes (1 switches on core 0) [pid: 8|app: 0|req: 831/1811] 10.0.0.18 () {34 vars in 668 bytes} [Wed Feb 25 20:46:27 2026] POST /v2.0/networks => generated 654 bytes in 681 msecs (HTTP/1.1 201) 4 headers in 162 bytes (1 switches on core 0)
2026-02-25 20:46:28.664 7 INFO neutron.db.ovn_revision_numbers_db [None req-07ba5639-5037-42a6-88b9-0fcedb1e5c7f e2ca2fb877de4a48a2ad1ffceb448689 60c00386bf8844f6a7368ad62ee5dc4e - - default default] Successfully bumped revision number for resource 510f7be2-9c44-4a56-a386-e3caeebded98 (type: security_groups) to 1
2026-02-25 20:46:28.680 7 INFO neutron.db.ovn_revision_numbers_db [None req-07ba5639-5037-42a6-88b9-0fcedb1e5c7f e2ca2fb877de4a48a2ad1ffceb448689 60c00386bf8844f6a7368ad62ee5dc4e - - default default] Successfully bumped revision number for resource 459f24e4-b7c1-4e39-b314-64645bc50502 (type: security_group_rules) to 0
2026-02-25 20:46:28.695 7 INFO neutron.db.ovn_revision_numbers_db [None req-07ba5639-5037-42a6-88b9-0fcedb1e5c7f e2ca2fb877de4a48a2ad1ffceb448689 60c00386bf8844f6a7368ad62ee5dc4e - - default default] Successfully bumped revision number for resource 71a20bd3-9c5e-459a-b8ee-b5b8979243ea (type: security_group_rules) to 0
2026-02-25 20:46:28.704 7 INFO neutron.db.ovn_revision_numbers_db [None req-07ba5639-5037-42a6-88b9-0fcedb1e5c7f e2ca2fb877de4a48a2ad1ffceb448689 60c00386bf8844f6a7368ad62ee5dc4e - - default default] Successfully bumped revision number for resource b5a1c063-d23c-4114-b76f-bcc8cf0c0e7e (type: security_group_rules) to 0
2026-02-25 20:46:28.715 7 INFO neutron.db.ovn_revision_numbers_db [None req-07ba5639-5037-42a6-88b9-0fcedb1e5c7f e2ca2fb877de4a48a2ad1ffceb448689 60c00386bf8844f6a7368ad62ee5dc4e - - default default] Successfully bumped revision number for resource b9e0e88e-6a5a-406d-9e74-e3b4d9ce58c4 (type: security_group_rules) to 0 [pid: 7|app: 0|req: 981/1812] 10.0.0.18 () {32 vars in 772 bytes} [Wed Feb 25 20:46:28 2026] GET /v2.0/security-groups?tenant_id=650db54d21584d9386e461e6882b7c39&name=default => generated 2925 bytes in 336 msecs (HTTP/1.1 200) 4 headers in 158 bytes (1 switches on core 0)
2026-02-25 20:46:29.016 8 WARNING neutron.scheduler.dhcp_agent_scheduler [None req-48a8b074-576f-494d-811c-113fa29a8a32 f64a9df1cc7e466ab1e79f6db36962a9 cde579f9f5ff4b0992d01584b5bbbd88 - - default default] No more DHCP agents
2026-02-25 20:46:29.017 8 WARNING neutron.api.rpc.agentnotifiers.dhcp_rpc_agent_api [None req-48a8b074-576f-494d-811c-113fa29a8a32 f64a9df1cc7e466ab1e79f6db36962a9 cde579f9f5ff4b0992d01584b5bbbd88 - - default default] Unable to schedule network a69fb87e-131f-4584-8a11-491ef2ec4d77: no agents available; will retry on subsequent port and subnet creation events. [pid: 7|app: 0|req: 982/1813] 10.0.0.18 () {32 vars in 738 bytes} [Wed Feb 25 20:46:28 2026] DELETE /v2.0/security-groups/510f7be2-9c44-4a56-a386-e3caeebded98 => generated 0 bytes in 341 msecs (HTTP/1.1 204) 2 headers in 112 bytes (1 switches on core 0)
2026-02-25 20:46:29.149 8 INFO neutron.plugins.ml2.drivers.ovn.mech_driver.mech_driver [None req-91323d46-b7a6-486a-b32d-157afea6dcb1 - - - - - -] OVN reports status down for port: 217e5056-0f70-4bf9-b3aa-3154606fc7dd
2026-02-25 20:46:29.248 8 INFO neutron.db.ovn_revision_numbers_db [None req-48a8b074-576f-494d-811c-113fa29a8a32 f64a9df1cc7e466ab1e79f6db36962a9 cde579f9f5ff4b0992d01584b5bbbd88 - - default default] Successfully bumped revision number for resource 217e5056-0f70-4bf9-b3aa-3154606fc7dd (type: ports) to 1
2026-02-25 20:46:29.313 8 WARNING neutron.scheduler.dhcp_agent_scheduler [None req-48a8b074-576f-494d-811c-113fa29a8a32 f64a9df1cc7e466ab1e79f6db36962a9 cde579f9f5ff4b0992d01584b5bbbd88 - - default default] No more DHCP agents
2026-02-25 20:46:29.318 8 WARNING neutron.api.rpc.agentnotifiers.dhcp_rpc_agent_api [None req-48a8b074-576f-494d-811c-113fa29a8a32 f64a9df1cc7e466ab1e79f6db36962a9 cde579f9f5ff4b0992d01584b5bbbd88 - - default default] Unable to schedule network 84bac36d-6056-41aa-a932-cf6c4a3ca2d4: no agents available; will retry on subsequent port and subnet creation events.
2026-02-25 20:46:29.419 7 INFO neutron.db.ovn_revision_numbers_db [None req-28ac3259-e3ab-4790-b496-d72cba89b404 e2ca2fb877de4a48a2ad1ffceb448689 60c00386bf8844f6a7368ad62ee5dc4e - - default default] Successfully bumped revision number for resource 04460307-0635-49c0-93de-82c06e4bb8ca (type: security_groups) to 1
2026-02-25 20:46:29.441 7 INFO neutron.db.ovn_revision_numbers_db [None req-28ac3259-e3ab-4790-b496-d72cba89b404 e2ca2fb877de4a48a2ad1ffceb448689 60c00386bf8844f6a7368ad62ee5dc4e - - default default] Successfully bumped revision number for resource 09fb456b-a595-4c1e-8095-940b415059c9 (type: security_group_rules) to 0
2026-02-25 20:46:29.472 8 INFO neutron.plugins.ml2.drivers.ovn.mech_driver.mech_driver [None req-91323d46-b7a6-486a-b32d-157afea6dcb1 - - - - - -] OVN reports status down for port: 90ea6b45-0f41-4cef-a810-99c552bfd30d
2026-02-25 20:46:29.475 7 INFO neutron.db.ovn_revision_numbers_db [None req-28ac3259-e3ab-4790-b496-d72cba89b404 e2ca2fb877de4a48a2ad1ffceb448689 60c00386bf8844f6a7368ad62ee5dc4e - - default default] Successfully bumped revision number for resource 157ae956-894b-4cd1-b6d8-24de2b341d58 (type: security_group_rules) to 0
2026-02-25 20:46:29.496 7 INFO neutron.db.ovn_revision_numbers_db [None req-28ac3259-e3ab-4790-b496-d72cba89b404 e2ca2fb877de4a48a2ad1ffceb448689 60c00386bf8844f6a7368ad62ee5dc4e - - default default] Successfully bumped revision number for resource af733493-0808-4696-b3c3-bcad636fa699 (type: security_group_rules) to 0
2026-02-25 20:46:29.514 7 INFO neutron.db.ovn_revision_numbers_db [None req-28ac3259-e3ab-4790-b496-d72cba89b404 e2ca2fb877de4a48a2ad1ffceb448689 60c00386bf8844f6a7368ad62ee5dc4e - - default default] Successfully bumped revision number for resource c2a401a1-56a4-4f36-91d9-130780adffc6 (type: security_group_rules) to 0 [pid: 7|app: 0|req: 983/1814] 10.0.0.18 () {32 vars in 772 bytes} [Wed Feb 25 20:46:29 2026] GET /v2.0/security-groups?tenant_id=273f3e6727424cfd99cbc2e90cafc543&name=default => generated 2925 bytes in 299 msecs (HTTP/1.1 200) 4 headers in 158 bytes (1 switches on core 0)
2026-02-25 20:46:29.580 8 INFO neutron.db.ovn_revision_numbers_db [None req-48a8b074-576f-494d-811c-113fa29a8a32 f64a9df1cc7e466ab1e79f6db36962a9 cde579f9f5ff4b0992d01584b5bbbd88 - - default default] Successfully bumped revision number for resource 90ea6b45-0f41-4cef-a810-99c552bfd30d (type: ports) to 1 [pid: 8|app: 0|req: 832/1815] 10.0.0.18 () {34 vars in 663 bytes} [Wed Feb 25 20:46:28 2026] POST /v2.0/ports => generated 1505 bytes in 1222 msecs (HTTP/1.1 201) 4 headers in 163 bytes (1 switches on core 0) /var/lib/openstack/lib/python3.12/site-packages/pycadf/identifier.py:70: UserWarning: Invalid uuid: neutron. To ensure interoperability, identifiers should be a valid uuid. warnings.warn(('Invalid uuid: %s. To ensure interoperability, ' [pid: 8|app: 0|req: 833/1816] 10.0.0.18 () {32 vars in 641 bytes} [Wed Feb 25 20:46:29 2026] GET /v2.0/ports => generated 3017 bytes in 68 msecs (HTTP/1.1 200) 4 headers in 158 bytes (1 switches on core 0) [pid: 7|app: 0|req: 984/1817] 10.0.0.18 () {32 vars in 738 bytes} [Wed Feb 25 20:46:29 2026] DELETE /v2.0/security-groups/04460307-0635-49c0-93de-82c06e4bb8ca => generated 0 bytes in 326 msecs (HTTP/1.1 204) 2 headers in 112 bytes (1 switches on core 0)
2026-02-25 20:46:29.938 8 INFO neutron_taas.services.taas.taas_plugin [None req-f300a5e2-9f3c-4956-9152-48f85f845205 f64a9df1cc7e466ab1e79f6db36962a9 cde579f9f5ff4b0992d01584b5bbbd88 - - default default] TaaS: Handle Delete Port: 217e5056-0f70-4bf9-b3aa-3154606fc7dd
2026-02-25 20:46:29.942 8 INFO neutron_taas.services.taas.tap_mirror_plugin [None req-f300a5e2-9f3c-4956-9152-48f85f845205 f64a9df1cc7e466ab1e79f6db36962a9 cde579f9f5ff4b0992d01584b5bbbd88 - - default default] Tap Mirror: Handle Delete Port: 217e5056-0f70-4bf9-b3aa-3154606fc7dd [pid: 7|app: 0|req: 985/1818] 10.0.0.18 () {32 vars in 772 bytes} [Wed Feb 25 20:46:29 2026] GET /v2.0/security-groups?tenant_id=822539582bca4fedaff347e62d9ed0ff&name=default => generated 2925 bytes in 31 msecs (HTTP/1.1 200) 4 headers in 158 bytes (1 switches on core 0) [pid: 8|app: 0|req: 834/1819] 10.0.0.18 () {32 vars in 718 bytes} [Wed Feb 25 20:46:29 2026] DELETE /v2.0/ports/217e5056-0f70-4bf9-b3aa-3154606fc7dd => generated 0 bytes in 300 msecs (HTTP/1.1 204) 3 headers in 131 bytes (1 switches on core 0)
2026-02-25 20:46:30.227 8 INFO neutron_taas.services.taas.taas_plugin [None req-4c213075-20d1-4f1e-be1d-8dd25fd2e442 f64a9df1cc7e466ab1e79f6db36962a9 cde579f9f5ff4b0992d01584b5bbbd88 - - default default] TaaS: Handle Delete Port: 90ea6b45-0f41-4cef-a810-99c552bfd30d
2026-02-25 20:46:30.232 8 INFO neutron_taas.services.taas.tap_mirror_plugin [None req-4c213075-20d1-4f1e-be1d-8dd25fd2e442 f64a9df1cc7e466ab1e79f6db36962a9 cde579f9f5ff4b0992d01584b5bbbd88 - - default default] Tap Mirror: Handle Delete Port: 90ea6b45-0f41-4cef-a810-99c552bfd30d [pid: 7|app: 0|req: 986/1820] 10.0.0.18 () {32 vars in 738 bytes} [Wed Feb 25 20:46:30 2026] DELETE /v2.0/security-groups/f2ac9692-11da-4a01-857d-487b18608782 => generated 0 bytes in 353 msecs (HTTP/1.1 204) 2 headers in 112 bytes (1 switches on core 0) [pid: 8|app: 0|req: 835/1821] 10.0.0.18 () {32 vars in 718 bytes} [Wed Feb 25 20:46:30 2026] DELETE /v2.0/ports/90ea6b45-0f41-4cef-a810-99c552bfd30d => generated 0 bytes in 343 msecs (HTTP/1.1 204) 3 headers in 131 bytes (1 switches on core 0) [pid: 8|app: 0|req: 836/1822] 10.0.0.18 () {32 vars in 641 bytes} [Wed Feb 25 20:46:30 2026] GET /v2.0/ports => generated 1523 bytes in 40 msecs (HTTP/1.1 200) 4 headers in 158 bytes (1 switches on core 0)
2026-02-25 20:46:30.576 8 INFO neutron.db.segments_db [None req-593882f6-399d-4823-9f4c-52e73976329f f64a9df1cc7e466ab1e79f6db36962a9 cde579f9f5ff4b0992d01584b5bbbd88 - - default default] Added segment e931475f-bd88-4a3b-a88e-68c753cb70dd of type geneve for network 29f9c7fc-0fd7-41bc-a016-4819285cb722
2026-02-25 20:46:30.668 7 INFO neutron.db.ovn_revision_numbers_db [None req-5494963b-c260-42d0-9f0e-6f345c3d7d47 80903ebd9a42427895f15f8a927f83be bf34c9889ad04fdca0837a4fe5c5822f - - default default] Successfully bumped revision number for resource 1a8630dd-2214-444c-a41a-a37114257723 (type: security_groups) to 1
2026-02-25 20:46:30.681 7 INFO neutron.db.ovn_revision_numbers_db [None req-5494963b-c260-42d0-9f0e-6f345c3d7d47 80903ebd9a42427895f15f8a927f83be bf34c9889ad04fdca0837a4fe5c5822f - - default default] Successfully bumped revision number for resource 66aabcb5-71eb-442a-a99c-0cd1b60975b6 (type: security_group_rules) to 0
2026-02-25 20:46:30.693 7 INFO neutron.db.ovn_revision_numbers_db [None req-5494963b-c260-42d0-9f0e-6f345c3d7d47 80903ebd9a42427895f15f8a927f83be bf34c9889ad04fdca0837a4fe5c5822f - - default default] Successfully bumped revision number for resource 7fddbf55-c5d7-4054-9025-e8242361ed39 (type: security_group_rules) to 0
2026-02-25 20:46:30.705 7 INFO neutron.db.ovn_revision_numbers_db [None req-5494963b-c260-42d0-9f0e-6f345c3d7d47 80903ebd9a42427895f15f8a927f83be bf34c9889ad04fdca0837a4fe5c5822f - - default default] Successfully bumped revision number for resource 8de11091-abe8-4e6f-93a4-2302cb4b79ae (type: security_group_rules) to 0
2026-02-25 20:46:30.716 7 INFO neutron.db.ovn_revision_numbers_db [None req-5494963b-c260-42d0-9f0e-6f345c3d7d47 80903ebd9a42427895f15f8a927f83be bf34c9889ad04fdca0837a4fe5c5822f - - default default] Successfully bumped revision number for resource 9e4f35d4-16c8-4d85-82be-3c0881ee7142 (type: security_group_rules) to 0
2026-02-25 20:46:30.772 8 INFO neutron.db.ovn_revision_numbers_db [None req-593882f6-399d-4823-9f4c-52e73976329f f64a9df1cc7e466ab1e79f6db36962a9 cde579f9f5ff4b0992d01584b5bbbd88 - - default default] Successfully bumped revision number for resource 29f9c7fc-0fd7-41bc-a016-4819285cb722 (type: networks) to 1
2026-02-25 20:46:30.824 7 INFO neutron.db.segments_db [None req-5494963b-c260-42d0-9f0e-6f345c3d7d47 80903ebd9a42427895f15f8a927f83be bf34c9889ad04fdca0837a4fe5c5822f - - default default] Added segment cf220911-8c9c-43ad-af99-ea45b960cb53 of type geneve for network ffe7fb9a-082f-452a-89cb-5935b02d7dfc
2026-02-25 20:46:30.914 8 WARNING neutron.scheduler.dhcp_agent_scheduler [None req-593882f6-399d-4823-9f4c-52e73976329f f64a9df1cc7e466ab1e79f6db36962a9 cde579f9f5ff4b0992d01584b5bbbd88 - - default default] No more DHCP agents
2026-02-25 20:46:30.921 8 WARNING neutron.api.rpc.agentnotifiers.dhcp_rpc_agent_api [None req-593882f6-399d-4823-9f4c-52e73976329f f64a9df1cc7e466ab1e79f6db36962a9 cde579f9f5ff4b0992d01584b5bbbd88 - - default default] Unable to schedule network 29f9c7fc-0fd7-41bc-a016-4819285cb722: no agents available; will retry on subsequent port and subnet creation events.
2026-02-25 20:46:30.959 7 INFO neutron.db.ovn_revision_numbers_db [None req-5494963b-c260-42d0-9f0e-6f345c3d7d47 80903ebd9a42427895f15f8a927f83be bf34c9889ad04fdca0837a4fe5c5822f - - default default] Successfully bumped revision number for resource ffe7fb9a-082f-452a-89cb-5935b02d7dfc (type: networks) to 1
2026-02-25 20:46:31.026 8 INFO neutron.plugins.ml2.drivers.ovn.mech_driver.mech_driver [None req-91323d46-b7a6-486a-b32d-157afea6dcb1 - - - - - -] OVN reports status down for port: 57b5119d-28de-4343-a7bc-bf96d696e6b9
2026-02-25 20:46:31.111 8 INFO neutron.db.ovn_revision_numbers_db [None req-593882f6-399d-4823-9f4c-52e73976329f f64a9df1cc7e466ab1e79f6db36962a9 cde579f9f5ff4b0992d01584b5bbbd88 - - default default] Successfully bumped revision number for resource 57b5119d-28de-4343-a7bc-bf96d696e6b9 (type: ports) to 1 [pid: 8|app: 0|req: 837/1823] 10.0.0.18 () {34 vars in 668 bytes} [Wed Feb 25 20:46:30 2026] POST /v2.0/networks => generated 654 bytes in 674 msecs (HTTP/1.1 201) 4 headers in 162 bytes (1 switches on core 0)
2026-02-25 20:46:31.176 7 WARNING neutron.scheduler.dhcp_agent_scheduler [None req-5494963b-c260-42d0-9f0e-6f345c3d7d47 80903ebd9a42427895f15f8a927f83be bf34c9889ad04fdca0837a4fe5c5822f - - default default] No more DHCP agents
2026-02-25 20:46:31.178 7 WARNING neutron.api.rpc.agentnotifiers.dhcp_rpc_agent_api [None req-5494963b-c260-42d0-9f0e-6f345c3d7d47 80903ebd9a42427895f15f8a927f83be bf34c9889ad04fdca0837a4fe5c5822f - - default default] Unable to schedule network ffe7fb9a-082f-452a-89cb-5935b02d7dfc: no agents available; will retry on subsequent port and subnet creation events.
2026-02-25 20:46:31.257 8 INFO neutron.plugins.ml2.drivers.ovn.mech_driver.mech_driver [None req-91323d46-b7a6-486a-b32d-157afea6dcb1 - - - - - -] OVN reports status down for port: 8d90c723-cb9b-4d17-bbf5-deabfc594990
2026-02-25 20:46:31.289 8 INFO neutron.db.segments_db [None req-51bba047-384c-420a-8070-277b9dc9f197 f64a9df1cc7e466ab1e79f6db36962a9 cde579f9f5ff4b0992d01584b5bbbd88 - - default default] Added segment 9f39c0ef-a2e6-4e7f-a582-7643057bd87a of type geneve for network 53add519-8ba3-49ac-a982-a37325835fda
2026-02-25 20:46:31.296 7 INFO neutron.db.ovn_revision_numbers_db [None req-5494963b-c260-42d0-9f0e-6f345c3d7d47 80903ebd9a42427895f15f8a927f83be bf34c9889ad04fdca0837a4fe5c5822f - - default default] Successfully bumped revision number for resource 8d90c723-cb9b-4d17-bbf5-deabfc594990 (type: ports) to 1 [pid: 7|app: 0|req: 987/1824] 10.0.0.18 () {34 vars in 668 bytes} [Wed Feb 25 20:46:30 2026] POST /v2.0/networks => generated 647 bytes in 943 msecs (HTTP/1.1 201) 4 headers in 162 bytes (1 switches on core 0)
2026-02-25 20:46:31.462 8 INFO neutron.db.ovn_revision_numbers_db [None req-51bba047-384c-420a-8070-277b9dc9f197 f64a9df1cc7e466ab1e79f6db36962a9 cde579f9f5ff4b0992d01584b5bbbd88 - - default default] Successfully bumped revision number for resource 53add519-8ba3-49ac-a982-a37325835fda (type: networks) to 1
2026-02-25 20:46:31.568 7 WARNING neutron.scheduler.dhcp_agent_scheduler [None req-2f62c0e9-f6e9-4a3c-bcdc-91e518465913 80903ebd9a42427895f15f8a927f83be bf34c9889ad04fdca0837a4fe5c5822f - - default default] No more DHCP agents
2026-02-25 20:46:31.570 7 WARNING neutron.api.rpc.agentnotifiers.dhcp_rpc_agent_api [None req-2f62c0e9-f6e9-4a3c-bcdc-91e518465913 80903ebd9a42427895f15f8a927f83be bf34c9889ad04fdca0837a4fe5c5822f - - default default] Unable to schedule network ffe7fb9a-082f-452a-89cb-5935b02d7dfc: no agents available; will retry on subsequent port and subnet creation events.
2026-02-25 20:46:31.683 8 INFO neutron.plugins.ml2.drivers.ovn.mech_driver.mech_driver [None req-91323d46-b7a6-486a-b32d-157afea6dcb1 - - - - - -] OVN reports status down for port: 9dc8ad44-b03f-4e71-95b4-c66cf57135a3
2026-02-25 20:46:31.687 7 INFO neutron.db.ovn_revision_numbers_db [None req-2f62c0e9-f6e9-4a3c-bcdc-91e518465913 80903ebd9a42427895f15f8a927f83be bf34c9889ad04fdca0837a4fe5c5822f - - default default] Successfully bumped revision number for resource 9dc8ad44-b03f-4e71-95b4-c66cf57135a3 (type: ports) to 1
2026-02-25 20:46:31.690 8 WARNING neutron.scheduler.dhcp_agent_scheduler [None req-51bba047-384c-420a-8070-277b9dc9f197 f64a9df1cc7e466ab1e79f6db36962a9 cde579f9f5ff4b0992d01584b5bbbd88 - - default default] No more DHCP agents
2026-02-25 20:46:31.694 8 WARNING neutron.api.rpc.agentnotifiers.dhcp_rpc_agent_api [None req-51bba047-384c-420a-8070-277b9dc9f197 f64a9df1cc7e466ab1e79f6db36962a9 cde579f9f5ff4b0992d01584b5bbbd88 - - default default] Unable to schedule network 53add519-8ba3-49ac-a982-a37325835fda: no agents available; will retry on subsequent port and subnet creation events. [pid: 7|app: 0|req: 988/1825] 10.0.0.18 () {34 vars in 663 bytes} [Wed Feb 25 20:46:31 2026] POST /v2.0/ports => generated 779 bytes in 411 msecs (HTTP/1.1 201) 4 headers in 162 bytes (1 switches on core 0)
2026-02-25 20:46:31.860 8 INFO neutron.plugins.ml2.drivers.ovn.mech_driver.mech_driver [None req-91323d46-b7a6-486a-b32d-157afea6dcb1 - - - - - -] OVN reports status down for port: 1ee16ed8-6528-4c24-b15d-64d2fe54fecd /var/lib/openstack/lib/python3.12/site-packages/pycadf/identifier.py:70: UserWarning: Invalid uuid: neutron. To ensure interoperability, identifiers should be a valid uuid. warnings.warn(('Invalid uuid: %s. To ensure interoperability, '
2026-02-25 20:46:31.910 8 INFO neutron.db.ovn_revision_numbers_db [None req-51bba047-384c-420a-8070-277b9dc9f197 f64a9df1cc7e466ab1e79f6db36962a9 cde579f9f5ff4b0992d01584b5bbbd88 - - default default] Successfully bumped revision number for resource 1ee16ed8-6528-4c24-b15d-64d2fe54fecd (type: ports) to 1 [pid: 8|app: 0|req: 838/1826] 10.0.0.18 () {34 vars in 668 bytes} [Wed Feb 25 20:46:31 2026] POST /v2.0/networks => generated 654 bytes in 783 msecs (HTTP/1.1 201) 4 headers in 162 bytes (1 switches on core 0)
2026-02-25 20:46:32.063 8 INFO neutron.db.segments_db [None req-0fc6d5eb-94ad-47c2-817c-4e6c93b7e414 80903ebd9a42427895f15f8a927f83be bf34c9889ad04fdca0837a4fe5c5822f - - default default] Added segment 685859b1-b908-44dc-b102-f1afe0862533 of type geneve for network 5b2de64f-1dfd-49a8-bdc2-916dc44a9da6
2026-02-25 20:46:32.071 7 INFO neutron.db.ovn_revision_numbers_db [None req-a4f37f8b-d27f-4d47-9b44-276a7a3c6f1c e2ca2fb877de4a48a2ad1ffceb448689 60c00386bf8844f6a7368ad62ee5dc4e - - default default] Successfully bumped revision number for resource 2518a05c-3f25-42d6-9ea6-326101548e4e (type: security_groups) to 1
2026-02-25 20:46:32.087 7 INFO neutron.db.ovn_revision_numbers_db [None req-a4f37f8b-d27f-4d47-9b44-276a7a3c6f1c e2ca2fb877de4a48a2ad1ffceb448689 60c00386bf8844f6a7368ad62ee5dc4e - - default default] Successfully bumped revision number for resource 87274030-2716-4ae8-a3c8-e45f0d9b86de (type: security_group_rules) to 0
2026-02-25 20:46:32.103 7 INFO neutron.db.ovn_revision_numbers_db [None req-a4f37f8b-d27f-4d47-9b44-276a7a3c6f1c e2ca2fb877de4a48a2ad1ffceb448689 60c00386bf8844f6a7368ad62ee5dc4e - - default default] Successfully bumped revision number for resource a8ba43df-8a71-4834-8715-85d4b32c55bd (type: security_group_rules) to 0
2026-02-25 20:46:32.120 7 INFO neutron.db.ovn_revision_numbers_db [None req-a4f37f8b-d27f-4d47-9b44-276a7a3c6f1c e2ca2fb877de4a48a2ad1ffceb448689 60c00386bf8844f6a7368ad62ee5dc4e - - default default] Successfully bumped revision number for resource e2c385e1-e520-4e07-9540-0d86cf3a53db (type: security_group_rules) to 0
2026-02-25 20:46:32.135 7 INFO neutron.db.ovn_revision_numbers_db [None req-a4f37f8b-d27f-4d47-9b44-276a7a3c6f1c e2ca2fb877de4a48a2ad1ffceb448689 60c00386bf8844f6a7368ad62ee5dc4e - - default default] Successfully bumped revision number for resource e82da531-6104-4079-886d-0a75823d375a (type: security_group_rules) to 0 [pid: 7|app: 0|req: 989/1827] 10.0.0.18 () {32 vars in 772 bytes} [Wed Feb 25 20:46:31 2026] GET /v2.0/security-groups?tenant_id=e6da94ee81bb46f6882e42cc3ccd389d&name=default => generated 2925 bytes in 449 msecs (HTTP/1.1 200) 4 headers in 158 bytes (1 switches on core 0)
2026-02-25 20:46:32.211 8 INFO neutron.db.ovn_revision_numbers_db [None req-0fc6d5eb-94ad-47c2-817c-4e6c93b7e414 80903ebd9a42427895f15f8a927f83be bf34c9889ad04fdca0837a4fe5c5822f - - default default] Successfully bumped revision number for resource 5b2de64f-1dfd-49a8-bdc2-916dc44a9da6 (type: networks) to 1
2026-02-25 20:46:32.389 8 WARNING neutron.scheduler.dhcp_agent_scheduler [None req-0fc6d5eb-94ad-47c2-817c-4e6c93b7e414 80903ebd9a42427895f15f8a927f83be bf34c9889ad04fdca0837a4fe5c5822f - - default default] No more DHCP agents
2026-02-25 20:46:32.393 8 WARNING neutron.api.rpc.agentnotifiers.dhcp_rpc_agent_api [None req-0fc6d5eb-94ad-47c2-817c-4e6c93b7e414 80903ebd9a42427895f15f8a927f83be bf34c9889ad04fdca0837a4fe5c5822f - - default default] Unable to schedule network 5b2de64f-1dfd-49a8-bdc2-916dc44a9da6: no agents available; will retry on subsequent port and subnet creation events.
2026-02-25 20:46:32.512 8 INFO neutron.plugins.ml2.drivers.ovn.mech_driver.mech_driver [None req-91323d46-b7a6-486a-b32d-157afea6dcb1 - - - - - -] OVN reports status down for port: 16b934a6-d2b3-485f-8517-675e84ba80ea [pid: 7|app: 0|req: 990/1828] 10.0.0.18 () {32 vars in 738 bytes} [Wed Feb 25 20:46:32 2026] DELETE /v2.0/security-groups/2518a05c-3f25-42d6-9ea6-326101548e4e => generated 0 bytes in 354 msecs (HTTP/1.1 204) 2 headers in 112 bytes (1 switches on core 0)
2026-02-25 20:46:32.573 8 INFO neutron.db.ovn_revision_numbers_db [None req-0fc6d5eb-94ad-47c2-817c-4e6c93b7e414 80903ebd9a42427895f15f8a927f83be bf34c9889ad04fdca0837a4fe5c5822f - - default default] Successfully bumped revision number for resource 16b934a6-d2b3-485f-8517-675e84ba80ea (type: ports) to 1 [pid: 8|app: 0|req: 839/1829] 10.0.0.18 () {34 vars in 668 bytes} [Wed Feb 25 20:46:31 2026] POST /v2.0/networks => generated 636 bytes in 663 msecs (HTTP/1.1 201) 4 headers in 162 bytes (1 switches on core 0)
2026-02-25 20:46:32.800 8 WARNING neutron.scheduler.dhcp_agent_scheduler [None req-67abc9b9-0877-42b3-90b5-100e722626f1 80903ebd9a42427895f15f8a927f83be bf34c9889ad04fdca0837a4fe5c5822f - - default default] No more DHCP agents
2026-02-25 20:46:32.801 8 WARNING neutron.api.rpc.agentnotifiers.dhcp_rpc_agent_api [None req-67abc9b9-0877-42b3-90b5-100e722626f1 80903ebd9a42427895f15f8a927f83be bf34c9889ad04fdca0837a4fe5c5822f - - default default] Unable to schedule network 5b2de64f-1dfd-49a8-bdc2-916dc44a9da6: no agents available; will retry on subsequent port and subnet creation events.
2026-02-25 20:46:32.846 8 INFO neutron.db.ovn_revision_numbers_db [None req-67abc9b9-0877-42b3-90b5-100e722626f1 80903ebd9a42427895f15f8a927f83be bf34c9889ad04fdca0837a4fe5c5822f - - default default] Successfully bumped revision number for resource 70eab613-7ad3-43b4-82be-e6e0c75abcb9 (type: subnets) to 0 [pid: 8|app: 0|req: 840/1830] 10.0.0.18 () {34 vars in 667 bytes} [Wed Feb 25 20:46:32 2026] POST /v2.0/subnets => generated 646 bytes in 251 msecs (HTTP/1.1 201) 4 headers in 162 bytes (1 switches on core 0)
2026-02-25 20:46:32.876 7 WARNING neutron.scheduler.dhcp_agent_scheduler [None req-2aa7f9e3-0b5f-44c5-8fe2-9c5d257db44f f64a9df1cc7e466ab1e79f6db36962a9 cde579f9f5ff4b0992d01584b5bbbd88 - - default default] No more DHCP agents
2026-02-25 20:46:32.878 7 WARNING neutron.api.rpc.agentnotifiers.dhcp_rpc_agent_api [None req-2aa7f9e3-0b5f-44c5-8fe2-9c5d257db44f f64a9df1cc7e466ab1e79f6db36962a9 cde579f9f5ff4b0992d01584b5bbbd88 - - default default] Unable to schedule network 29f9c7fc-0fd7-41bc-a016-4819285cb722: no agents available; will retry on subsequent port and subnet creation events.
2026-02-25 20:46:32.918 7 INFO neutron.db.ovn_revision_numbers_db [None req-2aa7f9e3-0b5f-44c5-8fe2-9c5d257db44f f64a9df1cc7e466ab1e79f6db36962a9 cde579f9f5ff4b0992d01584b5bbbd88 - - default default] Successfully bumped revision number for resource bf9fd648-5547-4baf-b6c5-c4d1f97a5594 (type: subnets) to 0
2026-02-25 20:46:32.951 7 WARNING neutron.scheduler.dhcp_agent_scheduler [None req-2aa7f9e3-0b5f-44c5-8fe2-9c5d257db44f f64a9df1cc7e466ab1e79f6db36962a9 cde579f9f5ff4b0992d01584b5bbbd88 - - default default] No more DHCP agents
2026-02-25 20:46:32.953 7 WARNING neutron.api.rpc.agentnotifiers.dhcp_rpc_agent_api [None req-2aa7f9e3-0b5f-44c5-8fe2-9c5d257db44f f64a9df1cc7e466ab1e79f6db36962a9 cde579f9f5ff4b0992d01584b5bbbd88 - - default default] Unable to schedule network 53add519-8ba3-49ac-a982-a37325835fda: no agents available; will retry on subsequent port and subnet creation events.
2026-02-25 20:46:32.996 7 INFO neutron.db.ovn_revision_numbers_db [None req-2aa7f9e3-0b5f-44c5-8fe2-9c5d257db44f f64a9df1cc7e466ab1e79f6db36962a9 cde579f9f5ff4b0992d01584b5bbbd88 - - default default] Successfully bumped revision number for resource d1b35f03-084c-413e-baa2-7ac05d42550d (type: subnets) to 0 [pid: 7|app: 0|req: 991/1831] 10.0.0.18 () {34 vars in 667 bytes} [Wed Feb 25 20:46:32 2026] POST /v2.0/subnets => generated 1323 bytes in 474 msecs (HTTP/1.1 201) 4 headers in 163 bytes (1 switches on core 0)
