2026-02-25 20:43:34.492 8 INFO neutron.plugins.ml2.drivers.ovn.mech_driver.mech_driver [None req-6f295e9c-4b23-455a-90ee-d14c23f01109 - - - - - -] OVN reports status up for port: cb60720a-e0e0-4651-a4a6-c6dce588b17d
2026-02-25 20:43:34.495 8 INFO neutron.db.ovn_revision_numbers_db [req-3cf81c7c-e105-42cf-b7a9-6b5d9ae0ed41 req-c1cc3aba-aa20-4c06-824a-8f95d7d67fa2 4f43a56e5dcb4177b590fe054f46edeb b039838689d24c688e6fc156fbb20bf8 - - default default] Successfully bumped revision number for resource 919e296e-4190-44f4-a486-fc02b63a9eef (type: security_groups) to 1
2026-02-25 20:43:34.519 8 INFO neutron.plugins.ml2.plugin [None req-6f295e9c-4b23-455a-90ee-d14c23f01109 - - - - - -] Attempt 1 to provision port cb60720a-e0e0-4651-a4a6-c6dce588b17d
2026-02-25 20:43:34.549 8 INFO neutron.db.ovn_revision_numbers_db [req-3cf81c7c-e105-42cf-b7a9-6b5d9ae0ed41 req-c1cc3aba-aa20-4c06-824a-8f95d7d67fa2 4f43a56e5dcb4177b590fe054f46edeb b039838689d24c688e6fc156fbb20bf8 - - default default] Successfully bumped revision number for resource 6b804a7f-9b73-41a6-9d5d-d1637b86b74f (type: security_group_rules) to 0
2026-02-25 20:43:34.602 7 INFO neutron.db.ovn_revision_numbers_db [None req-0cc33409-8b16-4cea-afe6-1b8c5177acd7 e2ca2fb877de4a48a2ad1ffceb448689 60c00386bf8844f6a7368ad62ee5dc4e - - default default] Successfully bumped revision number for resource f0d36c2d-7e80-4d8f-86ca-ef89ff2be715 (type: ports) to 1
2026-02-25 20:43:34.623 8 INFO neutron.db.ovn_revision_numbers_db [req-3cf81c7c-e105-42cf-b7a9-6b5d9ae0ed41 req-c1cc3aba-aa20-4c06-824a-8f95d7d67fa2 4f43a56e5dcb4177b590fe054f46edeb b039838689d24c688e6fc156fbb20bf8 - - default default] Successfully bumped revision number for resource ec55c929-4253-4b01-9a44-cc034bc670d0 (type: security_group_rules) to 0 [pid: 8|app: 0|req: 306/616] 10.0.0.227 () {38 vars in 970 bytes} [Wed Feb 25 20:43:34 2026] POST /v2.0/security-groups => generated 1681 bytes in 712 msecs (HTTP/1.1 201) 4 headers in 163 bytes (1 switches on core 0) [pid: 8|app: 0|req: 307/617] 10.0.0.227 () {34 vars in 990 bytes} [Wed Feb 25 20:43:34 2026] GET /v2.0/security-groups/28029089-0aa9-48c8-9ed6-33610323e8fd => generated 1684 bytes in 82 msecs (HTTP/1.1 200) 4 headers in 158 bytes (1 switches on core 0)
2026-02-25 20:43:35.183 7 WARNING neutron.scheduler.dhcp_agent_scheduler [None req-0cc33409-8b16-4cea-afe6-1b8c5177acd7 e2ca2fb877de4a48a2ad1ffceb448689 60c00386bf8844f6a7368ad62ee5dc4e - - default default] No more DHCP agents
2026-02-25 20:43:35.184 7 WARNING neutron.api.rpc.agentnotifiers.dhcp_rpc_agent_api [None req-0cc33409-8b16-4cea-afe6-1b8c5177acd7 e2ca2fb877de4a48a2ad1ffceb448689 60c00386bf8844f6a7368ad62ee5dc4e - - default default] Unable to schedule network 5cd6c9ad-f5ab-4a25-a035-78df9c83eb6d: no agents available; will retry on subsequent port and subnet creation events.
2026-02-25 20:43:35.341 8 INFO neutron.db.ovn_revision_numbers_db [req-8edbb810-d1e3-4dab-95ef-a32e3dc37d53 req-7213bf1f-cb9d-426c-b96c-3c9cbfdcace8 4f43a56e5dcb4177b590fe054f46edeb b039838689d24c688e6fc156fbb20bf8 - - default default] Successfully bumped revision number for resource e213ac98-d7e5-4b2e-b437-ff3e40c7f737 (type: security_groups) to 1
2026-02-25 20:43:35.381 8 INFO neutron.db.ovn_revision_numbers_db [req-8edbb810-d1e3-4dab-95ef-a32e3dc37d53 req-7213bf1f-cb9d-426c-b96c-3c9cbfdcace8 4f43a56e5dcb4177b590fe054f46edeb b039838689d24c688e6fc156fbb20bf8 - - default default] Successfully bumped revision number for resource 2afe5c16-7a51-45d8-97e5-9bc9953efaca (type: security_group_rules) to 0
2026-02-25 20:43:35.419 8 INFO neutron.db.ovn_revision_numbers_db [req-8edbb810-d1e3-4dab-95ef-a32e3dc37d53 req-7213bf1f-cb9d-426c-b96c-3c9cbfdcace8 4f43a56e5dcb4177b590fe054f46edeb b039838689d24c688e6fc156fbb20bf8 - - default default] Successfully bumped revision number for resource a6400d2a-4915-4528-834c-8bfbf3d81fdd (type: security_group_rules) to 0 [pid: 8|app: 0|req: 308/618] 10.0.0.227 () {38 vars in 970 bytes} [Wed Feb 25 20:43:34 2026] POST /v2.0/security-groups => generated 1680 bytes in 686 msecs (HTTP/1.1 201) 4 headers in 163 bytes (1 switches on core 0)
2026-02-25 20:43:35.733 7 INFO neutron.db.ovn_revision_numbers_db [None req-0cc33409-8b16-4cea-afe6-1b8c5177acd7 e2ca2fb877de4a48a2ad1ffceb448689 60c00386bf8844f6a7368ad62ee5dc4e - - default default] Successfully bumped revision number for resource f0d36c2d-7e80-4d8f-86ca-ef89ff2be715 (type: router_ports) to 1 [pid: 7|app: 0|req: 311/619] 10.0.0.18 () {34 vars in 781 bytes} [Wed Feb 25 20:43:33 2026] PUT /v2.0/routers/32b0f9af-ce9e-4a4b-b4be-a964c0f9cc79/add_router_interface => generated 309 bytes in 1765 msecs (HTTP/1.1 200) 4 headers in 157 bytes (1 switches on core 0)
2026-02-25 20:43:36.044 7 INFO neutron.db.ovn_revision_numbers_db [None req-fcf54fd2-f357-44ff-92b5-6c5d3c2dee63 e2ca2fb877de4a48a2ad1ffceb448689 60c00386bf8844f6a7368ad62ee5dc4e - - default default] Successfully bumped revision number for resource 6d35d2a5-3838-483e-b345-6953d81c0c88 (type: security_groups) to 1
2026-02-25 20:43:36.060 7 INFO neutron.db.ovn_revision_numbers_db [None req-fcf54fd2-f357-44ff-92b5-6c5d3c2dee63 e2ca2fb877de4a48a2ad1ffceb448689 60c00386bf8844f6a7368ad62ee5dc4e - - default default] Successfully bumped revision number for resource 37f44324-16df-4e3e-9958-99620c8b4d97 (type: security_group_rules) to 0
2026-02-25 20:43:36.060 8 INFO neutron.db.ovn_revision_numbers_db [None req-6f295e9c-4b23-455a-90ee-d14c23f01109 - - - - - -] Successfully bumped revision number for resource cb60720a-e0e0-4651-a4a6-c6dce588b17d (type: ports) to 2
2026-02-25 20:43:36.072 7 INFO neutron.db.ovn_revision_numbers_db [None req-fcf54fd2-f357-44ff-92b5-6c5d3c2dee63 e2ca2fb877de4a48a2ad1ffceb448689 60c00386bf8844f6a7368ad62ee5dc4e - - default default] Successfully bumped revision number for resource 83836f36-9b18-4179-ad5d-629358bd641c (type: security_group_rules) to 0
2026-02-25 20:43:36.083 7 INFO neutron.db.ovn_revision_numbers_db [None req-fcf54fd2-f357-44ff-92b5-6c5d3c2dee63 e2ca2fb877de4a48a2ad1ffceb448689 60c00386bf8844f6a7368ad62ee5dc4e - - default default] Successfully bumped revision number for resource e1e3646c-874f-4784-b442-c89d0072c27a (type: security_group_rules) to 0
2026-02-25 20:43:36.092 7 INFO neutron.db.ovn_revision_numbers_db [None req-fcf54fd2-f357-44ff-92b5-6c5d3c2dee63 e2ca2fb877de4a48a2ad1ffceb448689 60c00386bf8844f6a7368ad62ee5dc4e - - default default] Successfully bumped revision number for resource ffb9fe92-5490-4021-be6a-27c9b4a0c8ea (type: security_group_rules) to 0
2026-02-25 20:43:36.107 8 INFO neutron.db.ovn_revision_numbers_db [req-6b27d3bb-ddc6-491d-a95e-356b0342f1c0 req-db6a7497-3979-4506-be26-f3f120fa4099 f812dfb33df0485d980a5f0b23ab2eef 2a6db42f48ea4e3bbed56d1049d5c2c6 - - default default] Successfully bumped revision number for resource f1fc9cf5-8936-40fa-aa70-d47550311a37 (type: security_group_rules) to 0 [pid: 7|app: 0|req: 312/620] 10.0.0.18 () {32 vars in 772 bytes} [Wed Feb 25 20:43:35 2026] GET /v2.0/security-groups?tenant_id=e3209a6a037d48a8a92f49e1e1ddf672&name=default => generated 2925 bytes in 386 msecs (HTTP/1.1 200) 4 headers in 158 bytes (1 switches on core 0) [pid: 7|app: 0|req: 313/621] 10.0.0.227 () {34 vars in 1001 bytes} [Wed Feb 25 20:43:36 2026] GET /v2.0/security-groups?tenant_id=b039838689d24c688e6fc156fbb20bf8 => generated 7904 bytes in 38 msecs (HTTP/1.1 200) 4 headers in 158 bytes (1 switches on core 0) [pid: 8|app: 0|req: 309/622] 10.0.0.227 () {38 vars in 980 bytes} [Wed Feb 25 20:43:35 2026] POST /v2.0/security-group-rules => generated 614 bytes in 698 msecs (HTTP/1.1 201) 4 headers in 162 bytes (1 switches on core 0) [pid: 8|app: 0|req: 310/623] 10.0.0.227 () {34 vars in 990 bytes} [Wed Feb 25 20:43:36 2026] GET /v2.0/security-groups/f436f939-7e29-436f-9040-dd8ac3e06250 => generated 2918 bytes in 135 msecs (HTTP/1.1 200) 4 headers in 158 bytes (1 switches on core 0) [pid: 7|app: 0|req: 314/624] 10.0.0.18 () {32 vars in 738 bytes} [Wed Feb 25 20:43:36 2026] DELETE /v2.0/security-groups/6d35d2a5-3838-483e-b345-6953d81c0c88 => generated 0 bytes in 271 msecs (HTTP/1.1 204) 2 headers in 112 bytes (1 switches on core 0) [pid: 8|app: 0|req: 311/625] 10.0.0.227 () {34 vars in 990 bytes} [Wed Feb 25 20:43:36 2026] GET /v2.0/security-groups/f436f939-7e29-436f-9040-dd8ac3e06250 => generated 2918 bytes in 85 msecs (HTTP/1.1 200) 4 headers in 158 bytes (1 switches on core 0)
2026-02-25 20:43:36.558 7 INFO neutron.db.ovn_revision_numbers_db [None req-3260234f-f031-414d-b858-ed101dc8ee1c 3a6ec6312f5a4f3daec586cd3ff2a691 2c1136fda6db4554ba77f9f0afab3e43 - - default default] Successfully bumped revision number for resource f153de05-d10c-439a-822c-980a2df0bcc9 (type: security_groups) to 1
2026-02-25 20:43:36.567 7 INFO neutron.db.ovn_revision_numbers_db [None req-3260234f-f031-414d-b858-ed101dc8ee1c 3a6ec6312f5a4f3daec586cd3ff2a691 2c1136fda6db4554ba77f9f0afab3e43 - - default default] Successfully bumped revision number for resource 59343b67-69b8-427e-815a-ab2a8ff19ebd (type: security_group_rules) to 0
2026-02-25 20:43:36.582 7 INFO neutron.db.ovn_revision_numbers_db [None req-3260234f-f031-414d-b858-ed101dc8ee1c 3a6ec6312f5a4f3daec586cd3ff2a691 2c1136fda6db4554ba77f9f0afab3e43 - - default default] Successfully bumped revision number for resource d6ae33f1-97f1-4c75-baf0-24d06ad0dd76 (type: security_group_rules) to 0 [pid: 7|app: 0|req: 315/626] 10.0.0.18 () {34 vars in 683 bytes} [Wed Feb 25 20:43:36 2026] POST /v2.0/security-groups => generated 1660 bytes in 183 msecs (HTTP/1.1 201) 4 headers in 163 bytes (1 switches on core 0) [pid: 7|app: 0|req: 316/627] 10.0.0.227 () {34 vars in 990 bytes} [Wed Feb 25 20:43:36 2026] GET /v2.0/security-groups/0b8786e4-f469-4b92-b63a-ad22ce7f8cf8 => generated 1682 bytes in 30 msecs (HTTP/1.1 200) 4 headers in 158 bytes (1 switches on core 0)
2026-02-25 20:43:36.722 8 INFO neutron.db.ovn_revision_numbers_db [req-8cf2bff2-7ae4-4ee0-8981-539e4a608973 req-ae0e3978-3496-4238-a6c6-63752915c842 f812dfb33df0485d980a5f0b23ab2eef 2a6db42f48ea4e3bbed56d1049d5c2c6 - - default default] Successfully bumped revision number for resource de419cbc-5213-495c-8f2a-d1d71a4c3565 (type: security_groups) to 1
2026-02-25 20:43:36.748 8 INFO neutron.db.ovn_revision_numbers_db [req-8cf2bff2-7ae4-4ee0-8981-539e4a608973 req-ae0e3978-3496-4238-a6c6-63752915c842 f812dfb33df0485d980a5f0b23ab2eef 2a6db42f48ea4e3bbed56d1049d5c2c6 - - default default] Successfully bumped revision number for resource 486c4e85-0423-4f2b-b7a8-aaa1ae6e85aa (type: security_group_rules) to 0
2026-02-25 20:43:36.770 8 INFO neutron.db.ovn_revision_numbers_db [req-8cf2bff2-7ae4-4ee0-8981-539e4a608973 req-ae0e3978-3496-4238-a6c6-63752915c842 f812dfb33df0485d980a5f0b23ab2eef 2a6db42f48ea4e3bbed56d1049d5c2c6 - - default default] Successfully bumped revision number for resource c3a26565-2c0e-420c-80ca-7ec0e09372a8 (type: security_group_rules) to 0
2026-02-25 20:43:36.810 7 INFO neutron.db.ovn_revision_numbers_db [None req-20a6d433-fc8e-461d-91b3-42f0d25a8f3d 3a6ec6312f5a4f3daec586cd3ff2a691 2c1136fda6db4554ba77f9f0afab3e43 - - default default] Successfully bumped revision number for resource 990ffd2d-4011-484d-82ba-5c51555a5bf1 (type: security_group_rules) to 0 [pid: 8|app: 0|req: 312/628] 10.0.0.227 () {38 vars in 970 bytes} [Wed Feb 25 20:43:36 2026] POST /v2.0/security-groups => generated 1685 bytes in 345 msecs (HTTP/1.1 201) 4 headers in 163 bytes (1 switches on core 0) [pid: 7|app: 0|req: 317/629] 10.0.0.18 () {34 vars in 693 bytes} [Wed Feb 25 20:43:36 2026] POST /v2.0/security-group-rules => generated 597 bytes in 204 msecs (HTTP/1.1 201) 4 headers in 162 bytes (1 switches on core 0) [pid: 7|app: 0|req: 318/630] 10.0.0.227 () {34 vars in 990 bytes} [Wed Feb 25 20:43:36 2026] GET /v2.0/security-groups/de419cbc-5213-495c-8f2a-d1d71a4c3565 => generated 1685 bytes in 42 msecs (HTTP/1.1 200) 4 headers in 158 bytes (1 switches on core 0)
2026-02-25 20:43:36.942 8 INFO neutron.db.ovn_revision_numbers_db [None req-08311276-b761-419f-9367-d0d698194197 - - - - - -] Successfully bumped revision number for resource e0b9eeca-aef8-4ad5-b2d8-39a93356728e (type: ports) to 4
2026-02-25 20:43:37.095 7 INFO neutron.db.ovn_revision_numbers_db [None req-abd3aec3-84bb-4d3b-9038-36c2e8a1347e 3a6ec6312f5a4f3daec586cd3ff2a691 2c1136fda6db4554ba77f9f0afab3e43 - - default default] Successfully bumped revision number for resource 9f8202ce-e0c2-4d3c-a73b-a099be38d71a (type: security_group_rules) to 0 [pid: 7|app: 0|req: 319/631] 10.0.0.18 () {34 vars in 693 bytes} [Wed Feb 25 20:43:36 2026] POST /v2.0/security-group-rules => generated 602 bytes in 224 msecs (HTTP/1.1 201) 4 headers in 162 bytes (1 switches on core 0) [pid: 8|app: 0|req: 313/632] 10.0.0.227 () {36 vars in 1012 bytes} [Wed Feb 25 20:43:36 2026] DELETE /v2.0/security-groups/0b8786e4-f469-4b92-b63a-ad22ce7f8cf8 => generated 0 bytes in 315 msecs (HTTP/1.1 204) 2 headers in 112 bytes (1 switches on core 0)
2026-02-25 20:43:37.261 7 INFO neutron.db.ovn_revision_numbers_db [req-a725a3a7-ff75-4021-b66f-d29eb0bb5ccb req-8564000e-dd4e-4289-9a90-6199cab30d1f f812dfb33df0485d980a5f0b23ab2eef 2a6db42f48ea4e3bbed56d1049d5c2c6 - - default default] Successfully bumped revision number for resource b2574a55-c3e5-4ae7-a1ea-0782516c507f (type: security_group_rules) to 0 [pid: 7|app: 0|req: 320/633] 10.0.0.227 () {38 vars in 980 bytes} [Wed Feb 25 20:43:37 2026] POST /v2.0/security-group-rules => generated 614 bytes in 183 msecs (HTTP/1.1 201) 4 headers in 162 bytes (1 switches on core 0)
2026-02-25 20:43:37.317 7 INFO neutron.api.v2.resource [req-915da9ff-69ac-404c-8ff5-f4f3f2bcacc4 req-4daa0c76-0aa6-4c9a-ac29-c811fe629e92 4f43a56e5dcb4177b590fe054f46edeb b039838689d24c688e6fc156fbb20bf8 - - default default] show failed (client error): The resource could not be found. [pid: 7|app: 0|req: 321/634] 10.0.0.227 () {34 vars in 990 bytes} [Wed Feb 25 20:43:37 2026] GET /v2.0/security-groups/0b8786e4-f469-4b92-b63a-ad22ce7f8cf8 => generated 146 bytes in 11 msecs (HTTP/1.1 404) 4 headers in 164 bytes (1 switches on core 0) [pid: 7|app: 0|req: 322/635] 10.0.0.227 () {34 vars in 990 bytes} [Wed Feb 25 20:43:37 2026] GET /v2.0/security-groups/de419cbc-5213-495c-8f2a-d1d71a4c3565 => generated 2310 bytes in 22 msecs (HTTP/1.1 200) 4 headers in 158 bytes (1 switches on core 0) [pid: 7|app: 0|req: 323/636] 10.0.0.227 () {34 vars in 990 bytes} [Wed Feb 25 20:43:37 2026] GET /v2.0/security-groups/919e296e-4190-44f4-a486-fc02b63a9eef => generated 1681 bytes in 19 msecs (HTTP/1.1 200) 4 headers in 158 bytes (1 switches on core 0)
2026-02-25 20:43:37.499 7 INFO neutron.db.ovn_revision_numbers_db [req-6c5598cb-1bc6-4d4b-a049-ea91858177b5 req-2fae99af-bcce-47d8-802a-e8f552e13084 f812dfb33df0485d980a5f0b23ab2eef 2a6db42f48ea4e3bbed56d1049d5c2c6 - - default default] Successfully bumped revision number for resource 96f549da-35e7-4c09-9102-b87006e59ffc (type: security_group_rules) to 0 [pid: 7|app: 0|req: 324/637] 10.0.0.227 () {38 vars in 980 bytes} [Wed Feb 25 20:43:37 2026] POST /v2.0/security-group-rules => generated 619 bytes in 159 msecs (HTTP/1.1 201) 4 headers in 162 bytes (1 switches on core 0)
2026-02-25 20:43:37.659 8 WARNING neutron.scheduler.dhcp_agent_scheduler [None req-a7c7c62a-e6e6-4f48-9412-7ecfdda749e4 3a6ec6312f5a4f3daec586cd3ff2a691 2c1136fda6db4554ba77f9f0afab3e43 - - default default] No more DHCP agents
2026-02-25 20:43:37.665 8 WARNING neutron.api.rpc.agentnotifiers.dhcp_rpc_agent_api [None req-a7c7c62a-e6e6-4f48-9412-7ecfdda749e4 3a6ec6312f5a4f3daec586cd3ff2a691 2c1136fda6db4554ba77f9f0afab3e43 - - default default] Unable to schedule network 2d35cb8c-9ee7-403b-95f5-94cd69e196ce: no agents available; will retry on subsequent port and subnet creation events.
2026-02-25 20:43:37.698 8 INFO neutron.db.ovn_revision_numbers_db [None req-08311276-b761-419f-9367-d0d698194197 - - - - - -] Successfully bumped revision number for resource e0b9eeca-aef8-4ad5-b2d8-39a93356728e (type: ports) to 5 [pid: 7|app: 0|req: 325/638] 10.0.0.227 () {36 vars in 1012 bytes} [Wed Feb 25 20:43:37 2026] DELETE /v2.0/security-groups/919e296e-4190-44f4-a486-fc02b63a9eef => generated 0 bytes in 183 msecs (HTTP/1.1 204) 2 headers in 112 bytes (1 switches on core 0) [pid: 7|app: 0|req: 326/639] 10.0.0.227 () {34 vars in 990 bytes} [Wed Feb 25 20:43:37 2026] GET /v2.0/security-groups/de419cbc-5213-495c-8f2a-d1d71a4c3565 => generated 2940 bytes in 29 msecs (HTTP/1.1 200) 4 headers in 158 bytes (1 switches on core 0)
2026-02-25 20:43:37.754 7 INFO neutron.api.v2.resource [req-765d6b01-35a4-44bf-be16-40c69f313290 req-4b7382d9-62aa-4d3f-b454-30ca66253286 4f43a56e5dcb4177b590fe054f46edeb b039838689d24c688e6fc156fbb20bf8 - - default default] show failed (client error): The resource could not be found. [pid: 7|app: 0|req: 327/640] 10.0.0.227 () {34 vars in 990 bytes} [Wed Feb 25 20:43:37 2026] GET /v2.0/security-groups/919e296e-4190-44f4-a486-fc02b63a9eef => generated 146 bytes in 9 msecs (HTTP/1.1 404) 4 headers in 164 bytes (1 switches on core 0) [pid: 7|app: 0|req: 328/641] 10.0.0.227 () {34 vars in 1000 bytes} [Wed Feb 25 20:43:37 2026] GET /v2.0/security-group-rules/96f549da-35e7-4c09-9102-b87006e59ffc => generated 616 bytes in 17 msecs (HTTP/1.1 200) 4 headers in 157 bytes (1 switches on core 0) [pid: 7|app: 0|req: 329/642] 10.0.0.227 () {34 vars in 990 bytes} [Wed Feb 25 20:43:37 2026] GET /v2.0/security-groups/e213ac98-d7e5-4b2e-b437-ff3e40c7f737 => generated 1680 bytes in 18 msecs (HTTP/1.1 200) 4 headers in 158 bytes (1 switches on core 0) [pid: 7|app: 0|req: 330/643] 10.0.0.227 () {34 vars in 990 bytes} [Wed Feb 25 20:43:37 2026] GET /v2.0/security-groups/de419cbc-5213-495c-8f2a-d1d71a4c3565 => generated 2940 bytes in 44 msecs (HTTP/1.1 200) 4 headers in 158 bytes (1 switches on core 0) [pid: 7|app: 0|req: 331/644] 10.0.0.227 () {36 vars in 1012 bytes} [Wed Feb 25 20:43:37 2026] DELETE /v2.0/security-groups/e213ac98-d7e5-4b2e-b437-ff3e40c7f737 => generated 0 bytes in 163 msecs (HTTP/1.1 204) 2 headers in 112 bytes (1 switches on core 0) [pid: 7|app: 0|req: 332/645] 10.0.0.227 () {36 vars in 1022 bytes} [Wed Feb 25 20:43:38 2026] DELETE /v2.0/security-group-rules/96f549da-35e7-4c09-9102-b87006e59ffc => generated 0 bytes in 154 msecs (HTTP/1.1 204) 2 headers in 112 bytes (1 switches on core 0)
2026-02-25 20:43:38.178 7 INFO neutron.api.v2.resource [req-e8e70b10-9cb8-4340-b137-6c5ae74245ed req-1bb0263f-35ff-4923-bc9d-436a76f020e3 4f43a56e5dcb4177b590fe054f46edeb b039838689d24c688e6fc156fbb20bf8 - - default default] show failed (client error): The resource could not be found. [pid: 7|app: 0|req: 333/646] 10.0.0.227 () {34 vars in 990 bytes} [Wed Feb 25 20:43:38 2026] GET /v2.0/security-groups/e213ac98-d7e5-4b2e-b437-ff3e40c7f737 => generated 146 bytes in 10 msecs (HTTP/1.1 404) 4 headers in 164 bytes (1 switches on core 0) [pid: 8|app: 0|req: 314/647] 10.0.0.18 () {34 vars in 674 bytes} [Wed Feb 25 20:43:37 2026] POST /v2.0/floatingips => generated 552 bytes in 1373 msecs (HTTP/1.1 201) 4 headers in 162 bytes (1 switches on core 0)
2026-02-25 20:43:38.519 7 INFO neutron.db.ovn_revision_numbers_db [None req-ad4043e2-f885-4765-a135-4190ef03ed3e c65108e6eeea47a09c7b6007ef3d3309 2361c35f7c0347d9941087da9cbd5b05 - - default default] Successfully bumped revision number for resource f5132458-2a54-4095-8ab9-1a1dac85f977 (type: security_groups) to 1
2026-02-25 20:43:38.533 7 INFO neutron.db.ovn_revision_numbers_db [None req-ad4043e2-f885-4765-a135-4190ef03ed3e c65108e6eeea47a09c7b6007ef3d3309 2361c35f7c0347d9941087da9cbd5b05 - - default default] Successfully bumped revision number for resource 63484736-2ce9-4841-84a9-3bcbc35a5104 (type: security_group_rules) to 0
2026-02-25 20:43:38.544 7 INFO neutron.db.ovn_revision_numbers_db [None req-ad4043e2-f885-4765-a135-4190ef03ed3e c65108e6eeea47a09c7b6007ef3d3309 2361c35f7c0347d9941087da9cbd5b05 - - default default] Successfully bumped revision number for resource 9f62456b-8004-42d1-be8f-dc8abfb77583 (type: security_group_rules) to 0
2026-02-25 20:43:38.555 7 INFO neutron.db.ovn_revision_numbers_db [None req-ad4043e2-f885-4765-a135-4190ef03ed3e c65108e6eeea47a09c7b6007ef3d3309 2361c35f7c0347d9941087da9cbd5b05 - - default default] Successfully bumped revision number for resource a19eef67-88e3-4898-874f-cae01d000fd9 (type: security_group_rules) to 0
2026-02-25 20:43:38.565 7 INFO neutron.db.ovn_revision_numbers_db [None req-ad4043e2-f885-4765-a135-4190ef03ed3e c65108e6eeea47a09c7b6007ef3d3309 2361c35f7c0347d9941087da9cbd5b05 - - default default] Successfully bumped revision number for resource c6c7d0c1-db09-42c3-a4f7-a9744b57a973 (type: security_group_rules) to 0 [pid: 8|app: 0|req: 315/648] 10.0.0.227 () {34 vars in 990 bytes} [Wed Feb 25 20:43:38 2026] GET /v2.0/security-groups/de419cbc-5213-495c-8f2a-d1d71a4c3565 => generated 2310 bytes in 59 msecs (HTTP/1.1 200) 4 headers in 158 bytes (1 switches on core 0) [pid: 8|app: 0|req: 316/649] 10.0.0.227 () {34 vars in 1001 bytes} [Wed Feb 25 20:43:38 2026] GET /v2.0/security-groups?tenant_id=b039838689d24c688e6fc156fbb20bf8 => generated 2921 bytes in 44 msecs (HTTP/1.1 200) 4 headers in 158 bytes (1 switches on core 0)
2026-02-25 20:43:38.640 7 INFO neutron.db.segments_db [None req-ad4043e2-f885-4765-a135-4190ef03ed3e c65108e6eeea47a09c7b6007ef3d3309 2361c35f7c0347d9941087da9cbd5b05 - - default default] Added segment f1e8a7a6-b0b8-4767-84f9-a09aa2cd2840 of type geneve for network e16c4dce-af7f-4f3e-a370-7133ab60f68d [pid: 8|app: 0|req: 317/650] 10.0.0.227 () {36 vars in 1012 bytes} [Wed Feb 25 20:43:38 2026] DELETE /v2.0/security-groups/de419cbc-5213-495c-8f2a-d1d71a4c3565 => generated 0 bytes in 187 msecs (HTTP/1.1 204) 2 headers in 112 bytes (1 switches on core 0)
2026-02-25 20:43:38.818 7 INFO neutron.db.ovn_revision_numbers_db [None req-ad4043e2-f885-4765-a135-4190ef03ed3e c65108e6eeea47a09c7b6007ef3d3309 2361c35f7c0347d9941087da9cbd5b05 - - default default] Successfully bumped revision number for resource e16c4dce-af7f-4f3e-a370-7133ab60f68d (type: networks) to 1 [pid: 8|app: 0|req: 318/651] 10.0.0.227 () {34 vars in 990 bytes} [Wed Feb 25 20:43:38 2026] GET /v2.0/security-groups/f436f939-7e29-436f-9040-dd8ac3e06250 => generated 2918 bytes in 37 msecs (HTTP/1.1 200) 4 headers in 158 bytes (1 switches on core 0) [pid: 8|app: 0|req: 319/652] 10.0.0.227 () {34 vars in 990 bytes} [Wed Feb 25 20:43:38 2026] GET /v2.0/security-groups/28029089-0aa9-48c8-9ed6-33610323e8fd => generated 2309 bytes in 20 msecs (HTTP/1.1 200) 4 headers in 158 bytes (1 switches on core 0) [pid: 8|app: 0|req: 320/653] 10.0.0.227 () {34 vars in 990 bytes} [Wed Feb 25 20:43:38 2026] GET /v2.0/security-groups/f436f939-7e29-436f-9040-dd8ac3e06250 => generated 2918 bytes in 27 msecs (HTTP/1.1 200) 4 headers in 158 bytes (1 switches on core 0) [pid: 8|app: 0|req: 321/654] 10.0.0.227 () {36 vars in 1012 bytes} [Wed Feb 25 20:43:38 2026] DELETE /v2.0/security-groups/28029089-0aa9-48c8-9ed6-33610323e8fd => generated 0 bytes in 139 msecs (HTTP/1.1 204) 2 headers in 112 bytes (1 switches on core 0)
2026-02-25 20:43:39.041 8 INFO neutron.api.v2.resource [req-2afaa268-9f28-4d52-ba40-a25a62d30ee1 req-010f88fd-c1f9-46cb-a3b6-e00f9be6b9b6 4f43a56e5dcb4177b590fe054f46edeb b039838689d24c688e6fc156fbb20bf8 - - default default] show failed (client error): The resource could not be found. [pid: 8|app: 0|req: 322/655] 10.0.0.227 () {34 vars in 990 bytes} [Wed Feb 25 20:43:39 2026] GET /v2.0/security-groups/e213ac98-d7e5-4b2e-b437-ff3e40c7f737 => generated 146 bytes in 9 msecs (HTTP/1.1 404) 4 headers in 164 bytes (1 switches on core 0)
2026-02-25 20:43:39.423 8 INFO neutron_taas.services.taas.taas_plugin [None req-d8d9b310-8f9e-46bc-98ab-f95e15457a60 e2ca2fb877de4a48a2ad1ffceb448689 60c00386bf8844f6a7368ad62ee5dc4e - - default default] TaaS: Handle Delete Port: cb60720a-e0e0-4651-a4a6-c6dce588b17d
2026-02-25 20:43:39.431 8 INFO neutron_taas.services.taas.tap_mirror_plugin [None req-d8d9b310-8f9e-46bc-98ab-f95e15457a60 e2ca2fb877de4a48a2ad1ffceb448689 60c00386bf8844f6a7368ad62ee5dc4e - - default default] Tap Mirror: Handle Delete Port: cb60720a-e0e0-4651-a4a6-c6dce588b17d
2026-02-25 20:43:39.601 7 WARNING neutron.scheduler.dhcp_agent_scheduler [None req-ad4043e2-f885-4765-a135-4190ef03ed3e c65108e6eeea47a09c7b6007ef3d3309 2361c35f7c0347d9941087da9cbd5b05 - - default default] No more DHCP agents
2026-02-25 20:43:39.602 7 WARNING neutron.api.rpc.agentnotifiers.dhcp_rpc_agent_api [None req-ad4043e2-f885-4765-a135-4190ef03ed3e c65108e6eeea47a09c7b6007ef3d3309 2361c35f7c0347d9941087da9cbd5b05 - - default default] Unable to schedule network e16c4dce-af7f-4f3e-a370-7133ab60f68d: no agents available; will retry on subsequent port and subnet creation events.
2026-02-25 20:43:39.757 7 INFO neutron.db.ovn_revision_numbers_db [None req-ad4043e2-f885-4765-a135-4190ef03ed3e c65108e6eeea47a09c7b6007ef3d3309 2361c35f7c0347d9941087da9cbd5b05 - - default default] Successfully bumped revision number for resource efa0a0ab-39f4-4727-8bca-499005e73c80 (type: ports) to 1 [pid: 7|app: 0|req: 334/656] 10.0.0.18 () {34 vars in 668 bytes} [Wed Feb 25 20:43:38 2026] POST /v2.0/networks => generated 645 bytes in 1602 msecs (HTTP/1.1 201) 4 headers in 162 bytes (1 switches on core 0)
2026-02-25 20:43:39.794 7 INFO neutron.api.v2.resource [req-c33647e5-72a1-4efd-8054-8871c0bea6cf req-2216f373-e96f-44f4-b8fc-489a53a02ebc 4f43a56e5dcb4177b590fe054f46edeb b039838689d24c688e6fc156fbb20bf8 - - default default] show failed (client error): The resource could not be found. [pid: 7|app: 0|req: 335/657] 10.0.0.227 () {34 vars in 990 bytes} [Wed Feb 25 20:43:39 2026] GET /v2.0/security-groups/919e296e-4190-44f4-a486-fc02b63a9eef => generated 146 bytes in 12 msecs (HTTP/1.1 404) 4 headers in 164 bytes (1 switches on core 0)
2026-02-25 20:43:40.026 7 WARNING neutron.scheduler.dhcp_agent_scheduler [None req-ac6e988e-4c19-4367-8b50-169a70f75415 c65108e6eeea47a09c7b6007ef3d3309 2361c35f7c0347d9941087da9cbd5b05 - - default default] No more DHCP agents
2026-02-25 20:43:40.027 7 WARNING neutron.api.rpc.agentnotifiers.dhcp_rpc_agent_api [None req-ac6e988e-4c19-4367-8b50-169a70f75415 c65108e6eeea47a09c7b6007ef3d3309 2361c35f7c0347d9941087da9cbd5b05 - - default default] Unable to schedule network e16c4dce-af7f-4f3e-a370-7133ab60f68d: no agents available; will retry on subsequent port and subnet creation events.
2026-02-25 20:43:40.155 7 INFO neutron.db.ovn_revision_numbers_db [None req-ac6e988e-4c19-4367-8b50-169a70f75415 c65108e6eeea47a09c7b6007ef3d3309 2361c35f7c0347d9941087da9cbd5b05 - - default default] Successfully bumped revision number for resource 650ba552-60b7-4a7b-a3b3-dd6ce42ee0f4 (type: ports) to 1 [pid: 7|app: 0|req: 338/660] 10.0.0.18 () {34 vars in 663 bytes} [Wed Feb 25 20:43:39 2026] POST /v2.0/ports => generated 774 bytes in 432 msecs (HTTP/1.1 201) 4 headers in 162 bytes (1 switches on core 0) /var/lib/openstack/lib/python3.12/site-packages/pycadf/identifier.py:70: UserWarning: Invalid uuid: neutron. To ensure interoperability, identifiers should be a valid uuid. warnings.warn(('Invalid uuid: %s. To ensure interoperability, '
2026-02-25 20:43:40.252 7 INFO neutron.api.v2.resource [req-08b729b7-3b87-4a5b-ac3f-4bf67d8d61cd req-81598841-1b21-4125-bcab-242e374b56ed 4f43a56e5dcb4177b590fe054f46edeb b039838689d24c688e6fc156fbb20bf8 - - default default] show failed (client error): The resource could not be found. [pid: 7|app: 0|req: 339/661] 10.0.0.227 () {34 vars in 990 bytes} [Wed Feb 25 20:43:40 2026] GET /v2.0/security-groups/0b8786e4-f469-4b92-b63a-ad22ce7f8cf8 => generated 146 bytes in 22 msecs (HTTP/1.1 404) 4 headers in 164 bytes (1 switches on core 0) [pid: 8|app: 0|req: 323/662] 10.0.0.18 () {34 vars in 787 bytes} [Wed Feb 25 20:43:39 2026] PUT /v2.0/routers/256cd963-28a2-4163-a0f7-93edd9ab414c/remove_router_interface => generated 309 bytes in 1215 msecs (HTTP/1.1 200) 4 headers in 157 bytes (1 switches on core 0) /var/lib/openstack/lib/python3.12/site-packages/pycadf/identifier.py:70: UserWarning: Invalid uuid: neutron. To ensure interoperability, identifiers should be a valid uuid. warnings.warn(('Invalid uuid: %s. To ensure interoperability, '
2026-02-25 20:43:40.345 7 INFO neutron.db.segments_db [None req-e89cf852-d635-4776-b75c-34f0241e75b7 c65108e6eeea47a09c7b6007ef3d3309 2361c35f7c0347d9941087da9cbd5b05 - - default default] Added segment da0d2d3c-6e3d-4729-9bec-dfc15e50ee5c of type geneve for network 1fc3f50b-94a2-4028-9e52-17f38e6749b5
2026-02-25 20:43:40.480 7 INFO neutron.db.ovn_revision_numbers_db [None req-e89cf852-d635-4776-b75c-34f0241e75b7 c65108e6eeea47a09c7b6007ef3d3309 2361c35f7c0347d9941087da9cbd5b05 - - default default] Successfully bumped revision number for resource 1fc3f50b-94a2-4028-9e52-17f38e6749b5 (type: networks) to 1
2026-02-25 20:43:40.603 8 INFO neutron_taas.services.taas.taas_plugin [None req-591ee731-0585-419a-a2bb-51b75d87ec81 e2ca2fb877de4a48a2ad1ffceb448689 60c00386bf8844f6a7368ad62ee5dc4e - - default default] TaaS: Handle Delete Port: 70e89b89-19f4-40f1-8132-6c4117376a2e
2026-02-25 20:43:40.607 8 INFO neutron_taas.services.taas.tap_mirror_plugin [None req-591ee731-0585-419a-a2bb-51b75d87ec81 e2ca2fb877de4a48a2ad1ffceb448689 60c00386bf8844f6a7368ad62ee5dc4e - - default default] Tap Mirror: Handle Delete Port: 70e89b89-19f4-40f1-8132-6c4117376a2e
2026-02-25 20:43:40.640 7 WARNING neutron.scheduler.dhcp_agent_scheduler [None req-e89cf852-d635-4776-b75c-34f0241e75b7 c65108e6eeea47a09c7b6007ef3d3309 2361c35f7c0347d9941087da9cbd5b05 - - default default] No more DHCP agents
2026-02-25 20:43:40.641 7 WARNING neutron.api.rpc.agentnotifiers.dhcp_rpc_agent_api [None req-e89cf852-d635-4776-b75c-34f0241e75b7 c65108e6eeea47a09c7b6007ef3d3309 2361c35f7c0347d9941087da9cbd5b05 - - default default] Unable to schedule network 1fc3f50b-94a2-4028-9e52-17f38e6749b5: no agents available; will retry on subsequent port and subnet creation events.
2026-02-25 20:43:40.749 7 INFO neutron.db.ovn_revision_numbers_db [None req-e89cf852-d635-4776-b75c-34f0241e75b7 c65108e6eeea47a09c7b6007ef3d3309 2361c35f7c0347d9941087da9cbd5b05 - - default default] Successfully bumped revision number for resource c9eb01bb-3c70-452e-afc8-f323425b5640 (type: ports) to 1 [pid: 7|app: 0|req: 340/663] 10.0.0.18 () {34 vars in 668 bytes} [Wed Feb 25 20:43:40 2026] POST /v2.0/networks => generated 630 bytes in 520 msecs (HTTP/1.1 201) 4 headers in 162 bytes (1 switches on core 0)
2026-02-25 20:43:41.033 8 WARNING neutron.plugins.ml2.drivers.ovn.mech_driver.ovsdb.ovn_client [None req-c414bc48-7c10-4c4a-8f54-d12265d8f73c - - - - - -] No port found with ID cb60720a-e0e0-4651-a4a6-c6dce588b17d: RuntimeError: No port found with ID cb60720a-e0e0-4651-a4a6-c6dce588b17d
2026-02-25 20:43:41.035 8 INFO neutron.plugins.ml2.drivers.ovn.mech_driver.mech_driver [None req-c414bc48-7c10-4c4a-8f54-d12265d8f73c - - - - - -] OVN reports status up for port: 03ae246f-441d-4968-827d-9d07518b9b89
2026-02-25 20:43:41.050 8 INFO neutron.plugins.ml2.plugin [None req-c414bc48-7c10-4c4a-8f54-d12265d8f73c - - - - - -] Attempt 1 to provision port 03ae246f-441d-4968-827d-9d07518b9b89 [pid: 8|app: 0|req: 324/664] 10.0.0.18 () {32 vars in 722 bytes} [Wed Feb 25 20:43:40 2026] DELETE /v2.0/routers/256cd963-28a2-4163-a0f7-93edd9ab414c => generated 0 bytes in 926 msecs (HTTP/1.1 204) 2 headers in 112 bytes (1 switches on core 0)
2026-02-25 20:43:41.220 7 INFO neutron_taas.services.taas.taas_plugin [None req-5cf2a238-0bc4-4961-a997-348d849e1023 e2ca2fb877de4a48a2ad1ffceb448689 60c00386bf8844f6a7368ad62ee5dc4e - - default default] TaaS: Handle Delete Port: 03ae246f-441d-4968-827d-9d07518b9b89
2026-02-25 20:43:41.230 7 INFO neutron_taas.services.taas.tap_mirror_plugin [None req-5cf2a238-0bc4-4961-a997-348d849e1023 e2ca2fb877de4a48a2ad1ffceb448689 60c00386bf8844f6a7368ad62ee5dc4e - - default default] Tap Mirror: Handle Delete Port: 03ae246f-441d-4968-827d-9d07518b9b89
2026-02-25 20:43:41.577 8 WARNING neutron.plugins.ml2.drivers.ovn.mech_driver.ovsdb.ovn_client [None req-c414bc48-7c10-4c4a-8f54-d12265d8f73c - - - - - -] Logical_Switch_Port deleted concurrently: 03ae246f-441d-4968-827d-9d07518b9b89
2026-02-25 20:43:41.604 8 WARNING neutron.scheduler.dhcp_agent_scheduler [None req-a75be3e1-a82f-4406-b399-ad9e4a9f6c0d c65108e6eeea47a09c7b6007ef3d3309 2361c35f7c0347d9941087da9cbd5b05 - - default default] No more DHCP agents
2026-02-25 20:43:41.607 8 WARNING neutron.api.rpc.agentnotifiers.dhcp_rpc_agent_api [None req-a75be3e1-a82f-4406-b399-ad9e4a9f6c0d c65108e6eeea47a09c7b6007ef3d3309 2361c35f7c0347d9941087da9cbd5b05 - - default default] Unable to schedule network 1fc3f50b-94a2-4028-9e52-17f38e6749b5: no agents available; will retry on subsequent port and subnet creation events.
2026-02-25 20:43:41.673 8 ERROR ovsdbapp.backend.ovs_idl.command [None req-a4ab8095-cc97-4423-a27d-4313b582ceaa - - - - - -] Error executing command (LspGetUpCommand): ovsdbapp.backend.ovs_idl.idlutils.RowNotFound: Cannot find Logical_Switch_Port with name=03ae246f-441d-4968-827d-9d07518b9b89
2026-02-25 20:43:41.673 8 ERROR ovsdbapp.backend.ovs_idl.command
Traceback (most recent call last):
2026-02-25 20:43:41.673 8 ERROR ovsdbapp.backend.ovs_idl.command
File "/var/lib/openstack/lib/python3.12/site-packages/ovsdbapp/backend/ovs_idl/command.py", line 47, in execute
2026-02-25 20:43:41.673 8 ERROR ovsdbapp.backend.ovs_idl.command self.run_idl(None)
2026-02-25 20:43:41.673 8 ERROR ovsdbapp.backend.ovs_idl.command
File "/var/lib/openstack/lib/python3.12/site-packages/ovsdbapp/schema/ovn_northbound/commands.py", line 681, in run_idl
2026-02-25 20:43:41.673 8 ERROR ovsdbapp.backend.ovs_idl.command lsp = self.api.lookup('Logical_Switch_Port', self.port)
2026-02-25 20:43:41.673 8 ERROR ovsdbapp.backend.ovs_idl.command ^^^^^^^^^^^^^^^^^^^^^^^^^^^^^^^^^^^^^^^^^^^^^^^^^
2026-02-25 20:43:41.673 8 ERROR ovsdbapp.backend.ovs_idl.command
File "/var/lib/openstack/lib/python3.12/site-packages/ovsdbapp/backend/ovs_idl/__init__.py", line 184, in lookup
2026-02-25 20:43:41.673 8 ERROR ovsdbapp.backend.ovs_idl.command return self._lookup(table, record)
2026-02-25 20:43:41.673 8 ERROR ovsdbapp.backend.ovs_idl.command ^^^^^^^^^^^^^^^^^^^^^^^^^^^
2026-02-25 20:43:41.673 8 ERROR ovsdbapp.backend.ovs_idl.command
File "/var/lib/openstack/lib/python3.12/site-packages/ovsdbapp/backend/ovs_idl/__init__.py", line 235, in _lookup
2026-02-25 20:43:41.673 8 ERROR ovsdbapp.backend.ovs_idl.command row = idlutils.row_by_value(self, rl.table, rl.column, record)
2026-02-25 20:43:41.673 8 ERROR ovsdbapp.backend.ovs_idl.command ^^^^^^^^^^^^^^^^^^^^^^^^^^^^^^^^^^^^^^^^^^^^^^^^^^^^^^^^
2026-02-25 20:43:41.673 8 ERROR ovsdbapp.backend.ovs_idl.command
File "/var/lib/openstack/lib/python3.12/site-packages/ovsdbapp/backend/ovs_idl/idlutils.py", line 114, in row_by_value
2026-02-25 20:43:41.673 8 ERROR ovsdbapp.backend.ovs_idl.command raise RowNotFound(table=table, col=column, match=match)
2026-02-25 20:43:41.673 8 ERROR ovsdbapp.backend.ovs_idl.command ovsdbapp.backend.ovs_idl.idlutils.RowNotFound: Cannot find Logical_Switch_Port with name=03ae246f-441d-4968-827d-9d07518b9b89
2026-02-25 20:43:41.673 8 ERROR ovsdbapp.backend.ovs_idl.command
2026-02-25 20:43:41.679 8 ERROR ovsdbapp.event [None req-a4ab8095-cc97-4423-a27d-4313b582ceaa - - - - - -] Unexpected exception in notify_loop: ovsdbapp.backend.ovs_idl.idlutils.RowNotFound: Cannot find Logical_Switch_Port with name=03ae246f-441d-4968-827d-9d07518b9b89
2026-02-25 20:43:41.679 8 ERROR ovsdbapp.event
Traceback (most recent call last):
2026-02-25 20:43:41.679 8 ERROR ovsdbapp.event
File "/var/lib/openstack/lib/python3.12/site-packages/ovsdbapp/event.py", line 177, in notify_loop
2026-02-25 20:43:41.679 8 ERROR ovsdbapp.event match.run(event, row, updates)
2026-02-25 20:43:41.679 8 ERROR ovsdbapp.event
File "/var/lib/openstack/lib/python3.12/site-packages/neutron/plugins/ml2/drivers/ovn/mech_driver/ovsdb/ovsdb_monitor.py", line 511, in run
2026-02-25 20:43:41.679 8 ERROR ovsdbapp.event self.driver.set_port_status_up(row.name)
2026-02-25 20:43:41.679 8 ERROR ovsdbapp.event
File "/var/lib/openstack/lib/python3.12/site-packages/neutron/plugins/ml2/drivers/ovn/mech_driver/mech_driver.py", line 1340, in set_port_status_up
2026-02-25 20:43:41.679 8 ERROR ovsdbapp.event self._ovn_client.update_lsp_host_info(admin_context, db_port)
2026-02-25 20:43:41.679 8 ERROR ovsdbapp.event
File "/var/lib/openstack/lib/python3.12/site-packages/neutron/plugins/ml2/drivers/ovn/mech_driver/ovsdb/ovn_client.py", line 312, in update_lsp_host_info
2026-02-25 20:43:41.679 8 ERROR ovsdbapp.event port_up = self._nb_idl.lsp_get_up(db_port.id).execute(
2026-02-25 20:43:41.679 8 ERROR ovsdbapp.event ^^^^^^^^^^^^^^^^^^^^^^^^^^^^^^^^^^^^^^^^^^^^
2026-02-25 20:43:41.679 8 ERROR ovsdbapp.event
File "/var/lib/openstack/lib/python3.12/site-packages/ovsdbapp/backend/ovs_idl/command.py", line 47, in execute
2026-02-25 20:43:41.679 8 ERROR ovsdbapp.event self.run_idl(None)
2026-02-25 20:43:41.679 8 ERROR ovsdbapp.event
File "/var/lib/openstack/lib/python3.12/site-packages/ovsdbapp/schema/ovn_northbound/commands.py", line 681, in run_idl
2026-02-25 20:43:41.679 8 ERROR ovsdbapp.event lsp = self.api.lookup('Logical_Switch_Port', self.port)
2026-02-25 20:43:41.679 8 ERROR ovsdbapp.event ^^^^^^^^^^^^^^^^^^^^^^^^^^^^^^^^^^^^^^^^^^^^^^^^^
2026-02-25 20:43:41.679 8 ERROR ovsdbapp.event
File "/var/lib/openstack/lib/python3.12/site-packages/ovsdbapp/backend/ovs_idl/__init__.py", line 184, in lookup
2026-02-25 20:43:41.679 8 ERROR ovsdbapp.event return self._lookup(table, record)
2026-02-25 20:43:41.679 8 ERROR ovsdbapp.event ^^^^^^^^^^^^^^^^^^^^^^^^^^^
2026-02-25 20:43:41.679 8 ERROR ovsdbapp.event
File "/var/lib/openstack/lib/python3.12/site-packages/ovsdbapp/backend/ovs_idl/__init__.py", line 235, in _lookup
2026-02-25 20:43:41.679 8 ERROR ovsdbapp.event row = idlutils.row_by_value(self, rl.table, rl.column, record)
2026-02-25 20:43:41.679 8 ERROR ovsdbapp.event ^^^^^^^^^^^^^^^^^^^^^^^^^^^^^^^^^^^^^^^^^^^^^^^^^^^^^^^^
2026-02-25 20:43:41.679 8 ERROR ovsdbapp.event
File "/var/lib/openstack/lib/python3.12/site-packages/ovsdbapp/backend/ovs_idl/idlutils.py", line 114, in row_by_value
2026-02-25 20:43:41.679 8 ERROR ovsdbapp.event raise RowNotFound(table=table, col=column, match=match)
2026-02-25 20:43:41.679 8 ERROR ovsdbapp.event ovsdbapp.backend.ovs_idl.idlutils.RowNotFound: Cannot find Logical_Switch_Port with name=03ae246f-441d-4968-827d-9d07518b9b89
2026-02-25 20:43:41.679 8 ERROR ovsdbapp.event
2026-02-25 20:43:41.739 8 INFO neutron.plugins.ml2.drivers.ovn.mech_driver.mech_driver [None req-a4ab8095-cc97-4423-a27d-4313b582ceaa - - - - - -] OVN reports status down for port: e0b9eeca-aef8-4ad5-b2d8-39a93356728e [pid: 7|app: 0|req: 341/665] 10.0.0.18 () {34 vars in 787 bytes} [Wed Feb 25 20:43:40 2026] PUT /v2.0/routers/4fb2a911-d4a3-4a4f-8ed3-38d0b602c4c4/remove_router_interface => generated 309 bytes in 1162 msecs (HTTP/1.1 200) 4 headers in 157 bytes (1 switches on core 0) /var/lib/openstack/lib/python3.12/site-packages/pycadf/identifier.py:70: UserWarning: Invalid uuid: neutron. To ensure interoperability, identifiers should be a valid uuid. warnings.warn(('Invalid uuid: %s. To ensure interoperability, ' [pid: 7|app: 0|req: 342/666] 10.0.0.18 () {32 vars in 722 bytes} [Wed Feb 25 20:43:41 2026] DELETE /v2.0/subnets/15aabe62-b87f-4344-bd38-0f937413afc2 => generated 0 bytes in 200 msecs (HTTP/1.1 204) 3 headers in 131 bytes (1 switches on core 0)
2026-02-25 20:43:42.443 8 INFO neutron.db.ovn_revision_numbers_db [None req-a4ab8095-cc97-4423-a27d-4313b582ceaa - - - - - -] Successfully bumped revision number for resource e0b9eeca-aef8-4ad5-b2d8-39a93356728e (type: ports) to 6
2026-02-25 20:43:42.444 7 INFO neutron_taas.services.taas.taas_plugin [None req-d0c7b21b-b762-480b-8189-1e7ed4203fe8 e2ca2fb877de4a48a2ad1ffceb448689 60c00386bf8844f6a7368ad62ee5dc4e - - default default] TaaS: Handle Delete Port: 7acfc40e-69a3-4d40-b823-c607b1ff42f6
2026-02-25 20:43:42.448 7 INFO neutron_taas.services.taas.tap_mirror_plugin [None req-d0c7b21b-b762-480b-8189-1e7ed4203fe8 e2ca2fb877de4a48a2ad1ffceb448689 60c00386bf8844f6a7368ad62ee5dc4e - - default default] Tap Mirror: Handle Delete Port: 7acfc40e-69a3-4d40-b823-c607b1ff42f6
2026-02-25 20:43:42.576 8 WARNING neutron.plugins.ml2.drivers.ovn.mech_driver.ovsdb.ovn_client [None req-ed15bda7-7e72-42db-8a92-99ce08032cab - - - - - -] Logical_Switch_Port e0b9eeca-aef8-4ad5-b2d8-39a93356728e host information not removed, the port state is up
2026-02-25 20:43:42.577 8 INFO neutron.plugins.ml2.drivers.ovn.mech_driver.mech_driver [None req-ed15bda7-7e72-42db-8a92-99ce08032cab - - - - - -] OVN reports status up for port: e0b9eeca-aef8-4ad5-b2d8-39a93356728e
2026-02-25 20:43:42.603 8 INFO neutron.plugins.ml2.plugin [None req-ed15bda7-7e72-42db-8a92-99ce08032cab - - - - - -] Attempt 1 to provision port e0b9eeca-aef8-4ad5-b2d8-39a93356728e
2026-02-25 20:43:42.623 8 INFO neutron.db.ovn_revision_numbers_db [None req-b1bc90bd-9d99-4e74-ae24-b62e2fcf8abb - - - - - -] Successfully bumped revision number for resource c9eb01bb-3c70-452e-afc8-f323425b5640 (type: ports) to 2
2026-02-25 20:43:42.711 8 INFO neutron.db.ovn_revision_numbers_db [None req-b1bc90bd-9d99-4e74-ae24-b62e2fcf8abb - - - - - -] Successfully bumped revision number for resource 8e8317a4-bb50-4fce-b69d-ac23a3f61a36 (type: subnets) to 0 [pid: 8|app: 0|req: 325/667] 10.0.0.18 () {34 vars in 667 bytes} [Wed Feb 25 20:43:41 2026] POST /v2.0/subnets => generated 626 bytes in 1564 msecs (HTTP/1.1 201) 4 headers in 162 bytes (1 switches on core 0) [pid: 7|app: 0|req: 343/668] 10.0.0.18 () {32 vars in 722 bytes} [Wed Feb 25 20:43:42 2026] DELETE /v2.0/routers/4fb2a911-d4a3-4a4f-8ed3-38d0b602c4c4 => generated 0 bytes in 832 msecs (HTTP/1.1 204) 2 headers in 112 bytes (1 switches on core 0)
2026-02-25 20:43:43.100 8 INFO neutron_taas.services.taas.taas_plugin [None req-bba61fd8-d623-4378-9b4e-a3bfa19954d1 e2ca2fb877de4a48a2ad1ffceb448689 60c00386bf8844f6a7368ad62ee5dc4e - - default default] TaaS: Handle Delete Port: 350cf180-5bd3-4bb4-950e-d77ca78cf0dd
2026-02-25 20:43:43.105 8 INFO neutron_taas.services.taas.tap_mirror_plugin [None req-bba61fd8-d623-4378-9b4e-a3bfa19954d1 e2ca2fb877de4a48a2ad1ffceb448689 60c00386bf8844f6a7368ad62ee5dc4e - - default default] Tap Mirror: Handle Delete Port: 350cf180-5bd3-4bb4-950e-d77ca78cf0dd
2026-02-25 20:43:43.332 7 WARNING neutron.scheduler.dhcp_agent_scheduler [None req-5e8e6916-6b09-437b-bbfd-350a880d90b5 c65108e6eeea47a09c7b6007ef3d3309 2361c35f7c0347d9941087da9cbd5b05 - - default default] No more DHCP agents
2026-02-25 20:43:43.334 7 WARNING neutron.api.rpc.agentnotifiers.dhcp_rpc_agent_api [None req-5e8e6916-6b09-437b-bbfd-350a880d90b5 c65108e6eeea47a09c7b6007ef3d3309 2361c35f7c0347d9941087da9cbd5b05 - - default default] Unable to schedule network 1fc3f50b-94a2-4028-9e52-17f38e6749b5: no agents available; will retry on subsequent port and subnet creation events.
2026-02-25 20:43:43.488 8 INFO neutron.db.ovn_revision_numbers_db [None req-ed15bda7-7e72-42db-8a92-99ce08032cab - - - - - -] Successfully bumped revision number for resource e0b9eeca-aef8-4ad5-b2d8-39a93356728e (type: ports) to 7
2026-02-25 20:43:43.529 7 INFO neutron.db.ovn_revision_numbers_db [None req-5e8e6916-6b09-437b-bbfd-350a880d90b5 c65108e6eeea47a09c7b6007ef3d3309 2361c35f7c0347d9941087da9cbd5b05 - - default default] Successfully bumped revision number for resource 65dbbee1-41c6-40c3-82dc-8b44fe5b20be (type: ports) to 1 [pid: 7|app: 0|req: 344/669] 10.0.0.18 () {34 vars in 663 bytes} [Wed Feb 25 20:43:42 2026] POST /v2.0/ports => generated 953 bytes in 626 msecs (HTTP/1.1 201) 4 headers in 162 bytes (1 switches on core 0) /var/lib/openstack/lib/python3.12/site-packages/pycadf/identifier.py:70: UserWarning: Invalid uuid: neutron. To ensure interoperability, identifiers should be a valid uuid. warnings.warn(('Invalid uuid: %s. To ensure interoperability, '
2026-02-25 20:43:43.651 8 INFO neutron.plugins.ml2.drivers.ovn.mech_driver.mech_driver [None req-ab13ccb4-8ca4-4b72-914f-a5788f96f84d - - - - - -] OVN reports status down for port: f0d36c2d-7e80-4d8f-86ca-ef89ff2be715 [pid: 7|app: 0|req: 345/670] 10.0.0.18 () {32 vars in 722 bytes} [Wed Feb 25 20:43:43 2026] DELETE /v2.0/subnets/33fe6fc1-eae1-4e60-a692-7a6db3d18b9e => generated 0 bytes in 135 msecs (HTTP/1.1 204) 3 headers in 131 bytes (1 switches on core 0) [pid: 7|app: 0|req: 346/671] 10.0.0.227 () {34 vars in 1097 bytes} [Wed Feb 25 20:43:43 2026] GET /v2.0/security-groups?name=tempest-securitygroup--988236936&fields=id&tenant_id=2c1136fda6db4554ba77f9f0afab3e43 => generated 69 bytes in 34 msecs (HTTP/1.1 200) 4 headers in 156 bytes (1 switches on core 0)
2026-02-25 20:43:43.786 8 WARNING neutron.plugins.ml2.drivers.ovn.mech_driver.ovsdb.ovn_client [None req-ab13ccb4-8ca4-4b72-914f-a5788f96f84d - - - - - -] Logical_Switch_Port f0d36c2d-7e80-4d8f-86ca-ef89ff2be715 host information not removed, the port state is up
2026-02-25 20:43:43.786 8 INFO neutron.plugins.ml2.drivers.ovn.mech_driver.mech_driver [None req-ab13ccb4-8ca4-4b72-914f-a5788f96f84d - - - - - -] OVN reports status up for port: f0d36c2d-7e80-4d8f-86ca-ef89ff2be715
2026-02-25 20:43:43.809 8 INFO neutron.plugins.ml2.plugin [None req-ab13ccb4-8ca4-4b72-914f-a5788f96f84d - - - - - -] Attempt 1 to provision port f0d36c2d-7e80-4d8f-86ca-ef89ff2be715 [pid: 8|app: 0|req: 326/672] 10.0.0.18 () {32 vars in 724 bytes} [Wed Feb 25 20:43:42 2026] DELETE /v2.0/networks/1d423e5b-23c1-49cb-b147-d41588488fcc => generated 0 bytes in 1140 msecs (HTTP/1.1 204) 3 headers in 131 bytes (1 switches on core 0)
2026-02-25 20:43:43.990 7 INFO neutron_taas.services.taas.taas_plugin [None req-48b58089-9a20-49b1-b8ab-243623a57afc c65108e6eeea47a09c7b6007ef3d3309 2361c35f7c0347d9941087da9cbd5b05 - - default default] TaaS: Handle Delete Port: 65dbbee1-41c6-40c3-82dc-8b44fe5b20be
2026-02-25 20:43:43.996 7 INFO neutron_taas.services.taas.tap_mirror_plugin [None req-48b58089-9a20-49b1-b8ab-243623a57afc c65108e6eeea47a09c7b6007ef3d3309 2361c35f7c0347d9941087da9cbd5b05 - - default default] Tap Mirror: Handle Delete Port: 65dbbee1-41c6-40c3-82dc-8b44fe5b20be [pid: 7|app: 0|req: 347/673] 10.0.0.18 () {32 vars in 718 bytes} [Wed Feb 25 20:43:43 2026] DELETE /v2.0/ports/65dbbee1-41c6-40c3-82dc-8b44fe5b20be => generated 0 bytes in 407 msecs (HTTP/1.1 204) 3 headers in 131 bytes (1 switches on core 0) [pid: 7|app: 0|req: 348/674] 10.0.0.227 () {34 vars in 981 bytes} [Wed Feb 25 20:43:44 2026] GET /v2.0/networks?id=5cd6c9ad-f5ab-4a25-a035-78df9c83eb6d => generated 680 bytes in 44 msecs (HTTP/1.1 200) 4 headers in 157 bytes (1 switches on core 0)
2026-02-25 20:43:44.223 8 INFO neutron_taas.services.taas.taas_plugin [None req-488da0e6-70d7-4cfc-a7ad-3794d801d39a e2ca2fb877de4a48a2ad1ffceb448689 60c00386bf8844f6a7368ad62ee5dc4e - - default default] TaaS: Handle Delete Port: d3af5aab-3440-4a31-a435-a24fb3e5bee0
2026-02-25 20:43:44.229 8 INFO neutron_taas.services.taas.tap_mirror_plugin [None req-488da0e6-70d7-4cfc-a7ad-3794d801d39a e2ca2fb877de4a48a2ad1ffceb448689 60c00386bf8844f6a7368ad62ee5dc4e - - default default] Tap Mirror: Handle Delete Port: d3af5aab-3440-4a31-a435-a24fb3e5bee0 [pid: 7|app: 0|req: 349/675] 10.0.0.18 () {32 vars in 772 bytes} [Wed Feb 25 20:43:44 2026] GET /v2.0/security-groups?tenant_id=2a6db42f48ea4e3bbed56d1049d5c2c6&name=default => generated 2921 bytes in 26 msecs (HTTP/1.1 200) 4 headers in 158 bytes (1 switches on core 0)
2026-02-25 20:43:44.258 7 INFO neutron.pecan_wsgi.hooks.translation [None req-6abd022b-894b-49ef-aee3-81a8cb2797df c65108e6eeea47a09c7b6007ef3d3309 2361c35f7c0347d9941087da9cbd5b05 - - default default] DELETE failed (client error): The resource could not be found. [pid: 7|app: 0|req: 350/676] 10.0.0.18 () {32 vars in 718 bytes} [Wed Feb 25 20:43:44 2026] DELETE /v2.0/ports/65dbbee1-41c6-40c3-82dc-8b44fe5b20be => generated 132 bytes in 14 msecs (HTTP/1.1 404) 4 headers in 164 bytes (1 switches on core 0) [pid: 7|app: 0|req: 351/677] 10.0.0.227 () {34 vars in 964 bytes} [Wed Feb 25 20:43:44 2026] GET /v2.0/quotas/2c1136fda6db4554ba77f9f0afab3e43 => generated 292 bytes in 6 msecs (HTTP/1.1 200) 4 headers in 157 bytes (1 switches on core 0)
2026-02-25 20:43:44.328 8 INFO neutron.services.segments.plugin [-] Segment 7444e404-b8b7-49c1-a8cd-9cbd70e00d3b resource provider aggregate not found
2026-02-25 20:43:44.334 8 INFO neutron.services.segments.plugin [-] Segment 7444e404-b8b7-49c1-a8cd-9cbd70e00d3b resource provider aggregate not found
2026-02-25 20:43:44.356 8 INFO neutron.services.segments.plugin [-] Segment 7444e404-b8b7-49c1-a8cd-9cbd70e00d3b resource provider not found; error: Placement Client Error (4xx): {"errors": [{"status": 404, "title": "Not Found", "detail": "The resource could not be found.\n\n No resource provider with uuid 7444e404-b8b7-49c1-a8cd-9cbd70e00d3b found for delete ", "request_id": "req-ed5f151a-3b88-4e1a-b230-568796b4db74"}]}
2026-02-25 20:43:44.362 8 INFO neutron.services.segments.plugin [-] Segment 7444e404-b8b7-49c1-a8cd-9cbd70e00d3b resource provider not found; error: Placement Client Error (4xx): {"errors": [{"status": 404, "title": "Not Found", "detail": "The resource could not be found.\n\n No resource provider with uuid 7444e404-b8b7-49c1-a8cd-9cbd70e00d3b found for delete ", "request_id": "req-922e1732-c977-4f76-8a7b-7488abb278a3"}]} [pid: 7|app: 0|req: 352/678] 10.0.0.18 () {32 vars in 738 bytes} [Wed Feb 25 20:43:44 2026] DELETE /v2.0/security-groups/5cb9d001-1423-4f03-b6d1-268c9eb6f13b => generated 0 bytes in 268 msecs (HTTP/1.1 204) 2 headers in 112 bytes (1 switches on core 0)
