May 14 10:18:27.946434 np0000174121 neutron-periodic-workers[105051]: DEBUG cotyledon.oslo_config_glue [-] database.connection_parameters = {{(pid=105051) log_opt_values /opt/stack/data/venv/lib/python3.12/site-packages/oslo_config/cfg.py:3006}}
May 14 10:18:27.946516 np0000174121 neutron-periodic-workers[105051]: DEBUG cotyledon.oslo_config_glue [-] database.connection_recycle_time = 3600 {{(pid=105051) log_opt_values /opt/stack/data/venv/lib/python3.12/site-packages/oslo_config/cfg.py:3006}}
May 14 10:18:27.946595 np0000174121 neutron-periodic-workers[105051]: DEBUG cotyledon.oslo_config_glue [-] database.connection_trace = False {{(pid=105051) log_opt_values /opt/stack/data/venv/lib/python3.12/site-packages/oslo_config/cfg.py:3006}}
May 14 10:18:27.946677 np0000174121 neutron-periodic-workers[105051]: DEBUG cotyledon.oslo_config_glue [-] database.db_inc_retry_interval = True {{(pid=105051) log_opt_values /opt/stack/data/venv/lib/python3.12/site-packages/oslo_config/cfg.py:3006}}
May 14 10:18:27.946708 np0000174121 neutron-periodic-workers[105051]: DEBUG cotyledon.oslo_config_glue [-] database.db_max_retries = 20 {{(pid=105051) log_opt_values /opt/stack/data/venv/lib/python3.12/site-packages/oslo_config/cfg.py:3006}}
May 14 10:18:27.946799 np0000174121 neutron-periodic-workers[105051]: DEBUG cotyledon.oslo_config_glue [-] database.db_max_retry_interval = 10 {{(pid=105051) log_opt_values /opt/stack/data/venv/lib/python3.12/site-packages/oslo_config/cfg.py:3006}}
May 14 10:18:27.946860 np0000174121 neutron-periodic-workers[105051]: DEBUG cotyledon.oslo_config_glue [-] database.db_retry_interval = 1 {{(pid=105051) log_opt_values /opt/stack/data/venv/lib/python3.12/site-packages/oslo_config/cfg.py:3006}}
May 14 10:18:27.946928 np0000174121 neutron-periodic-workers[105051]: DEBUG cotyledon.oslo_config_glue [-] database.max_overflow = 50 {{(pid=105051) log_opt_values /opt/stack/data/venv/lib/python3.12/site-packages/oslo_config/cfg.py:3006}}
May 14 10:18:27.946999 np0000174121 neutron-periodic-workers[105051]: DEBUG cotyledon.oslo_config_glue [-] database.max_pool_size = 5 {{(pid=105051) log_opt_values /opt/stack/data/venv/lib/python3.12/site-packages/oslo_config/cfg.py:3006}}
May 14 10:18:27.947076 np0000174121 neutron-periodic-workers[105051]: DEBUG cotyledon.oslo_config_glue [-] database.max_retries = 10 {{(pid=105051) log_opt_values /opt/stack/data/venv/lib/python3.12/site-packages/oslo_config/cfg.py:3006}}
May 14 10:18:27.947155 np0000174121 neutron-periodic-workers[105051]: DEBUG cotyledon.oslo_config_glue [-] database.mysql_sql_mode = TRADITIONAL {{(pid=105051) log_opt_values /opt/stack/data/venv/lib/python3.12/site-packages/oslo_config/cfg.py:3006}}
May 14 10:18:27.947229 np0000174121 neutron-periodic-workers[105051]: DEBUG cotyledon.oslo_config_glue [-] database.mysql_wsrep_sync_wait = None {{(pid=105051) log_opt_values /opt/stack/data/venv/lib/python3.12/site-packages/oslo_config/cfg.py:3006}}
May 14 10:18:27.947296 np0000174121 neutron-periodic-workers[105051]: DEBUG cotyledon.oslo_config_glue [-] database.pool_timeout = None {{(pid=105051) log_opt_values /opt/stack/data/venv/lib/python3.12/site-packages/oslo_config/cfg.py:3006}}
May 14 10:18:27.947372 np0000174121 neutron-periodic-workers[105051]: DEBUG cotyledon.oslo_config_glue [-] database.retry_interval = 10 {{(pid=105051) log_opt_values /opt/stack/data/venv/lib/python3.12/site-packages/oslo_config/cfg.py:3006}}
May 14 10:18:27.947449 np0000174121 neutron-periodic-workers[105051]: DEBUG cotyledon.oslo_config_glue [-] database.slave_connection = **** {{(pid=105051) log_opt_values /opt/stack/data/venv/lib/python3.12/site-packages/oslo_config/cfg.py:3006}}
May 14 10:18:27.947523 np0000174121 neutron-periodic-workers[105051]: DEBUG cotyledon.oslo_config_glue [-] database.sqlite_synchronous = True {{(pid=105051) log_opt_values /opt/stack/data/venv/lib/python3.12/site-packages/oslo_config/cfg.py:3006}}
May 14 10:18:27.947587 np0000174121 neutron-periodic-workers[105051]: DEBUG cotyledon.oslo_config_glue [-] database.synchronous_reader = True {{(pid=105051) log_opt_values /opt/stack/data/venv/lib/python3.12/site-packages/oslo_config/cfg.py:3006}}
May 14 10:18:27.947654 np0000174121 neutron-periodic-workers[105051]: DEBUG cotyledon.oslo_config_glue [-] database.use_db_reconnect = False {{(pid=105051) log_opt_values /opt/stack/data/venv/lib/python3.12/site-packages/oslo_config/cfg.py:3006}}
May 14 10:18:27.947760 np0000174121 neutron-periodic-workers[105051]: DEBUG cotyledon.oslo_config_glue [-] ovn.bfd_min_rx = 1000 {{(pid=105051) log_opt_values /opt/stack/data/venv/lib/python3.12/site-packages/oslo_config/cfg.py:3006}}
May 14 10:18:27.947819 np0000174121 neutron-periodic-workers[105051]: DEBUG cotyledon.oslo_config_glue [-] ovn.bfd_min_tx = 100 {{(pid=105051) log_opt_values /opt/stack/data/venv/lib/python3.12/site-packages/oslo_config/cfg.py:3006}}
May 14 10:18:27.947889 np0000174121 neutron-periodic-workers[105051]: DEBUG cotyledon.oslo_config_glue [-] ovn.bfd_mult = 3 {{(pid=105051) log_opt_values /opt/stack/data/venv/lib/python3.12/site-packages/oslo_config/cfg.py:3006}}
May 14 10:18:27.947956 np0000174121 neutron-periodic-workers[105051]: DEBUG cotyledon.oslo_config_glue [-] ovn.broadcast_arps_to_all_routers = True {{(pid=105051) log_opt_values /opt/stack/data/venv/lib/python3.12/site-packages/oslo_config/cfg.py:3006}}
May 14 10:18:27.948029 np0000174121 neutron-periodic-workers[105051]: DEBUG cotyledon.oslo_config_glue [-] ovn.dhcp_default_lease_time = 43200 {{(pid=105051) log_opt_values /opt/stack/data/venv/lib/python3.12/site-packages/oslo_config/cfg.py:3006}}
May 14 10:18:27.948120 np0000174121 neutron-periodic-workers[105051]: DEBUG cotyledon.oslo_config_glue [-] ovn.disable_ovn_dhcp_for_baremetal_ports = False {{(pid=105051) log_opt_values /opt/stack/data/venv/lib/python3.12/site-packages/oslo_config/cfg.py:3006}}
May 14 10:18:27.948156 np0000174121 neutron-periodic-workers[105051]: DEBUG cotyledon.oslo_config_glue [-] ovn.dns_records_ovn_owned = False {{(pid=105051) log_opt_values /opt/stack/data/venv/lib/python3.12/site-packages/oslo_config/cfg.py:3006}}
May 14 10:18:27.948246 np0000174121 neutron-periodic-workers[105051]: DEBUG cotyledon.oslo_config_glue [-] ovn.dns_servers = [] {{(pid=105051) log_opt_values /opt/stack/data/venv/lib/python3.12/site-packages/oslo_config/cfg.py:3006}}
May 14 10:18:27.948283 np0000174121 neutron-periodic-workers[105051]: DEBUG cotyledon.oslo_config_glue [-] ovn.enable_distributed_floating_ip = False {{(pid=105051) log_opt_values /opt/stack/data/venv/lib/python3.12/site-packages/oslo_config/cfg.py:3006}}
May 14 10:18:27.948381 np0000174121 neutron-periodic-workers[105051]: DEBUG cotyledon.oslo_config_glue [-] ovn.fdb_age_threshold = 300 {{(pid=105051) log_opt_values /opt/stack/data/venv/lib/python3.12/site-packages/oslo_config/cfg.py:3006}}
May 14 10:18:27.948440 np0000174121 neutron-periodic-workers[105051]: DEBUG cotyledon.oslo_config_glue [-] ovn.ha_failover_strategy = normal {{(pid=105051) log_opt_values /opt/stack/data/venv/lib/python3.12/site-packages/oslo_config/cfg.py:3006}}
May 14 10:18:27.948510 np0000174121 neutron-periodic-workers[105051]: DEBUG cotyledon.oslo_config_glue [-] ovn.live_migration_activation_strategy = rarp {{(pid=105051) log_opt_values /opt/stack/data/venv/lib/python3.12/site-packages/oslo_config/cfg.py:3006}}
May 14 10:18:27.948575 np0000174121 neutron-periodic-workers[105051]: DEBUG cotyledon.oslo_config_glue [-] ovn.localnet_learn_fdb = False {{(pid=105051) log_opt_values /opt/stack/data/venv/lib/python3.12/site-packages/oslo_config/cfg.py:3006}}
May 14 10:18:27.948642 np0000174121 neutron-periodic-workers[105051]: DEBUG cotyledon.oslo_config_glue [-] ovn.mac_binding_age_threshold = 300 {{(pid=105051) log_opt_values /opt/stack/data/venv/lib/python3.12/site-packages/oslo_config/cfg.py:3006}}
May 14 10:18:27.948719 np0000174121 neutron-periodic-workers[105051]: DEBUG cotyledon.oslo_config_glue [-] ovn.neutron_sync_mode = log {{(pid=105051) log_opt_values /opt/stack/data/venv/lib/python3.12/site-packages/oslo_config/cfg.py:3006}}
May 14 10:18:27.948786 np0000174121 neutron-periodic-workers[105051]: DEBUG cotyledon.oslo_config_glue [-] ovn.ovn_dhcp4_global_options = {} {{(pid=105051) log_opt_values /opt/stack/data/venv/lib/python3.12/site-packages/oslo_config/cfg.py:3006}}
May 14 10:18:27.948854 np0000174121 neutron-periodic-workers[105051]: DEBUG cotyledon.oslo_config_glue [-] ovn.ovn_dhcp6_global_options = {} {{(pid=105051) log_opt_values /opt/stack/data/venv/lib/python3.12/site-packages/oslo_config/cfg.py:3006}}
May 14 10:18:27.948928 np0000174121 neutron-periodic-workers[105051]: DEBUG cotyledon.oslo_config_glue [-] ovn.ovn_l3_scheduler = leastloaded {{(pid=105051) log_opt_values /opt/stack/data/venv/lib/python3.12/site-packages/oslo_config/cfg.py:3006}}
May 14 10:18:27.949020 np0000174121 neutron-periodic-workers[105051]: DEBUG cotyledon.oslo_config_glue [-] ovn.ovn_metadata_enabled = True {{(pid=105051) log_opt_values /opt/stack/data/venv/lib/python3.12/site-packages/oslo_config/cfg.py:3006}}
May 14 10:18:27.949103 np0000174121 neutron-periodic-workers[105051]: DEBUG cotyledon.oslo_config_glue [-] ovn.ovn_nb_ca_cert = /opt/stack/data/CA/int-ca/ca-chain.pem {{(pid=105051) log_opt_values /opt/stack/data/venv/lib/python3.12/site-packages/oslo_config/cfg.py:3006}}
May 14 10:18:27.949170 np0000174121 neutron-periodic-workers[105051]: DEBUG cotyledon.oslo_config_glue [-] ovn.ovn_nb_certificate = /opt/stack/data/CA/int-ca/devstack-cert.crt {{(pid=105051) log_opt_values /opt/stack/data/venv/lib/python3.12/site-packages/oslo_config/cfg.py:3006}}
May 14 10:18:27.949248 np0000174121 neutron-periodic-workers[105051]: DEBUG cotyledon.oslo_config_glue [-] ovn.ovn_nb_connection = ['ssl:199.204.45.22:6641'] {{(pid=105051) log_opt_values /opt/stack/data/venv/lib/python3.12/site-packages/oslo_config/cfg.py:3006}}
May 14 10:18:27.949319 np0000174121 neutron-periodic-workers[105051]: DEBUG cotyledon.oslo_config_glue [-] ovn.ovn_nb_private_key = /opt/stack/data/CA/int-ca/private/devstack-cert.key {{(pid=105051) log_opt_values /opt/stack/data/venv/lib/python3.12/site-packages/oslo_config/cfg.py:3006}}
May 14 10:18:27.949385 np0000174121 neutron-periodic-workers[105051]: DEBUG cotyledon.oslo_config_glue [-] ovn.ovn_router_indirect_snat = False {{(pid=105051) log_opt_values /opt/stack/data/venv/lib/python3.12/site-packages/oslo_config/cfg.py:3006}}
May 14 10:18:27.949452 np0000174121 neutron-periodic-workers[105051]: DEBUG cotyledon.oslo_config_glue [-] ovn.ovn_sb_ca_cert = /opt/stack/data/CA/int-ca/ca-chain.pem {{(pid=105051) log_opt_values /opt/stack/data/venv/lib/python3.12/site-packages/oslo_config/cfg.py:3006}}
May 14 10:18:27.949489 np0000174121 neutron-periodic-workers[105051]: DEBUG cotyledon.oslo_config_glue [-] ovn.ovn_sb_certificate = /opt/stack/data/CA/int-ca/devstack-cert.crt {{(pid=105051) log_opt_values /opt/stack/data/venv/lib/python3.12/site-packages/oslo_config/cfg.py:3006}}
May 14 10:18:27.949579 np0000174121 neutron-periodic-workers[105051]: DEBUG cotyledon.oslo_config_glue [-] ovn.ovn_sb_connection = ['ssl:199.204.45.22:6642'] {{(pid=105051) log_opt_values /opt/stack/data/venv/lib/python3.12/site-packages/oslo_config/cfg.py:3006}}
May 14 10:18:27.949641 np0000174121 neutron-periodic-workers[105051]: DEBUG cotyledon.oslo_config_glue [-] ovn.ovn_sb_private_key = /opt/stack/data/CA/int-ca/private/devstack-cert.key {{(pid=105051) log_opt_values /opt/stack/data/venv/lib/python3.12/site-packages/oslo_config/cfg.py:3006}}
May 14 10:18:27.949710 np0000174121 neutron-periodic-workers[105051]: DEBUG cotyledon.oslo_config_glue [-] ovn.ovs_create_tap = False {{(pid=105051) log_opt_values /opt/stack/data/venv/lib/python3.12/site-packages/oslo_config/cfg.py:3006}}
May 14 10:18:27.949777 np0000174121 neutron-periodic-workers[105051]: DEBUG cotyledon.oslo_config_glue [-] ovn.ovsdb_connection_timeout = 180 {{(pid=105051) log_opt_values /opt/stack/data/venv/lib/python3.12/site-packages/oslo_config/cfg.py:3006}}
May 14 10:18:27.949844 np0000174121 neutron-periodic-workers[105051]: DEBUG cotyledon.oslo_config_glue [-] ovn.ovsdb_log_level = INFO {{(pid=105051) log_opt_values /opt/stack/data/venv/lib/python3.12/site-packages/oslo_config/cfg.py:3006}}
May 14 10:18:27.949908 np0000174121 neutron-periodic-workers[105051]: DEBUG cotyledon.oslo_config_glue [-] ovn.ovsdb_probe_interval = 60000 {{(pid=105051) log_opt_values /opt/stack/data/venv/lib/python3.12/site-packages/oslo_config/cfg.py:3006}}
May 14 10:18:27.950014 np0000174121 neutron-periodic-workers[105051]: DEBUG cotyledon.oslo_config_glue [-] ovn.ovsdb_retry_max_interval = 180 {{(pid=105051) log_opt_values /opt/stack/data/venv/lib/python3.12/site-packages/oslo_config/cfg.py:3006}}
May 14 10:18:27.950081 np0000174121 neutron-periodic-workers[105051]: DEBUG cotyledon.oslo_config_glue [-] ovn.stateless_nat_enabled = False {{(pid=105051) log_opt_values /opt/stack/data/venv/lib/python3.12/site-packages/oslo_config/cfg.py:3006}}
May 14 10:18:27.950170 np0000174121 neutron-periodic-workers[105051]: DEBUG cotyledon.oslo_config_glue [-] ovn.vhost_sock_dir = /var/run/openvswitch {{(pid=105051) log_opt_values /opt/stack/data/venv/lib/python3.12/site-packages/oslo_config/cfg.py:3006}}
May 14 10:18:27.950257 np0000174121 neutron-periodic-workers[105051]: DEBUG cotyledon.oslo_config_glue [-] OVS.bridge_mac_table_size = 50000 {{(pid=105051) log_opt_values /opt/stack/data/venv/lib/python3.12/site-packages/oslo_config/cfg.py:3006}}
May 14 10:18:27.950330 np0000174121 neutron-periodic-workers[105051]: DEBUG cotyledon.oslo_config_glue [-] OVS.igmp_flood = False {{(pid=105051) log_opt_values /opt/stack/data/venv/lib/python3.12/site-packages/oslo_config/cfg.py:3006}}
May 14 10:18:27.950380 np0000174121 neutron-periodic-workers[105051]: DEBUG cotyledon.oslo_config_glue [-] OVS.igmp_flood_reports = True {{(pid=105051) log_opt_values /opt/stack/data/venv/lib/python3.12/site-packages/oslo_config/cfg.py:3006}}
May 14 10:18:27.950472 np0000174121 neutron-periodic-workers[105051]: DEBUG cotyledon.oslo_config_glue [-] OVS.igmp_flood_unregistered = False {{(pid=105051) log_opt_values /opt/stack/data/venv/lib/python3.12/site-packages/oslo_config/cfg.py:3006}}
May 14 10:18:27.950564 np0000174121 neutron-periodic-workers[105051]: DEBUG cotyledon.oslo_config_glue [-] OVS.igmp_snooping_enable = False {{(pid=105051) log_opt_values /opt/stack/data/venv/lib/python3.12/site-packages/oslo_config/cfg.py:3006}}
May 14 10:18:27.950629 np0000174121 neutron-periodic-workers[105051]: DEBUG cotyledon.oslo_config_glue [-] OVS.ovsdb_timeout = 10 {{(pid=105051) log_opt_values /opt/stack/data/venv/lib/python3.12/site-packages/oslo_config/cfg.py:3006}}
May 14 10:18:27.950714 np0000174121 neutron-periodic-workers[105051]: DEBUG cotyledon.oslo_config_glue [-] ovn_nb_global.fdb_removal_limit = 0 {{(pid=105051) log_opt_values /opt/stack/data/venv/lib/python3.12/site-packages/oslo_config/cfg.py:3006}}
May 14 10:18:27.950789 np0000174121 neutron-periodic-workers[105051]: DEBUG cotyledon.oslo_config_glue [-] ovn_nb_global.ignore_lsp_down = False {{(pid=105051) log_opt_values /opt/stack/data/venv/lib/python3.12/site-packages/oslo_config/cfg.py:3006}}
May 14 10:18:27.950864 np0000174121 neutron-periodic-workers[105051]: DEBUG cotyledon.oslo_config_glue [-] ovn_nb_global.mac_binding_removal_limit = 0 {{(pid=105051) log_opt_values /opt/stack/data/venv/lib/python3.12/site-packages/oslo_config/cfg.py:3006}}
May 14 10:18:27.950928 np0000174121 neutron-periodic-workers[105051]: DEBUG cotyledon.oslo_config_glue [-] ******************************************************************************** {{(pid=105051) log_opt_values /opt/stack/data/venv/lib/python3.12/site-packages/oslo_config/cfg.py:3013}}
May 14 10:18:27.951148 np0000174121 neutron-periodic-workers[105051]: DEBUG cotyledon._service_worker [-] Run service ServiceWrapper(0) [105051] {{(pid=105051) wait_forever /opt/stack/data/venv/lib/python3.12/site-packages/cotyledon/_service_worker.py:218}}
May 14 10:18:37.581445 np0000174121 neutron-periodic-workers[104256]: DEBUG dbcounter [-] [104256] Writing DB stats neutron:SELECT=4 {{(pid=104256) stat_writer /opt/stack/data/venv/lib/python3.12/site-packages/dbcounter.py:115}}
May 14 10:19:27.886383 np0000174121 neutron-periodic-workers[105022]: DEBUG oslo_db.sqlalchemy.engines [None req-20cdb103-b7ab-47e7-a387-68e1e8d65071 None None] Parent process 104256 forked (105022) with an open database connection, which is being discarded and recreated. {{(pid=105022) checkout /opt/stack/data/venv/lib/python3.12/site-packages/oslo_db/sqlalchemy/engines.py:402}}
May 14 10:19:27.895202 np0000174121 neutron-periodic-workers[105022]: DEBUG dbcounter [-] [105022] Writer thread running {{(pid=105022) stat_writer /opt/stack/data/venv/lib/python3.12/site-packages/dbcounter.py:102}}
May 14 10:19:27.905177 np0000174121 neutron-periodic-workers[105022]: DEBUG oslo.service.backend._threading.loopingcall [None req-20cdb103-b7ab-47e7-a387-68e1e8d65071 None None] Fixed interval looping call 'neutron.plugins.ml2.plugin.DhcpAgentSchedulerDbMixin.remove_networks_from_down_agents' sleeping for 36.97 seconds {{(pid=105022) _run_loop /opt/stack/data/venv/lib/python3.12/site-packages/oslo_service/backend/_threading/loopingcall.py:125}}
May 14 10:19:35.914554 np0000174121 neutron-periodic-workers[105029]: DEBUG dbcounter [-] [105029] Writer thread running {{(pid=105029) stat_writer /opt/stack/data/venv/lib/python3.12/site-packages/dbcounter.py:102}}
May 14 10:19:35.918727 np0000174121 neutron-periodic-workers[105029]: DEBUG neutron.db.agents_db [None req-89a387ea-98d8-4009-9f56-7d7514dbf9cd None None] Agent healthcheck: found 0 active agents {{(pid=105029) agent_health_check /opt/stack/neutron/neutron/db/agents_db.py:322}}
May 14 10:19:35.918934 np0000174121 neutron-periodic-workers[105029]: DEBUG oslo.service.backend._threading.loopingcall [None req-89a387ea-98d8-4009-9f56-7d7514dbf9cd None None] Fixed interval looping call 'neutron.plugins.ml2.plugin.AgentDbMixin.agent_health_check' sleeping for 36.98 seconds {{(pid=105029) _run_loop /opt/stack/data/venv/lib/python3.12/site-packages/oslo_service/backend/_threading/loopingcall.py:125}}
May 14 10:19:37.903820 np0000174121 neutron-periodic-workers[105022]: DEBUG dbcounter [-] [105022] Writing DB stats neutron:SELECT=3 {{(pid=105022) stat_writer /opt/stack/data/venv/lib/python3.12/site-packages/dbcounter.py:115}}
May 14 10:19:45.915289 np0000174121 neutron-periodic-workers[105029]: DEBUG dbcounter [-] [105029] Writing DB stats neutron:SELECT=1 {{(pid=105029) stat_writer /opt/stack/data/venv/lib/python3.12/site-packages/dbcounter.py:115}}
May 14 10:20:04.885167 np0000174121 neutron-periodic-workers[105022]: DEBUG oslo.service.backend._threading.loopingcall [None req-20cdb103-b7ab-47e7-a387-68e1e8d65071 None None] Fixed interval looping call 'neutron.plugins.ml2.plugin.DhcpAgentSchedulerDbMixin.remove_networks_from_down_agents' sleeping for 36.99 seconds {{(pid=105022) _run_loop /opt/stack/data/venv/lib/python3.12/site-packages/oslo_service/backend/_threading/loopingcall.py:125}}
May 14 10:20:12.910335 np0000174121 neutron-periodic-workers[105029]: DEBUG neutron.db.agents_db [None req-89a387ea-98d8-4009-9f56-7d7514dbf9cd None None] Agent healthcheck: found 0 active agents {{(pid=105029) agent_health_check /opt/stack/neutron/neutron/db/agents_db.py:322}}
May 14 10:20:12.912183 np0000174121 neutron-periodic-workers[105029]: DEBUG oslo.service.backend._threading.loopingcall [None req-89a387ea-98d8-4009-9f56-7d7514dbf9cd None None] Fixed interval looping call 'neutron.plugins.ml2.plugin.AgentDbMixin.agent_health_check' sleeping for 36.99 seconds {{(pid=105029) _run_loop /opt/stack/data/venv/lib/python3.12/site-packages/oslo_service/backend/_threading/loopingcall.py:125}}
May 14 10:20:14.884979 np0000174121 neutron-periodic-workers[105022]: DEBUG dbcounter [-] [105022] Writing DB stats neutron:SELECT=3 {{(pid=105022) stat_writer /opt/stack/data/venv/lib/python3.12/site-packages/dbcounter.py:115}}
May 14 10:20:22.908543 np0000174121 neutron-periodic-workers[105029]: DEBUG dbcounter [-] [105029] Writing DB stats neutron:SELECT=1 {{(pid=105029) stat_writer /opt/stack/data/venv/lib/python3.12/site-packages/dbcounter.py:115}}
May 14 10:20:27.942403 np0000174121 neutron-periodic-workers[105040]: DEBUG dbcounter [-] [105040] Writer thread running {{(pid=105040) stat_writer /opt/stack/data/venv/lib/python3.12/site-packages/dbcounter.py:102}}
May 14 10:20:27.944163 np0000174121 neutron-periodic-workers[105040]: DEBUG oslo.service.backend._threading.loopingcall [None req-9245188f-4d69-4af7-b65b-6aa62502c430 None None] Fixed interval looping call 'neutron.db.quota.driver_nolock.DbQuotaNoLockDriver._remove_expired_reservations' sleeping for 119.98 seconds {{(pid=105040) _run_loop /opt/stack/data/venv/lib/python3.12/site-packages/oslo_service/backend/_threading/loopingcall.py:125}}
May 14 10:20:37.943185 np0000174121 neutron-periodic-workers[105040]: DEBUG dbcounter [-] [105040] Writing DB stats neutron:DELETE=1 {{(pid=105040) stat_writer /opt/stack/data/venv/lib/python3.12/site-packages/dbcounter.py:115}}
May 14 10:20:41.885879 np0000174121 neutron-periodic-workers[105022]: DEBUG oslo.service.backend._threading.loopingcall [None req-20cdb103-b7ab-47e7-a387-68e1e8d65071 None None] Fixed interval looping call 'neutron.plugins.ml2.plugin.DhcpAgentSchedulerDbMixin.remove_networks_from_down_agents' sleeping for 36.99 seconds {{(pid=105022) _run_loop /opt/stack/data/venv/lib/python3.12/site-packages/oslo_service/backend/_threading/loopingcall.py:125}}
May 14 10:20:49.907475 np0000174121 neutron-periodic-workers[105029]: DEBUG neutron.db.agents_db [None req-89a387ea-98d8-4009-9f56-7d7514dbf9cd None None] Agent healthcheck: found 0 active agents {{(pid=105029) agent_health_check /opt/stack/neutron/neutron/db/agents_db.py:322}}
May 14 10:20:49.908327 np0000174121 neutron-periodic-workers[105029]: DEBUG oslo.service.backend._threading.loopingcall [None req-89a387ea-98d8-4009-9f56-7d7514dbf9cd None None] Fixed interval looping call 'neutron.plugins.ml2.plugin.AgentDbMixin.agent_health_check' sleeping for 36.99 seconds {{(pid=105029) _run_loop /opt/stack/data/venv/lib/python3.12/site-packages/oslo_service/backend/_threading/loopingcall.py:125}}
May 14 10:20:51.884782 np0000174121 neutron-periodic-workers[105022]: DEBUG dbcounter [-] [105022] Writing DB stats neutron:SELECT=3 {{(pid=105022) stat_writer /opt/stack/data/venv/lib/python3.12/site-packages/dbcounter.py:115}}
May 14 10:20:59.905739 np0000174121 neutron-periodic-workers[105029]: DEBUG dbcounter [-] [105029] Writing DB stats neutron:SELECT=1 {{(pid=105029) stat_writer /opt/stack/data/venv/lib/python3.12/site-packages/dbcounter.py:115}}
May 14 10:21:18.887626 np0000174121 neutron-periodic-workers[105022]: DEBUG oslo.service.backend._threading.loopingcall [None req-20cdb103-b7ab-47e7-a387-68e1e8d65071 None None] Fixed interval looping call 'neutron.plugins.ml2.plugin.DhcpAgentSchedulerDbMixin.remove_networks_from_down_agents' sleeping for 36.99 seconds {{(pid=105022) _run_loop /opt/stack/data/venv/lib/python3.12/site-packages/oslo_service/backend/_threading/loopingcall.py:125}}
May 14 10:21:26.903186 np0000174121 neutron-periodic-workers[105029]: DEBUG neutron.db.agents_db [None req-89a387ea-98d8-4009-9f56-7d7514dbf9cd None None] Agent healthcheck: found 0 active agents {{(pid=105029) agent_health_check /opt/stack/neutron/neutron/db/agents_db.py:322}}
May 14 10:21:26.903186 np0000174121 neutron-periodic-workers[105029]: DEBUG oslo.service.backend._threading.loopingcall [None req-89a387ea-98d8-4009-9f56-7d7514dbf9cd None None] Fixed interval looping call 'neutron.plugins.ml2.plugin.AgentDbMixin.agent_health_check' sleeping for 36.99 seconds {{(pid=105029) _run_loop /opt/stack/data/venv/lib/python3.12/site-packages/oslo_service/backend/_threading/loopingcall.py:125}}
May 14 10:21:28.886540 np0000174121 neutron-periodic-workers[105022]: DEBUG dbcounter [-] [105022] Writing DB stats neutron:SELECT=3 {{(pid=105022) stat_writer /opt/stack/data/venv/lib/python3.12/site-packages/dbcounter.py:115}}
May 14 10:21:36.900970 np0000174121 neutron-periodic-workers[105029]: DEBUG dbcounter [-] [105029] Writing DB stats neutron:SELECT=1 {{(pid=105029) stat_writer /opt/stack/data/venv/lib/python3.12/site-packages/dbcounter.py:115}}
May 14 10:21:54.987520 np0000174121 neutron-periodic-workers[105051]: DEBUG dbcounter [-] [105051] Writer thread running {{(pid=105051) stat_writer /opt/stack/data/venv/lib/python3.12/site-packages/dbcounter.py:102}}
May 14 10:21:54.998972 np0000174121 neutron-periodic-workers[105051]: DEBUG oslo.service.backend._threading.loopingcall [None req-d2f74b71-14f4-4d1b-880e-1d8f420cf8cd None None] Fixed interval looping call 'neutron.services.ovn_l3.plugin.L3_NAT_dbonly_mixin._clean_garbage' sleeping for 299.96 seconds {{(pid=105051) _run_loop /opt/stack/data/venv/lib/python3.12/site-packages/oslo_service/backend/_threading/loopingcall.py:125}}
May 14 10:21:55.888573 np0000174121 neutron-periodic-workers[105022]: DEBUG oslo.service.backend._threading.loopingcall [None req-20cdb103-b7ab-47e7-a387-68e1e8d65071 None None] Fixed interval looping call 'neutron.plugins.ml2.plugin.DhcpAgentSchedulerDbMixin.remove_networks_from_down_agents' sleeping for 36.99 seconds {{(pid=105022) _run_loop /opt/stack/data/venv/lib/python3.12/site-packages/oslo_service/backend/_threading/loopingcall.py:125}}
May 14 10:22:03.898717 np0000174121 neutron-periodic-workers[105029]: DEBUG neutron.db.agents_db [None req-89a387ea-98d8-4009-9f56-7d7514dbf9cd None None] Agent healthcheck: found 0 active agents {{(pid=105029) agent_health_check /opt/stack/neutron/neutron/db/agents_db.py:322}}
May 14 10:22:03.900157 np0000174121 neutron-periodic-workers[105029]: DEBUG oslo.service.backend._threading.loopingcall [None req-89a387ea-98d8-4009-9f56-7d7514dbf9cd None None] Fixed interval looping call 'neutron.plugins.ml2.plugin.AgentDbMixin.agent_health_check' sleeping for 36.99 seconds {{(pid=105029) _run_loop /opt/stack/data/venv/lib/python3.12/site-packages/oslo_service/backend/_threading/loopingcall.py:125}}
May 14 10:22:04.988377 np0000174121 neutron-periodic-workers[105051]: DEBUG dbcounter [-] [105051] Writing DB stats neutron:SELECT=1 {{(pid=105051) stat_writer /opt/stack/data/venv/lib/python3.12/site-packages/dbcounter.py:115}}
May 14 10:22:05.887393 np0000174121 neutron-periodic-workers[105022]: DEBUG dbcounter [-] [105022] Writing DB stats neutron:SELECT=3 {{(pid=105022) stat_writer /opt/stack/data/venv/lib/python3.12/site-packages/dbcounter.py:115}}
May 14 10:22:13.897689 np0000174121 neutron-periodic-workers[105029]: DEBUG dbcounter [-] [105029] Writing DB stats neutron:SELECT=1 {{(pid=105029) stat_writer /opt/stack/data/venv/lib/python3.12/site-packages/dbcounter.py:115}}
May 14 10:22:27.930657 np0000174121 neutron-periodic-workers[105040]: DEBUG oslo.service.backend._threading.loopingcall [None req-9245188f-4d69-4af7-b65b-6aa62502c430 None None] Fixed interval looping call 'neutron.db.quota.driver_nolock.DbQuotaNoLockDriver._remove_expired_reservations' sleeping for 119.99 seconds {{(pid=105040) _run_loop /opt/stack/data/venv/lib/python3.12/site-packages/oslo_service/backend/_threading/loopingcall.py:125}}
May 14 10:22:32.890516 np0000174121 neutron-periodic-workers[105022]: DEBUG oslo.service.backend._threading.loopingcall [None req-20cdb103-b7ab-47e7-a387-68e1e8d65071 None None] Fixed interval looping call 'neutron.plugins.ml2.plugin.DhcpAgentSchedulerDbMixin.remove_networks_from_down_agents' sleeping for 36.99 seconds {{(pid=105022) _run_loop /opt/stack/data/venv/lib/python3.12/site-packages/oslo_service/backend/_threading/loopingcall.py:125}}
May 14 10:22:37.929724 np0000174121 neutron-periodic-workers[105040]: DEBUG dbcounter [-] [105040] Writing DB stats neutron:DELETE=1 {{(pid=105040) stat_writer /opt/stack/data/venv/lib/python3.12/site-packages/dbcounter.py:115}}
May 14 10:22:40.894175 np0000174121 neutron-periodic-workers[105029]: DEBUG neutron.db.agents_db [None req-89a387ea-98d8-4009-9f56-7d7514dbf9cd None None] Agent healthcheck: found 0 active agents {{(pid=105029) agent_health_check /opt/stack/neutron/neutron/db/agents_db.py:322}}
May 14 10:22:40.895115 np0000174121 neutron-periodic-workers[105029]: DEBUG oslo.service.backend._threading.loopingcall [None req-89a387ea-98d8-4009-9f56-7d7514dbf9cd None None] Fixed interval looping call 'neutron.plugins.ml2.plugin.AgentDbMixin.agent_health_check' sleeping for 36.99 seconds {{(pid=105029) _run_loop /opt/stack/data/venv/lib/python3.12/site-packages/oslo_service/backend/_threading/loopingcall.py:125}}
May 14 10:22:42.888896 np0000174121 neutron-periodic-workers[105022]: DEBUG dbcounter [-] [105022] Writing DB stats neutron:SELECT=3 {{(pid=105022) stat_writer /opt/stack/data/venv/lib/python3.12/site-packages/dbcounter.py:115}}
May 14 10:22:50.892425 np0000174121 neutron-periodic-workers[105029]: DEBUG dbcounter [-] [105029] Writing DB stats neutron:SELECT=1 {{(pid=105029) stat_writer /opt/stack/data/venv/lib/python3.12/site-packages/dbcounter.py:115}}
May 14 10:23:09.890921 np0000174121 neutron-periodic-workers[105022]: DEBUG oslo.service.backend._threading.loopingcall [None req-20cdb103-b7ab-47e7-a387-68e1e8d65071 None None] Fixed interval looping call 'neutron.plugins.ml2.plugin.DhcpAgentSchedulerDbMixin.remove_networks_from_down_agents' sleeping for 36.99 seconds {{(pid=105022) _run_loop /opt/stack/data/venv/lib/python3.12/site-packages/oslo_service/backend/_threading/loopingcall.py:125}}
May 14 10:23:17.890121 np0000174121 neutron-periodic-workers[105029]: DEBUG neutron.db.agents_db [None req-89a387ea-98d8-4009-9f56-7d7514dbf9cd None None] Agent healthcheck: found 0 active agents {{(pid=105029) agent_health_check /opt/stack/neutron/neutron/db/agents_db.py:322}}
May 14 10:23:17.890879 np0000174121 neutron-periodic-workers[105029]: DEBUG oslo.service.backend._threading.loopingcall [None req-89a387ea-98d8-4009-9f56-7d7514dbf9cd None None] Fixed interval looping call 'neutron.plugins.ml2.plugin.AgentDbMixin.agent_health_check' sleeping for 36.99 seconds {{(pid=105029) _run_loop /opt/stack/data/venv/lib/python3.12/site-packages/oslo_service/backend/_threading/loopingcall.py:125}}
May 14 10:23:19.889308 np0000174121 neutron-periodic-workers[105022]: DEBUG dbcounter [-] [105022] Writing DB stats neutron:SELECT=3 {{(pid=105022) stat_writer /opt/stack/data/venv/lib/python3.12/site-packages/dbcounter.py:115}}
May 14 10:23:27.888314 np0000174121 neutron-periodic-workers[105029]: DEBUG dbcounter [-] [105029] Writing DB stats neutron:SELECT=1 {{(pid=105029) stat_writer /opt/stack/data/venv/lib/python3.12/site-packages/dbcounter.py:115}}
May 14 10:23:46.891794 np0000174121 neutron-periodic-workers[105022]: DEBUG oslo.service.backend._threading.loopingcall [None req-20cdb103-b7ab-47e7-a387-68e1e8d65071 None None] Fixed interval looping call 'neutron.plugins.ml2.plugin.DhcpAgentSchedulerDbMixin.remove_networks_from_down_agents' sleeping for 36.99 seconds {{(pid=105022) _run_loop /opt/stack/data/venv/lib/python3.12/site-packages/oslo_service/backend/_threading/loopingcall.py:125}}
May 14 10:23:54.886023 np0000174121 neutron-periodic-workers[105029]: DEBUG neutron.db.agents_db [None req-89a387ea-98d8-4009-9f56-7d7514dbf9cd None None] Agent healthcheck: found 0 active agents {{(pid=105029) agent_health_check /opt/stack/neutron/neutron/db/agents_db.py:322}}
May 14 10:23:54.886786 np0000174121 neutron-periodic-workers[105029]: DEBUG oslo.service.backend._threading.loopingcall [None req-89a387ea-98d8-4009-9f56-7d7514dbf9cd None None] Fixed interval looping call 'neutron.plugins.ml2.plugin.AgentDbMixin.agent_health_check' sleeping for 36.99 seconds {{(pid=105029) _run_loop /opt/stack/data/venv/lib/python3.12/site-packages/oslo_service/backend/_threading/loopingcall.py:125}}
May 14 10:23:56.890526 np0000174121 neutron-periodic-workers[105022]: DEBUG dbcounter [-] [105022] Writing DB stats neutron:SELECT=3 {{(pid=105022) stat_writer /opt/stack/data/venv/lib/python3.12/site-packages/dbcounter.py:115}}
May 14 10:24:04.885029 np0000174121 neutron-periodic-workers[105029]: DEBUG dbcounter [-] [105029] Writing DB stats neutron:SELECT=1 {{(pid=105029) stat_writer /opt/stack/data/venv/lib/python3.12/site-packages/dbcounter.py:115}}
May 14 10:24:23.892258 np0000174121 neutron-periodic-workers[105022]: DEBUG oslo.service.backend._threading.loopingcall [None req-20cdb103-b7ab-47e7-a387-68e1e8d65071 None None] Fixed interval looping call 'neutron.plugins.ml2.plugin.DhcpAgentSchedulerDbMixin.remove_networks_from_down_agents' sleeping for 36.99 seconds {{(pid=105022) _run_loop /opt/stack/data/venv/lib/python3.12/site-packages/oslo_service/backend/_threading/loopingcall.py:125}}
May 14 10:24:27.926249 np0000174121 neutron-periodic-workers[105040]: DEBUG oslo.service.backend._threading.loopingcall [None req-9245188f-4d69-4af7-b65b-6aa62502c430 None None] Fixed interval looping call 'neutron.db.quota.driver_nolock.DbQuotaNoLockDriver._remove_expired_reservations' sleeping for 119.99 seconds {{(pid=105040) _run_loop /opt/stack/data/venv/lib/python3.12/site-packages/oslo_service/backend/_threading/loopingcall.py:125}}
May 14 10:24:31.882708 np0000174121 neutron-periodic-workers[105029]: DEBUG neutron.db.agents_db [None req-89a387ea-98d8-4009-9f56-7d7514dbf9cd None None] Agent healthcheck: found 0 active agents {{(pid=105029) agent_health_check /opt/stack/neutron/neutron/db/agents_db.py:322}}
May 14 10:24:31.883542 np0000174121 neutron-periodic-workers[105029]: DEBUG oslo.service.backend._threading.loopingcall [None req-89a387ea-98d8-4009-9f56-7d7514dbf9cd None None] Fixed interval looping call 'neutron.plugins.ml2.plugin.AgentDbMixin.agent_health_check' sleeping for 36.99 seconds {{(pid=105029) _run_loop /opt/stack/data/venv/lib/python3.12/site-packages/oslo_service/backend/_threading/loopingcall.py:125}}
May 14 10:24:33.891409 np0000174121 neutron-periodic-workers[105022]: DEBUG dbcounter [-] [105022] Writing DB stats neutron:SELECT=3 {{(pid=105022) stat_writer /opt/stack/data/venv/lib/python3.12/site-packages/dbcounter.py:115}}
May 14 10:24:37.924643 np0000174121 neutron-periodic-workers[105040]: DEBUG dbcounter [-] [105040] Writing DB stats neutron:DELETE=1 {{(pid=105040) stat_writer /opt/stack/data/venv/lib/python3.12/site-packages/dbcounter.py:115}}
May 14 10:24:41.880849 np0000174121 neutron-periodic-workers[105029]: DEBUG dbcounter [-] [105029] Writing DB stats neutron:SELECT=1 {{(pid=105029) stat_writer /opt/stack/data/venv/lib/python3.12/site-packages/dbcounter.py:115}}
May 14 10:25:00.891123 np0000174121 neutron-periodic-workers[105022]: DEBUG oslo.service.backend._threading.loopingcall [None req-20cdb103-b7ab-47e7-a387-68e1e8d65071 None None] Fixed interval looping call 'neutron.plugins.ml2.plugin.DhcpAgentSchedulerDbMixin.remove_networks_from_down_agents' sleeping for 36.99 seconds {{(pid=105022) _run_loop /opt/stack/data/venv/lib/python3.12/site-packages/oslo_service/backend/_threading/loopingcall.py:125}}
May 14 10:25:08.878661 np0000174121 neutron-periodic-workers[105029]: DEBUG neutron.db.agents_db [None req-89a387ea-98d8-4009-9f56-7d7514dbf9cd None None] Agent healthcheck: found 0 active agents {{(pid=105029) agent_health_check /opt/stack/neutron/neutron/db/agents_db.py:322}}
May 14 10:25:08.878661 np0000174121 neutron-periodic-workers[105029]: DEBUG oslo.service.backend._threading.loopingcall [None req-89a387ea-98d8-4009-9f56-7d7514dbf9cd None None] Fixed interval looping call 'neutron.plugins.ml2.plugin.AgentDbMixin.agent_health_check' sleeping for 36.99 seconds {{(pid=105029) _run_loop /opt/stack/data/venv/lib/python3.12/site-packages/oslo_service/backend/_threading/loopingcall.py:125}}
May 14 10:25:10.889572 np0000174121 neutron-periodic-workers[105022]: DEBUG dbcounter [-] [105022] Writing DB stats neutron:SELECT=3 {{(pid=105022) stat_writer /opt/stack/data/venv/lib/python3.12/site-packages/dbcounter.py:115}}
May 14 10:25:18.876536 np0000174121 neutron-periodic-workers[105029]: DEBUG dbcounter [-] [105029] Writing DB stats neutron:SELECT=1 {{(pid=105029) stat_writer /opt/stack/data/venv/lib/python3.12/site-packages/dbcounter.py:115}}
May 14 10:25:37.892217 np0000174121 neutron-periodic-workers[105022]: DEBUG oslo.service.backend._threading.loopingcall [None req-20cdb103-b7ab-47e7-a387-68e1e8d65071 None None] Fixed interval looping call 'neutron.plugins.ml2.plugin.DhcpAgentSchedulerDbMixin.remove_networks_from_down_agents' sleeping for 36.99 seconds {{(pid=105022) _run_loop /opt/stack/data/venv/lib/python3.12/site-packages/oslo_service/backend/_threading/loopingcall.py:125}}
May 14 10:25:45.873306 np0000174121 neutron-periodic-workers[105029]: DEBUG neutron.db.agents_db [None req-89a387ea-98d8-4009-9f56-7d7514dbf9cd None None] Agent healthcheck: found 0 active agents {{(pid=105029) agent_health_check /opt/stack/neutron/neutron/db/agents_db.py:322}}
May 14 10:25:45.873792 np0000174121 neutron-periodic-workers[105029]: DEBUG oslo.service.backend._threading.loopingcall [None req-89a387ea-98d8-4009-9f56-7d7514dbf9cd None None] Fixed interval looping call 'neutron.plugins.ml2.plugin.AgentDbMixin.agent_health_check' sleeping for 37.00 seconds {{(pid=105029) _run_loop /opt/stack/data/venv/lib/python3.12/site-packages/oslo_service/backend/_threading/loopingcall.py:125}}
May 14 10:25:47.890609 np0000174121 neutron-periodic-workers[105022]: DEBUG dbcounter [-] [105022] Writing DB stats neutron:SELECT=3 {{(pid=105022) stat_writer /opt/stack/data/venv/lib/python3.12/site-packages/dbcounter.py:115}}
May 14 10:25:55.872188 np0000174121 neutron-periodic-workers[105029]: DEBUG dbcounter [-] [105029] Writing DB stats neutron:SELECT=1 {{(pid=105029) stat_writer /opt/stack/data/venv/lib/python3.12/site-packages/dbcounter.py:115}}
May 14 10:26:14.893483 np0000174121 neutron-periodic-workers[105022]: DEBUG oslo.service.backend._threading.loopingcall [None req-20cdb103-b7ab-47e7-a387-68e1e8d65071 None None] Fixed interval looping call 'neutron.plugins.ml2.plugin.DhcpAgentSchedulerDbMixin.remove_networks_from_down_agents' sleeping for 36.99 seconds {{(pid=105022) _run_loop /opt/stack/data/venv/lib/python3.12/site-packages/oslo_service/backend/_threading/loopingcall.py:125}}