Apr 09 14:05:27.753413 np0000164514 devstack@neutron-api.service[102227]: DEBUG neutron_lib.callbacks.manager [None req-f9a4c50a-6552-4901-bacf-e24f365f9a65 None None] Publish callbacks ['neutron.plugins.ml2.drivers.ovn.mech_driver.mech_driver.OVNMechanismDriver.pre_fork_initialize-348151'] for process (None), before_spawn {{(pid=102227) _notify_loop /opt/stack/data/venv/lib/python3.12/site-packages/neutron_lib/callbacks/manager.py:184}}
Apr 09 14:05:27.753801 np0000164514 devstack@neutron-api.service[102227]: DEBUG oslo_concurrency.processutils [None req-f9a4c50a-6552-4901-bacf-e24f365f9a65 None None] Running cmd (subprocess): ovsdb-client transact ssl:199.204.45.89:6641 --timeout 180 -p /opt/stack/data/CA/int-ca/private/devstack-cert.key -c /opt/stack/data/CA/int-ca/devstack-cert.crt -C /opt/stack/data/CA/int-ca/ca-chain.pem ["OVN_Northbound", {"op": "wait", "timeout": 0, "table": "Port_Group", "where": [["name", "==", "neutron_pg_drop"]], "until": "==", "rows": []}, {"op": "insert", "table": "ACL", "row": {"action": "drop", "direction": "to-lport", "match": "outport == @neutron_pg_drop && ip", "priority": 1001}, "uuid-name": "droptoport"}, {"op": "insert", "table": "ACL", "row": {"action": "drop", "direction": "from-lport", "match": "inport == @neutron_pg_drop && ip", "priority": 1001}, "uuid-name": "dropfromport"}, {"op": "insert", "table": "Port_Group", "row": {"name": "neutron_pg_drop", "acls": ["set", [["named-uuid", "droptoport"], ["named-uuid", "dropfromport"]]]}}] {{(pid=102227) execute /opt/stack/data/venv/lib/python3.12/site-packages/oslo_concurrency/processutils.py:440}}
Apr 09 14:05:27.774202 np0000164514 devstack@neutron-api.service[102228]: DEBUG oslo_concurrency.processutils [None req-7eda98de-2613-4fb0-9b65-be01c0f60d91 None None] CMD "ovsdb-client transact ssl:199.204.45.89:6641 --timeout 180 -p /opt/stack/data/CA/int-ca/private/devstack-cert.key -c /opt/stack/data/CA/int-ca/devstack-cert.crt -C /opt/stack/data/CA/int-ca/ca-chain.pem ["OVN_Northbound", {"op": "wait", "timeout": 0, "table": "Port_Group", "where": [["name", "==", "neutron_pg_drop"]], "until": "==", "rows": []}, {"op": "insert", "table": "ACL", "row": {"action": "drop", "direction": "to-lport", "match": "outport == @neutron_pg_drop && ip", "priority": 1001}, "uuid-name": "droptoport"}, {"op": "insert", "table": "ACL", "row": {"action": "drop", "direction": "from-lport", "match": "inport == @neutron_pg_drop && ip", "priority": 1001}, "uuid-name": "dropfromport"}, {"op": "insert", "table": "Port_Group", "row": {"name": "neutron_pg_drop", "acls": ["set", [["named-uuid", "droptoport"], ["named-uuid", "dropfromport"]]]}}]" returned: 0 in 0.040s {{(pid=102228) execute /opt/stack/data/venv/lib/python3.12/site-packages/oslo_concurrency/processutils.py:468}}
Apr 09 14:05:27.774887 np0000164514 devstack@neutron-api.service[102228]: DEBUG neutron_lib.callbacks.manager [None req-7eda98de-2613-4fb0-9b65-be01c0f60d91 None None] Publish callbacks ['neutron.plugins.ml2.drivers.ovn.mech_driver.mech_driver.OVNMechanismDriver.post_fork_initialize-339584', 'neutron.services.ovn_l3.plugin.OVNL3RouterPlugin._post_fork_initialize-207078'] for process (None), after_init {{(pid=102228) _notify_loop /opt/stack/data/venv/lib/python3.12/site-packages/neutron_lib/callbacks/manager.py:184}}
Apr 09 14:05:27.775450 np0000164514 devstack@neutron-api.service[102228]: DEBUG oslo_concurrency.lockutils [None req-7eda98de-2613-4fb0-9b65-be01c0f60d91 None None] Acquiring lock "singleton_lock" {{(pid=102228) lock /opt/stack/data/venv/lib/python3.12/site-packages/oslo_concurrency/lockutils.py:390}}
Apr 09 14:05:27.775698 np0000164514 devstack@neutron-api.service[102228]: DEBUG oslo_concurrency.lockutils [None req-7eda98de-2613-4fb0-9b65-be01c0f60d91 None None] Acquired lock "singleton_lock" {{(pid=102228) lock /opt/stack/data/venv/lib/python3.12/site-packages/oslo_concurrency/lockutils.py:393}}
Apr 09 14:05:27.776101 np0000164514 devstack@neutron-api.service[102228]: DEBUG oslo_concurrency.lockutils [None req-7eda98de-2613-4fb0-9b65-be01c0f60d91 None None] Releasing lock "singleton_lock" {{(pid=102228) lock /opt/stack/data/venv/lib/python3.12/site-packages/oslo_concurrency/lockutils.py:413}}
Apr 09 14:05:27.779049 np0000164514 devstack@neutron-api.service[102228]: DEBUG neutron.plugins.ml2.drivers.ovn.mech_driver.mech_driver [None req-7eda98de-2613-4fb0-9b65-be01c0f60d91 None None] Hash Ring setup using WSGI start time 2026-04-09 14:05:20+00:00 {{(pid=102228) _init_hash_ring /opt/stack/neutron/neutron/plugins/ml2/drivers/ovn/mech_driver/mech_driver.py:402}}
Apr 09 14:05:27.786737 np0000164514 devstack@neutron-api.service[102228]: INFO neutron.db.ovn_hash_ring_db [None req-7eda98de-2613-4fb0-9b65-be01c0f60d91 None None] Nodes from host "np0000164514" and group "mechanism_driver" removed from the Hash Ring created at 2026-04-09 14:05:20+00:00
Apr 09 14:05:27.790566 np0000164514 devstack@neutron-api.service[102228]: INFO neutron.db.ovn_hash_ring_db [None req-7eda98de-2613-4fb0-9b65-be01c0f60d91 None None] Node 8a25e353e7075748bc52c5accbec3b48 from host "np0000164514" and group "mechanism_driver" added to the Hash Ring
Apr 09 14:05:27.792554 np0000164514 devstack@neutron-api.service[102228]: DEBUG neutron.plugins.ml2.drivers.ovn.mech_driver.mech_driver [None req-7eda98de-2613-4fb0-9b65-be01c0f60d91 None None] Hash Ring setup, this worker has detected 2 OVN hash ring registers in the database {{(pid=102228) _init_hash_ring /opt/stack/neutron/neutron/plugins/ml2/drivers/ovn/mech_driver/mech_driver.py:412}}
Apr 09 14:05:27.797569 np0000164514 devstack@neutron-api.service[102227]: DEBUG oslo_concurrency.processutils [None req-f9a4c50a-6552-4901-bacf-e24f365f9a65 None None] CMD "ovsdb-client transact ssl:199.204.45.89:6641 --timeout 180 -p /opt/stack/data/CA/int-ca/private/devstack-cert.key -c /opt/stack/data/CA/int-ca/devstack-cert.crt -C /opt/stack/data/CA/int-ca/ca-chain.pem ["OVN_Northbound", {"op": "wait", "timeout": 0, "table": "Port_Group", "where": [["name", "==", "neutron_pg_drop"]], "until": "==", "rows": []}, {"op": "insert", "table": "ACL", "row": {"action": "drop", "direction": "to-lport", "match": "outport == @neutron_pg_drop && ip", "priority": 1001}, "uuid-name": "droptoport"}, {"op": "insert", "table": "ACL", "row": {"action": "drop", "direction": "from-lport", "match": "inport == @neutron_pg_drop && ip", "priority": 1001}, "uuid-name": "dropfromport"}, {"op": "insert", "table": "Port_Group", "row": {"name": "neutron_pg_drop", "acls": ["set", [["named-uuid", "droptoport"], ["named-uuid", "dropfromport"]]]}}]" returned: 0 in 0.043s {{(pid=102227) execute /opt/stack/data/venv/lib/python3.12/site-packages/oslo_concurrency/processutils.py:468}}
Apr 09 14:05:27.798196 np0000164514 devstack@neutron-api.service[102227]: DEBUG neutron_lib.callbacks.manager [None req-f9a4c50a-6552-4901-bacf-e24f365f9a65 None None] Publish callbacks ['neutron.plugins.ml2.drivers.ovn.mech_driver.mech_driver.OVNMechanismDriver.post_fork_initialize-348111', 'neutron.services.ovn_l3.plugin.OVNL3RouterPlugin._post_fork_initialize-496176'] for process (None), after_init {{(pid=102227) _notify_loop /opt/stack/data/venv/lib/python3.12/site-packages/neutron_lib/callbacks/manager.py:184}}
Apr 09 14:05:27.798774 np0000164514 devstack@neutron-api.service[102228]: DEBUG neutron.plugins.ml2.drivers.ovn.mech_driver.ovsdb.maintenance [None req-7eda98de-2613-4fb0-9b65-be01c0f60d91 None None] Periodic task found: HashRingHealthCheckPeriodics.touch_hash_ring_node {{(pid=102228) add_periodics /opt/stack/neutron/neutron/plugins/ml2/drivers/ovn/mech_driver/ovsdb/maintenance.py:96}}
Apr 09 14:05:27.798889 np0000164514 devstack@neutron-api.service[102227]: DEBUG oslo_concurrency.lockutils [None req-f9a4c50a-6552-4901-bacf-e24f365f9a65 None None] Acquiring lock "singleton_lock" {{(pid=102227) lock /opt/stack/data/venv/lib/python3.12/site-packages/oslo_concurrency/lockutils.py:390}}
Apr 09 14:05:27.799049 np0000164514 devstack@neutron-api.service[102227]: DEBUG oslo_concurrency.lockutils [None req-f9a4c50a-6552-4901-bacf-e24f365f9a65 None None] Acquired lock "singleton_lock" {{(pid=102227) lock /opt/stack/data/venv/lib/python3.12/site-packages/oslo_concurrency/lockutils.py:393}}
Apr 09 14:05:27.799450 np0000164514 devstack@neutron-api.service[102227]: DEBUG oslo_concurrency.lockutils [None req-f9a4c50a-6552-4901-bacf-e24f365f9a65 None None] Releasing lock "singleton_lock" {{(pid=102227) lock /opt/stack/data/venv/lib/python3.12/site-packages/oslo_concurrency/lockutils.py:413}}
Apr 09 14:05:27.800102 np0000164514 devstack@neutron-api.service[102228]: INFO neutron.plugins.ml2.drivers.ovn.mech_driver.mech_driver [None req-7eda98de-2613-4fb0-9b65-be01c0f60d91 None None] Hash Ring probing thread for node 8a25e353e7075748bc52c5accbec3b48 has started
Apr 09 14:05:27.800903 np0000164514 devstack@neutron-api.service[102228]: INFO neutron.plugins.ml2.drivers.ovn.mech_driver.ovsdb.impl_idl_ovn [None req-7eda98de-2613-4fb0-9b65-be01c0f60d91 None None] Getting OvsdbNbOvnIdl for WorkerService with retry
Apr 09 14:05:27.802631 np0000164514 devstack@neutron-api.service[102227]: DEBUG neutron.plugins.ml2.drivers.ovn.mech_driver.mech_driver [None req-f9a4c50a-6552-4901-bacf-e24f365f9a65 None None] Hash Ring setup using WSGI start time 2026-04-09 14:05:20+00:00 {{(pid=102227) _init_hash_ring /opt/stack/neutron/neutron/plugins/ml2/drivers/ovn/mech_driver/mech_driver.py:402}}
Apr 09 14:05:27.810621 np0000164514 devstack@neutron-api.service[102227]: INFO neutron.db.ovn_hash_ring_db [None req-f9a4c50a-6552-4901-bacf-e24f365f9a65 None None] Nodes from host "np0000164514" and group "mechanism_driver" removed from the Hash Ring created at 2026-04-09 14:05:20+00:00
Apr 09 14:05:27.814153 np0000164514 devstack@neutron-api.service[102227]: INFO neutron.db.ovn_hash_ring_db [None req-f9a4c50a-6552-4901-bacf-e24f365f9a65 None None] Node 65632b3f8ffd5a8db770b7bc0dc40988 from host "np0000164514" and group "mechanism_driver" added to the Hash Ring
Apr 09 14:05:27.817285 np0000164514 devstack@neutron-api.service[102227]: DEBUG neutron.plugins.ml2.drivers.ovn.mech_driver.mech_driver [None req-f9a4c50a-6552-4901-bacf-e24f365f9a65 None None] Hash Ring setup, this worker has detected 3 OVN hash ring registers in the database {{(pid=102227) _init_hash_ring /opt/stack/neutron/neutron/plugins/ml2/drivers/ovn/mech_driver/mech_driver.py:412}}
Apr 09 14:05:27.822710 np0000164514 devstack@neutron-api.service[102227]: DEBUG neutron.plugins.ml2.drivers.ovn.mech_driver.ovsdb.maintenance [None req-f9a4c50a-6552-4901-bacf-e24f365f9a65 None None] Periodic task found: HashRingHealthCheckPeriodics.touch_hash_ring_node {{(pid=102227) add_periodics /opt/stack/neutron/neutron/plugins/ml2/drivers/ovn/mech_driver/ovsdb/maintenance.py:96}}
Apr 09 14:05:27.823766 np0000164514 devstack@neutron-api.service[102227]: INFO neutron.plugins.ml2.drivers.ovn.mech_driver.mech_driver [None req-f9a4c50a-6552-4901-bacf-e24f365f9a65 None None] Hash Ring probing thread for node 65632b3f8ffd5a8db770b7bc0dc40988 has started
Apr 09 14:05:27.824499 np0000164514 devstack@neutron-api.service[102227]: INFO neutron.plugins.ml2.drivers.ovn.mech_driver.ovsdb.impl_idl_ovn [None req-f9a4c50a-6552-4901-bacf-e24f365f9a65 None None] Getting OvsdbNbOvnIdl for WorkerService with retry
Apr 09 14:05:27.829705 np0000164514 devstack@neutron-api.service[102226]: DEBUG neutron.api.v2.resource_helper [None req-9bd6be03-b838-4685-9200-d9c8bd89d1a3 None None] Service L3_ROUTER_NAT assigned prefix: {{(pid=102226) build_resource_info /opt/stack/neutron/neutron/api/v2/resource_helper.py:77}}
Apr 09 14:05:27.830101 np0000164514 devstack@neutron-api.service[102226]: DEBUG neutron.api.v2.resource_helper [None req-9bd6be03-b838-4685-9200-d9c8bd89d1a3 None None] Service FLAVORS assigned prefix: {{(pid=102226) build_resource_info /opt/stack/neutron/neutron/api/v2/resource_helper.py:77}}
Apr 09 14:05:27.831081 np0000164514 devstack@neutron-api.service[102226]: DEBUG neutron.api.v2.resource_helper [None req-9bd6be03-b838-4685-9200-d9c8bd89d1a3 None None] Service L3_ROUTER_NAT assigned prefix: {{(pid=102226) build_resource_info /opt/stack/neutron/neutron/api/v2/resource_helper.py:77}}
Apr 09 14:05:27.831533 np0000164514 devstack@neutron-api.service[102226]: DEBUG neutron.api.v2.resource_helper [None req-9bd6be03-b838-4685-9200-d9c8bd89d1a3 None None] Service L3_ROUTER_NAT assigned prefix: {{(pid=102226) build_resource_info /opt/stack/neutron/neutron/api/v2/resource_helper.py:77}}
Apr 09 14:05:27.831687 np0000164514 devstack@neutron-api.service[102226]: INFO neutron.quota.resource_registry [None req-9bd6be03-b838-4685-9200-d9c8bd89d1a3 None None] Creating instance of TrackedResource for resource:router
Apr 09 14:05:27.831817 np0000164514 devstack@neutron-api.service[102226]: WARNING neutron.quota.resource_registry [None req-9bd6be03-b838-4685-9200-d9c8bd89d1a3 None None] router is already registered
Apr 09 14:05:27.832186 np0000164514 devstack@neutron-api.service[102226]: INFO neutron.quota.resource_registry [None req-9bd6be03-b838-4685-9200-d9c8bd89d1a3 None None] Creating instance of TrackedResource for resource:floatingip
Apr 09 14:05:27.832309 np0000164514 devstack@neutron-api.service[102226]: WARNING neutron.quota.resource_registry [None req-9bd6be03-b838-4685-9200-d9c8bd89d1a3 None None] floatingip is already registered
Apr 09 14:05:27.833288 np0000164514 devstack@neutron-api.service[102226]: INFO neutron.quota.resource_registry [None req-9bd6be03-b838-4685-9200-d9c8bd89d1a3 None None] Creating instance of CountableResource for resource:rbac_policy
Apr 09 14:05:27.833383 np0000164514 devstack@neutron-api.service[102226]: WARNING neutron.quota.resource_registry [None req-9bd6be03-b838-4685-9200-d9c8bd89d1a3 None None] rbac_policy is already registered
Apr 09 14:05:27.834224 np0000164514 devstack@neutron-api.service[102226]: INFO neutron.quota.resource_registry [None req-9bd6be03-b838-4685-9200-d9c8bd89d1a3 None None] Creating instance of TrackedResource for resource:security_group
Apr 09 14:05:27.834282 np0000164514 devstack@neutron-api.service[102226]: WARNING neutron.quota.resource_registry [None req-9bd6be03-b838-4685-9200-d9c8bd89d1a3 None None] security_group is already registered
Apr 09 14:05:27.834767 np0000164514 devstack@neutron-api.service[102226]: INFO neutron.quota.resource_registry [None req-9bd6be03-b838-4685-9200-d9c8bd89d1a3 None None] Creating instance of TrackedResource for resource:security_group_rule
Apr 09 14:05:27.834899 np0000164514 devstack@neutron-api.service[102226]: WARNING neutron.quota.resource_registry [None req-9bd6be03-b838-4685-9200-d9c8bd89d1a3 None None] security_group_rule is already registered
Apr 09 14:05:27.835359 np0000164514 devstack@neutron-api.service[102226]: DEBUG neutron.api.v2.resource_helper [None req-9bd6be03-b838-4685-9200-d9c8bd89d1a3 None None] Service CORE assigned prefix: {{(pid=102226) build_resource_info /opt/stack/neutron/neutron/api/v2/resource_helper.py:77}}
Apr 09 14:05:27.835483 np0000164514 devstack@neutron-api.service[102226]: INFO neutron.quota.resource_registry [None req-9bd6be03-b838-4685-9200-d9c8bd89d1a3 None None] Creating instance of TrackedResource for resource:subnetpool
Apr 09 14:05:27.835631 np0000164514 devstack@neutron-api.service[102226]: WARNING neutron.quota.resource_registry [None req-9bd6be03-b838-4685-9200-d9c8bd89d1a3 None None] subnetpool is already registered
Apr 09 14:05:27.836332 np0000164514 devstack@neutron-api.service[102226]: DEBUG neutron.api.extensions [None req-9bd6be03-b838-4685-9200-d9c8bd89d1a3 None None] Extended resource: extensions {{(pid=102226) __init__ /opt/stack/neutron/neutron/api/extensions.py:156}}
Apr 09 14:05:27.837083 np0000164514 devstack@neutron-api.service[102226]: DEBUG neutron.api.extensions [None req-9bd6be03-b838-4685-9200-d9c8bd89d1a3 None None] Extended resource: address-groups {{(pid=102226) __init__ /opt/stack/neutron/neutron/api/extensions.py:156}}
Apr 09 14:05:27.838030 np0000164514 devstack@neutron-api.service[102226]: DEBUG neutron.api.extensions [None req-9bd6be03-b838-4685-9200-d9c8bd89d1a3 None None] Extended resource: address-scopes {{(pid=102226) __init__ /opt/stack/neutron/neutron/api/extensions.py:156}}
Apr 09 14:05:27.838717 np0000164514 devstack@neutron-api.service[102226]: DEBUG neutron.api.extensions [None req-9bd6be03-b838-4685-9200-d9c8bd89d1a3 None None] Extended resource: agents {{(pid=102226) __init__ /opt/stack/neutron/neutron/api/extensions.py:156}}
Apr 09 14:05:27.839160 np0000164514 devstack@neutron-api.service[102226]: DEBUG neutron.api.extensions [None req-9bd6be03-b838-4685-9200-d9c8bd89d1a3 None None] Extended resource: auto-allocated-topology {{(pid=102226) __init__ /opt/stack/neutron/neutron/api/extensions.py:156}}
Apr 09 14:05:27.839680 np0000164514 devstack@neutron-api.service[102226]: DEBUG neutron.api.extensions [None req-9bd6be03-b838-4685-9200-d9c8bd89d1a3 None None] Extended resource: availability_zones {{(pid=102226) __init__ /opt/stack/neutron/neutron/api/extensions.py:156}}
Apr 09 14:05:27.840168 np0000164514 devstack@neutron-api.service[102226]: DEBUG neutron.api.extensions [None req-9bd6be03-b838-4685-9200-d9c8bd89d1a3 None None] Extended resource: dhcp-networks {{(pid=102226) __init__ /opt/stack/neutron/neutron/api/extensions.py:156}}
Apr 09 14:05:27.840854 np0000164514 devstack@neutron-api.service[102226]: DEBUG neutron.api.extensions [None req-9bd6be03-b838-4685-9200-d9c8bd89d1a3 None None] Extended resource: dhcp-agents {{(pid=102226) __init__ /opt/stack/neutron/neutron/api/extensions.py:156}}
Apr 09 14:05:27.841597 np0000164514 devstack@neutron-api.service[102226]: DEBUG neutron.api.extensions [None req-9bd6be03-b838-4685-9200-d9c8bd89d1a3 None None] Extended resource: routers {{(pid=102226) __init__ /opt/stack/neutron/neutron/api/extensions.py:156}}
Apr 09 14:05:27.842572 np0000164514 devstack@neutron-api.service[102226]: DEBUG neutron.api.extensions [None req-9bd6be03-b838-4685-9200-d9c8bd89d1a3 None None] Extended resource: flavors {{(pid=102226) __init__ /opt/stack/neutron/neutron/api/extensions.py:156}}
Apr 09 14:05:27.843089 np0000164514 devstack@neutron-api.service[102226]: DEBUG neutron.api.extensions [None req-9bd6be03-b838-4685-9200-d9c8bd89d1a3 None None] Extended resource: service_profiles {{(pid=102226) __init__ /opt/stack/neutron/neutron/api/extensions.py:156}}
Apr 09 14:05:27.843625 np0000164514 devstack@neutron-api.service[102226]: DEBUG neutron.api.extensions [None req-9bd6be03-b838-4685-9200-d9c8bd89d1a3 None None] Extended resource: next_providers {{(pid=102226) __init__ /opt/stack/neutron/neutron/api/extensions.py:156}}
Apr 09 14:05:27.844158 np0000164514 devstack@neutron-api.service[102226]: DEBUG neutron.api.extensions [None req-9bd6be03-b838-4685-9200-d9c8bd89d1a3 None None] Extended resource: service_profiles {{(pid=102226) __init__ /opt/stack/neutron/neutron/api/extensions.py:156}}
Apr 09 14:05:27.844929 np0000164514 devstack@neutron-api.service[102226]: DEBUG neutron.api.extensions [None req-9bd6be03-b838-4685-9200-d9c8bd89d1a3 None None] Extended resource: floatingip-pools {{(pid=102226) __init__ /opt/stack/neutron/neutron/api/extensions.py:156}}
Apr 09 14:05:27.845565 np0000164514 devstack@neutron-api.service[102226]: DEBUG neutron.api.extensions [None req-9bd6be03-b838-4685-9200-d9c8bd89d1a3 None None] Extended resource: routers {{(pid=102226) __init__ /opt/stack/neutron/neutron/api/extensions.py:156}}
Apr 09 14:05:27.846601 np0000164514 devstack@neutron-api.service[102226]: DEBUG neutron.api.extensions [None req-9bd6be03-b838-4685-9200-d9c8bd89d1a3 None None] Extended resource: floatingips {{(pid=102226) __init__ /opt/stack/neutron/neutron/api/extensions.py:156}}
Apr 09 14:05:27.847599 np0000164514 devstack@neutron-api.service[102226]: DEBUG neutron.api.extensions [None req-9bd6be03-b838-4685-9200-d9c8bd89d1a3 None None] Extended resource: network-ip-availabilities {{(pid=102226) __init__ /opt/stack/neutron/neutron/api/extensions.py:156}}
Apr 09 14:05:27.847781 np0000164514 devstack@neutron-api.service[102226]: DEBUG neutron.api.extensions [None req-9bd6be03-b838-4685-9200-d9c8bd89d1a3 None None] Extended resource: network-ip-availabilities {{(pid=102226) __init__ /opt/stack/neutron/neutron/api/extensions.py:156}}
Apr 09 14:05:27.848338 np0000164514 devstack@neutron-api.service[102226]: DEBUG neutron.api.extensions [None req-9bd6be03-b838-4685-9200-d9c8bd89d1a3 None None] Extended resource: bindings {{(pid=102226) __init__ /opt/stack/neutron/neutron/api/extensions.py:156}}
Apr 09 14:05:27.849117 np0000164514 devstack@neutron-api.service[102226]: DEBUG neutron.api.extensions [None req-9bd6be03-b838-4685-9200-d9c8bd89d1a3 None None] Extended resource: quotas {{(pid=102226) __init__ /opt/stack/neutron/neutron/api/extensions.py:156}}
Apr 09 14:05:27.849860 np0000164514 devstack@neutron-api.service[102226]: DEBUG neutron.api.extensions [None req-9bd6be03-b838-4685-9200-d9c8bd89d1a3 None None] Extended resource: quotas {{(pid=102226) __init__ /opt/stack/neutron/neutron/api/extensions.py:156}}
Apr 09 14:05:27.850534 np0000164514 devstack@neutron-api.service[102226]: DEBUG neutron.api.extensions [None req-9bd6be03-b838-4685-9200-d9c8bd89d1a3 None None] Extended resource: rbac-policies {{(pid=102226) __init__ /opt/stack/neutron/neutron/api/extensions.py:156}}
Apr 09 14:05:27.851162 np0000164514 devstack@neutron-api.service[102226]: DEBUG neutron.api.extensions [None req-9bd6be03-b838-4685-9200-d9c8bd89d1a3 None None] Extended resource: default-security-group-rules {{(pid=102226) __init__ /opt/stack/neutron/neutron/api/extensions.py:156}}
Apr 09 14:05:27.851798 np0000164514 devstack@neutron-api.service[102226]: DEBUG neutron.api.extensions [None req-9bd6be03-b838-4685-9200-d9c8bd89d1a3 None None] Extended resource: security-groups {{(pid=102226) __init__ /opt/stack/neutron/neutron/api/extensions.py:156}}
Apr 09 14:05:27.852331 np0000164514 devstack@neutron-api.service[102226]: DEBUG neutron.api.extensions [None req-9bd6be03-b838-4685-9200-d9c8bd89d1a3 None None] Extended resource: security-group-rules {{(pid=102226) __init__ /opt/stack/neutron/neutron/api/extensions.py:156}}
Apr 09 14:05:27.852997 np0000164514 devstack@neutron-api.service[102226]: DEBUG neutron.api.extensions [None req-9bd6be03-b838-4685-9200-d9c8bd89d1a3 None None] Extended resource: service-providers {{(pid=102226) __init__ /opt/stack/neutron/neutron/api/extensions.py:156}}
Apr 09 14:05:27.853586 np0000164514 devstack@neutron-api.service[102226]: DEBUG neutron.api.extensions [None req-9bd6be03-b838-4685-9200-d9c8bd89d1a3 None None] Extended resource: subnetpools {{(pid=102226) __init__ /opt/stack/neutron/neutron/api/extensions.py:156}}
Apr 09 14:05:27.854618 np0000164514 devstack@neutron-api.service[102226]: DEBUG neutron.api.extensions [None req-9bd6be03-b838-4685-9200-d9c8bd89d1a3 None None] Extended resource: tags {{(pid=102226) __init__ /opt/stack/neutron/neutron/api/extensions.py:156}}
Apr 09 14:05:27.855206 np0000164514 devstack@neutron-api.service[102226]: DEBUG neutron.api.extensions [None req-9bd6be03-b838-4685-9200-d9c8bd89d1a3 None None] Extended resource: tags {{(pid=102226) __init__ /opt/stack/neutron/neutron/api/extensions.py:156}}
Apr 09 14:05:27.855956 np0000164514 devstack@neutron-api.service[102226]: DEBUG neutron.api.extensions [None req-9bd6be03-b838-4685-9200-d9c8bd89d1a3 None None] Extended resource: tags {{(pid=102226) __init__ /opt/stack/neutron/neutron/api/extensions.py:156}}
Apr 09 14:05:27.856779 np0000164514 devstack@neutron-api.service[102226]: DEBUG neutron.api.extensions [None req-9bd6be03-b838-4685-9200-d9c8bd89d1a3 None None] Extended resource: tags {{(pid=102226) __init__ /opt/stack/neutron/neutron/api/extensions.py:156}}
Apr 09 14:05:27.858408 np0000164514 devstack@neutron-api.service[102226]: DEBUG neutron.api.extensions [None req-9bd6be03-b838-4685-9200-d9c8bd89d1a3 None None] Extended resource: tags {{(pid=102226) __init__ /opt/stack/neutron/neutron/api/extensions.py:156}}
Apr 09 14:05:27.859335 np0000164514 devstack@neutron-api.service[102226]: DEBUG neutron.api.extensions [None req-9bd6be03-b838-4685-9200-d9c8bd89d1a3 None None] Extended resource: tags {{(pid=102226) __init__ /opt/stack/neutron/neutron/api/extensions.py:156}}
Apr 09 14:05:27.860200 np0000164514 devstack@neutron-api.service[102226]: DEBUG neutron.api.extensions [None req-9bd6be03-b838-4685-9200-d9c8bd89d1a3 None None] Extended resource: tags {{(pid=102226) __init__ /opt/stack/neutron/neutron/api/extensions.py:156}}
Apr 09 14:05:27.861030 np0000164514 devstack@neutron-api.service[102226]: DEBUG neutron.api.extensions [None req-9bd6be03-b838-4685-9200-d9c8bd89d1a3 None None] Extended resource: tags {{(pid=102226) __init__ /opt/stack/neutron/neutron/api/extensions.py:156}}
Apr 09 14:05:27.861284 np0000164514 devstack@neutron-api.service[102228]: DEBUG ovsdbapp.backend.ovs_idl [None req-7eda98de-2613-4fb0-9b65-be01c0f60d91 None None] Created lookup_table index Logical_Switch.name {{(pid=102228) autocreate_indices /opt/stack/data/venv/lib/python3.12/site-packages/ovsdbapp/backend/ovs_idl/__init__.py:87}}
Apr 09 14:05:27.861438 np0000164514 devstack@neutron-api.service[102228]: DEBUG ovsdbapp.backend.ovs_idl [None req-7eda98de-2613-4fb0-9b65-be01c0f60d91 None None] Created lookup_table index Logical_Router.name {{(pid=102228) autocreate_indices /opt/stack/data/venv/lib/python3.12/site-packages/ovsdbapp/backend/ovs_idl/__init__.py:87}}
Apr 09 14:05:27.861607 np0000164514 devstack@neutron-api.service[102228]: DEBUG ovsdbapp.backend.ovs_idl [None req-7eda98de-2613-4fb0-9b65-be01c0f60d91 None None] Created lookup_table index Load_Balancer.name {{(pid=102228) autocreate_indices /opt/stack/data/venv/lib/python3.12/site-packages/ovsdbapp/backend/ovs_idl/__init__.py:87}}
Apr 09 14:05:27.861750 np0000164514 devstack@neutron-api.service[102228]: DEBUG ovsdbapp.backend.ovs_idl [None req-7eda98de-2613-4fb0-9b65-be01c0f60d91 None None] Created schema index Copp.name {{(pid=102228) autocreate_indices /opt/stack/data/venv/lib/python3.12/site-packages/ovsdbapp/backend/ovs_idl/__init__.py:106}}
Apr 09 14:05:27.861842 np0000164514 devstack@neutron-api.service[102226]: DEBUG neutron.api.extensions [None req-9bd6be03-b838-4685-9200-d9c8bd89d1a3 None None] Extended resource: tags {{(pid=102226) __init__ /opt/stack/neutron/neutron/api/extensions.py:156}}
Apr 09 14:05:27.861895 np0000164514 devstack@neutron-api.service[102228]: DEBUG ovsdbapp.backend.ovs_idl [None req-7eda98de-2613-4fb0-9b65-be01c0f60d91 None None] Created schema index Meter.name {{(pid=102228) autocreate_indices /opt/stack/data/venv/lib/python3.12/site-packages/ovsdbapp/backend/ovs_idl/__init__.py:106}}
Apr 09 14:05:27.862012 np0000164514 devstack@neutron-api.service[102228]: DEBUG ovsdbapp.backend.ovs_idl [None req-7eda98de-2613-4fb0-9b65-be01c0f60d91 None None] Created schema index Load_Balancer_Group.name {{(pid=102228) autocreate_indices /opt/stack/data/venv/lib/python3.12/site-packages/ovsdbapp/backend/ovs_idl/__init__.py:106}}
Apr 09 14:05:27.862123 np0000164514 devstack@neutron-api.service[102228]: DEBUG ovsdbapp.backend.ovs_idl [None req-7eda98de-2613-4fb0-9b65-be01c0f60d91 None None] Created schema index HA_Chassis_Group.name {{(pid=102228) autocreate_indices /opt/stack/data/venv/lib/python3.12/site-packages/ovsdbapp/backend/ovs_idl/__init__.py:106}}
Apr 09 14:05:27.862235 np0000164514 devstack@neutron-api.service[102228]: DEBUG ovsdbapp.backend.ovs_idl [None req-7eda98de-2613-4fb0-9b65-be01c0f60d91 None None] Created schema index Address_Set.name {{(pid=102228) autocreate_indices /opt/stack/data/venv/lib/python3.12/site-packages/ovsdbapp/backend/ovs_idl/__init__.py:106}}
Apr 09 14:05:27.862375 np0000164514 devstack@neutron-api.service[102228]: DEBUG ovsdbapp.backend.ovs_idl [None req-7eda98de-2613-4fb0-9b65-be01c0f60d91 None None] Created schema index Connection.target {{(pid=102228) autocreate_indices /opt/stack/data/venv/lib/python3.12/site-packages/ovsdbapp/backend/ovs_idl/__init__.py:106}}
Apr 09 14:05:27.862504 np0000164514 devstack@neutron-api.service[102228]: DEBUG ovsdbapp.backend.ovs_idl [None req-7eda98de-2613-4fb0-9b65-be01c0f60d91 None None] Created schema index Gateway_Chassis.name {{(pid=102228) autocreate_indices /opt/stack/data/venv/lib/python3.12/site-packages/ovsdbapp/backend/ovs_idl/__init__.py:106}}
Apr 09 14:05:27.862659 np0000164514 devstack@neutron-api.service[102228]: DEBUG ovsdbapp.backend.ovs_idl [None req-7eda98de-2613-4fb0-9b65-be01c0f60d91 None None] Created schema index Mirror.name {{(pid=102228) autocreate_indices /opt/stack/data/venv/lib/python3.12/site-packages/ovsdbapp/backend/ovs_idl/__init__.py:106}}
Apr 09 14:05:27.862711 np0000164514 devstack@neutron-api.service[102226]: DEBUG neutron.api.extensions [None req-9bd6be03-b838-4685-9200-d9c8bd89d1a3 None None] Extended resource: tags {{(pid=102226) __init__ /opt/stack/neutron/neutron/api/extensions.py:156}}
Apr 09 14:05:27.862862 np0000164514 devstack@neutron-api.service[102228]: DEBUG ovsdbapp.backend.ovs_idl [None req-7eda98de-2613-4fb0-9b65-be01c0f60d91 None None] Created schema index Chassis_Template_Var.chassis {{(pid=102228) autocreate_indices /opt/stack/data/venv/lib/python3.12/site-packages/ovsdbapp/backend/ovs_idl/__init__.py:106}}
Apr 09 14:05:27.862997 np0000164514 devstack@neutron-api.service[102228]: DEBUG ovsdbapp.backend.ovs_idl [None req-7eda98de-2613-4fb0-9b65-be01c0f60d91 None None] Created schema index Logical_Router_Port.name {{(pid=102228) autocreate_indices /opt/stack/data/venv/lib/python3.12/site-packages/ovsdbapp/backend/ovs_idl/__init__.py:106}}
Apr 09 14:05:27.863118 np0000164514 devstack@neutron-api.service[102228]: DEBUG ovsdbapp.backend.ovs_idl [None req-7eda98de-2613-4fb0-9b65-be01c0f60d91 None None] Created schema index Port_Group.name {{(pid=102228) autocreate_indices /opt/stack/data/venv/lib/python3.12/site-packages/ovsdbapp/backend/ovs_idl/__init__.py:106}}
Apr 09 14:05:27.863232 np0000164514 devstack@neutron-api.service[102228]: DEBUG ovsdbapp.backend.ovs_idl [None req-7eda98de-2613-4fb0-9b65-be01c0f60d91 None None] Created schema index Logical_Switch_Port.name {{(pid=102228) autocreate_indices /opt/stack/data/venv/lib/python3.12/site-packages/ovsdbapp/backend/ovs_idl/__init__.py:106}}
Apr 09 14:05:27.866148 np0000164514 devstack@neutron-api.service[102228]: INFO ovsdbapp.backend.ovs_idl.vlog [None req-7eda98de-2613-4fb0-9b65-be01c0f60d91 None None] ssl:199.204.45.89:6641: connecting...
Apr 09 14:05:27.866199 np0000164514 devstack@neutron-api.service[102226]: WARNING keystonemiddleware.auth_token [None req-9bd6be03-b838-4685-9200-d9c8bd89d1a3 None None] AuthToken middleware is set with keystone_authtoken.service_token_roles_required set to False. This is backwards compatible but deprecated behaviour. Please set this to True.
Apr 09 14:05:27.871734 np0000164514 devstack@neutron-api.service[102228]: INFO ovsdbapp.backend.ovs_idl.vlog [None req-7eda98de-2613-4fb0-9b65-be01c0f60d91 None None] ssl:199.204.45.89:6641: connected
Apr 09 14:05:27.873396 np0000164514 devstack@neutron-api.service[102226]: DEBUG neutron_lib.callbacks.manager [None req-9bd6be03-b838-4685-9200-d9c8bd89d1a3 None None] Publish callbacks ['neutron.plugins.ml2.drivers.ovn.mech_driver.mech_driver.OVNMechanismDriver.pre_fork_initialize-352186'] for process (None), before_spawn {{(pid=102226) _notify_loop /opt/stack/data/venv/lib/python3.12/site-packages/neutron_lib/callbacks/manager.py:184}}
Apr 09 14:05:27.873860 np0000164514 devstack@neutron-api.service[102226]: DEBUG oslo_concurrency.processutils [None req-9bd6be03-b838-4685-9200-d9c8bd89d1a3 None None] Running cmd (subprocess): ovsdb-client transact ssl:199.204.45.89:6641 --timeout 180 -p /opt/stack/data/CA/int-ca/private/devstack-cert.key -c /opt/stack/data/CA/int-ca/devstack-cert.crt -C /opt/stack/data/CA/int-ca/ca-chain.pem ["OVN_Northbound", {"op": "wait", "timeout": 0, "table": "Port_Group", "where": [["name", "==", "neutron_pg_drop"]], "until": "==", "rows": []}, {"op": "insert", "table": "ACL", "row": {"action": "drop", "direction": "to-lport", "match": "outport == @neutron_pg_drop && ip", "priority": 1001}, "uuid-name": "droptoport"}, {"op": "insert", "table": "ACL", "row": {"action": "drop", "direction": "from-lport", "match": "inport == @neutron_pg_drop && ip", "priority": 1001}, "uuid-name": "dropfromport"}, {"op": "insert", "table": "Port_Group", "row": {"name": "neutron_pg_drop", "acls": ["set", [["named-uuid", "droptoport"], ["named-uuid", "dropfromport"]]]}}] {{(pid=102226) execute /opt/stack/data/venv/lib/python3.12/site-packages/oslo_concurrency/processutils.py:440}}
Apr 09 14:05:27.874410 np0000164514 devstack@neutron-api.service[102227]: DEBUG ovsdbapp.backend.ovs_idl [None req-f9a4c50a-6552-4901-bacf-e24f365f9a65 None None] Created lookup_table index Logical_Switch.name {{(pid=102227) autocreate_indices /opt/stack/data/venv/lib/python3.12/site-packages/ovsdbapp/backend/ovs_idl/__init__.py:87}}
Apr 09 14:05:27.874569 np0000164514 devstack@neutron-api.service[102227]: DEBUG ovsdbapp.backend.ovs_idl [None req-f9a4c50a-6552-4901-bacf-e24f365f9a65 None None] Created lookup_table index Logical_Router.name {{(pid=102227) autocreate_indices /opt/stack/data/venv/lib/python3.12/site-packages/ovsdbapp/backend/ovs_idl/__init__.py:87}}
Apr 09 14:05:27.874681 np0000164514 devstack@neutron-api.service[102227]: DEBUG ovsdbapp.backend.ovs_idl [None req-f9a4c50a-6552-4901-bacf-e24f365f9a65 None None] Created lookup_table index Load_Balancer.name {{(pid=102227) autocreate_indices /opt/stack/data/venv/lib/python3.12/site-packages/ovsdbapp/backend/ovs_idl/__init__.py:87}}
Apr 09 14:05:27.874795 np0000164514 devstack@neutron-api.service[102227]: DEBUG ovsdbapp.backend.ovs_idl [None req-f9a4c50a-6552-4901-bacf-e24f365f9a65 None None] Created schema index Copp.name {{(pid=102227) autocreate_indices /opt/stack/data/venv/lib/python3.12/site-packages/ovsdbapp/backend/ovs_idl/__init__.py:106}}
Apr 09 14:05:27.874976 np0000164514 devstack@neutron-api.service[102227]: DEBUG ovsdbapp.backend.ovs_idl [None req-f9a4c50a-6552-4901-bacf-e24f365f9a65 None None] Created schema index Meter.name {{(pid=102227) autocreate_indices /opt/stack/data/venv/lib/python3.12/site-packages/ovsdbapp/backend/ovs_idl/__init__.py:106}}
Apr 09 14:05:27.875087 np0000164514 devstack@neutron-api.service[102227]: DEBUG ovsdbapp.backend.ovs_idl [None req-f9a4c50a-6552-4901-bacf-e24f365f9a65 None None] Created schema index Load_Balancer_Group.name {{(pid=102227) autocreate_indices /opt/stack/data/venv/lib/python3.12/site-packages/ovsdbapp/backend/ovs_idl/__init__.py:106}}
Apr 09 14:05:27.875187 np0000164514 devstack@neutron-api.service[102227]: DEBUG ovsdbapp.backend.ovs_idl [None req-f9a4c50a-6552-4901-bacf-e24f365f9a65 None None] Created schema index HA_Chassis_Group.name {{(pid=102227) autocreate_indices /opt/stack/data/venv/lib/python3.12/site-packages/ovsdbapp/backend/ovs_idl/__init__.py:106}}
Apr 09 14:05:27.875276 np0000164514 devstack@neutron-api.service[102227]: DEBUG ovsdbapp.backend.ovs_idl [None req-f9a4c50a-6552-4901-bacf-e24f365f9a65 None None] Created schema index Address_Set.name {{(pid=102227) autocreate_indices /opt/stack/data/venv/lib/python3.12/site-packages/ovsdbapp/backend/ovs_idl/__init__.py:106}}
Apr 09 14:05:27.875385 np0000164514 devstack@neutron-api.service[102227]: DEBUG ovsdbapp.backend.ovs_idl [None req-f9a4c50a-6552-4901-bacf-e24f365f9a65 None None] Created schema index Connection.target {{(pid=102227) autocreate_indices /opt/stack/data/venv/lib/python3.12/site-packages/ovsdbapp/backend/ovs_idl/__init__.py:106}}
Apr 09 14:05:27.875480 np0000164514 devstack@neutron-api.service[102227]: DEBUG ovsdbapp.backend.ovs_idl [None req-f9a4c50a-6552-4901-bacf-e24f365f9a65 None None] Created schema index Gateway_Chassis.name {{(pid=102227) autocreate_indices /opt/stack/data/venv/lib/python3.12/site-packages/ovsdbapp/backend/ovs_idl/__init__.py:106}}
Apr 09 14:05:27.875708 np0000164514 devstack@neutron-api.service[102227]: DEBUG ovsdbapp.backend.ovs_idl [None req-f9a4c50a-6552-4901-bacf-e24f365f9a65 None None] Created schema index Mirror.name {{(pid=102227) autocreate_indices /opt/stack/data/venv/lib/python3.12/site-packages/ovsdbapp/backend/ovs_idl/__init__.py:106}}
Apr 09 14:05:27.875864 np0000164514 devstack@neutron-api.service[102227]: DEBUG ovsdbapp.backend.ovs_idl [None req-f9a4c50a-6552-4901-bacf-e24f365f9a65 None None] Created schema index Chassis_Template_Var.chassis {{(pid=102227) autocreate_indices /opt/stack/data/venv/lib/python3.12/site-packages/ovsdbapp/backend/ovs_idl/__init__.py:106}}
Apr 09 14:05:27.876226 np0000164514 devstack@neutron-api.service[102227]: DEBUG ovsdbapp.backend.ovs_idl [None req-f9a4c50a-6552-4901-bacf-e24f365f9a65 None None] Created schema index Logical_Router_Port.name {{(pid=102227) autocreate_indices /opt/stack/data/venv/lib/python3.12/site-packages/ovsdbapp/backend/ovs_idl/__init__.py:106}}
Apr 09 14:05:27.876226 np0000164514 devstack@neutron-api.service[102227]: DEBUG ovsdbapp.backend.ovs_idl [None req-f9a4c50a-6552-4901-bacf-e24f365f9a65 None None] Created schema index Port_Group.name {{(pid=102227) autocreate_indices /opt/stack/data/venv/lib/python3.12/site-packages/ovsdbapp/backend/ovs_idl/__init__.py:106}}
Apr 09 14:05:27.876404 np0000164514 devstack@neutron-api.service[102227]: DEBUG ovsdbapp.backend.ovs_idl [None req-f9a4c50a-6552-4901-bacf-e24f365f9a65 None None] Created schema index Logical_Switch_Port.name {{(pid=102227) autocreate_indices /opt/stack/data/venv/lib/python3.12/site-packages/ovsdbapp/backend/ovs_idl/__init__.py:106}}
Apr 09 14:05:27.880366 np0000164514 devstack@neutron-api.service[102227]: INFO ovsdbapp.backend.ovs_idl.vlog [None req-f9a4c50a-6552-4901-bacf-e24f365f9a65 None None] ssl:199.204.45.89:6641: connecting...
Apr 09 14:05:27.889232 np0000164514 devstack@neutron-api.service[102227]: INFO ovsdbapp.backend.ovs_idl.vlog [None req-f9a4c50a-6552-4901-bacf-e24f365f9a65 None None] ssl:199.204.45.89:6641: connected
Apr 09 14:05:27.903310 np0000164514 devstack@neutron-api.service[102228]: DEBUG neutron.common.ovn.hash_ring_manager [None req-7eda98de-2613-4fb0-9b65-be01c0f60d91 None None] Disallow caching, nodes 3<4 {{(pid=102228) _wait_startup_before_caching /opt/stack/neutron/neutron/common/ovn/hash_ring_manager.py:72}}
Apr 09 14:05:27.915537 np0000164514 devstack@neutron-api.service[102228]: DEBUG neutron.common.ovn.hash_ring_manager [None req-7eda98de-2613-4fb0-9b65-be01c0f60d91 None None] Hash Ring loaded. 3 active nodes. 0 offline nodes {{(pid=102228) _load_hash_ring /opt/stack/neutron/neutron/common/ovn/hash_ring_manager.py:102}}
Apr 09 14:05:27.915646 np0000164514 devstack@neutron-api.service[102226]: DEBUG oslo_concurrency.processutils [None req-9bd6be03-b838-4685-9200-d9c8bd89d1a3 None None] CMD "ovsdb-client transact ssl:199.204.45.89:6641 --timeout 180 -p /opt/stack/data/CA/int-ca/private/devstack-cert.key -c /opt/stack/data/CA/int-ca/devstack-cert.crt -C /opt/stack/data/CA/int-ca/ca-chain.pem ["OVN_Northbound", {"op": "wait", "timeout": 0, "table": "Port_Group", "where": [["name", "==", "neutron_pg_drop"]], "until": "==", "rows": []}, {"op": "insert", "table": "ACL", "row": {"action": "drop", "direction": "to-lport", "match": "outport == @neutron_pg_drop && ip", "priority": 1001}, "uuid-name": "droptoport"}, {"op": "insert", "table": "ACL", "row": {"action": "drop", "direction": "from-lport", "match": "inport == @neutron_pg_drop && ip", "priority": 1001}, "uuid-name": "dropfromport"}, {"op": "insert", "table": "Port_Group", "row": {"name": "neutron_pg_drop", "acls": ["set", [["named-uuid", "droptoport"], ["named-uuid", "dropfromport"]]]}}]" returned: 0 in 0.041s {{(pid=102226) execute /opt/stack/data/venv/lib/python3.12/site-packages/oslo_concurrency/processutils.py:468}}
Apr 09 14:05:27.916295 np0000164514 devstack@neutron-api.service[102226]: DEBUG neutron_lib.callbacks.manager [None req-9bd6be03-b838-4685-9200-d9c8bd89d1a3 None None] Publish callbacks ['neutron.plugins.ml2.drivers.ovn.mech_driver.mech_driver.OVNMechanismDriver.post_fork_initialize-352146', 'neutron.services.ovn_l3.plugin.OVNL3RouterPlugin._post_fork_initialize-931732'] for process (None), after_init {{(pid=102226) _notify_loop /opt/stack/data/venv/lib/python3.12/site-packages/neutron_lib/callbacks/manager.py:184}}
Apr 09 14:05:27.917031 np0000164514 devstack@neutron-api.service[102226]: DEBUG oslo_concurrency.lockutils [None req-9bd6be03-b838-4685-9200-d9c8bd89d1a3 None None] Acquiring lock "singleton_lock" {{(pid=102226) lock /opt/stack/data/venv/lib/python3.12/site-packages/oslo_concurrency/lockutils.py:390}}
Apr 09 14:05:27.917158 np0000164514 devstack@neutron-api.service[102226]: DEBUG oslo_concurrency.lockutils [None req-9bd6be03-b838-4685-9200-d9c8bd89d1a3 None None] Acquired lock "singleton_lock" {{(pid=102226) lock /opt/stack/data/venv/lib/python3.12/site-packages/oslo_concurrency/lockutils.py:393}}
Apr 09 14:05:27.917631 np0000164514 devstack@neutron-api.service[102226]: DEBUG oslo_concurrency.lockutils [None req-9bd6be03-b838-4685-9200-d9c8bd89d1a3 None None] Releasing lock "singleton_lock" {{(pid=102226) lock /opt/stack/data/venv/lib/python3.12/site-packages/oslo_concurrency/lockutils.py:413}}
Apr 09 14:05:27.920756 np0000164514 devstack@neutron-api.service[102226]: DEBUG neutron.plugins.ml2.drivers.ovn.mech_driver.mech_driver [None req-9bd6be03-b838-4685-9200-d9c8bd89d1a3 None None] Hash Ring setup using WSGI start time 2026-04-09 14:05:20+00:00 {{(pid=102226) _init_hash_ring /opt/stack/neutron/neutron/plugins/ml2/drivers/ovn/mech_driver/mech_driver.py:402}}
Apr 09 14:05:27.921709 np0000164514 devstack@neutron-api.service[102227]: DEBUG neutron.common.ovn.hash_ring_manager [None req-f9a4c50a-6552-4901-bacf-e24f365f9a65 None None] Disallow caching, nodes 3<4 {{(pid=102227) _wait_startup_before_caching /opt/stack/neutron/neutron/common/ovn/hash_ring_manager.py:72}}
Apr 09 14:05:27.924336 np0000164514 devstack@neutron-api.service[102228]: DEBUG neutron.common.ovn.hash_ring_manager [None req-7eda98de-2613-4fb0-9b65-be01c0f60d91 None None] Hash Ring loaded. 3 active nodes. 0 offline nodes {{(pid=102228) _load_hash_ring /opt/stack/neutron/neutron/common/ovn/hash_ring_manager.py:102}}
Apr 09 14:05:27.926475 np0000164514 devstack@neutron-api.service[102227]: DEBUG neutron.common.ovn.hash_ring_manager [None req-f9a4c50a-6552-4901-bacf-e24f365f9a65 None None] Hash Ring loaded. 3 active nodes. 0 offline nodes {{(pid=102227) _load_hash_ring /opt/stack/neutron/neutron/common/ovn/hash_ring_manager.py:102}}
Apr 09 14:05:27.926682 np0000164514 devstack@neutron-api.service[102227]: DEBUG neutron.plugins.ml2.drivers.ovn.mech_driver.ovsdb.ovsdb_monitor [None req-f9a4c50a-6552-4901-bacf-e24f365f9a65 None None] Hash Ring: Node 65632b3f8ffd5a8db770b7bc0dc40988 (host: np0000164514) handling event "create" for row 3f0c2fe7-a23b-4aaf-af58-644ffbfc1df0 (table: ACL) {{(pid=102227) notify /opt/stack/neutron/neutron/plugins/ml2/drivers/ovn/mech_driver/ovsdb/ovsdb_monitor.py:912}}
Apr 09 14:05:27.928711 np0000164514 devstack@neutron-api.service[102226]: INFO neutron.db.ovn_hash_ring_db [None req-9bd6be03-b838-4685-9200-d9c8bd89d1a3 None None] Nodes from host "np0000164514" and group "mechanism_driver" removed from the Hash Ring created at 2026-04-09 14:05:20+00:00
Apr 09 14:05:27.931670 np0000164514 devstack@neutron-api.service[102227]: DEBUG neutron.common.ovn.hash_ring_manager [None req-f9a4c50a-6552-4901-bacf-e24f365f9a65 None None] Hash Ring loaded. 3 active nodes. 0 offline nodes {{(pid=102227) _load_hash_ring /opt/stack/neutron/neutron/common/ovn/hash_ring_manager.py:102}}
Apr 09 14:05:27.931821 np0000164514 devstack@neutron-api.service[102227]: DEBUG neutron.plugins.ml2.drivers.ovn.mech_driver.ovsdb.ovsdb_monitor [None req-f9a4c50a-6552-4901-bacf-e24f365f9a65 None None] Hash Ring: Node 65632b3f8ffd5a8db770b7bc0dc40988 (host: np0000164514) handling event "create" for row 93443ec6-c072-484e-bd7c-8b796c9d76d6 (table: ACL) {{(pid=102227) notify /opt/stack/neutron/neutron/plugins/ml2/drivers/ovn/mech_driver/ovsdb/ovsdb_monitor.py:912}}
Apr 09 14:05:27.932158 np0000164514 devstack@neutron-api.service[102226]: INFO neutron.db.ovn_hash_ring_db [None req-9bd6be03-b838-4685-9200-d9c8bd89d1a3 None None] Node 1121d1d7289e5a808e1bd57c94f5432e from host "np0000164514" and group "mechanism_driver" added to the Hash Ring
Apr 09 14:05:27.933889 np0000164514 devstack@neutron-api.service[102228]: DEBUG neutron.common.ovn.hash_ring_manager [None req-7eda98de-2613-4fb0-9b65-be01c0f60d91 None None] Hash Ring loaded. 3 active nodes. 0 offline nodes {{(pid=102228) _load_hash_ring /opt/stack/neutron/neutron/common/ovn/hash_ring_manager.py:102}}
Apr 09 14:05:27.935153 np0000164514 devstack@neutron-api.service[102226]: DEBUG neutron.plugins.ml2.drivers.ovn.mech_driver.mech_driver [None req-9bd6be03-b838-4685-9200-d9c8bd89d1a3 None None] Hash Ring setup, this worker has detected 4 OVN hash ring registers in the database {{(pid=102226) _init_hash_ring /opt/stack/neutron/neutron/plugins/ml2/drivers/ovn/mech_driver/mech_driver.py:412}}
Apr 09 14:05:27.937879 np0000164514 devstack@neutron-api.service[102227]: DEBUG neutron.common.ovn.hash_ring_manager [None req-f9a4c50a-6552-4901-bacf-e24f365f9a65 None None] Hash Ring loaded. 3 active nodes. 0 offline nodes {{(pid=102227) _load_hash_ring /opt/stack/neutron/neutron/common/ovn/hash_ring_manager.py:102}}
Apr 09 14:05:27.938010 np0000164514 devstack@neutron-api.service[102227]: DEBUG neutron.plugins.ml2.drivers.ovn.mech_driver.ovsdb.ovsdb_monitor [None req-f9a4c50a-6552-4901-bacf-e24f365f9a65 None None] Hash Ring: Node 65632b3f8ffd5a8db770b7bc0dc40988 (host: np0000164514) handling event "create" for row aeea4e1a-532c-498c-93e0-b02f7dab66dd (table: Connection) {{(pid=102227) notify /opt/stack/neutron/neutron/plugins/ml2/drivers/ovn/mech_driver/ovsdb/ovsdb_monitor.py:912}}
Apr 09 14:05:27.940383 np0000164514 devstack@neutron-api.service[102228]: DEBUG neutron.common.ovn.hash_ring_manager [None req-7eda98de-2613-4fb0-9b65-be01c0f60d91 None None] Hash Ring loaded. 3 active nodes. 0 offline nodes {{(pid=102228) _load_hash_ring /opt/stack/neutron/neutron/common/ovn/hash_ring_manager.py:102}}
Apr 09 14:05:27.943030 np0000164514 devstack@neutron-api.service[102227]: DEBUG neutron.common.ovn.hash_ring_manager [None req-f9a4c50a-6552-4901-bacf-e24f365f9a65 None None] Hash Ring loaded. 3 active nodes. 0 offline nodes {{(pid=102227) _load_hash_ring /opt/stack/neutron/neutron/common/ovn/hash_ring_manager.py:102}}
Apr 09 14:05:27.944837 np0000164514 devstack@neutron-api.service[102227]: DEBUG neutron.common.ovn.hash_ring_manager [None req-f9a4c50a-6552-4901-bacf-e24f365f9a65 None None] Allow caching, nodes 4>=4 {{(pid=102227) _wait_startup_before_caching /opt/stack/neutron/neutron/common/ovn/hash_ring_manager.py:65}}
Apr 09 14:05:27.945788 np0000164514 devstack@neutron-api.service[102227]: INFO neutron.plugins.ml2.drivers.ovn.mech_driver.ovsdb.impl_idl_ovn [None req-f9a4c50a-6552-4901-bacf-e24f365f9a65 None None] Getting OvsdbSbOvnIdl for WorkerService with retry
Apr 09 14:05:27.945875 np0000164514 devstack@neutron-api.service[102226]: DEBUG neutron.plugins.ml2.drivers.ovn.mech_driver.ovsdb.maintenance [None req-9bd6be03-b838-4685-9200-d9c8bd89d1a3 None None] Periodic task found: HashRingHealthCheckPeriodics.touch_hash_ring_node {{(pid=102226) add_periodics /opt/stack/neutron/neutron/plugins/ml2/drivers/ovn/mech_driver/ovsdb/maintenance.py:96}}
Apr 09 14:05:27.945968 np0000164514 devstack@neutron-api.service[102228]: DEBUG neutron.common.ovn.hash_ring_manager [None req-7eda98de-2613-4fb0-9b65-be01c0f60d91 None None] Hash Ring loaded. 3 active nodes. 0 offline nodes {{(pid=102228) _load_hash_ring /opt/stack/neutron/neutron/common/ovn/hash_ring_manager.py:102}}
Apr 09 14:05:27.946983 np0000164514 devstack@neutron-api.service[102226]: INFO neutron.plugins.ml2.drivers.ovn.mech_driver.mech_driver [None req-9bd6be03-b838-4685-9200-d9c8bd89d1a3 None None] Hash Ring probing thread for node 1121d1d7289e5a808e1bd57c94f5432e has started
Apr 09 14:05:27.947843 np0000164514 devstack@neutron-api.service[102228]: DEBUG neutron.common.ovn.hash_ring_manager [None req-7eda98de-2613-4fb0-9b65-be01c0f60d91 None None] Allow caching, nodes 4>=4 {{(pid=102228) _wait_startup_before_caching /opt/stack/neutron/neutron/common/ovn/hash_ring_manager.py:65}}
Apr 09 14:05:27.948016 np0000164514 devstack@neutron-api.service[102226]: INFO neutron.plugins.ml2.drivers.ovn.mech_driver.ovsdb.impl_idl_ovn [None req-9bd6be03-b838-4685-9200-d9c8bd89d1a3 None None] Getting OvsdbNbOvnIdl for WorkerService with retry
Apr 09 14:05:27.948069 np0000164514 devstack@neutron-api.service[102228]: DEBUG neutron.plugins.ml2.drivers.ovn.mech_driver.ovsdb.ovsdb_monitor [None req-7eda98de-2613-4fb0-9b65-be01c0f60d91 None None] Hash Ring: Node 8a25e353e7075748bc52c5accbec3b48 (host: np0000164514) handling event "create" for row 335a35b8-b500-4718-8c64-46c30eee0fc1 (table: SSL) {{(pid=102228) notify /opt/stack/neutron/neutron/plugins/ml2/drivers/ovn/mech_driver/ovsdb/ovsdb_monitor.py:912}}
Apr 09 14:05:27.949189 np0000164514 devstack@neutron-api.service[102228]: INFO neutron.plugins.ml2.drivers.ovn.mech_driver.ovsdb.impl_idl_ovn [None req-7eda98de-2613-4fb0-9b65-be01c0f60d91 None None] Getting OvsdbSbOvnIdl for WorkerService with retry
Apr 09 14:05:27.977148 np0000164514 devstack@neutron-api.service[102227]: DEBUG ovsdbapp.backend.ovs_idl [None req-f9a4c50a-6552-4901-bacf-e24f365f9a65 None None] Created lookup_table index Chassis.name {{(pid=102227) autocreate_indices /opt/stack/data/venv/lib/python3.12/site-packages/ovsdbapp/backend/ovs_idl/__init__.py:87}}
