Apr 09 14:05:27.424360 np0000164514 devstack@neutron-api.service[102228]: DEBUG neutron_lib.callbacks.manager [None req-7eda98de-2613-4fb0-9b65-be01c0f60d91 None None] Subscribe: > floatingip precommit_create 55550000, False {{(pid=102228) subscribe /opt/stack/data/venv/lib/python3.12/site-packages/neutron_lib/callbacks/manager.py:52}}
Apr 09 14:05:27.424433 np0000164514 devstack@neutron-api.service[102227]: DEBUG neutron_lib.callbacks.manager [None req-f9a4c50a-6552-4901-bacf-e24f365f9a65 None None] Subscribe: > security_group_rule after_create 55550000, False {{(pid=102227) subscribe /opt/stack/data/venv/lib/python3.12/site-packages/neutron_lib/callbacks/manager.py:52}}
Apr 09 14:05:27.424578 np0000164514 devstack@neutron-api.service[102228]: DEBUG neutron_lib.callbacks.manager [None req-7eda98de-2613-4fb0-9b65-be01c0f60d91 None None] Subscribe: > floatingip precommit_update 55550000, False {{(pid=102228) subscribe /opt/stack/data/venv/lib/python3.12/site-packages/neutron_lib/callbacks/manager.py:52}}
Apr 09 14:05:27.424711 np0000164514 devstack@neutron-api.service[102227]: DEBUG neutron_lib.callbacks.manager [None req-f9a4c50a-6552-4901-bacf-e24f365f9a65 None None] Subscribe: > security_group_rule before_delete 55550000, False {{(pid=102227) subscribe /opt/stack/data/venv/lib/python3.12/site-packages/neutron_lib/callbacks/manager.py:52}}
Apr 09 14:05:27.424752 np0000164514 devstack@neutron-api.service[102228]: DEBUG neutron_lib.callbacks.manager [None req-7eda98de-2613-4fb0-9b65-be01c0f60d91 None None] Subscribe: > floatingip after_delete 55550000, False {{(pid=102228) subscribe /opt/stack/data/venv/lib/python3.12/site-packages/neutron_lib/callbacks/manager.py:52}}
Apr 09 14:05:27.424889 np0000164514 devstack@neutron-api.service[102227]: DEBUG neutron_lib.callbacks.manager [None req-f9a4c50a-6552-4901-bacf-e24f365f9a65 None None] Subscribe: > address_group after_create 55550000, False {{(pid=102227) subscribe /opt/stack/data/venv/lib/python3.12/site-packages/neutron_lib/callbacks/manager.py:52}}
Apr 09 14:05:27.424932 np0000164514 devstack@neutron-api.service[102228]: DEBUG neutron_lib.callbacks.manager [None req-7eda98de-2613-4fb0-9b65-be01c0f60d91 None None] Subscribe: > floatingip after_status_update 55550000, False {{(pid=102228) subscribe /opt/stack/data/venv/lib/python3.12/site-packages/neutron_lib/callbacks/manager.py:52}}
Apr 09 14:05:27.425046 np0000164514 devstack@neutron-api.service[102227]: DEBUG neutron_lib.callbacks.manager [None req-f9a4c50a-6552-4901-bacf-e24f365f9a65 None None] Subscribe: > address_group after_update 55550000, False {{(pid=102227) subscribe /opt/stack/data/venv/lib/python3.12/site-packages/neutron_lib/callbacks/manager.py:52}}
Apr 09 14:05:27.425129 np0000164514 devstack@neutron-api.service[102228]: DEBUG neutron_lib.callbacks.manager [None req-7eda98de-2613-4fb0-9b65-be01c0f60d91 None None] Subscribe: > floatingip after_update 55550000, False {{(pid=102228) subscribe /opt/stack/data/venv/lib/python3.12/site-packages/neutron_lib/callbacks/manager.py:52}}
Apr 09 14:05:27.425211 np0000164514 devstack@neutron-api.service[102227]: DEBUG neutron_lib.callbacks.manager [None req-f9a4c50a-6552-4901-bacf-e24f365f9a65 None None] Subscribe: > address_group after_delete 55550000, False {{(pid=102227) subscribe /opt/stack/data/venv/lib/python3.12/site-packages/neutron_lib/callbacks/manager.py:52}}
Apr 09 14:05:27.425289 np0000164514 devstack@neutron-api.service[102228]: DEBUG neutron_lib.callbacks.manager [None req-7eda98de-2613-4fb0-9b65-be01c0f60d91 None None] Subscribe: > port_forwarding after_create 55550000, False {{(pid=102228) subscribe /opt/stack/data/venv/lib/python3.12/site-packages/neutron_lib/callbacks/manager.py:52}}
Apr 09 14:05:27.425371 np0000164514 devstack@neutron-api.service[102227]: DEBUG neutron_lib.callbacks.manager [None req-f9a4c50a-6552-4901-bacf-e24f365f9a65 None None] Subscribe: > qos_plugin after_init 55550000, False {{(pid=102227) subscribe /opt/stack/data/venv/lib/python3.12/site-packages/neutron_lib/callbacks/manager.py:52}}
Apr 09 14:05:27.425486 np0000164514 devstack@neutron-api.service[102228]: DEBUG neutron_lib.callbacks.manager [None req-7eda98de-2613-4fb0-9b65-be01c0f60d91 None None] Subscribe: > router_interface after_delete 55550000, False {{(pid=102228) subscribe /opt/stack/data/venv/lib/python3.12/site-packages/neutron_lib/callbacks/manager.py:52}}
Apr 09 14:05:27.425486 np0000164514 devstack@neutron-api.service[102228]: DEBUG neutron_lib.callbacks.manager [None req-7eda98de-2613-4fb0-9b65-be01c0f60d91 None None] Subscribe: > router after_create 55550000, False {{(pid=102228) subscribe /opt/stack/data/venv/lib/python3.12/site-packages/neutron_lib/callbacks/manager.py:52}}
Apr 09 14:05:27.425597 np0000164514 devstack@neutron-api.service[102227]: DEBUG neutron_lib.callbacks.manager [None req-f9a4c50a-6552-4901-bacf-e24f365f9a65 None None] Subscribe: > trunk_plugin after_init 55550000, False {{(pid=102227) subscribe /opt/stack/data/venv/lib/python3.12/site-packages/neutron_lib/callbacks/manager.py:52}}
Apr 09 14:05:27.425731 np0000164514 devstack@neutron-api.service[102228]: DEBUG neutron_lib.callbacks.manager [None req-7eda98de-2613-4fb0-9b65-be01c0f60d91 None None] Subscribe: > router precommit_create 55550000, False {{(pid=102228) subscribe /opt/stack/data/venv/lib/python3.12/site-packages/neutron_lib/callbacks/manager.py:52}}
Apr 09 14:05:27.425731 np0000164514 devstack@neutron-api.service[102228]: DEBUG neutron_lib.callbacks.manager [None req-7eda98de-2613-4fb0-9b65-be01c0f60d91 None None] Subscribe: > router after_delete 55550000, False {{(pid=102228) subscribe /opt/stack/data/venv/lib/python3.12/site-packages/neutron_lib/callbacks/manager.py:52}}
Apr 09 14:05:27.425731 np0000164514 devstack@neutron-api.service[102228]: DEBUG neutron_lib.callbacks.manager [None req-7eda98de-2613-4fb0-9b65-be01c0f60d91 None None] Subscribe: > router after_update 55550000, False {{(pid=102228) subscribe /opt/stack/data/venv/lib/python3.12/site-packages/neutron_lib/callbacks/manager.py:52}}
Apr 09 14:05:27.425902 np0000164514 devstack@neutron-api.service[102227]: DEBUG neutron_lib.callbacks.manager [None req-f9a4c50a-6552-4901-bacf-e24f365f9a65 None None] Subscribe: > logging-plugin after_init 55550000, False {{(pid=102227) subscribe /opt/stack/data/venv/lib/python3.12/site-packages/neutron_lib/callbacks/manager.py:52}}
Apr 09 14:05:27.425987 np0000164514 devstack@neutron-api.service[102228]: DEBUG neutron.services.service_base [None req-7eda98de-2613-4fb0-9b65-be01c0f60d91 None None] Loaded 'neutron.services.ovn_l3.service_providers.ovn.OvnDriver' provider for service L3_ROUTER_NAT {{(pid=102228) load_drivers /opt/stack/neutron/neutron/services/service_base.py:49}}
Apr 09 14:05:27.425987 np0000164514 devstack@neutron-api.service[102228]: DEBUG neutron_lib.callbacks.manager [None req-7eda98de-2613-4fb0-9b65-be01c0f60d91 None None] Subscribe: > process after_init 55550001, True {{(pid=102228) subscribe /opt/stack/data/venv/lib/python3.12/site-packages/neutron_lib/callbacks/manager.py:52}}
Apr 09 14:05:27.425987 np0000164514 devstack@neutron-api.service[102228]: DEBUG neutron.manager [None req-7eda98de-2613-4fb0-9b65-be01c0f60d91 None None] Successfully loaded L3_ROUTER_NAT plugin. Description: L3 Router Service Plugin for basic L3 forwarding using OVN {{(pid=102228) _create_and_add_service_plugin /opt/stack/neutron/neutron/manager.py:239}}
Apr 09 14:05:27.425987 np0000164514 devstack@neutron-api.service[102228]: INFO neutron.manager [None req-7eda98de-2613-4fb0-9b65-be01c0f60d91 None None] Loading Plugin: auto_allocate
Apr 09 14:05:27.426228 np0000164514 devstack@neutron-api.service[102227]: INFO neutron.services.logapi.drivers.ovn.driver [None req-f9a4c50a-6552-4901-bacf-e24f365f9a65 None None] OVN logging driver registered
Apr 09 14:05:27.426336 np0000164514 devstack@neutron-api.service[102228]: DEBUG neutron_lib.callbacks.manager [None req-7eda98de-2613-4fb0-9b65-be01c0f60d91 None None] Subscribe: network precommit_update 55550000, False {{(pid=102228) subscribe /opt/stack/data/venv/lib/python3.12/site-packages/neutron_lib/callbacks/manager.py:52}}
Apr 09 14:05:27.426336 np0000164514 devstack@neutron-api.service[102228]: DEBUG neutron_lib.callbacks.manager [None req-7eda98de-2613-4fb0-9b65-be01c0f60d91 None None] Subscribe: network precommit_create 55550000, False {{(pid=102228) subscribe /opt/stack/data/venv/lib/python3.12/site-packages/neutron_lib/callbacks/manager.py:52}}
Apr 09 14:05:27.426336 np0000164514 devstack@neutron-api.service[102228]: DEBUG neutron.manager [None req-7eda98de-2613-4fb0-9b65-be01c0f60d91 None None] Successfully loaded auto-allocated-topology plugin. Description: Auto Allocated Topology - aka get me a network. {{(pid=102228) _create_and_add_service_plugin /opt/stack/neutron/neutron/manager.py:239}}
Apr 09 14:05:27.426452 np0000164514 devstack@neutron-api.service[102228]: INFO neutron.manager [None req-7eda98de-2613-4fb0-9b65-be01c0f60d91 None None] Loading Plugin: tag
Apr 09 14:05:27.427051 np0000164514 devstack@neutron-api.service[102227]: DEBUG neutron.plugins.ml2.plugin [None req-f9a4c50a-6552-4901-bacf-e24f365f9a65 None None] neutron.plugins.ml2.plugin.Ml2Plugin method _start_rpc_notifiers called with arguments () {} {{(pid=102227) wrapper /opt/stack/data/venv/lib/python3.12/site-packages/oslo_log/helpers.py:77}}
Apr 09 14:05:27.427342 np0000164514 devstack@neutron-api.service[102227]: DEBUG neutron_lib.callbacks.manager [None req-f9a4c50a-6552-4901-bacf-e24f365f9a65 None None] Subscribe: > port after_create 55550000, False {{(pid=102227) subscribe /opt/stack/data/venv/lib/python3.12/site-packages/neutron_lib/callbacks/manager.py:52}}
Apr 09 14:05:27.427469 np0000164514 devstack@neutron-api.service[102227]: DEBUG neutron_lib.callbacks.manager [None req-f9a4c50a-6552-4901-bacf-e24f365f9a65 None None] Subscribe: > port after_update 55550000, False {{(pid=102227) subscribe /opt/stack/data/venv/lib/python3.12/site-packages/neutron_lib/callbacks/manager.py:52}}
Apr 09 14:05:27.427587 np0000164514 devstack@neutron-api.service[102227]: DEBUG neutron_lib.callbacks.manager [None req-f9a4c50a-6552-4901-bacf-e24f365f9a65 None None] Subscribe: > port after_delete 55550000, False {{(pid=102227) subscribe /opt/stack/data/venv/lib/python3.12/site-packages/neutron_lib/callbacks/manager.py:52}}
Apr 09 14:05:27.427730 np0000164514 devstack@neutron-api.service[102227]: DEBUG neutron_lib.callbacks.manager [None req-f9a4c50a-6552-4901-bacf-e24f365f9a65 None None] Subscribe: > subnet after_create 55550000, False {{(pid=102227) subscribe /opt/stack/data/venv/lib/python3.12/site-packages/neutron_lib/callbacks/manager.py:52}}
Apr 09 14:05:27.428038 np0000164514 devstack@neutron-api.service[102227]: DEBUG neutron_lib.callbacks.manager [None req-f9a4c50a-6552-4901-bacf-e24f365f9a65 None None] Subscribe: > subnet after_update 55550000, False {{(pid=102227) subscribe /opt/stack/data/venv/lib/python3.12/site-packages/neutron_lib/callbacks/manager.py:52}}
Apr 09 14:05:27.428038 np0000164514 devstack@neutron-api.service[102227]: DEBUG neutron_lib.callbacks.manager [None req-f9a4c50a-6552-4901-bacf-e24f365f9a65 None None] Subscribe: > subnet after_delete 55550000, False {{(pid=102227) subscribe /opt/stack/data/venv/lib/python3.12/site-packages/neutron_lib/callbacks/manager.py:52}}
Apr 09 14:05:27.428038 np0000164514 devstack@neutron-api.service[102227]: DEBUG neutron_lib.callbacks.manager [None req-f9a4c50a-6552-4901-bacf-e24f365f9a65 None None] Subscribe: > network after_create 55550000, False {{(pid=102227) subscribe /opt/stack/data/venv/lib/python3.12/site-packages/neutron_lib/callbacks/manager.py:52}}
Apr 09 14:05:27.428151 np0000164514 devstack@neutron-api.service[102227]: DEBUG neutron_lib.callbacks.manager [None req-f9a4c50a-6552-4901-bacf-e24f365f9a65 None None] Subscribe: > network after_update 55550000, False {{(pid=102227) subscribe /opt/stack/data/venv/lib/python3.12/site-packages/neutron_lib/callbacks/manager.py:52}}
Apr 09 14:05:27.428347 np0000164514 devstack@neutron-api.service[102227]: DEBUG neutron_lib.callbacks.manager [None req-f9a4c50a-6552-4901-bacf-e24f365f9a65 None None] Subscribe: > network after_delete 55550000, False {{(pid=102227) subscribe /opt/stack/data/venv/lib/python3.12/site-packages/neutron_lib/callbacks/manager.py:52}}
Apr 09 14:05:27.428347 np0000164514 devstack@neutron-api.service[102227]: DEBUG neutron_lib.callbacks.manager [None req-f9a4c50a-6552-4901-bacf-e24f365f9a65 None None] Subscribe: > security_group after_create 55550000, False {{(pid=102227) subscribe /opt/stack/data/venv/lib/python3.12/site-packages/neutron_lib/callbacks/manager.py:52}}
Apr 09 14:05:27.428418 np0000164514 devstack@neutron-api.service[102227]: DEBUG neutron_lib.callbacks.manager [None req-f9a4c50a-6552-4901-bacf-e24f365f9a65 None None] Subscribe: > security_group after_update 55550000, False {{(pid=102227) subscribe /opt/stack/data/venv/lib/python3.12/site-packages/neutron_lib/callbacks/manager.py:52}}
Apr 09 14:05:27.428834 np0000164514 devstack@neutron-api.service[102227]: DEBUG neutron_lib.callbacks.manager [None req-f9a4c50a-6552-4901-bacf-e24f365f9a65 None None] Subscribe: > security_group after_delete 55550000, False {{(pid=102227) subscribe /opt/stack/data/venv/lib/python3.12/site-packages/neutron_lib/callbacks/manager.py:52}}
Apr 09 14:05:27.428834 np0000164514 devstack@neutron-api.service[102227]: DEBUG neutron_lib.callbacks.manager [None req-f9a4c50a-6552-4901-bacf-e24f365f9a65 None None] Subscribe: > security_group_rule after_create 55550000, False {{(pid=102227) subscribe /opt/stack/data/venv/lib/python3.12/site-packages/neutron_lib/callbacks/manager.py:52}}
Apr 09 14:05:27.428834 np0000164514 devstack@neutron-api.service[102227]: DEBUG neutron_lib.callbacks.manager [None req-f9a4c50a-6552-4901-bacf-e24f365f9a65 None None] Subscribe: > security_group_rule after_update 55550000, False {{(pid=102227) subscribe /opt/stack/data/venv/lib/python3.12/site-packages/neutron_lib/callbacks/manager.py:52}}
Apr 09 14:05:27.429474 np0000164514 devstack@neutron-api.service[102227]: DEBUG neutron_lib.callbacks.manager [None req-f9a4c50a-6552-4901-bacf-e24f365f9a65 None None] Subscribe: > security_group_rule after_delete 55550000, False {{(pid=102227) subscribe /opt/stack/data/venv/lib/python3.12/site-packages/neutron_lib/callbacks/manager.py:52}}
Apr 09 14:05:27.429474 np0000164514 devstack@neutron-api.service[102227]: DEBUG neutron_lib.callbacks.manager [None req-f9a4c50a-6552-4901-bacf-e24f365f9a65 None None] Subscribe: > address_group after_create 55550000, False {{(pid=102227) subscribe /opt/stack/data/venv/lib/python3.12/site-packages/neutron_lib/callbacks/manager.py:52}}
Apr 09 14:05:27.429474 np0000164514 devstack@neutron-api.service[102227]: DEBUG neutron_lib.callbacks.manager [None req-f9a4c50a-6552-4901-bacf-e24f365f9a65 None None] Subscribe: > address_group after_update 55550000, False {{(pid=102227) subscribe /opt/stack/data/venv/lib/python3.12/site-packages/neutron_lib/callbacks/manager.py:52}}
Apr 09 14:05:27.430240 np0000164514 devstack@neutron-api.service[102228]: DEBUG neutron.manager [None req-7eda98de-2613-4fb0-9b65-be01c0f60d91 None None] Successfully loaded TAG plugin. Description: Tag support {{(pid=102228) _create_and_add_service_plugin /opt/stack/neutron/neutron/manager.py:239}}
Apr 09 14:05:27.430240 np0000164514 devstack@neutron-api.service[102228]: INFO neutron.manager [None req-7eda98de-2613-4fb0-9b65-be01c0f60d91 None None] Loading Plugin: timestamp
Apr 09 14:05:27.431060 np0000164514 devstack@neutron-api.service[102227]: DEBUG neutron_lib.callbacks.manager [None req-f9a4c50a-6552-4901-bacf-e24f365f9a65 None None] Subscribe: > address_group after_delete 55550000, False {{(pid=102227) subscribe /opt/stack/data/venv/lib/python3.12/site-packages/neutron_lib/callbacks/manager.py:52}}
Apr 09 14:05:27.431060 np0000164514 devstack@neutron-api.service[102227]: DEBUG neutron.plugins.ml2.ovo_rpc [None req-f9a4c50a-6552-4901-bacf-e24f365f9a65 None None] ML2 OVO RPC backend initialized. {{(pid=102227) __init__ /opt/stack/neutron/neutron/plugins/ml2/ovo_rpc.py:117}}
Apr 09 14:05:27.431060 np0000164514 devstack@neutron-api.service[102227]: INFO neutron.quota [None req-f9a4c50a-6552-4901-bacf-e24f365f9a65 None None] Loaded quota_driver: .
Apr 09 14:05:27.431719 np0000164514 devstack@neutron-api.service[102228]: DEBUG neutron.manager [None req-7eda98de-2613-4fb0-9b65-be01c0f60d91 None None] Successfully loaded timestamp plugin. Description: Adds timestamps to Neutron resources with standard attributes {{(pid=102228) _create_and_add_service_plugin /opt/stack/neutron/neutron/manager.py:239}}
Apr 09 14:05:27.432262 np0000164514 devstack@neutron-api.service[102227]: INFO neutron.plugins.ml2.plugin [None req-f9a4c50a-6552-4901-bacf-e24f365f9a65 None None] Modular L2 Plugin initialization complete
Apr 09 14:05:27.432728 np0000164514 devstack@neutron-api.service[102228]: INFO neutron.manager [None req-7eda98de-2613-4fb0-9b65-be01c0f60d91 None None] Loading Plugin: network_ip_availability
Apr 09 14:05:27.433054 np0000164514 devstack@neutron-api.service[102227]: DEBUG neutron.manager [None req-f9a4c50a-6552-4901-bacf-e24f365f9a65 None None] Loading services supported by the core plugin {{(pid=102227) _load_services_from_core_plugin /opt/stack/neutron/neutron/manager.py:170}}
Apr 09 14:05:27.433054 np0000164514 devstack@neutron-api.service[102227]: INFO neutron.plugins.ml2.managers [None req-f9a4c50a-6552-4901-bacf-e24f365f9a65 None None] Got port-security extension from driver 'port_security'
Apr 09 14:05:27.433054 np0000164514 devstack@neutron-api.service[102227]: DEBUG neutron.manager [None req-f9a4c50a-6552-4901-bacf-e24f365f9a65 None None] Loading service plugins: ['ovn-router', 'auto_allocate', 'tag', 'timestamp', 'network_ip_availability', 'flavors', 'revisions'] {{(pid=102227) _load_service_plugins /opt/stack/neutron/neutron/manager.py:195}}
Apr 09 14:05:27.433054 np0000164514 devstack@neutron-api.service[102227]: INFO neutron.manager [None req-f9a4c50a-6552-4901-bacf-e24f365f9a65 None None] Loading Plugin: ovn-router
Apr 09 14:05:27.433383 np0000164514 devstack@neutron-api.service[102228]: DEBUG neutron.manager [None req-7eda98de-2613-4fb0-9b65-be01c0f60d91 None None] Successfully loaded network-ip-availability plugin. Description: Provides IP availability data for each network and subnet. {{(pid=102228) _create_and_add_service_plugin /opt/stack/neutron/neutron/manager.py:239}}
Apr 09 14:05:27.433383 np0000164514 devstack@neutron-api.service[102228]: INFO neutron.manager [None req-7eda98de-2613-4fb0-9b65-be01c0f60d91 None None] Loading Plugin: flavors
Apr 09 14:05:27.433383 np0000164514 devstack@neutron-api.service[102228]: DEBUG neutron.manager [None req-7eda98de-2613-4fb0-9b65-be01c0f60d91 None None] Successfully loaded FLAVORS plugin. Description: Neutron Flavors and Service Profiles manager plugin {{(pid=102228) _create_and_add_service_plugin /opt/stack/neutron/neutron/manager.py:239}}
Apr 09 14:05:27.433383 np0000164514 devstack@neutron-api.service[102228]: INFO neutron.manager [None req-7eda98de-2613-4fb0-9b65-be01c0f60d91 None None] Loading Plugin: revisions
Apr 09 14:05:27.434215 np0000164514 devstack@neutron-api.service[102228]: DEBUG neutron.manager [None req-7eda98de-2613-4fb0-9b65-be01c0f60d91 None None] Successfully loaded revision_plugin plugin. Description: Adds revision numbers to resources. {{(pid=102228) _create_and_add_service_plugin /opt/stack/neutron/neutron/manager.py:239}}
Apr 09 14:05:27.434364 np0000164514 devstack@neutron-api.service[102228]: DEBUG oslo_concurrency.lockutils [None req-7eda98de-2613-4fb0-9b65-be01c0f60d91 None None] Lock "manager" "released" by "neutron.manager.NeutronManager._create_instance" :: held 4.929s {{(pid=102228) inner /opt/stack/data/venv/lib/python3.12/site-packages/oslo_concurrency/lockutils.py:538}}
Apr 09 14:05:27.434601 np0000164514 devstack@neutron-api.service[102228]: DEBUG neutron.api.extensions [None req-7eda98de-2613-4fb0-9b65-be01c0f60d91 None None] get_extension_paths = OrderedDict({'/opt/stack/neutron/neutron/extensions': 1}) {{(pid=102228) get_extensions_path /opt/stack/neutron/neutron/api/extensions.py:640}}
Apr 09 14:05:27.434687 np0000164514 devstack@neutron-api.service[102228]: INFO neutron.api.extensions [None req-7eda98de-2613-4fb0-9b65-be01c0f60d91 None None] Initializing extension manager.
Apr 09 14:05:27.434962 np0000164514 devstack@neutron-api.service[102228]: DEBUG neutron.api.extensions [None req-7eda98de-2613-4fb0-9b65-be01c0f60d91 None None] Loading extension file: __init__.py {{(pid=102228) _load_all_extensions_from_path /opt/stack/neutron/neutron/api/extensions.py:449}}
Apr 09 14:05:27.435040 np0000164514 devstack@neutron-api.service[102228]: DEBUG neutron.api.extensions [None req-7eda98de-2613-4fb0-9b65-be01c0f60d91 None None] Loading extension file: __pycache__ {{(pid=102228) _load_all_extensions_from_path /opt/stack/neutron/neutron/api/extensions.py:449}}
Apr 09 14:05:27.435142 np0000164514 devstack@neutron-api.service[102228]: DEBUG neutron.api.extensions [None req-7eda98de-2613-4fb0-9b65-be01c0f60d91 None None] Loading extension file: address_group.py {{(pid=102228) _load_all_extensions_from_path /opt/stack/neutron/neutron/api/extensions.py:449}}
Apr 09 14:05:27.435458 np0000164514 devstack@neutron-api.service[102228]: DEBUG neutron.api.extensions [None req-7eda98de-2613-4fb0-9b65-be01c0f60d91 None None] Ext name="Address group" alias="address-group" description="Support address group" updated="2020-07-15T10:00:00-00:00" {{(pid=102228) _check_extension /opt/stack/neutron/neutron/api/extensions.py:415}}
Apr 09 14:05:27.435747 np0000164514 devstack@neutron-api.service[102228]: INFO neutron.api.extensions [None req-7eda98de-2613-4fb0-9b65-be01c0f60d91 None None] Loaded extension: address-group
Apr 09 14:05:27.435847 np0000164514 devstack@neutron-api.service[102228]: DEBUG neutron.api.extensions [None req-7eda98de-2613-4fb0-9b65-be01c0f60d91 None None] Loading extension file: address_scope.py {{(pid=102228) _load_all_extensions_from_path /opt/stack/neutron/neutron/api/extensions.py:449}}
Apr 09 14:05:27.436146 np0000164514 devstack@neutron-api.service[102228]: DEBUG neutron.api.extensions [None req-7eda98de-2613-4fb0-9b65-be01c0f60d91 None None] Ext name="Address scope" alias="address-scope" description="Address scopes extension." updated="2015-07-26T10:00:00-00:00" {{(pid=102228) _check_extension /opt/stack/neutron/neutron/api/extensions.py:415}}
Apr 09 14:05:27.436390 np0000164514 devstack@neutron-api.service[102228]: INFO neutron.api.extensions [None req-7eda98de-2613-4fb0-9b65-be01c0f60d91 None None] Loaded extension: address-scope
Apr 09 14:05:27.436575 np0000164514 devstack@neutron-api.service[102228]: DEBUG neutron.api.extensions [None req-7eda98de-2613-4fb0-9b65-be01c0f60d91 None None] Loading extension file: admin_state_down_before_update.py {{(pid=102228) _load_all_extensions_from_path /opt/stack/neutron/neutron/api/extensions.py:449}}
Apr 09 14:05:27.436745 np0000164514 devstack@neutron-api.service[102228]: DEBUG neutron.api.extensions [None req-7eda98de-2613-4fb0-9b65-be01c0f60d91 None None] Ext name="Enforce Router's Admin State Down Before Update Extension" alias="router-admin-state-down-before-update" description="Ensure that the admin state of a router is DOWN (admin_state_up=False) before updating the distributed attribute" updated="2019-07-02T15:56:00" {{(pid=102228) _check_extension /opt/stack/neutron/neutron/api/extensions.py:415}}
Apr 09 14:05:27.436919 np0000164514 devstack@neutron-api.service[102228]: INFO neutron.api.extensions [None req-7eda98de-2613-4fb0-9b65-be01c0f60d91 None None] Extension router-admin-state-down-before-update not supported by any of loaded plugins
Apr 09 14:05:27.437091 np0000164514 devstack@neutron-api.service[102228]: DEBUG neutron.api.extensions [None req-7eda98de-2613-4fb0-9b65-be01c0f60d91 None None] Loading extension file: agent.py {{(pid=102228) _load_all_extensions_from_path /opt/stack/neutron/neutron/api/extensions.py:449}}
Apr 09 14:05:27.437299 np0000164514 devstack@neutron-api.service[102228]: DEBUG neutron.api.extensions [None req-7eda98de-2613-4fb0-9b65-be01c0f60d91 None None] Ext name="agent" alias="agent" description="The agent management extension." updated="2013-02-03T10:00:00-00:00" {{(pid=102228) _check_extension /opt/stack/neutron/neutron/api/extensions.py:415}}
Apr 09 14:05:27.437463 np0000164514 devstack@neutron-api.service[102228]: INFO neutron.api.extensions [None req-7eda98de-2613-4fb0-9b65-be01c0f60d91 None None] Loaded extension: agent
Apr 09 14:05:27.437496 np0000164514 devstack@neutron-api.service[102228]: DEBUG neutron.api.extensions [None req-7eda98de-2613-4fb0-9b65-be01c0f60d91 None None] Loading extension file: agent_resources_synced.py {{(pid=102228) _load_all_extensions_from_path /opt/stack/neutron/neutron/api/extensions.py:449}}
Apr 09 14:05:27.437744 np0000164514 devstack@neutron-api.service[102228]: DEBUG neutron.api.extensions [None req-7eda98de-2613-4fb0-9b65-be01c0f60d91 None None] Ext name="Agent's Resource View Synced to Placement" alias="agent-resources-synced" description="Stores success/failure of last sync to Placement" updated="2018-12-19T00:00:00-00:00" {{(pid=102228) _check_extension /opt/stack/neutron/neutron/api/extensions.py:415}}
Apr 09 14:05:27.437938 np0000164514 devstack@neutron-api.service[102228]: INFO neutron.api.extensions [None req-7eda98de-2613-4fb0-9b65-be01c0f60d91 None None] Extension agent-resources-synced not supported by any of loaded plugins
Apr 09 14:05:27.438015 np0000164514 devstack@neutron-api.service[102228]: DEBUG neutron.api.extensions [None req-7eda98de-2613-4fb0-9b65-be01c0f60d91 None None] Loading extension file: allowedaddresspairs.py {{(pid=102228) _load_all_extensions_from_path /opt/stack/neutron/neutron/api/extensions.py:449}}
Apr 09 14:05:27.438709 np0000164514 devstack@neutron-api.service[102228]: DEBUG neutron.api.extensions [None req-7eda98de-2613-4fb0-9b65-be01c0f60d91 None None] Ext name="Allowed Address Pairs" alias="allowed-address-pairs" description="Provides allowed address pairs" updated="2013-07-23T10:00:00-00:00" {{(pid=102228) _check_extension /opt/stack/neutron/neutron/api/extensions.py:415}}
Apr 09 14:05:27.438948 np0000164514 devstack@neutron-api.service[102228]: INFO neutron.api.extensions [None req-7eda98de-2613-4fb0-9b65-be01c0f60d91 None None] Loaded extension: allowed-address-pairs
Apr 09 14:05:27.439060 np0000164514 devstack@neutron-api.service[102228]: DEBUG neutron.api.extensions [None req-7eda98de-2613-4fb0-9b65-be01c0f60d91 None None] Loading extension file: auto_allocated_topology.py {{(pid=102228) _load_all_extensions_from_path /opt/stack/neutron/neutron/api/extensions.py:449}}
Apr 09 14:05:27.439267 np0000164514 devstack@neutron-api.service[102228]: DEBUG neutron.api.extensions [None req-7eda98de-2613-4fb0-9b65-be01c0f60d91 None None] Ext name="Auto Allocated Topology Services" alias="auto-allocated-topology" description="Auto Allocated Topology Services." updated="2016-01-01T00:00:00-00:00" {{(pid=102228) _check_extension /opt/stack/neutron/neutron/api/extensions.py:415}}
Apr 09 14:05:27.439482 np0000164514 devstack@neutron-api.service[102228]: INFO neutron.api.extensions [None req-7eda98de-2613-4fb0-9b65-be01c0f60d91 None None] Loaded extension: auto-allocated-topology
Apr 09 14:05:27.439482 np0000164514 devstack@neutron-api.service[102228]: DEBUG neutron.api.extensions [None req-7eda98de-2613-4fb0-9b65-be01c0f60d91 None None] Loading extension file: availability_zone.py {{(pid=102228) _load_all_extensions_from_path /opt/stack/neutron/neutron/api/extensions.py:449}}
Apr 09 14:05:27.439946 np0000164514 devstack@neutron-api.service[102228]: DEBUG neutron.api.extensions [None req-7eda98de-2613-4fb0-9b65-be01c0f60d91 None None] Ext name="Availability Zone" alias="availability_zone" description="The availability zone extension." updated="2015-01-01T10:00:00-00:00" {{(pid=102228) _check_extension /opt/stack/neutron/neutron/api/extensions.py:415}}
Apr 09 14:05:27.440137 np0000164514 devstack@neutron-api.service[102228]: INFO neutron.api.extensions [None req-7eda98de-2613-4fb0-9b65-be01c0f60d91 None None] Loaded extension: availability_zone
Apr 09 14:05:27.440137 np0000164514 devstack@neutron-api.service[102228]: DEBUG neutron.api.extensions [None req-7eda98de-2613-4fb0-9b65-be01c0f60d91 None None] Loading extension file: availability_zone_filter.py {{(pid=102228) _load_all_extensions_from_path /opt/stack/neutron/neutron/api/extensions.py:449}}
Apr 09 14:05:27.440378 np0000164514 devstack@neutron-api.service[102228]: DEBUG neutron.api.extensions [None req-7eda98de-2613-4fb0-9b65-be01c0f60d91 None None] Ext name="Availability Zone Filter Extension" alias="availability_zone_filter" description="Add filter parameters to AvailabilityZone resource" updated="2018-06-22T10:00:00-00:00" {{(pid=102228) _check_extension /opt/stack/neutron/neutron/api/extensions.py:415}}
Apr 09 14:05:27.440600 np0000164514 devstack@neutron-api.service[102228]: INFO neutron.api.extensions [None req-7eda98de-2613-4fb0-9b65-be01c0f60d91 None None] Extension availability_zone_filter not supported by any of loaded plugins
Apr 09 14:05:27.440600 np0000164514 devstack@neutron-api.service[102228]: DEBUG neutron.api.extensions [None req-7eda98de-2613-4fb0-9b65-be01c0f60d91 None None] Loading extension file: data_plane_status.py {{(pid=102228) _load_all_extensions_from_path /opt/stack/neutron/neutron/api/extensions.py:449}}
Apr 09 14:05:27.440802 np0000164514 devstack@neutron-api.service[102227]: DEBUG neutron_lib.callbacks.manager [None req-f9a4c50a-6552-4901-bacf-e24f365f9a65 None None] Subscribe: > router before_delete 55550000, False {{(pid=102227) subscribe /opt/stack/data/venv/lib/python3.12/site-packages/neutron_lib/callbacks/manager.py:52}}
Apr 09 14:05:27.440883 np0000164514 devstack@neutron-api.service[102228]: DEBUG neutron.api.extensions [None req-7eda98de-2613-4fb0-9b65-be01c0f60d91 None None] Ext name="Port data plane status extension" alias="data-plane-status" description="Expose status of underlying data plane" updated="2017-01-24T10:00:00-00:00" {{(pid=102228) _check_extension /opt/stack/neutron/neutron/api/extensions.py:415}}
Apr 09 14:05:27.440945 np0000164514 devstack@neutron-api.service[102227]: DEBUG neutron_lib.callbacks.manager [None req-f9a4c50a-6552-4901-bacf-e24f365f9a65 None None] Subscribe: port after_update 55550000, False {{(pid=102227) subscribe /opt/stack/data/venv/lib/python3.12/site-packages/neutron_lib/callbacks/manager.py:52}}
Apr 09 14:05:27.441025 np0000164514 devstack@neutron-api.service[102228]: INFO neutron.api.extensions [None req-7eda98de-2613-4fb0-9b65-be01c0f60d91 None None] Extension data-plane-status not supported by any of loaded plugins
Apr 09 14:05:27.441086 np0000164514 devstack@neutron-api.service[102227]: DEBUG neutron_lib.callbacks.manager [None req-f9a4c50a-6552-4901-bacf-e24f365f9a65 None None] Subscribe: port after_delete 55550000, False {{(pid=102227) subscribe /opt/stack/data/venv/lib/python3.12/site-packages/neutron_lib/callbacks/manager.py:52}}
Apr 09 14:05:27.441165 np0000164514 devstack@neutron-api.service[102228]: DEBUG neutron.api.extensions [None req-7eda98de-2613-4fb0-9b65-be01c0f60d91 None None] Loading extension file: default_subnetpools.py {{(pid=102228) _load_all_extensions_from_path /opt/stack/neutron/neutron/api/extensions.py:449}}
Apr 09 14:05:27.441221 np0000164514 devstack@neutron-api.service[102227]: DEBUG neutron_lib.callbacks.manager [None req-f9a4c50a-6552-4901-bacf-e24f365f9a65 None None] Subscribe: subnet after_update 55550000, False {{(pid=102227) subscribe /opt/stack/data/venv/lib/python3.12/site-packages/neutron_lib/callbacks/manager.py:52}}
Apr 09 14:05:27.441221 np0000164514 devstack@neutron-api.service[102227]: DEBUG neutron_lib.callbacks.manager [None req-f9a4c50a-6552-4901-bacf-e24f365f9a65 None None] Subscribe: subnetpool_address_scope after_update 55550000, False {{(pid=102227) subscribe /opt/stack/data/venv/lib/python3.12/site-packages/neutron_lib/callbacks/manager.py:52}}
Apr 09 14:05:27.441388 np0000164514 devstack@neutron-api.service[102228]: DEBUG neutron.api.extensions [None req-7eda98de-2613-4fb0-9b65-be01c0f60d91 None None] Ext name="Default Subnetpools" alias="default-subnetpools" description="Provides ability to mark and use a subnetpool as the default." updated="2016-02-18T18:00:00-00:00" {{(pid=102228) _check_extension /opt/stack/neutron/neutron/api/extensions.py:415}}
Apr 09 14:05:27.441488 np0000164514 devstack@neutron-api.service[102227]: DEBUG neutron_lib.callbacks.manager [None req-f9a4c50a-6552-4901-bacf-e24f365f9a65 None None] Subscribe: port before_update 55550000, False {{(pid=102227) subscribe /opt/stack/data/venv/lib/python3.12/site-packages/neutron_lib/callbacks/manager.py:52}}
Apr 09 14:05:27.441488 np0000164514 devstack@neutron-api.service[102227]: DEBUG neutron_lib.callbacks.manager [None req-f9a4c50a-6552-4901-bacf-e24f365f9a65 None None] Subscribe: port after_update 55550000, False {{(pid=102227) subscribe /opt/stack/data/venv/lib/python3.12/site-packages/neutron_lib/callbacks/manager.py:52}}
Apr 09 14:05:27.441666 np0000164514 devstack@neutron-api.service[102227]: DEBUG neutron_lib.callbacks.manager [None req-f9a4c50a-6552-4901-bacf-e24f365f9a65 None None] Subscribe: > port precommit_delete 55550000, False {{(pid=102227) subscribe /opt/stack/data/venv/lib/python3.12/site-packages/neutron_lib/callbacks/manager.py:52}}
Apr 09 14:05:27.441752 np0000164514 devstack@neutron-api.service[102228]: INFO neutron.api.extensions [None req-7eda98de-2613-4fb0-9b65-be01c0f60d91 None None] Loaded extension: default-subnetpools
Apr 09 14:05:27.441752 np0000164514 devstack@neutron-api.service[102228]: DEBUG neutron.api.extensions [None req-7eda98de-2613-4fb0-9b65-be01c0f60d91 None None] Loading extension file: dhcpagentscheduler.py {{(pid=102228) _load_all_extensions_from_path /opt/stack/neutron/neutron/api/extensions.py:449}}
Apr 09 14:05:27.441805 np0000164514 devstack@neutron-api.service[102227]: DEBUG neutron_lib.callbacks.manager [None req-f9a4c50a-6552-4901-bacf-e24f365f9a65 None None] Subscribe: port before_update 55550000, False {{(pid=102227) subscribe /opt/stack/data/venv/lib/python3.12/site-packages/neutron_lib/callbacks/manager.py:52}}
Apr 09 14:05:27.441805 np0000164514 devstack@neutron-api.service[102227]: DEBUG neutron_lib.callbacks.manager [None req-f9a4c50a-6552-4901-bacf-e24f365f9a65 None None] Subscribe: port before_delete 55550000, False {{(pid=102227) subscribe /opt/stack/data/venv/lib/python3.12/site-packages/neutron_lib/callbacks/manager.py:52}}
Apr 09 14:05:27.441931 np0000164514 devstack@neutron-api.service[102227]: DEBUG neutron_lib.callbacks.manager [None req-f9a4c50a-6552-4901-bacf-e24f365f9a65 None None] Subscribe: > router precommit_create 55550000, False {{(pid=102227) subscribe /opt/stack/data/venv/lib/python3.12/site-packages/neutron_lib/callbacks/manager.py:52}}
Apr 09 14:05:27.442023 np0000164514 devstack@neutron-api.service[102227]: DEBUG neutron_lib.callbacks.manager [None req-f9a4c50a-6552-4901-bacf-e24f365f9a65 None None] Subscribe: > router precommit_create 55550000, False {{(pid=102227) subscribe /opt/stack/data/venv/lib/python3.12/site-packages/neutron_lib/callbacks/manager.py:52}}
Apr 09 14:05:27.442133 np0000164514 devstack@neutron-api.service[102228]: DEBUG neutron.api.extensions [None req-7eda98de-2613-4fb0-9b65-be01c0f60d91 None None] Ext name="DHCP Agent Scheduler" alias="dhcp_agent_scheduler" description="Schedule networks among dhcp agents" updated="2013-02-07T10:00:00-00:00" {{(pid=102228) _check_extension /opt/stack/neutron/neutron/api/extensions.py:415}}
Apr 09 14:05:27.442217 np0000164514 devstack@neutron-api.service[102227]: DEBUG neutron_lib.callbacks.manager [None req-f9a4c50a-6552-4901-bacf-e24f365f9a65 None None] Subscribe: > router precommit_update 55550000, False {{(pid=102227) subscribe /opt/stack/data/venv/lib/python3.12/site-packages/neutron_lib/callbacks/manager.py:52}}
Apr 09 14:05:27.442217 np0000164514 devstack@neutron-api.service[102227]: DEBUG neutron_lib.callbacks.manager [None req-f9a4c50a-6552-4901-bacf-e24f365f9a65 None None] Subscribe: subnet after_update 55550000, False {{(pid=102227) subscribe /opt/stack/data/venv/lib/python3.12/site-packages/neutron_lib/callbacks/manager.py:52}}
Apr 09 14:05:27.442373 np0000164514 devstack@neutron-api.service[102228]: INFO neutron.api.extensions [None req-7eda98de-2613-4fb0-9b65-be01c0f60d91 None None] Loaded extension: dhcp_agent_scheduler
Apr 09 14:05:27.442373 np0000164514 devstack@neutron-api.service[102228]: DEBUG neutron.api.extensions [None req-7eda98de-2613-4fb0-9b65-be01c0f60d91 None None] Loading extension file: dns.py {{(pid=102228) _load_all_extensions_from_path /opt/stack/neutron/neutron/api/extensions.py:449}}
Apr 09 14:05:27.442596 np0000164514 devstack@neutron-api.service[102228]: DEBUG neutron.api.extensions [None req-7eda98de-2613-4fb0-9b65-be01c0f60d91 None None] Ext name="DNS Integration" alias="dns-integration" description="Provides integration with DNS." updated="2015-08-15T18:00:00-00:00" {{(pid=102228) _check_extension /opt/stack/neutron/neutron/api/extensions.py:415}}
Apr 09 14:05:27.442980 np0000164514 devstack@neutron-api.service[102228]: INFO neutron.api.extensions [None req-7eda98de-2613-4fb0-9b65-be01c0f60d91 None None] Loaded extension: dns-integration
Apr 09 14:05:27.442980 np0000164514 devstack@neutron-api.service[102228]: DEBUG neutron.api.extensions [None req-7eda98de-2613-4fb0-9b65-be01c0f60d91 None None] Loading extension file: dns_domain_ports.py {{(pid=102228) _load_all_extensions_from_path /opt/stack/neutron/neutron/api/extensions.py:449}}
Apr 09 14:05:27.443430 np0000164514 devstack@neutron-api.service[102227]: DEBUG neutron.quota.resource_registry [None req-f9a4c50a-6552-4901-bacf-e24f365f9a65 None None] Tracking information for resource: router configured {{(pid=102227) set_tracked_resource /opt/stack/neutron/neutron/quota/resource_registry.py:203}}
Apr 09 14:05:27.444201 np0000164514 devstack@neutron-api.service[102228]: DEBUG neutron.api.extensions [None req-7eda98de-2613-4fb0-9b65-be01c0f60d91 None None] Ext name="dns_domain for ports" alias="dns-domain-ports" description="Allows the DNS domain to be specified for a network port." updated="2017-04-24T10:00:00-00:00" {{(pid=102228) _check_extension /opt/stack/neutron/neutron/api/extensions.py:415}}
Apr 09 14:05:27.444774 np0000164514 devstack@neutron-api.service[102227]: DEBUG neutron.quota.resource_registry [None req-f9a4c50a-6552-4901-bacf-e24f365f9a65 None None] Tracking information for resource: floatingip configured {{(pid=102227) set_tracked_resource /opt/stack/neutron/neutron/quota/resource_registry.py:203}}
Apr 09 14:05:27.445141 np0000164514 devstack@neutron-api.service[102228]: INFO neutron.api.extensions [None req-7eda98de-2613-4fb0-9b65-be01c0f60d91 None None] Loaded extension: dns-domain-ports
Apr 09 14:05:27.445396 np0000164514 devstack@neutron-api.service[102227]: INFO neutron.services.ovn_l3.plugin [None req-f9a4c50a-6552-4901-bacf-e24f365f9a65 None None] Starting OVNL3RouterPlugin
Apr 09 14:05:27.445677 np0000164514 devstack@neutron-api.service[102228]: DEBUG neutron.api.extensions [None req-7eda98de-2613-4fb0-9b65-be01c0f60d91 None None] Loading extension file: dns_integration_domain_keywords.py {{(pid=102228) _load_all_extensions_from_path /opt/stack/neutron/neutron/api/extensions.py:449}}
Apr 09 14:05:27.445930 np0000164514 devstack@neutron-api.service[102227]: DEBUG neutron_lib.callbacks.manager [None req-f9a4c50a-6552-4901-bacf-e24f365f9a65 None None] Subscribe: > port_forwarding_plugin after_init 55550000, False {{(pid=102227) subscribe /opt/stack/data/venv/lib/python3.12/site-packages/neutron_lib/callbacks/manager.py:52}}
Apr 09 14:05:27.446097 np0000164514 devstack@neutron-api.service[102228]: DEBUG neutron.api.extensions [None req-7eda98de-2613-4fb0-9b65-be01c0f60d91 None None] Ext name="DNS domain names with keywords allowed" alias="dns-integration-domain-keywords" description="Allows to use keywords like , , and as DNS domain name" updated="2020-06-15T18:00:00-00:00" {{(pid=102228) _check_extension /opt/stack/neutron/neutron/api/extensions.py:415}}
Apr 09 14:05:27.446097 np0000164514 devstack@neutron-api.service[102228]: INFO neutron.api.extensions [None req-7eda98de-2613-4fb0-9b65-be01c0f60d91 None None] Loaded extension: dns-integration-domain-keywords
Apr 09 14:05:27.446329 np0000164514 devstack@neutron-api.service[102227]: DEBUG neutron_lib.callbacks.manager [None req-f9a4c50a-6552-4901-bacf-e24f365f9a65 None None] Subscribe: > router before_create 55550100, False {{(pid=102227) subscribe /opt/stack/data/venv/lib/python3.12/site-packages/neutron_lib/callbacks/manager.py:52}}
Apr 09 14:05:27.446654 np0000164514 devstack@neutron-api.service[102228]: DEBUG neutron.api.extensions [None req-7eda98de-2613-4fb0-9b65-be01c0f60d91 None None] Loading extension file: dvr.py {{(pid=102228) _load_all_extensions_from_path /opt/stack/neutron/neutron/api/extensions.py:449}}
Apr 09 14:05:27.446937 np0000164514 devstack@neutron-api.service[102227]: DEBUG neutron_lib.callbacks.manager [None req-f9a4c50a-6552-4901-bacf-e24f365f9a65 None None] Subscribe: > router precommit_delete 55550100, False {{(pid=102227) subscribe /opt/stack/data/venv/lib/python3.12/site-packages/neutron_lib/callbacks/manager.py:52}}
Apr 09 14:05:27.446937 np0000164514 devstack@neutron-api.service[102227]: DEBUG neutron_lib.callbacks.manager [None req-f9a4c50a-6552-4901-bacf-e24f365f9a65 None None] Subscribe: > router precommit_create 55550100, False {{(pid=102227) subscribe /opt/stack/data/venv/lib/python3.12/site-packages/neutron_lib/callbacks/manager.py:52}}
Apr 09 14:05:27.447208 np0000164514 devstack@neutron-api.service[102228]: DEBUG neutron.api.extensions [None req-7eda98de-2613-4fb0-9b65-be01c0f60d91 None None] Ext name="Distributed Virtual Router" alias="dvr" description="Enables configuration of Distributed Virtual Routers." updated="2014-06-1T10:00:00-00:00" {{(pid=102228) _check_extension /opt/stack/neutron/neutron/api/extensions.py:415}}
Apr 09 14:05:27.447394 np0000164514 devstack@neutron-api.service[102227]: DEBUG neutron_lib.callbacks.manager [None req-f9a4c50a-6552-4901-bacf-e24f365f9a65 None None] Subscribe: > router precommit_update 55550100, False {{(pid=102227) subscribe /opt/stack/data/venv/lib/python3.12/site-packages/neutron_lib/callbacks/manager.py:52}}
Apr 09 14:05:27.447593 np0000164514 devstack@neutron-api.service[102228]: INFO neutron.api.extensions [None req-7eda98de-2613-4fb0-9b65-be01c0f60d91 None None] Extension dvr not supported by any of loaded plugins
Apr 09 14:05:27.447593 np0000164514 devstack@neutron-api.service[102228]: DEBUG neutron.api.extensions [None req-7eda98de-2613-4fb0-9b65-be01c0f60d91 None None] Loading extension file: ecmp_routes.py {{(pid=102228) _load_all_extensions_from_path /opt/stack/neutron/neutron/api/extensions.py:449}}
Apr 09 14:05:27.447593 np0000164514 devstack@neutron-api.service[102228]: DEBUG neutron.api.extensions [None req-7eda98de-2613-4fb0-9b65-be01c0f60d91 None None] Ext name="Equal Cost Multipath Routing" alias="ecmp_routes" description="Allows traffic to reach thesame destination via multiple different links " updated="2020-11-26T18:00:00-00:00" {{(pid=102228) _check_extension /opt/stack/neutron/neutron/api/extensions.py:415}}
Apr 09 14:05:27.447593 np0000164514 devstack@neutron-api.service[102228]: INFO neutron.api.extensions [None req-7eda98de-2613-4fb0-9b65-be01c0f60d91 None None] Extension ecmp_routes not supported by any of loaded plugins
Apr 09 14:05:27.447593 np0000164514 devstack@neutron-api.service[102228]: DEBUG neutron.api.extensions [None req-7eda98de-2613-4fb0-9b65-be01c0f60d91 None None] Loading extension file: empty_string_filtering.py {{(pid=102228) _load_all_extensions_from_path /opt/stack/neutron/neutron/api/extensions.py:449}}
Apr 09 14:05:27.447593 np0000164514 devstack@neutron-api.service[102228]: DEBUG neutron.api.extensions [None req-7eda98de-2613-4fb0-9b65-be01c0f60d91 None None] Ext name="Empty String Filtering Extension" alias="empty-string-filtering" description="Allow filtering by attributes with empty string value" updated="2018-05-01T10:00:00-00:00" {{(pid=102228) _check_extension /opt/stack/neutron/neutron/api/extensions.py:415}}
Apr 09 14:05:27.447593 np0000164514 devstack@neutron-api.service[102228]: INFO neutron.api.extensions [None req-7eda98de-2613-4fb0-9b65-be01c0f60d91 None None] Loaded extension: empty-string-filtering
Apr 09 14:05:27.448047 np0000164514 devstack@neutron-api.service[102228]: DEBUG neutron.api.extensions [None req-7eda98de-2613-4fb0-9b65-be01c0f60d91 None None] Loading extension file: expose_l3_conntrack_helper.py {{(pid=102228) _load_all_extensions_from_path /opt/stack/neutron/neutron/api/extensions.py:449}}
Apr 09 14:05:27.448047 np0000164514 devstack@neutron-api.service[102228]: DEBUG neutron.api.extensions [None req-7eda98de-2613-4fb0-9b65-be01c0f60d91 None None] Ext name="Expose CT target rules for conntrack helper" alias="expose-l3-conntrack-helper" description="Expose allow adding CT target rules for conntrack helper" updated="2019-04-04T10:00:00-00:00" {{(pid=102228) _check_extension /opt/stack/neutron/neutron/api/extensions.py:415}}
Apr 09 14:05:27.448047 np0000164514 devstack@neutron-api.service[102228]: INFO neutron.api.extensions [None req-7eda98de-2613-4fb0-9b65-be01c0f60d91 None None] Extension expose-l3-conntrack-helper not supported by any of loaded plugins
Apr 09 14:05:27.448047 np0000164514 devstack@neutron-api.service[102228]: DEBUG neutron.api.extensions [None req-7eda98de-2613-4fb0-9b65-be01c0f60d91 None None] Loading extension file: expose_port_forwarding_in_fip.py {{(pid=102228) _load_all_extensions_from_path /opt/stack/neutron/neutron/api/extensions.py:449}}
Apr 09 14:05:27.448047 np0000164514 devstack@neutron-api.service[102228]: DEBUG neutron.api.extensions [None req-7eda98de-2613-4fb0-9b65-be01c0f60d91 None None] Ext name="Expose Floating IP port forwardings" alias="expose-port-forwarding-in-fip" description="Expose port forwarding fields in floating IP response" updated="2018-06-28T16:00:00-00:00" {{(pid=102228) _check_extension /opt/stack/neutron/neutron/api/extensions.py:415}}
Apr 09 14:05:27.448047 np0000164514 devstack@neutron-api.service[102228]: INFO neutron.api.extensions [None req-7eda98de-2613-4fb0-9b65-be01c0f60d91 None None] Extension expose-port-forwarding-in-fip not supported by any of loaded plugins
Apr 09 14:05:27.448047 np0000164514 devstack@neutron-api.service[102228]: DEBUG neutron.api.extensions [None req-7eda98de-2613-4fb0-9b65-be01c0f60d91 None None] Loading extension file: external_net.py {{(pid=102228) _load_all_extensions_from_path /opt/stack/neutron/neutron/api/extensions.py:449}}
Apr 09 14:05:27.448487 np0000164514 devstack@neutron-api.service[102228]: DEBUG neutron.api.extensions [None req-7eda98de-2613-4fb0-9b65-be01c0f60d91 None None] Ext name="Neutron external network" alias="external-net" description="Adds external network attribute to network resource." updated="2013-01-14T10:00:00-00:00" {{(pid=102228) _check_extension /opt/stack/neutron/neutron/api/extensions.py:415}}
Apr 09 14:05:27.448487 np0000164514 devstack@neutron-api.service[102228]: INFO neutron.api.extensions [None req-7eda98de-2613-4fb0-9b65-be01c0f60d91 None None] Loaded extension: external-net
Apr 09 14:05:27.448487 np0000164514 devstack@neutron-api.service[102228]: DEBUG neutron.api.extensions [None req-7eda98de-2613-4fb0-9b65-be01c0f60d91 None None] Loading extension file: extra_dhcp_opt.py {{(pid=102228) _load_all_extensions_from_path /opt/stack/neutron/neutron/api/extensions.py:449}}
Apr 09 14:05:27.448487 np0000164514 devstack@neutron-api.service[102228]: DEBUG neutron.api.extensions [None req-7eda98de-2613-4fb0-9b65-be01c0f60d91 None None] Ext name="Neutron Extra DHCP options" alias="extra_dhcp_opt" description="Extra options configuration for DHCP. For example PXE boot options to DHCP clients can be specified (e.g. tftp-server, server-ip-address, bootfile-name)" updated="2013-03-17T12:00:00-00:00" {{(pid=102228) _check_extension /opt/stack/neutron/neutron/api/extensions.py:415}}
Apr 09 14:05:27.448487 np0000164514 devstack@neutron-api.service[102228]: INFO neutron.api.extensions [None req-7eda98de-2613-4fb0-9b65-be01c0f60d91 None None] Loaded extension: extra_dhcp_opt
Apr 09 14:05:27.448487 np0000164514 devstack@neutron-api.service[102228]: DEBUG neutron.api.extensions [None req-7eda98de-2613-4fb0-9b65-be01c0f60d91 None None] Loading extension file: extraroute.py {{(pid=102228) _load_all_extensions_from_path /opt/stack/neutron/neutron/api/extensions.py:449}}
Apr 09 14:05:27.448487 np0000164514 devstack@neutron-api.service[102228]: DEBUG neutron.api.extensions [None req-7eda98de-2613-4fb0-9b65-be01c0f60d91 None None] Ext name="Neutron Extra Route" alias="extraroute" description="Extra routes configuration for L3 router" updated="2013-02-01T10:00:00-00:00" {{(pid=102228) _check_extension /opt/stack/neutron/neutron/api/extensions.py:415}}
Apr 09 14:05:27.449054 np0000164514 devstack@neutron-api.service[102228]: INFO neutron.api.extensions [None req-7eda98de-2613-4fb0-9b65-be01c0f60d91 None None] Loaded extension: extraroute
Apr 09 14:05:27.449054 np0000164514 devstack@neutron-api.service[102228]: DEBUG neutron.api.extensions [None req-7eda98de-2613-4fb0-9b65-be01c0f60d91 None None] Loading extension file: extraroute_atomic.py {{(pid=102228) _load_all_extensions_from_path /opt/stack/neutron/neutron/api/extensions.py:449}}
