2026-07-21 22:07:47.859 7 INFO placement.requestlog [None req-aee7f3f4-1a8d-4d6e-a362-48dbfc951afe - - - - - -] 10.0.0.133 "GET /" status: 200 len: 136 microversion: 1.0
2026-07-21 22:07:57.858 7 INFO placement.requestlog [None req-e5dda5ff-3a55-48c3-9d3e-45969c7d4012 - - - - - -] 10.0.0.133 "GET /" status: 200 len: 136 microversion: 1.0
2026-07-21 22:07:57.859 6 INFO placement.requestlog [None req-512026cd-7cb6-4793-8b90-9bf3cf87f3c6 - - - - - -] 10.0.0.133 "GET /" status: 200 len: 136 microversion: 1.0
2026-07-21 22:08:07.858 7 INFO placement.requestlog [None req-fba4ddad-b6cd-4c72-8475-613eba12863b - - - - - -] 10.0.0.133 "GET /" status: 200 len: 136 microversion: 1.0
2026-07-21 22:08:07.858 6 INFO placement.requestlog [None req-4ff3e081-5dc6-42ef-ac50-c6a8f20be147 - - - - - -] 10.0.0.133 "GET /" status: 200 len: 136 microversion: 1.0
2026-07-21 22:08:17.859 7 INFO placement.requestlog [None req-0c33758b-e6be-4202-92a1-11687ff0d74c - - - - - -] 10.0.0.133 "GET /" status: 200 len: 136 microversion: 1.0
2026-07-21 22:08:17.859 6 INFO placement.requestlog [None req-5acdee69-1a42-4437-863b-cefb18d9deaf - - - - - -] 10.0.0.133 "GET /" status: 200 len: 136 microversion: 1.0
2026-07-21 22:08:27.858 7 INFO placement.requestlog [None req-a7b84893-d760-432b-ac6b-ed303e6cd24c - - - - - -] 10.0.0.133 "GET /" status: 200 len: 136 microversion: 1.0
2026-07-21 22:08:27.858 6 INFO placement.requestlog [None req-c5149a92-3045-4550-91a1-b0f9b4d00e33 - - - - - -] 10.0.0.133 "GET /" status: 200 len: 136 microversion: 1.0
2026-07-21 22:08:36.489 7 INFO placement.requestlog [req-9c370c69-af58-4564-959b-445e99d44509 req-296f3891-5438-46e4-a73f-05884e23cb0a e59a49faa9634bb39fa0f9da38af8106 7e304895c205435cba65cc2763387986 - - 5fa42b4933be45809bb7aed0a16706c5 5fa42b4933be45809bb7aed0a16706c5] 199.19.213.130 "GET /resource_providers/5c3f0041-87cb-4afe-b36c-455a238f4ca8/allocations" status: 200 len: 54 microversion: 1.0 [pid: 7|app: 0|req: 292/583] 199.19.213.130 () {32 vars in 857 bytes} [Tue Jul 21 22:08:36 2026] GET /resource_providers/5c3f0041-87cb-4afe-b36c-455a238f4ca8/allocations => generated 54 bytes in 24 msecs (HTTP/1.1 200) 6 headers in 223 bytes (1 switches on core 0)
2026-07-21 22:08:36.524 6 INFO placement.requestlog [req-9c370c69-af58-4564-959b-445e99d44509 req-4b6e2d2c-9bf3-4c67-9939-d5f589acb898 e59a49faa9634bb39fa0f9da38af8106 7e304895c205435cba65cc2763387986 - - 5fa42b4933be45809bb7aed0a16706c5 5fa42b4933be45809bb7aed0a16706c5] 199.19.213.130 "GET /resource_providers/5c3f0041-87cb-4afe-b36c-455a238f4ca8/allocations" status: 200 len: 54 microversion: 1.0 [pid: 6|app: 0|req: 292/584] 199.19.213.130 () {32 vars in 857 bytes} [Tue Jul 21 22:08:36 2026] GET /resource_providers/5c3f0041-87cb-4afe-b36c-455a238f4ca8/allocations => generated 54 bytes in 23 msecs (HTTP/1.1 200) 6 headers in 223 bytes (1 switches on core 0)
2026-07-21 22:08:37.859 7 INFO placement.requestlog [None req-6f3e4286-fccc-42d9-89d1-dd97ea12d75e - - - - - -] 10.0.0.133 "GET /" status: 200 len: 136 microversion: 1.0
2026-07-21 22:08:37.860 6 INFO placement.requestlog [None req-cfcfec0a-ae2d-47bb-9692-47dc06e1c78a - - - - - -] 10.0.0.133 "GET /" status: 200 len: 136 microversion: 1.0
2026-07-21 22:08:47.858 7 INFO placement.requestlog [None req-3a65b78c-e3a5-4d52-aa01-e2918d57530b - - - - - -] 10.0.0.133 "GET /" status: 200 len: 136 microversion: 1.0
2026-07-21 22:08:47.859 6 INFO placement.requestlog [None req-93dc0998-97b7-4813-a3ba-d8d2970f5303 - - - - - -] 10.0.0.133 "GET /" status: 200 len: 136 microversion: 1.0
2026-07-21 22:08:57.858 7 INFO placement.requestlog [None req-9a26e05f-67e4-4920-8c7c-b702b7c16f4d - - - - - -] 10.0.0.133 "GET /" status: 200 len: 136 microversion: 1.0
2026-07-21 22:08:57.859 6 INFO placement.requestlog [None req-35bcf98b-d51f-4d8a-be2c-a66a3f5009ed - - - - - -] 10.0.0.133 "GET /" status: 200 len: 136 microversion: 1.0
2026-07-21 22:09:07.858 6 INFO placement.requestlog [None req-9114fd4b-7eeb-446b-8146-16e97b50cf08 - - - - - -] 10.0.0.133 "GET /" status: 200 len: 136 microversion: 1.0
2026-07-21 22:09:07.858 7 INFO placement.requestlog [None req-09a94a37-1e40-4b9f-890b-bc44fd1b9709 - - - - - -] 10.0.0.133 "GET /" status: 200 len: 136 microversion: 1.0
2026-07-21 22:09:17.858 6 INFO placement.requestlog [None req-265a8151-d0de-40fd-8889-b558a69e5884 - - - - - -] 10.0.0.133 "GET /" status: 200 len: 136 microversion: 1.0
2026-07-21 22:09:17.859 7 INFO placement.requestlog [None req-79131df8-2eef-4214-92a7-c91da836a8cb - - - - - -] 10.0.0.133 "GET /" status: 200 len: 136 microversion: 1.0
2026-07-21 22:09:27.858 6 INFO placement.requestlog [None req-11d4781f-c047-427a-b320-7c4d33d2acae - - - - - -] 10.0.0.133 "GET /" status: 200 len: 136 microversion: 1.0
2026-07-21 22:09:27.859 7 INFO placement.requestlog [None req-101c8cfe-10e9-4cae-b1cc-ee25910a87cc - - - - - -] 10.0.0.133 "GET /" status: 200 len: 136 microversion: 1.0
2026-07-21 22:09:37.533 7 INFO placement.requestlog [req-9467fd77-c221-4fc9-a00d-4056e8458956 req-7379120c-a891-4ec6-a24f-830e69abd393 e59a49faa9634bb39fa0f9da38af8106 7e304895c205435cba65cc2763387986 - - 5fa42b4933be45809bb7aed0a16706c5 5fa42b4933be45809bb7aed0a16706c5] 199.19.213.130 "GET /resource_providers/5c3f0041-87cb-4afe-b36c-455a238f4ca8/allocations" status: 200 len: 54 microversion: 1.0 [pid: 7|app: 0|req: 299/597] 199.19.213.130 () {32 vars in 857 bytes} [Tue Jul 21 22:09:37 2026] GET /resource_providers/5c3f0041-87cb-4afe-b36c-455a238f4ca8/allocations => generated 54 bytes in 19 msecs (HTTP/1.1 200) 6 headers in 223 bytes (1 switches on core 0)
2026-07-21 22:09:37.561 6 INFO placement.requestlog [req-9467fd77-c221-4fc9-a00d-4056e8458956 req-71493a22-3672-403f-8516-257c34a679bf e59a49faa9634bb39fa0f9da38af8106 7e304895c205435cba65cc2763387986 - - 5fa42b4933be45809bb7aed0a16706c5 5fa42b4933be45809bb7aed0a16706c5] 199.19.213.130 "GET /resource_providers/5c3f0041-87cb-4afe-b36c-455a238f4ca8/allocations" status: 200 len: 54 microversion: 1.0 [pid: 6|app: 0|req: 299/598] 199.19.213.130 () {32 vars in 857 bytes} [Tue Jul 21 22:09:37 2026] GET /resource_providers/5c3f0041-87cb-4afe-b36c-455a238f4ca8/allocations => generated 54 bytes in 18 msecs (HTTP/1.1 200) 6 headers in 223 bytes (1 switches on core 0)
2026-07-21 22:09:37.860 7 INFO placement.requestlog [None req-0836eab5-82f0-4a65-b40d-6fcf49d1e1ee - - - - - -] 10.0.0.133 "GET /" status: 200 len: 136 microversion: 1.0
2026-07-21 22:09:37.860 6 INFO placement.requestlog [None req-910df0f4-5a10-4bb9-b4e0-6a8bc0f354c3 - - - - - -] 10.0.0.133 "GET /" status: 200 len: 136 microversion: 1.0
2026-07-21 22:09:47.858 7 INFO placement.requestlog [None req-d7220f4b-7a54-4b86-a3f0-a315387b51cc - - - - - -] 10.0.0.133 "GET /" status: 200 len: 136 microversion: 1.0
2026-07-21 22:09:47.859 6 INFO placement.requestlog [None req-f5472b03-c4d9-4869-affa-e60bddc5216a - - - - - -] 10.0.0.133 "GET /" status: 200 len: 136 microversion: 1.0
2026-07-21 22:09:57.858 6 INFO placement.requestlog [None req-2e7c1cb6-abad-4a6b-b00d-32599fac1c5d - - - - - -] 10.0.0.133 "GET /" status: 200 len: 136 microversion: 1.0
2026-07-21 22:09:57.858 7 INFO placement.requestlog [None req-00224fa5-50be-49c6-8244-47c37fbdb0fc - - - - - -] 10.0.0.133 "GET /" status: 200 len: 136 microversion: 1.0
2026-07-21 22:10:07.857 6 INFO placement.requestlog [None req-97371c04-b297-4454-9207-240540078e3f - - - - - -] 10.0.0.133 "GET /" status: 200 len: 136 microversion: 1.0
2026-07-21 22:10:07.857 7 INFO placement.requestlog [None req-24f4ea02-61ec-402f-8f12-bb5792fcbbc2 - - - - - -] 10.0.0.133 "GET /" status: 200 len: 136 microversion: 1.0
2026-07-21 22:10:17.857 6 INFO placement.requestlog [None req-8d0a3b17-1556-4c93-ba3b-8ef82ac0dc20 - - - - - -] 10.0.0.133 "GET /" status: 200 len: 136 microversion: 1.0
2026-07-21 22:10:17.860 7 INFO placement.requestlog [None req-2125495a-3c4e-4dda-b30c-f0ed3a4cf883 - - - - - -] 10.0.0.133 "GET /" status: 200 len: 136 microversion: 1.0
2026-07-21 22:10:25.222 6 INFO placement.requestlog [None req-e69adcd9-c439-4d78-bff3-e0dc5130d78e b240058b33e640b08ca027793d4a2929 7e304895c205435cba65cc2763387986 - - 5fa42b4933be45809bb7aed0a16706c5 5fa42b4933be45809bb7aed0a16706c5] 10.0.0.80 "GET /resource_providers/7050a054-54e0-433c-beaf-7f03e8d9c7c5/aggregates" status: 404 len: 235 microversion: 1.1 [pid: 6|app: 0|req: 305/609] 10.0.0.80 () {32 vars in 824 bytes} [Tue Jul 21 22:10:25 2026] GET /resource_providers/7050a054-54e0-433c-beaf-7f03e8d9c7c5/aggregates => generated 235 bytes in 217 msecs (HTTP/1.1 404) 5 headers in 202 bytes (1 switches on core 0)
2026-07-21 22:10:25.251 6 INFO placement.requestlog [None req-1e889675-782e-4ef8-bc72-ae9d1e4c622d b240058b33e640b08ca027793d4a2929 7e304895c205435cba65cc2763387986 - - 5fa42b4933be45809bb7aed0a16706c5 5fa42b4933be45809bb7aed0a16706c5] 10.0.0.80 "DELETE /resource_providers/7050a054-54e0-433c-beaf-7f03e8d9c7c5" status: 404 len: 246 microversion: 1.1 [pid: 6|app: 0|req: 306/610] 10.0.0.80 () {34 vars in 824 bytes} [Tue Jul 21 22:10:25 2026] DELETE /resource_providers/7050a054-54e0-433c-beaf-7f03e8d9c7c5 => generated 246 bytes in 13 msecs (HTTP/1.1 404) 6 headers in 231 bytes (1 switches on core 0)
2026-07-21 22:10:25.253 7 INFO placement.requestlog [None req-d5d09746-53bc-4665-96f6-4f57b2bc5db3 b240058b33e640b08ca027793d4a2929 7e304895c205435cba65cc2763387986 - - 5fa42b4933be45809bb7aed0a16706c5 5fa42b4933be45809bb7aed0a16706c5] 10.0.0.80 "GET /resource_providers/7050a054-54e0-433c-beaf-7f03e8d9c7c5/aggregates" status: 404 len: 235 microversion: 1.1 [pid: 7|app: 0|req: 305/611] 10.0.0.80 () {32 vars in 824 bytes} [Tue Jul 21 22:10:25 2026] GET /resource_providers/7050a054-54e0-433c-beaf-7f03e8d9c7c5/aggregates => generated 235 bytes in 241 msecs (HTTP/1.1 404) 5 headers in 202 bytes (1 switches on core 0)
2026-07-21 22:10:25.276 6 INFO placement.requestlog [None req-eb0031cf-bbb1-4c5f-8557-79144cb43708 b240058b33e640b08ca027793d4a2929 7e304895c205435cba65cc2763387986 - - 5fa42b4933be45809bb7aed0a16706c5 5fa42b4933be45809bb7aed0a16706c5] 10.0.0.80 "DELETE /resource_providers/7050a054-54e0-433c-beaf-7f03e8d9c7c5" status: 404 len: 246 microversion: 1.1 [pid: 6|app: 0|req: 307/612] 10.0.0.80 () {34 vars in 824 bytes} [Tue Jul 21 22:10:25 2026] DELETE /resource_providers/7050a054-54e0-433c-beaf-7f03e8d9c7c5 => generated 246 bytes in 11 msecs (HTTP/1.1 404) 6 headers in 231 bytes (1 switches on core 0)
2026-07-21 22:10:27.858 7 INFO placement.requestlog [None req-28d145a2-4488-4514-8cc2-47548bcb30fe - - - - - -] 10.0.0.133 "GET /" status: 200 len: 136 microversion: 1.0
2026-07-21 22:10:27.858 6 INFO placement.requestlog [None req-bf61a816-5cdc-4774-ac7e-b478ad70364b - - - - - -] 10.0.0.133 "GET /" status: 200 len: 136 microversion: 1.0
2026-07-21 22:10:28.177 6 INFO placement.requestlog [None req-c868e995-8b4d-4faf-a324-5fcf72fb69a6 b240058b33e640b08ca027793d4a2929 7e304895c205435cba65cc2763387986 - - 5fa42b4933be45809bb7aed0a16706c5 5fa42b4933be45809bb7aed0a16706c5] 10.0.0.80 "GET /resource_providers/08edb443-0523-4e74-9f23-de16af742fa9/aggregates" status: 404 len: 235 microversion: 1.1 [pid: 6|app: 0|req: 309/615] 10.0.0.80 () {32 vars in 824 bytes} [Tue Jul 21 22:10:27 2026] GET /resource_providers/08edb443-0523-4e74-9f23-de16af742fa9/aggregates => generated 235 bytes in 265 msecs (HTTP/1.1 404) 5 headers in 202 bytes (1 switches on core 0)
2026-07-21 22:10:28.191 7 INFO placement.requestlog [None req-40160679-e1be-4037-aeaa-abb3ae22b989 b240058b33e640b08ca027793d4a2929 7e304895c205435cba65cc2763387986 - - 5fa42b4933be45809bb7aed0a16706c5 5fa42b4933be45809bb7aed0a16706c5] 10.0.0.80 "GET /resource_providers/08edb443-0523-4e74-9f23-de16af742fa9/aggregates" status: 404 len: 235 microversion: 1.1 [pid: 7|app: 0|req: 307/616] 10.0.0.80 () {32 vars in 824 bytes} [Tue Jul 21 22:10:27 2026] GET /resource_providers/08edb443-0523-4e74-9f23-de16af742fa9/aggregates => generated 235 bytes in 294 msecs (HTTP/1.1 404) 5 headers in 202 bytes (1 switches on core 0)
2026-07-21 22:10:28.194 6 INFO placement.requestlog [None req-09250fe7-fd92-45a2-9b03-1f3202a78625 b240058b33e640b08ca027793d4a2929 7e304895c205435cba65cc2763387986 - - 5fa42b4933be45809bb7aed0a16706c5 5fa42b4933be45809bb7aed0a16706c5] 10.0.0.80 "DELETE /resource_providers/08edb443-0523-4e74-9f23-de16af742fa9" status: 404 len: 246 microversion: 1.1 [pid: 6|app: 0|req: 310/617] 10.0.0.80 () {34 vars in 824 bytes} [Tue Jul 21 22:10:28 2026] DELETE /resource_providers/08edb443-0523-4e74-9f23-de16af742fa9 => generated 246 bytes in 8 msecs (HTTP/1.1 404) 6 headers in 231 bytes (1 switches on core 0)
2026-07-21 22:10:28.216 7 INFO placement.requestlog [None req-1f9dde9f-f608-43d5-8dc3-39a665050aa1 b240058b33e640b08ca027793d4a2929 7e304895c205435cba65cc2763387986 - - 5fa42b4933be45809bb7aed0a16706c5 5fa42b4933be45809bb7aed0a16706c5] 10.0.0.80 "DELETE /resource_providers/08edb443-0523-4e74-9f23-de16af742fa9" status: 404 len: 246 microversion: 1.1 [pid: 7|app: 0|req: 308/618] 10.0.0.80 () {34 vars in 824 bytes} [Tue Jul 21 22:10:28 2026] DELETE /resource_providers/08edb443-0523-4e74-9f23-de16af742fa9 => generated 246 bytes in 13 msecs (HTTP/1.1 404) 6 headers in 231 bytes (1 switches on core 0)
2026-07-21 22:10:37.397 6 INFO placement.requestlog [req-fedafb07-1f0d-430f-9d1b-4333bf92149a req-81264350-e65a-4862-b190-ece7c1a088af e59a49faa9634bb39fa0f9da38af8106 7e304895c205435cba65cc2763387986 - - 5fa42b4933be45809bb7aed0a16706c5 5fa42b4933be45809bb7aed0a16706c5] 199.19.213.130 "GET /resource_providers/5c3f0041-87cb-4afe-b36c-455a238f4ca8/allocations" status: 200 len: 54 microversion: 1.0 [pid: 6|app: 0|req: 311/619] 199.19.213.130 () {32 vars in 857 bytes} [Tue Jul 21 22:10:37 2026] GET /resource_providers/5c3f0041-87cb-4afe-b36c-455a238f4ca8/allocations => generated 54 bytes in 17 msecs (HTTP/1.1 200) 6 headers in 223 bytes (1 switches on core 0)
2026-07-21 22:10:37.452 7 INFO placement.requestlog [req-fedafb07-1f0d-430f-9d1b-4333bf92149a req-e7b8c7de-b42f-42b4-97f6-d19044d3b6b3 e59a49faa9634bb39fa0f9da38af8106 7e304895c205435cba65cc2763387986 - - 5fa42b4933be45809bb7aed0a16706c5 5fa42b4933be45809bb7aed0a16706c5] 199.19.213.130 "GET /resource_providers/5c3f0041-87cb-4afe-b36c-455a238f4ca8/allocations" status: 200 len: 54 microversion: 1.0 [pid: 7|app: 0|req: 309/620] 199.19.213.130 () {32 vars in 857 bytes} [Tue Jul 21 22:10:37 2026] GET /resource_providers/5c3f0041-87cb-4afe-b36c-455a238f4ca8/allocations => generated 54 bytes in 21 msecs (HTTP/1.1 200) 6 headers in 223 bytes (1 switches on core 0)
2026-07-21 22:10:37.827 6 INFO placement.requestlog [None req-075d9fbb-c9da-4279-a1df-306fc036be4d b240058b33e640b08ca027793d4a2929 7e304895c205435cba65cc2763387986 - - 5fa42b4933be45809bb7aed0a16706c5 5fa42b4933be45809bb7aed0a16706c5] 10.0.0.80 "GET /resource_providers/5f21bdc4-d80b-441c-8d45-b664b08ee218/aggregates" status: 404 len: 235 microversion: 1.1 [pid: 6|app: 0|req: 312/621] 10.0.0.80 () {32 vars in 824 bytes} [Tue Jul 21 22:10:37 2026] GET /resource_providers/5f21bdc4-d80b-441c-8d45-b664b08ee218/aggregates => generated 235 bytes in 9 msecs (HTTP/1.1 404) 5 headers in 202 bytes (1 switches on core 0)
2026-07-21 22:10:37.829 7 INFO placement.requestlog [None req-78d5e6f3-70bb-4b26-9938-92b551d79746 b240058b33e640b08ca027793d4a2929 7e304895c205435cba65cc2763387986 - - 5fa42b4933be45809bb7aed0a16706c5 5fa42b4933be45809bb7aed0a16706c5] 10.0.0.80 "GET /resource_providers/5f21bdc4-d80b-441c-8d45-b664b08ee218/aggregates" status: 404 len: 235 microversion: 1.1 [pid: 7|app: 0|req: 310/622] 10.0.0.80 () {32 vars in 824 bytes} [Tue Jul 21 22:10:37 2026] GET /resource_providers/5f21bdc4-d80b-441c-8d45-b664b08ee218/aggregates => generated 235 bytes in 11 msecs (HTTP/1.1 404) 5 headers in 202 bytes (1 switches on core 0)
2026-07-21 22:10:37.853 6 INFO placement.requestlog [None req-280c7cf6-d147-4481-9180-43e96c0f4e5b b240058b33e640b08ca027793d4a2929 7e304895c205435cba65cc2763387986 - - 5fa42b4933be45809bb7aed0a16706c5 5fa42b4933be45809bb7aed0a16706c5] 10.0.0.80 "DELETE /resource_providers/5f21bdc4-d80b-441c-8d45-b664b08ee218" status: 404 len: 246 microversion: 1.1 [pid: 6|app: 0|req: 313/623] 10.0.0.80 () {34 vars in 824 bytes} [Tue Jul 21 22:10:37 2026] DELETE /resource_providers/5f21bdc4-d80b-441c-8d45-b664b08ee218 => generated 246 bytes in 19 msecs (HTTP/1.1 404) 6 headers in 231 bytes (1 switches on core 0)
2026-07-21 22:10:37.857 7 INFO placement.requestlog [None req-193a21ea-c2ae-4f50-8e3a-c6715962f51d b240058b33e640b08ca027793d4a2929 7e304895c205435cba65cc2763387986 - - 5fa42b4933be45809bb7aed0a16706c5 5fa42b4933be45809bb7aed0a16706c5] 10.0.0.80 "DELETE /resource_providers/5f21bdc4-d80b-441c-8d45-b664b08ee218" status: 404 len: 246 microversion: 1.1
2026-07-21 22:10:37.857 6 INFO placement.requestlog [None req-03dd1358-5960-4703-8354-b49cf154262b - - - - - -] 10.0.0.133 "GET /" status: 200 len: 136 microversion: 1.0 [pid: 7|app: 0|req: 311/624] 10.0.0.80 () {34 vars in 824 bytes} [Tue Jul 21 22:10:37 2026] DELETE /resource_providers/5f21bdc4-d80b-441c-8d45-b664b08ee218 => generated 246 bytes in 15 msecs (HTTP/1.1 404) 6 headers in 231 bytes (1 switches on core 0)
2026-07-21 22:10:37.858 7 INFO placement.requestlog [None req-0a4691bc-a0c0-4fd7-934d-52776da5b5f1 - - - - - -] 10.0.0.133 "GET /" status: 200 len: 136 microversion: 1.0
2026-07-21 22:10:38.653 7 INFO placement.requestlog [None req-22e1ba93-4e3a-4786-b1e4-b029dfed3c3a b240058b33e640b08ca027793d4a2929 7e304895c205435cba65cc2763387986 - - 5fa42b4933be45809bb7aed0a16706c5 5fa42b4933be45809bb7aed0a16706c5] 10.0.0.80 "GET /resource_providers/b003b3d2-bb0a-455a-a1da-101f9ba71c09/aggregates" status: 404 len: 235 microversion: 1.1 [pid: 7|app: 0|req: 313/627] 10.0.0.80 () {32 vars in 824 bytes} [Tue Jul 21 22:10:38 2026] GET /resource_providers/b003b3d2-bb0a-455a-a1da-101f9ba71c09/aggregates => generated 235 bytes in 11 msecs (HTTP/1.1 404) 5 headers in 202 bytes (1 switches on core 0)
2026-07-21 22:10:38.659 6 INFO placement.requestlog [None req-ca497980-17e2-447f-85f6-3d5039bd8eca b240058b33e640b08ca027793d4a2929 7e304895c205435cba65cc2763387986 - - 5fa42b4933be45809bb7aed0a16706c5 5fa42b4933be45809bb7aed0a16706c5] 10.0.0.80 "GET /resource_providers/b003b3d2-bb0a-455a-a1da-101f9ba71c09/aggregates" status: 404 len: 235 microversion: 1.1 [pid: 6|app: 0|req: 315/628] 10.0.0.80 () {32 vars in 824 bytes} [Tue Jul 21 22:10:38 2026] GET /resource_providers/b003b3d2-bb0a-455a-a1da-101f9ba71c09/aggregates => generated 235 bytes in 18 msecs (HTTP/1.1 404) 5 headers in 202 bytes (1 switches on core 0)
2026-07-21 22:10:38.694 6 INFO placement.requestlog [None req-dc38dc2b-97a2-4fc3-b4f1-5f7d333bde0f b240058b33e640b08ca027793d4a2929 7e304895c205435cba65cc2763387986 - - 5fa42b4933be45809bb7aed0a16706c5 5fa42b4933be45809bb7aed0a16706c5] 10.0.0.80 "DELETE /resource_providers/b003b3d2-bb0a-455a-a1da-101f9ba71c09" status: 404 len: 246 microversion: 1.1 [pid: 6|app: 0|req: 316/629] 10.0.0.80 () {34 vars in 824 bytes} [Tue Jul 21 22:10:38 2026] DELETE /resource_providers/b003b3d2-bb0a-455a-a1da-101f9ba71c09 => generated 246 bytes in 11 msecs (HTTP/1.1 404) 6 headers in 231 bytes (1 switches on core 0)
2026-07-21 22:10:38.701 7 INFO placement.requestlog [None req-9f70d3ba-7f89-460c-b61c-89853e5114e1 b240058b33e640b08ca027793d4a2929 7e304895c205435cba65cc2763387986 - - 5fa42b4933be45809bb7aed0a16706c5 5fa42b4933be45809bb7aed0a16706c5] 10.0.0.80 "DELETE /resource_providers/b003b3d2-bb0a-455a-a1da-101f9ba71c09" status: 404 len: 246 microversion: 1.1 [pid: 7|app: 0|req: 314/630] 10.0.0.80 () {34 vars in 824 bytes} [Tue Jul 21 22:10:38 2026] DELETE /resource_providers/b003b3d2-bb0a-455a-a1da-101f9ba71c09 => generated 246 bytes in 18 msecs (HTTP/1.1 404) 6 headers in 231 bytes (1 switches on core 0)
2026-07-21 22:10:39.172 6 INFO placement.requestlog [req-7318d1d0-afdf-43dc-bac6-134d20eea2be req-365a62e4-bb6c-4216-afa7-2a8f64e6014c e59a49faa9634bb39fa0f9da38af8106 7e304895c205435cba65cc2763387986 - - 5fa42b4933be45809bb7aed0a16706c5 5fa42b4933be45809bb7aed0a16706c5] 10.0.0.148 "GET /allocation_candidates?limit=1000&resources=DISK_GB%3A1%2CMEMORY_MB%3A512%2CVCPU%3A1&root_required=%21COMPUTE_STATUS_DISABLED" status: 200 len: 2147 microversion: 1.36 [pid: 6|app: 0|req: 317/631] 10.0.0.148 () {34 vars in 1012 bytes} [Tue Jul 21 22:10:38 2026] GET /allocation_candidates?limit=1000&resources=DISK_GB%3A1%2CMEMORY_MB%3A512%2CVCPU%3A1&root_required=%21COMPUTE_STATUS_DISABLED => generated 2147 bytes in 174 msecs (HTTP/1.1 200) 8 headers in 297 bytes (1 switches on core 0)
2026-07-21 22:10:39.222 7 INFO placement.requestlog [req-7318d1d0-afdf-43dc-bac6-134d20eea2be req-31406995-69d9-4960-8ba6-e2a4ac717f97 e59a49faa9634bb39fa0f9da38af8106 7e304895c205435cba65cc2763387986 - - 5fa42b4933be45809bb7aed0a16706c5 5fa42b4933be45809bb7aed0a16706c5] 10.0.0.148 "GET /allocations/fcf6965e-8050-4492-a856-912288f570f2" status: 200 len: 19 microversion: 1.28 [pid: 7|app: 0|req: 315/632] 10.0.0.148 () {34 vars in 861 bytes} [Tue Jul 21 22:10:39 2026] GET /allocations/fcf6965e-8050-4492-a856-912288f570f2 => generated 19 bytes in 15 msecs (HTTP/1.1 200) 8 headers in 295 bytes (1 switches on core 0)
2026-07-21 22:10:39.295 6 INFO placement.requestlog [req-7318d1d0-afdf-43dc-bac6-134d20eea2be req-33020e40-713b-47ed-9f89-0b8c6ae0be16 e59a49faa9634bb39fa0f9da38af8106 7e304895c205435cba65cc2763387986 - - 5fa42b4933be45809bb7aed0a16706c5 5fa42b4933be45809bb7aed0a16706c5] 10.0.0.148 "PUT /allocations/fcf6965e-8050-4492-a856-912288f570f2" status: 204 len: 0 microversion: 1.36 [pid: 6|app: 0|req: 318/633] 10.0.0.148 () {38 vars in 914 bytes} [Tue Jul 21 22:10:39 2026] PUT /allocations/fcf6965e-8050-4492-a856-912288f570f2 => generated 0 bytes in 63 msecs (HTTP/1.1 204) 5 headers in 199 bytes (1 switches on core 0)
2026-07-21 22:10:39.753 7 INFO placement.requestlog [req-7318d1d0-afdf-43dc-bac6-134d20eea2be req-60311e37-fc44-4fec-a64f-4000e75f4a59 e59a49faa9634bb39fa0f9da38af8106 7e304895c205435cba65cc2763387986 - - 5fa42b4933be45809bb7aed0a16706c5 5fa42b4933be45809bb7aed0a16706c5] 199.19.213.130 "GET /allocations/fcf6965e-8050-4492-a856-912288f570f2" status: 200 len: 257 microversion: 1.28 [pid: 7|app: 0|req: 316/634] 199.19.213.130 () {34 vars in 863 bytes} [Tue Jul 21 22:10:39 2026] GET /allocations/fcf6965e-8050-4492-a856-912288f570f2 => generated 257 bytes in 16 msecs (HTTP/1.1 200) 8 headers in 296 bytes (1 switches on core 0)
2026-07-21 22:10:39.935 6 INFO placement.requestlog [req-7318d1d0-afdf-43dc-bac6-134d20eea2be req-02dd40af-57bc-437b-b47c-8149cccd33f7 e59a49faa9634bb39fa0f9da38af8106 7e304895c205435cba65cc2763387986 - - 5fa42b4933be45809bb7aed0a16706c5 5fa42b4933be45809bb7aed0a16706c5] 199.19.213.130 "GET /resource_providers/5c3f0041-87cb-4afe-b36c-455a238f4ca8/allocations" status: 200 len: 152 microversion: 1.0 [pid: 6|app: 0|req: 319/635] 199.19.213.130 () {32 vars in 857 bytes} [Tue Jul 21 22:10:39 2026] GET /resource_providers/5c3f0041-87cb-4afe-b36c-455a238f4ca8/allocations => generated 152 bytes in 22 msecs (HTTP/1.1 200) 6 headers in 224 bytes (1 switches on core 0)
2026-07-21 22:10:39.968 7 INFO placement.requestlog [req-7318d1d0-afdf-43dc-bac6-134d20eea2be req-9351e5c7-215d-4e1b-b7f0-94131a333b49 e59a49faa9634bb39fa0f9da38af8106 7e304895c205435cba65cc2763387986 - - 5fa42b4933be45809bb7aed0a16706c5 5fa42b4933be45809bb7aed0a16706c5] 199.19.213.130 "GET /allocations/fcf6965e-8050-4492-a856-912288f570f2" status: 200 len: 257 microversion: 1.28 [pid: 7|app: 0|req: 317/636] 199.19.213.130 () {34 vars in 863 bytes} [Tue Jul 21 22:10:39 2026] GET /allocations/fcf6965e-8050-4492-a856-912288f570f2 => generated 257 bytes in 13 msecs (HTTP/1.1 200) 8 headers in 296 bytes (1 switches on core 0)
2026-07-21 22:10:41.531 6 INFO placement.requestlog [req-b49a594e-8c6d-4907-8207-0d748ba4abe3 req-2b2e7332-42cc-4ca0-a78d-8d26f038010f e59a49faa9634bb39fa0f9da38af8106 7e304895c205435cba65cc2763387986 - - 5fa42b4933be45809bb7aed0a16706c5 5fa42b4933be45809bb7aed0a16706c5] 10.0.0.148 "GET /allocation_candidates?limit=1000&resources=MEMORY_MB%3A512%2CVCPU%3A1&root_required=%21COMPUTE_STATUS_DISABLED" status: 200 len: 2135 microversion: 1.36 [pid: 6|app: 0|req: 320/637] 10.0.0.148 () {34 vars in 984 bytes} [Tue Jul 21 22:10:41 2026] GET /allocation_candidates?limit=1000&resources=MEMORY_MB%3A512%2CVCPU%3A1&root_required=%21COMPUTE_STATUS_DISABLED => generated 2135 bytes in 46 msecs (HTTP/1.1 200) 8 headers in 297 bytes (1 switches on core 0)
2026-07-21 22:10:41.579 7 INFO placement.requestlog [req-b49a594e-8c6d-4907-8207-0d748ba4abe3 req-b8df07ae-178b-4f62-9a03-cd0b9070e792 e59a49faa9634bb39fa0f9da38af8106 7e304895c205435cba65cc2763387986 - - 5fa42b4933be45809bb7aed0a16706c5 5fa42b4933be45809bb7aed0a16706c5] 10.0.0.148 "GET /allocations/74937c46-f258-49ef-a353-e96b8775e6e2" status: 200 len: 19 microversion: 1.28 [pid: 7|app: 0|req: 318/638] 10.0.0.148 () {34 vars in 861 bytes} [Tue Jul 21 22:10:41 2026] GET /allocations/74937c46-f258-49ef-a353-e96b8775e6e2 => generated 19 bytes in 12 msecs (HTTP/1.1 200) 8 headers in 295 bytes (1 switches on core 0)
2026-07-21 22:10:41.647 6 INFO placement.requestlog [req-b49a594e-8c6d-4907-8207-0d748ba4abe3 req-d01688a0-68c1-4ff5-aec3-c5bcd58dbcc9 e59a49faa9634bb39fa0f9da38af8106 7e304895c205435cba65cc2763387986 - - 5fa42b4933be45809bb7aed0a16706c5 5fa42b4933be45809bb7aed0a16706c5] 10.0.0.148 "PUT /allocations/74937c46-f258-49ef-a353-e96b8775e6e2" status: 204 len: 0 microversion: 1.36 [pid: 6|app: 0|req: 321/639] 10.0.0.148 () {38 vars in 914 bytes} [Tue Jul 21 22:10:41 2026] PUT /allocations/74937c46-f258-49ef-a353-e96b8775e6e2 => generated 0 bytes in 61 msecs (HTTP/1.1 204) 5 headers in 199 bytes (1 switches on core 0)
2026-07-21 22:10:41.971 7 INFO placement.requestlog [req-b49a594e-8c6d-4907-8207-0d748ba4abe3 req-6a856ace-7487-46df-adbb-ca31736cdf0c e59a49faa9634bb39fa0f9da38af8106 7e304895c205435cba65cc2763387986 - - 5fa42b4933be45809bb7aed0a16706c5 5fa42b4933be45809bb7aed0a16706c5] 199.19.213.130 "GET /allocations/74937c46-f258-49ef-a353-e96b8775e6e2" status: 200 len: 243 microversion: 1.28 [pid: 7|app: 0|req: 319/640] 199.19.213.130 () {34 vars in 863 bytes} [Tue Jul 21 22:10:41 2026] GET /allocations/74937c46-f258-49ef-a353-e96b8775e6e2 => generated 243 bytes in 15 msecs (HTTP/1.1 200) 8 headers in 296 bytes (1 switches on core 0)
2026-07-21 22:10:42.130 6 INFO placement.requestlog [req-b49a594e-8c6d-4907-8207-0d748ba4abe3 req-bb1ab106-8fb8-427f-84ef-b8fc068883b2 e59a49faa9634bb39fa0f9da38af8106 7e304895c205435cba65cc2763387986 - - 5fa42b4933be45809bb7aed0a16706c5 5fa42b4933be45809bb7aed0a16706c5] 199.19.213.130 "GET /resource_providers/5c3f0041-87cb-4afe-b36c-455a238f4ca8/allocations" status: 200 len: 238 microversion: 1.0 [pid: 6|app: 0|req: 322/641] 199.19.213.130 () {32 vars in 857 bytes} [Tue Jul 21 22:10:42 2026] GET /resource_providers/5c3f0041-87cb-4afe-b36c-455a238f4ca8/allocations => generated 238 bytes in 23 msecs (HTTP/1.1 200) 6 headers in 224 bytes (1 switches on core 0)
2026-07-21 22:10:42.153 7 INFO placement.requestlog [req-b49a594e-8c6d-4907-8207-0d748ba4abe3 req-5bd27536-1363-4f6a-a109-69e053fb9d43 e59a49faa9634bb39fa0f9da38af8106 7e304895c205435cba65cc2763387986 - - 5fa42b4933be45809bb7aed0a16706c5 5fa42b4933be45809bb7aed0a16706c5] 199.19.213.130 "GET /allocations/fcf6965e-8050-4492-a856-912288f570f2" status: 200 len: 257 microversion: 1.28 [pid: 7|app: 0|req: 320/642] 199.19.213.130 () {34 vars in 863 bytes} [Tue Jul 21 22:10:42 2026] GET /allocations/fcf6965e-8050-4492-a856-912288f570f2 => generated 257 bytes in 14 msecs (HTTP/1.1 200) 8 headers in 296 bytes (1 switches on core 0)
2026-07-21 22:10:42.178 6 INFO placement.requestlog [req-b49a594e-8c6d-4907-8207-0d748ba4abe3 req-208bb348-5fb2-48e9-8a6d-f6aa09dc1144 e59a49faa9634bb39fa0f9da38af8106 7e304895c205435cba65cc2763387986 - - 5fa42b4933be45809bb7aed0a16706c5 5fa42b4933be45809bb7aed0a16706c5] 199.19.213.130 "GET /allocations/74937c46-f258-49ef-a353-e96b8775e6e2" status: 200 len: 243 microversion: 1.28 [pid: 6|app: 0|req: 323/643] 199.19.213.130 () {34 vars in 863 bytes} [Tue Jul 21 22:10:42 2026] GET /allocations/74937c46-f258-49ef-a353-e96b8775e6e2 => generated 243 bytes in 17 msecs (HTTP/1.1 200) 8 headers in 296 bytes (1 switches on core 0)
2026-07-21 22:10:45.848 7 INFO placement.requestlog [None req-817ba9f0-3625-4dbf-8fca-ceb54f72a5a9 b240058b33e640b08ca027793d4a2929 7e304895c205435cba65cc2763387986 - - 5fa42b4933be45809bb7aed0a16706c5 5fa42b4933be45809bb7aed0a16706c5] 10.0.0.80 "GET /resource_providers/56e18183-5320-420e-91b7-3e6df757fc50/aggregates" status: 404 len: 235 microversion: 1.1 [pid: 7|app: 0|req: 321/644] 10.0.0.80 () {32 vars in 824 bytes} [Tue Jul 21 22:10:45 2026] GET /resource_providers/56e18183-5320-420e-91b7-3e6df757fc50/aggregates => generated 235 bytes in 18 msecs (HTTP/1.1 404) 5 headers in 202 bytes (1 switches on core 0)
2026-07-21 22:10:45.850 6 INFO placement.requestlog [None req-04f2c477-5c09-4036-ba80-94721f968d26 b240058b33e640b08ca027793d4a2929 7e304895c205435cba65cc2763387986 - - 5fa42b4933be45809bb7aed0a16706c5 5fa42b4933be45809bb7aed0a16706c5] 10.0.0.80 "GET /resource_providers/56e18183-5320-420e-91b7-3e6df757fc50/aggregates" status: 404 len: 235 microversion: 1.1 [pid: 6|app: 0|req: 324/645] 10.0.0.80 () {32 vars in 824 bytes} [Tue Jul 21 22:10:45 2026] GET /resource_providers/56e18183-5320-420e-91b7-3e6df757fc50/aggregates => generated 235 bytes in 20 msecs (HTTP/1.1 404) 5 headers in 202 bytes (1 switches on core 0)
2026-07-21 22:10:45.878 7 INFO placement.requestlog [None req-72997a55-75c8-4ada-9365-2b7660770af8 b240058b33e640b08ca027793d4a2929 7e304895c205435cba65cc2763387986 - - 5fa42b4933be45809bb7aed0a16706c5 5fa42b4933be45809bb7aed0a16706c5] 10.0.0.80 "DELETE /resource_providers/56e18183-5320-420e-91b7-3e6df757fc50" status: 404 len: 246 microversion: 1.1 [pid: 7|app: 0|req: 322/646] 10.0.0.80 () {34 vars in 824 bytes} [Tue Jul 21 22:10:45 2026] DELETE /resource_providers/56e18183-5320-420e-91b7-3e6df757fc50 => generated 246 bytes in 10 msecs (HTTP/1.1 404) 6 headers in 231 bytes (1 switches on core 0)
2026-07-21 22:10:45.886 6 INFO placement.requestlog [None req-02fe058e-db50-4b11-8e19-9d366b67e72e b240058b33e640b08ca027793d4a2929 7e304895c205435cba65cc2763387986 - - 5fa42b4933be45809bb7aed0a16706c5 5fa42b4933be45809bb7aed0a16706c5] 10.0.0.80 "DELETE /resource_providers/56e18183-5320-420e-91b7-3e6df757fc50" status: 404 len: 246 microversion: 1.1 [pid: 6|app: 0|req: 325/647] 10.0.0.80 () {34 vars in 824 bytes} [Tue Jul 21 22:10:45 2026] DELETE /resource_providers/56e18183-5320-420e-91b7-3e6df757fc50 => generated 246 bytes in 18 msecs (HTTP/1.1 404) 6 headers in 231 bytes (1 switches on core 0)
2026-07-21 22:10:46.670 7 INFO placement.requestlog [None req-12e7f3c9-d7ac-46e8-8866-10389a0a3250 b240058b33e640b08ca027793d4a2929 7e304895c205435cba65cc2763387986 - - 5fa42b4933be45809bb7aed0a16706c5 5fa42b4933be45809bb7aed0a16706c5] 10.0.0.80 "GET /resource_providers/49ae4124-bb41-4062-bb70-4ebc7132474d/aggregates" status: 404 len: 235 microversion: 1.1 [pid: 7|app: 0|req: 323/648] 10.0.0.80 () {32 vars in 824 bytes} [Tue Jul 21 22:10:46 2026] GET /resource_providers/49ae4124-bb41-4062-bb70-4ebc7132474d/aggregates => generated 235 bytes in 8 msecs (HTTP/1.1 404) 5 headers in 202 bytes (1 switches on core 0)
2026-07-21 22:10:46.675 6 INFO placement.requestlog [None req-ba0f4911-a19d-48c7-9d08-8182189c47ec b240058b33e640b08ca027793d4a2929 7e304895c205435cba65cc2763387986 - - 5fa42b4933be45809bb7aed0a16706c5 5fa42b4933be45809bb7aed0a16706c5] 10.0.0.80 "GET /resource_providers/49ae4124-bb41-4062-bb70-4ebc7132474d/aggregates" status: 404 len: 235 microversion: 1.1 [pid: 6|app: 0|req: 326/649] 10.0.0.80 () {32 vars in 824 bytes} [Tue Jul 21 22:10:46 2026] GET /resource_providers/49ae4124-bb41-4062-bb70-4ebc7132474d/aggregates => generated 235 bytes in 13 msecs (HTTP/1.1 404) 5 headers in 202 bytes (1 switches on core 0)
2026-07-21 22:10:46.705 7 INFO placement.requestlog [None req-e43e73e5-fab7-484e-b579-fb0b37fec86c b240058b33e640b08ca027793d4a2929 7e304895c205435cba65cc2763387986 - - 5fa42b4933be45809bb7aed0a16706c5 5fa42b4933be45809bb7aed0a16706c5] 10.0.0.80 "DELETE /resource_providers/49ae4124-bb41-4062-bb70-4ebc7132474d" status: 404 len: 246 microversion: 1.1 [pid: 7|app: 0|req: 324/650] 10.0.0.80 () {34 vars in 824 bytes} [Tue Jul 21 22:10:46 2026] DELETE /resource_providers/49ae4124-bb41-4062-bb70-4ebc7132474d => generated 246 bytes in 11 msecs (HTTP/1.1 404) 6 headers in 231 bytes (1 switches on core 0)
2026-07-21 22:10:46.709 6 INFO placement.requestlog [None req-aa524f62-050f-408b-82cf-376a0b173c84 b240058b33e640b08ca027793d4a2929 7e304895c205435cba65cc2763387986 - - 5fa42b4933be45809bb7aed0a16706c5 5fa42b4933be45809bb7aed0a16706c5] 10.0.0.80 "DELETE /resource_providers/49ae4124-bb41-4062-bb70-4ebc7132474d" status: 404 len: 246 microversion: 1.1 [pid: 6|app: 0|req: 327/651] 10.0.0.80 () {34 vars in 824 bytes} [Tue Jul 21 22:10:46 2026] DELETE /resource_providers/49ae4124-bb41-4062-bb70-4ebc7132474d => generated 246 bytes in 12 msecs (HTTP/1.1 404) 6 headers in 231 bytes (1 switches on core 0)
2026-07-21 22:10:47.858 6 INFO placement.requestlog [None req-de26af26-c2cc-414a-a2e7-1747bcdf5bc4 - - - - - -] 10.0.0.133 "GET /" status: 200 len: 136 microversion: 1.0
2026-07-21 22:10:47.858 7 INFO placement.requestlog [None req-bfb8a4be-4188-46ad-8657-1ea5374d0943 - - - - - -] 10.0.0.133 "GET /" status: 200 len: 136 microversion: 1.0
2026-07-21 22:10:47.899 6 INFO placement.requestlog [None req-bd7f60be-a250-4534-ac54-b8f517229c64 b240058b33e640b08ca027793d4a2929 7e304895c205435cba65cc2763387986 - - 5fa42b4933be45809bb7aed0a16706c5 5fa42b4933be45809bb7aed0a16706c5] 10.0.0.80 "GET /resource_providers/1728b20c-aed1-4aba-8d78-e0a3705e9efe/aggregates" status: 404 len: 235 microversion: 1.1 [pid: 6|app: 0|req: 329/654] 10.0.0.80 () {32 vars in 824 bytes} [Tue Jul 21 22:10:47 2026] GET /resource_providers/1728b20c-aed1-4aba-8d78-e0a3705e9efe/aggregates => generated 235 bytes in 9 msecs (HTTP/1.1 404) 5 headers in 202 bytes (1 switches on core 0)
2026-07-21 22:10:47.912 7 INFO placement.requestlog [None req-eb82bcf0-b84a-48a7-b95d-db6979ef7af9 b240058b33e640b08ca027793d4a2929 7e304895c205435cba65cc2763387986 - - 5fa42b4933be45809bb7aed0a16706c5 5fa42b4933be45809bb7aed0a16706c5] 10.0.0.80 "GET /resource_providers/1728b20c-aed1-4aba-8d78-e0a3705e9efe/aggregates" status: 404 len: 235 microversion: 1.1 [pid: 7|app: 0|req: 326/655] 10.0.0.80 () {32 vars in 824 bytes} [Tue Jul 21 22:10:47 2026] GET /resource_providers/1728b20c-aed1-4aba-8d78-e0a3705e9efe/aggregates => generated 235 bytes in 18 msecs (HTTP/1.1 404) 5 headers in 202 bytes (1 switches on core 0)
2026-07-21 22:10:47.931 6 INFO placement.requestlog [None req-1e489e65-c849-4e73-bde6-f0d2781eb5f5 b240058b33e640b08ca027793d4a2929 7e304895c205435cba65cc2763387986 - - 5fa42b4933be45809bb7aed0a16706c5 5fa42b4933be45809bb7aed0a16706c5] 10.0.0.80 "DELETE /resource_providers/1728b20c-aed1-4aba-8d78-e0a3705e9efe" status: 404 len: 246 microversion: 1.1 [pid: 6|app: 0|req: 330/656] 10.0.0.80 () {34 vars in 824 bytes} [Tue Jul 21 22:10:47 2026] DELETE /resource_providers/1728b20c-aed1-4aba-8d78-e0a3705e9efe => generated 246 bytes in 20 msecs (HTTP/1.1 404) 6 headers in 231 bytes (1 switches on core 0)
2026-07-21 22:10:47.938 7 INFO placement.requestlog [None req-43662264-9883-474a-b15f-8440d56a7f48 b240058b33e640b08ca027793d4a2929 7e304895c205435cba65cc2763387986 - - 5fa42b4933be45809bb7aed0a16706c5 5fa42b4933be45809bb7aed0a16706c5] 10.0.0.80 "DELETE /resource_providers/1728b20c-aed1-4aba-8d78-e0a3705e9efe" status: 404 len: 246 microversion: 1.1 [pid: 7|app: 0|req: 327/657] 10.0.0.80 () {34 vars in 824 bytes} [Tue Jul 21 22:10:47 2026] DELETE /resource_providers/1728b20c-aed1-4aba-8d78-e0a3705e9efe => generated 246 bytes in 20 msecs (HTTP/1.1 404) 6 headers in 231 bytes (1 switches on core 0)
2026-07-21 22:10:48.734 7 INFO placement.requestlog [None req-c0cb3362-ed23-41a6-91bc-d4a6a3420afd b240058b33e640b08ca027793d4a2929 7e304895c205435cba65cc2763387986 - - 5fa42b4933be45809bb7aed0a16706c5 5fa42b4933be45809bb7aed0a16706c5] 10.0.0.80 "GET /resource_providers/d2ce6f1b-52bc-4485-b0c0-dc88fee4ea7f/aggregates" status: 404 len: 235 microversion: 1.1 [pid: 7|app: 0|req: 328/658] 10.0.0.80 () {32 vars in 824 bytes} [Tue Jul 21 22:10:48 2026] GET /resource_providers/d2ce6f1b-52bc-4485-b0c0-dc88fee4ea7f/aggregates => generated 235 bytes in 7 msecs (HTTP/1.1 404) 5 headers in 202 bytes (1 switches on core 0)
2026-07-21 22:10:48.736 6 INFO placement.requestlog [None req-232c0e68-ea19-454a-baaa-5f3eece596c9 b240058b33e640b08ca027793d4a2929 7e304895c205435cba65cc2763387986 - - 5fa42b4933be45809bb7aed0a16706c5 5fa42b4933be45809bb7aed0a16706c5] 10.0.0.80 "GET /resource_providers/d2ce6f1b-52bc-4485-b0c0-dc88fee4ea7f/aggregates" status: 404 len: 235 microversion: 1.1 [pid: 6|app: 0|req: 331/659] 10.0.0.80 () {32 vars in 824 bytes} [Tue Jul 21 22:10:48 2026] GET /resource_providers/d2ce6f1b-52bc-4485-b0c0-dc88fee4ea7f/aggregates => generated 235 bytes in 24 msecs (HTTP/1.1 404) 5 headers in 202 bytes (1 switches on core 0)
2026-07-21 22:10:48.756 7 INFO placement.requestlog [None req-13a32244-079f-43d8-854d-8c2356f05080 b240058b33e640b08ca027793d4a2929 7e304895c205435cba65cc2763387986 - - 5fa42b4933be45809bb7aed0a16706c5 5fa42b4933be45809bb7aed0a16706c5] 10.0.0.80 "DELETE /resource_providers/d2ce6f1b-52bc-4485-b0c0-dc88fee4ea7f" status: 404 len: 246 microversion: 1.1 [pid: 7|app: 0|req: 329/660] 10.0.0.80 () {34 vars in 824 bytes} [Tue Jul 21 22:10:48 2026] DELETE /resource_providers/d2ce6f1b-52bc-4485-b0c0-dc88fee4ea7f => generated 246 bytes in 13 msecs (HTTP/1.1 404) 6 headers in 231 bytes (1 switches on core 0)
2026-07-21 22:10:48.759 6 INFO placement.requestlog [None req-8e13da2e-641f-401e-b45a-969782a75280 b240058b33e640b08ca027793d4a2929 7e304895c205435cba65cc2763387986 - - 5fa42b4933be45809bb7aed0a16706c5 5fa42b4933be45809bb7aed0a16706c5] 10.0.0.80 "DELETE /resource_providers/d2ce6f1b-52bc-4485-b0c0-dc88fee4ea7f" status: 404 len: 246 microversion: 1.1 [pid: 6|app: 0|req: 332/661] 10.0.0.80 () {34 vars in 824 bytes} [Tue Jul 21 22:10:48 2026] DELETE /resource_providers/d2ce6f1b-52bc-4485-b0c0-dc88fee4ea7f => generated 246 bytes in 12 msecs (HTTP/1.1 404) 6 headers in 231 bytes (1 switches on core 0)
2026-07-21 22:10:51.051 7 INFO placement.requestlog [None req-d6440664-fabe-4708-9e07-16e74a841390 b240058b33e640b08ca027793d4a2929 7e304895c205435cba65cc2763387986 - - 5fa42b4933be45809bb7aed0a16706c5 5fa42b4933be45809bb7aed0a16706c5] 10.0.0.80 "GET /resource_providers/2091f9df-164c-45e9-8b81-520e07db1ed7/aggregates" status: 404 len: 235 microversion: 1.1 [pid: 7|app: 0|req: 330/662] 10.0.0.80 () {32 vars in 824 bytes} [Tue Jul 21 22:10:51 2026] GET /resource_providers/2091f9df-164c-45e9-8b81-520e07db1ed7/aggregates => generated 235 bytes in 11 msecs (HTTP/1.1 404) 5 headers in 202 bytes (1 switches on core 0)
2026-07-21 22:10:51.055 6 INFO placement.requestlog [None req-e15b625e-fb28-42c8-99dd-803b057cf41c b240058b33e640b08ca027793d4a2929 7e304895c205435cba65cc2763387986 - - 5fa42b4933be45809bb7aed0a16706c5 5fa42b4933be45809bb7aed0a16706c5] 10.0.0.80 "GET /resource_providers/2091f9df-164c-45e9-8b81-520e07db1ed7/aggregates" status: 404 len: 235 microversion: 1.1 [pid: 6|app: 0|req: 333/663] 10.0.0.80 () {32 vars in 824 bytes} [Tue Jul 21 22:10:51 2026] GET /resource_providers/2091f9df-164c-45e9-8b81-520e07db1ed7/aggregates => generated 235 bytes in 11 msecs (HTTP/1.1 404) 5 headers in 202 bytes (1 switches on core 0)
2026-07-21 22:10:51.098 7 INFO placement.requestlog [None req-c8847d99-4f63-49aa-a30a-eb9a3641392e b240058b33e640b08ca027793d4a2929 7e304895c205435cba65cc2763387986 - - 5fa42b4933be45809bb7aed0a16706c5 5fa42b4933be45809bb7aed0a16706c5] 10.0.0.80 "DELETE /resource_providers/2091f9df-164c-45e9-8b81-520e07db1ed7" status: 404 len: 246 microversion: 1.1 [pid: 7|app: 0|req: 331/664] 10.0.0.80 () {34 vars in 824 bytes} [Tue Jul 21 22:10:51 2026] DELETE /resource_providers/2091f9df-164c-45e9-8b81-520e07db1ed7 => generated 246 bytes in 10 msecs (HTTP/1.1 404) 6 headers in 231 bytes (1 switches on core 0)
2026-07-21 22:10:51.100 6 INFO placement.requestlog [None req-4b2b464e-1ed6-4439-94f2-b2da16ea09e2 b240058b33e640b08ca027793d4a2929 7e304895c205435cba65cc2763387986 - - 5fa42b4933be45809bb7aed0a16706c5 5fa42b4933be45809bb7aed0a16706c5] 10.0.0.80 "DELETE /resource_providers/2091f9df-164c-45e9-8b81-520e07db1ed7" status: 404 len: 246 microversion: 1.1 [pid: 6|app: 0|req: 334/665] 10.0.0.80 () {34 vars in 824 bytes} [Tue Jul 21 22:10:51 2026] DELETE /resource_providers/2091f9df-164c-45e9-8b81-520e07db1ed7 => generated 246 bytes in 11 msecs (HTTP/1.1 404) 6 headers in 231 bytes (1 switches on core 0)
2026-07-21 22:10:52.887 7 INFO placement.requestlog [None req-86b6484e-a469-415c-adb7-2bb546439aa9 b240058b33e640b08ca027793d4a2929 7e304895c205435cba65cc2763387986 - - 5fa42b4933be45809bb7aed0a16706c5 5fa42b4933be45809bb7aed0a16706c5] 10.0.0.80 "GET /resource_providers/fc015a46-8f75-445d-a21e-fcf152fcd01e/aggregates" status: 404 len: 235 microversion: 1.1 [pid: 7|app: 0|req: 332/666] 10.0.0.80 () {32 vars in 824 bytes} [Tue Jul 21 22:10:52 2026] GET /resource_providers/fc015a46-8f75-445d-a21e-fcf152fcd01e/aggregates => generated 235 bytes in 9 msecs (HTTP/1.1 404) 5 headers in 202 bytes (1 switches on core 0)
2026-07-21 22:10:52.894 6 INFO placement.requestlog [None req-409ec102-5e74-4852-be2d-b4beaaca7760 b240058b33e640b08ca027793d4a2929 7e304895c205435cba65cc2763387986 - - 5fa42b4933be45809bb7aed0a16706c5 5fa42b4933be45809bb7aed0a16706c5] 10.0.0.80 "GET /resource_providers/fc015a46-8f75-445d-a21e-fcf152fcd01e/aggregates" status: 404 len: 235 microversion: 1.1 [pid: 6|app: 0|req: 335/667] 10.0.0.80 () {32 vars in 824 bytes} [Tue Jul 21 22:10:52 2026] GET /resource_providers/fc015a46-8f75-445d-a21e-fcf152fcd01e/aggregates => generated 235 bytes in 16 msecs (HTTP/1.1 404) 5 headers in 202 bytes (1 switches on core 0)
2026-07-21 22:10:52.912 7 INFO placement.requestlog [None req-63b85cae-46d6-4976-96d2-0c2f85413c0c b240058b33e640b08ca027793d4a2929 7e304895c205435cba65cc2763387986 - - 5fa42b4933be45809bb7aed0a16706c5 5fa42b4933be45809bb7aed0a16706c5] 10.0.0.80 "DELETE /resource_providers/fc015a46-8f75-445d-a21e-fcf152fcd01e" status: 404 len: 246 microversion: 1.1 [pid: 7|app: 0|req: 333/668] 10.0.0.80 () {34 vars in 824 bytes} [Tue Jul 21 22:10:52 2026] DELETE /resource_providers/fc015a46-8f75-445d-a21e-fcf152fcd01e => generated 246 bytes in 17 msecs (HTTP/1.1 404) 6 headers in 231 bytes (1 switches on core 0)
2026-07-21 22:10:52.917 6 INFO placement.requestlog [None req-7b2c4ccc-983a-428a-8851-01ebae8ef9bb b240058b33e640b08ca027793d4a2929 7e304895c205435cba65cc2763387986 - - 5fa42b4933be45809bb7aed0a16706c5 5fa42b4933be45809bb7aed0a16706c5] 10.0.0.80 "DELETE /resource_providers/fc015a46-8f75-445d-a21e-fcf152fcd01e" status: 404 len: 246 microversion: 1.1 [pid: 6|app: 0|req: 336/669] 10.0.0.80 () {34 vars in 824 bytes} [Tue Jul 21 22:10:52 2026] DELETE /resource_providers/fc015a46-8f75-445d-a21e-fcf152fcd01e => generated 246 bytes in 16 msecs (HTTP/1.1 404) 6 headers in 231 bytes (1 switches on core 0)
2026-07-21 22:10:53.457 7 INFO placement.requestlog [None req-201be32f-7072-4733-811d-c3f0f31133a5 b240058b33e640b08ca027793d4a2929 7e304895c205435cba65cc2763387986 - - 5fa42b4933be45809bb7aed0a16706c5 5fa42b4933be45809bb7aed0a16706c5] 10.0.0.80 "GET /resource_providers/38d198cd-581d-4512-8495-c7cfd91dec93/aggregates" status: 404 len: 235 microversion: 1.1 [pid: 7|app: 0|req: 334/670] 10.0.0.80 () {32 vars in 824 bytes} [Tue Jul 21 22:10:53 2026] GET /resource_providers/38d198cd-581d-4512-8495-c7cfd91dec93/aggregates => generated 235 bytes in 11 msecs (HTTP/1.1 404) 5 headers in 202 bytes (1 switches on core 0)
2026-07-21 22:10:53.458 6 INFO placement.requestlog [None req-c687930c-4359-4e18-8f69-049bc17ba9f5 b240058b33e640b08ca027793d4a2929 7e304895c205435cba65cc2763387986 - - 5fa42b4933be45809bb7aed0a16706c5 5fa42b4933be45809bb7aed0a16706c5] 10.0.0.80 "GET /resource_providers/38d198cd-581d-4512-8495-c7cfd91dec93/aggregates" status: 404 len: 235 microversion: 1.1 [pid: 6|app: 0|req: 337/671] 10.0.0.80 () {32 vars in 824 bytes} [Tue Jul 21 22:10:53 2026] GET /resource_providers/38d198cd-581d-4512-8495-c7cfd91dec93/aggregates => generated 235 bytes in 12 msecs (HTTP/1.1 404) 5 headers in 202 bytes (1 switches on core 0)
2026-07-21 22:10:53.483 6 INFO placement.requestlog [None req-52e279b6-ed1b-460d-9e24-c123d2a3f097 b240058b33e640b08ca027793d4a2929 7e304895c205435cba65cc2763387986 - - 5fa42b4933be45809bb7aed0a16706c5 5fa42b4933be45809bb7aed0a16706c5] 10.0.0.80 "DELETE /resource_providers/38d198cd-581d-4512-8495-c7cfd91dec93" status: 404 len: 246 microversion: 1.1 [pid: 6|app: 0|req: 338/672] 10.0.0.80 () {34 vars in 824 bytes} [Tue Jul 21 22:10:53 2026] DELETE /resource_providers/38d198cd-581d-4512-8495-c7cfd91dec93 => generated 246 bytes in 13 msecs (HTTP/1.1 404) 6 headers in 231 bytes (1 switches on core 0)
2026-07-21 22:10:53.485 7 INFO placement.requestlog [None req-e90bff6b-a2ee-4c6d-940a-a3b3b626b4c6 b240058b33e640b08ca027793d4a2929 7e304895c205435cba65cc2763387986 - - 5fa42b4933be45809bb7aed0a16706c5 5fa42b4933be45809bb7aed0a16706c5] 10.0.0.80 "DELETE /resource_providers/38d198cd-581d-4512-8495-c7cfd91dec93" status: 404 len: 246 microversion: 1.1 [pid: 7|app: 0|req: 335/673] 10.0.0.80 () {34 vars in 824 bytes} [Tue Jul 21 22:10:53 2026] DELETE /resource_providers/38d198cd-581d-4512-8495-c7cfd91dec93 => generated 246 bytes in 17 msecs (HTTP/1.1 404) 6 headers in 231 bytes (1 switches on core 0)
2026-07-21 22:10:57.339 6 INFO placement.requestlog [req-0ef2a2af-18c1-410f-b107-2f9f5ccc3d57 req-98968cd2-4767-4da2-9285-827cec88143a e59a49faa9634bb39fa0f9da38af8106 7e304895c205435cba65cc2763387986 - - 5fa42b4933be45809bb7aed0a16706c5 5fa42b4933be45809bb7aed0a16706c5] 199.19.213.130 "GET /resource_providers/5c3f0041-87cb-4afe-b36c-455a238f4ca8/allocations" status: 200 len: 238 microversion: 1.0 [pid: 6|app: 0|req: 339/674] 199.19.213.130 () {32 vars in 857 bytes} [Tue Jul 21 22:10:57 2026] GET /resource_providers/5c3f0041-87cb-4afe-b36c-455a238f4ca8/allocations => generated 238 bytes in 30 msecs (HTTP/1.1 200) 6 headers in 224 bytes (1 switches on core 0)
2026-07-21 22:10:57.369 7 INFO placement.requestlog [req-0ef2a2af-18c1-410f-b107-2f9f5ccc3d57 req-4b6dcc5f-55d4-4c34-8575-e5c95ea032e9 e59a49faa9634bb39fa0f9da38af8106 7e304895c205435cba65cc2763387986 - - 5fa42b4933be45809bb7aed0a16706c5 5fa42b4933be45809bb7aed0a16706c5] 199.19.213.130 "GET /allocations/fcf6965e-8050-4492-a856-912288f570f2" status: 200 len: 257 microversion: 1.28 [pid: 7|app: 0|req: 336/675] 199.19.213.130 () {34 vars in 863 bytes} [Tue Jul 21 22:10:57 2026] GET /allocations/fcf6965e-8050-4492-a856-912288f570f2 => generated 257 bytes in 21 msecs (HTTP/1.1 200) 8 headers in 296 bytes (1 switches on core 0)
2026-07-21 22:10:57.396 6 INFO placement.requestlog [req-0ef2a2af-18c1-410f-b107-2f9f5ccc3d57 req-c6f99a05-494d-421f-9eea-e129915fc8dc e59a49faa9634bb39fa0f9da38af8106 7e304895c205435cba65cc2763387986 - - 5fa42b4933be45809bb7aed0a16706c5 5fa42b4933be45809bb7aed0a16706c5] 199.19.213.130 "GET /allocations/74937c46-f258-49ef-a353-e96b8775e6e2" status: 200 len: 243 microversion: 1.28 [pid: 6|app: 0|req: 340/676] 199.19.213.130 () {34 vars in 863 bytes} [Tue Jul 21 22:10:57 2026] GET /allocations/74937c46-f258-49ef-a353-e96b8775e6e2 => generated 243 bytes in 15 msecs (HTTP/1.1 200) 8 headers in 296 bytes (1 switches on core 0)
2026-07-21 22:10:57.463 7 INFO placement.requestlog [req-0ef2a2af-18c1-410f-b107-2f9f5ccc3d57 req-f5ef434f-22d2-4e47-92e6-462a55213adf e59a49faa9634bb39fa0f9da38af8106 7e304895c205435cba65cc2763387986 - - 5fa42b4933be45809bb7aed0a16706c5 5fa42b4933be45809bb7aed0a16706c5] 199.19.213.130 "DELETE /allocations/74937c46-f258-49ef-a353-e96b8775e6e2" status: 204 len: 0 microversion: 1.0 [pid: 7|app: 0|req: 337/677] 199.19.213.130 () {34 vars in 841 bytes} [Tue Jul 21 22:10:57 2026] DELETE /allocations/74937c46-f258-49ef-a353-e96b8775e6e2 => generated 0 bytes in 34 msecs (HTTP/1.1 204) 5 headers in 198 bytes (1 switches on core 0)
2026-07-21 22:10:57.858 7 INFO placement.requestlog [None req-96c69802-8cd5-4622-ae4b-9493de2f3d59 - - - - - -] 10.0.0.133 "GET /" status: 200 len: 136 microversion: 1.0
2026-07-21 22:10:57.859 6 INFO placement.requestlog [None req-06c8aba2-3926-4dd4-8544-f82f93733965 - - - - - -] 10.0.0.133 "GET /" status: 200 len: 136 microversion: 1.0
2026-07-21 22:10:59.637 7 INFO placement.requestlog [None req-b399a093-bc29-4aa7-b018-c7f6babe362b b240058b33e640b08ca027793d4a2929 7e304895c205435cba65cc2763387986 - - 5fa42b4933be45809bb7aed0a16706c5 5fa42b4933be45809bb7aed0a16706c5] 10.0.0.80 "GET /resource_providers/6c5857f6-d648-4d1f-b482-420c56d8748b/aggregates" status: 404 len: 235 microversion: 1.1 [pid: 7|app: 0|req: 339/680] 10.0.0.80 () {32 vars in 824 bytes} [Tue Jul 21 22:10:59 2026] GET /resource_providers/6c5857f6-d648-4d1f-b482-420c56d8748b/aggregates => generated 235 bytes in 14 msecs (HTTP/1.1 404) 5 headers in 202 bytes (1 switches on core 0)
2026-07-21 22:10:59.643 6 INFO placement.requestlog [None req-452603e5-5bf8-44e5-be8f-adfb30304d3c b240058b33e640b08ca027793d4a2929 7e304895c205435cba65cc2763387986 - - 5fa42b4933be45809bb7aed0a16706c5 5fa42b4933be45809bb7aed0a16706c5] 10.0.0.80 "GET /resource_providers/6c5857f6-d648-4d1f-b482-420c56d8748b/aggregates" status: 404 len: 235 microversion: 1.1 [pid: 6|app: 0|req: 342/681] 10.0.0.80 () {32 vars in 824 bytes} [Tue Jul 21 22:10:59 2026] GET /resource_providers/6c5857f6-d648-4d1f-b482-420c56d8748b/aggregates => generated 235 bytes in 11 msecs (HTTP/1.1 404) 5 headers in 202 bytes (1 switches on core 0)
