May 08 03:22:20.026355 np0000172647 neutron-periodic-workers[105384]: DEBUG cotyledon.oslo_config_glue [-] database.asyncio_connection = **** {{(pid=105384) log_opt_values /opt/stack/data/venv/lib/python3.12/site-packages/oslo_config/cfg.py:3006}}
May 08 03:22:20.026406 np0000172647 neutron-periodic-workers[105384]: DEBUG cotyledon.oslo_config_glue [-] database.asyncio_slave_connection = **** {{(pid=105384) log_opt_values /opt/stack/data/venv/lib/python3.12/site-packages/oslo_config/cfg.py:3006}}
May 08 03:22:20.026464 np0000172647 neutron-periodic-workers[105384]: DEBUG cotyledon.oslo_config_glue [-] database.backend = sqlalchemy {{(pid=105384) log_opt_values /opt/stack/data/venv/lib/python3.12/site-packages/oslo_config/cfg.py:3006}}
May 08 03:22:20.026513 np0000172647 neutron-periodic-workers[105384]: DEBUG cotyledon.oslo_config_glue [-] database.connection = **** {{(pid=105384) log_opt_values /opt/stack/data/venv/lib/python3.12/site-packages/oslo_config/cfg.py:3006}}
May 08 03:22:20.026565 np0000172647 neutron-periodic-workers[105384]: DEBUG cotyledon.oslo_config_glue [-] database.connection_debug = 0 {{(pid=105384) log_opt_values /opt/stack/data/venv/lib/python3.12/site-packages/oslo_config/cfg.py:3006}}
May 08 03:22:20.026614 np0000172647 neutron-periodic-workers[105384]: DEBUG cotyledon.oslo_config_glue [-] database.connection_parameters = {{(pid=105384) log_opt_values /opt/stack/data/venv/lib/python3.12/site-packages/oslo_config/cfg.py:3006}}
May 08 03:22:20.026741 np0000172647 neutron-periodic-workers[105384]: DEBUG cotyledon.oslo_config_glue [-] database.connection_recycle_time = 3600 {{(pid=105384) log_opt_values /opt/stack/data/venv/lib/python3.12/site-packages/oslo_config/cfg.py:3006}}
May 08 03:22:20.026796 np0000172647 neutron-periodic-workers[105384]: DEBUG cotyledon.oslo_config_glue [-] database.connection_trace = False {{(pid=105384) log_opt_values /opt/stack/data/venv/lib/python3.12/site-packages/oslo_config/cfg.py:3006}}
May 08 03:22:20.026839 np0000172647 neutron-periodic-workers[105384]: DEBUG cotyledon.oslo_config_glue [-] database.db_inc_retry_interval = True {{(pid=105384) log_opt_values /opt/stack/data/venv/lib/python3.12/site-packages/oslo_config/cfg.py:3006}}
May 08 03:22:20.026964 np0000172647 neutron-periodic-workers[105384]: DEBUG cotyledon.oslo_config_glue [-] database.db_max_retries = 20 {{(pid=105384) log_opt_values /opt/stack/data/venv/lib/python3.12/site-packages/oslo_config/cfg.py:3006}}
May 08 03:22:20.027020 np0000172647 neutron-periodic-workers[105384]: DEBUG cotyledon.oslo_config_glue [-] database.db_max_retry_interval = 10 {{(pid=105384) log_opt_values /opt/stack/data/venv/lib/python3.12/site-packages/oslo_config/cfg.py:3006}}
May 08 03:22:20.027056 np0000172647 neutron-periodic-workers[105384]: DEBUG cotyledon.oslo_config_glue [-] database.db_retry_interval = 1 {{(pid=105384) log_opt_values /opt/stack/data/venv/lib/python3.12/site-packages/oslo_config/cfg.py:3006}}
May 08 03:22:20.027103 np0000172647 neutron-periodic-workers[105384]: DEBUG cotyledon.oslo_config_glue [-] database.max_overflow = 50 {{(pid=105384) log_opt_values /opt/stack/data/venv/lib/python3.12/site-packages/oslo_config/cfg.py:3006}}
May 08 03:22:20.027152 np0000172647 neutron-periodic-workers[105384]: DEBUG cotyledon.oslo_config_glue [-] database.max_pool_size = 5 {{(pid=105384) log_opt_values /opt/stack/data/venv/lib/python3.12/site-packages/oslo_config/cfg.py:3006}}
May 08 03:22:20.027194 np0000172647 neutron-periodic-workers[105384]: DEBUG cotyledon.oslo_config_glue [-] database.max_retries = 10 {{(pid=105384) log_opt_values /opt/stack/data/venv/lib/python3.12/site-packages/oslo_config/cfg.py:3006}}
May 08 03:22:20.027236 np0000172647 neutron-periodic-workers[105384]: DEBUG cotyledon.oslo_config_glue [-] database.mysql_sql_mode = TRADITIONAL {{(pid=105384) log_opt_values /opt/stack/data/venv/lib/python3.12/site-packages/oslo_config/cfg.py:3006}}
May 08 03:22:20.027284 np0000172647 neutron-periodic-workers[105384]: DEBUG cotyledon.oslo_config_glue [-] database.mysql_wsrep_sync_wait = None {{(pid=105384) log_opt_values /opt/stack/data/venv/lib/python3.12/site-packages/oslo_config/cfg.py:3006}}
May 08 03:22:20.027325 np0000172647 neutron-periodic-workers[105384]: DEBUG cotyledon.oslo_config_glue [-] database.pool_timeout = None {{(pid=105384) log_opt_values /opt/stack/data/venv/lib/python3.12/site-packages/oslo_config/cfg.py:3006}}
May 08 03:22:20.027357 np0000172647 neutron-periodic-workers[105384]: DEBUG cotyledon.oslo_config_glue [-] database.retry_interval = 10 {{(pid=105384) log_opt_values /opt/stack/data/venv/lib/python3.12/site-packages/oslo_config/cfg.py:3006}}
May 08 03:22:20.027427 np0000172647 neutron-periodic-workers[105384]: DEBUG cotyledon.oslo_config_glue [-] database.slave_connection = **** {{(pid=105384) log_opt_values /opt/stack/data/venv/lib/python3.12/site-packages/oslo_config/cfg.py:3006}}
May 08 03:22:20.027470 np0000172647 neutron-periodic-workers[105384]: DEBUG cotyledon.oslo_config_glue [-] database.sqlite_synchronous = True {{(pid=105384) log_opt_values /opt/stack/data/venv/lib/python3.12/site-packages/oslo_config/cfg.py:3006}}
May 08 03:22:20.027520 np0000172647 neutron-periodic-workers[105384]: DEBUG cotyledon.oslo_config_glue [-] database.synchronous_reader = True {{(pid=105384) log_opt_values /opt/stack/data/venv/lib/python3.12/site-packages/oslo_config/cfg.py:3006}}
May 08 03:22:20.027564 np0000172647 neutron-periodic-workers[105384]: DEBUG cotyledon.oslo_config_glue [-] database.use_db_reconnect = False {{(pid=105384) log_opt_values /opt/stack/data/venv/lib/python3.12/site-packages/oslo_config/cfg.py:3006}}
May 08 03:22:20.027639 np0000172647 neutron-periodic-workers[105384]: DEBUG cotyledon.oslo_config_glue [-] ovn.bfd_min_rx = 1000 {{(pid=105384) log_opt_values /opt/stack/data/venv/lib/python3.12/site-packages/oslo_config/cfg.py:3006}}
May 08 03:22:20.027684 np0000172647 neutron-periodic-workers[105384]: DEBUG cotyledon.oslo_config_glue [-] ovn.bfd_min_tx = 100 {{(pid=105384) log_opt_values /opt/stack/data/venv/lib/python3.12/site-packages/oslo_config/cfg.py:3006}}
May 08 03:22:20.027782 np0000172647 neutron-periodic-workers[105384]: DEBUG cotyledon.oslo_config_glue [-] ovn.bfd_mult = 3 {{(pid=105384) log_opt_values /opt/stack/data/venv/lib/python3.12/site-packages/oslo_config/cfg.py:3006}}
May 08 03:22:20.027833 np0000172647 neutron-periodic-workers[105384]: DEBUG cotyledon.oslo_config_glue [-] ovn.broadcast_arps_to_all_routers = True {{(pid=105384) log_opt_values /opt/stack/data/venv/lib/python3.12/site-packages/oslo_config/cfg.py:3006}}
May 08 03:22:20.027877 np0000172647 neutron-periodic-workers[105384]: DEBUG cotyledon.oslo_config_glue [-] ovn.dhcp_default_lease_time = 43200 {{(pid=105384) log_opt_values /opt/stack/data/venv/lib/python3.12/site-packages/oslo_config/cfg.py:3006}}
May 08 03:22:20.027920 np0000172647 neutron-periodic-workers[105384]: DEBUG cotyledon.oslo_config_glue [-] ovn.disable_ovn_dhcp_for_baremetal_ports = False {{(pid=105384) log_opt_values /opt/stack/data/venv/lib/python3.12/site-packages/oslo_config/cfg.py:3006}}
May 08 03:22:20.027963 np0000172647 neutron-periodic-workers[105384]: DEBUG cotyledon.oslo_config_glue [-] ovn.dns_records_ovn_owned = False {{(pid=105384) log_opt_values /opt/stack/data/venv/lib/python3.12/site-packages/oslo_config/cfg.py:3006}}
May 08 03:22:20.028006 np0000172647 neutron-periodic-workers[105384]: DEBUG cotyledon.oslo_config_glue [-] ovn.dns_servers = [] {{(pid=105384) log_opt_values /opt/stack/data/venv/lib/python3.12/site-packages/oslo_config/cfg.py:3006}}
May 08 03:22:20.028049 np0000172647 neutron-periodic-workers[105384]: DEBUG cotyledon.oslo_config_glue [-] ovn.enable_distributed_floating_ip = False {{(pid=105384) log_opt_values /opt/stack/data/venv/lib/python3.12/site-packages/oslo_config/cfg.py:3006}}
May 08 03:22:20.028100 np0000172647 neutron-periodic-workers[105384]: DEBUG cotyledon.oslo_config_glue [-] ovn.fdb_age_threshold = 300 {{(pid=105384) log_opt_values /opt/stack/data/venv/lib/python3.12/site-packages/oslo_config/cfg.py:3006}}
May 08 03:22:20.028138 np0000172647 neutron-periodic-workers[105384]: DEBUG cotyledon.oslo_config_glue [-] ovn.ha_failover_strategy = normal {{(pid=105384) log_opt_values /opt/stack/data/venv/lib/python3.12/site-packages/oslo_config/cfg.py:3006}}
May 08 03:22:20.028180 np0000172647 neutron-periodic-workers[105384]: DEBUG cotyledon.oslo_config_glue [-] ovn.live_migration_activation_strategy = rarp {{(pid=105384) log_opt_values /opt/stack/data/venv/lib/python3.12/site-packages/oslo_config/cfg.py:3006}}
May 08 03:22:20.028222 np0000172647 neutron-periodic-workers[105384]: DEBUG cotyledon.oslo_config_glue [-] ovn.localnet_learn_fdb = False {{(pid=105384) log_opt_values /opt/stack/data/venv/lib/python3.12/site-packages/oslo_config/cfg.py:3006}}
May 08 03:22:20.028264 np0000172647 neutron-periodic-workers[105384]: DEBUG cotyledon.oslo_config_glue [-] ovn.mac_binding_age_threshold = 300 {{(pid=105384) log_opt_values /opt/stack/data/venv/lib/python3.12/site-packages/oslo_config/cfg.py:3006}}
May 08 03:22:20.028314 np0000172647 neutron-periodic-workers[105384]: DEBUG cotyledon.oslo_config_glue [-] ovn.neutron_sync_mode = log {{(pid=105384) log_opt_values /opt/stack/data/venv/lib/python3.12/site-packages/oslo_config/cfg.py:3006}}
May 08 03:22:20.028359 np0000172647 neutron-periodic-workers[105384]: DEBUG cotyledon.oslo_config_glue [-] ovn.ovn_dhcp4_global_options = {} {{(pid=105384) log_opt_values /opt/stack/data/venv/lib/python3.12/site-packages/oslo_config/cfg.py:3006}}
May 08 03:22:20.028429 np0000172647 neutron-periodic-workers[105384]: DEBUG cotyledon.oslo_config_glue [-] ovn.ovn_dhcp6_global_options = {} {{(pid=105384) log_opt_values /opt/stack/data/venv/lib/python3.12/site-packages/oslo_config/cfg.py:3006}}
May 08 03:22:20.028480 np0000172647 neutron-periodic-workers[105384]: DEBUG cotyledon.oslo_config_glue [-] ovn.ovn_l3_scheduler = leastloaded {{(pid=105384) log_opt_values /opt/stack/data/venv/lib/python3.12/site-packages/oslo_config/cfg.py:3006}}
May 08 03:22:20.028525 np0000172647 neutron-periodic-workers[105384]: DEBUG cotyledon.oslo_config_glue [-] ovn.ovn_metadata_enabled = True {{(pid=105384) log_opt_values /opt/stack/data/venv/lib/python3.12/site-packages/oslo_config/cfg.py:3006}}
May 08 03:22:20.028575 np0000172647 neutron-periodic-workers[105384]: DEBUG cotyledon.oslo_config_glue [-] ovn.ovn_nb_ca_cert = /opt/stack/data/CA/int-ca/ca-chain.pem {{(pid=105384) log_opt_values /opt/stack/data/venv/lib/python3.12/site-packages/oslo_config/cfg.py:3006}}
May 08 03:22:20.028627 np0000172647 neutron-periodic-workers[105384]: DEBUG cotyledon.oslo_config_glue [-] ovn.ovn_nb_certificate = /opt/stack/data/CA/int-ca/devstack-cert.crt {{(pid=105384) log_opt_values /opt/stack/data/venv/lib/python3.12/site-packages/oslo_config/cfg.py:3006}}
May 08 03:22:20.028677 np0000172647 neutron-periodic-workers[105384]: DEBUG cotyledon.oslo_config_glue [-] ovn.ovn_nb_connection = ['ssl:199.204.45.30:6641'] {{(pid=105384) log_opt_values /opt/stack/data/venv/lib/python3.12/site-packages/oslo_config/cfg.py:3006}}
May 08 03:22:20.028729 np0000172647 neutron-periodic-workers[105384]: DEBUG cotyledon.oslo_config_glue [-] ovn.ovn_nb_private_key = /opt/stack/data/CA/int-ca/private/devstack-cert.key {{(pid=105384) log_opt_values /opt/stack/data/venv/lib/python3.12/site-packages/oslo_config/cfg.py:3006}}
May 08 03:22:20.028766 np0000172647 neutron-periodic-workers[105384]: DEBUG cotyledon.oslo_config_glue [-] ovn.ovn_router_indirect_snat = False {{(pid=105384) log_opt_values /opt/stack/data/venv/lib/python3.12/site-packages/oslo_config/cfg.py:3006}}
May 08 03:22:20.028797 np0000172647 neutron-periodic-workers[105384]: DEBUG cotyledon.oslo_config_glue [-] ovn.ovn_sb_ca_cert = /opt/stack/data/CA/int-ca/ca-chain.pem {{(pid=105384) log_opt_values /opt/stack/data/venv/lib/python3.12/site-packages/oslo_config/cfg.py:3006}}
May 08 03:22:20.028909 np0000172647 neutron-periodic-workers[105384]: DEBUG cotyledon.oslo_config_glue [-] ovn.ovn_sb_certificate = /opt/stack/data/CA/int-ca/devstack-cert.crt {{(pid=105384) log_opt_values /opt/stack/data/venv/lib/python3.12/site-packages/oslo_config/cfg.py:3006}}
May 08 03:22:20.028948 np0000172647 neutron-periodic-workers[105384]: DEBUG cotyledon.oslo_config_glue [-] ovn.ovn_sb_connection = ['ssl:199.204.45.30:6642'] {{(pid=105384) log_opt_values /opt/stack/data/venv/lib/python3.12/site-packages/oslo_config/cfg.py:3006}}
May 08 03:22:20.028996 np0000172647 neutron-periodic-workers[105384]: DEBUG cotyledon.oslo_config_glue [-] ovn.ovn_sb_private_key = /opt/stack/data/CA/int-ca/private/devstack-cert.key {{(pid=105384) log_opt_values /opt/stack/data/venv/lib/python3.12/site-packages/oslo_config/cfg.py:3006}}
May 08 03:22:20.029041 np0000172647 neutron-periodic-workers[105384]: DEBUG cotyledon.oslo_config_glue [-] ovn.ovs_create_tap = False {{(pid=105384) log_opt_values /opt/stack/data/venv/lib/python3.12/site-packages/oslo_config/cfg.py:3006}}
May 08 03:22:20.029084 np0000172647 neutron-periodic-workers[105384]: DEBUG cotyledon.oslo_config_glue [-] ovn.ovsdb_connection_timeout = 180 {{(pid=105384) log_opt_values /opt/stack/data/venv/lib/python3.12/site-packages/oslo_config/cfg.py:3006}}
May 08 03:22:20.029128 np0000172647 neutron-periodic-workers[105384]: DEBUG cotyledon.oslo_config_glue [-] ovn.ovsdb_log_level = INFO {{(pid=105384) log_opt_values /opt/stack/data/venv/lib/python3.12/site-packages/oslo_config/cfg.py:3006}}
May 08 03:22:20.029174 np0000172647 neutron-periodic-workers[105384]: DEBUG cotyledon.oslo_config_glue [-] ovn.ovsdb_probe_interval = 60000 {{(pid=105384) log_opt_values /opt/stack/data/venv/lib/python3.12/site-packages/oslo_config/cfg.py:3006}}
May 08 03:22:20.029219 np0000172647 neutron-periodic-workers[105384]: DEBUG cotyledon.oslo_config_glue [-] ovn.ovsdb_retry_max_interval = 180 {{(pid=105384) log_opt_values /opt/stack/data/venv/lib/python3.12/site-packages/oslo_config/cfg.py:3006}}
May 08 03:22:20.029264 np0000172647 neutron-periodic-workers[105384]: DEBUG cotyledon.oslo_config_glue [-] ovn.stateless_nat_enabled = False {{(pid=105384) log_opt_values /opt/stack/data/venv/lib/python3.12/site-packages/oslo_config/cfg.py:3006}}
May 08 03:22:20.029314 np0000172647 neutron-periodic-workers[105384]: DEBUG cotyledon.oslo_config_glue [-] ovn.vhost_sock_dir = /var/run/openvswitch {{(pid=105384) log_opt_values /opt/stack/data/venv/lib/python3.12/site-packages/oslo_config/cfg.py:3006}}
May 08 03:22:20.029388 np0000172647 neutron-periodic-workers[105384]: DEBUG cotyledon.oslo_config_glue [-] OVS.bridge_mac_table_size = 50000 {{(pid=105384) log_opt_values /opt/stack/data/venv/lib/python3.12/site-packages/oslo_config/cfg.py:3006}}
May 08 03:22:20.029451 np0000172647 neutron-periodic-workers[105384]: DEBUG cotyledon.oslo_config_glue [-] OVS.igmp_flood = False {{(pid=105384) log_opt_values /opt/stack/data/venv/lib/python3.12/site-packages/oslo_config/cfg.py:3006}}
May 08 03:22:20.029508 np0000172647 neutron-periodic-workers[105384]: DEBUG cotyledon.oslo_config_glue [-] OVS.igmp_flood_reports = True {{(pid=105384) log_opt_values /opt/stack/data/venv/lib/python3.12/site-packages/oslo_config/cfg.py:3006}}
May 08 03:22:20.029556 np0000172647 neutron-periodic-workers[105384]: DEBUG cotyledon.oslo_config_glue [-] OVS.igmp_flood_unregistered = False {{(pid=105384) log_opt_values /opt/stack/data/venv/lib/python3.12/site-packages/oslo_config/cfg.py:3006}}
May 08 03:22:20.029601 np0000172647 neutron-periodic-workers[105384]: DEBUG cotyledon.oslo_config_glue [-] OVS.igmp_snooping_enable = False {{(pid=105384) log_opt_values /opt/stack/data/venv/lib/python3.12/site-packages/oslo_config/cfg.py:3006}}
May 08 03:22:20.029644 np0000172647 neutron-periodic-workers[105384]: DEBUG cotyledon.oslo_config_glue [-] OVS.ovsdb_timeout = 10 {{(pid=105384) log_opt_values /opt/stack/data/venv/lib/python3.12/site-packages/oslo_config/cfg.py:3006}}
May 08 03:22:20.029700 np0000172647 neutron-periodic-workers[105384]: DEBUG cotyledon.oslo_config_glue [-] ovn_nb_global.fdb_removal_limit = 0 {{(pid=105384) log_opt_values /opt/stack/data/venv/lib/python3.12/site-packages/oslo_config/cfg.py:3006}}
May 08 03:22:20.029742 np0000172647 neutron-periodic-workers[105384]: DEBUG cotyledon.oslo_config_glue [-] ovn_nb_global.ignore_lsp_down = False {{(pid=105384) log_opt_values /opt/stack/data/venv/lib/python3.12/site-packages/oslo_config/cfg.py:3006}}
May 08 03:22:20.029791 np0000172647 neutron-periodic-workers[105384]: DEBUG cotyledon.oslo_config_glue [-] ovn_nb_global.mac_binding_removal_limit = 0 {{(pid=105384) log_opt_values /opt/stack/data/venv/lib/python3.12/site-packages/oslo_config/cfg.py:3006}}
May 08 03:22:20.029833 np0000172647 neutron-periodic-workers[105384]: DEBUG cotyledon.oslo_config_glue [-] ******************************************************************************** {{(pid=105384) log_opt_values /opt/stack/data/venv/lib/python3.12/site-packages/oslo_config/cfg.py:3013}}
May 08 03:22:20.030000 np0000172647 neutron-periodic-workers[105384]: DEBUG cotyledon._service_worker [-] Run service ServiceWrapper(0) [105384] {{(pid=105384) wait_forever /opt/stack/data/venv/lib/python3.12/site-packages/cotyledon/_service_worker.py:218}}
May 08 03:22:29.636935 np0000172647 neutron-periodic-workers[104564]: DEBUG dbcounter [-] [104564] Writing DB stats neutron:SELECT=4 {{(pid=104564) stat_writer /opt/stack/data/venv/lib/python3.12/site-packages/dbcounter.py:115}}
May 08 03:22:56.985428 np0000172647 neutron-periodic-workers[105364]: DEBUG oslo_db.sqlalchemy.engines [None req-45a462a6-17a7-4aa9-bdbb-0a8d9e773932 None None] Parent process 104564 forked (105364) with an open database connection, which is being discarded and recreated. {{(pid=105364) checkout /opt/stack/data/venv/lib/python3.12/site-packages/oslo_db/sqlalchemy/engines.py:402}}
May 08 03:22:56.993687 np0000172647 neutron-periodic-workers[105364]: DEBUG dbcounter [-] [105364] Writer thread running {{(pid=105364) stat_writer /opt/stack/data/venv/lib/python3.12/site-packages/dbcounter.py:102}}
May 08 03:22:57.004213 np0000172647 neutron-periodic-workers[105364]: DEBUG oslo.service.backend._threading.loopingcall [None req-45a462a6-17a7-4aa9-bdbb-0a8d9e773932 None None] Fixed interval looping call 'neutron.plugins.ml2.plugin.DhcpAgentSchedulerDbMixin.remove_networks_from_down_agents' sleeping for 36.98 seconds {{(pid=105364) _run_loop /opt/stack/data/venv/lib/python3.12/site-packages/oslo_service/backend/_threading/loopingcall.py:125}}
May 08 03:23:07.003204 np0000172647 neutron-periodic-workers[105364]: DEBUG dbcounter [-] [105364] Writing DB stats neutron:SELECT=3 {{(pid=105364) stat_writer /opt/stack/data/venv/lib/python3.12/site-packages/dbcounter.py:115}}
May 08 03:23:24.042888 np0000172647 neutron-periodic-workers[105375]: DEBUG dbcounter [-] [105375] Writer thread running {{(pid=105375) stat_writer /opt/stack/data/venv/lib/python3.12/site-packages/dbcounter.py:102}}
May 08 03:23:24.046839 np0000172647 neutron-periodic-workers[105375]: DEBUG neutron.db.agents_db [None req-5be5740a-b5c6-42e2-a8f4-4265b98d2c04 None None] Agent healthcheck: found 0 active agents {{(pid=105375) agent_health_check /opt/stack/neutron/neutron/db/agents_db.py:322}}
May 08 03:23:24.047115 np0000172647 neutron-periodic-workers[105375]: DEBUG oslo.service.backend._threading.loopingcall [None req-5be5740a-b5c6-42e2-a8f4-4265b98d2c04 None None] Fixed interval looping call 'neutron.plugins.ml2.plugin.AgentDbMixin.agent_health_check' sleeping for 36.97 seconds {{(pid=105375) _run_loop /opt/stack/data/venv/lib/python3.12/site-packages/oslo_service/backend/_threading/loopingcall.py:125}}
May 08 03:23:33.996529 np0000172647 neutron-periodic-workers[105364]: DEBUG oslo.service.backend._threading.loopingcall [None req-45a462a6-17a7-4aa9-bdbb-0a8d9e773932 None None] Fixed interval looping call 'neutron.plugins.ml2.plugin.DhcpAgentSchedulerDbMixin.remove_networks_from_down_agents' sleeping for 36.99 seconds {{(pid=105364) _run_loop /opt/stack/data/venv/lib/python3.12/site-packages/oslo_service/backend/_threading/loopingcall.py:125}}
May 08 03:23:34.043695 np0000172647 neutron-periodic-workers[105375]: DEBUG dbcounter [-] [105375] Writing DB stats neutron:SELECT=1 {{(pid=105375) stat_writer /opt/stack/data/venv/lib/python3.12/site-packages/dbcounter.py:115}}
May 08 03:23:44.059756 np0000172647 neutron-periodic-workers[105364]: DEBUG dbcounter [-] [105364] Writing DB stats neutron:SELECT=3 {{(pid=105364) stat_writer /opt/stack/data/venv/lib/python3.12/site-packages/dbcounter.py:115}}
May 08 03:24:01.023222 np0000172647 neutron-periodic-workers[105375]: DEBUG neutron.db.agents_db [None req-5be5740a-b5c6-42e2-a8f4-4265b98d2c04 None None] Agent healthcheck: found 0 active agents {{(pid=105375) agent_health_check /opt/stack/neutron/neutron/db/agents_db.py:322}}
May 08 03:24:01.024072 np0000172647 neutron-periodic-workers[105375]: DEBUG oslo.service.backend._threading.loopingcall [None req-5be5740a-b5c6-42e2-a8f4-4265b98d2c04 None None] Fixed interval looping call 'neutron.plugins.ml2.plugin.AgentDbMixin.agent_health_check' sleeping for 36.99 seconds {{(pid=105375) _run_loop /opt/stack/data/venv/lib/python3.12/site-packages/oslo_service/backend/_threading/loopingcall.py:125}}
May 08 03:24:10.995686 np0000172647 neutron-periodic-workers[105364]: DEBUG oslo.service.backend._threading.loopingcall [None req-45a462a6-17a7-4aa9-bdbb-0a8d9e773932 None None] Fixed interval looping call 'neutron.plugins.ml2.plugin.DhcpAgentSchedulerDbMixin.remove_networks_from_down_agents' sleeping for 36.99 seconds {{(pid=105364) _run_loop /opt/stack/data/venv/lib/python3.12/site-packages/oslo_service/backend/_threading/loopingcall.py:125}}
May 08 03:24:11.021571 np0000172647 neutron-periodic-workers[105375]: DEBUG dbcounter [-] [105375] Writing DB stats neutron:SELECT=1 {{(pid=105375) stat_writer /opt/stack/data/venv/lib/python3.12/site-packages/dbcounter.py:115}}
May 08 03:24:20.048449 np0000172647 neutron-periodic-workers[105384]: DEBUG dbcounter [-] [105384] Writer thread running {{(pid=105384) stat_writer /opt/stack/data/venv/lib/python3.12/site-packages/dbcounter.py:102}}
May 08 03:24:20.050544 np0000172647 neutron-periodic-workers[105384]: DEBUG oslo.service.backend._threading.loopingcall [None req-4eccd990-7e07-4510-8580-173c506b1f5d None None] Fixed interval looping call 'neutron.db.quota.driver_nolock.DbQuotaNoLockDriver._remove_expired_reservations' sleeping for 119.98 seconds {{(pid=105384) _run_loop /opt/stack/data/venv/lib/python3.12/site-packages/oslo_service/backend/_threading/loopingcall.py:125}}
May 08 03:24:20.994791 np0000172647 neutron-periodic-workers[105364]: DEBUG dbcounter [-] [105364] Writing DB stats neutron:SELECT=3 {{(pid=105364) stat_writer /opt/stack/data/venv/lib/python3.12/site-packages/dbcounter.py:115}}
May 08 03:24:30.048640 np0000172647 neutron-periodic-workers[105384]: DEBUG dbcounter [-] [105384] Writing DB stats neutron:DELETE=1 {{(pid=105384) stat_writer /opt/stack/data/venv/lib/python3.12/site-packages/dbcounter.py:115}}
May 08 03:24:38.021323 np0000172647 neutron-periodic-workers[105375]: DEBUG neutron.db.agents_db [None req-5be5740a-b5c6-42e2-a8f4-4265b98d2c04 None None] Agent healthcheck: found 0 active agents {{(pid=105375) agent_health_check /opt/stack/neutron/neutron/db/agents_db.py:322}}
May 08 03:24:38.021878 np0000172647 neutron-periodic-workers[105375]: DEBUG oslo.service.backend._threading.loopingcall [None req-5be5740a-b5c6-42e2-a8f4-4265b98d2c04 None None] Fixed interval looping call 'neutron.plugins.ml2.plugin.AgentDbMixin.agent_health_check' sleeping for 36.99 seconds {{(pid=105375) _run_loop /opt/stack/data/venv/lib/python3.12/site-packages/oslo_service/backend/_threading/loopingcall.py:125}}
May 08 03:24:47.997795 np0000172647 neutron-periodic-workers[105364]: DEBUG oslo.service.backend._threading.loopingcall [None req-45a462a6-17a7-4aa9-bdbb-0a8d9e773932 None None] Fixed interval looping call 'neutron.plugins.ml2.plugin.DhcpAgentSchedulerDbMixin.remove_networks_from_down_agents' sleeping for 36.99 seconds {{(pid=105364) _run_loop /opt/stack/data/venv/lib/python3.12/site-packages/oslo_service/backend/_threading/loopingcall.py:125}}
May 08 03:24:48.018588 np0000172647 neutron-periodic-workers[105375]: DEBUG dbcounter [-] [105375] Writing DB stats neutron:SELECT=1 {{(pid=105375) stat_writer /opt/stack/data/venv/lib/python3.12/site-packages/dbcounter.py:115}}
May 08 03:24:57.997631 np0000172647 neutron-periodic-workers[105364]: DEBUG dbcounter [-] [105364] Writing DB stats neutron:SELECT=3 {{(pid=105364) stat_writer /opt/stack/data/venv/lib/python3.12/site-packages/dbcounter.py:115}}
May 08 03:25:15.017359 np0000172647 neutron-periodic-workers[105375]: DEBUG neutron.db.agents_db [None req-5be5740a-b5c6-42e2-a8f4-4265b98d2c04 None None] Agent healthcheck: found 0 active agents {{(pid=105375) agent_health_check /opt/stack/neutron/neutron/db/agents_db.py:322}}
May 08 03:25:15.017359 np0000172647 neutron-periodic-workers[105375]: DEBUG oslo.service.backend._threading.loopingcall [None req-5be5740a-b5c6-42e2-a8f4-4265b98d2c04 None None] Fixed interval looping call 'neutron.plugins.ml2.plugin.AgentDbMixin.agent_health_check' sleeping for 36.99 seconds {{(pid=105375) _run_loop /opt/stack/data/venv/lib/python3.12/site-packages/oslo_service/backend/_threading/loopingcall.py:125}}
May 08 03:25:25.002067 np0000172647 neutron-periodic-workers[105364]: DEBUG oslo.service.backend._threading.loopingcall [None req-45a462a6-17a7-4aa9-bdbb-0a8d9e773932 None None] Fixed interval looping call 'neutron.plugins.ml2.plugin.DhcpAgentSchedulerDbMixin.remove_networks_from_down_agents' sleeping for 36.99 seconds {{(pid=105364) _run_loop /opt/stack/data/venv/lib/python3.12/site-packages/oslo_service/backend/_threading/loopingcall.py:125}}
May 08 03:25:25.015875 np0000172647 neutron-periodic-workers[105375]: DEBUG dbcounter [-] [105375] Writing DB stats neutron:SELECT=1 {{(pid=105375) stat_writer /opt/stack/data/venv/lib/python3.12/site-packages/dbcounter.py:115}}
May 08 03:25:35.000769 np0000172647 neutron-periodic-workers[105364]: DEBUG dbcounter [-] [105364] Writing DB stats neutron:SELECT=3 {{(pid=105364) stat_writer /opt/stack/data/venv/lib/python3.12/site-packages/dbcounter.py:115}}
May 08 03:25:52.013317 np0000172647 neutron-periodic-workers[105375]: DEBUG neutron.db.agents_db [None req-5be5740a-b5c6-42e2-a8f4-4265b98d2c04 None None] Agent healthcheck: found 0 active agents {{(pid=105375) agent_health_check /opt/stack/neutron/neutron/db/agents_db.py:322}}
May 08 03:25:52.014036 np0000172647 neutron-periodic-workers[105375]: DEBUG oslo.service.backend._threading.loopingcall [None req-5be5740a-b5c6-42e2-a8f4-4265b98d2c04 None None] Fixed interval looping call 'neutron.plugins.ml2.plugin.AgentDbMixin.agent_health_check' sleeping for 36.99 seconds {{(pid=105375) _run_loop /opt/stack/data/venv/lib/python3.12/site-packages/oslo_service/backend/_threading/loopingcall.py:125}}
May 08 03:26:02.002591 np0000172647 neutron-periodic-workers[105364]: DEBUG oslo.service.backend._threading.loopingcall [None req-45a462a6-17a7-4aa9-bdbb-0a8d9e773932 None None] Fixed interval looping call 'neutron.plugins.ml2.plugin.DhcpAgentSchedulerDbMixin.remove_networks_from_down_agents' sleeping for 36.99 seconds {{(pid=105364) _run_loop /opt/stack/data/venv/lib/python3.12/site-packages/oslo_service/backend/_threading/loopingcall.py:125}}
May 08 03:26:02.011074 np0000172647 neutron-periodic-workers[105375]: DEBUG dbcounter [-] [105375] Writing DB stats neutron:SELECT=1 {{(pid=105375) stat_writer /opt/stack/data/venv/lib/python3.12/site-packages/dbcounter.py:115}}
May 08 03:26:12.000742 np0000172647 neutron-periodic-workers[105364]: DEBUG dbcounter [-] [105364] Writing DB stats neutron:SELECT=3 {{(pid=105364) stat_writer /opt/stack/data/venv/lib/python3.12/site-packages/dbcounter.py:115}}
May 08 03:26:20.038636 np0000172647 neutron-periodic-workers[105384]: DEBUG oslo.service.backend._threading.loopingcall [None req-4eccd990-7e07-4510-8580-173c506b1f5d None None] Fixed interval looping call 'neutron.db.quota.driver_nolock.DbQuotaNoLockDriver._remove_expired_reservations' sleeping for 119.99 seconds {{(pid=105384) _run_loop /opt/stack/data/venv/lib/python3.12/site-packages/oslo_service/backend/_threading/loopingcall.py:125}}
May 08 03:26:29.008020 np0000172647 neutron-periodic-workers[105375]: DEBUG neutron.db.agents_db [None req-5be5740a-b5c6-42e2-a8f4-4265b98d2c04 None None] Agent healthcheck: found 0 active agents {{(pid=105375) agent_health_check /opt/stack/neutron/neutron/db/agents_db.py:322}}
May 08 03:26:29.008779 np0000172647 neutron-periodic-workers[105375]: DEBUG oslo.service.backend._threading.loopingcall [None req-5be5740a-b5c6-42e2-a8f4-4265b98d2c04 None None] Fixed interval looping call 'neutron.plugins.ml2.plugin.AgentDbMixin.agent_health_check' sleeping for 37.00 seconds {{(pid=105375) _run_loop /opt/stack/data/venv/lib/python3.12/site-packages/oslo_service/backend/_threading/loopingcall.py:125}}
May 08 03:26:29.995075 np0000172647 neutron-periodic-workers[105358]: DEBUG dbcounter [-] [105358] Writer thread running {{(pid=105358) stat_writer /opt/stack/data/venv/lib/python3.12/site-packages/dbcounter.py:102}}
May 08 03:26:30.014554 np0000172647 neutron-periodic-workers[105358]: DEBUG oslo.service.backend._threading.loopingcall [None req-5546ba70-1ada-46d4-ad4f-1a9af32e70f4 None None] Fixed interval looping call 'neutron.services.ovn_l3.plugin.L3_NAT_dbonly_mixin._clean_garbage' sleeping for 299.95 seconds {{(pid=105358) _run_loop /opt/stack/data/venv/lib/python3.12/site-packages/oslo_service/backend/_threading/loopingcall.py:125}}
May 08 03:26:30.037058 np0000172647 neutron-periodic-workers[105384]: DEBUG dbcounter [-] [105384] Writing DB stats neutron:DELETE=1 {{(pid=105384) stat_writer /opt/stack/data/venv/lib/python3.12/site-packages/dbcounter.py:115}}
May 08 03:26:38.999240 np0000172647 neutron-periodic-workers[105364]: DEBUG oslo.service.backend._threading.loopingcall [None req-45a462a6-17a7-4aa9-bdbb-0a8d9e773932 None None] Fixed interval looping call 'neutron.plugins.ml2.plugin.DhcpAgentSchedulerDbMixin.remove_networks_from_down_agents' sleeping for 36.99 seconds {{(pid=105364) _run_loop /opt/stack/data/venv/lib/python3.12/site-packages/oslo_service/backend/_threading/loopingcall.py:125}}
May 08 03:26:39.006591 np0000172647 neutron-periodic-workers[105375]: DEBUG dbcounter [-] [105375] Writing DB stats neutron:SELECT=1 {{(pid=105375) stat_writer /opt/stack/data/venv/lib/python3.12/site-packages/dbcounter.py:115}}
May 08 03:26:39.995824 np0000172647 neutron-periodic-workers[105358]: DEBUG dbcounter [-] [105358] Writing DB stats neutron:SELECT=1 {{(pid=105358) stat_writer /opt/stack/data/venv/lib/python3.12/site-packages/dbcounter.py:115}}
May 08 03:26:48.998927 np0000172647 neutron-periodic-workers[105364]: DEBUG dbcounter [-] [105364] Writing DB stats neutron:SELECT=3 {{(pid=105364) stat_writer /opt/stack/data/venv/lib/python3.12/site-packages/dbcounter.py:115}}
May 08 03:27:06.016923 np0000172647 neutron-periodic-workers[105375]: DEBUG neutron.db.agents_db [None req-5be5740a-b5c6-42e2-a8f4-4265b98d2c04 None None] Agent healthcheck: found 0 active agents {{(pid=105375) agent_health_check /opt/stack/neutron/neutron/db/agents_db.py:322}}
May 08 03:27:06.017678 np0000172647 neutron-periodic-workers[105375]: DEBUG oslo.service.backend._threading.loopingcall [None req-5be5740a-b5c6-42e2-a8f4-4265b98d2c04 None None] Fixed interval looping call 'neutron.plugins.ml2.plugin.AgentDbMixin.agent_health_check' sleeping for 36.99 seconds {{(pid=105375) _run_loop /opt/stack/data/venv/lib/python3.12/site-packages/oslo_service/backend/_threading/loopingcall.py:125}}
May 08 03:27:15.998938 np0000172647 neutron-periodic-workers[105364]: DEBUG oslo.service.backend._threading.loopingcall [None req-45a462a6-17a7-4aa9-bdbb-0a8d9e773932 None None] Fixed interval looping call 'neutron.plugins.ml2.plugin.DhcpAgentSchedulerDbMixin.remove_networks_from_down_agents' sleeping for 36.99 seconds {{(pid=105364) _run_loop /opt/stack/data/venv/lib/python3.12/site-packages/oslo_service/backend/_threading/loopingcall.py:125}}
May 08 03:27:16.014956 np0000172647 neutron-periodic-workers[105375]: DEBUG dbcounter [-] [105375] Writing DB stats neutron:SELECT=1 {{(pid=105375) stat_writer /opt/stack/data/venv/lib/python3.12/site-packages/dbcounter.py:115}}
May 08 03:27:25.997977 np0000172647 neutron-periodic-workers[105364]: DEBUG dbcounter [-] [105364] Writing DB stats neutron:SELECT=3 {{(pid=105364) stat_writer /opt/stack/data/venv/lib/python3.12/site-packages/dbcounter.py:115}}
May 08 03:27:43.013409 np0000172647 neutron-periodic-workers[105375]: DEBUG neutron.db.agents_db [None req-5be5740a-b5c6-42e2-a8f4-4265b98d2c04 None None] Agent healthcheck: found 0 active agents {{(pid=105375) agent_health_check /opt/stack/neutron/neutron/db/agents_db.py:322}}
May 08 03:27:43.013992 np0000172647 neutron-periodic-workers[105375]: DEBUG oslo.service.backend._threading.loopingcall [None req-5be5740a-b5c6-42e2-a8f4-4265b98d2c04 None None] Fixed interval looping call 'neutron.plugins.ml2.plugin.AgentDbMixin.agent_health_check' sleeping for 36.99 seconds {{(pid=105375) _run_loop /opt/stack/data/venv/lib/python3.12/site-packages/oslo_service/backend/_threading/loopingcall.py:125}}
May 08 03:27:53.000853 np0000172647 neutron-periodic-workers[105364]: DEBUG oslo.service.backend._threading.loopingcall [None req-45a462a6-17a7-4aa9-bdbb-0a8d9e773932 None None] Fixed interval looping call 'neutron.plugins.ml2.plugin.DhcpAgentSchedulerDbMixin.remove_networks_from_down_agents' sleeping for 36.99 seconds {{(pid=105364) _run_loop /opt/stack/data/venv/lib/python3.12/site-packages/oslo_service/backend/_threading/loopingcall.py:125}}
May 08 03:27:53.011954 np0000172647 neutron-periodic-workers[105375]: DEBUG dbcounter [-] [105375] Writing DB stats neutron:SELECT=1 {{(pid=105375) stat_writer /opt/stack/data/venv/lib/python3.12/site-packages/dbcounter.py:115}}
May 08 03:28:02.997971 np0000172647 neutron-periodic-workers[105364]: DEBUG dbcounter [-] [105364] Writing DB stats neutron:SELECT=3 {{(pid=105364) stat_writer /opt/stack/data/venv/lib/python3.12/site-packages/dbcounter.py:115}}
May 08 03:28:20.012216 np0000172647 neutron-periodic-workers[105375]: DEBUG neutron.db.agents_db [None req-5be5740a-b5c6-42e2-a8f4-4265b98d2c04 None None] Agent healthcheck: found 0 active agents {{(pid=105375) agent_health_check /opt/stack/neutron/neutron/db/agents_db.py:322}}
May 08 03:28:20.013073 np0000172647 neutron-periodic-workers[105375]: DEBUG oslo.service.backend._threading.loopingcall [None req-5be5740a-b5c6-42e2-a8f4-4265b98d2c04 None None] Fixed interval looping call 'neutron.plugins.ml2.plugin.AgentDbMixin.agent_health_check' sleeping for 36.99 seconds {{(pid=105375) _run_loop /opt/stack/data/venv/lib/python3.12/site-packages/oslo_service/backend/_threading/loopingcall.py:125}}
May 08 03:28:20.032599 np0000172647 neutron-periodic-workers[105384]: DEBUG oslo.service.backend._threading.loopingcall [None req-4eccd990-7e07-4510-8580-173c506b1f5d None None] Fixed interval looping call 'neutron.db.quota.driver_nolock.DbQuotaNoLockDriver._remove_expired_reservations' sleeping for 120.00 seconds {{(pid=105384) _run_loop /opt/stack/data/venv/lib/python3.12/site-packages/oslo_service/backend/_threading/loopingcall.py:125}}
May 08 03:28:29.998776 np0000172647 neutron-periodic-workers[105364]: DEBUG oslo.service.backend._threading.loopingcall [None req-45a462a6-17a7-4aa9-bdbb-0a8d9e773932 None None] Fixed interval looping call 'neutron.plugins.ml2.plugin.DhcpAgentSchedulerDbMixin.remove_networks_from_down_agents' sleeping for 36.99 seconds {{(pid=105364) _run_loop /opt/stack/data/venv/lib/python3.12/site-packages/oslo_service/backend/_threading/loopingcall.py:125}}
May 08 03:28:30.009142 np0000172647 neutron-periodic-workers[105375]: DEBUG dbcounter [-] [105375] Writing DB stats neutron:SELECT=1 {{(pid=105375) stat_writer /opt/stack/data/venv/lib/python3.12/site-packages/dbcounter.py:115}}
May 08 03:28:30.031843 np0000172647 neutron-periodic-workers[105384]: DEBUG dbcounter [-] [105384] Writing DB stats neutron:DELETE=1 {{(pid=105384) stat_writer /opt/stack/data/venv/lib/python3.12/site-packages/dbcounter.py:115}}
May 08 03:28:39.997854 np0000172647 neutron-periodic-workers[105364]: DEBUG dbcounter [-] [105364] Writing DB stats neutron:SELECT=3 {{(pid=105364) stat_writer /opt/stack/data/venv/lib/python3.12/site-packages/dbcounter.py:115}}
May 08 03:28:57.009442 np0000172647 neutron-periodic-workers[105375]: DEBUG neutron.db.agents_db [None req-5be5740a-b5c6-42e2-a8f4-4265b98d2c04 None None] Agent healthcheck: found 0 active agents {{(pid=105375) agent_health_check /opt/stack/neutron/neutron/db/agents_db.py:322}}
May 08 03:28:57.010279 np0000172647 neutron-periodic-workers[105375]: DEBUG oslo.service.backend._threading.loopingcall [None req-5be5740a-b5c6-42e2-a8f4-4265b98d2c04 None None] Fixed interval looping call 'neutron.plugins.ml2.plugin.AgentDbMixin.agent_health_check' sleeping for 36.99 seconds {{(pid=105375) _run_loop /opt/stack/data/venv/lib/python3.12/site-packages/oslo_service/backend/_threading/loopingcall.py:125}}
May 08 03:29:06.998875 np0000172647 neutron-periodic-workers[105364]: DEBUG oslo.service.backend._threading.loopingcall [None req-45a462a6-17a7-4aa9-bdbb-0a8d9e773932 None None] Fixed interval looping call 'neutron.plugins.ml2.plugin.DhcpAgentSchedulerDbMixin.remove_networks_from_down_agents' sleeping for 36.99 seconds {{(pid=105364) _run_loop /opt/stack/data/venv/lib/python3.12/site-packages/oslo_service/backend/_threading/loopingcall.py:125}}
May 08 03:29:07.007685 np0000172647 neutron-periodic-workers[105375]: DEBUG dbcounter [-] [105375] Writing DB stats neutron:SELECT=1 {{(pid=105375) stat_writer /opt/stack/data/venv/lib/python3.12/site-packages/dbcounter.py:115}}
May 08 03:29:16.998128 np0000172647 neutron-periodic-workers[105364]: DEBUG dbcounter [-] [105364] Writing DB stats neutron:SELECT=3 {{(pid=105364) stat_writer /opt/stack/data/venv/lib/python3.12/site-packages/dbcounter.py:115}}
May 08 03:29:34.002924 np0000172647 neutron-periodic-workers[105375]: DEBUG neutron.db.agents_db [None req-5be5740a-b5c6-42e2-a8f4-4265b98d2c04 None None] Agent healthcheck: found 0 active agents {{(pid=105375) agent_health_check /opt/stack/neutron/neutron/db/agents_db.py:322}}
May 08 03:29:34.003487 np0000172647 neutron-periodic-workers[105375]: DEBUG oslo.service.backend._threading.loopingcall [None req-5be5740a-b5c6-42e2-a8f4-4265b98d2c04 None None] Fixed interval looping call 'neutron.plugins.ml2.plugin.AgentDbMixin.agent_health_check' sleeping for 37.00 seconds {{(pid=105375) _run_loop /opt/stack/data/venv/lib/python3.12/site-packages/oslo_service/backend/_threading/loopingcall.py:125}}
May 08 03:29:43.996181 np0000172647 neutron-periodic-workers[105364]: DEBUG oslo.service.backend._threading.loopingcall [None req-45a462a6-17a7-4aa9-bdbb-0a8d9e773932 None None] Fixed interval looping call 'neutron.plugins.ml2.plugin.DhcpAgentSchedulerDbMixin.remove_networks_from_down_agents' sleeping for 36.99 seconds {{(pid=105364) _run_loop /opt/stack/data/venv/lib/python3.12/site-packages/oslo_service/backend/_threading/loopingcall.py:125}}
May 08 03:29:44.004759 np0000172647 neutron-periodic-workers[105375]: DEBUG dbcounter [-] [105375] Writing DB stats neutron:SELECT=1 {{(pid=105375) stat_writer /opt/stack/data/venv/lib/python3.12/site-packages/dbcounter.py:115}}
May 08 03:29:53.995514 np0000172647 neutron-periodic-workers[105364]: DEBUG dbcounter [-] [105364] Writing DB stats neutron:SELECT=3 {{(pid=105364) stat_writer /opt/stack/data/venv/lib/python3.12/site-packages/dbcounter.py:115}}
May 08 03:30:11.008711 np0000172647 neutron-periodic-workers[105375]: DEBUG neutron.db.agents_db [None req-5be5740a-b5c6-42e2-a8f4-4265b98d2c04 None None] Agent healthcheck: found 0 active agents {{(pid=105375) agent_health_check /opt/stack/neutron/neutron/db/agents_db.py:322}}
May 08 03:30:11.009461 np0000172647 neutron-periodic-workers[105375]: DEBUG oslo.service.backend._threading.loopingcall [None req-5be5740a-b5c6-42e2-a8f4-4265b98d2c04 None None] Fixed interval looping call 'neutron.plugins.ml2.plugin.AgentDbMixin.agent_health_check' sleeping for 36.99 seconds {{(pid=105375) _run_loop /opt/stack/data/venv/lib/python3.12/site-packages/oslo_service/backend/_threading/loopingcall.py:125}}
May 08 03:30:20.037330 np0000172647 neutron-periodic-workers[105384]: DEBUG oslo.service.backend._threading.loopingcall [None req-4eccd990-7e07-4510-8580-173c506b1f5d None None] Fixed interval looping call 'neutron.db.quota.driver_nolock.DbQuotaNoLockDriver._remove_expired_reservations' sleeping for 120.00 seconds {{(pid=105384) _run_loop /opt/stack/data/venv/lib/python3.12/site-packages/oslo_service/backend/_threading/loopingcall.py:125}}
May 08 03:30:20.997474 np0000172647 neutron-periodic-workers[105364]: DEBUG oslo.service.backend._threading.loopingcall [None req-45a462a6-17a7-4aa9-bdbb-0a8d9e773932 None None] Fixed interval looping call 'neutron.plugins.ml2.plugin.DhcpAgentSchedulerDbMixin.remove_networks_from_down_agents' sleeping for 36.99 seconds {{(pid=105364) _run_loop /opt/stack/data/venv/lib/python3.12/site-packages/oslo_service/backend/_threading/loopingcall.py:125}}
May 08 03:30:21.006926 np0000172647 neutron-periodic-workers[105375]: DEBUG dbcounter [-] [105375] Writing DB stats neutron:SELECT=1 {{(pid=105375) stat_writer /opt/stack/data/venv/lib/python3.12/site-packages/dbcounter.py:115}}
May 08 03:30:30.036096 np0000172647 neutron-periodic-workers[105384]: DEBUG dbcounter [-] [105384] Writing DB stats neutron:DELETE=1 {{(pid=105384) stat_writer /opt/stack/data/venv/lib/python3.12/site-packages/dbcounter.py:115}}
May 08 03:30:30.995582 np0000172647 neutron-periodic-workers[105364]: DEBUG dbcounter [-] [105364] Writing DB stats neutron:SELECT=3 {{(pid=105364) stat_writer /opt/stack/data/venv/lib/python3.12/site-packages/dbcounter.py:115}}
May 08 03:30:48.004529 np0000172647 neutron-periodic-workers[105375]: DEBUG neutron.db.agents_db [None req-5be5740a-b5c6-42e2-a8f4-4265b98d2c04 None None] Agent healthcheck: found 0 active agents {{(pid=105375) agent_health_check /opt/stack/neutron/neutron/db/agents_db.py:322}}
May 08 03:30:48.005053 np0000172647 neutron-periodic-workers[105375]: DEBUG oslo.service.backend._threading.loopingcall [None req-5be5740a-b5c6-42e2-a8f4-4265b98d2c04 None None] Fixed interval looping call 'neutron.plugins.ml2.plugin.AgentDbMixin.agent_health_check' sleeping for 36.99 seconds {{(pid=105375) _run_loop /opt/stack/data/venv/lib/python3.12/site-packages/oslo_service/backend/_threading/loopingcall.py:125}}
May 08 03:30:57.993678 np0000172647 neutron-periodic-workers[105364]: DEBUG oslo.service.backend._threading.loopingcall [None req-45a462a6-17a7-4aa9-bdbb-0a8d9e773932 None None] Fixed interval looping call 'neutron.plugins.ml2.plugin.DhcpAgentSchedulerDbMixin.remove_networks_from_down_agents' sleeping for 36.99 seconds {{(pid=105364) _run_loop /opt/stack/data/venv/lib/python3.12/site-packages/oslo_service/backend/_threading/loopingcall.py:125}}
May 08 03:30:58.002703 np0000172647 neutron-periodic-workers[105375]: DEBUG dbcounter [-] [105375] Writing DB stats neutron:SELECT=1 {{(pid=105375) stat_writer /opt/stack/data/venv/lib/python3.12/site-packages/dbcounter.py:115}}
May 08 03:31:07.992807 np0000172647 neutron-periodic-workers[105364]: DEBUG dbcounter [-] [105364] Writing DB stats neutron:SELECT=3 {{(pid=105364) stat_writer /opt/stack/data/venv/lib/python3.12/site-packages/dbcounter.py:115}}
May 08 03:31:25.002824 np0000172647 neutron-periodic-workers[105375]: DEBUG neutron.db.agents_db [None req-5be5740a-b5c6-42e2-a8f4-4265b98d2c04 None None] Agent healthcheck: found 0 active agents {{(pid=105375) agent_health_check /opt/stack/neutron/neutron/db/agents_db.py:322}}
May 08 03:31:25.003350 np0000172647 neutron-periodic-workers[105375]: DEBUG oslo.service.backend._threading.loopingcall [None req-5be5740a-b5c6-42e2-a8f4-4265b98d2c04 None None] Fixed interval looping call 'neutron.plugins.ml2.plugin.AgentDbMixin.agent_health_check' sleeping for 36.99 seconds {{(pid=105375) _run_loop /opt/stack/data/venv/lib/python3.12/site-packages/oslo_service/backend/_threading/loopingcall.py:125}}
May 08 03:31:29.974624 np0000172647 neutron-periodic-workers[105358]: DEBUG oslo.service.backend._threading.loopingcall [None req-5546ba70-1ada-46d4-ad4f-1a9af32e70f4 None None] Fixed interval looping call 'neutron.services.ovn_l3.plugin.L3_NAT_dbonly_mixin._clean_garbage' sleeping for 299.99 seconds {{(pid=105358) _run_loop /opt/stack/data/venv/lib/python3.12/site-packages/oslo_service/backend/_threading/loopingcall.py:125}}
May 08 03:31:34.995045 np0000172647 neutron-periodic-workers[105364]: DEBUG oslo.service.backend._threading.loopingcall [None req-45a462a6-17a7-4aa9-bdbb-0a8d9e773932 None None] Fixed interval looping call 'neutron.plugins.ml2.plugin.DhcpAgentSchedulerDbMixin.remove_networks_from_down_agents' sleeping for 36.99 seconds {{(pid=105364) _run_loop /opt/stack/data/venv/lib/python3.12/site-packages/oslo_service/backend/_threading/loopingcall.py:125}}
May 08 03:31:34.999967 np0000172647 neutron-periodic-workers[105375]: DEBUG dbcounter [-] [105375] Writing DB stats neutron:SELECT=1 {{(pid=105375) stat_writer /opt/stack/data/venv/lib/python3.12/site-packages/dbcounter.py:115}}
May 08 03:31:39.968662 np0000172647 neutron-periodic-workers[105358]: DEBUG dbcounter [-] [105358] Writing DB stats neutron:SELECT=1 {{(pid=105358) stat_writer /opt/stack/data/venv/lib/python3.12/site-packages/dbcounter.py:115}}
May 08 03:31:44.993895 np0000172647 neutron-periodic-workers[105364]: DEBUG dbcounter [-] [105364] Writing DB stats neutron:SELECT=3 {{(pid=105364) stat_writer /opt/stack/data/venv/lib/python3.12/site-packages/dbcounter.py:115}}
May 08 03:32:01.998507 np0000172647 neutron-periodic-workers[105375]: DEBUG neutron.db.agents_db [None req-5be5740a-b5c6-42e2-a8f4-4265b98d2c04 None None] Agent healthcheck: found 0 active agents {{(pid=105375) agent_health_check /opt/stack/neutron/neutron/db/agents_db.py:322}}
May 08 03:32:01.999247 np0000172647 neutron-periodic-workers[105375]: DEBUG oslo.service.backend._threading.loopingcall [None req-5be5740a-b5c6-42e2-a8f4-4265b98d2c04 None None] Fixed interval looping call 'neutron.plugins.ml2.plugin.AgentDbMixin.agent_health_check' sleeping for 36.99 seconds {{(pid=105375) _run_loop /opt/stack/data/venv/lib/python3.12/site-packages/oslo_service/backend/_threading/loopingcall.py:125}}
May 08 03:32:11.994019 np0000172647 neutron-periodic-workers[105364]: DEBUG oslo.service.backend._threading.loopingcall [None req-45a462a6-17a7-4aa9-bdbb-0a8d9e773932 None None] Fixed interval looping call 'neutron.plugins.ml2.plugin.DhcpAgentSchedulerDbMixin.remove_networks_from_down_agents' sleeping for 36.99 seconds {{(pid=105364) _run_loop /opt/stack/data/venv/lib/python3.12/site-packages/oslo_service/backend/_threading/loopingcall.py:125}}
May 08 03:32:11.998973 np0000172647 neutron-periodic-workers[105375]: DEBUG dbcounter [-] [105375] Writing DB stats neutron:SELECT=1 {{(pid=105375) stat_writer /opt/stack/data/venv/lib/python3.12/site-packages/dbcounter.py:115}}
May 08 03:32:20.041400 np0000172647 neutron-periodic-workers[105384]: DEBUG oslo.service.backend._threading.loopingcall [None req-4eccd990-7e07-4510-8580-173c506b1f5d None None] Fixed interval looping call 'neutron.db.quota.driver_nolock.DbQuotaNoLockDriver._remove_expired_reservations' sleeping for 120.00 seconds {{(pid=105384) _run_loop /opt/stack/data/venv/lib/python3.12/site-packages/oslo_service/backend/_threading/loopingcall.py:125}}
May 08 03:32:21.992716 np0000172647 neutron-periodic-workers[105364]: DEBUG dbcounter [-] [105364] Writing DB stats neutron:SELECT=3 {{(pid=105364) stat_writer /opt/stack/data/venv/lib/python3.12/site-packages/dbcounter.py:115}}
May 08 03:32:30.040514 np0000172647 neutron-periodic-workers[105384]: DEBUG dbcounter [-] [105384] Writing DB stats neutron:DELETE=1 {{(pid=105384) stat_writer /opt/stack/data/venv/lib/python3.12/site-packages/dbcounter.py:115}}
May 08 03:32:38.995246 np0000172647 neutron-periodic-workers[105375]: DEBUG neutron.db.agents_db [None req-5be5740a-b5c6-42e2-a8f4-4265b98d2c04 None None] Agent healthcheck: found 0 active agents {{(pid=105375) agent_health_check /opt/stack/neutron/neutron/db/agents_db.py:322}}
May 08 03:32:38.996092 np0000172647 neutron-periodic-workers[105375]: DEBUG oslo.service.backend._threading.loopingcall [None req-5be5740a-b5c6-42e2-a8f4-4265b98d2c04 None None] Fixed interval looping call 'neutron.plugins.ml2.plugin.AgentDbMixin.agent_health_check' sleeping for 36.99 seconds {{(pid=105375) _run_loop /opt/stack/data/venv/lib/python3.12/site-packages/oslo_service/backend/_threading/loopingcall.py:125}}
May 08 03:32:48.990991 np0000172647 neutron-periodic-workers[105364]: DEBUG oslo.service.backend._threading.loopingcall [None req-45a462a6-17a7-4aa9-bdbb-0a8d9e773932 None None] Fixed interval looping call 'neutron.plugins.ml2.plugin.DhcpAgentSchedulerDbMixin.remove_networks_from_down_agents' sleeping for 36.99 seconds {{(pid=105364) _run_loop /opt/stack/data/venv/lib/python3.12/site-packages/oslo_service/backend/_threading/loopingcall.py:125}}
May 08 03:32:48.993160 np0000172647 neutron-periodic-workers[105375]: DEBUG dbcounter [-] [105375] Writing DB stats neutron:SELECT=1 {{(pid=105375) stat_writer /opt/stack/data/venv/lib/python3.12/site-packages/dbcounter.py:115}}
May 08 03:32:58.991920 np0000172647 neutron-periodic-workers[105364]: DEBUG dbcounter [-] [105364] Writing DB stats neutron:SELECT=3 {{(pid=105364) stat_writer /opt/stack/data/venv/lib/python3.12/site-packages/dbcounter.py:115}}
