Apr 14 08:07:22.224198 np0000166139 devstack@n-api-meta.service[109361]: DEBUG nova.api.openstack.wsgi_app [None req-9446bdfd-5f47-41ed-b18c-c578782bd526 None None] oslo_limit.endpoint_override = None {{(pid=109361) log_opt_values /opt/stack/data/venv/lib/python3.12/site-packages/oslo_config/cfg.py:3006}}
Apr 14 08:07:22.224321 np0000166139 devstack@n-api-meta.service[109361]: DEBUG nova.api.openstack.wsgi_app [None req-9446bdfd-5f47-41ed-b18c-c578782bd526 None None] oslo_limit.endpoint_region_name = None {{(pid=109361) log_opt_values /opt/stack/data/venv/lib/python3.12/site-packages/oslo_config/cfg.py:3006}}
Apr 14 08:07:22.224453 np0000166139 devstack@n-api-meta.service[109361]: DEBUG nova.api.openstack.wsgi_app [None req-9446bdfd-5f47-41ed-b18c-c578782bd526 None None] oslo_limit.endpoint_service_name = None {{(pid=109361) log_opt_values /opt/stack/data/venv/lib/python3.12/site-packages/oslo_config/cfg.py:3006}}
Apr 14 08:07:22.224603 np0000166139 devstack@n-api-meta.service[109361]: DEBUG nova.api.openstack.wsgi_app [None req-9446bdfd-5f47-41ed-b18c-c578782bd526 None None] oslo_limit.endpoint_service_type = None {{(pid=109361) log_opt_values /opt/stack/data/venv/lib/python3.12/site-packages/oslo_config/cfg.py:3006}}
Apr 14 08:07:22.224729 np0000166139 devstack@n-api-meta.service[109361]: DEBUG nova.api.openstack.wsgi_app [None req-9446bdfd-5f47-41ed-b18c-c578782bd526 None None] oslo_limit.insecure = False {{(pid=109361) log_opt_values /opt/stack/data/venv/lib/python3.12/site-packages/oslo_config/cfg.py:3006}}
Apr 14 08:07:22.224851 np0000166139 devstack@n-api-meta.service[109361]: DEBUG nova.api.openstack.wsgi_app [None req-9446bdfd-5f47-41ed-b18c-c578782bd526 None None] oslo_limit.keyfile = None {{(pid=109361) log_opt_values /opt/stack/data/venv/lib/python3.12/site-packages/oslo_config/cfg.py:3006}}
Apr 14 08:07:22.224976 np0000166139 devstack@n-api-meta.service[109361]: DEBUG nova.api.openstack.wsgi_app [None req-9446bdfd-5f47-41ed-b18c-c578782bd526 None None] oslo_limit.max_version = None {{(pid=109361) log_opt_values /opt/stack/data/venv/lib/python3.12/site-packages/oslo_config/cfg.py:3006}}
Apr 14 08:07:22.225102 np0000166139 devstack@n-api-meta.service[109361]: DEBUG nova.api.openstack.wsgi_app [None req-9446bdfd-5f47-41ed-b18c-c578782bd526 None None] oslo_limit.min_version = None {{(pid=109361) log_opt_values /opt/stack/data/venv/lib/python3.12/site-packages/oslo_config/cfg.py:3006}}
Apr 14 08:07:22.225229 np0000166139 devstack@n-api-meta.service[109361]: DEBUG nova.api.openstack.wsgi_app [None req-9446bdfd-5f47-41ed-b18c-c578782bd526 None None] oslo_limit.region_name = None {{(pid=109361) log_opt_values /opt/stack/data/venv/lib/python3.12/site-packages/oslo_config/cfg.py:3006}}
Apr 14 08:07:22.225352 np0000166139 devstack@n-api-meta.service[109361]: DEBUG nova.api.openstack.wsgi_app [None req-9446bdfd-5f47-41ed-b18c-c578782bd526 None None] oslo_limit.retriable_status_codes = None {{(pid=109361) log_opt_values /opt/stack/data/venv/lib/python3.12/site-packages/oslo_config/cfg.py:3006}}
Apr 14 08:07:22.225495 np0000166139 devstack@n-api-meta.service[109361]: DEBUG nova.api.openstack.wsgi_app [None req-9446bdfd-5f47-41ed-b18c-c578782bd526 None None] oslo_limit.service_name = None {{(pid=109361) log_opt_values /opt/stack/data/venv/lib/python3.12/site-packages/oslo_config/cfg.py:3006}}
Apr 14 08:07:22.225621 np0000166139 devstack@n-api-meta.service[109361]: DEBUG nova.api.openstack.wsgi_app [None req-9446bdfd-5f47-41ed-b18c-c578782bd526 None None] oslo_limit.service_type = None {{(pid=109361) log_opt_values /opt/stack/data/venv/lib/python3.12/site-packages/oslo_config/cfg.py:3006}}
Apr 14 08:07:22.225745 np0000166139 devstack@n-api-meta.service[109361]: DEBUG nova.api.openstack.wsgi_app [None req-9446bdfd-5f47-41ed-b18c-c578782bd526 None None] oslo_limit.split_loggers = False {{(pid=109361) log_opt_values /opt/stack/data/venv/lib/python3.12/site-packages/oslo_config/cfg.py:3006}}
Apr 14 08:07:22.225868 np0000166139 devstack@n-api-meta.service[109361]: DEBUG nova.api.openstack.wsgi_app [None req-9446bdfd-5f47-41ed-b18c-c578782bd526 None None] oslo_limit.status_code_retries = None {{(pid=109361) log_opt_values /opt/stack/data/venv/lib/python3.12/site-packages/oslo_config/cfg.py:3006}}
Apr 14 08:07:22.225992 np0000166139 devstack@n-api-meta.service[109361]: DEBUG nova.api.openstack.wsgi_app [None req-9446bdfd-5f47-41ed-b18c-c578782bd526 None None] oslo_limit.status_code_retry_delay = None {{(pid=109361) log_opt_values /opt/stack/data/venv/lib/python3.12/site-packages/oslo_config/cfg.py:3006}}
Apr 14 08:07:22.226114 np0000166139 devstack@n-api-meta.service[109361]: DEBUG nova.api.openstack.wsgi_app [None req-9446bdfd-5f47-41ed-b18c-c578782bd526 None None] oslo_limit.timeout = None {{(pid=109361) log_opt_values /opt/stack/data/venv/lib/python3.12/site-packages/oslo_config/cfg.py:3006}}
Apr 14 08:07:22.226236 np0000166139 devstack@n-api-meta.service[109361]: DEBUG nova.api.openstack.wsgi_app [None req-9446bdfd-5f47-41ed-b18c-c578782bd526 None None] oslo_limit.valid_interfaces = None {{(pid=109361) log_opt_values /opt/stack/data/venv/lib/python3.12/site-packages/oslo_config/cfg.py:3006}}
Apr 14 08:07:22.226360 np0000166139 devstack@n-api-meta.service[109361]: DEBUG nova.api.openstack.wsgi_app [None req-9446bdfd-5f47-41ed-b18c-c578782bd526 None None] oslo_limit.version = None {{(pid=109361) log_opt_values /opt/stack/data/venv/lib/python3.12/site-packages/oslo_config/cfg.py:3006}}
Apr 14 08:07:22.226519 np0000166139 devstack@n-api-meta.service[109361]: DEBUG nova.api.openstack.wsgi_app [None req-9446bdfd-5f47-41ed-b18c-c578782bd526 None None] oslo_messaging_rabbit.amqp_auto_delete = False {{(pid=109361) log_opt_values /opt/stack/data/venv/lib/python3.12/site-packages/oslo_config/cfg.py:3006}}
Apr 14 08:07:22.226646 np0000166139 devstack@n-api-meta.service[109361]: DEBUG nova.api.openstack.wsgi_app [None req-9446bdfd-5f47-41ed-b18c-c578782bd526 None None] oslo_messaging_rabbit.amqp_durable_queues = False {{(pid=109361) log_opt_values /opt/stack/data/venv/lib/python3.12/site-packages/oslo_config/cfg.py:3006}}
Apr 14 08:07:22.226774 np0000166139 devstack@n-api-meta.service[109361]: DEBUG nova.api.openstack.wsgi_app [None req-9446bdfd-5f47-41ed-b18c-c578782bd526 None None] oslo_messaging_rabbit.conn_pool_min_size = 2 {{(pid=109361) log_opt_values /opt/stack/data/venv/lib/python3.12/site-packages/oslo_config/cfg.py:3006}}
Apr 14 08:07:22.226900 np0000166139 devstack@n-api-meta.service[109361]: DEBUG nova.api.openstack.wsgi_app [None req-9446bdfd-5f47-41ed-b18c-c578782bd526 None None] oslo_messaging_rabbit.conn_pool_ttl = 1200 {{(pid=109361) log_opt_values /opt/stack/data/venv/lib/python3.12/site-packages/oslo_config/cfg.py:3006}}
Apr 14 08:07:22.227024 np0000166139 devstack@n-api-meta.service[109361]: DEBUG nova.api.openstack.wsgi_app [None req-9446bdfd-5f47-41ed-b18c-c578782bd526 None None] oslo_messaging_rabbit.direct_mandatory_flag = True {{(pid=109361) log_opt_values /opt/stack/data/venv/lib/python3.12/site-packages/oslo_config/cfg.py:3006}}
Apr 14 08:07:22.227150 np0000166139 devstack@n-api-meta.service[109361]: DEBUG nova.api.openstack.wsgi_app [None req-9446bdfd-5f47-41ed-b18c-c578782bd526 None None] oslo_messaging_rabbit.enable_cancel_on_failover = False {{(pid=109361) log_opt_values /opt/stack/data/venv/lib/python3.12/site-packages/oslo_config/cfg.py:3006}}
Apr 14 08:07:22.227280 np0000166139 devstack@n-api-meta.service[109361]: DEBUG nova.api.openstack.wsgi_app [None req-9446bdfd-5f47-41ed-b18c-c578782bd526 None None] oslo_messaging_rabbit.heartbeat_in_pthread = False {{(pid=109361) log_opt_values /opt/stack/data/venv/lib/python3.12/site-packages/oslo_config/cfg.py:3006}}
Apr 14 08:07:22.227405 np0000166139 devstack@n-api-meta.service[109361]: DEBUG nova.api.openstack.wsgi_app [None req-9446bdfd-5f47-41ed-b18c-c578782bd526 None None] oslo_messaging_rabbit.heartbeat_rate = 3 {{(pid=109361) log_opt_values /opt/stack/data/venv/lib/python3.12/site-packages/oslo_config/cfg.py:3006}}
Apr 14 08:07:22.227550 np0000166139 devstack@n-api-meta.service[109361]: DEBUG nova.api.openstack.wsgi_app [None req-9446bdfd-5f47-41ed-b18c-c578782bd526 None None] oslo_messaging_rabbit.heartbeat_timeout_threshold = 60 {{(pid=109361) log_opt_values /opt/stack/data/venv/lib/python3.12/site-packages/oslo_config/cfg.py:3006}}
Apr 14 08:07:22.227679 np0000166139 devstack@n-api-meta.service[109361]: DEBUG nova.api.openstack.wsgi_app [None req-9446bdfd-5f47-41ed-b18c-c578782bd526 None None] oslo_messaging_rabbit.hostname = np0000166139 {{(pid=109361) log_opt_values /opt/stack/data/venv/lib/python3.12/site-packages/oslo_config/cfg.py:3006}}
Apr 14 08:07:22.227803 np0000166139 devstack@n-api-meta.service[109361]: DEBUG nova.api.openstack.wsgi_app [None req-9446bdfd-5f47-41ed-b18c-c578782bd526 None None] oslo_messaging_rabbit.kombu_compression = None {{(pid=109361) log_opt_values /opt/stack/data/venv/lib/python3.12/site-packages/oslo_config/cfg.py:3006}}
Apr 14 08:07:22.227933 np0000166139 devstack@n-api-meta.service[109361]: DEBUG nova.api.openstack.wsgi_app [None req-9446bdfd-5f47-41ed-b18c-c578782bd526 None None] oslo_messaging_rabbit.kombu_failover_strategy = round-robin {{(pid=109361) log_opt_values /opt/stack/data/venv/lib/python3.12/site-packages/oslo_config/cfg.py:3006}}
Apr 14 08:07:22.228061 np0000166139 devstack@n-api-meta.service[109361]: DEBUG nova.api.openstack.wsgi_app [None req-9446bdfd-5f47-41ed-b18c-c578782bd526 None None] oslo_messaging_rabbit.kombu_missing_consumer_retry_timeout = 60 {{(pid=109361) log_opt_values /opt/stack/data/venv/lib/python3.12/site-packages/oslo_config/cfg.py:3006}}
Apr 14 08:07:22.228188 np0000166139 devstack@n-api-meta.service[109361]: DEBUG nova.api.openstack.wsgi_app [None req-9446bdfd-5f47-41ed-b18c-c578782bd526 None None] oslo_messaging_rabbit.kombu_reconnect_delay = 1.0 {{(pid=109361) log_opt_values /opt/stack/data/venv/lib/python3.12/site-packages/oslo_config/cfg.py:3006}}
Apr 14 08:07:22.228315 np0000166139 devstack@n-api-meta.service[109361]: DEBUG nova.api.openstack.wsgi_app [None req-9446bdfd-5f47-41ed-b18c-c578782bd526 None None] oslo_messaging_rabbit.kombu_reconnect_splay = 0.0 {{(pid=109361) log_opt_values /opt/stack/data/venv/lib/python3.12/site-packages/oslo_config/cfg.py:3006}}
Apr 14 08:07:22.228462 np0000166139 devstack@n-api-meta.service[109361]: DEBUG nova.api.openstack.wsgi_app [None req-9446bdfd-5f47-41ed-b18c-c578782bd526 None None] oslo_messaging_rabbit.processname = uwsgi {{(pid=109361) log_opt_values /opt/stack/data/venv/lib/python3.12/site-packages/oslo_config/cfg.py:3006}}
Apr 14 08:07:22.228620 np0000166139 devstack@n-api-meta.service[109361]: DEBUG nova.api.openstack.wsgi_app [None req-9446bdfd-5f47-41ed-b18c-c578782bd526 None None] oslo_messaging_rabbit.rabbit_ha_queues = False {{(pid=109361) log_opt_values /opt/stack/data/venv/lib/python3.12/site-packages/oslo_config/cfg.py:3006}}
Apr 14 08:07:22.228740 np0000166139 devstack@n-api-meta.service[109361]: DEBUG nova.api.openstack.wsgi_app [None req-9446bdfd-5f47-41ed-b18c-c578782bd526 None None] oslo_messaging_rabbit.rabbit_interval_max = 30 {{(pid=109361) log_opt_values /opt/stack/data/venv/lib/python3.12/site-packages/oslo_config/cfg.py:3006}}
Apr 14 08:07:22.228872 np0000166139 devstack@n-api-meta.service[109361]: DEBUG nova.api.openstack.wsgi_app [None req-9446bdfd-5f47-41ed-b18c-c578782bd526 None None] oslo_messaging_rabbit.rabbit_login_method = AMQPLAIN {{(pid=109361) log_opt_values /opt/stack/data/venv/lib/python3.12/site-packages/oslo_config/cfg.py:3006}}
Apr 14 08:07:22.229000 np0000166139 devstack@n-api-meta.service[109361]: DEBUG nova.api.openstack.wsgi_app [None req-9446bdfd-5f47-41ed-b18c-c578782bd526 None None] oslo_messaging_rabbit.rabbit_qos_prefetch_count = 0 {{(pid=109361) log_opt_values /opt/stack/data/venv/lib/python3.12/site-packages/oslo_config/cfg.py:3006}}
Apr 14 08:07:22.229124 np0000166139 devstack@n-api-meta.service[109361]: DEBUG nova.api.openstack.wsgi_app [None req-9446bdfd-5f47-41ed-b18c-c578782bd526 None None] oslo_messaging_rabbit.rabbit_quorum_delivery_limit = 0 {{(pid=109361) log_opt_values /opt/stack/data/venv/lib/python3.12/site-packages/oslo_config/cfg.py:3006}}
Apr 14 08:07:22.229248 np0000166139 devstack@n-api-meta.service[109361]: DEBUG nova.api.openstack.wsgi_app [None req-9446bdfd-5f47-41ed-b18c-c578782bd526 None None] oslo_messaging_rabbit.rabbit_quorum_max_memory_bytes = 0 {{(pid=109361) log_opt_values /opt/stack/data/venv/lib/python3.12/site-packages/oslo_config/cfg.py:3006}}
Apr 14 08:07:22.229372 np0000166139 devstack@n-api-meta.service[109361]: DEBUG nova.api.openstack.wsgi_app [None req-9446bdfd-5f47-41ed-b18c-c578782bd526 None None] oslo_messaging_rabbit.rabbit_quorum_max_memory_length = 0 {{(pid=109361) log_opt_values /opt/stack/data/venv/lib/python3.12/site-packages/oslo_config/cfg.py:3006}}
Apr 14 08:07:22.229522 np0000166139 devstack@n-api-meta.service[109361]: DEBUG nova.api.openstack.wsgi_app [None req-9446bdfd-5f47-41ed-b18c-c578782bd526 None None] oslo_messaging_rabbit.rabbit_quorum_queue = False {{(pid=109361) log_opt_values /opt/stack/data/venv/lib/python3.12/site-packages/oslo_config/cfg.py:3006}}
Apr 14 08:07:22.229691 np0000166139 devstack@n-api-meta.service[109361]: DEBUG nova.api.openstack.wsgi_app [None req-9446bdfd-5f47-41ed-b18c-c578782bd526 None None] oslo_messaging_rabbit.rabbit_retry_backoff = 2 {{(pid=109361) log_opt_values /opt/stack/data/venv/lib/python3.12/site-packages/oslo_config/cfg.py:3006}}
Apr 14 08:07:22.229848 np0000166139 devstack@n-api-meta.service[109361]: DEBUG nova.api.openstack.wsgi_app [None req-9446bdfd-5f47-41ed-b18c-c578782bd526 None None] oslo_messaging_rabbit.rabbit_retry_interval = 1 {{(pid=109361) log_opt_values /opt/stack/data/venv/lib/python3.12/site-packages/oslo_config/cfg.py:3006}}
Apr 14 08:07:22.229981 np0000166139 devstack@n-api-meta.service[109361]: DEBUG nova.api.openstack.wsgi_app [None req-9446bdfd-5f47-41ed-b18c-c578782bd526 None None] oslo_messaging_rabbit.rabbit_stream_fanout = False {{(pid=109361) log_opt_values /opt/stack/data/venv/lib/python3.12/site-packages/oslo_config/cfg.py:3006}}
Apr 14 08:07:22.230116 np0000166139 devstack@n-api-meta.service[109361]: DEBUG nova.api.openstack.wsgi_app [None req-9446bdfd-5f47-41ed-b18c-c578782bd526 None None] oslo_messaging_rabbit.rabbit_transient_queues_ttl = 1800 {{(pid=109361) log_opt_values /opt/stack/data/venv/lib/python3.12/site-packages/oslo_config/cfg.py:3006}}
Apr 14 08:07:22.230246 np0000166139 devstack@n-api-meta.service[109361]: DEBUG nova.api.openstack.wsgi_app [None req-9446bdfd-5f47-41ed-b18c-c578782bd526 None None] oslo_messaging_rabbit.rabbit_transient_quorum_queue = False {{(pid=109361) log_opt_values /opt/stack/data/venv/lib/python3.12/site-packages/oslo_config/cfg.py:3006}}
Apr 14 08:07:22.230376 np0000166139 devstack@n-api-meta.service[109361]: DEBUG nova.api.openstack.wsgi_app [None req-9446bdfd-5f47-41ed-b18c-c578782bd526 None None] oslo_messaging_rabbit.rpc_conn_pool_size = 30 {{(pid=109361) log_opt_values /opt/stack/data/venv/lib/python3.12/site-packages/oslo_config/cfg.py:3006}}
Apr 14 08:07:22.230527 np0000166139 devstack@n-api-meta.service[109361]: DEBUG nova.api.openstack.wsgi_app [None req-9446bdfd-5f47-41ed-b18c-c578782bd526 None None] oslo_messaging_rabbit.ssl = False {{(pid=109361) log_opt_values /opt/stack/data/venv/lib/python3.12/site-packages/oslo_config/cfg.py:3006}}
Apr 14 08:07:22.230665 np0000166139 devstack@n-api-meta.service[109361]: DEBUG nova.api.openstack.wsgi_app [None req-9446bdfd-5f47-41ed-b18c-c578782bd526 None None] oslo_messaging_rabbit.ssl_ca_file = {{(pid=109361) log_opt_values /opt/stack/data/venv/lib/python3.12/site-packages/oslo_config/cfg.py:3006}}
Apr 14 08:07:22.230801 np0000166139 devstack@n-api-meta.service[109361]: DEBUG nova.api.openstack.wsgi_app [None req-9446bdfd-5f47-41ed-b18c-c578782bd526 None None] oslo_messaging_rabbit.ssl_cert_file = {{(pid=109361) log_opt_values /opt/stack/data/venv/lib/python3.12/site-packages/oslo_config/cfg.py:3006}}
Apr 14 08:07:22.230932 np0000166139 devstack@n-api-meta.service[109361]: DEBUG nova.api.openstack.wsgi_app [None req-9446bdfd-5f47-41ed-b18c-c578782bd526 None None] oslo_messaging_rabbit.ssl_enforce_fips_mode = False {{(pid=109361) log_opt_values /opt/stack/data/venv/lib/python3.12/site-packages/oslo_config/cfg.py:3006}}
Apr 14 08:07:22.231230 np0000166139 devstack@n-api-meta.service[109361]: DEBUG nova.api.openstack.wsgi_app [None req-9446bdfd-5f47-41ed-b18c-c578782bd526 None None] oslo_messaging_rabbit.ssl_key_file = {{(pid=109361) log_opt_values /opt/stack/data/venv/lib/python3.12/site-packages/oslo_config/cfg.py:3006}}
Apr 14 08:07:22.231363 np0000166139 devstack@n-api-meta.service[109361]: DEBUG nova.api.openstack.wsgi_app [None req-9446bdfd-5f47-41ed-b18c-c578782bd526 None None] oslo_messaging_rabbit.ssl_version = {{(pid=109361) log_opt_values /opt/stack/data/venv/lib/python3.12/site-packages/oslo_config/cfg.py:3006}}
Apr 14 08:07:22.231517 np0000166139 devstack@n-api-meta.service[109361]: DEBUG nova.api.openstack.wsgi_app [None req-9446bdfd-5f47-41ed-b18c-c578782bd526 None None] oslo_messaging_rabbit.use_queue_manager = False {{(pid=109361) log_opt_values /opt/stack/data/venv/lib/python3.12/site-packages/oslo_config/cfg.py:3006}}
Apr 14 08:07:22.231665 np0000166139 devstack@n-api-meta.service[109361]: DEBUG nova.api.openstack.wsgi_app [None req-9446bdfd-5f47-41ed-b18c-c578782bd526 None None] oslo_messaging_notifications.driver = ['messagingv2'] {{(pid=109361) log_opt_values /opt/stack/data/venv/lib/python3.12/site-packages/oslo_config/cfg.py:3006}}
Apr 14 08:07:22.231800 np0000166139 devstack@n-api-meta.service[109361]: DEBUG nova.api.openstack.wsgi_app [None req-9446bdfd-5f47-41ed-b18c-c578782bd526 None None] oslo_messaging_notifications.retry = -1 {{(pid=109361) log_opt_values /opt/stack/data/venv/lib/python3.12/site-packages/oslo_config/cfg.py:3006}}
Apr 14 08:07:22.231948 np0000166139 devstack@n-api-meta.service[109361]: DEBUG nova.api.openstack.wsgi_app [None req-9446bdfd-5f47-41ed-b18c-c578782bd526 None None] oslo_messaging_notifications.topics = ['notifications'] {{(pid=109361) log_opt_values /opt/stack/data/venv/lib/python3.12/site-packages/oslo_config/cfg.py:3006}}
Apr 14 08:07:22.232084 np0000166139 devstack@n-api-meta.service[109361]: DEBUG nova.api.openstack.wsgi_app [None req-9446bdfd-5f47-41ed-b18c-c578782bd526 None None] oslo_messaging_notifications.transport_url = **** {{(pid=109361) log_opt_values /opt/stack/data/venv/lib/python3.12/site-packages/oslo_config/cfg.py:3006}}
Apr 14 08:07:22.232218 np0000166139 devstack@n-api-meta.service[109361]: DEBUG nova.api.openstack.wsgi_app [None req-9446bdfd-5f47-41ed-b18c-c578782bd526 None None] oslo_reports.file_event_handler = None {{(pid=109361) log_opt_values /opt/stack/data/venv/lib/python3.12/site-packages/oslo_config/cfg.py:3006}}
Apr 14 08:07:22.232347 np0000166139 devstack@n-api-meta.service[109361]: DEBUG nova.api.openstack.wsgi_app [None req-9446bdfd-5f47-41ed-b18c-c578782bd526 None None] oslo_reports.file_event_handler_interval = 1 {{(pid=109361) log_opt_values /opt/stack/data/venv/lib/python3.12/site-packages/oslo_config/cfg.py:3006}}
Apr 14 08:07:22.232496 np0000166139 devstack@n-api-meta.service[109361]: DEBUG nova.api.openstack.wsgi_app [None req-9446bdfd-5f47-41ed-b18c-c578782bd526 None None] oslo_reports.log_dir = None {{(pid=109361) log_opt_values /opt/stack/data/venv/lib/python3.12/site-packages/oslo_config/cfg.py:3006}}
Apr 14 08:07:22.232629 np0000166139 devstack@n-api-meta.service[109361]: DEBUG nova.api.openstack.wsgi_app [None req-9446bdfd-5f47-41ed-b18c-c578782bd526 None None] ******************************************************************************** {{(pid=109361) log_opt_values /opt/stack/data/venv/lib/python3.12/site-packages/oslo_config/cfg.py:3013}}
Apr 14 08:07:22.232761 np0000166139 devstack@n-api-meta.service[109361]: WSGI app 0 (mountpoint='') ready in 3 seconds on interpreter 0x7212f2ea3668 pid: 109361 (default app)
Apr 14 08:07:31.883497 np0000166139 devstack@n-api-meta.service[109363]: DEBUG dbcounter [-] [109363] Writing DB stats nova_api:SELECT=1 {{(pid=109363) stat_writer /opt/stack/data/venv/lib/python3.12/site-packages/dbcounter.py:115}}
Apr 14 08:07:31.891637 np0000166139 devstack@n-api-meta.service[109364]: DEBUG dbcounter [-] [109364] Writing DB stats nova_api:SELECT=1 {{(pid=109364) stat_writer /opt/stack/data/venv/lib/python3.12/site-packages/dbcounter.py:115}}
Apr 14 08:07:31.901631 np0000166139 devstack@n-api-meta.service[109362]: DEBUG dbcounter [-] [109362] Writing DB stats nova_api:SELECT=1 {{(pid=109362) stat_writer /opt/stack/data/venv/lib/python3.12/site-packages/dbcounter.py:115}}
Apr 14 08:07:31.927319 np0000166139 devstack@n-api-meta.service[109361]: DEBUG dbcounter [-] [109361] Writing DB stats nova_api:SELECT=1 {{(pid=109361) stat_writer /opt/stack/data/venv/lib/python3.12/site-packages/dbcounter.py:115}}
Apr 14 08:07:32.019795 np0000166139 devstack@n-api-meta.service[109363]: DEBUG dbcounter [-] [109363] Writing DB stats nova_cell0:SELECT=1 {{(pid=109363) stat_writer /opt/stack/data/venv/lib/python3.12/site-packages/dbcounter.py:115}}
Apr 14 08:07:32.020572 np0000166139 devstack@n-api-meta.service[109363]: DEBUG dbcounter [-] [109363] Writing DB stats nova_cell1:SELECT=1 {{(pid=109363) stat_writer /opt/stack/data/venv/lib/python3.12/site-packages/dbcounter.py:115}}
Apr 14 08:07:32.023641 np0000166139 devstack@n-api-meta.service[109364]: DEBUG dbcounter [-] [109364] Writing DB stats nova_cell0:SELECT=1 {{(pid=109364) stat_writer /opt/stack/data/venv/lib/python3.12/site-packages/dbcounter.py:115}}
Apr 14 08:07:32.027834 np0000166139 devstack@n-api-meta.service[109364]: DEBUG dbcounter [-] [109364] Writing DB stats nova_cell1:SELECT=1 {{(pid=109364) stat_writer /opt/stack/data/venv/lib/python3.12/site-packages/dbcounter.py:115}}
Apr 14 08:07:32.028161 np0000166139 devstack@n-api-meta.service[109362]: DEBUG dbcounter [-] [109362] Writing DB stats nova_cell0:SELECT=1 {{(pid=109362) stat_writer /opt/stack/data/venv/lib/python3.12/site-packages/dbcounter.py:115}}
Apr 14 08:07:32.035034 np0000166139 devstack@n-api-meta.service[109362]: DEBUG dbcounter [-] [109362] Writing DB stats nova_cell1:SELECT=1 {{(pid=109362) stat_writer /opt/stack/data/venv/lib/python3.12/site-packages/dbcounter.py:115}}
Apr 14 08:07:32.048206 np0000166139 devstack@n-api-meta.service[109363]: DEBUG dbcounter [-] [109363] Writing DB stats nova_cell0:SELECT=2,nova_cell0:INSERT=1 {{(pid=109363) stat_writer /opt/stack/data/venv/lib/python3.12/site-packages/dbcounter.py:115}}
Apr 14 08:07:32.057898 np0000166139 devstack@n-api-meta.service[109362]: DEBUG dbcounter [-] [109362] Writing DB stats nova_cell0:SELECT=1 {{(pid=109362) stat_writer /opt/stack/data/venv/lib/python3.12/site-packages/dbcounter.py:115}}
Apr 14 08:07:32.058231 np0000166139 devstack@n-api-meta.service[109364]: DEBUG dbcounter [-] [109364] Writing DB stats nova_cell0:SELECT=2,nova_cell0:INSERT=1 {{(pid=109364) stat_writer /opt/stack/data/venv/lib/python3.12/site-packages/dbcounter.py:115}}
Apr 14 08:07:32.067082 np0000166139 devstack@n-api-meta.service[109361]: DEBUG dbcounter [-] [109361] Writing DB stats nova_cell0:SELECT=1 {{(pid=109361) stat_writer /opt/stack/data/venv/lib/python3.12/site-packages/dbcounter.py:115}}
Apr 14 08:07:32.067780 np0000166139 devstack@n-api-meta.service[109361]: DEBUG dbcounter [-] [109361] Writing DB stats nova_cell1:SELECT=1 {{(pid=109361) stat_writer /opt/stack/data/venv/lib/python3.12/site-packages/dbcounter.py:115}}
Apr 14 08:07:32.093902 np0000166139 devstack@n-api-meta.service[109361]: DEBUG dbcounter [-] [109361] Writing DB stats nova_cell0:SELECT=1 {{(pid=109361) stat_writer /opt/stack/data/venv/lib/python3.12/site-packages/dbcounter.py:115}}
Apr 14 08:12:21.368531 np0000166139 devstack@n-api-meta.service[109363]: DEBUG nova.api.metadata.handler [None req-af39b14c-0143-4cac-81c1-0ea6b227b7dd None None] Metadata request headers: {'Host': '199.19.213.199:8775', 'User-Agent': 'python-requests/2.33.1', 'Accept-Encoding': 'gzip, deflate', 'Accept': '*/*', 'Connection': 'keep-alive', 'X-Forwarded-For': '192.168.24.186', 'X-Instance-Id': '241b2ba0-56b2-4969-9428-2b844acefeba', 'X-Tenant-Id': '7d5c13afb80d4f7680171fe60e29e240', 'X-Instance-Id-Signature': 'ce5c0aa48118d0806124e7f8061d0bf5c613386cc2dd328baa950095a72df8fc'} {{(pid=109363) __call__ /opt/stack/nova/nova/api/metadata/handler.py:109}}
Apr 14 08:12:21.384041 np0000166139 devstack@n-api-meta.service[109363]: DEBUG oslo_concurrency.lockutils [None req-fbdbbfed-6f8a-48b1-ac1b-77f7cd911889 None None] Acquiring lock "fbefa009-4103-468f-bbff-267901da0a8e" by "nova.context.set_target_cell..get_or_set_cached_cell_and_set_connections" {{(pid=109363) inner /opt/stack/data/venv/lib/python3.12/site-packages/oslo_concurrency/lockutils.py:506}}
Apr 14 08:12:21.384250 np0000166139 devstack@n-api-meta.service[109363]: DEBUG oslo_concurrency.lockutils [None req-fbdbbfed-6f8a-48b1-ac1b-77f7cd911889 None None] Lock "fbefa009-4103-468f-bbff-267901da0a8e" acquired by "nova.context.set_target_cell..get_or_set_cached_cell_and_set_connections" :: waited 0.000s {{(pid=109363) inner /opt/stack/data/venv/lib/python3.12/site-packages/oslo_concurrency/lockutils.py:519}}
Apr 14 08:12:21.384350 np0000166139 devstack@n-api-meta.service[109363]: DEBUG oslo_concurrency.lockutils [None req-fbdbbfed-6f8a-48b1-ac1b-77f7cd911889 None None] Lock "fbefa009-4103-468f-bbff-267901da0a8e" "released" by "nova.context.set_target_cell..get_or_set_cached_cell_and_set_connections" :: held 0.000s {{(pid=109363) inner /opt/stack/data/venv/lib/python3.12/site-packages/oslo_concurrency/lockutils.py:538}}
Apr 14 08:12:21.446771 np0000166139 devstack@n-api-meta.service[109363]: WARNING neutronclient.v2_0.client [None req-fbdbbfed-6f8a-48b1-ac1b-77f7cd911889 None None] The python binding code in neutronclient is deprecated in favor of OpenstackSDK, please use that as this will be removed in a future release.
Apr 14 08:12:21.903025 np0000166139 devstack@n-api-meta.service[109363]: [pid: 109363|app: 0|req: 1/1] 199.19.213.199 () {40 vars in 643 bytes} [Tue Apr 14 08:12:21 2026] GET /openstack => generated 116 bytes in 537 msecs (HTTP/1.1 200) 3 headers in 100 bytes (1 switches on core 0)
Apr 14 08:12:21.915274 np0000166139 devstack@n-api-meta.service[109362]: DEBUG nova.api.metadata.handler [None req-8af022a1-3035-4312-adcd-a1302802b3d5 None None] Metadata request headers: {'Host': '199.19.213.199:8775', 'User-Agent': 'python-requests/2.33.1', 'Accept-Encoding': 'gzip, deflate', 'Accept': '*/*', 'Connection': 'keep-alive', 'X-Forwarded-For': '192.168.24.186', 'X-Instance-Id': '241b2ba0-56b2-4969-9428-2b844acefeba', 'X-Tenant-Id': '7d5c13afb80d4f7680171fe60e29e240', 'X-Instance-Id-Signature': 'ce5c0aa48118d0806124e7f8061d0bf5c613386cc2dd328baa950095a72df8fc'} {{(pid=109362) __call__ /opt/stack/nova/nova/api/metadata/handler.py:109}}
Apr 14 08:12:21.923091 np0000166139 devstack@n-api-meta.service[109362]: DEBUG nova.api.metadata.handler [None req-8af022a1-3035-4312-adcd-a1302802b3d5 None None] Using cached metadata for instance 241b2ba0-56b2-4969-9428-2b844acefeba {{(pid=109362) get_metadata_by_instance_id /opt/stack/nova/nova/api/metadata/handler.py:84}}
Apr 14 08:12:21.923953 np0000166139 devstack@n-api-meta.service[109362]: [pid: 109362|app: 0|req: 1/2] 199.19.213.199 () {40 vars in 643 bytes} [Tue Apr 14 08:12:21 2026] GET /openstack => generated 116 bytes in 10 msecs (HTTP/1.1 200) 3 headers in 100 bytes (1 switches on core 0)
Apr 14 08:12:21.932883 np0000166139 devstack@n-api-meta.service[109364]: DEBUG nova.api.metadata.handler [None req-675c02c7-c629-40b1-bd4e-7fff678a5339 None None] Metadata request headers: {'Host': '199.19.213.199:8775', 'User-Agent': 'python-requests/2.33.1', 'Accept-Encoding': 'gzip, deflate', 'Accept': '*/*', 'Connection': 'keep-alive', 'X-Forwarded-For': '192.168.24.186', 'X-Instance-Id': '241b2ba0-56b2-4969-9428-2b844acefeba', 'X-Tenant-Id': '7d5c13afb80d4f7680171fe60e29e240', 'X-Instance-Id-Signature': 'ce5c0aa48118d0806124e7f8061d0bf5c613386cc2dd328baa950095a72df8fc'} {{(pid=109364) __call__ /opt/stack/nova/nova/api/metadata/handler.py:109}}
Apr 14 08:12:21.938040 np0000166139 devstack@n-api-meta.service[109364]: DEBUG nova.api.metadata.handler [None req-675c02c7-c629-40b1-bd4e-7fff678a5339 None None] Using cached metadata for instance 241b2ba0-56b2-4969-9428-2b844acefeba {{(pid=109364) get_metadata_by_instance_id /opt/stack/nova/nova/api/metadata/handler.py:84}}
Apr 14 08:12:21.939035 np0000166139 devstack@n-api-meta.service[109364]: [pid: 109364|app: 0|req: 1/3] 199.19.213.199 () {40 vars in 695 bytes} [Tue Apr 14 08:12:21 2026] GET /openstack/2018-08-27/meta_data.json => generated 946 bytes in 7 msecs (HTTP/1.1 200) 3 headers in 91 bytes (1 switches on core 0)
Apr 14 08:12:21.946620 np0000166139 devstack@n-api-meta.service[109361]: DEBUG nova.api.metadata.handler [None req-9446bdfd-5f47-41ed-b18c-c578782bd526 None None] Metadata request headers: {'Host': '199.19.213.199:8775', 'User-Agent': 'python-requests/2.33.1', 'Accept-Encoding': 'gzip, deflate', 'Accept': '*/*', 'Connection': 'keep-alive', 'X-Forwarded-For': '192.168.24.186', 'X-Instance-Id': '241b2ba0-56b2-4969-9428-2b844acefeba', 'X-Tenant-Id': '7d5c13afb80d4f7680171fe60e29e240', 'X-Instance-Id-Signature': 'ce5c0aa48118d0806124e7f8061d0bf5c613386cc2dd328baa950095a72df8fc'} {{(pid=109361) __call__ /opt/stack/nova/nova/api/metadata/handler.py:109}}
Apr 14 08:12:21.953503 np0000166139 devstack@n-api-meta.service[109361]: DEBUG nova.api.metadata.handler [None req-9446bdfd-5f47-41ed-b18c-c578782bd526 None None] Using cached metadata for instance 241b2ba0-56b2-4969-9428-2b844acefeba {{(pid=109361) get_metadata_by_instance_id /opt/stack/nova/nova/api/metadata/handler.py:84}}
Apr 14 08:12:21.953976 np0000166139 devstack@n-api-meta.service[109361]: [pid: 109361|app: 0|req: 1/4] 199.19.213.199 () {40 vars in 685 bytes} [Tue Apr 14 08:12:21 2026] GET /openstack/2018-08-27/user_data => generated 26438 bytes in 8 msecs (HTTP/1.1 200) 3 headers in 102 bytes (1 switches on core 0)
Apr 14 08:12:21.965083 np0000166139 devstack@n-api-meta.service[109363]: DEBUG nova.api.metadata.handler [None req-fbdbbfed-6f8a-48b1-ac1b-77f7cd911889 None None] Metadata request headers: {'Host': '199.19.213.199:8775', 'User-Agent': 'python-requests/2.33.1', 'Accept-Encoding': 'gzip, deflate', 'Accept': '*/*', 'Connection': 'keep-alive', 'X-Forwarded-For': '192.168.24.186', 'X-Instance-Id': '241b2ba0-56b2-4969-9428-2b844acefeba', 'X-Tenant-Id': '7d5c13afb80d4f7680171fe60e29e240', 'X-Instance-Id-Signature': 'ce5c0aa48118d0806124e7f8061d0bf5c613386cc2dd328baa950095a72df8fc'} {{(pid=109363) __call__ /opt/stack/nova/nova/api/metadata/handler.py:109}}
Apr 14 08:12:21.968041 np0000166139 devstack@n-api-meta.service[109363]: DEBUG nova.api.metadata.handler [None req-fbdbbfed-6f8a-48b1-ac1b-77f7cd911889 None None] Using cached metadata for instance 241b2ba0-56b2-4969-9428-2b844acefeba {{(pid=109363) get_metadata_by_instance_id /opt/stack/nova/nova/api/metadata/handler.py:84}}
Apr 14 08:12:21.968771 np0000166139 devstack@n-api-meta.service[109363]: [pid: 109363|app: 0|req: 2/5] 199.19.213.199 () {40 vars in 699 bytes} [Tue Apr 14 08:12:21 2026] GET /openstack/2018-08-27/vendor_data.json => generated 2 bytes in 5 msecs (HTTP/1.1 200) 3 headers in 89 bytes (1 switches on core 0)
Apr 14 08:12:21.978716 np0000166139 devstack@n-api-meta.service[109362]: DEBUG nova.api.metadata.handler [None req-8af022a1-3035-4312-adcd-a1302802b3d5 None None] Metadata request headers: {'Host': '199.19.213.199:8775', 'User-Agent': 'python-requests/2.33.1', 'Accept-Encoding': 'gzip, deflate', 'Accept': '*/*', 'Connection': 'keep-alive', 'X-Forwarded-For': '192.168.24.186', 'X-Instance-Id': '241b2ba0-56b2-4969-9428-2b844acefeba', 'X-Tenant-Id': '7d5c13afb80d4f7680171fe60e29e240', 'X-Instance-Id-Signature': 'ce5c0aa48118d0806124e7f8061d0bf5c613386cc2dd328baa950095a72df8fc'} {{(pid=109362) __call__ /opt/stack/nova/nova/api/metadata/handler.py:109}}
Apr 14 08:12:21.981841 np0000166139 devstack@n-api-meta.service[109362]: DEBUG nova.api.metadata.handler [None req-8af022a1-3035-4312-adcd-a1302802b3d5 None None] Using cached metadata for instance 241b2ba0-56b2-4969-9428-2b844acefeba {{(pid=109362) get_metadata_by_instance_id /opt/stack/nova/nova/api/metadata/handler.py:84}}
Apr 14 08:12:21.982693 np0000166139 devstack@n-api-meta.service[109362]: [pid: 109362|app: 0|req: 2/6] 199.19.213.199 () {40 vars in 701 bytes} [Tue Apr 14 08:12:21 2026] GET /openstack/2018-08-27/vendor_data2.json => generated 14 bytes in 5 msecs (HTTP/1.1 200) 3 headers in 90 bytes (1 switches on core 0)
Apr 14 08:12:21.992544 np0000166139 devstack@n-api-meta.service[109364]: DEBUG nova.api.metadata.handler [None req-675c02c7-c629-40b1-bd4e-7fff678a5339 None None] Metadata request headers: {'Host': '199.19.213.199:8775', 'User-Agent': 'python-requests/2.33.1', 'Accept-Encoding': 'gzip, deflate', 'Accept': '*/*', 'Connection': 'keep-alive', 'X-Forwarded-For': '192.168.24.186', 'X-Instance-Id': '241b2ba0-56b2-4969-9428-2b844acefeba', 'X-Tenant-Id': '7d5c13afb80d4f7680171fe60e29e240', 'X-Instance-Id-Signature': 'ce5c0aa48118d0806124e7f8061d0bf5c613386cc2dd328baa950095a72df8fc'} {{(pid=109364) __call__ /opt/stack/nova/nova/api/metadata/handler.py:109}}
Apr 14 08:12:21.995430 np0000166139 devstack@n-api-meta.service[109364]: DEBUG nova.api.metadata.handler [None req-675c02c7-c629-40b1-bd4e-7fff678a5339 None None] Using cached metadata for instance 241b2ba0-56b2-4969-9428-2b844acefeba {{(pid=109364) get_metadata_by_instance_id /opt/stack/nova/nova/api/metadata/handler.py:84}}
Apr 14 08:12:21.996231 np0000166139 devstack@n-api-meta.service[109364]: [pid: 109364|app: 0|req: 2/7] 199.19.213.199 () {40 vars in 701 bytes} [Tue Apr 14 08:12:21 2026] GET /openstack/2018-08-27/network_data.json => generated 348 bytes in 4 msecs (HTTP/1.1 200) 3 headers in 100 bytes (1 switches on core 0)
Apr 14 08:12:22.004621 np0000166139 devstack@n-api-meta.service[109361]: DEBUG nova.api.metadata.handler [None req-9446bdfd-5f47-41ed-b18c-c578782bd526 None None] Metadata request headers: {'Host': '199.19.213.199:8775', 'User-Agent': 'python-requests/2.33.1', 'Accept-Encoding': 'gzip, deflate', 'Accept': '*/*', 'Connection': 'keep-alive', 'X-Forwarded-For': '192.168.24.186', 'X-Instance-Id': '241b2ba0-56b2-4969-9428-2b844acefeba', 'X-Tenant-Id': '7d5c13afb80d4f7680171fe60e29e240', 'X-Instance-Id-Signature': 'ce5c0aa48118d0806124e7f8061d0bf5c613386cc2dd328baa950095a72df8fc'} {{(pid=109361) __call__ /opt/stack/nova/nova/api/metadata/handler.py:109}}
Apr 14 08:12:22.007064 np0000166139 devstack@n-api-meta.service[109361]: DEBUG nova.api.metadata.handler [None req-9446bdfd-5f47-41ed-b18c-c578782bd526 None None] Using cached metadata for instance 241b2ba0-56b2-4969-9428-2b844acefeba {{(pid=109361) get_metadata_by_instance_id /opt/stack/nova/nova/api/metadata/handler.py:84}}
Apr 14 08:12:22.007666 np0000166139 devstack@n-api-meta.service[109361]: [pid: 109361|app: 0|req: 2/8] 199.19.213.199 () {40 vars in 658 bytes} [Tue Apr 14 08:12:22 2026] GET /latest/meta-data/ => generated 210 bytes in 4 msecs (HTTP/1.1 200) 3 headers in 100 bytes (1 switches on core 0)
Apr 14 08:12:22.017167 np0000166139 devstack@n-api-meta.service[109363]: DEBUG nova.api.metadata.handler [None req-fbdbbfed-6f8a-48b1-ac1b-77f7cd911889 None None] Metadata request headers: {'Host': '199.19.213.199:8775', 'User-Agent': 'python-requests/2.33.1', 'Accept-Encoding': 'gzip, deflate', 'Accept': '*/*', 'Connection': 'keep-alive', 'X-Forwarded-For': '192.168.24.186', 'X-Instance-Id': '241b2ba0-56b2-4969-9428-2b844acefeba', 'X-Tenant-Id': '7d5c13afb80d4f7680171fe60e29e240', 'X-Instance-Id-Signature': 'ce5c0aa48118d0806124e7f8061d0bf5c613386cc2dd328baa950095a72df8fc'} {{(pid=109363) __call__ /opt/stack/nova/nova/api/metadata/handler.py:109}}
Apr 14 08:12:22.019690 np0000166139 devstack@n-api-meta.service[109363]: DEBUG nova.api.metadata.handler [None req-fbdbbfed-6f8a-48b1-ac1b-77f7cd911889 None None] Using cached metadata for instance 241b2ba0-56b2-4969-9428-2b844acefeba {{(pid=109363) get_metadata_by_instance_id /opt/stack/nova/nova/api/metadata/handler.py:84}}
Apr 14 08:12:22.020458 np0000166139 devstack@n-api-meta.service[109363]: [pid: 109363|app: 0|req: 3/9] 199.19.213.199 () {40 vars in 700 bytes} [Tue Apr 14 08:12:22 2026] GET /latest/meta-data/block-device-mapping/ => generated 8 bytes in 4 msecs (HTTP/1.1 200) 3 headers in 98 bytes (1 switches on core 0)
Apr 14 08:12:22.028972 np0000166139 devstack@n-api-meta.service[109362]: DEBUG nova.api.metadata.handler [None req-8af022a1-3035-4312-adcd-a1302802b3d5 None None] Metadata request headers: {'Host': '199.19.213.199:8775', 'User-Agent': 'python-requests/2.33.1', 'Accept-Encoding': 'gzip, deflate', 'Accept': '*/*', 'Connection': 'keep-alive', 'X-Forwarded-For': '192.168.24.186', 'X-Instance-Id': '241b2ba0-56b2-4969-9428-2b844acefeba', 'X-Tenant-Id': '7d5c13afb80d4f7680171fe60e29e240', 'X-Instance-Id-Signature': 'ce5c0aa48118d0806124e7f8061d0bf5c613386cc2dd328baa950095a72df8fc'} {{(pid=109362) __call__ /opt/stack/nova/nova/api/metadata/handler.py:109}}
Apr 14 08:12:22.032774 np0000166139 devstack@n-api-meta.service[109362]: DEBUG nova.api.metadata.handler [None req-8af022a1-3035-4312-adcd-a1302802b3d5 None None] Using cached metadata for instance 241b2ba0-56b2-4969-9428-2b844acefeba {{(pid=109362) get_metadata_by_instance_id /opt/stack/nova/nova/api/metadata/handler.py:84}}
Apr 14 08:12:22.033547 np0000166139 devstack@n-api-meta.service[109362]: [pid: 109362|app: 0|req: 3/10] 199.19.213.199 () {40 vars in 706 bytes} [Tue Apr 14 08:12:22 2026] GET /latest/meta-data/block-device-mapping/ami => generated 3 bytes in 6 msecs (HTTP/1.1 200) 3 headers in 98 bytes (1 switches on core 0)
Apr 14 08:12:22.041577 np0000166139 devstack@n-api-meta.service[109364]: DEBUG nova.api.metadata.handler [None req-675c02c7-c629-40b1-bd4e-7fff678a5339 None None] Metadata request headers: {'Host': '199.19.213.199:8775', 'User-Agent': 'python-requests/2.33.1', 'Accept-Encoding': 'gzip, deflate', 'Accept': '*/*', 'Connection': 'keep-alive', 'X-Forwarded-For': '192.168.24.186', 'X-Instance-Id': '241b2ba0-56b2-4969-9428-2b844acefeba', 'X-Tenant-Id': '7d5c13afb80d4f7680171fe60e29e240', 'X-Instance-Id-Signature': 'ce5c0aa48118d0806124e7f8061d0bf5c613386cc2dd328baa950095a72df8fc'} {{(pid=109364) __call__ /opt/stack/nova/nova/api/metadata/handler.py:109}}
Apr 14 08:12:22.044645 np0000166139 devstack@n-api-meta.service[109364]: DEBUG nova.api.metadata.handler [None req-675c02c7-c629-40b1-bd4e-7fff678a5339 None None] Using cached metadata for instance 241b2ba0-56b2-4969-9428-2b844acefeba {{(pid=109364) get_metadata_by_instance_id /opt/stack/nova/nova/api/metadata/handler.py:84}}
Apr 14 08:12:22.045269 np0000166139 devstack@n-api-meta.service[109364]: [pid: 109364|app: 0|req: 3/11] 199.19.213.199 () {40 vars in 708 bytes} [Tue Apr 14 08:12:22 2026] GET /latest/meta-data/block-device-mapping/root => generated 8 bytes in 4 msecs (HTTP/1.1 200) 3 headers in 98 bytes (1 switches on core 0)
Apr 14 08:12:22.054395 np0000166139 devstack@n-api-meta.service[109361]: DEBUG nova.api.metadata.handler [None req-9446bdfd-5f47-41ed-b18c-c578782bd526 None None] Metadata request headers: {'Host': '199.19.213.199:8775', 'User-Agent': 'python-requests/2.33.1', 'Accept-Encoding': 'gzip, deflate', 'Accept': '*/*', 'Connection': 'keep-alive', 'X-Forwarded-For': '192.168.24.186', 'X-Instance-Id': '241b2ba0-56b2-4969-9428-2b844acefeba', 'X-Tenant-Id': '7d5c13afb80d4f7680171fe60e29e240', 'X-Instance-Id-Signature': 'ce5c0aa48118d0806124e7f8061d0bf5c613386cc2dd328baa950095a72df8fc'} {{(pid=109361) __call__ /opt/stack/nova/nova/api/metadata/handler.py:109}}
Apr 14 08:12:22.057098 np0000166139 devstack@n-api-meta.service[109361]: DEBUG nova.api.metadata.handler [None req-9446bdfd-5f47-41ed-b18c-c578782bd526 None None] Using cached metadata for instance 241b2ba0-56b2-4969-9428-2b844acefeba {{(pid=109361) get_metadata_by_instance_id /opt/stack/nova/nova/api/metadata/handler.py:84}}
Apr 14 08:12:22.057737 np0000166139 devstack@n-api-meta.service[109361]: [pid: 109361|app: 0|req: 3/12] 199.19.213.199 () {40 vars in 678 bytes} [Tue Apr 14 08:12:22 2026] GET /latest/meta-data/placement/ => generated 17 bytes in 4 msecs (HTTP/1.1 200) 3 headers in 99 bytes (1 switches on core 0)
Apr 14 08:12:22.066580 np0000166139 devstack@n-api-meta.service[109363]: DEBUG nova.api.metadata.handler [None req-fbdbbfed-6f8a-48b1-ac1b-77f7cd911889 None None] Metadata request headers: {'Host': '199.19.213.199:8775', 'User-Agent': 'python-requests/2.33.1', 'Accept-Encoding': 'gzip, deflate', 'Accept': '*/*', 'Connection': 'keep-alive', 'X-Forwarded-For': '192.168.24.186', 'X-Instance-Id': '241b2ba0-56b2-4969-9428-2b844acefeba', 'X-Tenant-Id': '7d5c13afb80d4f7680171fe60e29e240', 'X-Instance-Id-Signature': 'ce5c0aa48118d0806124e7f8061d0bf5c613386cc2dd328baa950095a72df8fc'} {{(pid=109363) __call__ /opt/stack/nova/nova/api/metadata/handler.py:109}}
Apr 14 08:12:22.069578 np0000166139 devstack@n-api-meta.service[109363]: DEBUG nova.api.metadata.handler [None req-fbdbbfed-6f8a-48b1-ac1b-77f7cd911889 None None] Using cached metadata for instance 241b2ba0-56b2-4969-9428-2b844acefeba {{(pid=109363) get_metadata_by_instance_id /opt/stack/nova/nova/api/metadata/handler.py:84}}
Apr 14 08:12:22.070175 np0000166139 devstack@n-api-meta.service[109363]: [pid: 109363|app: 0|req: 4/13] 199.19.213.199 () {40 vars in 713 bytes} [Tue Apr 14 08:12:22 2026] GET /latest/meta-data/placement/availability-zone => generated 4 bytes in 4 msecs (HTTP/1.1 200) 3 headers in 98 bytes (1 switches on core 0)
Apr 14 08:12:22.080269 np0000166139 devstack@n-api-meta.service[109362]: DEBUG nova.api.metadata.handler [None req-8af022a1-3035-4312-adcd-a1302802b3d5 None None] Metadata request headers: {'Host': '199.19.213.199:8775', 'User-Agent': 'python-requests/2.33.1', 'Accept-Encoding': 'gzip, deflate', 'Accept': '*/*', 'Connection': 'keep-alive', 'X-Forwarded-For': '192.168.24.186', 'X-Instance-Id': '241b2ba0-56b2-4969-9428-2b844acefeba', 'X-Tenant-Id': '7d5c13afb80d4f7680171fe60e29e240', 'X-Instance-Id-Signature': 'ce5c0aa48118d0806124e7f8061d0bf5c613386cc2dd328baa950095a72df8fc'} {{(pid=109362) __call__ /opt/stack/nova/nova/api/metadata/handler.py:109}}
Apr 14 08:12:22.082222 np0000166139 devstack@n-api-meta.service[109362]: DEBUG nova.api.metadata.handler [None req-8af022a1-3035-4312-adcd-a1302802b3d5 None None] Using cached metadata for instance 241b2ba0-56b2-4969-9428-2b844acefeba {{(pid=109362) get_metadata_by_instance_id /opt/stack/nova/nova/api/metadata/handler.py:84}}
Apr 14 08:12:22.082843 np0000166139 devstack@n-api-meta.service[109362]: [pid: 109362|app: 0|req: 4/14] 199.19.213.199 () {40 vars in 671 bytes} [Tue Apr 14 08:12:22 2026] GET /latest/meta-data/ami-id => generated 12 bytes in 3 msecs (HTTP/1.1 200) 3 headers in 99 bytes (1 switches on core 0)
Apr 14 08:12:22.091830 np0000166139 devstack@n-api-meta.service[109364]: DEBUG nova.api.metadata.handler [None req-675c02c7-c629-40b1-bd4e-7fff678a5339 None None] Metadata request headers: {'Host': '199.19.213.199:8775', 'User-Agent': 'python-requests/2.33.1', 'Accept-Encoding': 'gzip, deflate', 'Accept': '*/*', 'Connection': 'keep-alive', 'X-Forwarded-For': '192.168.24.186', 'X-Instance-Id': '241b2ba0-56b2-4969-9428-2b844acefeba', 'X-Tenant-Id': '7d5c13afb80d4f7680171fe60e29e240', 'X-Instance-Id-Signature': 'ce5c0aa48118d0806124e7f8061d0bf5c613386cc2dd328baa950095a72df8fc'} {{(pid=109364) __call__ /opt/stack/nova/nova/api/metadata/handler.py:109}}
Apr 14 08:12:22.093728 np0000166139 devstack@n-api-meta.service[109364]: DEBUG nova.api.metadata.handler [None req-675c02c7-c629-40b1-bd4e-7fff678a5339 None None] Using cached metadata for instance 241b2ba0-56b2-4969-9428-2b844acefeba {{(pid=109364) get_metadata_by_instance_id /opt/stack/nova/nova/api/metadata/handler.py:84}}
Apr 14 08:12:22.094171 np0000166139 devstack@n-api-meta.service[109364]: [pid: 109364|app: 0|req: 4/15] 199.19.213.199 () {40 vars in 691 bytes} [Tue Apr 14 08:12:22 2026] GET /latest/meta-data/ami-launch-index => generated 1 bytes in 3 msecs (HTTP/1.1 200) 3 headers in 98 bytes (1 switches on core 0)
Apr 14 08:12:22.102422 np0000166139 devstack@n-api-meta.service[109361]: DEBUG nova.api.metadata.handler [None req-9446bdfd-5f47-41ed-b18c-c578782bd526 None None] Metadata request headers: {'Host': '199.19.213.199:8775', 'User-Agent': 'python-requests/2.33.1', 'Accept-Encoding': 'gzip, deflate', 'Accept': '*/*', 'Connection': 'keep-alive', 'X-Forwarded-For': '192.168.24.186', 'X-Instance-Id': '241b2ba0-56b2-4969-9428-2b844acefeba', 'X-Tenant-Id': '7d5c13afb80d4f7680171fe60e29e240', 'X-Instance-Id-Signature': 'ce5c0aa48118d0806124e7f8061d0bf5c613386cc2dd328baa950095a72df8fc'} {{(pid=109361) __call__ /opt/stack/nova/nova/api/metadata/handler.py:109}}
Apr 14 08:12:22.105542 np0000166139 devstack@n-api-meta.service[109361]: DEBUG nova.api.metadata.handler [None req-9446bdfd-5f47-41ed-b18c-c578782bd526 None None] Using cached metadata for instance 241b2ba0-56b2-4969-9428-2b844acefeba {{(pid=109361) get_metadata_by_instance_id /opt/stack/nova/nova/api/metadata/handler.py:84}}
Apr 14 08:12:22.106342 np0000166139 devstack@n-api-meta.service[109361]: [pid: 109361|app: 0|req: 4/16] 199.19.213.199 () {40 vars in 693 bytes} [Tue Apr 14 08:12:22 2026] GET /latest/meta-data/ami-manifest-path => generated 5 bytes in 4 msecs (HTTP/1.1 200) 3 headers in 98 bytes (1 switches on core 0)
Apr 14 08:12:22.115220 np0000166139 devstack@n-api-meta.service[109363]: DEBUG nova.api.metadata.handler [None req-fbdbbfed-6f8a-48b1-ac1b-77f7cd911889 None None] Metadata request headers: {'Host': '199.19.213.199:8775', 'User-Agent': 'python-requests/2.33.1', 'Accept-Encoding': 'gzip, deflate', 'Accept': '*/*', 'Connection': 'keep-alive', 'X-Forwarded-For': '192.168.24.186', 'X-Instance-Id': '241b2ba0-56b2-4969-9428-2b844acefeba', 'X-Tenant-Id': '7d5c13afb80d4f7680171fe60e29e240', 'X-Instance-Id-Signature': 'ce5c0aa48118d0806124e7f8061d0bf5c613386cc2dd328baa950095a72df8fc'} {{(pid=109363) __call__ /opt/stack/nova/nova/api/metadata/handler.py:109}}
Apr 14 08:12:22.118176 np0000166139 devstack@n-api-meta.service[109363]: DEBUG nova.api.metadata.handler [None req-fbdbbfed-6f8a-48b1-ac1b-77f7cd911889 None None] Using cached metadata for instance 241b2ba0-56b2-4969-9428-2b844acefeba {{(pid=109363) get_metadata_by_instance_id /opt/stack/nova/nova/api/metadata/handler.py:84}}
Apr 14 08:12:22.118828 np0000166139 devstack@n-api-meta.service[109363]: [pid: 109363|app: 0|req: 5/17] 199.19.213.199 () {40 vars in 675 bytes} [Tue Apr 14 08:12:22 2026] GET /latest/meta-data/hostname => generated 32 bytes in 4 msecs (HTTP/1.1 200) 3 headers in 99 bytes (1 switches on core 0)
Apr 14 08:12:22.125948 np0000166139 devstack@n-api-meta.service[109362]: DEBUG nova.api.metadata.handler [None req-8af022a1-3035-4312-adcd-a1302802b3d5 None None] Metadata request headers: {'Host': '199.19.213.199:8775', 'User-Agent': 'python-requests/2.33.1', 'Accept-Encoding': 'gzip, deflate', 'Accept': '*/*', 'Connection': 'keep-alive', 'X-Forwarded-For': '192.168.24.186', 'X-Instance-Id': '241b2ba0-56b2-4969-9428-2b844acefeba', 'X-Tenant-Id': '7d5c13afb80d4f7680171fe60e29e240', 'X-Instance-Id-Signature': 'ce5c0aa48118d0806124e7f8061d0bf5c613386cc2dd328baa950095a72df8fc'} {{(pid=109362) __call__ /opt/stack/nova/nova/api/metadata/handler.py:109}}
Apr 14 08:12:22.128978 np0000166139 devstack@n-api-meta.service[109362]: DEBUG nova.api.metadata.handler [None req-8af022a1-3035-4312-adcd-a1302802b3d5 None None] Using cached metadata for instance 241b2ba0-56b2-4969-9428-2b844acefeba {{(pid=109362) get_metadata_by_instance_id /opt/stack/nova/nova/api/metadata/handler.py:84}}
Apr 14 08:12:22.129464 np0000166139 devstack@n-api-meta.service[109362]: [pid: 109362|app: 0|req: 5/18] 199.19.213.199 () {40 vars in 689 bytes} [Tue Apr 14 08:12:22 2026] GET /latest/meta-data/instance-action => generated 4 bytes in 4 msecs (HTTP/1.1 200) 3 headers in 98 bytes (1 switches on core 0)
Apr 14 08:12:22.136613 np0000166139 devstack@n-api-meta.service[109364]: DEBUG nova.api.metadata.handler [None req-675c02c7-c629-40b1-bd4e-7fff678a5339 None None] Metadata request headers: {'Host': '199.19.213.199:8775', 'User-Agent': 'python-requests/2.33.1', 'Accept-Encoding': 'gzip, deflate', 'Accept': '*/*', 'Connection': 'keep-alive', 'X-Forwarded-For': '192.168.24.186', 'X-Instance-Id': '241b2ba0-56b2-4969-9428-2b844acefeba', 'X-Tenant-Id': '7d5c13afb80d4f7680171fe60e29e240', 'X-Instance-Id-Signature': 'ce5c0aa48118d0806124e7f8061d0bf5c613386cc2dd328baa950095a72df8fc'} {{(pid=109364) __call__ /opt/stack/nova/nova/api/metadata/handler.py:109}}
Apr 14 08:12:22.139215 np0000166139 devstack@n-api-meta.service[109364]: DEBUG nova.api.metadata.handler [None req-675c02c7-c629-40b1-bd4e-7fff678a5339 None None] Using cached metadata for instance 241b2ba0-56b2-4969-9428-2b844acefeba {{(pid=109364) get_metadata_by_instance_id /opt/stack/nova/nova/api/metadata/handler.py:84}}
Apr 14 08:12:22.139864 np0000166139 devstack@n-api-meta.service[109364]: [pid: 109364|app: 0|req: 5/19] 199.19.213.199 () {40 vars in 681 bytes} [Tue Apr 14 08:12:22 2026] GET /latest/meta-data/instance-id => generated 10 bytes in 4 msecs (HTTP/1.1 200) 3 headers in 99 bytes (1 switches on core 0)
