Mar 31 22:25:48.274697 np0000162002 devstack@n-api-meta.service[107922]: DEBUG nova.api.openstack.wsgi_app [None req-5bd0b4fd-ae01-4702-a36c-eff05ad4acef None None] oslo_limit.status_code_retries = None {{(pid=107922) log_opt_values /opt/stack/data/venv/lib/python3.12/site-packages/oslo_config/cfg.py:3006}}
Mar 31 22:25:48.274818 np0000162002 devstack@n-api-meta.service[107922]: DEBUG nova.api.openstack.wsgi_app [None req-5bd0b4fd-ae01-4702-a36c-eff05ad4acef None None] oslo_limit.status_code_retry_delay = None {{(pid=107922) log_opt_values /opt/stack/data/venv/lib/python3.12/site-packages/oslo_config/cfg.py:3006}}
Mar 31 22:25:48.274957 np0000162002 devstack@n-api-meta.service[107922]: DEBUG nova.api.openstack.wsgi_app [None req-5bd0b4fd-ae01-4702-a36c-eff05ad4acef None None] oslo_limit.timeout = None {{(pid=107922) log_opt_values /opt/stack/data/venv/lib/python3.12/site-packages/oslo_config/cfg.py:3006}}
Mar 31 22:25:48.275080 np0000162002 devstack@n-api-meta.service[107922]: DEBUG nova.api.openstack.wsgi_app [None req-5bd0b4fd-ae01-4702-a36c-eff05ad4acef None None] oslo_limit.valid_interfaces = None {{(pid=107922) log_opt_values /opt/stack/data/venv/lib/python3.12/site-packages/oslo_config/cfg.py:3006}}
Mar 31 22:25:48.275202 np0000162002 devstack@n-api-meta.service[107922]: DEBUG nova.api.openstack.wsgi_app [None req-5bd0b4fd-ae01-4702-a36c-eff05ad4acef None None] oslo_limit.version = None {{(pid=107922) log_opt_values /opt/stack/data/venv/lib/python3.12/site-packages/oslo_config/cfg.py:3006}}
Mar 31 22:25:48.275336 np0000162002 devstack@n-api-meta.service[107922]: DEBUG nova.api.openstack.wsgi_app [None req-5bd0b4fd-ae01-4702-a36c-eff05ad4acef None None] oslo_messaging_rabbit.amqp_auto_delete = False {{(pid=107922) log_opt_values /opt/stack/data/venv/lib/python3.12/site-packages/oslo_config/cfg.py:3006}}
Mar 31 22:25:48.275461 np0000162002 devstack@n-api-meta.service[107922]: DEBUG nova.api.openstack.wsgi_app [None req-5bd0b4fd-ae01-4702-a36c-eff05ad4acef None None] oslo_messaging_rabbit.amqp_durable_queues = False {{(pid=107922) log_opt_values /opt/stack/data/venv/lib/python3.12/site-packages/oslo_config/cfg.py:3006}}
Mar 31 22:25:48.275586 np0000162002 devstack@n-api-meta.service[107922]: DEBUG nova.api.openstack.wsgi_app [None req-5bd0b4fd-ae01-4702-a36c-eff05ad4acef None None] oslo_messaging_rabbit.conn_pool_min_size = 2 {{(pid=107922) log_opt_values /opt/stack/data/venv/lib/python3.12/site-packages/oslo_config/cfg.py:3006}}
Mar 31 22:25:48.275711 np0000162002 devstack@n-api-meta.service[107922]: DEBUG nova.api.openstack.wsgi_app [None req-5bd0b4fd-ae01-4702-a36c-eff05ad4acef None None] oslo_messaging_rabbit.conn_pool_ttl = 1200 {{(pid=107922) log_opt_values /opt/stack/data/venv/lib/python3.12/site-packages/oslo_config/cfg.py:3006}}
Mar 31 22:25:48.275835 np0000162002 devstack@n-api-meta.service[107922]: DEBUG nova.api.openstack.wsgi_app [None req-5bd0b4fd-ae01-4702-a36c-eff05ad4acef None None] oslo_messaging_rabbit.direct_mandatory_flag = True {{(pid=107922) log_opt_values /opt/stack/data/venv/lib/python3.12/site-packages/oslo_config/cfg.py:3006}}
Mar 31 22:25:48.275976 np0000162002 devstack@n-api-meta.service[107922]: DEBUG nova.api.openstack.wsgi_app [None req-5bd0b4fd-ae01-4702-a36c-eff05ad4acef None None] oslo_messaging_rabbit.enable_cancel_on_failover = False {{(pid=107922) log_opt_values /opt/stack/data/venv/lib/python3.12/site-packages/oslo_config/cfg.py:3006}}
Mar 31 22:25:48.276103 np0000162002 devstack@n-api-meta.service[107922]: DEBUG nova.api.openstack.wsgi_app [None req-5bd0b4fd-ae01-4702-a36c-eff05ad4acef None None] oslo_messaging_rabbit.heartbeat_in_pthread = False {{(pid=107922) log_opt_values /opt/stack/data/venv/lib/python3.12/site-packages/oslo_config/cfg.py:3006}}
Mar 31 22:25:48.276243 np0000162002 devstack@n-api-meta.service[107922]: DEBUG nova.api.openstack.wsgi_app [None req-5bd0b4fd-ae01-4702-a36c-eff05ad4acef None None] oslo_messaging_rabbit.heartbeat_rate = 3 {{(pid=107922) log_opt_values /opt/stack/data/venv/lib/python3.12/site-packages/oslo_config/cfg.py:3006}}
Mar 31 22:25:48.276368 np0000162002 devstack@n-api-meta.service[107922]: DEBUG nova.api.openstack.wsgi_app [None req-5bd0b4fd-ae01-4702-a36c-eff05ad4acef None None] oslo_messaging_rabbit.heartbeat_timeout_threshold = 60 {{(pid=107922) log_opt_values /opt/stack/data/venv/lib/python3.12/site-packages/oslo_config/cfg.py:3006}}
Mar 31 22:25:48.276496 np0000162002 devstack@n-api-meta.service[107922]: DEBUG nova.api.openstack.wsgi_app [None req-5bd0b4fd-ae01-4702-a36c-eff05ad4acef None None] oslo_messaging_rabbit.hostname = np0000162002 {{(pid=107922) log_opt_values /opt/stack/data/venv/lib/python3.12/site-packages/oslo_config/cfg.py:3006}}
Mar 31 22:25:48.276618 np0000162002 devstack@n-api-meta.service[107922]: DEBUG nova.api.openstack.wsgi_app [None req-5bd0b4fd-ae01-4702-a36c-eff05ad4acef None None] oslo_messaging_rabbit.kombu_compression = None {{(pid=107922) log_opt_values /opt/stack/data/venv/lib/python3.12/site-packages/oslo_config/cfg.py:3006}}
Mar 31 22:25:48.276747 np0000162002 devstack@n-api-meta.service[107922]: DEBUG nova.api.openstack.wsgi_app [None req-5bd0b4fd-ae01-4702-a36c-eff05ad4acef None None] oslo_messaging_rabbit.kombu_failover_strategy = round-robin {{(pid=107922) log_opt_values /opt/stack/data/venv/lib/python3.12/site-packages/oslo_config/cfg.py:3006}}
Mar 31 22:25:48.276889 np0000162002 devstack@n-api-meta.service[107922]: DEBUG nova.api.openstack.wsgi_app [None req-5bd0b4fd-ae01-4702-a36c-eff05ad4acef None None] oslo_messaging_rabbit.kombu_missing_consumer_retry_timeout = 60 {{(pid=107922) log_opt_values /opt/stack/data/venv/lib/python3.12/site-packages/oslo_config/cfg.py:3006}}
Mar 31 22:25:48.277017 np0000162002 devstack@n-api-meta.service[107922]: DEBUG nova.api.openstack.wsgi_app [None req-5bd0b4fd-ae01-4702-a36c-eff05ad4acef None None] oslo_messaging_rabbit.kombu_reconnect_delay = 1.0 {{(pid=107922) log_opt_values /opt/stack/data/venv/lib/python3.12/site-packages/oslo_config/cfg.py:3006}}
Mar 31 22:25:48.277144 np0000162002 devstack@n-api-meta.service[107922]: DEBUG nova.api.openstack.wsgi_app [None req-5bd0b4fd-ae01-4702-a36c-eff05ad4acef None None] oslo_messaging_rabbit.kombu_reconnect_splay = 0.0 {{(pid=107922) log_opt_values /opt/stack/data/venv/lib/python3.12/site-packages/oslo_config/cfg.py:3006}}
Mar 31 22:25:48.277272 np0000162002 devstack@n-api-meta.service[107922]: DEBUG nova.api.openstack.wsgi_app [None req-5bd0b4fd-ae01-4702-a36c-eff05ad4acef None None] oslo_messaging_rabbit.processname = uwsgi {{(pid=107922) log_opt_values /opt/stack/data/venv/lib/python3.12/site-packages/oslo_config/cfg.py:3006}}
Mar 31 22:25:48.277395 np0000162002 devstack@n-api-meta.service[107922]: DEBUG nova.api.openstack.wsgi_app [None req-5bd0b4fd-ae01-4702-a36c-eff05ad4acef None None] oslo_messaging_rabbit.rabbit_ha_queues = False {{(pid=107922) log_opt_values /opt/stack/data/venv/lib/python3.12/site-packages/oslo_config/cfg.py:3006}}
Mar 31 22:25:48.277523 np0000162002 devstack@n-api-meta.service[107922]: DEBUG nova.api.openstack.wsgi_app [None req-5bd0b4fd-ae01-4702-a36c-eff05ad4acef None None] oslo_messaging_rabbit.rabbit_interval_max = 30 {{(pid=107922) log_opt_values /opt/stack/data/venv/lib/python3.12/site-packages/oslo_config/cfg.py:3006}}
Mar 31 22:25:48.277651 np0000162002 devstack@n-api-meta.service[107922]: DEBUG nova.api.openstack.wsgi_app [None req-5bd0b4fd-ae01-4702-a36c-eff05ad4acef None None] oslo_messaging_rabbit.rabbit_login_method = AMQPLAIN {{(pid=107922) log_opt_values /opt/stack/data/venv/lib/python3.12/site-packages/oslo_config/cfg.py:3006}}
Mar 31 22:25:48.277775 np0000162002 devstack@n-api-meta.service[107922]: DEBUG nova.api.openstack.wsgi_app [None req-5bd0b4fd-ae01-4702-a36c-eff05ad4acef None None] oslo_messaging_rabbit.rabbit_qos_prefetch_count = 0 {{(pid=107922) log_opt_values /opt/stack/data/venv/lib/python3.12/site-packages/oslo_config/cfg.py:3006}}
Mar 31 22:25:48.277915 np0000162002 devstack@n-api-meta.service[107922]: DEBUG nova.api.openstack.wsgi_app [None req-5bd0b4fd-ae01-4702-a36c-eff05ad4acef None None] oslo_messaging_rabbit.rabbit_quorum_delivery_limit = 0 {{(pid=107922) log_opt_values /opt/stack/data/venv/lib/python3.12/site-packages/oslo_config/cfg.py:3006}}
Mar 31 22:25:48.278039 np0000162002 devstack@n-api-meta.service[107922]: DEBUG nova.api.openstack.wsgi_app [None req-5bd0b4fd-ae01-4702-a36c-eff05ad4acef None None] oslo_messaging_rabbit.rabbit_quorum_max_memory_bytes = 0 {{(pid=107922) log_opt_values /opt/stack/data/venv/lib/python3.12/site-packages/oslo_config/cfg.py:3006}}
Mar 31 22:25:48.278163 np0000162002 devstack@n-api-meta.service[107922]: DEBUG nova.api.openstack.wsgi_app [None req-5bd0b4fd-ae01-4702-a36c-eff05ad4acef None None] oslo_messaging_rabbit.rabbit_quorum_max_memory_length = 0 {{(pid=107922) log_opt_values /opt/stack/data/venv/lib/python3.12/site-packages/oslo_config/cfg.py:3006}}
Mar 31 22:25:48.278286 np0000162002 devstack@n-api-meta.service[107922]: DEBUG nova.api.openstack.wsgi_app [None req-5bd0b4fd-ae01-4702-a36c-eff05ad4acef None None] oslo_messaging_rabbit.rabbit_quorum_queue = False {{(pid=107922) log_opt_values /opt/stack/data/venv/lib/python3.12/site-packages/oslo_config/cfg.py:3006}}
Mar 31 22:25:48.278410 np0000162002 devstack@n-api-meta.service[107922]: DEBUG nova.api.openstack.wsgi_app [None req-5bd0b4fd-ae01-4702-a36c-eff05ad4acef None None] oslo_messaging_rabbit.rabbit_retry_backoff = 2 {{(pid=107922) log_opt_values /opt/stack/data/venv/lib/python3.12/site-packages/oslo_config/cfg.py:3006}}
Mar 31 22:25:48.278532 np0000162002 devstack@n-api-meta.service[107922]: DEBUG nova.api.openstack.wsgi_app [None req-5bd0b4fd-ae01-4702-a36c-eff05ad4acef None None] oslo_messaging_rabbit.rabbit_retry_interval = 1 {{(pid=107922) log_opt_values /opt/stack/data/venv/lib/python3.12/site-packages/oslo_config/cfg.py:3006}}
Mar 31 22:25:48.278655 np0000162002 devstack@n-api-meta.service[107922]: DEBUG nova.api.openstack.wsgi_app [None req-5bd0b4fd-ae01-4702-a36c-eff05ad4acef None None] oslo_messaging_rabbit.rabbit_stream_fanout = False {{(pid=107922) log_opt_values /opt/stack/data/venv/lib/python3.12/site-packages/oslo_config/cfg.py:3006}}
Mar 31 22:25:48.278779 np0000162002 devstack@n-api-meta.service[107922]: DEBUG nova.api.openstack.wsgi_app [None req-5bd0b4fd-ae01-4702-a36c-eff05ad4acef None None] oslo_messaging_rabbit.rabbit_transient_queues_ttl = 1800 {{(pid=107922) log_opt_values /opt/stack/data/venv/lib/python3.12/site-packages/oslo_config/cfg.py:3006}}
Mar 31 22:25:48.278919 np0000162002 devstack@n-api-meta.service[107922]: DEBUG nova.api.openstack.wsgi_app [None req-5bd0b4fd-ae01-4702-a36c-eff05ad4acef None None] oslo_messaging_rabbit.rabbit_transient_quorum_queue = False {{(pid=107922) log_opt_values /opt/stack/data/venv/lib/python3.12/site-packages/oslo_config/cfg.py:3006}}
Mar 31 22:25:48.279042 np0000162002 devstack@n-api-meta.service[107922]: DEBUG nova.api.openstack.wsgi_app [None req-5bd0b4fd-ae01-4702-a36c-eff05ad4acef None None] oslo_messaging_rabbit.rpc_conn_pool_size = 30 {{(pid=107922) log_opt_values /opt/stack/data/venv/lib/python3.12/site-packages/oslo_config/cfg.py:3006}}
Mar 31 22:25:48.279165 np0000162002 devstack@n-api-meta.service[107922]: DEBUG nova.api.openstack.wsgi_app [None req-5bd0b4fd-ae01-4702-a36c-eff05ad4acef None None] oslo_messaging_rabbit.ssl = False {{(pid=107922) log_opt_values /opt/stack/data/venv/lib/python3.12/site-packages/oslo_config/cfg.py:3006}}
Mar 31 22:25:48.279293 np0000162002 devstack@n-api-meta.service[107922]: DEBUG nova.api.openstack.wsgi_app [None req-5bd0b4fd-ae01-4702-a36c-eff05ad4acef None None] oslo_messaging_rabbit.ssl_ca_file = {{(pid=107922) log_opt_values /opt/stack/data/venv/lib/python3.12/site-packages/oslo_config/cfg.py:3006}}
Mar 31 22:25:48.279420 np0000162002 devstack@n-api-meta.service[107922]: DEBUG nova.api.openstack.wsgi_app [None req-5bd0b4fd-ae01-4702-a36c-eff05ad4acef None None] oslo_messaging_rabbit.ssl_cert_file = {{(pid=107922) log_opt_values /opt/stack/data/venv/lib/python3.12/site-packages/oslo_config/cfg.py:3006}}
Mar 31 22:25:48.279544 np0000162002 devstack@n-api-meta.service[107922]: DEBUG nova.api.openstack.wsgi_app [None req-5bd0b4fd-ae01-4702-a36c-eff05ad4acef None None] oslo_messaging_rabbit.ssl_enforce_fips_mode = False {{(pid=107922) log_opt_values /opt/stack/data/venv/lib/python3.12/site-packages/oslo_config/cfg.py:3006}}
Mar 31 22:25:48.279684 np0000162002 devstack@n-api-meta.service[107922]: DEBUG nova.api.openstack.wsgi_app [None req-5bd0b4fd-ae01-4702-a36c-eff05ad4acef None None] oslo_messaging_rabbit.ssl_key_file = {{(pid=107922) log_opt_values /opt/stack/data/venv/lib/python3.12/site-packages/oslo_config/cfg.py:3006}}
Mar 31 22:25:48.279812 np0000162002 devstack@n-api-meta.service[107922]: DEBUG nova.api.openstack.wsgi_app [None req-5bd0b4fd-ae01-4702-a36c-eff05ad4acef None None] oslo_messaging_rabbit.ssl_version = {{(pid=107922) log_opt_values /opt/stack/data/venv/lib/python3.12/site-packages/oslo_config/cfg.py:3006}}
Mar 31 22:25:48.279954 np0000162002 devstack@n-api-meta.service[107922]: DEBUG nova.api.openstack.wsgi_app [None req-5bd0b4fd-ae01-4702-a36c-eff05ad4acef None None] oslo_messaging_rabbit.use_queue_manager = False {{(pid=107922) log_opt_values /opt/stack/data/venv/lib/python3.12/site-packages/oslo_config/cfg.py:3006}}
Mar 31 22:25:48.280091 np0000162002 devstack@n-api-meta.service[107922]: DEBUG nova.api.openstack.wsgi_app [None req-5bd0b4fd-ae01-4702-a36c-eff05ad4acef None None] oslo_messaging_notifications.driver = ['messagingv2'] {{(pid=107922) log_opt_values /opt/stack/data/venv/lib/python3.12/site-packages/oslo_config/cfg.py:3006}}
Mar 31 22:25:48.280307 np0000162002 devstack@n-api-meta.service[107922]: DEBUG nova.api.openstack.wsgi_app [None req-5bd0b4fd-ae01-4702-a36c-eff05ad4acef None None] oslo_messaging_notifications.retry = -1 {{(pid=107922) log_opt_values /opt/stack/data/venv/lib/python3.12/site-packages/oslo_config/cfg.py:3006}}
Mar 31 22:25:48.280456 np0000162002 devstack@n-api-meta.service[107922]: DEBUG nova.api.openstack.wsgi_app [None req-5bd0b4fd-ae01-4702-a36c-eff05ad4acef None None] oslo_messaging_notifications.topics = ['notifications'] {{(pid=107922) log_opt_values /opt/stack/data/venv/lib/python3.12/site-packages/oslo_config/cfg.py:3006}}
Mar 31 22:25:48.280592 np0000162002 devstack@n-api-meta.service[107922]: DEBUG nova.api.openstack.wsgi_app [None req-5bd0b4fd-ae01-4702-a36c-eff05ad4acef None None] oslo_messaging_notifications.transport_url = **** {{(pid=107922) log_opt_values /opt/stack/data/venv/lib/python3.12/site-packages/oslo_config/cfg.py:3006}}
Mar 31 22:25:48.280725 np0000162002 devstack@n-api-meta.service[107922]: DEBUG nova.api.openstack.wsgi_app [None req-5bd0b4fd-ae01-4702-a36c-eff05ad4acef None None] oslo_reports.file_event_handler = None {{(pid=107922) log_opt_values /opt/stack/data/venv/lib/python3.12/site-packages/oslo_config/cfg.py:3006}}
Mar 31 22:25:48.280861 np0000162002 devstack@n-api-meta.service[107922]: DEBUG nova.api.openstack.wsgi_app [None req-5bd0b4fd-ae01-4702-a36c-eff05ad4acef None None] oslo_reports.file_event_handler_interval = 1 {{(pid=107922) log_opt_values /opt/stack/data/venv/lib/python3.12/site-packages/oslo_config/cfg.py:3006}}
Mar 31 22:25:48.280999 np0000162002 devstack@n-api-meta.service[107922]: DEBUG nova.api.openstack.wsgi_app [None req-5bd0b4fd-ae01-4702-a36c-eff05ad4acef None None] oslo_reports.log_dir = None {{(pid=107922) log_opt_values /opt/stack/data/venv/lib/python3.12/site-packages/oslo_config/cfg.py:3006}}
Mar 31 22:25:48.281134 np0000162002 devstack@n-api-meta.service[107922]: DEBUG nova.api.openstack.wsgi_app [None req-5bd0b4fd-ae01-4702-a36c-eff05ad4acef None None] ******************************************************************************** {{(pid=107922) log_opt_values /opt/stack/data/venv/lib/python3.12/site-packages/oslo_config/cfg.py:3013}}
Mar 31 22:25:48.281194 np0000162002 devstack@n-api-meta.service[107922]: WSGI app 0 (mountpoint='') ready in 2 seconds on interpreter 0x789ff78a3668 pid: 107922 (default app)
Mar 31 22:25:57.883246 np0000162002 devstack@n-api-meta.service[107924]: DEBUG dbcounter [-] [107924] Writing DB stats nova_api:SELECT=1 {{(pid=107924) stat_writer /opt/stack/data/venv/lib/python3.12/site-packages/dbcounter.py:115}}
Mar 31 22:25:57.884742 np0000162002 devstack@n-api-meta.service[107923]: DEBUG dbcounter [-] [107923] Writing DB stats nova_api:SELECT=1 {{(pid=107923) stat_writer /opt/stack/data/venv/lib/python3.12/site-packages/dbcounter.py:115}}
Mar 31 22:25:57.890293 np0000162002 devstack@n-api-meta.service[107921]: DEBUG dbcounter [-] [107921] Writing DB stats nova_api:SELECT=1 {{(pid=107921) stat_writer /opt/stack/data/venv/lib/python3.12/site-packages/dbcounter.py:115}}
Mar 31 22:25:57.991410 np0000162002 devstack@n-api-meta.service[107922]: DEBUG dbcounter [-] [107922] Writing DB stats nova_api:SELECT=1 {{(pid=107922) stat_writer /opt/stack/data/venv/lib/python3.12/site-packages/dbcounter.py:115}}
Mar 31 22:25:58.006685 np0000162002 devstack@n-api-meta.service[107924]: DEBUG dbcounter [-] [107924] Writing DB stats nova_cell0:SELECT=1 {{(pid=107924) stat_writer /opt/stack/data/venv/lib/python3.12/site-packages/dbcounter.py:115}}
Mar 31 22:25:58.007616 np0000162002 devstack@n-api-meta.service[107924]: DEBUG dbcounter [-] [107924] Writing DB stats nova_cell1:SELECT=1 {{(pid=107924) stat_writer /opt/stack/data/venv/lib/python3.12/site-packages/dbcounter.py:115}}
Mar 31 22:25:58.019364 np0000162002 devstack@n-api-meta.service[107921]: DEBUG dbcounter [-] [107921] Writing DB stats nova_cell0:SELECT=1 {{(pid=107921) stat_writer /opt/stack/data/venv/lib/python3.12/site-packages/dbcounter.py:115}}
Mar 31 22:25:58.022053 np0000162002 devstack@n-api-meta.service[107923]: DEBUG dbcounter [-] [107923] Writing DB stats nova_cell0:SELECT=1 {{(pid=107923) stat_writer /opt/stack/data/venv/lib/python3.12/site-packages/dbcounter.py:115}}
Mar 31 22:25:58.023914 np0000162002 devstack@n-api-meta.service[107923]: DEBUG dbcounter [-] [107923] Writing DB stats nova_cell1:SELECT=1 {{(pid=107923) stat_writer /opt/stack/data/venv/lib/python3.12/site-packages/dbcounter.py:115}}
Mar 31 22:25:58.030683 np0000162002 devstack@n-api-meta.service[107921]: DEBUG dbcounter [-] [107921] Writing DB stats nova_cell1:SELECT=1 {{(pid=107921) stat_writer /opt/stack/data/venv/lib/python3.12/site-packages/dbcounter.py:115}}
Mar 31 22:25:58.047516 np0000162002 devstack@n-api-meta.service[107924]: DEBUG dbcounter [-] [107924] Writing DB stats nova_cell0:SELECT=2,nova_cell0:INSERT=1 {{(pid=107924) stat_writer /opt/stack/data/venv/lib/python3.12/site-packages/dbcounter.py:115}}
Mar 31 22:25:58.051748 np0000162002 devstack@n-api-meta.service[107923]: DEBUG dbcounter [-] [107923] Writing DB stats nova_cell0:SELECT=2,nova_cell0:INSERT=1 {{(pid=107923) stat_writer /opt/stack/data/venv/lib/python3.12/site-packages/dbcounter.py:115}}
Mar 31 22:25:58.056839 np0000162002 devstack@n-api-meta.service[107921]: DEBUG dbcounter [-] [107921] Writing DB stats nova_cell0:SELECT=2,nova_cell0:INSERT=1 {{(pid=107921) stat_writer /opt/stack/data/venv/lib/python3.12/site-packages/dbcounter.py:115}}
Mar 31 22:25:58.108034 np0000162002 devstack@n-api-meta.service[107922]: DEBUG dbcounter [-] [107922] Writing DB stats nova_cell1:SELECT=1 {{(pid=107922) stat_writer /opt/stack/data/venv/lib/python3.12/site-packages/dbcounter.py:115}}
Mar 31 22:25:58.111229 np0000162002 devstack@n-api-meta.service[107922]: DEBUG dbcounter [-] [107922] Writing DB stats nova_cell0:SELECT=1 {{(pid=107922) stat_writer /opt/stack/data/venv/lib/python3.12/site-packages/dbcounter.py:115}}
Mar 31 22:25:58.135806 np0000162002 devstack@n-api-meta.service[107922]: DEBUG dbcounter [-] [107922] Writing DB stats nova_cell0:SELECT=1 {{(pid=107922) stat_writer /opt/stack/data/venv/lib/python3.12/site-packages/dbcounter.py:115}}
Mar 31 22:30:30.675506 np0000162002 devstack@n-api-meta.service[107923]: DEBUG nova.api.metadata.handler [None req-f275d717-cee7-4677-a447-2648c4935331 None None] Metadata request headers: {'Host': '162.253.55.200:8775', 'User-Agent': 'python-requests/2.32.5', 'Accept-Encoding': 'gzip, deflate', 'Accept': '*/*', 'Connection': 'keep-alive', 'X-Forwarded-For': '192.168.24.64', 'X-Instance-Id': 'af351bb1-38f1-44c3-902d-ca69a61f12f9', 'X-Tenant-Id': '223441ee724f4598984ec71fa4dcf193', 'X-Instance-Id-Signature': 'ae4769adced121f0ccd78c8fd27ea7b03f193908237f26fe10602232289f6741'} {{(pid=107923) __call__ /opt/stack/nova/nova/api/metadata/handler.py:109}}
Mar 31 22:30:30.690112 np0000162002 devstack@n-api-meta.service[107923]: DEBUG oslo_concurrency.lockutils [None req-2908f825-eacc-4891-b1ba-d1dd78a47ed5 None None] Acquiring lock "36b7c1ca-b7e9-4ad0-9697-b414e38a4eb9" by "nova.context.set_target_cell..get_or_set_cached_cell_and_set_connections" {{(pid=107923) inner /opt/stack/data/venv/lib/python3.12/site-packages/oslo_concurrency/lockutils.py:506}}
Mar 31 22:30:30.690310 np0000162002 devstack@n-api-meta.service[107923]: DEBUG oslo_concurrency.lockutils [None req-2908f825-eacc-4891-b1ba-d1dd78a47ed5 None None] Lock "36b7c1ca-b7e9-4ad0-9697-b414e38a4eb9" acquired by "nova.context.set_target_cell..get_or_set_cached_cell_and_set_connections" :: waited 0.000s {{(pid=107923) inner /opt/stack/data/venv/lib/python3.12/site-packages/oslo_concurrency/lockutils.py:519}}
Mar 31 22:30:30.690486 np0000162002 devstack@n-api-meta.service[107923]: DEBUG oslo_concurrency.lockutils [None req-2908f825-eacc-4891-b1ba-d1dd78a47ed5 None None] Lock "36b7c1ca-b7e9-4ad0-9697-b414e38a4eb9" "released" by "nova.context.set_target_cell..get_or_set_cached_cell_and_set_connections" :: held 0.000s {{(pid=107923) inner /opt/stack/data/venv/lib/python3.12/site-packages/oslo_concurrency/lockutils.py:538}}
Mar 31 22:30:30.743880 np0000162002 devstack@n-api-meta.service[107923]: WARNING neutronclient.v2_0.client [None req-2908f825-eacc-4891-b1ba-d1dd78a47ed5 None None] The python binding code in neutronclient is deprecated in favor of OpenstackSDK, please use that as this will be removed in a future release.
Mar 31 22:30:31.178466 np0000162002 devstack@n-api-meta.service[107923]: [pid: 107923|app: 0|req: 1/1] 162.253.55.200 () {40 vars in 642 bytes} [Tue Mar 31 22:30:30 2026] GET /openstack => generated 116 bytes in 503 msecs (HTTP/1.1 200) 3 headers in 100 bytes (1 switches on core 0)
Mar 31 22:30:31.193056 np0000162002 devstack@n-api-meta.service[107921]: DEBUG nova.api.metadata.handler [None req-d71762cb-ffbb-472e-b305-ccf07a4e0889 None None] Metadata request headers: {'Host': '162.253.55.200:8775', 'User-Agent': 'python-requests/2.32.5', 'Accept-Encoding': 'gzip, deflate', 'Accept': '*/*', 'Connection': 'keep-alive', 'X-Forwarded-For': '192.168.24.64', 'X-Instance-Id': 'af351bb1-38f1-44c3-902d-ca69a61f12f9', 'X-Tenant-Id': '223441ee724f4598984ec71fa4dcf193', 'X-Instance-Id-Signature': 'ae4769adced121f0ccd78c8fd27ea7b03f193908237f26fe10602232289f6741'} {{(pid=107921) __call__ /opt/stack/nova/nova/api/metadata/handler.py:109}}
Mar 31 22:30:31.199319 np0000162002 devstack@n-api-meta.service[107921]: DEBUG nova.api.metadata.handler [None req-d71762cb-ffbb-472e-b305-ccf07a4e0889 None None] Using cached metadata for instance af351bb1-38f1-44c3-902d-ca69a61f12f9 {{(pid=107921) get_metadata_by_instance_id /opt/stack/nova/nova/api/metadata/handler.py:84}}
Mar 31 22:30:31.200056 np0000162002 devstack@n-api-meta.service[107921]: [pid: 107921|app: 0|req: 1/2] 162.253.55.200 () {40 vars in 642 bytes} [Tue Mar 31 22:30:31 2026] GET /openstack => generated 116 bytes in 8 msecs (HTTP/1.1 200) 3 headers in 100 bytes (1 switches on core 0)
Mar 31 22:30:31.208917 np0000162002 devstack@n-api-meta.service[107924]: DEBUG nova.api.metadata.handler [None req-fb40d843-dbb9-442c-9085-6f71ec6f49d4 None None] Metadata request headers: {'Host': '162.253.55.200:8775', 'User-Agent': 'python-requests/2.32.5', 'Accept-Encoding': 'gzip, deflate', 'Accept': '*/*', 'Connection': 'keep-alive', 'X-Forwarded-For': '192.168.24.64', 'X-Instance-Id': 'af351bb1-38f1-44c3-902d-ca69a61f12f9', 'X-Tenant-Id': '223441ee724f4598984ec71fa4dcf193', 'X-Instance-Id-Signature': 'ae4769adced121f0ccd78c8fd27ea7b03f193908237f26fe10602232289f6741'} {{(pid=107924) __call__ /opt/stack/nova/nova/api/metadata/handler.py:109}}
Mar 31 22:30:31.213023 np0000162002 devstack@n-api-meta.service[107924]: DEBUG nova.api.metadata.handler [None req-fb40d843-dbb9-442c-9085-6f71ec6f49d4 None None] Using cached metadata for instance af351bb1-38f1-44c3-902d-ca69a61f12f9 {{(pid=107924) get_metadata_by_instance_id /opt/stack/nova/nova/api/metadata/handler.py:84}}
Mar 31 22:30:31.213648 np0000162002 devstack@n-api-meta.service[107924]: [pid: 107924|app: 0|req: 1/3] 162.253.55.200 () {40 vars in 694 bytes} [Tue Mar 31 22:30:31 2026] GET /openstack/2018-08-27/meta_data.json => generated 946 bytes in 6 msecs (HTTP/1.1 200) 3 headers in 91 bytes (1 switches on core 0)
Mar 31 22:30:31.222449 np0000162002 devstack@n-api-meta.service[107922]: DEBUG nova.api.metadata.handler [None req-5bd0b4fd-ae01-4702-a36c-eff05ad4acef None None] Metadata request headers: {'Host': '162.253.55.200:8775', 'User-Agent': 'python-requests/2.32.5', 'Accept-Encoding': 'gzip, deflate', 'Accept': '*/*', 'Connection': 'keep-alive', 'X-Forwarded-For': '192.168.24.64', 'X-Instance-Id': 'af351bb1-38f1-44c3-902d-ca69a61f12f9', 'X-Tenant-Id': '223441ee724f4598984ec71fa4dcf193', 'X-Instance-Id-Signature': 'ae4769adced121f0ccd78c8fd27ea7b03f193908237f26fe10602232289f6741'} {{(pid=107922) __call__ /opt/stack/nova/nova/api/metadata/handler.py:109}}
Mar 31 22:30:31.228719 np0000162002 devstack@n-api-meta.service[107922]: DEBUG nova.api.metadata.handler [None req-5bd0b4fd-ae01-4702-a36c-eff05ad4acef None None] Using cached metadata for instance af351bb1-38f1-44c3-902d-ca69a61f12f9 {{(pid=107922) get_metadata_by_instance_id /opt/stack/nova/nova/api/metadata/handler.py:84}}
Mar 31 22:30:31.229299 np0000162002 devstack@n-api-meta.service[107922]: [pid: 107922|app: 0|req: 1/4] 162.253.55.200 () {40 vars in 684 bytes} [Tue Mar 31 22:30:31 2026] GET /openstack/2018-08-27/user_data => generated 26364 bytes in 9 msecs (HTTP/1.1 200) 3 headers in 102 bytes (1 switches on core 0)
Mar 31 22:30:31.238678 np0000162002 devstack@n-api-meta.service[107923]: DEBUG nova.api.metadata.handler [None req-2908f825-eacc-4891-b1ba-d1dd78a47ed5 None None] Metadata request headers: {'Host': '162.253.55.200:8775', 'User-Agent': 'python-requests/2.32.5', 'Accept-Encoding': 'gzip, deflate', 'Accept': '*/*', 'Connection': 'keep-alive', 'X-Forwarded-For': '192.168.24.64', 'X-Instance-Id': 'af351bb1-38f1-44c3-902d-ca69a61f12f9', 'X-Tenant-Id': '223441ee724f4598984ec71fa4dcf193', 'X-Instance-Id-Signature': 'ae4769adced121f0ccd78c8fd27ea7b03f193908237f26fe10602232289f6741'} {{(pid=107923) __call__ /opt/stack/nova/nova/api/metadata/handler.py:109}}
Mar 31 22:30:31.242430 np0000162002 devstack@n-api-meta.service[107923]: DEBUG nova.api.metadata.handler [None req-2908f825-eacc-4891-b1ba-d1dd78a47ed5 None None] Using cached metadata for instance af351bb1-38f1-44c3-902d-ca69a61f12f9 {{(pid=107923) get_metadata_by_instance_id /opt/stack/nova/nova/api/metadata/handler.py:84}}
Mar 31 22:30:31.243177 np0000162002 devstack@n-api-meta.service[107923]: [pid: 107923|app: 0|req: 2/5] 162.253.55.200 () {40 vars in 698 bytes} [Tue Mar 31 22:30:31 2026] GET /openstack/2018-08-27/vendor_data.json => generated 2 bytes in 5 msecs (HTTP/1.1 200) 3 headers in 89 bytes (1 switches on core 0)
Mar 31 22:30:31.250023 np0000162002 devstack@n-api-meta.service[107921]: DEBUG nova.api.metadata.handler [None req-d71762cb-ffbb-472e-b305-ccf07a4e0889 None None] Metadata request headers: {'Host': '162.253.55.200:8775', 'User-Agent': 'python-requests/2.32.5', 'Accept-Encoding': 'gzip, deflate', 'Accept': '*/*', 'Connection': 'keep-alive', 'X-Forwarded-For': '192.168.24.64', 'X-Instance-Id': 'af351bb1-38f1-44c3-902d-ca69a61f12f9', 'X-Tenant-Id': '223441ee724f4598984ec71fa4dcf193', 'X-Instance-Id-Signature': 'ae4769adced121f0ccd78c8fd27ea7b03f193908237f26fe10602232289f6741'} {{(pid=107921) __call__ /opt/stack/nova/nova/api/metadata/handler.py:109}}
Mar 31 22:30:31.252683 np0000162002 devstack@n-api-meta.service[107921]: DEBUG nova.api.metadata.handler [None req-d71762cb-ffbb-472e-b305-ccf07a4e0889 None None] Using cached metadata for instance af351bb1-38f1-44c3-902d-ca69a61f12f9 {{(pid=107921) get_metadata_by_instance_id /opt/stack/nova/nova/api/metadata/handler.py:84}}
Mar 31 22:30:31.253474 np0000162002 devstack@n-api-meta.service[107921]: [pid: 107921|app: 0|req: 2/6] 162.253.55.200 () {40 vars in 700 bytes} [Tue Mar 31 22:30:31 2026] GET /openstack/2018-08-27/vendor_data2.json => generated 14 bytes in 4 msecs (HTTP/1.1 200) 3 headers in 90 bytes (1 switches on core 0)
Mar 31 22:30:31.260505 np0000162002 devstack@n-api-meta.service[107924]: DEBUG nova.api.metadata.handler [None req-fb40d843-dbb9-442c-9085-6f71ec6f49d4 None None] Metadata request headers: {'Host': '162.253.55.200:8775', 'User-Agent': 'python-requests/2.32.5', 'Accept-Encoding': 'gzip, deflate', 'Accept': '*/*', 'Connection': 'keep-alive', 'X-Forwarded-For': '192.168.24.64', 'X-Instance-Id': 'af351bb1-38f1-44c3-902d-ca69a61f12f9', 'X-Tenant-Id': '223441ee724f4598984ec71fa4dcf193', 'X-Instance-Id-Signature': 'ae4769adced121f0ccd78c8fd27ea7b03f193908237f26fe10602232289f6741'} {{(pid=107924) __call__ /opt/stack/nova/nova/api/metadata/handler.py:109}}
Mar 31 22:30:31.263231 np0000162002 devstack@n-api-meta.service[107924]: DEBUG nova.api.metadata.handler [None req-fb40d843-dbb9-442c-9085-6f71ec6f49d4 None None] Using cached metadata for instance af351bb1-38f1-44c3-902d-ca69a61f12f9 {{(pid=107924) get_metadata_by_instance_id /opt/stack/nova/nova/api/metadata/handler.py:84}}
Mar 31 22:30:31.264139 np0000162002 devstack@n-api-meta.service[107924]: [pid: 107924|app: 0|req: 2/7] 162.253.55.200 () {40 vars in 700 bytes} [Tue Mar 31 22:30:31 2026] GET /openstack/2018-08-27/network_data.json => generated 348 bytes in 4 msecs (HTTP/1.1 200) 3 headers in 100 bytes (1 switches on core 0)
Mar 31 22:30:31.272467 np0000162002 devstack@n-api-meta.service[107922]: DEBUG nova.api.metadata.handler [None req-5bd0b4fd-ae01-4702-a36c-eff05ad4acef None None] Metadata request headers: {'Host': '162.253.55.200:8775', 'User-Agent': 'python-requests/2.32.5', 'Accept-Encoding': 'gzip, deflate', 'Accept': '*/*', 'Connection': 'keep-alive', 'X-Forwarded-For': '192.168.24.64', 'X-Instance-Id': 'af351bb1-38f1-44c3-902d-ca69a61f12f9', 'X-Tenant-Id': '223441ee724f4598984ec71fa4dcf193', 'X-Instance-Id-Signature': 'ae4769adced121f0ccd78c8fd27ea7b03f193908237f26fe10602232289f6741'} {{(pid=107922) __call__ /opt/stack/nova/nova/api/metadata/handler.py:109}}
Mar 31 22:30:31.275306 np0000162002 devstack@n-api-meta.service[107922]: DEBUG nova.api.metadata.handler [None req-5bd0b4fd-ae01-4702-a36c-eff05ad4acef None None] Using cached metadata for instance af351bb1-38f1-44c3-902d-ca69a61f12f9 {{(pid=107922) get_metadata_by_instance_id /opt/stack/nova/nova/api/metadata/handler.py:84}}
Mar 31 22:30:31.276143 np0000162002 devstack@n-api-meta.service[107922]: [pid: 107922|app: 0|req: 2/8] 162.253.55.200 () {40 vars in 658 bytes} [Tue Mar 31 22:30:31 2026] GET /latest/meta-data/ => generated 210 bytes in 4 msecs (HTTP/1.1 200) 3 headers in 100 bytes (1 switches on core 0)
Mar 31 22:30:31.281640 np0000162002 devstack@n-api-meta.service[107923]: DEBUG nova.api.metadata.handler [None req-2908f825-eacc-4891-b1ba-d1dd78a47ed5 None None] Metadata request headers: {'Host': '162.253.55.200:8775', 'User-Agent': 'python-requests/2.32.5', 'Accept-Encoding': 'gzip, deflate', 'Accept': '*/*', 'Connection': 'keep-alive', 'X-Forwarded-For': '192.168.24.64', 'X-Instance-Id': 'af351bb1-38f1-44c3-902d-ca69a61f12f9', 'X-Tenant-Id': '223441ee724f4598984ec71fa4dcf193', 'X-Instance-Id-Signature': 'ae4769adced121f0ccd78c8fd27ea7b03f193908237f26fe10602232289f6741'} {{(pid=107923) __call__ /opt/stack/nova/nova/api/metadata/handler.py:109}}
Mar 31 22:30:31.284017 np0000162002 devstack@n-api-meta.service[107923]: DEBUG nova.api.metadata.handler [None req-2908f825-eacc-4891-b1ba-d1dd78a47ed5 None None] Using cached metadata for instance af351bb1-38f1-44c3-902d-ca69a61f12f9 {{(pid=107923) get_metadata_by_instance_id /opt/stack/nova/nova/api/metadata/handler.py:84}}
Mar 31 22:30:31.284673 np0000162002 devstack@n-api-meta.service[107923]: [pid: 107923|app: 0|req: 3/9] 162.253.55.200 () {40 vars in 698 bytes} [Tue Mar 31 22:30:31 2026] GET /latest/meta-data/block-device-mapping/ => generated 8 bytes in 3 msecs (HTTP/1.1 200) 3 headers in 98 bytes (1 switches on core 0)
Mar 31 22:30:31.292635 np0000162002 devstack@n-api-meta.service[107921]: DEBUG nova.api.metadata.handler [None req-d71762cb-ffbb-472e-b305-ccf07a4e0889 None None] Metadata request headers: {'Host': '162.253.55.200:8775', 'User-Agent': 'python-requests/2.32.5', 'Accept-Encoding': 'gzip, deflate', 'Accept': '*/*', 'Connection': 'keep-alive', 'X-Forwarded-For': '192.168.24.64', 'X-Instance-Id': 'af351bb1-38f1-44c3-902d-ca69a61f12f9', 'X-Tenant-Id': '223441ee724f4598984ec71fa4dcf193', 'X-Instance-Id-Signature': 'ae4769adced121f0ccd78c8fd27ea7b03f193908237f26fe10602232289f6741'} {{(pid=107921) __call__ /opt/stack/nova/nova/api/metadata/handler.py:109}}
Mar 31 22:30:31.295426 np0000162002 devstack@n-api-meta.service[107921]: DEBUG nova.api.metadata.handler [None req-d71762cb-ffbb-472e-b305-ccf07a4e0889 None None] Using cached metadata for instance af351bb1-38f1-44c3-902d-ca69a61f12f9 {{(pid=107921) get_metadata_by_instance_id /opt/stack/nova/nova/api/metadata/handler.py:84}}
Mar 31 22:30:31.296272 np0000162002 devstack@n-api-meta.service[107921]: [pid: 107921|app: 0|req: 3/10] 162.253.55.200 () {40 vars in 705 bytes} [Tue Mar 31 22:30:31 2026] GET /latest/meta-data/block-device-mapping/ami => generated 3 bytes in 4 msecs (HTTP/1.1 200) 3 headers in 98 bytes (1 switches on core 0)
Mar 31 22:30:31.302108 np0000162002 devstack@n-api-meta.service[107924]: DEBUG nova.api.metadata.handler [None req-fb40d843-dbb9-442c-9085-6f71ec6f49d4 None None] Metadata request headers: {'Host': '162.253.55.200:8775', 'User-Agent': 'python-requests/2.32.5', 'Accept-Encoding': 'gzip, deflate', 'Accept': '*/*', 'Connection': 'keep-alive', 'X-Forwarded-For': '192.168.24.64', 'X-Instance-Id': 'af351bb1-38f1-44c3-902d-ca69a61f12f9', 'X-Tenant-Id': '223441ee724f4598984ec71fa4dcf193', 'X-Instance-Id-Signature': 'ae4769adced121f0ccd78c8fd27ea7b03f193908237f26fe10602232289f6741'} {{(pid=107924) __call__ /opt/stack/nova/nova/api/metadata/handler.py:109}}
Mar 31 22:30:31.305204 np0000162002 devstack@n-api-meta.service[107924]: DEBUG nova.api.metadata.handler [None req-fb40d843-dbb9-442c-9085-6f71ec6f49d4 None None] Using cached metadata for instance af351bb1-38f1-44c3-902d-ca69a61f12f9 {{(pid=107924) get_metadata_by_instance_id /opt/stack/nova/nova/api/metadata/handler.py:84}}
Mar 31 22:30:31.305971 np0000162002 devstack@n-api-meta.service[107924]: [pid: 107924|app: 0|req: 3/11] 162.253.55.200 () {40 vars in 707 bytes} [Tue Mar 31 22:30:31 2026] GET /latest/meta-data/block-device-mapping/root => generated 8 bytes in 4 msecs (HTTP/1.1 200) 3 headers in 98 bytes (1 switches on core 0)
Mar 31 22:30:31.313412 np0000162002 devstack@n-api-meta.service[107922]: DEBUG nova.api.metadata.handler [None req-5bd0b4fd-ae01-4702-a36c-eff05ad4acef None None] Metadata request headers: {'Host': '162.253.55.200:8775', 'User-Agent': 'python-requests/2.32.5', 'Accept-Encoding': 'gzip, deflate', 'Accept': '*/*', 'Connection': 'keep-alive', 'X-Forwarded-For': '192.168.24.64', 'X-Instance-Id': 'af351bb1-38f1-44c3-902d-ca69a61f12f9', 'X-Tenant-Id': '223441ee724f4598984ec71fa4dcf193', 'X-Instance-Id-Signature': 'ae4769adced121f0ccd78c8fd27ea7b03f193908237f26fe10602232289f6741'} {{(pid=107922) __call__ /opt/stack/nova/nova/api/metadata/handler.py:109}}
Mar 31 22:30:31.315996 np0000162002 devstack@n-api-meta.service[107922]: DEBUG nova.api.metadata.handler [None req-5bd0b4fd-ae01-4702-a36c-eff05ad4acef None None] Using cached metadata for instance af351bb1-38f1-44c3-902d-ca69a61f12f9 {{(pid=107922) get_metadata_by_instance_id /opt/stack/nova/nova/api/metadata/handler.py:84}}
Mar 31 22:30:31.316613 np0000162002 devstack@n-api-meta.service[107922]: [pid: 107922|app: 0|req: 3/12] 162.253.55.200 () {40 vars in 677 bytes} [Tue Mar 31 22:30:31 2026] GET /latest/meta-data/placement/ => generated 17 bytes in 4 msecs (HTTP/1.1 200) 3 headers in 99 bytes (1 switches on core 0)
Mar 31 22:30:31.323103 np0000162002 devstack@n-api-meta.service[107923]: DEBUG nova.api.metadata.handler [None req-2908f825-eacc-4891-b1ba-d1dd78a47ed5 None None] Metadata request headers: {'Host': '162.253.55.200:8775', 'User-Agent': 'python-requests/2.32.5', 'Accept-Encoding': 'gzip, deflate', 'Accept': '*/*', 'Connection': 'keep-alive', 'X-Forwarded-For': '192.168.24.64', 'X-Instance-Id': 'af351bb1-38f1-44c3-902d-ca69a61f12f9', 'X-Tenant-Id': '223441ee724f4598984ec71fa4dcf193', 'X-Instance-Id-Signature': 'ae4769adced121f0ccd78c8fd27ea7b03f193908237f26fe10602232289f6741'} {{(pid=107923) __call__ /opt/stack/nova/nova/api/metadata/handler.py:109}}
Mar 31 22:30:31.325578 np0000162002 devstack@n-api-meta.service[107923]: DEBUG nova.api.metadata.handler [None req-2908f825-eacc-4891-b1ba-d1dd78a47ed5 None None] Using cached metadata for instance af351bb1-38f1-44c3-902d-ca69a61f12f9 {{(pid=107923) get_metadata_by_instance_id /opt/stack/nova/nova/api/metadata/handler.py:84}}
Mar 31 22:30:31.326167 np0000162002 devstack@n-api-meta.service[107923]: [pid: 107923|app: 0|req: 4/13] 162.253.55.200 () {40 vars in 711 bytes} [Tue Mar 31 22:30:31 2026] GET /latest/meta-data/placement/availability-zone => generated 4 bytes in 3 msecs (HTTP/1.1 200) 3 headers in 98 bytes (1 switches on core 0)
Mar 31 22:30:31.332829 np0000162002 devstack@n-api-meta.service[107921]: DEBUG nova.api.metadata.handler [None req-d71762cb-ffbb-472e-b305-ccf07a4e0889 None None] Metadata request headers: {'Host': '162.253.55.200:8775', 'User-Agent': 'python-requests/2.32.5', 'Accept-Encoding': 'gzip, deflate', 'Accept': '*/*', 'Connection': 'keep-alive', 'X-Forwarded-For': '192.168.24.64', 'X-Instance-Id': 'af351bb1-38f1-44c3-902d-ca69a61f12f9', 'X-Tenant-Id': '223441ee724f4598984ec71fa4dcf193', 'X-Instance-Id-Signature': 'ae4769adced121f0ccd78c8fd27ea7b03f193908237f26fe10602232289f6741'} {{(pid=107921) __call__ /opt/stack/nova/nova/api/metadata/handler.py:109}}
Mar 31 22:30:31.335317 np0000162002 devstack@n-api-meta.service[107921]: DEBUG nova.api.metadata.handler [None req-d71762cb-ffbb-472e-b305-ccf07a4e0889 None None] Using cached metadata for instance af351bb1-38f1-44c3-902d-ca69a61f12f9 {{(pid=107921) get_metadata_by_instance_id /opt/stack/nova/nova/api/metadata/handler.py:84}}
Mar 31 22:30:31.335892 np0000162002 devstack@n-api-meta.service[107921]: [pid: 107921|app: 0|req: 4/14] 162.253.55.200 () {40 vars in 669 bytes} [Tue Mar 31 22:30:31 2026] GET /latest/meta-data/ami-id => generated 12 bytes in 3 msecs (HTTP/1.1 200) 3 headers in 99 bytes (1 switches on core 0)
Mar 31 22:30:31.342407 np0000162002 devstack@n-api-meta.service[107924]: DEBUG nova.api.metadata.handler [None req-fb40d843-dbb9-442c-9085-6f71ec6f49d4 None None] Metadata request headers: {'Host': '162.253.55.200:8775', 'User-Agent': 'python-requests/2.32.5', 'Accept-Encoding': 'gzip, deflate', 'Accept': '*/*', 'Connection': 'keep-alive', 'X-Forwarded-For': '192.168.24.64', 'X-Instance-Id': 'af351bb1-38f1-44c3-902d-ca69a61f12f9', 'X-Tenant-Id': '223441ee724f4598984ec71fa4dcf193', 'X-Instance-Id-Signature': 'ae4769adced121f0ccd78c8fd27ea7b03f193908237f26fe10602232289f6741'} {{(pid=107924) __call__ /opt/stack/nova/nova/api/metadata/handler.py:109}}
Mar 31 22:30:31.344064 np0000162002 devstack@n-api-meta.service[107924]: DEBUG nova.api.metadata.handler [None req-fb40d843-dbb9-442c-9085-6f71ec6f49d4 None None] Using cached metadata for instance af351bb1-38f1-44c3-902d-ca69a61f12f9 {{(pid=107924) get_metadata_by_instance_id /opt/stack/nova/nova/api/metadata/handler.py:84}}
Mar 31 22:30:31.344467 np0000162002 devstack@n-api-meta.service[107924]: [pid: 107924|app: 0|req: 4/15] 162.253.55.200 () {40 vars in 689 bytes} [Tue Mar 31 22:30:31 2026] GET /latest/meta-data/ami-launch-index => generated 1 bytes in 2 msecs (HTTP/1.1 200) 3 headers in 98 bytes (1 switches on core 0)
Mar 31 22:30:31.352833 np0000162002 devstack@n-api-meta.service[107922]: DEBUG nova.api.metadata.handler [None req-5bd0b4fd-ae01-4702-a36c-eff05ad4acef None None] Metadata request headers: {'Host': '162.253.55.200:8775', 'User-Agent': 'python-requests/2.32.5', 'Accept-Encoding': 'gzip, deflate', 'Accept': '*/*', 'Connection': 'keep-alive', 'X-Forwarded-For': '192.168.24.64', 'X-Instance-Id': 'af351bb1-38f1-44c3-902d-ca69a61f12f9', 'X-Tenant-Id': '223441ee724f4598984ec71fa4dcf193', 'X-Instance-Id-Signature': 'ae4769adced121f0ccd78c8fd27ea7b03f193908237f26fe10602232289f6741'} {{(pid=107922) __call__ /opt/stack/nova/nova/api/metadata/handler.py:109}}
Mar 31 22:30:31.355504 np0000162002 devstack@n-api-meta.service[107922]: DEBUG nova.api.metadata.handler [None req-5bd0b4fd-ae01-4702-a36c-eff05ad4acef None None] Using cached metadata for instance af351bb1-38f1-44c3-902d-ca69a61f12f9 {{(pid=107922) get_metadata_by_instance_id /opt/stack/nova/nova/api/metadata/handler.py:84}}
Mar 31 22:30:31.356193 np0000162002 devstack@n-api-meta.service[107922]: [pid: 107922|app: 0|req: 4/16] 162.253.55.200 () {40 vars in 692 bytes} [Tue Mar 31 22:30:31 2026] GET /latest/meta-data/ami-manifest-path => generated 5 bytes in 4 msecs (HTTP/1.1 200) 3 headers in 98 bytes (1 switches on core 0)
Mar 31 22:30:31.363777 np0000162002 devstack@n-api-meta.service[107923]: DEBUG nova.api.metadata.handler [None req-2908f825-eacc-4891-b1ba-d1dd78a47ed5 None None] Metadata request headers: {'Host': '162.253.55.200:8775', 'User-Agent': 'python-requests/2.32.5', 'Accept-Encoding': 'gzip, deflate', 'Accept': '*/*', 'Connection': 'keep-alive', 'X-Forwarded-For': '192.168.24.64', 'X-Instance-Id': 'af351bb1-38f1-44c3-902d-ca69a61f12f9', 'X-Tenant-Id': '223441ee724f4598984ec71fa4dcf193', 'X-Instance-Id-Signature': 'ae4769adced121f0ccd78c8fd27ea7b03f193908237f26fe10602232289f6741'} {{(pid=107923) __call__ /opt/stack/nova/nova/api/metadata/handler.py:109}}
Mar 31 22:30:31.366257 np0000162002 devstack@n-api-meta.service[107923]: DEBUG nova.api.metadata.handler [None req-2908f825-eacc-4891-b1ba-d1dd78a47ed5 None None] Using cached metadata for instance af351bb1-38f1-44c3-902d-ca69a61f12f9 {{(pid=107923) get_metadata_by_instance_id /opt/stack/nova/nova/api/metadata/handler.py:84}}
Mar 31 22:30:31.366876 np0000162002 devstack@n-api-meta.service[107923]: [pid: 107923|app: 0|req: 5/17] 162.253.55.200 () {40 vars in 674 bytes} [Tue Mar 31 22:30:31 2026] GET /latest/meta-data/hostname => generated 32 bytes in 3 msecs (HTTP/1.1 200) 3 headers in 99 bytes (1 switches on core 0)
Mar 31 22:30:31.372667 np0000162002 devstack@n-api-meta.service[107921]: DEBUG nova.api.metadata.handler [None req-d71762cb-ffbb-472e-b305-ccf07a4e0889 None None] Metadata request headers: {'Host': '162.253.55.200:8775', 'User-Agent': 'python-requests/2.32.5', 'Accept-Encoding': 'gzip, deflate', 'Accept': '*/*', 'Connection': 'keep-alive', 'X-Forwarded-For': '192.168.24.64', 'X-Instance-Id': 'af351bb1-38f1-44c3-902d-ca69a61f12f9', 'X-Tenant-Id': '223441ee724f4598984ec71fa4dcf193', 'X-Instance-Id-Signature': 'ae4769adced121f0ccd78c8fd27ea7b03f193908237f26fe10602232289f6741'} {{(pid=107921) __call__ /opt/stack/nova/nova/api/metadata/handler.py:109}}
Mar 31 22:30:31.375373 np0000162002 devstack@n-api-meta.service[107921]: DEBUG nova.api.metadata.handler [None req-d71762cb-ffbb-472e-b305-ccf07a4e0889 None None] Using cached metadata for instance af351bb1-38f1-44c3-902d-ca69a61f12f9 {{(pid=107921) get_metadata_by_instance_id /opt/stack/nova/nova/api/metadata/handler.py:84}}
Mar 31 22:30:31.375990 np0000162002 devstack@n-api-meta.service[107921]: [pid: 107921|app: 0|req: 5/18] 162.253.55.200 () {40 vars in 688 bytes} [Tue Mar 31 22:30:31 2026] GET /latest/meta-data/instance-action => generated 4 bytes in 4 msecs (HTTP/1.1 200) 3 headers in 98 bytes (1 switches on core 0)
Mar 31 22:30:31.384438 np0000162002 devstack@n-api-meta.service[107924]: DEBUG nova.api.metadata.handler [None req-fb40d843-dbb9-442c-9085-6f71ec6f49d4 None None] Metadata request headers: {'Host': '162.253.55.200:8775', 'User-Agent': 'python-requests/2.32.5', 'Accept-Encoding': 'gzip, deflate', 'Accept': '*/*', 'Connection': 'keep-alive', 'X-Forwarded-For': '192.168.24.64', 'X-Instance-Id': 'af351bb1-38f1-44c3-902d-ca69a61f12f9', 'X-Tenant-Id': '223441ee724f4598984ec71fa4dcf193', 'X-Instance-Id-Signature': 'ae4769adced121f0ccd78c8fd27ea7b03f193908237f26fe10602232289f6741'} {{(pid=107924) __call__ /opt/stack/nova/nova/api/metadata/handler.py:109}}
Mar 31 22:30:31.387219 np0000162002 devstack@n-api-meta.service[107924]: DEBUG nova.api.metadata.handler [None req-fb40d843-dbb9-442c-9085-6f71ec6f49d4 None None] Using cached metadata for instance af351bb1-38f1-44c3-902d-ca69a61f12f9 {{(pid=107924) get_metadata_by_instance_id /opt/stack/nova/nova/api/metadata/handler.py:84}}
Mar 31 22:30:31.387845 np0000162002 devstack@n-api-meta.service[107924]: [pid: 107924|app: 0|req: 5/19] 162.253.55.200 () {40 vars in 680 bytes} [Tue Mar 31 22:30:31 2026] GET /latest/meta-data/instance-id => generated 10 bytes in 4 msecs (HTTP/1.1 200) 3 headers in 99 bytes (1 switches on core 0)
Mar 31 22:30:31.395332 np0000162002 devstack@n-api-meta.service[107922]: DEBUG nova.api.metadata.handler [None req-5bd0b4fd-ae01-4702-a36c-eff05ad4acef None None] Metadata request headers: {'Host': '162.253.55.200:8775', 'User-Agent': 'python-requests/2.32.5', 'Accept-Encoding': 'gzip, deflate', 'Accept': '*/*', 'Connection': 'keep-alive', 'X-Forwarded-For': '192.168.24.64', 'X-Instance-Id': 'af351bb1-38f1-44c3-902d-ca69a61f12f9', 'X-Tenant-Id': '223441ee724f4598984ec71fa4dcf193', 'X-Instance-Id-Signature': 'ae4769adced121f0ccd78c8fd27ea7b03f193908237f26fe10602232289f6741'} {{(pid=107922) __call__ /opt/stack/nova/nova/api/metadata/handler.py:109}}
Mar 31 22:30:31.398752 np0000162002 devstack@n-api-meta.service[107922]: DEBUG nova.api.metadata.handler [None req-5bd0b4fd-ae01-4702-a36c-eff05ad4acef None None] Using cached metadata for instance af351bb1-38f1-44c3-902d-ca69a61f12f9 {{(pid=107922) get_metadata_by_instance_id /opt/stack/nova/nova/api/metadata/handler.py:84}}
Mar 31 22:30:31.399450 np0000162002 devstack@n-api-meta.service[107922]: [pid: 107922|app: 0|req: 5/20] 162.253.55.200 () {40 vars in 684 bytes} [Tue Mar 31 22:30:31 2026] GET /latest/meta-data/instance-type => generated 8 bytes in 5 msecs (HTTP/1.1 200) 3 headers in 98 bytes (1 switches on core 0)
Mar 31 22:30:31.407618 np0000162002 devstack@n-api-meta.service[107923]: DEBUG nova.api.metadata.handler [None req-2908f825-eacc-4891-b1ba-d1dd78a47ed5 None None] Metadata request headers: {'Host': '162.253.55.200:8775', 'User-Agent': 'python-requests/2.32.5', 'Accept-Encoding': 'gzip, deflate', 'Accept': '*/*', 'Connection': 'keep-alive', 'X-Forwarded-For': '192.168.24.64', 'X-Instance-Id': 'af351bb1-38f1-44c3-902d-ca69a61f12f9', 'X-Tenant-Id': '223441ee724f4598984ec71fa4dcf193', 'X-Instance-Id-Signature': 'ae4769adced121f0ccd78c8fd27ea7b03f193908237f26fe10602232289f6741'} {{(pid=107923) __call__ /opt/stack/nova/nova/api/metadata/handler.py:109}}
Mar 31 22:30:31.410081 np0000162002 devstack@n-api-meta.service[107923]: DEBUG nova.api.metadata.handler [None req-2908f825-eacc-4891-b1ba-d1dd78a47ed5 None None] Using cached metadata for instance af351bb1-38f1-44c3-902d-ca69a61f12f9 {{(pid=107923) get_metadata_by_instance_id /opt/stack/nova/nova/api/metadata/handler.py:84}}
Mar 31 22:30:31.410637 np0000162002 devstack@n-api-meta.service[107923]: [pid: 107923|app: 0|req: 6/21] 162.253.55.200 () {40 vars in 686 bytes} [Tue Mar 31 22:30:31 2026] GET /latest/meta-data/local-hostname => generated 32 bytes in 3 msecs (HTTP/1.1 200) 3 headers in 99 bytes (1 switches on core 0)
Mar 31 22:30:31.417150 np0000162002 devstack@n-api-meta.service[107921]: DEBUG nova.api.metadata.handler [None req-d71762cb-ffbb-472e-b305-ccf07a4e0889 None None] Metadata request headers: {'Host': '162.253.55.200:8775', 'User-Agent': 'python-requests/2.32.5', 'Accept-Encoding': 'gzip, deflate', 'Accept': '*/*', 'Connection': 'keep-alive', 'X-Forwarded-For': '192.168.24.64', 'X-Instance-Id': 'af351bb1-38f1-44c3-902d-ca69a61f12f9', 'X-Tenant-Id': '223441ee724f4598984ec71fa4dcf193', 'X-Instance-Id-Signature': 'ae4769adced121f0ccd78c8fd27ea7b03f193908237f26fe10602232289f6741'} {{(pid=107921) __call__ /opt/stack/nova/nova/api/metadata/handler.py:109}}
Mar 31 22:30:31.419578 np0000162002 devstack@n-api-meta.service[107921]: DEBUG nova.api.metadata.handler [None req-d71762cb-ffbb-472e-b305-ccf07a4e0889 None None] Using cached metadata for instance af351bb1-38f1-44c3-902d-ca69a61f12f9 {{(pid=107921) get_metadata_by_instance_id /opt/stack/nova/nova/api/metadata/handler.py:84}}
Mar 31 22:30:31.420171 np0000162002 devstack@n-api-meta.service[107921]: [pid: 107921|app: 0|req: 6/22] 162.253.55.200 () {40 vars in 678 bytes} [Tue Mar 31 22:30:31 2026] GET /latest/meta-data/local-ipv4 => generated 13 bytes in 3 msecs (HTTP/1.1 200) 3 headers in 99 bytes (1 switches on core 0)
