Apr 02 13:03:20.324089 np0000162929 devstack@neutron-api.service[101917]: DEBUG neutron_lib.callbacks.manager [None req-08bc2bef-066b-43bc-abc2-f5bd5bbf1fcb None None] Subscribe: > process after_init 55550000, True {{(pid=101917) subscribe /opt/stack/data/venv/lib/python3.12/site-packages/neutron_lib/callbacks/manager.py:52}}
Apr 02 13:03:20.324234 np0000162929 devstack@neutron-api.service[101917]: DEBUG neutron_lib.callbacks.manager [None req-08bc2bef-066b-43bc-abc2-f5bd5bbf1fcb None None] Subscribe: > segment after_create 55550000, False {{(pid=101917) subscribe /opt/stack/data/venv/lib/python3.12/site-packages/neutron_lib/callbacks/manager.py:52}}
Apr 02 13:03:20.324345 np0000162929 devstack@neutron-api.service[101917]: DEBUG neutron_lib.callbacks.manager [None req-08bc2bef-066b-43bc-abc2-f5bd5bbf1fcb None None] Subscribe: > segment after_create 55550000, False {{(pid=101917) subscribe /opt/stack/data/venv/lib/python3.12/site-packages/neutron_lib/callbacks/manager.py:52}}
Apr 02 13:03:20.324484 np0000162929 devstack@neutron-api.service[101917]: DEBUG neutron_lib.callbacks.manager [None req-08bc2bef-066b-43bc-abc2-f5bd5bbf1fcb None None] Subscribe: > segment after_delete 55550000, False {{(pid=101917) subscribe /opt/stack/data/venv/lib/python3.12/site-packages/neutron_lib/callbacks/manager.py:52}}
Apr 02 13:03:20.324516 np0000162929 devstack@neutron-api.service[101917]: DEBUG neutron_lib.callbacks.manager [None req-08bc2bef-066b-43bc-abc2-f5bd5bbf1fcb None None] Subscribe: > allowed_address_pair before_create 55550000, False {{(pid=101917) subscribe /opt/stack/data/venv/lib/python3.12/site-packages/neutron_lib/callbacks/manager.py:52}}
Apr 02 13:03:20.324904 np0000162929 devstack@neutron-api.service[101917]: DEBUG neutron_lib.callbacks.manager [None req-08bc2bef-066b-43bc-abc2-f5bd5bbf1fcb None None] Subscribe: > security_group precommit_create 55550000, False {{(pid=101917) subscribe /opt/stack/data/venv/lib/python3.12/site-packages/neutron_lib/callbacks/manager.py:52}}
Apr 02 13:03:20.324904 np0000162929 devstack@neutron-api.service[101917]: DEBUG neutron_lib.callbacks.manager [None req-08bc2bef-066b-43bc-abc2-f5bd5bbf1fcb None None] Subscribe: > security_group after_update 55550000, False {{(pid=101917) subscribe /opt/stack/data/venv/lib/python3.12/site-packages/neutron_lib/callbacks/manager.py:52}}
Apr 02 13:03:20.325064 np0000162929 devstack@neutron-api.service[101918]: DEBUG neutron.manager [None req-cad47729-bbd2-414e-8070-b67539086165 None None] Successfully loaded FLAVORS plugin. Description: Neutron Flavors and Service Profiles manager plugin {{(pid=101918) _create_and_add_service_plugin /opt/stack/neutron/neutron/manager.py:239}}
Apr 02 13:03:20.325300 np0000162929 devstack@neutron-api.service[101917]: DEBUG neutron_lib.callbacks.manager [None req-08bc2bef-066b-43bc-abc2-f5bd5bbf1fcb None None] Subscribe: > security_group after_create 55550000, False {{(pid=101917) subscribe /opt/stack/data/venv/lib/python3.12/site-packages/neutron_lib/callbacks/manager.py:52}}
Apr 02 13:03:20.325479 np0000162929 devstack@neutron-api.service[101918]: INFO neutron.manager [None req-cad47729-bbd2-414e-8070-b67539086165 None None] Loading Plugin: revisions
Apr 02 13:03:20.325675 np0000162929 devstack@neutron-api.service[101917]: DEBUG neutron_lib.callbacks.manager [None req-08bc2bef-066b-43bc-abc2-f5bd5bbf1fcb None None] Subscribe: > security_group precommit_delete 55550000, False {{(pid=101917) subscribe /opt/stack/data/venv/lib/python3.12/site-packages/neutron_lib/callbacks/manager.py:52}}
Apr 02 13:03:20.325675 np0000162929 devstack@neutron-api.service[101917]: DEBUG neutron_lib.callbacks.manager [None req-08bc2bef-066b-43bc-abc2-f5bd5bbf1fcb None None] Subscribe: > security_group after_delete 55550000, False {{(pid=101917) subscribe /opt/stack/data/venv/lib/python3.12/site-packages/neutron_lib/callbacks/manager.py:52}}
Apr 02 13:03:20.325675 np0000162929 devstack@neutron-api.service[101917]: DEBUG neutron_lib.callbacks.manager [None req-08bc2bef-066b-43bc-abc2-f5bd5bbf1fcb None None] Subscribe: > security_group_rule precommit_create 55550000, False {{(pid=101917) subscribe /opt/stack/data/venv/lib/python3.12/site-packages/neutron_lib/callbacks/manager.py:52}}
Apr 02 13:03:20.325675 np0000162929 devstack@neutron-api.service[101917]: DEBUG neutron_lib.callbacks.manager [None req-08bc2bef-066b-43bc-abc2-f5bd5bbf1fcb None None] Subscribe: > security_group_rule after_create 55550000, False {{(pid=101917) subscribe /opt/stack/data/venv/lib/python3.12/site-packages/neutron_lib/callbacks/manager.py:52}}
Apr 02 13:03:20.325851 np0000162929 devstack@neutron-api.service[101917]: DEBUG neutron_lib.callbacks.manager [None req-08bc2bef-066b-43bc-abc2-f5bd5bbf1fcb None None] Subscribe: > security_group_rule before_delete 55550000, False {{(pid=101917) subscribe /opt/stack/data/venv/lib/python3.12/site-packages/neutron_lib/callbacks/manager.py:52}}
Apr 02 13:03:20.325851 np0000162929 devstack@neutron-api.service[101917]: DEBUG neutron_lib.callbacks.manager [None req-08bc2bef-066b-43bc-abc2-f5bd5bbf1fcb None None] Subscribe: > address_group after_create 55550000, False {{(pid=101917) subscribe /opt/stack/data/venv/lib/python3.12/site-packages/neutron_lib/callbacks/manager.py:52}}
Apr 02 13:03:20.325851 np0000162929 devstack@neutron-api.service[101917]: DEBUG neutron_lib.callbacks.manager [None req-08bc2bef-066b-43bc-abc2-f5bd5bbf1fcb None None] Subscribe: > address_group after_update 55550000, False {{(pid=101917) subscribe /opt/stack/data/venv/lib/python3.12/site-packages/neutron_lib/callbacks/manager.py:52}}
Apr 02 13:03:20.325851 np0000162929 devstack@neutron-api.service[101917]: DEBUG neutron_lib.callbacks.manager [None req-08bc2bef-066b-43bc-abc2-f5bd5bbf1fcb None None] Subscribe: > address_group after_delete 55550000, False {{(pid=101917) subscribe /opt/stack/data/venv/lib/python3.12/site-packages/neutron_lib/callbacks/manager.py:52}}
Apr 02 13:03:20.326049 np0000162929 devstack@neutron-api.service[101918]: DEBUG neutron.manager [None req-cad47729-bbd2-414e-8070-b67539086165 None None] Successfully loaded revision_plugin plugin. Description: Adds revision numbers to resources. {{(pid=101918) _create_and_add_service_plugin /opt/stack/neutron/neutron/manager.py:239}}
Apr 02 13:03:20.326107 np0000162929 devstack@neutron-api.service[101917]: DEBUG neutron_lib.callbacks.manager [None req-08bc2bef-066b-43bc-abc2-f5bd5bbf1fcb None None] Subscribe: > qos_plugin after_init 55550000, False {{(pid=101917) subscribe /opt/stack/data/venv/lib/python3.12/site-packages/neutron_lib/callbacks/manager.py:52}}
Apr 02 13:03:20.326164 np0000162929 devstack@neutron-api.service[101918]: DEBUG oslo_concurrency.lockutils [None req-cad47729-bbd2-414e-8070-b67539086165 None None] Lock "manager" "released" by "neutron.manager.NeutronManager._create_instance" :: held 4.310s {{(pid=101918) inner /opt/stack/data/venv/lib/python3.12/site-packages/oslo_concurrency/lockutils.py:538}}
Apr 02 13:03:20.326193 np0000162929 devstack@neutron-api.service[101917]: DEBUG neutron_lib.callbacks.manager [None req-08bc2bef-066b-43bc-abc2-f5bd5bbf1fcb None None] Subscribe: > trunk_plugin after_init 55550000, False {{(pid=101917) subscribe /opt/stack/data/venv/lib/python3.12/site-packages/neutron_lib/callbacks/manager.py:52}}
Apr 02 13:03:20.326256 np0000162929 devstack@neutron-api.service[101918]: DEBUG neutron.api.extensions [None req-cad47729-bbd2-414e-8070-b67539086165 None None] get_extension_paths = OrderedDict({'/opt/stack/neutron/neutron/extensions': 1}) {{(pid=101918) get_extensions_path /opt/stack/neutron/neutron/api/extensions.py:640}}
Apr 02 13:03:20.326256 np0000162929 devstack@neutron-api.service[101918]: INFO neutron.api.extensions [None req-cad47729-bbd2-414e-8070-b67539086165 None None] Initializing extension manager.
Apr 02 13:03:20.326298 np0000162929 devstack@neutron-api.service[101917]: DEBUG neutron_lib.callbacks.manager [None req-08bc2bef-066b-43bc-abc2-f5bd5bbf1fcb None None] Subscribe: > logging-plugin after_init 55550000, False {{(pid=101917) subscribe /opt/stack/data/venv/lib/python3.12/site-packages/neutron_lib/callbacks/manager.py:52}}
Apr 02 13:03:20.326456 np0000162929 devstack@neutron-api.service[101918]: DEBUG neutron.api.extensions [None req-cad47729-bbd2-414e-8070-b67539086165 None None] Loading extension file: __init__.py {{(pid=101918) _load_all_extensions_from_path /opt/stack/neutron/neutron/api/extensions.py:449}}
Apr 02 13:03:20.326603 np0000162929 devstack@neutron-api.service[101918]: DEBUG neutron.api.extensions [None req-cad47729-bbd2-414e-8070-b67539086165 None None] Loading extension file: __pycache__ {{(pid=101918) _load_all_extensions_from_path /opt/stack/neutron/neutron/api/extensions.py:449}}
Apr 02 13:03:20.326603 np0000162929 devstack@neutron-api.service[101918]: DEBUG neutron.api.extensions [None req-cad47729-bbd2-414e-8070-b67539086165 None None] Loading extension file: address_group.py {{(pid=101918) _load_all_extensions_from_path /opt/stack/neutron/neutron/api/extensions.py:449}}
Apr 02 13:03:20.326820 np0000162929 devstack@neutron-api.service[101917]: INFO neutron.services.logapi.drivers.ovn.driver [None req-08bc2bef-066b-43bc-abc2-f5bd5bbf1fcb None None] OVN logging driver registered
Apr 02 13:03:20.326982 np0000162929 devstack@neutron-api.service[101918]: DEBUG neutron.api.extensions [None req-cad47729-bbd2-414e-8070-b67539086165 None None] Ext name="Address group" alias="address-group" description="Support address group" updated="2020-07-15T10:00:00-00:00" {{(pid=101918) _check_extension /opt/stack/neutron/neutron/api/extensions.py:415}}
Apr 02 13:03:20.327233 np0000162929 devstack@neutron-api.service[101918]: INFO neutron.api.extensions [None req-cad47729-bbd2-414e-8070-b67539086165 None None] Loaded extension: address-group
Apr 02 13:03:20.327233 np0000162929 devstack@neutron-api.service[101918]: DEBUG neutron.api.extensions [None req-cad47729-bbd2-414e-8070-b67539086165 None None] Loading extension file: address_scope.py {{(pid=101918) _load_all_extensions_from_path /opt/stack/neutron/neutron/api/extensions.py:449}}
Apr 02 13:03:20.327573 np0000162929 devstack@neutron-api.service[101918]: DEBUG neutron.api.extensions [None req-cad47729-bbd2-414e-8070-b67539086165 None None] Ext name="Address scope" alias="address-scope" description="Address scopes extension." updated="2015-07-26T10:00:00-00:00" {{(pid=101918) _check_extension /opt/stack/neutron/neutron/api/extensions.py:415}}
Apr 02 13:03:20.327721 np0000162929 devstack@neutron-api.service[101918]: INFO neutron.api.extensions [None req-cad47729-bbd2-414e-8070-b67539086165 None None] Loaded extension: address-scope
Apr 02 13:03:20.327919 np0000162929 devstack@neutron-api.service[101918]: DEBUG neutron.api.extensions [None req-cad47729-bbd2-414e-8070-b67539086165 None None] Loading extension file: admin_state_down_before_update.py {{(pid=101918) _load_all_extensions_from_path /opt/stack/neutron/neutron/api/extensions.py:449}}
Apr 02 13:03:20.328066 np0000162929 devstack@neutron-api.service[101918]: DEBUG neutron.api.extensions [None req-cad47729-bbd2-414e-8070-b67539086165 None None] Ext name="Enforce Router's Admin State Down Before Update Extension" alias="router-admin-state-down-before-update" description="Ensure that the admin state of a router is DOWN (admin_state_up=False) before updating the distributed attribute" updated="2019-07-02T15:56:00" {{(pid=101918) _check_extension /opt/stack/neutron/neutron/api/extensions.py:415}}
Apr 02 13:03:20.328199 np0000162929 devstack@neutron-api.service[101917]: DEBUG neutron.plugins.ml2.plugin [None req-08bc2bef-066b-43bc-abc2-f5bd5bbf1fcb None None] neutron.plugins.ml2.plugin.Ml2Plugin method _start_rpc_notifiers called with arguments () {} {{(pid=101917) wrapper /opt/stack/data/venv/lib/python3.12/site-packages/oslo_log/helpers.py:77}}
Apr 02 13:03:20.328233 np0000162929 devstack@neutron-api.service[101918]: INFO neutron.api.extensions [None req-cad47729-bbd2-414e-8070-b67539086165 None None] Extension router-admin-state-down-before-update not supported by any of loaded plugins
Apr 02 13:03:20.328323 np0000162929 devstack@neutron-api.service[101918]: DEBUG neutron.api.extensions [None req-cad47729-bbd2-414e-8070-b67539086165 None None] Loading extension file: agent.py {{(pid=101918) _load_all_extensions_from_path /opt/stack/neutron/neutron/api/extensions.py:449}}
Apr 02 13:03:20.328447 np0000162929 devstack@neutron-api.service[101917]: DEBUG neutron_lib.callbacks.manager [None req-08bc2bef-066b-43bc-abc2-f5bd5bbf1fcb None None] Subscribe: > port after_create 55550000, False {{(pid=101917) subscribe /opt/stack/data/venv/lib/python3.12/site-packages/neutron_lib/callbacks/manager.py:52}}
Apr 02 13:03:20.328553 np0000162929 devstack@neutron-api.service[101917]: DEBUG neutron_lib.callbacks.manager [None req-08bc2bef-066b-43bc-abc2-f5bd5bbf1fcb None None] Subscribe: > port after_update 55550000, False {{(pid=101917) subscribe /opt/stack/data/venv/lib/python3.12/site-packages/neutron_lib/callbacks/manager.py:52}}
Apr 02 13:03:20.328641 np0000162929 devstack@neutron-api.service[101917]: DEBUG neutron_lib.callbacks.manager [None req-08bc2bef-066b-43bc-abc2-f5bd5bbf1fcb None None] Subscribe: > port after_delete 55550000, False {{(pid=101917) subscribe /opt/stack/data/venv/lib/python3.12/site-packages/neutron_lib/callbacks/manager.py:52}}
Apr 02 13:03:20.328668 np0000162929 devstack@neutron-api.service[101918]: DEBUG neutron.api.extensions [None req-cad47729-bbd2-414e-8070-b67539086165 None None] Ext name="agent" alias="agent" description="The agent management extension." updated="2013-02-03T10:00:00-00:00" {{(pid=101918) _check_extension /opt/stack/neutron/neutron/api/extensions.py:415}}
Apr 02 13:03:20.328937 np0000162929 devstack@neutron-api.service[101917]: DEBUG neutron_lib.callbacks.manager [None req-08bc2bef-066b-43bc-abc2-f5bd5bbf1fcb None None] Subscribe: > subnet after_create 55550000, False {{(pid=101917) subscribe /opt/stack/data/venv/lib/python3.12/site-packages/neutron_lib/callbacks/manager.py:52}}
Apr 02 13:03:20.329534 np0000162929 devstack@neutron-api.service[101918]: INFO neutron.api.extensions [None req-cad47729-bbd2-414e-8070-b67539086165 None None] Loaded extension: agent
Apr 02 13:03:20.329771 np0000162929 devstack@neutron-api.service[101917]: DEBUG neutron_lib.callbacks.manager [None req-08bc2bef-066b-43bc-abc2-f5bd5bbf1fcb None None] Subscribe: > subnet after_update 55550000, False {{(pid=101917) subscribe /opt/stack/data/venv/lib/python3.12/site-packages/neutron_lib/callbacks/manager.py:52}}
Apr 02 13:03:20.329856 np0000162929 devstack@neutron-api.service[101918]: DEBUG neutron.api.extensions [None req-cad47729-bbd2-414e-8070-b67539086165 None None] Loading extension file: agent_resources_synced.py {{(pid=101918) _load_all_extensions_from_path /opt/stack/neutron/neutron/api/extensions.py:449}}
Apr 02 13:03:20.329916 np0000162929 devstack@neutron-api.service[101917]: DEBUG neutron_lib.callbacks.manager [None req-08bc2bef-066b-43bc-abc2-f5bd5bbf1fcb None None] Subscribe: > subnet after_delete 55550000, False {{(pid=101917) subscribe /opt/stack/data/venv/lib/python3.12/site-packages/neutron_lib/callbacks/manager.py:52}}
Apr 02 13:03:20.329916 np0000162929 devstack@neutron-api.service[101917]: DEBUG neutron_lib.callbacks.manager [None req-08bc2bef-066b-43bc-abc2-f5bd5bbf1fcb None None] Subscribe: > network after_create 55550000, False {{(pid=101917) subscribe /opt/stack/data/venv/lib/python3.12/site-packages/neutron_lib/callbacks/manager.py:52}}
Apr 02 13:03:20.329916 np0000162929 devstack@neutron-api.service[101917]: DEBUG neutron_lib.callbacks.manager [None req-08bc2bef-066b-43bc-abc2-f5bd5bbf1fcb None None] Subscribe: > network after_update 55550000, False {{(pid=101917) subscribe /opt/stack/data/venv/lib/python3.12/site-packages/neutron_lib/callbacks/manager.py:52}}
Apr 02 13:03:20.330061 np0000162929 devstack@neutron-api.service[101918]: DEBUG neutron.api.extensions [None req-cad47729-bbd2-414e-8070-b67539086165 None None] Ext name="Agent's Resource View Synced to Placement" alias="agent-resources-synced" description="Stores success/failure of last sync to Placement" updated="2018-12-19T00:00:00-00:00" {{(pid=101918) _check_extension /opt/stack/neutron/neutron/api/extensions.py:415}}
Apr 02 13:03:20.330088 np0000162929 devstack@neutron-api.service[101917]: DEBUG neutron_lib.callbacks.manager [None req-08bc2bef-066b-43bc-abc2-f5bd5bbf1fcb None None] Subscribe: > network after_delete 55550000, False {{(pid=101917) subscribe /opt/stack/data/venv/lib/python3.12/site-packages/neutron_lib/callbacks/manager.py:52}}
Apr 02 13:03:20.330088 np0000162929 devstack@neutron-api.service[101917]: DEBUG neutron_lib.callbacks.manager [None req-08bc2bef-066b-43bc-abc2-f5bd5bbf1fcb None None] Subscribe: > security_group after_create 55550000, False {{(pid=101917) subscribe /opt/stack/data/venv/lib/python3.12/site-packages/neutron_lib/callbacks/manager.py:52}}
Apr 02 13:03:20.330165 np0000162929 devstack@neutron-api.service[101918]: INFO neutron.api.extensions [None req-cad47729-bbd2-414e-8070-b67539086165 None None] Extension agent-resources-synced not supported by any of loaded plugins
Apr 02 13:03:20.330187 np0000162929 devstack@neutron-api.service[101917]: DEBUG neutron_lib.callbacks.manager [None req-08bc2bef-066b-43bc-abc2-f5bd5bbf1fcb None None] Subscribe: > security_group after_update 55550000, False {{(pid=101917) subscribe /opt/stack/data/venv/lib/python3.12/site-packages/neutron_lib/callbacks/manager.py:52}}
Apr 02 13:03:20.330215 np0000162929 devstack@neutron-api.service[101918]: DEBUG neutron.api.extensions [None req-cad47729-bbd2-414e-8070-b67539086165 None None] Loading extension file: allowedaddresspairs.py {{(pid=101918) _load_all_extensions_from_path /opt/stack/neutron/neutron/api/extensions.py:449}}
Apr 02 13:03:20.330242 np0000162929 devstack@neutron-api.service[101917]: DEBUG neutron_lib.callbacks.manager [None req-08bc2bef-066b-43bc-abc2-f5bd5bbf1fcb None None] Subscribe: > security_group after_delete 55550000, False {{(pid=101917) subscribe /opt/stack/data/venv/lib/python3.12/site-packages/neutron_lib/callbacks/manager.py:52}}
Apr 02 13:03:20.330242 np0000162929 devstack@neutron-api.service[101917]: DEBUG neutron_lib.callbacks.manager [None req-08bc2bef-066b-43bc-abc2-f5bd5bbf1fcb None None] Subscribe: > security_group_rule after_create 55550000, False {{(pid=101917) subscribe /opt/stack/data/venv/lib/python3.12/site-packages/neutron_lib/callbacks/manager.py:52}}
Apr 02 13:03:20.330242 np0000162929 devstack@neutron-api.service[101917]: DEBUG neutron_lib.callbacks.manager [None req-08bc2bef-066b-43bc-abc2-f5bd5bbf1fcb None None] Subscribe: > security_group_rule after_update 55550000, False {{(pid=101917) subscribe /opt/stack/data/venv/lib/python3.12/site-packages/neutron_lib/callbacks/manager.py:52}}
Apr 02 13:03:20.330242 np0000162929 devstack@neutron-api.service[101917]: DEBUG neutron_lib.callbacks.manager [None req-08bc2bef-066b-43bc-abc2-f5bd5bbf1fcb None None] Subscribe: > security_group_rule after_delete 55550000, False {{(pid=101917) subscribe /opt/stack/data/venv/lib/python3.12/site-packages/neutron_lib/callbacks/manager.py:52}}
Apr 02 13:03:20.330385 np0000162929 devstack@neutron-api.service[101917]: DEBUG neutron_lib.callbacks.manager [None req-08bc2bef-066b-43bc-abc2-f5bd5bbf1fcb None None] Subscribe: > address_group after_create 55550000, False {{(pid=101917) subscribe /opt/stack/data/venv/lib/python3.12/site-packages/neutron_lib/callbacks/manager.py:52}}
Apr 02 13:03:20.330385 np0000162929 devstack@neutron-api.service[101917]: DEBUG neutron_lib.callbacks.manager [None req-08bc2bef-066b-43bc-abc2-f5bd5bbf1fcb None None] Subscribe: > address_group after_update 55550000, False {{(pid=101917) subscribe /opt/stack/data/venv/lib/python3.12/site-packages/neutron_lib/callbacks/manager.py:52}}
Apr 02 13:03:20.330516 np0000162929 devstack@neutron-api.service[101918]: DEBUG neutron.api.extensions [None req-cad47729-bbd2-414e-8070-b67539086165 None None] Ext name="Allowed Address Pairs" alias="allowed-address-pairs" description="Provides allowed address pairs" updated="2013-07-23T10:00:00-00:00" {{(pid=101918) _check_extension /opt/stack/neutron/neutron/api/extensions.py:415}}
Apr 02 13:03:20.330723 np0000162929 devstack@neutron-api.service[101917]: DEBUG neutron_lib.callbacks.manager [None req-08bc2bef-066b-43bc-abc2-f5bd5bbf1fcb None None] Subscribe: > address_group after_delete 55550000, False {{(pid=101917) subscribe /opt/stack/data/venv/lib/python3.12/site-packages/neutron_lib/callbacks/manager.py:52}}
Apr 02 13:03:20.330723 np0000162929 devstack@neutron-api.service[101917]: DEBUG neutron.plugins.ml2.ovo_rpc [None req-08bc2bef-066b-43bc-abc2-f5bd5bbf1fcb None None] ML2 OVO RPC backend initialized. {{(pid=101917) __init__ /opt/stack/neutron/neutron/plugins/ml2/ovo_rpc.py:117}}
Apr 02 13:03:20.330969 np0000162929 devstack@neutron-api.service[101918]: INFO neutron.api.extensions [None req-cad47729-bbd2-414e-8070-b67539086165 None None] Loaded extension: allowed-address-pairs
Apr 02 13:03:20.330969 np0000162929 devstack@neutron-api.service[101918]: DEBUG neutron.api.extensions [None req-cad47729-bbd2-414e-8070-b67539086165 None None] Loading extension file: auto_allocated_topology.py {{(pid=101918) _load_all_extensions_from_path /opt/stack/neutron/neutron/api/extensions.py:449}}
Apr 02 13:03:20.330969 np0000162929 devstack@neutron-api.service[101918]: DEBUG neutron.api.extensions [None req-cad47729-bbd2-414e-8070-b67539086165 None None] Ext name="Auto Allocated Topology Services" alias="auto-allocated-topology" description="Auto Allocated Topology Services." updated="2016-01-01T00:00:00-00:00" {{(pid=101918) _check_extension /opt/stack/neutron/neutron/api/extensions.py:415}}
Apr 02 13:03:20.330969 np0000162929 devstack@neutron-api.service[101918]: INFO neutron.api.extensions [None req-cad47729-bbd2-414e-8070-b67539086165 None None] Loaded extension: auto-allocated-topology
Apr 02 13:03:20.330969 np0000162929 devstack@neutron-api.service[101918]: DEBUG neutron.api.extensions [None req-cad47729-bbd2-414e-8070-b67539086165 None None] Loading extension file: availability_zone.py {{(pid=101918) _load_all_extensions_from_path /opt/stack/neutron/neutron/api/extensions.py:449}}
Apr 02 13:03:20.331415 np0000162929 devstack@neutron-api.service[101917]: INFO neutron.quota [None req-08bc2bef-066b-43bc-abc2-f5bd5bbf1fcb None None] Loaded quota_driver: .
Apr 02 13:03:20.331415 np0000162929 devstack@neutron-api.service[101917]: INFO neutron.plugins.ml2.plugin [None req-08bc2bef-066b-43bc-abc2-f5bd5bbf1fcb None None] Modular L2 Plugin initialization complete
Apr 02 13:03:20.331743 np0000162929 devstack@neutron-api.service[101918]: DEBUG neutron.api.extensions [None req-cad47729-bbd2-414e-8070-b67539086165 None None] Ext name="Availability Zone" alias="availability_zone" description="The availability zone extension." updated="2015-01-01T10:00:00-00:00" {{(pid=101918) _check_extension /opt/stack/neutron/neutron/api/extensions.py:415}}
Apr 02 13:03:20.331959 np0000162929 devstack@neutron-api.service[101917]: DEBUG neutron.manager [None req-08bc2bef-066b-43bc-abc2-f5bd5bbf1fcb None None] Loading services supported by the core plugin {{(pid=101917) _load_services_from_core_plugin /opt/stack/neutron/neutron/manager.py:170}}
Apr 02 13:03:20.332094 np0000162929 devstack@neutron-api.service[101918]: INFO neutron.api.extensions [None req-cad47729-bbd2-414e-8070-b67539086165 None None] Loaded extension: availability_zone
Apr 02 13:03:20.332243 np0000162929 devstack@neutron-api.service[101917]: INFO neutron.plugins.ml2.managers [None req-08bc2bef-066b-43bc-abc2-f5bd5bbf1fcb None None] Got port-security extension from driver 'port_security'
Apr 02 13:03:20.332395 np0000162929 devstack@neutron-api.service[101918]: DEBUG neutron.api.extensions [None req-cad47729-bbd2-414e-8070-b67539086165 None None] Loading extension file: availability_zone_filter.py {{(pid=101918) _load_all_extensions_from_path /opt/stack/neutron/neutron/api/extensions.py:449}}
Apr 02 13:03:20.332535 np0000162929 devstack@neutron-api.service[101917]: DEBUG neutron.manager [None req-08bc2bef-066b-43bc-abc2-f5bd5bbf1fcb None None] Loading service plugins: ['ovn-router', 'auto_allocate', 'tag', 'timestamp', 'network_ip_availability', 'flavors', 'revisions'] {{(pid=101917) _load_service_plugins /opt/stack/neutron/neutron/manager.py:195}}
Apr 02 13:03:20.332630 np0000162929 devstack@neutron-api.service[101918]: DEBUG neutron.api.extensions [None req-cad47729-bbd2-414e-8070-b67539086165 None None] Ext name="Availability Zone Filter Extension" alias="availability_zone_filter" description="Add filter parameters to AvailabilityZone resource" updated="2018-06-22T10:00:00-00:00" {{(pid=101918) _check_extension /opt/stack/neutron/neutron/api/extensions.py:415}}
Apr 02 13:03:20.332765 np0000162929 devstack@neutron-api.service[101917]: INFO neutron.manager [None req-08bc2bef-066b-43bc-abc2-f5bd5bbf1fcb None None] Loading Plugin: ovn-router
Apr 02 13:03:20.332826 np0000162929 devstack@neutron-api.service[101918]: INFO neutron.api.extensions [None req-cad47729-bbd2-414e-8070-b67539086165 None None] Extension availability_zone_filter not supported by any of loaded plugins
Apr 02 13:03:20.332826 np0000162929 devstack@neutron-api.service[101918]: DEBUG neutron.api.extensions [None req-cad47729-bbd2-414e-8070-b67539086165 None None] Loading extension file: data_plane_status.py {{(pid=101918) _load_all_extensions_from_path /opt/stack/neutron/neutron/api/extensions.py:449}}
Apr 02 13:03:20.332826 np0000162929 devstack@neutron-api.service[101918]: DEBUG neutron.api.extensions [None req-cad47729-bbd2-414e-8070-b67539086165 None None] Ext name="Port data plane status extension" alias="data-plane-status" description="Expose status of underlying data plane" updated="2017-01-24T10:00:00-00:00" {{(pid=101918) _check_extension /opt/stack/neutron/neutron/api/extensions.py:415}}
Apr 02 13:03:20.332826 np0000162929 devstack@neutron-api.service[101918]: INFO neutron.api.extensions [None req-cad47729-bbd2-414e-8070-b67539086165 None None] Extension data-plane-status not supported by any of loaded plugins
Apr 02 13:03:20.332826 np0000162929 devstack@neutron-api.service[101918]: DEBUG neutron.api.extensions [None req-cad47729-bbd2-414e-8070-b67539086165 None None] Loading extension file: default_subnetpools.py {{(pid=101918) _load_all_extensions_from_path /opt/stack/neutron/neutron/api/extensions.py:449}}
Apr 02 13:03:20.332826 np0000162929 devstack@neutron-api.service[101918]: DEBUG neutron.api.extensions [None req-cad47729-bbd2-414e-8070-b67539086165 None None] Ext name="Default Subnetpools" alias="default-subnetpools" description="Provides ability to mark and use a subnetpool as the default." updated="2016-02-18T18:00:00-00:00" {{(pid=101918) _check_extension /opt/stack/neutron/neutron/api/extensions.py:415}}
Apr 02 13:03:20.332826 np0000162929 devstack@neutron-api.service[101918]: INFO neutron.api.extensions [None req-cad47729-bbd2-414e-8070-b67539086165 None None] Loaded extension: default-subnetpools
Apr 02 13:03:20.333005 np0000162929 devstack@neutron-api.service[101918]: DEBUG neutron.api.extensions [None req-cad47729-bbd2-414e-8070-b67539086165 None None] Loading extension file: dhcpagentscheduler.py {{(pid=101918) _load_all_extensions_from_path /opt/stack/neutron/neutron/api/extensions.py:449}}
Apr 02 13:03:20.333129 np0000162929 devstack@neutron-api.service[101918]: DEBUG neutron.api.extensions [None req-cad47729-bbd2-414e-8070-b67539086165 None None] Ext name="DHCP Agent Scheduler" alias="dhcp_agent_scheduler" description="Schedule networks among dhcp agents" updated="2013-02-07T10:00:00-00:00" {{(pid=101918) _check_extension /opt/stack/neutron/neutron/api/extensions.py:415}}
Apr 02 13:03:20.333355 np0000162929 devstack@neutron-api.service[101918]: INFO neutron.api.extensions [None req-cad47729-bbd2-414e-8070-b67539086165 None None] Loaded extension: dhcp_agent_scheduler
Apr 02 13:03:20.333450 np0000162929 devstack@neutron-api.service[101918]: DEBUG neutron.api.extensions [None req-cad47729-bbd2-414e-8070-b67539086165 None None] Loading extension file: dns.py {{(pid=101918) _load_all_extensions_from_path /opt/stack/neutron/neutron/api/extensions.py:449}}
Apr 02 13:03:20.333685 np0000162929 devstack@neutron-api.service[101918]: DEBUG neutron.api.extensions [None req-cad47729-bbd2-414e-8070-b67539086165 None None] Ext name="DNS Integration" alias="dns-integration" description="Provides integration with DNS." updated="2015-08-15T18:00:00-00:00" {{(pid=101918) _check_extension /opt/stack/neutron/neutron/api/extensions.py:415}}
Apr 02 13:03:20.333844 np0000162929 devstack@neutron-api.service[101918]: INFO neutron.api.extensions [None req-cad47729-bbd2-414e-8070-b67539086165 None None] Loaded extension: dns-integration
Apr 02 13:03:20.333844 np0000162929 devstack@neutron-api.service[101918]: DEBUG neutron.api.extensions [None req-cad47729-bbd2-414e-8070-b67539086165 None None] Loading extension file: dns_domain_ports.py {{(pid=101918) _load_all_extensions_from_path /opt/stack/neutron/neutron/api/extensions.py:449}}
Apr 02 13:03:20.334067 np0000162929 devstack@neutron-api.service[101918]: DEBUG neutron.api.extensions [None req-cad47729-bbd2-414e-8070-b67539086165 None None] Ext name="dns_domain for ports" alias="dns-domain-ports" description="Allows the DNS domain to be specified for a network port." updated="2017-04-24T10:00:00-00:00" {{(pid=101918) _check_extension /opt/stack/neutron/neutron/api/extensions.py:415}}
Apr 02 13:03:20.334234 np0000162929 devstack@neutron-api.service[101918]: INFO neutron.api.extensions [None req-cad47729-bbd2-414e-8070-b67539086165 None None] Loaded extension: dns-domain-ports
Apr 02 13:03:20.334321 np0000162929 devstack@neutron-api.service[101918]: DEBUG neutron.api.extensions [None req-cad47729-bbd2-414e-8070-b67539086165 None None] Loading extension file: dns_integration_domain_keywords.py {{(pid=101918) _load_all_extensions_from_path /opt/stack/neutron/neutron/api/extensions.py:449}}
Apr 02 13:03:20.334547 np0000162929 devstack@neutron-api.service[101918]: DEBUG neutron.api.extensions [None req-cad47729-bbd2-414e-8070-b67539086165 None None] Ext name="DNS domain names with keywords allowed" alias="dns-integration-domain-keywords" description="Allows to use keywords like , , and as DNS domain name" updated="2020-06-15T18:00:00-00:00" {{(pid=101918) _check_extension /opt/stack/neutron/neutron/api/extensions.py:415}}
Apr 02 13:03:20.334718 np0000162929 devstack@neutron-api.service[101918]: INFO neutron.api.extensions [None req-cad47729-bbd2-414e-8070-b67539086165 None None] Loaded extension: dns-integration-domain-keywords
Apr 02 13:03:20.334800 np0000162929 devstack@neutron-api.service[101918]: DEBUG neutron.api.extensions [None req-cad47729-bbd2-414e-8070-b67539086165 None None] Loading extension file: dvr.py {{(pid=101918) _load_all_extensions_from_path /opt/stack/neutron/neutron/api/extensions.py:449}}
Apr 02 13:03:20.335069 np0000162929 devstack@neutron-api.service[101918]: DEBUG neutron.api.extensions [None req-cad47729-bbd2-414e-8070-b67539086165 None None] Ext name="Distributed Virtual Router" alias="dvr" description="Enables configuration of Distributed Virtual Routers." updated="2014-06-1T10:00:00-00:00" {{(pid=101918) _check_extension /opt/stack/neutron/neutron/api/extensions.py:415}}
Apr 02 13:03:20.335234 np0000162929 devstack@neutron-api.service[101918]: INFO neutron.api.extensions [None req-cad47729-bbd2-414e-8070-b67539086165 None None] Extension dvr not supported by any of loaded plugins
Apr 02 13:03:20.335322 np0000162929 devstack@neutron-api.service[101918]: DEBUG neutron.api.extensions [None req-cad47729-bbd2-414e-8070-b67539086165 None None] Loading extension file: ecmp_routes.py {{(pid=101918) _load_all_extensions_from_path /opt/stack/neutron/neutron/api/extensions.py:449}}
Apr 02 13:03:20.335546 np0000162929 devstack@neutron-api.service[101918]: DEBUG neutron.api.extensions [None req-cad47729-bbd2-414e-8070-b67539086165 None None] Ext name="Equal Cost Multipath Routing" alias="ecmp_routes" description="Allows traffic to reach thesame destination via multiple different links " updated="2020-11-26T18:00:00-00:00" {{(pid=101918) _check_extension /opt/stack/neutron/neutron/api/extensions.py:415}}
Apr 02 13:03:20.335727 np0000162929 devstack@neutron-api.service[101918]: INFO neutron.api.extensions [None req-cad47729-bbd2-414e-8070-b67539086165 None None] Extension ecmp_routes not supported by any of loaded plugins
Apr 02 13:03:20.335813 np0000162929 devstack@neutron-api.service[101918]: DEBUG neutron.api.extensions [None req-cad47729-bbd2-414e-8070-b67539086165 None None] Loading extension file: empty_string_filtering.py {{(pid=101918) _load_all_extensions_from_path /opt/stack/neutron/neutron/api/extensions.py:449}}
Apr 02 13:03:20.336056 np0000162929 devstack@neutron-api.service[101918]: DEBUG neutron.api.extensions [None req-cad47729-bbd2-414e-8070-b67539086165 None None] Ext name="Empty String Filtering Extension" alias="empty-string-filtering" description="Allow filtering by attributes with empty string value" updated="2018-05-01T10:00:00-00:00" {{(pid=101918) _check_extension /opt/stack/neutron/neutron/api/extensions.py:415}}
Apr 02 13:03:20.336222 np0000162929 devstack@neutron-api.service[101918]: INFO neutron.api.extensions [None req-cad47729-bbd2-414e-8070-b67539086165 None None] Loaded extension: empty-string-filtering
Apr 02 13:03:20.336306 np0000162929 devstack@neutron-api.service[101918]: DEBUG neutron.api.extensions [None req-cad47729-bbd2-414e-8070-b67539086165 None None] Loading extension file: expose_l3_conntrack_helper.py {{(pid=101918) _load_all_extensions_from_path /opt/stack/neutron/neutron/api/extensions.py:449}}
Apr 02 13:03:20.336529 np0000162929 devstack@neutron-api.service[101918]: DEBUG neutron.api.extensions [None req-cad47729-bbd2-414e-8070-b67539086165 None None] Ext name="Expose CT target rules for conntrack helper" alias="expose-l3-conntrack-helper" description="Expose allow adding CT target rules for conntrack helper" updated="2019-04-04T10:00:00-00:00" {{(pid=101918) _check_extension /opt/stack/neutron/neutron/api/extensions.py:415}}
Apr 02 13:03:20.336692 np0000162929 devstack@neutron-api.service[101918]: INFO neutron.api.extensions [None req-cad47729-bbd2-414e-8070-b67539086165 None None] Extension expose-l3-conntrack-helper not supported by any of loaded plugins
Apr 02 13:03:20.336778 np0000162929 devstack@neutron-api.service[101918]: DEBUG neutron.api.extensions [None req-cad47729-bbd2-414e-8070-b67539086165 None None] Loading extension file: expose_port_forwarding_in_fip.py {{(pid=101918) _load_all_extensions_from_path /opt/stack/neutron/neutron/api/extensions.py:449}}
Apr 02 13:03:20.337018 np0000162929 devstack@neutron-api.service[101918]: DEBUG neutron.api.extensions [None req-cad47729-bbd2-414e-8070-b67539086165 None None] Ext name="Expose Floating IP port forwardings" alias="expose-port-forwarding-in-fip" description="Expose port forwarding fields in floating IP response" updated="2018-06-28T16:00:00-00:00" {{(pid=101918) _check_extension /opt/stack/neutron/neutron/api/extensions.py:415}}
Apr 02 13:03:20.337181 np0000162929 devstack@neutron-api.service[101918]: INFO neutron.api.extensions [None req-cad47729-bbd2-414e-8070-b67539086165 None None] Extension expose-port-forwarding-in-fip not supported by any of loaded plugins
Apr 02 13:03:20.337268 np0000162929 devstack@neutron-api.service[101918]: DEBUG neutron.api.extensions [None req-cad47729-bbd2-414e-8070-b67539086165 None None] Loading extension file: external_net.py {{(pid=101918) _load_all_extensions_from_path /opt/stack/neutron/neutron/api/extensions.py:449}}
Apr 02 13:03:20.337690 np0000162929 devstack@neutron-api.service[101918]: DEBUG neutron.api.extensions [None req-cad47729-bbd2-414e-8070-b67539086165 None None] Ext name="Neutron external network" alias="external-net" description="Adds external network attribute to network resource." updated="2013-01-14T10:00:00-00:00" {{(pid=101918) _check_extension /opt/stack/neutron/neutron/api/extensions.py:415}}
Apr 02 13:03:20.337849 np0000162929 devstack@neutron-api.service[101918]: INFO neutron.api.extensions [None req-cad47729-bbd2-414e-8070-b67539086165 None None] Loaded extension: external-net
Apr 02 13:03:20.337922 np0000162929 devstack@neutron-api.service[101918]: DEBUG neutron.api.extensions [None req-cad47729-bbd2-414e-8070-b67539086165 None None] Loading extension file: extra_dhcp_opt.py {{(pid=101918) _load_all_extensions_from_path /opt/stack/neutron/neutron/api/extensions.py:449}}
Apr 02 13:03:20.338165 np0000162929 devstack@neutron-api.service[101918]: DEBUG neutron.api.extensions [None req-cad47729-bbd2-414e-8070-b67539086165 None None] Ext name="Neutron Extra DHCP options" alias="extra_dhcp_opt" description="Extra options configuration for DHCP. For example PXE boot options to DHCP clients can be specified (e.g. tftp-server, server-ip-address, bootfile-name)" updated="2013-03-17T12:00:00-00:00" {{(pid=101918) _check_extension /opt/stack/neutron/neutron/api/extensions.py:415}}
Apr 02 13:03:20.338334 np0000162929 devstack@neutron-api.service[101918]: INFO neutron.api.extensions [None req-cad47729-bbd2-414e-8070-b67539086165 None None] Loaded extension: extra_dhcp_opt
Apr 02 13:03:20.338414 np0000162929 devstack@neutron-api.service[101918]: DEBUG neutron.api.extensions [None req-cad47729-bbd2-414e-8070-b67539086165 None None] Loading extension file: extraroute.py {{(pid=101918) _load_all_extensions_from_path /opt/stack/neutron/neutron/api/extensions.py:449}}
Apr 02 13:03:20.338642 np0000162929 devstack@neutron-api.service[101918]: DEBUG neutron.api.extensions [None req-cad47729-bbd2-414e-8070-b67539086165 None None] Ext name="Neutron Extra Route" alias="extraroute" description="Extra routes configuration for L3 router" updated="2013-02-01T10:00:00-00:00" {{(pid=101918) _check_extension /opt/stack/neutron/neutron/api/extensions.py:415}}
Apr 02 13:03:20.338816 np0000162929 devstack@neutron-api.service[101918]: INFO neutron.api.extensions [None req-cad47729-bbd2-414e-8070-b67539086165 None None] Loaded extension: extraroute
Apr 02 13:03:20.338889 np0000162929 devstack@neutron-api.service[101918]: DEBUG neutron.api.extensions [None req-cad47729-bbd2-414e-8070-b67539086165 None None] Loading extension file: extraroute_atomic.py {{(pid=101918) _load_all_extensions_from_path /opt/stack/neutron/neutron/api/extensions.py:449}}
Apr 02 13:03:20.339145 np0000162929 devstack@neutron-api.service[101918]: DEBUG neutron.api.extensions [None req-cad47729-bbd2-414e-8070-b67539086165 None None] Ext name="Atomically add/remove extra routes" alias="extraroute-atomic" description="Edit extra routes of a router on server side by atomically adding/removing extra routes" updated="2019-07-10T00:00:00+00:00" {{(pid=101918) _check_extension /opt/stack/neutron/neutron/api/extensions.py:415}}
Apr 02 13:03:20.339307 np0000162929 devstack@neutron-api.service[101918]: INFO neutron.api.extensions [None req-cad47729-bbd2-414e-8070-b67539086165 None None] Loaded extension: extraroute-atomic
Apr 02 13:03:20.339393 np0000162929 devstack@neutron-api.service[101918]: DEBUG neutron.api.extensions [None req-cad47729-bbd2-414e-8070-b67539086165 None None] Loading extension file: filter_validation.py {{(pid=101918) _load_all_extensions_from_path /opt/stack/neutron/neutron/api/extensions.py:449}}
Apr 02 13:03:20.339640 np0000162929 devstack@neutron-api.service[101918]: DEBUG neutron.api.extensions [None req-cad47729-bbd2-414e-8070-b67539086165 None None] Ext name="Filter parameters validation" alias="filter-validation" description="Provides validation on filter parameters." updated="2018-07-04T10:00:00-00:00" {{(pid=101918) _check_extension /opt/stack/neutron/neutron/api/extensions.py:415}}
Apr 02 13:03:20.339802 np0000162929 devstack@neutron-api.service[101918]: INFO neutron.api.extensions [None req-cad47729-bbd2-414e-8070-b67539086165 None None] Loaded extension: filter-validation
Apr 02 13:03:20.339891 np0000162929 devstack@neutron-api.service[101918]: DEBUG neutron.api.extensions [None req-cad47729-bbd2-414e-8070-b67539086165 None None] Loading extension file: fip_pf_description.py {{(pid=101918) _load_all_extensions_from_path /opt/stack/neutron/neutron/api/extensions.py:449}}
Apr 02 13:03:20.340129 np0000162929 devstack@neutron-api.service[101918]: DEBUG neutron.api.extensions [None req-cad47729-bbd2-414e-8070-b67539086165 None None] Ext name="Floating IP Port Forwarding new attribute description" alias="floating-ip-port-forwarding-description" description="Add a description field to Port Forwarding rules" updated="2019-11-01T10:00:00-00:00" {{(pid=101918) _check_extension /opt/stack/neutron/neutron/api/extensions.py:415}}
Apr 02 13:03:20.340323 np0000162929 devstack@neutron-api.service[101918]: INFO neutron.api.extensions [None req-cad47729-bbd2-414e-8070-b67539086165 None None] Extension floating-ip-port-forwarding-description not supported by any of loaded plugins
Apr 02 13:03:20.340369 np0000162929 devstack@neutron-api.service[101918]: DEBUG neutron.api.extensions [None req-cad47729-bbd2-414e-8070-b67539086165 None None] Loading extension file: fip_pf_detail.py {{(pid=101918) _load_all_extensions_from_path /opt/stack/neutron/neutron/api/extensions.py:449}}
Apr 02 13:03:20.340488 np0000162929 devstack@neutron-api.service[101916]: INFO neutron.plugins.ml2.drivers.type_vlan [None req-a9d4bd45-1f90-490c-b38e-b4472e4e75b2 None None] VlanTypeDriver initialization complete
Apr 02 13:03:20.340720 np0000162929 devstack@neutron-api.service[101918]: DEBUG neutron.api.extensions [None req-cad47729-bbd2-414e-8070-b67539086165 None None] Ext name="Floating IP port forwarding detail" alias="floating-ip-port-forwarding-detail" description="Allow list floating ip return more port forwarding data, include'id' and 'internal_port_id'" updated="2022-05-06T10:00:00-00:00" {{(pid=101918) _check_extension /opt/stack/neutron/neutron/api/extensions.py:415}}
Apr 02 13:03:20.340761 np0000162929 devstack@neutron-api.service[101916]: INFO neutron.plugins.ml2.managers [None req-a9d4bd45-1f90-490c-b38e-b4472e4e75b2 None None] Initializing extension driver 'port_security'
Apr 02 13:03:20.340761 np0000162929 devstack@neutron-api.service[101916]: INFO neutron.plugins.ml2.extensions.port_security [None req-a9d4bd45-1f90-490c-b38e-b4472e4e75b2 None None] PortSecurityExtensionDriver initialization complete
Apr 02 13:03:20.340816 np0000162929 devstack@neutron-api.service[101918]: INFO neutron.api.extensions [None req-cad47729-bbd2-414e-8070-b67539086165 None None] Loaded extension: floating-ip-port-forwarding-detail
Apr 02 13:03:20.340842 np0000162929 devstack@neutron-api.service[101916]: INFO neutron.plugins.ml2.managers [None req-a9d4bd45-1f90-490c-b38e-b4472e4e75b2 None None] Initializing extension driver 'qos'
Apr 02 13:03:20.340868 np0000162929 devstack@neutron-api.service[101918]: DEBUG neutron.api.extensions [None req-cad47729-bbd2-414e-8070-b67539086165 None None] Loading extension file: fip_pf_port_range.py {{(pid=101918) _load_all_extensions_from_path /opt/stack/neutron/neutron/api/extensions.py:449}}
Apr 02 13:03:20.340921 np0000162929 devstack@neutron-api.service[101916]: DEBUG neutron.plugins.ml2.extensions.qos [None req-a9d4bd45-1f90-490c-b38e-b4472e4e75b2 None None] QosExtensionDriver initialization complete {{(pid=101916) initialize /opt/stack/neutron/neutron/plugins/ml2/extensions/qos.py:31}}
Apr 02 13:03:20.341004 np0000162929 devstack@neutron-api.service[101917]: DEBUG neutron_lib.callbacks.manager [None req-08bc2bef-066b-43bc-abc2-f5bd5bbf1fcb None None] Subscribe: > router before_delete 55550000, False {{(pid=101917) subscribe /opt/stack/data/venv/lib/python3.12/site-packages/neutron_lib/callbacks/manager.py:52}}
Apr 02 13:03:20.341064 np0000162929 devstack@neutron-api.service[101916]: INFO neutron.plugins.ml2.managers [None req-a9d4bd45-1f90-490c-b38e-b4472e4e75b2 None None] Initializing mechanism driver 'ovn'
Apr 02 13:03:20.341122 np0000162929 devstack@neutron-api.service[101918]: DEBUG neutron.api.extensions [None req-cad47729-bbd2-414e-8070-b67539086165 None None] Ext name="Floating IP Port Forwarding support port ranges" alias="floating-ip-port-forwarding-port-ranges" description="Add support to port ranges" updated="2020-07-01T10:00:00-00:00" {{(pid=101918) _check_extension /opt/stack/neutron/neutron/api/extensions.py:415}}
Apr 02 13:03:20.341178 np0000162929 devstack@neutron-api.service[101917]: DEBUG neutron_lib.callbacks.manager [None req-08bc2bef-066b-43bc-abc2-f5bd5bbf1fcb None None] Subscribe: port after_update 55550000, False {{(pid=101917) subscribe /opt/stack/data/venv/lib/python3.12/site-packages/neutron_lib/callbacks/manager.py:52}}
Apr 02 13:03:20.341226 np0000162929 devstack@neutron-api.service[101916]: INFO neutron.plugins.ml2.drivers.ovn.mech_driver.mech_driver [None req-a9d4bd45-1f90-490c-b38e-b4472e4e75b2 None None] Starting OVNMechanismDriver
Apr 02 13:03:20.341282 np0000162929 devstack@neutron-api.service[101917]: DEBUG neutron_lib.callbacks.manager [None req-08bc2bef-066b-43bc-abc2-f5bd5bbf1fcb None None] Subscribe: port after_delete 55550000, False {{(pid=101917) subscribe /opt/stack/data/venv/lib/python3.12/site-packages/neutron_lib/callbacks/manager.py:52}}
Apr 02 13:03:20.341353 np0000162929 devstack@neutron-api.service[101918]: INFO neutron.api.extensions [None req-cad47729-bbd2-414e-8070-b67539086165 None None] Extension floating-ip-port-forwarding-port-ranges not supported by any of loaded plugins
Apr 02 13:03:20.341470 np0000162929 devstack@neutron-api.service[101917]: DEBUG neutron_lib.callbacks.manager [None req-08bc2bef-066b-43bc-abc2-f5bd5bbf1fcb None None] Subscribe: subnet after_update 55550000, False {{(pid=101917) subscribe /opt/stack/data/venv/lib/python3.12/site-packages/neutron_lib/callbacks/manager.py:52}}
Apr 02 13:03:20.341510 np0000162929 devstack@neutron-api.service[101918]: DEBUG neutron.api.extensions [None req-cad47729-bbd2-414e-8070-b67539086165 None None] Loading extension file: fip_port_details.py {{(pid=101918) _load_all_extensions_from_path /opt/stack/neutron/neutron/api/extensions.py:449}}
Apr 02 13:03:20.341573 np0000162929 devstack@neutron-api.service[101917]: DEBUG neutron_lib.callbacks.manager [None req-08bc2bef-066b-43bc-abc2-f5bd5bbf1fcb None None] Subscribe: subnetpool_address_scope after_update 55550000, False {{(pid=101917) subscribe /opt/stack/data/venv/lib/python3.12/site-packages/neutron_lib/callbacks/manager.py:52}}
Apr 02 13:03:20.341573 np0000162929 devstack@neutron-api.service[101917]: DEBUG neutron_lib.callbacks.manager [None req-08bc2bef-066b-43bc-abc2-f5bd5bbf1fcb None None] Subscribe: port before_update 55550000, False {{(pid=101917) subscribe /opt/stack/data/venv/lib/python3.12/site-packages/neutron_lib/callbacks/manager.py:52}}
Apr 02 13:03:20.341671 np0000162929 devstack@neutron-api.service[101918]: DEBUG neutron.api.extensions [None req-cad47729-bbd2-414e-8070-b67539086165 None None] Ext name="Floating IP Port Details Extension" alias="fip-port-details" description="Add port_details attribute to Floating IP resource" updated="2018-04-09T10:00:00-00:00" {{(pid=101918) _check_extension /opt/stack/neutron/neutron/api/extensions.py:415}}
Apr 02 13:03:20.341720 np0000162929 devstack@neutron-api.service[101917]: DEBUG neutron_lib.callbacks.manager [None req-08bc2bef-066b-43bc-abc2-f5bd5bbf1fcb None None] Subscribe: port after_update 55550000, False {{(pid=101917) subscribe /opt/stack/data/venv/lib/python3.12/site-packages/neutron_lib/callbacks/manager.py:52}}
Apr 02 13:03:20.341751 np0000162929 devstack@neutron-api.service[101918]: INFO neutron.api.extensions [None req-cad47729-bbd2-414e-8070-b67539086165 None None] Loaded extension: fip-port-details
Apr 02 13:03:20.341775 np0000162929 devstack@neutron-api.service[101917]: DEBUG neutron_lib.callbacks.manager [None req-08bc2bef-066b-43bc-abc2-f5bd5bbf1fcb None None] Subscribe: > port precommit_delete 55550000, False {{(pid=101917) subscribe /opt/stack/data/venv/lib/python3.12/site-packages/neutron_lib/callbacks/manager.py:52}}
Apr 02 13:03:20.341803 np0000162929 devstack@neutron-api.service[101918]: DEBUG neutron.api.extensions [None req-cad47729-bbd2-414e-8070-b67539086165 None None] Loading extension file: flavors.py {{(pid=101918) _load_all_extensions_from_path /opt/stack/neutron/neutron/api/extensions.py:449}}
Apr 02 13:03:20.341828 np0000162929 devstack@neutron-api.service[101917]: DEBUG neutron_lib.callbacks.manager [None req-08bc2bef-066b-43bc-abc2-f5bd5bbf1fcb None None] Subscribe: port before_update 55550000, False {{(pid=101917) subscribe /opt/stack/data/venv/lib/python3.12/site-packages/neutron_lib/callbacks/manager.py:52}}
Apr 02 13:03:20.341919 np0000162929 devstack@neutron-api.service[101917]: DEBUG neutron_lib.callbacks.manager [None req-08bc2bef-066b-43bc-abc2-f5bd5bbf1fcb None None] Subscribe: port before_delete 55550000, False {{(pid=101917) subscribe /opt/stack/data/venv/lib/python3.12/site-packages/neutron_lib/callbacks/manager.py:52}}
Apr 02 13:03:20.342058 np0000162929 devstack@neutron-api.service[101917]: DEBUG neutron_lib.callbacks.manager [None req-08bc2bef-066b-43bc-abc2-f5bd5bbf1fcb None None] Subscribe: > router precommit_create 55550000, False {{(pid=101917) subscribe /opt/stack/data/venv/lib/python3.12/site-packages/neutron_lib/callbacks/manager.py:52}}
Apr 02 13:03:20.342132 np0000162929 devstack@neutron-api.service[101918]: DEBUG neutron.api.extensions [None req-cad47729-bbd2-414e-8070-b67539086165 None None] Ext name="Neutron Service Flavors" alias="flavors" description="Flavor specification for Neutron advanced services." updated="2015-09-17T10:00:00-00:00" {{(pid=101918) _check_extension /opt/stack/neutron/neutron/api/extensions.py:415}}
