2026-05-12 12:40:04.884 9 INFO neutron.services.segments.plugin [-] Segment 5b0ac157-062e-4247-8f06-0952007d685c resource provider not found; error: Placement Client Error (4xx): {"errors": [{"status": 404, "title": "Not Found", "detail": "The resource could not be found.\n\n No resource provider with uuid 5b0ac157-062e-4247-8f06-0952007d685c found for delete ", "request_id": "req-c9dfa6f2-19f4-4f56-b5f4-a0c2f10acb5e"}]}
2026-05-12 12:40:04.894 9 INFO neutron.wsgi [req-0087aba8-896d-47c0-bbe0-3f4c1c4b1625 req-19f14790-0d59-4c68-b636-7bff7bfef83d e326119a2b95487b818c99a3145e043a 3ae3ba7ab3bd42cbba83a45717edbb56 - - 6698cee769d4496ab6a1aaec088ecb18 6698cee769d4496ab6a1aaec088ecb18] 199.19.213.87 "GET /v2.0/ports?network_id=f1c578fb-b708-485a-a9e1-7fdf85973050&device_owner=network%3Adhcp HTTP/1.1" status: 200 len: 210 time: 0.0328228
2026-05-12 12:40:05.007 9 INFO neutron.wsgi [None req-538b79c2-7b46-446a-8613-b25b14c8a086 b13230c76d314e39a0bc164eb4804e90 9925fe606a554717aab6e2d224ef3810 - - - -] 10.0.0.62 "DELETE /v2.0/security-groups/f2293acd-bb16-42f7-ac0c-22aec6f2a875 HTTP/1.1" status: 204 len: 168 time: 0.3760610
2026-05-12 12:40:05.016 9 INFO neutron.wsgi [req-0087aba8-896d-47c0-bbe0-3f4c1c4b1625 req-4b5dc19e-b6be-40c7-b4a1-5c2b6f1ff832 e326119a2b95487b818c99a3145e043a 3ae3ba7ab3bd42cbba83a45717edbb56 - - 6698cee769d4496ab6a1aaec088ecb18 6698cee769d4496ab6a1aaec088ecb18] 199.19.213.87 "GET /v2.0/networks/f1c578fb-b708-485a-a9e1-7fdf85973050?fields=segments HTTP/1.1" status: 200 len: 212 time: 0.0890963
2026-05-12 12:40:05.052 9 INFO neutron.wsgi [None req-4998f3b1-ebb5-4354-be5d-cfd8d312192a b13230c76d314e39a0bc164eb4804e90 9925fe606a554717aab6e2d224ef3810 - - default default] 10.0.0.62 "GET /v2.0/security-groups?tenant_id=57dde8ac6e0d4a808b4e3df287cc2b7c&name=default HTTP/1.1" status: 200 len: 2992 time: 0.0344753
2026-05-12 12:40:05.101 9 INFO neutron.wsgi [req-0087aba8-896d-47c0-bbe0-3f4c1c4b1625 req-4b15e068-6f5b-4a6d-a7e5-3c268322ab41 e326119a2b95487b818c99a3145e043a 3ae3ba7ab3bd42cbba83a45717edbb56 - - 6698cee769d4496ab6a1aaec088ecb18 6698cee769d4496ab6a1aaec088ecb18] 199.19.213.87 "GET /v2.0/networks/f1c578fb-b708-485a-a9e1-7fdf85973050?fields=provider%3Aphysical_network&fields=provider%3Anetwork_type HTTP/1.1" status: 200 len: 277 time: 0.0732605
2026-05-12 12:40:05.160 10 INFO neutron.wsgi [req-7404e986-2c06-4633-babd-72fd966063cd req-6efbc889-e253-41d6-bc03-8787ef99413a 3c6785b742e94c579137931fabb59f09 9236f8b3af2b4f2d842f8d10cd725427 - - default default] 10.0.0.25 "GET /v2.0/ports?device_id=e380755d-393a-4b99-b6ee-5813dd6b285e HTTP/1.1" status: 200 len: 1172 time: 0.1047659
2026-05-12 12:40:05.203 10 INFO neutron.wsgi [req-7404e986-2c06-4633-babd-72fd966063cd req-879ca062-dd65-44ea-b5f4-a6c280a0573b 3c6785b742e94c579137931fabb59f09 9236f8b3af2b4f2d842f8d10cd725427 - - default default] 10.0.0.25 "GET /v2.0/security-groups?id=7f9b7792-4c33-4cf0-a1b0-4e712da982d2&fields=id&fields=name HTTP/1.1" status: 200 len: 312 time: 0.0373924
2026-05-12 12:40:05.208 9 INFO neutron.notifiers.nova [-] Nova event matching ['req-8743cd37-5e0f-41be-b376-8655d68fce4b'] response: {'name': 'network-changed', 'server_uuid': 'e380755d-393a-4b99-b6ee-5813dd6b285e', 'tag': '3d71a36e-99c7-4c3a-8715-741c9d01e41b', 'status': 'completed', 'code': 200}
2026-05-12 12:40:05.269 9 INFO neutron.wsgi [None req-b0604f90-4e42-441c-b108-479c6ee5541e b13230c76d314e39a0bc164eb4804e90 9925fe606a554717aab6e2d224ef3810 - - - -] 10.0.0.62 "DELETE /v2.0/security-groups/edb45f7f-2b59-473d-8b00-e5b4666d04f1 HTTP/1.1" status: 204 len: 168 time: 0.2092004
2026-05-12 12:40:05.323 10 INFO neutron.services.segments.plugin [-] Segment e6b2d347-db56-464a-bd65-18b375707998 resource provider aggregate not found
2026-05-12 12:40:05.345 9 INFO neutron.wsgi [req-20246ddb-cd9a-493a-9998-98bf3407f580 req-2023db8d-7c4a-4f54-a7d8-c15362d15fa3 e326119a2b95487b818c99a3145e043a 3ae3ba7ab3bd42cbba83a45717edbb56 - - 6698cee769d4496ab6a1aaec088ecb18 6698cee769d4496ab6a1aaec088ecb18] 199.19.213.87 "GET /v2.0/ports?tenant_id=9236f8b3af2b4f2d842f8d10cd725427&device_id=e380755d-393a-4b99-b6ee-5813dd6b285e HTTP/1.1" status: 200 len: 1363 time: 0.0328701
2026-05-12 12:40:05.345 10 INFO neutron.services.segments.plugin [-] Segment e6b2d347-db56-464a-bd65-18b375707998 resource provider not found; error: Placement Client Error (4xx): {"errors": [{"status": 404, "title": "Not Found", "detail": "The resource could not be found.\n\n No resource provider with uuid e6b2d347-db56-464a-bd65-18b375707998 found for delete ", "request_id": "req-82461eb5-d312-4239-a393-b6f57393ce7d"}]}
2026-05-12 12:40:05.367 10 INFO neutron.services.segments.plugin [-] Segment e6b2d347-db56-464a-bd65-18b375707998 resource provider aggregate not found
2026-05-12 12:40:05.388 10 INFO neutron.services.segments.plugin [-] Segment e6b2d347-db56-464a-bd65-18b375707998 resource provider not found; error: Placement Client Error (4xx): {"errors": [{"status": 404, "title": "Not Found", "detail": "The resource could not be found.\n\n No resource provider with uuid e6b2d347-db56-464a-bd65-18b375707998 found for delete ", "request_id": "req-435370a2-533e-4752-a7d9-8ad2a896030f"}]}
2026-05-12 12:40:05.433 9 INFO neutron.wsgi [req-20246ddb-cd9a-493a-9998-98bf3407f580 req-1c1b0d8e-0cca-4727-950f-1b627cec2f34 e326119a2b95487b818c99a3145e043a 3ae3ba7ab3bd42cbba83a45717edbb56 - - 6698cee769d4496ab6a1aaec088ecb18 6698cee769d4496ab6a1aaec088ecb18] 199.19.213.87 "GET /v2.0/networks?id=f1c578fb-b708-485a-a9e1-7fdf85973050 HTTP/1.1" status: 200 len: 974 time: 0.0629332
2026-05-12 12:40:05.478 9 INFO neutron.wsgi [req-20246ddb-cd9a-493a-9998-98bf3407f580 req-edcc4c51-cda3-4fbe-a7d8-b95c19c48a64 e326119a2b95487b818c99a3145e043a 3ae3ba7ab3bd42cbba83a45717edbb56 - - 6698cee769d4496ab6a1aaec088ecb18 6698cee769d4496ab6a1aaec088ecb18] 199.19.213.87 "GET /v2.0/floatingips?fixed_ip_address=10.100.0.10&port_id=3d71a36e-99c7-4c3a-8715-741c9d01e41b HTTP/1.1" status: 200 len: 217 time: 0.0419390
2026-05-12 12:40:05.513 9 INFO neutron.wsgi [req-20246ddb-cd9a-493a-9998-98bf3407f580 req-65291a40-cb85-4393-bc47-51f3494a2d68 e326119a2b95487b818c99a3145e043a 3ae3ba7ab3bd42cbba83a45717edbb56 - - 6698cee769d4496ab6a1aaec088ecb18 6698cee769d4496ab6a1aaec088ecb18] 199.19.213.87 "GET /v2.0/subnets?id=099e18ec-ed4e-479a-b4a8-e1ebe73c0109 HTTP/1.1" status: 200 len: 869 time: 0.0312710
2026-05-12 12:40:05.553 9 INFO neutron.wsgi [req-20246ddb-cd9a-493a-9998-98bf3407f580 req-8b4c4fd5-4b55-4a5c-b2db-f63f931f7b7b e326119a2b95487b818c99a3145e043a 3ae3ba7ab3bd42cbba83a45717edbb56 - - 6698cee769d4496ab6a1aaec088ecb18 6698cee769d4496ab6a1aaec088ecb18] 199.19.213.87 "GET /v2.0/ports?network_id=f1c578fb-b708-485a-a9e1-7fdf85973050&device_owner=network%3Adhcp HTTP/1.1" status: 200 len: 210 time: 0.0328379
2026-05-12 12:40:05.624 9 INFO neutron.wsgi [req-20246ddb-cd9a-493a-9998-98bf3407f580 req-d0f1c8f0-b1b2-4f7c-9e43-3baf163d048f e326119a2b95487b818c99a3145e043a 3ae3ba7ab3bd42cbba83a45717edbb56 - - 6698cee769d4496ab6a1aaec088ecb18 6698cee769d4496ab6a1aaec088ecb18] 199.19.213.87 "GET /v2.0/networks/f1c578fb-b708-485a-a9e1-7fdf85973050?fields=segments HTTP/1.1" status: 200 len: 212 time: 0.0635693
2026-05-12 12:40:05.692 9 INFO neutron.wsgi [req-20246ddb-cd9a-493a-9998-98bf3407f580 req-1e5df222-2af7-4af5-8ade-fd00ec242dfa e326119a2b95487b818c99a3145e043a 3ae3ba7ab3bd42cbba83a45717edbb56 - - 6698cee769d4496ab6a1aaec088ecb18 6698cee769d4496ab6a1aaec088ecb18] 199.19.213.87 "GET /v2.0/networks/f1c578fb-b708-485a-a9e1-7fdf85973050?fields=provider%3Aphysical_network&fields=provider%3Anetwork_type HTTP/1.1" status: 200 len: 277 time: 0.0605102
2026-05-12 12:40:06.366 9 INFO neutron.wsgi [req-b6e2bc18-9663-48f5-8c8b-a1a507287ef8 req-2bfac5c6-14b3-4cb7-a097-9900d49accb0 3c6785b742e94c579137931fabb59f09 9236f8b3af2b4f2d842f8d10cd725427 - - default default] 10.0.0.25 "GET /v2.0/ports?device_id=e380755d-393a-4b99-b6ee-5813dd6b285e HTTP/1.1" status: 200 len: 1172 time: 0.0966487
2026-05-12 12:40:06.586 9 INFO neutron.wsgi [req-b6e2bc18-9663-48f5-8c8b-a1a507287ef8 req-4985663b-c4a9-4c30-b03c-5dc2ec1da856 3c6785b742e94c579137931fabb59f09 9236f8b3af2b4f2d842f8d10cd725427 - - default default] 10.0.0.25 "GET /v2.0/security-groups?id=7f9b7792-4c33-4cf0-a1b0-4e712da982d2&fields=id&fields=name HTTP/1.1" status: 200 len: 312 time: 0.2139699
2026-05-12 12:40:06.730 10 INFO neutron.wsgi [-] 10.0.0.39 "GET / HTTP/1.1" status: 200 len: 246 time: 0.0034664
2026-05-12 12:40:06.733 10 INFO neutron.wsgi [-] 10.0.0.39 "GET / HTTP/1.1" status: 200 len: 246 time: 0.0020239
2026-05-12 12:40:07.367 10 INFO neutron.db.ovn_revision_numbers_db [None req-0d483a0b-3f99-4c5e-b966-bae39a79275b b13230c76d314e39a0bc164eb4804e90 9925fe606a554717aab6e2d224ef3810 - - - -] Successfully bumped revision number for resource 51a57eac-f302-41c4-b3f5-f85aaba977c7 (type: security_groups) to 1
2026-05-12 12:40:07.395 9 WARNING neutron.plugins.ml2.drivers.ovn.mech_driver.ovsdb.ovn_client [None req-4ba6a28b-6818-46ea-bc15-6b50507605ee - - - - - -] No hosting information found for port 7404f66d-1b1d-4cab-af8b-c736d92ab16f: RuntimeError: No hosting information found for port 7404f66d-1b1d-4cab-af8b-c736d92ab16f
2026-05-12 12:40:07.407 10 WARNING neutron.plugins.ml2.drivers.ovn.mech_driver.ovsdb.ovn_client [None req-383127f5-ba7c-4158-b285-d8aca818ecbb - - - - - -] No port found with ID 061a0264-0017-4d4a-9651-b47c61bc2de7: RuntimeError: No port found with ID 061a0264-0017-4d4a-9651-b47c61bc2de7
2026-05-12 12:40:07.416 10 INFO neutron.db.segments_db [None req-0d483a0b-3f99-4c5e-b966-bae39a79275b b13230c76d314e39a0bc164eb4804e90 9925fe606a554717aab6e2d224ef3810 - - - -] Added segment 62f4e417-ddc8-401d-b583-1103787d3075 of type geneve for network efce14b5-a8c8-4709-8bc1-e10f5db8c66e
2026-05-12 12:40:07.544 10 INFO neutron.db.ovn_revision_numbers_db [None req-0d483a0b-3f99-4c5e-b966-bae39a79275b b13230c76d314e39a0bc164eb4804e90 9925fe606a554717aab6e2d224ef3810 - - - -] Successfully bumped revision number for resource efce14b5-a8c8-4709-8bc1-e10f5db8c66e (type: networks) to 1
2026-05-12 12:40:07.693 10 INFO neutron.wsgi [req-a1d875e0-766c-4458-937c-79f6638c6ef8 req-3b3b6697-ef61-4af1-af0b-fdf3d66dc125 3c6785b742e94c579137931fabb59f09 9236f8b3af2b4f2d842f8d10cd725427 - - default default] 10.0.0.25 "GET /v2.0/ports?device_id=e380755d-393a-4b99-b6ee-5813dd6b285e HTTP/1.1" status: 200 len: 1172 time: 0.0447073
2026-05-12 12:40:07.741 10 WARNING neutron.scheduler.dhcp_agent_scheduler [None req-0d483a0b-3f99-4c5e-b966-bae39a79275b b13230c76d314e39a0bc164eb4804e90 9925fe606a554717aab6e2d224ef3810 - - - -] No more DHCP agents
2026-05-12 12:40:07.743 10 WARNING neutron.api.rpc.agentnotifiers.dhcp_rpc_agent_api [None req-0d483a0b-3f99-4c5e-b966-bae39a79275b b13230c76d314e39a0bc164eb4804e90 9925fe606a554717aab6e2d224ef3810 - - - -] Unable to schedule network efce14b5-a8c8-4709-8bc1-e10f5db8c66e: no agents available; will retry on subsequent port and subnet creation events.
2026-05-12 12:40:07.747 10 INFO neutron.wsgi [req-a1d875e0-766c-4458-937c-79f6638c6ef8 req-b272ca3b-5f21-4b11-b5a8-5dd788a8dea8 3c6785b742e94c579137931fabb59f09 9236f8b3af2b4f2d842f8d10cd725427 - - default default] 10.0.0.25 "GET /v2.0/security-groups?id=7f9b7792-4c33-4cf0-a1b0-4e712da982d2&fields=id&fields=name HTTP/1.1" status: 200 len: 312 time: 0.0466442
2026-05-12 12:40:07.802 9 INFO neutron.plugins.ml2.drivers.ovn.mech_driver.mech_driver [None req-4ba6a28b-6818-46ea-bc15-6b50507605ee - - - - - -] OVN reports status up for port: 3d71a36e-99c7-4c3a-8715-741c9d01e41b
2026-05-12 12:40:07.821 9 INFO neutron.plugins.ml2.plugin [None req-4ba6a28b-6818-46ea-bc15-6b50507605ee - - - - - -] Attempt 1 to provision port 3d71a36e-99c7-4c3a-8715-741c9d01e41b
2026-05-12 12:40:07.866 10 INFO neutron.db.ovn_revision_numbers_db [None req-0d483a0b-3f99-4c5e-b966-bae39a79275b b13230c76d314e39a0bc164eb4804e90 9925fe606a554717aab6e2d224ef3810 - - - -] Successfully bumped revision number for resource 81be66c0-8dcb-4a17-a925-cfdb70b3553b (type: ports) to 1
2026-05-12 12:40:07.898 10 INFO neutron.wsgi [None req-0d483a0b-3f99-4c5e-b966-bae39a79275b b13230c76d314e39a0bc164eb4804e90 9925fe606a554717aab6e2d224ef3810 - - - -] 10.0.0.62 "POST /v2.0/networks HTTP/1.1" status: 201 len: 950 time: 0.7643793
2026-05-12 12:40:08.057 9 INFO neutron.notifiers.nova [-] Nova event matching ['req-8acf5cbf-d1f9-4061-bfe7-cf6a384d8512'] response: {'server_uuid': 'e380755d-393a-4b99-b6ee-5813dd6b285e', 'name': 'network-vif-plugged', 'status': 'completed', 'tag': '3d71a36e-99c7-4c3a-8715-741c9d01e41b', 'code': 200}
2026-05-12 12:40:08.063 9 INFO neutron.wsgi [req-089faac5-56ca-479a-b9c3-4a189b0c60c6 req-4fd0423a-77eb-42b7-b958-7cd0309a6d68 9ba8a1a2091845e192ebad01e1609544 387d9e5726c7428aab1cf1bc0a7aff79 - - default default] 10.0.0.25 "GET /v2.0/security-groups?name=tempest-securitygroup--1835168500&fields=id&tenant_id=387d9e5726c7428aab1cf1bc0a7aff79 HTTP/1.1" status: 200 len: 267 time: 0.0632875
2026-05-12 12:40:08.133 10 WARNING neutron.scheduler.dhcp_agent_scheduler [None req-d1ce2cc5-7698-4f49-9d5c-4e317b96718c b13230c76d314e39a0bc164eb4804e90 9925fe606a554717aab6e2d224ef3810 - - - -] No more DHCP agents
2026-05-12 12:40:08.135 10 WARNING neutron.api.rpc.agentnotifiers.dhcp_rpc_agent_api [None req-d1ce2cc5-7698-4f49-9d5c-4e317b96718c b13230c76d314e39a0bc164eb4804e90 9925fe606a554717aab6e2d224ef3810 - - - -] Unable to schedule network efce14b5-a8c8-4709-8bc1-e10f5db8c66e: no agents available; will retry on subsequent port and subnet creation events.
2026-05-12 12:40:08.158 9 INFO neutron.wsgi [req-089faac5-56ca-479a-b9c3-4a189b0c60c6 req-51c83c2f-e00d-48c0-9e99-0bb898fce820 9ba8a1a2091845e192ebad01e1609544 387d9e5726c7428aab1cf1bc0a7aff79 - - default default] 10.0.0.25 "GET /v2.0/networks?id=dac01fbb-3254-422c-9550-a880a41b1e55 HTTP/1.1" status: 200 len: 879 time: 0.0884459
2026-05-12 12:40:08.188 9 INFO neutron.wsgi [req-089faac5-56ca-479a-b9c3-4a189b0c60c6 req-4b741402-a634-4511-9393-f524227cd98a 9ba8a1a2091845e192ebad01e1609544 387d9e5726c7428aab1cf1bc0a7aff79 - - default default] 10.0.0.25 "GET /v2.0/quotas/387d9e5726c7428aab1cf1bc0a7aff79 HTTP/1.1" status: 200 len: 386 time: 0.0198972
2026-05-12 12:40:08.253 9 INFO neutron.db.ovn_revision_numbers_db [None req-4ba6a28b-6818-46ea-bc15-6b50507605ee - - - - - -] Successfully bumped revision number for resource 3d71a36e-99c7-4c3a-8715-741c9d01e41b (type: ports) to 4
2026-05-12 12:40:08.349 9 INFO neutron.wsgi [req-089faac5-56ca-479a-b9c3-4a189b0c60c6 req-6401da61-d9bd-43e8-824f-d44c1e4eddae 9ba8a1a2091845e192ebad01e1609544 387d9e5726c7428aab1cf1bc0a7aff79 - - default default] 10.0.0.25 "GET /v2.0/ports?tenant_id=387d9e5726c7428aab1cf1bc0a7aff79&fields=id HTTP/1.1" status: 200 len: 302 time: 0.1556554
2026-05-12 12:40:08.363 10 INFO neutron.db.ovn_revision_numbers_db [None req-f20dc918-f71b-4656-a335-09f308db00a6 b13230c76d314e39a0bc164eb4804e90 9925fe606a554717aab6e2d224ef3810 - - default default] Successfully bumped revision number for resource 862b288f-a15b-44d1-bfe3-f5a394ac6e67 (type: security_groups) to 1
2026-05-12 12:40:08.395 10 INFO neutron.wsgi [None req-f20dc918-f71b-4656-a335-09f308db00a6 b13230c76d314e39a0bc164eb4804e90 9925fe606a554717aab6e2d224ef3810 - - default default] 10.0.0.62 "GET /v2.0/security-groups?tenant_id=9388169d346449aea8e669c748c930ac&name=default HTTP/1.1" status: 200 len: 2996 time: 0.3119965
2026-05-12 12:40:08.639 10 INFO neutron.db.ovn_revision_numbers_db [None req-d1ce2cc5-7698-4f49-9d5c-4e317b96718c b13230c76d314e39a0bc164eb4804e90 9925fe606a554717aab6e2d224ef3810 - - - -] Successfully bumped revision number for resource 81be66c0-8dcb-4a17-a925-cfdb70b3553b (type: ports) to 2
2026-05-12 12:40:08.654 10 INFO neutron.db.ovn_revision_numbers_db [None req-d1ce2cc5-7698-4f49-9d5c-4e317b96718c b13230c76d314e39a0bc164eb4804e90 9925fe606a554717aab6e2d224ef3810 - - - -] Successfully bumped revision number for resource 1f0116cc-6736-4589-831f-5ea874740296 (type: subnets) to 0
2026-05-12 12:40:08.668 10 INFO neutron.wsgi [None req-fd1d2e9c-a31f-4a63-a834-5b31418a03a5 b13230c76d314e39a0bc164eb4804e90 9925fe606a554717aab6e2d224ef3810 - - - -] 10.0.0.62 "DELETE /v2.0/security-groups/862b288f-a15b-44d1-bfe3-f5a394ac6e67 HTTP/1.1" status: 204 len: 168 time: 0.2675500
2026-05-12 12:40:08.675 10 INFO neutron.wsgi [None req-d1ce2cc5-7698-4f49-9d5c-4e317b96718c b13230c76d314e39a0bc164eb4804e90 9925fe606a554717aab6e2d224ef3810 - - - -] 10.0.0.62 "POST /v2.0/subnets HTTP/1.1" status: 201 len: 872 time: 0.7662857 /var/lib/openstack/lib/python3.10/site-packages/pycadf/identifier.py:71: UserWarning: Invalid uuid: neutron. To ensure interoperability, identifiers should be a valid uuid. warnings.warn(('Invalid uuid: %s. To ensure interoperability, '
2026-05-12 12:40:08.722 9 INFO neutron.wsgi [req-089faac5-56ca-479a-b9c3-4a189b0c60c6 req-c006cfe9-3bc2-499e-8810-6cbfa9a630f5 e326119a2b95487b818c99a3145e043a 3ae3ba7ab3bd42cbba83a45717edbb56 - - 6698cee769d4496ab6a1aaec088ecb18 6698cee769d4496ab6a1aaec088ecb18] 10.0.0.25 "GET /v2.0/extensions HTTP/1.1" status: 200 len: 16525 time: 0.0558209
2026-05-12 12:40:08.846 9 INFO neutron.wsgi [req-089faac5-56ca-479a-b9c3-4a189b0c60c6 req-5aabe6ac-213b-421c-aa6e-39d08bd867c6 e326119a2b95487b818c99a3145e043a 3ae3ba7ab3bd42cbba83a45717edbb56 - - 6698cee769d4496ab6a1aaec088ecb18 6698cee769d4496ab6a1aaec088ecb18] 10.0.0.25 "GET /v2.0/networks/dac01fbb-3254-422c-9550-a880a41b1e55?fields=segments HTTP/1.1" status: 200 len: 212 time: 0.1071579
2026-05-12 12:40:08.846 10 INFO neutron.wsgi [req-cd412277-03e2-4dfa-a01e-0c140fb8e151 req-520079e3-b2ce-42bf-b87c-92f15d612089 3c6785b742e94c579137931fabb59f09 9236f8b3af2b4f2d842f8d10cd725427 - - default default] 10.0.0.25 "GET /v2.0/ports?device_id=e380755d-393a-4b99-b6ee-5813dd6b285e HTTP/1.1" status: 200 len: 1174 time: 0.0357537
2026-05-12 12:40:08.882 10 INFO neutron.wsgi [req-cd412277-03e2-4dfa-a01e-0c140fb8e151 req-d20471ee-4d36-4959-9403-878841ee7a13 3c6785b742e94c579137931fabb59f09 9236f8b3af2b4f2d842f8d10cd725427 - - default default] 10.0.0.25 "GET /v2.0/security-groups?id=7f9b7792-4c33-4cf0-a1b0-4e712da982d2&fields=id&fields=name HTTP/1.1" status: 200 len: 312 time: 0.0305333
2026-05-12 12:40:08.942 9 INFO neutron.wsgi [req-089faac5-56ca-479a-b9c3-4a189b0c60c6 req-ada28450-bd38-46f1-90b3-da81a199aa53 e326119a2b95487b818c99a3145e043a 3ae3ba7ab3bd42cbba83a45717edbb56 - - 6698cee769d4496ab6a1aaec088ecb18 6698cee769d4496ab6a1aaec088ecb18] 10.0.0.25 "GET /v2.0/networks/dac01fbb-3254-422c-9550-a880a41b1e55?fields=provider%3Aphysical_network&fields=provider%3Anetwork_type HTTP/1.1" status: 200 len: 277 time: 0.0905695
2026-05-12 12:40:09.023 10 INFO neutron.wsgi [req-ff738702-dfbe-4352-8714-07316de0a9ba req-20b38cad-c242-4287-af6a-56c011b9f637 3c6785b742e94c579137931fabb59f09 9236f8b3af2b4f2d842f8d10cd725427 - - default default] 10.0.0.25 "GET /v2.0/ports?device_id=e380755d-393a-4b99-b6ee-5813dd6b285e HTTP/1.1" status: 200 len: 1174 time: 0.0322764
2026-05-12 12:40:09.254 9 WARNING neutron.scheduler.dhcp_agent_scheduler [None req-1b1b406a-afd0-4c0d-9cbe-178e62566af1 b13230c76d314e39a0bc164eb4804e90 9925fe606a554717aab6e2d224ef3810 - - - -] No more DHCP agents
2026-05-12 12:40:09.262 9 WARNING neutron.api.rpc.agentnotifiers.dhcp_rpc_agent_api [None req-1b1b406a-afd0-4c0d-9cbe-178e62566af1 b13230c76d314e39a0bc164eb4804e90 9925fe606a554717aab6e2d224ef3810 - - - -] Unable to schedule network 8b5a2d22-a16f-4184-8653-e0b63c5d61fa: no agents available; will retry on subsequent port and subnet creation events.
2026-05-12 12:40:09.295 10 INFO neutron.wsgi [req-4a0b0339-0f9a-422a-a3b4-afa765072e7b req-9c48c854-80b8-4eb7-b834-a1636391a78e 9ba8a1a2091845e192ebad01e1609544 387d9e5726c7428aab1cf1bc0a7aff79 - - default default] 10.0.0.25 "GET /v2.0/ports?device_id=32b59ca9-ba65-467d-a8a0-48483b870344 HTTP/1.1" status: 200 len: 210 time: 0.0378435
2026-05-12 12:40:09.445 9 INFO neutron.db.ovn_revision_numbers_db [None req-1b1b406a-afd0-4c0d-9cbe-178e62566af1 b13230c76d314e39a0bc164eb4804e90 9925fe606a554717aab6e2d224ef3810 - - - -] Successfully bumped revision number for resource 564d4369-934a-4225-8068-54f1e05d9f2a (type: ports) to 1
2026-05-12 12:40:09.496 10 INFO neutron.db.l3_db [None req-d46acc22-ba49-4aaf-bb80-2124b7ee4ee0 3c6785b742e94c579137931fabb59f09 9236f8b3af2b4f2d842f8d10cd725427 - - - -] Floating IP 5b4e011f-7e3d-4d52-832b-114aec26662e associated. External IP: 10.96.250.214, port: 3d71a36e-99c7-4c3a-8715-741c9d01e41b.
2026-05-12 12:40:09.704 10 INFO neutron.db.ovn_revision_numbers_db [None req-d46acc22-ba49-4aaf-bb80-2124b7ee4ee0 3c6785b742e94c579137931fabb59f09 9236f8b3af2b4f2d842f8d10cd725427 - - - -] Successfully bumped revision number for resource 5b4e011f-7e3d-4d52-832b-114aec26662e (type: floatingips) to 1
2026-05-12 12:40:09.781 10 INFO neutron.db.ovn_revision_numbers_db [None req-d46acc22-ba49-4aaf-bb80-2124b7ee4ee0 3c6785b742e94c579137931fabb59f09 9236f8b3af2b4f2d842f8d10cd725427 - - - -] Successfully bumped revision number for resource 5b4e011f-7e3d-4d52-832b-114aec26662e (type: floatingips) to 2
2026-05-12 12:40:09.806 10 INFO neutron.wsgi [None req-d46acc22-ba49-4aaf-bb80-2124b7ee4ee0 3c6785b742e94c579137931fabb59f09 9236f8b3af2b4f2d842f8d10cd725427 - - - -] 10.0.0.62 "PUT /v2.0/floatingips/5b4e011f-7e3d-4d52-832b-114aec26662e HTTP/1.1" status: 200 len: 1050 time: 0.7730372
2026-05-12 12:40:09.907 9 INFO neutron.wsgi [req-8600908f-835a-43c4-b266-e16b0e1a3271 req-5f9a62b2-a04e-4f3c-88eb-8b099f8a0708 3c6785b742e94c579137931fabb59f09 9236f8b3af2b4f2d842f8d10cd725427 - - default default] 10.0.0.25 "GET /v2.0/ports?device_id=e380755d-393a-4b99-b6ee-5813dd6b285e HTTP/1.1" status: 200 len: 1174 time: 0.0423932
2026-05-12 12:40:09.970 9 INFO neutron.wsgi [req-8600908f-835a-43c4-b266-e16b0e1a3271 req-21e65eac-b875-48f1-8601-61e6ae75d078 3c6785b742e94c579137931fabb59f09 9236f8b3af2b4f2d842f8d10cd725427 - - default default] 10.0.0.25 "GET /v2.0/security-groups?id=7f9b7792-4c33-4cf0-a1b0-4e712da982d2&fields=id&fields=name HTTP/1.1" status: 200 len: 312 time: 0.0546889
2026-05-12 12:40:10.101 9 INFO neutron.notifiers.nova [-] Nova event matching ['req-1d979bf8-3053-4004-ae76-a7b684af4ce7'] response: {'server_uuid': 'e380755d-393a-4b99-b6ee-5813dd6b285e', 'name': 'network-vif-plugged', 'status': 'completed', 'tag': '3d71a36e-99c7-4c3a-8715-741c9d01e41b', 'code': 200}
2026-05-12 12:40:10.226 9 INFO neutron.plugins.ml2.drivers.ovn.mech_driver.mech_driver [None req-4ba6a28b-6818-46ea-bc15-6b50507605ee - - - - - -] OVN reports status up for port: 564d4369-934a-4225-8068-54f1e05d9f2a
2026-05-12 12:40:10.229 9 INFO neutron.plugins.ml2.drivers.ovn.mech_driver.ovsdb.ovsdb_monitor [None req-d7a0e154-c7b2-4e99-97ae-2d86a0e80c81 - - - - - -] Router bb98101c-f48a-47f6-b050-d5e0d4d8e5e6 is bound to host instance
2026-05-12 12:40:10.256 9 INFO neutron.plugins.ml2.plugin [None req-4ba6a28b-6818-46ea-bc15-6b50507605ee - - - - - -] Attempt 1 to provision port 564d4369-934a-4225-8068-54f1e05d9f2a
2026-05-12 12:40:10.258 9 INFO neutron.db.ovn_revision_numbers_db [None req-1b1b406a-afd0-4c0d-9cbe-178e62566af1 b13230c76d314e39a0bc164eb4804e90 9925fe606a554717aab6e2d224ef3810 - - - -] Successfully bumped revision number for resource 564d4369-934a-4225-8068-54f1e05d9f2a (type: router_ports) to 1
2026-05-12 12:40:10.270 9 INFO neutron.wsgi [req-089faac5-56ca-479a-b9c3-4a189b0c60c6 req-137585bd-471e-4b33-803f-b69e35734389 9ba8a1a2091845e192ebad01e1609544 387d9e5726c7428aab1cf1bc0a7aff79 - - default default] 199.19.213.87 "GET /v2.0/networks?id=dac01fbb-3254-422c-9550-a880a41b1e55 HTTP/1.1" status: 200 len: 879 time: 0.1193967
2026-05-12 12:40:10.361 10 INFO neutron.notifiers.nova [-] Nova event matching ['req-8abe0963-6912-46c6-866a-0109f434d3f8'] response: {'name': 'network-changed', 'server_uuid': 'e380755d-393a-4b99-b6ee-5813dd6b285e', 'tag': '3d71a36e-99c7-4c3a-8715-741c9d01e41b', 'status': 'completed', 'code': 200}
2026-05-12 12:40:10.381 9 INFO neutron.wsgi [req-089faac5-56ca-479a-b9c3-4a189b0c60c6 req-693f46db-9c11-4efd-8a4e-ed583f837692 9ba8a1a2091845e192ebad01e1609544 387d9e5726c7428aab1cf1bc0a7aff79 - - default default] 199.19.213.87 "GET /v2.0/security-groups?fields=id&fields=name&tenant_id=387d9e5726c7428aab1cf1bc0a7aff79 HTTP/1.1" status: 200 len: 380 time: 0.0875039 /var/lib/openstack/lib/python3.10/site-packages/pycadf/identifier.py:71: UserWarning: Invalid uuid: neutron. To ensure interoperability, identifiers should be a valid uuid. warnings.warn(('Invalid uuid: %s. To ensure interoperability, '
2026-05-12 12:40:10.412 9 INFO neutron.wsgi [req-c646981e-357a-46e4-8edd-d98fd768fe66 req-0b91e852-364c-4883-9b4a-766e6b65d3dd 3c6785b742e94c579137931fabb59f09 9236f8b3af2b4f2d842f8d10cd725427 - - default default] 10.0.0.25 "GET /v2.0/ports?device_id=e380755d-393a-4b99-b6ee-5813dd6b285e HTTP/1.1" status: 200 len: 1174 time: 0.0752685
2026-05-12 12:40:10.415 9 INFO neutron.db.ovn_revision_numbers_db [None req-1b1b406a-afd0-4c0d-9cbe-178e62566af1 b13230c76d314e39a0bc164eb4804e90 9925fe606a554717aab6e2d224ef3810 - - - -] Successfully bumped revision number for resource bb98101c-f48a-47f6-b050-d5e0d4d8e5e6 (type: routers) to 3
2026-05-12 12:40:10.469 10 INFO neutron.wsgi [req-ec543fff-a090-408f-b4f2-45c6ff065f6c req-39b54530-280f-4933-8eae-8c787f9bd3f5 9ba8a1a2091845e192ebad01e1609544 387d9e5726c7428aab1cf1bc0a7aff79 - - default default] 10.0.0.25 "GET /v2.0/ports?device_id=32b59ca9-ba65-467d-a8a0-48483b870344 HTTP/1.1" status: 200 len: 210 time: 0.0534976
2026-05-12 12:40:10.476 10 INFO neutron.wsgi [req-269b6bb3-cd56-46bf-9148-1dfb71a03bd5 req-2d296708-1764-43aa-aa17-b15597cb95b0 e326119a2b95487b818c99a3145e043a 3ae3ba7ab3bd42cbba83a45717edbb56 - - 6698cee769d4496ab6a1aaec088ecb18 6698cee769d4496ab6a1aaec088ecb18] 199.19.213.87 "GET /v2.0/ports?tenant_id=9236f8b3af2b4f2d842f8d10cd725427&device_id=e380755d-393a-4b99-b6ee-5813dd6b285e HTTP/1.1" status: 200 len: 1365 time: 0.0751369
2026-05-12 12:40:10.486 9 INFO neutron.wsgi [None req-1b1b406a-afd0-4c0d-9cbe-178e62566af1 b13230c76d314e39a0bc164eb4804e90 9925fe606a554717aab6e2d224ef3810 - - - -] 10.0.0.62 "POST /v2.0/routers HTTP/1.1" status: 201 len: 883 time: 1.8047996
2026-05-12 12:40:10.519 9 INFO neutron.wsgi [req-c646981e-357a-46e4-8edd-d98fd768fe66 req-d5af3d6f-3e09-42ac-b9cd-15fc758ee4b2 3c6785b742e94c579137931fabb59f09 9236f8b3af2b4f2d842f8d10cd725427 - - default default] 10.0.0.25 "GET /v2.0/security-groups?id=7f9b7792-4c33-4cf0-a1b0-4e712da982d2&fields=id&fields=name HTTP/1.1" status: 200 len: 312 time: 0.0957355
2026-05-12 12:40:10.574 10 INFO neutron.wsgi [req-269b6bb3-cd56-46bf-9148-1dfb71a03bd5 req-f68c3dff-4ef7-463e-94bb-a2e9c7525784 e326119a2b95487b818c99a3145e043a 3ae3ba7ab3bd42cbba83a45717edbb56 - - 6698cee769d4496ab6a1aaec088ecb18 6698cee769d4496ab6a1aaec088ecb18] 199.19.213.87 "GET /v2.0/networks?id=f1c578fb-b708-485a-a9e1-7fdf85973050 HTTP/1.1" status: 200 len: 974 time: 0.0910125
2026-05-12 12:40:10.766 9 INFO neutron.wsgi [req-b765ca52-0a1d-45ac-a517-5040c757ec13 req-509fefd1-7afe-4cc9-98ff-38da6699dad3 3c6785b742e94c579137931fabb59f09 9236f8b3af2b4f2d842f8d10cd725427 - - default default] 199.19.213.87 "GET /v2.0/ports?device_id=e380755d-393a-4b99-b6ee-5813dd6b285e HTTP/1.1" status: 200 len: 1174 time: 0.0616581
2026-05-12 12:40:10.891 10 INFO neutron.wsgi [req-269b6bb3-cd56-46bf-9148-1dfb71a03bd5 req-75f00630-22b0-4f49-a6e8-3b8cc890a7d7 e326119a2b95487b818c99a3145e043a 3ae3ba7ab3bd42cbba83a45717edbb56 - - 6698cee769d4496ab6a1aaec088ecb18 6698cee769d4496ab6a1aaec088ecb18] 199.19.213.87 "GET /v2.0/floatingips?fixed_ip_address=10.100.0.10&port_id=3d71a36e-99c7-4c3a-8715-741c9d01e41b HTTP/1.1" status: 200 len: 1060 time: 0.3125286
2026-05-12 12:40:10.937 10 INFO neutron.wsgi [req-269b6bb3-cd56-46bf-9148-1dfb71a03bd5 req-070a9ba9-3faf-45e4-a9c5-fb9dbba4ae07 e326119a2b95487b818c99a3145e043a 3ae3ba7ab3bd42cbba83a45717edbb56 - - 6698cee769d4496ab6a1aaec088ecb18 6698cee769d4496ab6a1aaec088ecb18] 199.19.213.87 "GET /v2.0/subnets?id=099e18ec-ed4e-479a-b4a8-e1ebe73c0109 HTTP/1.1" status: 200 len: 869 time: 0.0368690
2026-05-12 12:40:10.980 10 INFO neutron.wsgi [req-269b6bb3-cd56-46bf-9148-1dfb71a03bd5 req-0971f654-514f-4766-8d7e-5fb98719535c e326119a2b95487b818c99a3145e043a 3ae3ba7ab3bd42cbba83a45717edbb56 - - 6698cee769d4496ab6a1aaec088ecb18 6698cee769d4496ab6a1aaec088ecb18] 199.19.213.87 "GET /v2.0/ports?network_id=f1c578fb-b708-485a-a9e1-7fdf85973050&device_owner=network%3Adhcp HTTP/1.1" status: 200 len: 210 time: 0.0365534
2026-05-12 12:40:11.058 10 INFO neutron.wsgi [req-269b6bb3-cd56-46bf-9148-1dfb71a03bd5 req-69dfc16d-f1e0-415a-b2fd-659c11a846e1 e326119a2b95487b818c99a3145e043a 3ae3ba7ab3bd42cbba83a45717edbb56 - - 6698cee769d4496ab6a1aaec088ecb18 6698cee769d4496ab6a1aaec088ecb18] 199.19.213.87 "GET /v2.0/networks/f1c578fb-b708-485a-a9e1-7fdf85973050?fields=segments HTTP/1.1" status: 200 len: 212 time: 0.0693386
2026-05-12 12:40:11.129 9 WARNING neutron.scheduler.dhcp_agent_scheduler [None req-080b393b-adc3-4850-a607-283a67dc18b8 9ba8a1a2091845e192ebad01e1609544 387d9e5726c7428aab1cf1bc0a7aff79 - - - -] No more DHCP agents
2026-05-12 12:40:11.136 9 WARNING neutron.api.rpc.agentnotifiers.dhcp_rpc_agent_api [None req-080b393b-adc3-4850-a607-283a67dc18b8 9ba8a1a2091845e192ebad01e1609544 387d9e5726c7428aab1cf1bc0a7aff79 - - - -] Unable to schedule network dac01fbb-3254-422c-9550-a880a41b1e55: no agents available; will retry on subsequent port and subnet creation events.
2026-05-12 12:40:11.149 10 INFO neutron.wsgi [req-269b6bb3-cd56-46bf-9148-1dfb71a03bd5 req-52a3ce2d-1d41-45c3-8297-8aba64d6e2d4 e326119a2b95487b818c99a3145e043a 3ae3ba7ab3bd42cbba83a45717edbb56 - - 6698cee769d4496ab6a1aaec088ecb18 6698cee769d4496ab6a1aaec088ecb18] 199.19.213.87 "GET /v2.0/networks/f1c578fb-b708-485a-a9e1-7fdf85973050?fields=provider%3Aphysical_network&fields=provider%3Anetwork_type HTTP/1.1" status: 200 len: 277 time: 0.0802491
2026-05-12 12:40:11.311 10 WARNING neutron.scheduler.dhcp_agent_scheduler [None req-00f7f40f-7b5a-4e13-88d7-7d3c617056d6 b13230c76d314e39a0bc164eb4804e90 9925fe606a554717aab6e2d224ef3810 - - default default] No more DHCP agents
2026-05-12 12:40:11.316 10 WARNING neutron.api.rpc.agentnotifiers.dhcp_rpc_agent_api [None req-00f7f40f-7b5a-4e13-88d7-7d3c617056d6 b13230c76d314e39a0bc164eb4804e90 9925fe606a554717aab6e2d224ef3810 - - default default] Unable to schedule network efce14b5-a8c8-4709-8bc1-e10f5db8c66e: no agents available; will retry on subsequent port and subnet creation events.
2026-05-12 12:40:11.382 9 INFO neutron.db.ovn_revision_numbers_db [None req-d7a0e154-c7b2-4e99-97ae-2d86a0e80c81 - - - - - -] Successfully bumped revision number for resource 564d4369-934a-4225-8068-54f1e05d9f2a (type: ports) to 1
2026-05-12 12:40:11.455 10 INFO neutron.db.ovn_revision_numbers_db [None req-00f7f40f-7b5a-4e13-88d7-7d3c617056d6 b13230c76d314e39a0bc164eb4804e90 9925fe606a554717aab6e2d224ef3810 - - default default] Successfully bumped revision number for resource 943b62f1-35cb-42b7-89bd-bda07c4cd2e8 (type: ports) to 1
2026-05-12 12:40:11.461 9 INFO neutron.db.ovn_revision_numbers_db [None req-080b393b-adc3-4850-a607-283a67dc18b8 9ba8a1a2091845e192ebad01e1609544 387d9e5726c7428aab1cf1bc0a7aff79 - - - -] Successfully bumped revision number for resource 53067b78-d993-4979-821b-2f768e4f56ff (type: ports) to 1
2026-05-12 12:40:11.503 9 INFO neutron.db.l3_db [None req-b3d022b4-9bdf-4bd7-85ee-b4d0c8f96ef0 3c6785b742e94c579137931fabb59f09 9236f8b3af2b4f2d842f8d10cd725427 - - - -] Floating IP 5b4e011f-7e3d-4d52-832b-114aec26662e disassociated. External IP: 10.96.250.214, port: 3d71a36e-99c7-4c3a-8715-741c9d01e41b.
2026-05-12 12:40:11.510 9 INFO neutron.wsgi [None req-080b393b-adc3-4850-a607-283a67dc18b8 9ba8a1a2091845e192ebad01e1609544 387d9e5726c7428aab1cf1bc0a7aff79 - - - -] 199.19.213.87 "POST /v2.0/ports HTTP/1.1" status: 201 len: 1162 time: 1.0951281 /var/lib/openstack/lib/python3.10/site-packages/pycadf/identifier.py:71: UserWarning: Invalid uuid: neutron. To ensure interoperability, identifiers should be a valid uuid. warnings.warn(('Invalid uuid: %s. To ensure interoperability, ' /var/lib/openstack/lib/python3.10/site-packages/pycadf/identifier.py:71: UserWarning: Invalid uuid: neutron. To ensure interoperability, identifiers should be a valid uuid. warnings.warn(('Invalid uuid: %s. To ensure interoperability, '
2026-05-12 12:40:11.648 10 INFO neutron.wsgi [req-610b7edd-b386-4f70-813f-621816884d1a req-49f3729a-8ab5-4eb9-a7b6-22255fbeb27b 9ba8a1a2091845e192ebad01e1609544 387d9e5726c7428aab1cf1bc0a7aff79 - - default default] 10.0.0.25 "GET /v2.0/ports?device_id=32b59ca9-ba65-467d-a8a0-48483b870344 HTTP/1.1" status: 200 len: 1160 time: 0.1022615
2026-05-12 12:40:11.688 10 INFO neutron.wsgi [req-610b7edd-b386-4f70-813f-621816884d1a req-c9c9a64a-0766-4bc1-92ac-810149999429 9ba8a1a2091845e192ebad01e1609544 387d9e5726c7428aab1cf1bc0a7aff79 - - default default] 10.0.0.25 "GET /v2.0/security-groups?id=5558dfd6-f6a3-478b-af5d-cd6616482564&fields=id&fields=name HTTP/1.1" status: 200 len: 313 time: 0.0360136
2026-05-12 12:40:11.793 9 INFO neutron.wsgi [req-cdf15d1a-5029-44ac-aacc-f0d34155d71b req-828fc4e3-5511-40a0-a068-9df0fe46310f 3c6785b742e94c579137931fabb59f09 9236f8b3af2b4f2d842f8d10cd725427 - - default default] 10.0.0.25 "GET /v2.0/ports?device_id=e380755d-393a-4b99-b6ee-5813dd6b285e HTTP/1.1" status: 200 len: 1174 time: 0.2041481
2026-05-12 12:40:11.931 10 INFO neutron.db.ovn_revision_numbers_db [None req-00f7f40f-7b5a-4e13-88d7-7d3c617056d6 b13230c76d314e39a0bc164eb4804e90 9925fe606a554717aab6e2d224ef3810 - - default default] Successfully bumped revision number for resource 943b62f1-35cb-42b7-89bd-bda07c4cd2e8 (type: router_ports) to 2
2026-05-12 12:40:12.055 9 INFO neutron.wsgi [req-cdf15d1a-5029-44ac-aacc-f0d34155d71b req-52f98860-b5a8-44ef-978a-a1f3854582d1 3c6785b742e94c579137931fabb59f09 9236f8b3af2b4f2d842f8d10cd725427 - - default default] 10.0.0.25 "GET /v2.0/security-groups?id=7f9b7792-4c33-4cf0-a1b0-4e712da982d2&fields=id&fields=name HTTP/1.1" status: 200 len: 312 time: 0.0809565
2026-05-12 12:40:12.061 10 INFO neutron.db.ovn_revision_numbers_db [None req-00f7f40f-7b5a-4e13-88d7-7d3c617056d6 b13230c76d314e39a0bc164eb4804e90 9925fe606a554717aab6e2d224ef3810 - - default default] Successfully bumped revision number for resource 943b62f1-35cb-42b7-89bd-bda07c4cd2e8 (type: ports) to 2
2026-05-12 12:40:12.117 9 INFO neutron.wsgi [None req-b3d022b4-9bdf-4bd7-85ee-b4d0c8f96ef0 3c6785b742e94c579137931fabb59f09 9236f8b3af2b4f2d842f8d10cd725427 - - - -] 199.19.213.87 "DELETE /v2.0/ports/3d71a36e-99c7-4c3a-8715-741c9d01e41b HTTP/1.1" status: 204 len: 173 time: 1.3430181
2026-05-12 12:40:12.121 10 WARNING neutron.scheduler.dhcp_agent_scheduler [None req-00f7f40f-7b5a-4e13-88d7-7d3c617056d6 b13230c76d314e39a0bc164eb4804e90 9925fe606a554717aab6e2d224ef3810 - - default default] No more DHCP agents
2026-05-12 12:40:12.122 10 WARNING neutron.api.rpc.agentnotifiers.dhcp_rpc_agent_api [None req-00f7f40f-7b5a-4e13-88d7-7d3c617056d6 b13230c76d314e39a0bc164eb4804e90 9925fe606a554717aab6e2d224ef3810 - - default default] Unable to schedule network efce14b5-a8c8-4709-8bc1-e10f5db8c66e: no agents available; will retry on subsequent port and subnet creation events.
2026-05-12 12:40:12.165 9 INFO neutron.notifiers.nova [-] Nova event matching ['req-38a4c1ce-0ff8-4d37-a478-3ea48cb62ee0'] response: {'server_uuid': 'e380755d-393a-4b99-b6ee-5813dd6b285e', 'name': 'network-vif-deleted', 'tag': '3d71a36e-99c7-4c3a-8715-741c9d01e41b', 'status': 'completed', 'code': 200}
2026-05-12 12:40:12.202 9 INFO neutron.db.ovn_revision_numbers_db [None req-d7a0e154-c7b2-4e99-97ae-2d86a0e80c81 - - - - - -] Successfully bumped revision number for resource 564d4369-934a-4225-8068-54f1e05d9f2a (type: router_ports) to 3
2026-05-12 12:40:12.319 9 INFO neutron.db.ovn_revision_numbers_db [None req-f3abff79-6b07-4a54-be56-df4fcf476acc e326119a2b95487b818c99a3145e043a 3ae3ba7ab3bd42cbba83a45717edbb56 - - - -] Successfully bumped revision number for resource 53067b78-d993-4979-821b-2f768e4f56ff (type: ports) to 2
2026-05-12 12:40:12.368 9 INFO neutron.db.ovn_revision_numbers_db [None req-d7a0e154-c7b2-4e99-97ae-2d86a0e80c81 - - - - - -] Successfully bumped revision number for resource 564d4369-934a-4225-8068-54f1e05d9f2a (type: ports) to 2
2026-05-12 12:40:12.526 9 INFO neutron.db.ovn_revision_numbers_db [None req-f3abff79-6b07-4a54-be56-df4fcf476acc e326119a2b95487b818c99a3145e043a 3ae3ba7ab3bd42cbba83a45717edbb56 - - - -] Successfully bumped revision number for resource 53067b78-d993-4979-821b-2f768e4f56ff (type: ports) to 2
2026-05-12 12:40:12.554 9 INFO neutron.wsgi [None req-f3abff79-6b07-4a54-be56-df4fcf476acc e326119a2b95487b818c99a3145e043a 3ae3ba7ab3bd42cbba83a45717edbb56 - - - -] 199.19.213.87 "PUT /v2.0/ports/53067b78-d993-4979-821b-2f768e4f56ff HTTP/1.1" status: 200 len: 1332 time: 1.0243449 /var/lib/openstack/lib/python3.10/site-packages/pycadf/identifier.py:71: UserWarning: Invalid uuid: neutron. To ensure interoperability, identifiers should be a valid uuid. warnings.warn(('Invalid uuid: %s. To ensure interoperability, '
2026-05-12 12:40:12.640 9 INFO neutron.wsgi [req-089faac5-56ca-479a-b9c3-4a189b0c60c6 req-08ac655c-3503-45c8-8c04-ef5cce9aac66 e326119a2b95487b818c99a3145e043a 3ae3ba7ab3bd42cbba83a45717edbb56 - - 6698cee769d4496ab6a1aaec088ecb18 6698cee769d4496ab6a1aaec088ecb18] 199.19.213.87 "GET /v2.0/ports?tenant_id=387d9e5726c7428aab1cf1bc0a7aff79&device_id=32b59ca9-ba65-467d-a8a0-48483b870344 HTTP/1.1" status: 200 len: 1363 time: 0.0488477
2026-05-12 12:40:12.657 9 INFO neutron.db.ovn_revision_numbers_db [None req-d7a0e154-c7b2-4e99-97ae-2d86a0e80c81 - - - - - -] Successfully bumped revision number for resource 564d4369-934a-4225-8068-54f1e05d9f2a (type: ports) to 4
2026-05-12 12:40:12.672 9 INFO neutron.wsgi [req-089faac5-56ca-479a-b9c3-4a189b0c60c6 req-5bb9fcbd-9acd-4d52-a213-51fa38b2083a e326119a2b95487b818c99a3145e043a 3ae3ba7ab3bd42cbba83a45717edbb56 - - 6698cee769d4496ab6a1aaec088ecb18 6698cee769d4496ab6a1aaec088ecb18] 199.19.213.87 "GET /v2.0/floatingips?fixed_ip_address=10.100.0.14&port_id=53067b78-d993-4979-821b-2f768e4f56ff HTTP/1.1" status: 200 len: 217 time: 0.0219145
2026-05-12 12:40:12.708 10 INFO neutron.db.ovn_revision_numbers_db [None req-00f7f40f-7b5a-4e13-88d7-7d3c617056d6 b13230c76d314e39a0bc164eb4804e90 9925fe606a554717aab6e2d224ef3810 - - - -] Successfully bumped revision number for resource 943b62f1-35cb-42b7-89bd-bda07c4cd2e8 (type: router_ports) to 2
2026-05-12 12:40:12.710 10 INFO neutron.wsgi [None req-00f7f40f-7b5a-4e13-88d7-7d3c617056d6 b13230c76d314e39a0bc164eb4804e90 9925fe606a554717aab6e2d224ef3810 - - - -] 10.0.0.62 "PUT /v2.0/routers/bb98101c-f48a-47f6-b050-d5e0d4d8e5e6/add_router_interface HTTP/1.1" status: 200 len: 503 time: 2.2180352
2026-05-12 12:40:12.762 9 INFO neutron.wsgi [req-089faac5-56ca-479a-b9c3-4a189b0c60c6 req-10b3fbe3-7973-43b6-a03c-c435c1b8db1e e326119a2b95487b818c99a3145e043a 3ae3ba7ab3bd42cbba83a45717edbb56 - - 6698cee769d4496ab6a1aaec088ecb18 6698cee769d4496ab6a1aaec088ecb18] 199.19.213.87 "GET /v2.0/subnets?id=6fbc87a1-b6ba-4f97-9ea0-9108d5fbb483 HTTP/1.1" status: 200 len: 873 time: 0.0831914
2026-05-12 12:40:12.819 9 INFO neutron.wsgi [req-089faac5-56ca-479a-b9c3-4a189b0c60c6 req-816eebf9-89d9-4bcf-b0ce-73f878bf6c45 e326119a2b95487b818c99a3145e043a 3ae3ba7ab3bd42cbba83a45717edbb56 - - 6698cee769d4496ab6a1aaec088ecb18 6698cee769d4496ab6a1aaec088ecb18] 199.19.213.87 "GET /v2.0/ports?network_id=dac01fbb-3254-422c-9550-a880a41b1e55&device_owner=network%3Adhcp HTTP/1.1" status: 200 len: 210 time: 0.0490034
2026-05-12 12:40:12.831 9 INFO neutron.wsgi [req-b7b5b234-6bca-48aa-8fd8-bec4991a3c18 req-b7d0051a-515e-4e11-8e80-3c4eecd1ead8 9ba8a1a2091845e192ebad01e1609544 387d9e5726c7428aab1cf1bc0a7aff79 - - default default] 10.0.0.25 "GET /v2.0/ports?device_id=32b59ca9-ba65-467d-a8a0-48483b870344 HTTP/1.1" status: 200 len: 1172 time: 0.0740480
2026-05-12 12:40:12.875 9 INFO neutron.plugins.ml2.drivers.ovn.mech_driver.mech_driver [None req-4ba6a28b-6818-46ea-bc15-6b50507605ee - - - - - -] OVN reports status down for port: 3d71a36e-99c7-4c3a-8715-741c9d01e41b
2026-05-12 12:40:12.904 9 INFO neutron.plugins.ml2.drivers.ovn.mech_driver.mech_driver [None req-4ba6a28b-6818-46ea-bc15-6b50507605ee - - - - - -] OVN reports status up for port: 943b62f1-35cb-42b7-89bd-bda07c4cd2e8
2026-05-12 12:40:12.928 9 INFO neutron.plugins.ml2.plugin [None req-4ba6a28b-6818-46ea-bc15-6b50507605ee - - - - - -] Attempt 1 to provision port 943b62f1-35cb-42b7-89bd-bda07c4cd2e8
2026-05-12 12:40:12.936 9 INFO neutron.wsgi [req-089faac5-56ca-479a-b9c3-4a189b0c60c6 req-68fac32c-8aff-49ce-b91f-c5a5401fd0d0 e326119a2b95487b818c99a3145e043a 3ae3ba7ab3bd42cbba83a45717edbb56 - - 6698cee769d4496ab6a1aaec088ecb18 6698cee769d4496ab6a1aaec088ecb18] 199.19.213.87 "GET /v2.0/networks/dac01fbb-3254-422c-9550-a880a41b1e55?fields=segments HTTP/1.1" status: 200 len: 212 time: 0.1026664
2026-05-12 12:40:12.938 9 INFO neutron.wsgi [req-b7b5b234-6bca-48aa-8fd8-bec4991a3c18 req-ac0aef8d-1d38-4a7b-a4a4-cfa1012d9b38 9ba8a1a2091845e192ebad01e1609544 387d9e5726c7428aab1cf1bc0a7aff79 - - default default] 10.0.0.25 "GET /v2.0/security-groups?id=5558dfd6-f6a3-478b-af5d-cd6616482564&fields=id&fields=name HTTP/1.1" status: 200 len: 313 time: 0.0951974
2026-05-12 12:40:13.026 9 INFO neutron.wsgi [req-089faac5-56ca-479a-b9c3-4a189b0c60c6 req-2ef34e02-b1bc-472f-8667-9f432ff4967b e326119a2b95487b818c99a3145e043a 3ae3ba7ab3bd42cbba83a45717edbb56 - - 6698cee769d4496ab6a1aaec088ecb18 6698cee769d4496ab6a1aaec088ecb18] 199.19.213.87 "GET /v2.0/networks/dac01fbb-3254-422c-9550-a880a41b1e55?fields=provider%3Aphysical_network&fields=provider%3Anetwork_type HTTP/1.1" status: 200 len: 277 time: 0.0764925
2026-05-12 12:40:13.073 9 INFO neutron.db.ovn_revision_numbers_db [None req-d7a0e154-c7b2-4e99-97ae-2d86a0e80c81 - - - - - -] Successfully bumped revision number for resource 564d4369-934a-4225-8068-54f1e05d9f2a (type: router_ports) to 4
2026-05-12 12:40:13.278 9 INFO neutron.db.ovn_revision_numbers_db [None req-4ba6a28b-6818-46ea-bc15-6b50507605ee - - - - - -] Successfully bumped revision number for resource 943b62f1-35cb-42b7-89bd-bda07c4cd2e8 (type: ports) to 3
2026-05-12 12:40:13.333 9 INFO neutron.wsgi [None req-473b443d-34f3-43f2-9e94-4eb68f7b9959 3c6785b742e94c579137931fabb59f09 9236f8b3af2b4f2d842f8d10cd725427 - - - -] 10.0.0.62 "DELETE /v2.0/security-groups/7f9b7792-4c33-4cf0-a1b0-4e712da982d2 HTTP/1.1" status: 204 len: 168 time: 0.1920578
2026-05-12 12:40:13.354 9 INFO neutron.api.v2.resource [None req-358b9457-606f-45ed-9e08-dd6daa264da0 3c6785b742e94c579137931fabb59f09 9236f8b3af2b4f2d842f8d10cd725427 - - default default] show failed (client error): The resource could not be found.
2026-05-12 12:40:13.355 9 INFO neutron.wsgi [None req-358b9457-606f-45ed-9e08-dd6daa264da0 3c6785b742e94c579137931fabb59f09 9236f8b3af2b4f2d842f8d10cd725427 - - default default] 10.0.0.62 "GET /v2.0/security-groups/7f9b7792-4c33-4cf0-a1b0-4e712da982d2 HTTP/1.1" status: 404 len: 347 time: 0.0163584
2026-05-12 12:40:13.395 9 INFO neutron.db.ovn_revision_numbers_db [None req-4ba6a28b-6818-46ea-bc15-6b50507605ee - - - - - -] Successfully bumped revision number for resource 943b62f1-35cb-42b7-89bd-bda07c4cd2e8 (type: router_ports) to 3
2026-05-12 12:40:13.483 10 INFO neutron.plugins.ml2.drivers.ovn.mech_driver.mech_driver [None req-383127f5-ba7c-4158-b285-d8aca818ecbb - - - - - -] OVN reports status up for port: 53067b78-d993-4979-821b-2f768e4f56ff
2026-05-12 12:40:13.510 10 INFO neutron.plugins.ml2.plugin [None req-383127f5-ba7c-4158-b285-d8aca818ecbb - - - - - -] Attempt 1 to provision port 53067b78-d993-4979-821b-2f768e4f56ff
2026-05-12 12:40:13.578 9 INFO neutron.db.ovn_revision_numbers_db [None req-1fb8e5e6-4fe4-4e09-ac1b-200f080bf02a 5095b3d3b7b74149b1ff486115740754 6609984888e242528b6697ecfce38f7a - - - -] Successfully bumped revision number for resource 107fb748-a872-4ecb-b174-74a015d92196 (type: security_groups) to 1
2026-05-12 12:40:13.603 9 INFO neutron.wsgi [None req-1fb8e5e6-4fe4-4e09-ac1b-200f080bf02a 5095b3d3b7b74149b1ff486115740754 6609984888e242528b6697ecfce38f7a - - - -] 10.0.0.62 "POST /v2.0/security-groups HTTP/1.1" status: 201 len: 1796 time: 0.1823056
2026-05-12 12:40:13.676 10 INFO neutron.notifiers.nova [-] Nova event matching ['req-51ea7fcc-5120-4df5-b6a6-dc78c8f8806d'] response: {'server_uuid': '32b59ca9-ba65-467d-a8a0-48483b870344', 'name': 'network-vif-plugged', 'status': 'completed', 'tag': '53067b78-d993-4979-821b-2f768e4f56ff', 'code': 200}
2026-05-12 12:40:13.970 9 INFO neutron.db.ovn_revision_numbers_db [None req-2786ebbc-3521-4ad1-bec0-909cae8fb964 5095b3d3b7b74149b1ff486115740754 6609984888e242528b6697ecfce38f7a - - - -] Successfully bumped revision number for resource 59720e7d-34a6-494c-82e9-d008dce82099 (type: security_group_rules) to 0
2026-05-12 12:40:13.972 10 INFO neutron.wsgi [None req-703d959b-617b-4cbc-9a6d-f0ee2dae6e2d 3c6785b742e94c579137931fabb59f09 9236f8b3af2b4f2d842f8d10cd725427 - - - -] 10.0.0.62 "DELETE /v2.0/floatingips/5b4e011f-7e3d-4d52-832b-114aec26662e HTTP/1.1" status: 204 len: 168 time: 0.6116638
2026-05-12 12:40:14.003 9 INFO neutron.wsgi [None req-2786ebbc-3521-4ad1-bec0-909cae8fb964 5095b3d3b7b74149b1ff486115740754 6609984888e242528b6697ecfce38f7a - - - -] 10.0.0.62 "POST /v2.0/security-group-rules HTTP/1.1" status: 201 len: 764 time: 0.3915427
2026-05-12 12:40:14.048 10 INFO neutron.db.ovn_revision_numbers_db [None req-383127f5-ba7c-4158-b285-d8aca818ecbb - - - - - -] Successfully bumped revision number for resource 53067b78-d993-4979-821b-2f768e4f56ff (type: ports) to 4
2026-05-12 12:40:14.104 9 INFO neutron.wsgi [req-84962dbc-f0c7-44f0-99db-da349c38221b req-442bbc67-ffad-43cd-bb03-9f60b39f3418 9ba8a1a2091845e192ebad01e1609544 387d9e5726c7428aab1cf1bc0a7aff79 - - default default] 10.0.0.25 "GET /v2.0/ports?device_id=32b59ca9-ba65-467d-a8a0-48483b870344 HTTP/1.1" status: 200 len: 1174 time: 0.0998235
2026-05-12 12:40:14.139 9 INFO neutron.wsgi [req-84962dbc-f0c7-44f0-99db-da349c38221b req-bb75fa31-2e2c-46a4-9857-c14e641f94bf 9ba8a1a2091845e192ebad01e1609544 387d9e5726c7428aab1cf1bc0a7aff79 - - default default] 10.0.0.25 "GET /v2.0/security-groups?id=5558dfd6-f6a3-478b-af5d-cd6616482564&fields=id&fields=name HTTP/1.1" status: 200 len: 313 time: 0.0281155
2026-05-12 12:40:14.207 9 INFO neutron.notifiers.nova [-] Nova event matching ['req-9ee58958-ff1b-4ee1-a4ad-8e243aeeecb8'] response: {'name': 'network-changed', 'server_uuid': '32b59ca9-ba65-467d-a8a0-48483b870344', 'tag': '53067b78-d993-4979-821b-2f768e4f56ff', 'status': 'completed', 'code': 200}
2026-05-12 12:40:14.212 10 INFO neutron.db.ovn_revision_numbers_db [None req-42d3900f-eba2-46f3-92c4-f97029c64657 5095b3d3b7b74149b1ff486115740754 6609984888e242528b6697ecfce38f7a - - - -] Successfully bumped revision number for resource c31c2b60-6941-401e-a951-c17c920290f2 (type: security_group_rules) to 0
2026-05-12 12:40:14.240 10 INFO neutron.wsgi [None req-42d3900f-eba2-46f3-92c4-f97029c64657 5095b3d3b7b74149b1ff486115740754 6609984888e242528b6697ecfce38f7a - - - -] 10.0.0.62 "POST /v2.0/security-group-rules HTTP/1.1" status: 201 len: 769 time: 0.2300673 /var/lib/openstack/lib/python3.10/site-packages/pycadf/identifier.py:71: UserWarning: Invalid uuid: neutron. To ensure interoperability, identifiers should be a valid uuid. warnings.warn(('Invalid uuid: %s. To ensure interoperability, '
2026-05-12 12:40:14.266 9 INFO neutron.wsgi [req-b5ad92f3-2382-49b4-ba29-511c642baaf2 req-3d8acdca-1b3e-4c46-a508-364ed00e90d1 e326119a2b95487b818c99a3145e043a 3ae3ba7ab3bd42cbba83a45717edbb56 - - 6698cee769d4496ab6a1aaec088ecb18 6698cee769d4496ab6a1aaec088ecb18] 199.19.213.87 "GET /v2.0/ports?tenant_id=387d9e5726c7428aab1cf1bc0a7aff79&device_id=32b59ca9-ba65-467d-a8a0-48483b870344 HTTP/1.1" status: 200 len: 1365 time: 0.0384955
2026-05-12 12:40:14.332 9 INFO neutron.wsgi [req-b5ad92f3-2382-49b4-ba29-511c642baaf2 req-c0fd09ee-da51-4db4-aa4c-b6f745f86ec2 e326119a2b95487b818c99a3145e043a 3ae3ba7ab3bd42cbba83a45717edbb56 - - 6698cee769d4496ab6a1aaec088ecb18 6698cee769d4496ab6a1aaec088ecb18] 199.19.213.87 "GET /v2.0/networks?id=dac01fbb-3254-422c-9550-a880a41b1e55 HTTP/1.1" status: 200 len: 978 time: 0.0621042
2026-05-12 12:40:14.365 9 INFO neutron.wsgi [req-b5ad92f3-2382-49b4-ba29-511c642baaf2 req-fc0ea84d-4f72-4c1a-9187-74506876b904 e326119a2b95487b818c99a3145e043a 3ae3ba7ab3bd42cbba83a45717edbb56 - - 6698cee769d4496ab6a1aaec088ecb18 6698cee769d4496ab6a1aaec088ecb18] 199.19.213.87 "GET /v2.0/floatingips?fixed_ip_address=10.100.0.14&port_id=53067b78-d993-4979-821b-2f768e4f56ff HTTP/1.1" status: 200 len: 217 time: 0.0277123
2026-05-12 12:40:14.396 9 INFO neutron.wsgi [req-b5ad92f3-2382-49b4-ba29-511c642baaf2 req-50161a74-687b-4297-87dc-0c8d7056b904 e326119a2b95487b818c99a3145e043a 3ae3ba7ab3bd42cbba83a45717edbb56 - - 6698cee769d4496ab6a1aaec088ecb18 6698cee769d4496ab6a1aaec088ecb18] 199.19.213.87 "GET /v2.0/subnets?id=6fbc87a1-b6ba-4f97-9ea0-9108d5fbb483 HTTP/1.1" status: 200 len: 873 time: 0.0259011
2026-05-12 12:40:14.425 9 INFO neutron.wsgi [req-b5ad92f3-2382-49b4-ba29-511c642baaf2 req-e0a85b55-db62-4fc7-8814-18d26bdbb871 e326119a2b95487b818c99a3145e043a 3ae3ba7ab3bd42cbba83a45717edbb56 - - 6698cee769d4496ab6a1aaec088ecb18 6698cee769d4496ab6a1aaec088ecb18] 199.19.213.87 "GET /v2.0/ports?network_id=dac01fbb-3254-422c-9550-a880a41b1e55&device_owner=network%3Adhcp HTTP/1.1" status: 200 len: 210 time: 0.0226827
2026-05-12 12:40:14.487 9 INFO neutron.wsgi [req-b5ad92f3-2382-49b4-ba29-511c642baaf2 req-913c2a22-3369-489c-b085-c105e2190f19 e326119a2b95487b818c99a3145e043a 3ae3ba7ab3bd42cbba83a45717edbb56 - - 6698cee769d4496ab6a1aaec088ecb18 6698cee769d4496ab6a1aaec088ecb18] 199.19.213.87 "GET /v2.0/networks/dac01fbb-3254-422c-9550-a880a41b1e55?fields=segments HTTP/1.1" status: 200 len: 212 time: 0.0563846
