2026-05-12 12:44:26.800 10 INFO neutron.wsgi [req-f2840c53-6db1-44c5-b4db-7f1a7e6ea383 req-0c0d54c7-d940-48f4-80fd-2ba21e5243bf e326119a2b95487b818c99a3145e043a 3ae3ba7ab3bd42cbba83a45717edbb56 - - 6698cee769d4496ab6a1aaec088ecb18 6698cee769d4496ab6a1aaec088ecb18] 199.19.213.87 "GET /v2.0/floatingips?fixed_ip_address=10.2.2.144&port_id=e28e44fb-2c07-4306-9399-3633d2de8837 HTTP/1.1" status: 200 len: 217 time: 0.0226257
2026-05-12 12:44:26.828 10 INFO neutron.wsgi [req-f2840c53-6db1-44c5-b4db-7f1a7e6ea383 req-1b665484-0503-4e77-828e-b9c1e7b38b3a e326119a2b95487b818c99a3145e043a 3ae3ba7ab3bd42cbba83a45717edbb56 - - 6698cee769d4496ab6a1aaec088ecb18 6698cee769d4496ab6a1aaec088ecb18] 199.19.213.87 "GET /v2.0/floatingips?fixed_ip_address=fd77%3A1457%3A4cf0%3A26a8%3A%3A1dc&port_id=e28e44fb-2c07-4306-9399-3633d2de8837 HTTP/1.1" status: 200 len: 217 time: 0.0212672
2026-05-12 12:44:26.867 10 INFO neutron.wsgi [req-f2840c53-6db1-44c5-b4db-7f1a7e6ea383 req-a43f5b0e-0358-4591-8adc-f708f8b14151 e326119a2b95487b818c99a3145e043a 3ae3ba7ab3bd42cbba83a45717edbb56 - - 6698cee769d4496ab6a1aaec088ecb18 6698cee769d4496ab6a1aaec088ecb18] 199.19.213.87 "GET /v2.0/subnets?id=7ae663e4-e7ff-4765-b462-ea34b66a2141&id=74532271-9958-462e-b9ab-44e21bd6afb6 HTTP/1.1" status: 200 len: 1565 time: 0.0330124
2026-05-12 12:44:26.896 10 INFO neutron.wsgi [req-f2840c53-6db1-44c5-b4db-7f1a7e6ea383 req-ddeb1697-7ea5-4a2c-a336-40c6f88e1be4 e326119a2b95487b818c99a3145e043a 3ae3ba7ab3bd42cbba83a45717edbb56 - - 6698cee769d4496ab6a1aaec088ecb18 6698cee769d4496ab6a1aaec088ecb18] 199.19.213.87 "GET /v2.0/ports?network_id=ce40a630-dbd7-46fb-9b88-257fcd78cf93&device_owner=network%3Adhcp HTTP/1.1" status: 200 len: 210 time: 0.0230854
2026-05-12 12:44:26.920 10 INFO neutron.wsgi [req-f2840c53-6db1-44c5-b4db-7f1a7e6ea383 req-701b7166-ced0-4ce6-858b-b59626b5e735 e326119a2b95487b818c99a3145e043a 3ae3ba7ab3bd42cbba83a45717edbb56 - - 6698cee769d4496ab6a1aaec088ecb18 6698cee769d4496ab6a1aaec088ecb18] 199.19.213.87 "GET /v2.0/ports?network_id=ce40a630-dbd7-46fb-9b88-257fcd78cf93&device_owner=network%3Adhcp HTTP/1.1" status: 200 len: 210 time: 0.0179121
2026-05-12 12:44:26.980 10 INFO neutron.wsgi [req-f2840c53-6db1-44c5-b4db-7f1a7e6ea383 req-17c58bdf-ed64-499f-8544-3b0b0531a616 e326119a2b95487b818c99a3145e043a 3ae3ba7ab3bd42cbba83a45717edbb56 - - 6698cee769d4496ab6a1aaec088ecb18 6698cee769d4496ab6a1aaec088ecb18] 199.19.213.87 "GET /v2.0/networks/ce40a630-dbd7-46fb-9b88-257fcd78cf93?fields=segments HTTP/1.1" status: 200 len: 212 time: 0.0529866
2026-05-12 12:44:27.049 10 INFO neutron.wsgi [req-f2840c53-6db1-44c5-b4db-7f1a7e6ea383 req-cfc39da3-4f6f-42a6-abd8-734105f94961 e326119a2b95487b818c99a3145e043a 3ae3ba7ab3bd42cbba83a45717edbb56 - - 6698cee769d4496ab6a1aaec088ecb18 6698cee769d4496ab6a1aaec088ecb18] 199.19.213.87 "GET /v2.0/networks/ce40a630-dbd7-46fb-9b88-257fcd78cf93?fields=provider%3Aphysical_network&fields=provider%3Anetwork_type HTTP/1.1" status: 200 len: 277 time: 0.0623779
2026-05-12 12:44:27.123 10 INFO neutron.wsgi [req-afac815d-3b80-4dc1-86b2-b7a272e23976 req-56436754-09b5-4919-8593-127484f11d0d e326119a2b95487b818c99a3145e043a 3ae3ba7ab3bd42cbba83a45717edbb56 - - 6698cee769d4496ab6a1aaec088ecb18 6698cee769d4496ab6a1aaec088ecb18] 199.19.213.87 "GET /v2.0/ports?tenant_id=a1262d3303b343f095e0707333f9e4a6&device_id=0b762668-8590-4e79-ba2a-9ea59dffbf3b HTTP/1.1" status: 200 len: 1592 time: 0.0300913
2026-05-12 12:44:27.187 10 INFO neutron.wsgi [req-afac815d-3b80-4dc1-86b2-b7a272e23976 req-48e8ea99-1d51-4a7c-9d58-91272a9ed6db e326119a2b95487b818c99a3145e043a 3ae3ba7ab3bd42cbba83a45717edbb56 - - 6698cee769d4496ab6a1aaec088ecb18 6698cee769d4496ab6a1aaec088ecb18] 199.19.213.87 "GET /v2.0/networks?id=ce40a630-dbd7-46fb-9b88-257fcd78cf93 HTTP/1.1" status: 200 len: 1002 time: 0.0590148
2026-05-12 12:44:27.233 10 INFO neutron.wsgi [req-afac815d-3b80-4dc1-86b2-b7a272e23976 req-a8b708d8-872d-43fd-9d0f-cc3c4b245071 e326119a2b95487b818c99a3145e043a 3ae3ba7ab3bd42cbba83a45717edbb56 - - 6698cee769d4496ab6a1aaec088ecb18 6698cee769d4496ab6a1aaec088ecb18] 199.19.213.87 "GET /v2.0/floatingips?fixed_ip_address=10.2.2.144&port_id=e28e44fb-2c07-4306-9399-3633d2de8837 HTTP/1.1" status: 200 len: 217 time: 0.0379937
2026-05-12 12:44:27.236 10 INFO neutron.plugins.ml2.drivers.ovn.mech_driver.mech_driver [None req-383127f5-ba7c-4158-b285-d8aca818ecbb - - - - - -] OVN reports status up for port: e28e44fb-2c07-4306-9399-3633d2de8837
2026-05-12 12:44:27.251 10 INFO neutron.plugins.ml2.plugin [None req-383127f5-ba7c-4158-b285-d8aca818ecbb - - - - - -] Attempt 1 to provision port e28e44fb-2c07-4306-9399-3633d2de8837
2026-05-12 12:44:27.303 10 INFO neutron.wsgi [req-afac815d-3b80-4dc1-86b2-b7a272e23976 req-752ffe02-272b-4af1-b312-6af14f711d28 e326119a2b95487b818c99a3145e043a 3ae3ba7ab3bd42cbba83a45717edbb56 - - 6698cee769d4496ab6a1aaec088ecb18 6698cee769d4496ab6a1aaec088ecb18] 199.19.213.87 "GET /v2.0/floatingips?fixed_ip_address=fd77%3A1457%3A4cf0%3A26a8%3A%3A1dc&port_id=e28e44fb-2c07-4306-9399-3633d2de8837 HTTP/1.1" status: 200 len: 217 time: 0.0426900
2026-05-12 12:44:27.357 10 INFO neutron.wsgi [req-afac815d-3b80-4dc1-86b2-b7a272e23976 req-bd2793fb-d490-4d20-8d74-b76988e7f172 e326119a2b95487b818c99a3145e043a 3ae3ba7ab3bd42cbba83a45717edbb56 - - 6698cee769d4496ab6a1aaec088ecb18 6698cee769d4496ab6a1aaec088ecb18] 199.19.213.87 "GET /v2.0/subnets?id=7ae663e4-e7ff-4765-b462-ea34b66a2141&id=74532271-9958-462e-b9ab-44e21bd6afb6 HTTP/1.1" status: 200 len: 1565 time: 0.0477819
2026-05-12 12:44:27.378 9 INFO neutron.db.ovn_revision_numbers_db [None req-6dbaeb89-4a25-4971-9ff4-ea6d65374425 b13230c76d314e39a0bc164eb4804e90 9925fe606a554717aab6e2d224ef3810 - - default default] Successfully bumped revision number for resource f817da65-5547-41ec-be71-90bbb2beff7e (type: security_groups) to 1
2026-05-12 12:44:27.390 10 INFO neutron.wsgi [req-afac815d-3b80-4dc1-86b2-b7a272e23976 req-7235a9bd-18b7-41f9-9139-74c8dd1d9592 e326119a2b95487b818c99a3145e043a 3ae3ba7ab3bd42cbba83a45717edbb56 - - 6698cee769d4496ab6a1aaec088ecb18 6698cee769d4496ab6a1aaec088ecb18] 199.19.213.87 "GET /v2.0/ports?network_id=ce40a630-dbd7-46fb-9b88-257fcd78cf93&device_owner=network%3Adhcp HTTP/1.1" status: 200 len: 210 time: 0.0256560
2026-05-12 12:44:27.421 9 INFO neutron.wsgi [None req-6dbaeb89-4a25-4971-9ff4-ea6d65374425 b13230c76d314e39a0bc164eb4804e90 9925fe606a554717aab6e2d224ef3810 - - default default] 10.0.0.62 "GET /v2.0/security-groups?tenant_id=9d79adac83f14744bc01a7c12a1b22a7&name=default HTTP/1.1" status: 200 len: 3000 time: 0.4067287
2026-05-12 12:44:27.425 10 INFO neutron.wsgi [req-afac815d-3b80-4dc1-86b2-b7a272e23976 req-3f073655-60d2-468e-b913-6a84570356bc e326119a2b95487b818c99a3145e043a 3ae3ba7ab3bd42cbba83a45717edbb56 - - 6698cee769d4496ab6a1aaec088ecb18 6698cee769d4496ab6a1aaec088ecb18] 199.19.213.87 "GET /v2.0/ports?network_id=ce40a630-dbd7-46fb-9b88-257fcd78cf93&device_owner=network%3Adhcp HTTP/1.1" status: 200 len: 210 time: 0.0269761
2026-05-12 12:44:27.539 10 INFO neutron.wsgi [req-afac815d-3b80-4dc1-86b2-b7a272e23976 req-ac5ace7e-f947-45d3-a296-4d3d3c8302e2 e326119a2b95487b818c99a3145e043a 3ae3ba7ab3bd42cbba83a45717edbb56 - - 6698cee769d4496ab6a1aaec088ecb18 6698cee769d4496ab6a1aaec088ecb18] 199.19.213.87 "GET /v2.0/networks/ce40a630-dbd7-46fb-9b88-257fcd78cf93?fields=segments HTTP/1.1" status: 200 len: 212 time: 0.1048970
2026-05-12 12:44:27.662 10 INFO neutron.wsgi [req-afac815d-3b80-4dc1-86b2-b7a272e23976 req-fee5472c-1e24-42c9-b47f-dc95b3f02502 e326119a2b95487b818c99a3145e043a 3ae3ba7ab3bd42cbba83a45717edbb56 - - 6698cee769d4496ab6a1aaec088ecb18 6698cee769d4496ab6a1aaec088ecb18] 199.19.213.87 "GET /v2.0/networks/ce40a630-dbd7-46fb-9b88-257fcd78cf93?fields=provider%3Aphysical_network&fields=provider%3Anetwork_type HTTP/1.1" status: 200 len: 277 time: 0.1052661
2026-05-12 12:44:27.697 10 INFO neutron.db.ovn_revision_numbers_db [None req-383127f5-ba7c-4158-b285-d8aca818ecbb - - - - - -] Successfully bumped revision number for resource e28e44fb-2c07-4306-9399-3633d2de8837 (type: ports) to 4
2026-05-12 12:44:27.773 10 INFO neutron.wsgi [None req-63e21f10-4f71-47fc-9705-1d48b6ca5244 b13230c76d314e39a0bc164eb4804e90 9925fe606a554717aab6e2d224ef3810 - - - -] 10.0.0.62 "DELETE /v2.0/security-groups/f817da65-5547-41ec-be71-90bbb2beff7e HTTP/1.1" status: 204 len: 168 time: 0.3431938
2026-05-12 12:44:27.970 9 INFO neutron.db.ovn_revision_numbers_db [None req-3119cf98-d869-4703-91b1-8d611d95f171 b13230c76d314e39a0bc164eb4804e90 9925fe606a554717aab6e2d224ef3810 - - default default] Successfully bumped revision number for resource 8fd01887-bf3a-4f43-87f2-c4bfad44bf08 (type: security_groups) to 1
2026-05-12 12:44:27.997 9 INFO neutron.wsgi [None req-3119cf98-d869-4703-91b1-8d611d95f171 b13230c76d314e39a0bc164eb4804e90 9925fe606a554717aab6e2d224ef3810 - - default default] 10.0.0.62 "GET /v2.0/security-groups?tenant_id=71f25874f1704842b4424cfd33075704&name=default HTTP/1.1" status: 200 len: 3000 time: 0.1165495
2026-05-12 12:44:28.193 9 INFO neutron.wsgi [None req-81310d5d-6a2d-4edc-87b5-66d6f88993bd b13230c76d314e39a0bc164eb4804e90 9925fe606a554717aab6e2d224ef3810 - - - -] 10.0.0.62 "DELETE /v2.0/security-groups/8fd01887-bf3a-4f43-87f2-c4bfad44bf08 HTTP/1.1" status: 204 len: 168 time: 0.1909420 /var/lib/openstack/lib/python3.10/site-packages/pycadf/identifier.py:71: UserWarning: Invalid uuid: neutron. To ensure interoperability, identifiers should be a valid uuid. warnings.warn(('Invalid uuid: %s. To ensure interoperability, '
2026-05-12 12:44:28.384 10 INFO neutron.wsgi [None req-4760d75e-c350-4683-ade0-f74a8ce67a53 b13230c76d314e39a0bc164eb4804e90 9925fe606a554717aab6e2d224ef3810 - - default default] 10.0.0.62 "GET /v2.0/security-groups?tenant_id=d067638fdff349a78586cf8bb6c7d3b5&name=default HTTP/1.1" status: 200 len: 3000 time: 0.0282981
2026-05-12 12:44:28.584 10 INFO neutron.wsgi [None req-1d56db55-a953-412f-93b5-8bc2f669d4d2 b13230c76d314e39a0bc164eb4804e90 9925fe606a554717aab6e2d224ef3810 - - - -] 10.0.0.62 "DELETE /v2.0/security-groups/d8186e1e-ff51-468d-92a0-7eb7b49d6e94 HTTP/1.1" status: 204 len: 168 time: 0.1951227
2026-05-12 12:44:28.782 10 INFO neutron.notifiers.nova [-] Nova event matching ['req-bc5b7486-c41b-4e85-ad92-46ad2b4fe7d4'] response: {'server_uuid': '0b762668-8590-4e79-ba2a-9ea59dffbf3b', 'name': 'network-vif-plugged', 'status': 'completed', 'tag': 'e28e44fb-2c07-4306-9399-3633d2de8837', 'code': 200}
2026-05-12 12:44:28.783 10 INFO neutron.notifiers.nova [-] Nova event matching ['req-bc5b7486-c41b-4e85-ad92-46ad2b4fe7d4'] response: {'server_uuid': '0b762668-8590-4e79-ba2a-9ea59dffbf3b', 'name': 'network-vif-plugged', 'status': 'completed', 'tag': 'e28e44fb-2c07-4306-9399-3633d2de8837', 'code': 200}
2026-05-12 12:44:29.701 10 INFO neutron.wsgi [req-f5aea7b8-7732-4601-b2f1-3f04bd8f15c3 req-dbd17b78-a96d-4a87-b1c9-cbb567ded260 0e22e099422a4bb69a78b8e8751340a3 a1262d3303b343f095e0707333f9e4a6 - - default default] 10.0.0.25 "GET /v2.0/ports?device_id=0b762668-8590-4e79-ba2a-9ea59dffbf3b HTTP/1.1" status: 200 len: 1404 time: 0.1122284
2026-05-12 12:44:29.741 10 INFO neutron.wsgi [req-f5aea7b8-7732-4601-b2f1-3f04bd8f15c3 req-94c31c84-e531-4249-afe5-30dc20353192 0e22e099422a4bb69a78b8e8751340a3 a1262d3303b343f095e0707333f9e4a6 - - default default] 10.0.0.25 "GET /v2.0/security-groups?id=f4df890a-2f15-4711-980f-d571e49910f0&fields=id&fields=name HTTP/1.1" status: 200 len: 311 time: 0.0327320
2026-05-12 12:44:29.827 10 INFO neutron.wsgi [None req-2170f6d9-0221-4273-8b1a-8e4f40edf778 0e22e099422a4bb69a78b8e8751340a3 a1262d3303b343f095e0707333f9e4a6 - - default default] 10.0.0.62 "GET /v2.0/ports?network_id=ce40a630-dbd7-46fb-9b88-257fcd78cf93&mac_address=fa%3A16%3A3e%3A52%3A39%3A4e HTTP/1.1" status: 200 len: 1399 time: 0.0577130
2026-05-12 12:44:30.168 10 WARNING neutron.scheduler.dhcp_agent_scheduler [None req-5f4f1138-9a68-43b3-9073-5579b2c833f2 0e22e099422a4bb69a78b8e8751340a3 a1262d3303b343f095e0707333f9e4a6 - - - -] No more DHCP agents
2026-05-12 12:44:30.169 10 WARNING neutron.api.rpc.agentnotifiers.dhcp_rpc_agent_api [None req-5f4f1138-9a68-43b3-9073-5579b2c833f2 0e22e099422a4bb69a78b8e8751340a3 a1262d3303b343f095e0707333f9e4a6 - - - -] Unable to schedule network 8b5a2d22-a16f-4184-8653-e0b63c5d61fa: no agents available; will retry on subsequent port and subnet creation events.
2026-05-12 12:44:31.135 10 INFO neutron.db.l3_db [None req-5f4f1138-9a68-43b3-9073-5579b2c833f2 0e22e099422a4bb69a78b8e8751340a3 a1262d3303b343f095e0707333f9e4a6 - - - -] Floating IP 3f1cd6a1-d55c-4fed-893d-d8eab77f332d associated. External IP: 10.96.250.210, port: e28e44fb-2c07-4306-9399-3633d2de8837.
2026-05-12 12:44:31.357 10 INFO neutron.db.ovn_revision_numbers_db [None req-5f4f1138-9a68-43b3-9073-5579b2c833f2 0e22e099422a4bb69a78b8e8751340a3 a1262d3303b343f095e0707333f9e4a6 - - - -] Successfully bumped revision number for resource 3f1cd6a1-d55c-4fed-893d-d8eab77f332d (type: floatingips) to 0
2026-05-12 12:44:31.444 10 INFO neutron.db.ovn_revision_numbers_db [None req-5f4f1138-9a68-43b3-9073-5579b2c833f2 0e22e099422a4bb69a78b8e8751340a3 a1262d3303b343f095e0707333f9e4a6 - - - -] Successfully bumped revision number for resource 3f1cd6a1-d55c-4fed-893d-d8eab77f332d (type: floatingips) to 1
2026-05-12 12:44:31.481 10 INFO neutron.wsgi [None req-5f4f1138-9a68-43b3-9073-5579b2c833f2 0e22e099422a4bb69a78b8e8751340a3 a1262d3303b343f095e0707333f9e4a6 - - - -] 10.0.0.62 "POST /v2.0/floatingips HTTP/1.1" status: 201 len: 1054 time: 1.6496382
2026-05-12 12:44:31.519 10 INFO neutron.notifiers.nova [-] Nova event matching ['req-78274125-8b4f-4c92-b13a-b14e292ea086'] response: {'name': 'network-changed', 'server_uuid': '0b762668-8590-4e79-ba2a-9ea59dffbf3b', 'tag': 'e28e44fb-2c07-4306-9399-3633d2de8837', 'status': 'completed', 'code': 200}
2026-05-12 12:44:31.580 10 INFO neutron.wsgi [req-609be947-aca0-4dff-ba13-ece141fbb3bd req-d9239c9c-af4d-4c7e-a3ef-32eb28282b18 e326119a2b95487b818c99a3145e043a 3ae3ba7ab3bd42cbba83a45717edbb56 - - 6698cee769d4496ab6a1aaec088ecb18 6698cee769d4496ab6a1aaec088ecb18] 199.19.213.87 "GET /v2.0/ports?tenant_id=a1262d3303b343f095e0707333f9e4a6&device_id=0b762668-8590-4e79-ba2a-9ea59dffbf3b HTTP/1.1" status: 200 len: 1594 time: 0.0369678
2026-05-12 12:44:31.639 10 INFO neutron.wsgi [req-609be947-aca0-4dff-ba13-ece141fbb3bd req-2d6161aa-2ab0-4d0e-8fc2-2097d68b2d8f e326119a2b95487b818c99a3145e043a 3ae3ba7ab3bd42cbba83a45717edbb56 - - 6698cee769d4496ab6a1aaec088ecb18 6698cee769d4496ab6a1aaec088ecb18] 199.19.213.87 "GET /v2.0/networks?id=ce40a630-dbd7-46fb-9b88-257fcd78cf93 HTTP/1.1" status: 200 len: 1002 time: 0.0548770
2026-05-12 12:44:31.683 10 INFO neutron.wsgi [req-609be947-aca0-4dff-ba13-ece141fbb3bd req-a167c0d4-1a8d-4230-970d-57dc2dbb7e42 e326119a2b95487b818c99a3145e043a 3ae3ba7ab3bd42cbba83a45717edbb56 - - 6698cee769d4496ab6a1aaec088ecb18 6698cee769d4496ab6a1aaec088ecb18] 199.19.213.87 "GET /v2.0/floatingips?fixed_ip_address=10.2.2.144&port_id=e28e44fb-2c07-4306-9399-3633d2de8837 HTTP/1.1" status: 200 len: 1059 time: 0.0413895
2026-05-12 12:44:31.710 10 INFO neutron.wsgi [req-609be947-aca0-4dff-ba13-ece141fbb3bd req-37961cfb-0e6e-43d4-89fa-25e06ff7b0fc e326119a2b95487b818c99a3145e043a 3ae3ba7ab3bd42cbba83a45717edbb56 - - 6698cee769d4496ab6a1aaec088ecb18 6698cee769d4496ab6a1aaec088ecb18] 199.19.213.87 "GET /v2.0/floatingips?fixed_ip_address=fd77%3A1457%3A4cf0%3A26a8%3A%3A1dc&port_id=e28e44fb-2c07-4306-9399-3633d2de8837 HTTP/1.1" status: 200 len: 217 time: 0.0240941
2026-05-12 12:44:31.746 10 INFO neutron.wsgi [req-609be947-aca0-4dff-ba13-ece141fbb3bd req-db87941d-cddc-44cc-8989-0c3167b9eb22 e326119a2b95487b818c99a3145e043a 3ae3ba7ab3bd42cbba83a45717edbb56 - - 6698cee769d4496ab6a1aaec088ecb18 6698cee769d4496ab6a1aaec088ecb18] 199.19.213.87 "GET /v2.0/subnets?id=7ae663e4-e7ff-4765-b462-ea34b66a2141&id=74532271-9958-462e-b9ab-44e21bd6afb6 HTTP/1.1" status: 200 len: 1565 time: 0.0336733
2026-05-12 12:44:31.776 10 INFO neutron.wsgi [req-609be947-aca0-4dff-ba13-ece141fbb3bd req-6e252665-e6dc-4f45-9ed4-e64c2129a453 e326119a2b95487b818c99a3145e043a 3ae3ba7ab3bd42cbba83a45717edbb56 - - 6698cee769d4496ab6a1aaec088ecb18 6698cee769d4496ab6a1aaec088ecb18] 199.19.213.87 "GET /v2.0/ports?network_id=ce40a630-dbd7-46fb-9b88-257fcd78cf93&device_owner=network%3Adhcp HTTP/1.1" status: 200 len: 210 time: 0.0226970
2026-05-12 12:44:31.800 10 INFO neutron.wsgi [req-609be947-aca0-4dff-ba13-ece141fbb3bd req-32ec37af-9438-43ad-a6f4-fb781ec31eaa e326119a2b95487b818c99a3145e043a 3ae3ba7ab3bd42cbba83a45717edbb56 - - 6698cee769d4496ab6a1aaec088ecb18 6698cee769d4496ab6a1aaec088ecb18] 199.19.213.87 "GET /v2.0/ports?network_id=ce40a630-dbd7-46fb-9b88-257fcd78cf93&device_owner=network%3Adhcp HTTP/1.1" status: 200 len: 210 time: 0.0181410
2026-05-12 12:44:31.858 10 INFO neutron.wsgi [req-609be947-aca0-4dff-ba13-ece141fbb3bd req-1696496b-0c6a-4c34-937f-96d360dc039f e326119a2b95487b818c99a3145e043a 3ae3ba7ab3bd42cbba83a45717edbb56 - - 6698cee769d4496ab6a1aaec088ecb18 6698cee769d4496ab6a1aaec088ecb18] 199.19.213.87 "GET /v2.0/networks/ce40a630-dbd7-46fb-9b88-257fcd78cf93?fields=segments HTTP/1.1" status: 200 len: 212 time: 0.0507300
2026-05-12 12:44:31.917 10 INFO neutron.wsgi [req-609be947-aca0-4dff-ba13-ece141fbb3bd req-3692f8c3-0afd-482a-b84d-a787e27f5209 e326119a2b95487b818c99a3145e043a 3ae3ba7ab3bd42cbba83a45717edbb56 - - 6698cee769d4496ab6a1aaec088ecb18 6698cee769d4496ab6a1aaec088ecb18] 199.19.213.87 "GET /v2.0/networks/ce40a630-dbd7-46fb-9b88-257fcd78cf93?fields=provider%3Aphysical_network&fields=provider%3Anetwork_type HTTP/1.1" status: 200 len: 277 time: 0.0530190 /var/lib/openstack/lib/python3.10/site-packages/pycadf/identifier.py:71: UserWarning: Invalid uuid: neutron. To ensure interoperability, identifiers should be a valid uuid. warnings.warn(('Invalid uuid: %s. To ensure interoperability, '
2026-05-12 12:44:32.132 9 INFO neutron.db.ovn_revision_numbers_db [None req-5797a57a-ef33-4804-b2a9-367e6ef8ce32 fe5c4af1039f489e8a3c1744c3e3abec ec85be7d3d0c492da425f14ea006771a - - - -] Successfully bumped revision number for resource 4b69eea9-2acb-4985-9411-aa4daa95062c (type: security_groups) to 1
2026-05-12 12:44:32.185 9 INFO neutron.db.segments_db [None req-5797a57a-ef33-4804-b2a9-367e6ef8ce32 fe5c4af1039f489e8a3c1744c3e3abec ec85be7d3d0c492da425f14ea006771a - - - -] Added segment a5949fe6-f942-46a4-85b6-2dade4a1f335 of type geneve for network deb873e3-fa6c-4680-9ceb-1c00de1c1494
2026-05-12 12:44:32.327 9 INFO neutron.db.ovn_revision_numbers_db [None req-5797a57a-ef33-4804-b2a9-367e6ef8ce32 fe5c4af1039f489e8a3c1744c3e3abec ec85be7d3d0c492da425f14ea006771a - - - -] Successfully bumped revision number for resource deb873e3-fa6c-4680-9ceb-1c00de1c1494 (type: networks) to 1
2026-05-12 12:44:32.517 9 WARNING neutron.scheduler.dhcp_agent_scheduler [None req-5797a57a-ef33-4804-b2a9-367e6ef8ce32 fe5c4af1039f489e8a3c1744c3e3abec ec85be7d3d0c492da425f14ea006771a - - - -] No more DHCP agents
2026-05-12 12:44:32.519 9 WARNING neutron.api.rpc.agentnotifiers.dhcp_rpc_agent_api [None req-5797a57a-ef33-4804-b2a9-367e6ef8ce32 fe5c4af1039f489e8a3c1744c3e3abec ec85be7d3d0c492da425f14ea006771a - - - -] Unable to schedule network deb873e3-fa6c-4680-9ceb-1c00de1c1494: no agents available; will retry on subsequent port and subnet creation events.
2026-05-12 12:44:32.585 9 INFO neutron.db.ovn_revision_numbers_db [None req-5797a57a-ef33-4804-b2a9-367e6ef8ce32 fe5c4af1039f489e8a3c1744c3e3abec ec85be7d3d0c492da425f14ea006771a - - - -] Successfully bumped revision number for resource 199a0a17-3e74-4804-ba33-107d5464f5c1 (type: ports) to 1
2026-05-12 12:44:32.610 9 INFO neutron.wsgi [None req-5797a57a-ef33-4804-b2a9-367e6ef8ce32 fe5c4af1039f489e8a3c1744c3e3abec ec85be7d3d0c492da425f14ea006771a - - - -] 10.0.0.62 "POST /v2.0/networks HTTP/1.1" status: 201 len: 831 time: 0.7571418
2026-05-12 12:44:32.871 9 WARNING neutron.scheduler.dhcp_agent_scheduler [None req-cab1959f-a5ef-4c51-8461-dcb1c4d704d0 fe5c4af1039f489e8a3c1744c3e3abec ec85be7d3d0c492da425f14ea006771a - - - -] No more DHCP agents
2026-05-12 12:44:32.874 9 WARNING neutron.api.rpc.agentnotifiers.dhcp_rpc_agent_api [None req-cab1959f-a5ef-4c51-8461-dcb1c4d704d0 fe5c4af1039f489e8a3c1744c3e3abec ec85be7d3d0c492da425f14ea006771a - - - -] Unable to schedule network deb873e3-fa6c-4680-9ceb-1c00de1c1494: no agents available; will retry on subsequent port and subnet creation events.
2026-05-12 12:44:32.940 9 INFO neutron.db.ovn_revision_numbers_db [None req-cab1959f-a5ef-4c51-8461-dcb1c4d704d0 fe5c4af1039f489e8a3c1744c3e3abec ec85be7d3d0c492da425f14ea006771a - - - -] Successfully bumped revision number for resource 320ed61c-28c1-4edb-ae97-337c10a08aaf (type: ports) to 1
2026-05-12 12:44:32.963 9 INFO neutron.wsgi [None req-cab1959f-a5ef-4c51-8461-dcb1c4d704d0 fe5c4af1039f489e8a3c1744c3e3abec ec85be7d3d0c492da425f14ea006771a - - - -] 10.0.0.62 "POST /v2.0/ports HTTP/1.1" status: 201 len: 942 time: 0.3468211 /var/lib/openstack/lib/python3.10/site-packages/pycadf/identifier.py:71: UserWarning: Invalid uuid: neutron. To ensure interoperability, identifiers should be a valid uuid. warnings.warn(('Invalid uuid: %s. To ensure interoperability, '
2026-05-12 12:44:33.009 9 INFO neutron.wsgi [None req-a20ddb67-49ca-4f36-a44a-7a9278cb8186 fe5c4af1039f489e8a3c1744c3e3abec ec85be7d3d0c492da425f14ea006771a - - - -] 10.0.0.62 "PUT /v2.0/ports/320ed61c-28c1-4edb-ae97-337c10a08aaf/tags HTTP/1.1" status: 200 len: 218 time: 0.0395384
2026-05-12 12:44:33.031 10 INFO neutron.wsgi [req-669375d4-3f06-47e9-8f77-8260053e09b5 req-d3ca3068-d088-4b65-b832-3a7895d8c85e e326119a2b95487b818c99a3145e043a 3ae3ba7ab3bd42cbba83a45717edbb56 - - 6698cee769d4496ab6a1aaec088ecb18 6698cee769d4496ab6a1aaec088ecb18] 10.0.0.133 "GET /v2.0/ports?device_id=d75bfe43-2fd6-4bbe-a0ba-de7e2d417ad9 HTTP/1.1" status: 200 len: 1586 time: 0.0493734
2026-05-12 12:44:33.051 9 INFO neutron.wsgi [None req-a983b371-1421-4c26-ac0b-0986a2c34056 fe5c4af1039f489e8a3c1744c3e3abec ec85be7d3d0c492da425f14ea006771a - - default default] 10.0.0.62 "GET /v2.0/ports/320ed61c-28c1-4edb-ae97-337c10a08aaf/tags HTTP/1.1" status: 200 len: 218 time: 0.0353236
2026-05-12 12:44:33.087 10 INFO neutron.wsgi [req-669375d4-3f06-47e9-8f77-8260053e09b5 req-0eb5bbba-12f7-4918-8ec5-30f8a36ab36d e326119a2b95487b818c99a3145e043a 3ae3ba7ab3bd42cbba83a45717edbb56 - - 6698cee769d4496ab6a1aaec088ecb18 6698cee769d4496ab6a1aaec088ecb18] 10.0.0.133 "GET /v2.0/security-groups?id=f4df890a-2f15-4711-980f-d571e49910f0&fields=id&fields=name HTTP/1.1" status: 200 len: 311 time: 0.0457895
2026-05-12 12:44:33.109 9 INFO neutron.wsgi [None req-e50b35b5-0aab-4874-9c7e-90cd3a746214 fe5c4af1039f489e8a3c1744c3e3abec ec85be7d3d0c492da425f14ea006771a - - - -] 10.0.0.62 "PUT /v2.0/ports/320ed61c-28c1-4edb-ae97-337c10a08aaf/tags/green HTTP/1.1" status: 201 len: 201 time: 0.0521781
2026-05-12 12:44:33.167 9 INFO neutron.wsgi [None req-f0422e80-8ace-40f9-a448-6dbc4e8d5b3c fe5c4af1039f489e8a3c1744c3e3abec ec85be7d3d0c492da425f14ea006771a - - default default] 10.0.0.62 "GET /v2.0/ports/320ed61c-28c1-4edb-ae97-337c10a08aaf/tags HTTP/1.1" status: 200 len: 227 time: 0.0521371
2026-05-12 12:44:33.206 9 INFO neutron.wsgi [None req-06354244-7cfd-4fe2-97f5-e83e58e50cd8 fe5c4af1039f489e8a3c1744c3e3abec ec85be7d3d0c492da425f14ea006771a - - - -] 10.0.0.62 "PUT /v2.0/ports/320ed61c-28c1-4edb-ae97-337c10a08aaf/tags/red HTTP/1.1" status: 201 len: 201 time: 0.0331089
2026-05-12 12:44:33.236 9 INFO neutron.wsgi [None req-ceb8e127-c5ef-4faa-b5dd-e0c7401a47b8 fe5c4af1039f489e8a3c1744c3e3abec ec85be7d3d0c492da425f14ea006771a - - default default] 10.0.0.62 "GET /v2.0/ports/320ed61c-28c1-4edb-ae97-337c10a08aaf/tags HTTP/1.1" status: 200 len: 227 time: 0.0252066
2026-05-12 12:44:33.289 9 INFO neutron.wsgi [None req-122df218-462a-42a9-ab97-712aff88583a fe5c4af1039f489e8a3c1744c3e3abec ec85be7d3d0c492da425f14ea006771a - - - -] 10.0.0.62 "PUT /v2.0/ports/320ed61c-28c1-4edb-ae97-337c10a08aaf/tags/black.or.white HTTP/1.1" status: 201 len: 201 time: 0.0460734
2026-05-12 12:44:33.333 9 INFO neutron.wsgi [None req-8a5c4748-45f8-4473-a99b-65e9a78c9800 fe5c4af1039f489e8a3c1744c3e3abec ec85be7d3d0c492da425f14ea006771a - - default default] 10.0.0.62 "GET /v2.0/ports/320ed61c-28c1-4edb-ae97-337c10a08aaf/tags HTTP/1.1" status: 200 len: 245 time: 0.0397544
2026-05-12 12:44:33.389 9 INFO neutron.wsgi [None req-5776a4ca-b19e-40f8-a3e7-5f254e717ebd fe5c4af1039f489e8a3c1744c3e3abec ec85be7d3d0c492da425f14ea006771a - - - -] 10.0.0.62 "PUT /v2.0/ports/320ed61c-28c1-4edb-ae97-337c10a08aaf/tags HTTP/1.1" status: 200 len: 230 time: 0.0495598
2026-05-12 12:44:33.423 9 INFO neutron.wsgi [None req-cbcd6d62-e207-4d13-9804-55eecac55801 fe5c4af1039f489e8a3c1744c3e3abec ec85be7d3d0c492da425f14ea006771a - - default default] 10.0.0.62 "GET /v2.0/ports/320ed61c-28c1-4edb-ae97-337c10a08aaf/tags HTTP/1.1" status: 200 len: 230 time: 0.0279646
2026-05-12 12:44:33.463 9 INFO neutron.wsgi [None req-b2dfe883-4c70-4356-8704-bf23cf13136c fe5c4af1039f489e8a3c1744c3e3abec ec85be7d3d0c492da425f14ea006771a - - default default] 10.0.0.62 "GET /v2.0/ports/320ed61c-28c1-4edb-ae97-337c10a08aaf/tags/red HTTP/1.1" status: 204 len: 168 time: 0.0347991
2026-05-12 12:44:33.498 9 INFO neutron.api.v2.resource [None req-c7acc778-0807-43ee-91cd-4b5acb61ff55 fe5c4af1039f489e8a3c1744c3e3abec ec85be7d3d0c492da425f14ea006771a - - default default] show failed (client error): The resource could not be found.
2026-05-12 12:44:33.499 9 INFO neutron.wsgi [None req-c7acc778-0807-43ee-91cd-4b5acb61ff55 fe5c4af1039f489e8a3c1744c3e3abec ec85be7d3d0c492da425f14ea006771a - - default default] 10.0.0.62 "GET /v2.0/ports/320ed61c-28c1-4edb-ae97-337c10a08aaf/tags/green HTTP/1.1" status: 404 len: 299 time: 0.0300851
2026-05-12 12:44:33.558 9 INFO neutron.wsgi [None req-ea93da33-cab0-4b80-b5a7-60c7af7f1fd2 fe5c4af1039f489e8a3c1744c3e3abec ec85be7d3d0c492da425f14ea006771a - - - -] 10.0.0.62 "DELETE /v2.0/ports/320ed61c-28c1-4edb-ae97-337c10a08aaf/tags/red HTTP/1.1" status: 204 len: 168 time: 0.0534689
2026-05-12 12:44:33.617 9 INFO neutron.wsgi [None req-ded0e009-759d-4471-9ee4-cb0c4103cabd fe5c4af1039f489e8a3c1744c3e3abec ec85be7d3d0c492da425f14ea006771a - - default default] 10.0.0.62 "GET /v2.0/ports/320ed61c-28c1-4edb-ae97-337c10a08aaf/tags HTTP/1.1" status: 200 len: 223 time: 0.0514655
2026-05-12 12:44:33.667 9 INFO neutron.api.v2.resource [None req-d97e51a2-3bb1-40c9-9a8a-417a5f7d1b85 fe5c4af1039f489e8a3c1744c3e3abec ec85be7d3d0c492da425f14ea006771a - - - -] delete failed (client error): The resource could not be found.
2026-05-12 12:44:33.668 9 INFO neutron.wsgi [None req-d97e51a2-3bb1-40c9-9a8a-417a5f7d1b85 fe5c4af1039f489e8a3c1744c3e3abec ec85be7d3d0c492da425f14ea006771a - - - -] 10.0.0.62 "DELETE /v2.0/ports/320ed61c-28c1-4edb-ae97-337c10a08aaf/tags/green HTTP/1.1" status: 404 len: 299 time: 0.0470972
2026-05-12 12:44:33.713 9 INFO neutron.wsgi [None req-1ddd3459-3955-4cb8-8e1a-68394d037466 fe5c4af1039f489e8a3c1744c3e3abec ec85be7d3d0c492da425f14ea006771a - - - -] 10.0.0.62 "DELETE /v2.0/ports/320ed61c-28c1-4edb-ae97-337c10a08aaf/tags HTTP/1.1" status: 204 len: 168 time: 0.0413265
2026-05-12 12:44:33.749 9 INFO neutron.wsgi [None req-671eaab4-4873-4635-a8c8-76e869ace964 fe5c4af1039f489e8a3c1744c3e3abec ec85be7d3d0c492da425f14ea006771a - - default default] 10.0.0.62 "GET /v2.0/ports/320ed61c-28c1-4edb-ae97-337c10a08aaf/tags HTTP/1.1" status: 200 len: 205 time: 0.0299184
2026-05-12 12:44:34.007 9 INFO neutron.wsgi [None req-f0b27b61-701e-4066-93ec-7a5c3b370fd1 fe5c4af1039f489e8a3c1744c3e3abec ec85be7d3d0c492da425f14ea006771a - - - -] 10.0.0.62 "DELETE /v2.0/ports/320ed61c-28c1-4edb-ae97-337c10a08aaf HTTP/1.1" status: 204 len: 168 time: 0.2517431
2026-05-12 12:44:34.379 9 INFO neutron.services.segments.plugin [-] Segment a5949fe6-f942-46a4-85b6-2dade4a1f335 resource provider aggregate not found
2026-05-12 12:44:34.384 9 INFO neutron.services.segments.plugin [-] Segment a5949fe6-f942-46a4-85b6-2dade4a1f335 resource provider aggregate not found
2026-05-12 12:44:34.406 9 INFO neutron.services.segments.plugin [-] Segment a5949fe6-f942-46a4-85b6-2dade4a1f335 resource provider not found; error: Placement Client Error (4xx): {"errors": [{"status": 404, "title": "Not Found", "detail": "The resource could not be found.\n\n No resource provider with uuid a5949fe6-f942-46a4-85b6-2dade4a1f335 found for delete ", "request_id": "req-443444e4-3be6-4247-bc3f-ba012888519e"}]}
2026-05-12 12:44:34.408 9 INFO neutron.services.segments.plugin [-] Segment a5949fe6-f942-46a4-85b6-2dade4a1f335 resource provider not found; error: Placement Client Error (4xx): {"errors": [{"status": 404, "title": "Not Found", "detail": "The resource could not be found.\n\n No resource provider with uuid a5949fe6-f942-46a4-85b6-2dade4a1f335 found for delete ", "request_id": "req-74e2861f-0c89-4bc7-bbac-84dfdac8bd7b"}]}
2026-05-12 12:44:34.418 9 INFO neutron.wsgi [None req-d2013769-03b0-4001-a56e-4ea3a9b9cb47 fe5c4af1039f489e8a3c1744c3e3abec ec85be7d3d0c492da425f14ea006771a - - - -] 10.0.0.62 "DELETE /v2.0/networks/deb873e3-fa6c-4680-9ceb-1c00de1c1494 HTTP/1.1" status: 204 len: 168 time: 0.4043314
2026-05-12 12:44:35.311 10 INFO neutron.db.ovn_revision_numbers_db [None req-1b697e3b-9c55-4b6d-87e6-70113fd67c46 b13230c76d314e39a0bc164eb4804e90 9925fe606a554717aab6e2d224ef3810 - - default default] Successfully bumped revision number for resource 040ebf24-3ad8-4d94-93fd-d028f7cb61b1 (type: security_groups) to 1
2026-05-12 12:44:35.332 10 INFO neutron.wsgi [None req-1b697e3b-9c55-4b6d-87e6-70113fd67c46 b13230c76d314e39a0bc164eb4804e90 9925fe606a554717aab6e2d224ef3810 - - default default] 10.0.0.62 "GET /v2.0/security-groups?tenant_id=fd313e07f4c241bcb8f19e215667f6d0&name=default HTTP/1.1" status: 200 len: 3000 time: 0.2213633
2026-05-12 12:44:35.508 10 INFO neutron.wsgi [None req-7e0050f6-12b0-43d1-872f-1cf7b9b59ccc b13230c76d314e39a0bc164eb4804e90 9925fe606a554717aab6e2d224ef3810 - - - -] 10.0.0.62 "DELETE /v2.0/security-groups/040ebf24-3ad8-4d94-93fd-d028f7cb61b1 HTTP/1.1" status: 204 len: 168 time: 0.1704674
2026-05-12 12:44:35.664 9 INFO neutron.wsgi [None req-d82a53b2-7354-4ef1-ae09-72694d1b89e4 b13230c76d314e39a0bc164eb4804e90 9925fe606a554717aab6e2d224ef3810 - - default default] 10.0.0.62 "GET /v2.0/security-groups?tenant_id=ec85be7d3d0c492da425f14ea006771a&name=default HTTP/1.1" status: 200 len: 3000 time: 0.0442960
2026-05-12 12:44:35.884 10 INFO neutron.wsgi [None req-7bc7413b-0f2f-4c51-acdd-4131e9a3bdfc b13230c76d314e39a0bc164eb4804e90 9925fe606a554717aab6e2d224ef3810 - - - -] 10.0.0.62 "DELETE /v2.0/security-groups/4b69eea9-2acb-4985-9411-aa4daa95062c HTTP/1.1" status: 204 len: 168 time: 0.2125936
2026-05-12 12:44:36.729 9 INFO neutron.wsgi [-] 10.0.0.39 "GET / HTTP/1.1" status: 200 len: 246 time: 0.0024688
2026-05-12 12:44:36.733 10 INFO neutron.wsgi [-] 10.0.0.39 "GET / HTTP/1.1" status: 200 len: 246 time: 0.0056877
2026-05-12 12:44:39.345 10 INFO neutron.db.ovn_revision_numbers_db [None req-5396afe3-9b74-4bf4-bc11-3aa94fdd47cc 7f177e7b582846cfb7b5ef70fe2d5b9a fbe81cf0fdb44ccaa3518140b99e24d5 - - - -] Successfully bumped revision number for resource 34b8554d-4218-4463-b169-76ca13122bd0 (type: routers) to 1
2026-05-12 12:44:39.359 10 INFO neutron.wsgi [None req-5396afe3-9b74-4bf4-bc11-3aa94fdd47cc 7f177e7b582846cfb7b5ef70fe2d5b9a fbe81cf0fdb44ccaa3518140b99e24d5 - - - -] 10.0.0.62 "POST /v2.0/routers HTTP/1.1" status: 201 len: 654 time: 0.3342104
2026-05-12 12:44:39.420 10 INFO neutron.wsgi [None req-3838cb94-2e7e-4518-aed7-8790b95b8ea7 7f177e7b582846cfb7b5ef70fe2d5b9a fbe81cf0fdb44ccaa3518140b99e24d5 - - - -] 10.0.0.62 "PUT /v2.0/routers/34b8554d-4218-4463-b169-76ca13122bd0/tags HTTP/1.1" status: 200 len: 218 time: 0.0530701
2026-05-12 12:44:39.470 10 INFO neutron.wsgi [None req-db10cb49-4e22-450a-b0cd-ce2aca137ba2 7f177e7b582846cfb7b5ef70fe2d5b9a fbe81cf0fdb44ccaa3518140b99e24d5 - - default default] 10.0.0.62 "GET /v2.0/routers/34b8554d-4218-4463-b169-76ca13122bd0/tags HTTP/1.1" status: 200 len: 218 time: 0.0461271
2026-05-12 12:44:39.527 10 INFO neutron.wsgi [None req-8a947259-74da-47b4-addd-2f153b6b8e39 7f177e7b582846cfb7b5ef70fe2d5b9a fbe81cf0fdb44ccaa3518140b99e24d5 - - - -] 10.0.0.62 "PUT /v2.0/routers/34b8554d-4218-4463-b169-76ca13122bd0/tags/green HTTP/1.1" status: 201 len: 201 time: 0.0544989
2026-05-12 12:44:39.582 10 INFO neutron.wsgi [None req-4f16b538-4b1d-46da-a99e-e08706b7cc06 7f177e7b582846cfb7b5ef70fe2d5b9a fbe81cf0fdb44ccaa3518140b99e24d5 - - default default] 10.0.0.62 "GET /v2.0/routers/34b8554d-4218-4463-b169-76ca13122bd0/tags HTTP/1.1" status: 200 len: 227 time: 0.0512633
2026-05-12 12:44:39.629 10 INFO neutron.wsgi [None req-a7c1000f-0eb2-479e-8a01-468d99aacb49 7f177e7b582846cfb7b5ef70fe2d5b9a fbe81cf0fdb44ccaa3518140b99e24d5 - - - -] 10.0.0.62 "PUT /v2.0/routers/34b8554d-4218-4463-b169-76ca13122bd0/tags/red HTTP/1.1" status: 201 len: 201 time: 0.0430868
2026-05-12 12:44:39.681 10 INFO neutron.wsgi [None req-f0172991-8148-414a-a312-1a6348639ef9 7f177e7b582846cfb7b5ef70fe2d5b9a fbe81cf0fdb44ccaa3518140b99e24d5 - - default default] 10.0.0.62 "GET /v2.0/routers/34b8554d-4218-4463-b169-76ca13122bd0/tags HTTP/1.1" status: 200 len: 227 time: 0.0478072
2026-05-12 12:44:39.752 10 INFO neutron.wsgi [None req-bd9125ff-10cb-4e30-a99c-d39367a4d239 7f177e7b582846cfb7b5ef70fe2d5b9a fbe81cf0fdb44ccaa3518140b99e24d5 - - - -] 10.0.0.62 "PUT /v2.0/routers/34b8554d-4218-4463-b169-76ca13122bd0/tags/black.or.white HTTP/1.1" status: 201 len: 201 time: 0.0660615
2026-05-12 12:44:39.808 10 INFO neutron.wsgi [None req-88b23018-8bd3-4583-8da8-a8f6d9bfa4fb 7f177e7b582846cfb7b5ef70fe2d5b9a fbe81cf0fdb44ccaa3518140b99e24d5 - - default default] 10.0.0.62 "GET /v2.0/routers/34b8554d-4218-4463-b169-76ca13122bd0/tags HTTP/1.1" status: 200 len: 245 time: 0.0524235
2026-05-12 12:44:39.875 10 INFO neutron.wsgi [None req-3471c386-3f98-4a3b-b97f-d2e866fa8951 7f177e7b582846cfb7b5ef70fe2d5b9a fbe81cf0fdb44ccaa3518140b99e24d5 - - - -] 10.0.0.62 "PUT /v2.0/routers/34b8554d-4218-4463-b169-76ca13122bd0/tags HTTP/1.1" status: 200 len: 230 time: 0.0610392
2026-05-12 12:44:40.395 10 INFO neutron.wsgi [None req-ce133261-b4a6-4871-ad18-96d3c02462e5 7f177e7b582846cfb7b5ef70fe2d5b9a fbe81cf0fdb44ccaa3518140b99e24d5 - - default default] 10.0.0.62 "GET /v2.0/routers/34b8554d-4218-4463-b169-76ca13122bd0/tags HTTP/1.1" status: 200 len: 230 time: 0.5122328
2026-05-12 12:44:40.448 10 INFO neutron.wsgi [None req-ed6119ce-d304-464e-b2c3-a33a8b7b5fc6 7f177e7b582846cfb7b5ef70fe2d5b9a fbe81cf0fdb44ccaa3518140b99e24d5 - - default default] 10.0.0.62 "GET /v2.0/routers/34b8554d-4218-4463-b169-76ca13122bd0/tags/red HTTP/1.1" status: 204 len: 168 time: 0.0490050
2026-05-12 12:44:40.496 10 INFO neutron.api.v2.resource [None req-305df04f-35bc-4c40-8ddf-13a8faca2e62 7f177e7b582846cfb7b5ef70fe2d5b9a fbe81cf0fdb44ccaa3518140b99e24d5 - - default default] show failed (client error): The resource could not be found.
2026-05-12 12:44:40.497 10 INFO neutron.wsgi [None req-305df04f-35bc-4c40-8ddf-13a8faca2e62 7f177e7b582846cfb7b5ef70fe2d5b9a fbe81cf0fdb44ccaa3518140b99e24d5 - - default default] 10.0.0.62 "GET /v2.0/routers/34b8554d-4218-4463-b169-76ca13122bd0/tags/green HTTP/1.1" status: 404 len: 299 time: 0.0455921
2026-05-12 12:44:40.557 10 INFO neutron.wsgi [None req-3c30c4eb-fb97-40e3-a3b9-8fac026b7a94 7f177e7b582846cfb7b5ef70fe2d5b9a fbe81cf0fdb44ccaa3518140b99e24d5 - - - -] 10.0.0.62 "DELETE /v2.0/routers/34b8554d-4218-4463-b169-76ca13122bd0/tags/red HTTP/1.1" status: 204 len: 168 time: 0.0553746
2026-05-12 12:44:40.605 10 INFO neutron.wsgi [None req-51a3c373-c66c-47d2-bda2-6dcf1cc88e1b 7f177e7b582846cfb7b5ef70fe2d5b9a fbe81cf0fdb44ccaa3518140b99e24d5 - - default default] 10.0.0.62 "GET /v2.0/routers/34b8554d-4218-4463-b169-76ca13122bd0/tags HTTP/1.1" status: 200 len: 223 time: 0.0437140
2026-05-12 12:44:40.653 10 INFO neutron.api.v2.resource [None req-977a18a0-8f41-4759-a0a0-748e020915e7 7f177e7b582846cfb7b5ef70fe2d5b9a fbe81cf0fdb44ccaa3518140b99e24d5 - - - -] delete failed (client error): The resource could not be found.
2026-05-12 12:44:40.654 10 INFO neutron.wsgi [None req-977a18a0-8f41-4759-a0a0-748e020915e7 7f177e7b582846cfb7b5ef70fe2d5b9a fbe81cf0fdb44ccaa3518140b99e24d5 - - - -] 10.0.0.62 "DELETE /v2.0/routers/34b8554d-4218-4463-b169-76ca13122bd0/tags/green HTTP/1.1" status: 404 len: 299 time: 0.0452685
2026-05-12 12:44:40.709 10 INFO neutron.wsgi [None req-b4047ef1-097f-4920-a9bd-12e0ea83dd3c 7f177e7b582846cfb7b5ef70fe2d5b9a fbe81cf0fdb44ccaa3518140b99e24d5 - - - -] 10.0.0.62 "DELETE /v2.0/routers/34b8554d-4218-4463-b169-76ca13122bd0/tags HTTP/1.1" status: 204 len: 168 time: 0.0516934
2026-05-12 12:44:40.772 10 INFO neutron.wsgi [None req-045d5f37-9572-404e-9203-e727b3f84882 7f177e7b582846cfb7b5ef70fe2d5b9a fbe81cf0fdb44ccaa3518140b99e24d5 - - default default] 10.0.0.62 "GET /v2.0/routers/34b8554d-4218-4463-b169-76ca13122bd0/tags HTTP/1.1" status: 200 len: 205 time: 0.0582931
2026-05-12 12:44:40.847 9 INFO neutron.wsgi [None req-484622fc-b869-4468-a7ff-6ba97e43459f 7f177e7b582846cfb7b5ef70fe2d5b9a fbe81cf0fdb44ccaa3518140b99e24d5 - - default default] 10.0.0.62 "GET /v2.0/routers/34b8554d-4218-4463-b169-76ca13122bd0 HTTP/1.1" status: 200 len: 655 time: 0.0649130
2026-05-12 12:44:41.038 10 INFO neutron.wsgi [req-189f2b1a-3ad5-477a-805c-d1518c337d53 req-de370f97-33e5-480e-b360-d95a27e72e1a e326119a2b95487b818c99a3145e043a 3ae3ba7ab3bd42cbba83a45717edbb56 - - 6698cee769d4496ab6a1aaec088ecb18 6698cee769d4496ab6a1aaec088ecb18] 10.0.0.133 "GET /v2.0/ports?device_id=0b762668-8590-4e79-ba2a-9ea59dffbf3b HTTP/1.1" status: 200 len: 1594 time: 0.0316002
2026-05-12 12:44:41.079 10 INFO neutron.wsgi [req-189f2b1a-3ad5-477a-805c-d1518c337d53 req-b8fe471f-9265-445d-9480-b67cce73e82d e326119a2b95487b818c99a3145e043a 3ae3ba7ab3bd42cbba83a45717edbb56 - - 6698cee769d4496ab6a1aaec088ecb18 6698cee769d4496ab6a1aaec088ecb18] 10.0.0.133 "GET /v2.0/security-groups?id=f4df890a-2f15-4711-980f-d571e49910f0&fields=id&fields=name HTTP/1.1" status: 200 len: 311 time: 0.0330994
2026-05-12 12:44:41.293 9 INFO neutron.db.ovn_revision_numbers_db [None req-a06da273-4197-4785-8e47-2dd46fa61c8b 7f177e7b582846cfb7b5ef70fe2d5b9a fbe81cf0fdb44ccaa3518140b99e24d5 - - - -] Successfully bumped revision number for resource 34b8554d-4218-4463-b169-76ca13122bd0 (type: routers) to 9
2026-05-12 12:44:41.296 9 INFO neutron.wsgi [None req-a06da273-4197-4785-8e47-2dd46fa61c8b 7f177e7b582846cfb7b5ef70fe2d5b9a fbe81cf0fdb44ccaa3518140b99e24d5 - - - -] 10.0.0.62 "PUT /v2.0/routers/34b8554d-4218-4463-b169-76ca13122bd0 HTTP/1.1" status: 200 len: 655 time: 0.4437406
2026-05-12 12:44:41.558 9 INFO neutron.wsgi [None req-dd596aff-0ff2-4732-97ef-b719eb59d563 7f177e7b582846cfb7b5ef70fe2d5b9a fbe81cf0fdb44ccaa3518140b99e24d5 - - default default] 10.0.0.62 "GET /v2.0/ports?device_id=34b8554d-4218-4463-b169-76ca13122bd0 HTTP/1.1" status: 200 len: 205 time: 0.2553132
2026-05-12 12:44:41.767 9 INFO neutron.wsgi [None req-07e69fa4-e626-45a8-ad8a-096eaeb9aa76 7f177e7b582846cfb7b5ef70fe2d5b9a fbe81cf0fdb44ccaa3518140b99e24d5 - - - -] 10.0.0.62 "DELETE /v2.0/routers/34b8554d-4218-4463-b169-76ca13122bd0 HTTP/1.1" status: 204 len: 168 time: 0.2040350
2026-05-12 12:44:42.595 10 INFO neutron.db.ovn_revision_numbers_db [None req-1e28b982-37e0-472d-9c32-c10fdcb2aa76 b13230c76d314e39a0bc164eb4804e90 9925fe606a554717aab6e2d224ef3810 - - default default] Successfully bumped revision number for resource 1290f30e-eb74-496b-8ba5-551324ff97ce (type: security_groups) to 1
2026-05-12 12:44:42.615 10 INFO neutron.wsgi [None req-1e28b982-37e0-472d-9c32-c10fdcb2aa76 b13230c76d314e39a0bc164eb4804e90 9925fe606a554717aab6e2d224ef3810 - - default default] 10.0.0.62 "GET /v2.0/security-groups?tenant_id=80cf2997410840b290c2346d52da077b&name=default HTTP/1.1" status: 200 len: 3000 time: 0.2128477
2026-05-12 12:44:42.794 10 INFO neutron.wsgi [None req-be0b5aef-aaf5-4836-9199-d83789ad900c b13230c76d314e39a0bc164eb4804e90 9925fe606a554717aab6e2d224ef3810 - - - -] 10.0.0.62 "DELETE /v2.0/security-groups/1290f30e-eb74-496b-8ba5-551324ff97ce HTTP/1.1" status: 204 len: 168 time: 0.1742818
2026-05-12 12:44:42.976 10 INFO neutron.db.ovn_revision_numbers_db [None req-a726f802-b092-49ea-8983-501266c95788 b13230c76d314e39a0bc164eb4804e90 9925fe606a554717aab6e2d224ef3810 - - default default] Successfully bumped revision number for resource df9f969b-5dcb-4301-b6d9-32e74011dd59 (type: security_groups) to 1
2026-05-12 12:44:43.001 10 INFO neutron.wsgi [None req-a726f802-b092-49ea-8983-501266c95788 b13230c76d314e39a0bc164eb4804e90 9925fe606a554717aab6e2d224ef3810 - - default default] 10.0.0.62 "GET /v2.0/security-groups?tenant_id=fbe81cf0fdb44ccaa3518140b99e24d5&name=default HTTP/1.1" status: 200 len: 3000 time: 0.1126385
2026-05-12 12:44:43.172 10 INFO neutron.wsgi [None req-de9d07b9-9900-449e-b392-d719fe221b5c b13230c76d314e39a0bc164eb4804e90 9925fe606a554717aab6e2d224ef3810 - - - -] 10.0.0.62 "DELETE /v2.0/security-groups/df9f969b-5dcb-4301-b6d9-32e74011dd59 HTTP/1.1" status: 204 len: 168 time: 0.1651962
2026-05-12 12:44:45.609 9 INFO neutron.wsgi [None req-eda89d4d-de19-461c-b451-595e650da746 6b478fa9bac2434f999aaf5242211b5d dd6e5ebaa3ea4fadafd1529c6bb676f7 - - default default] 10.0.0.62 "GET /v2.0/subnets/edbecd1d-ca7b-4605-8ba4-42b43e96073b HTTP/1.1" status: 200 len: 845 time: 0.0346398
2026-05-12 12:44:46.349 9 INFO neutron.wsgi [None req-9afab468-678f-4b11-bb4d-1ad3f74d03e1 b13230c76d314e39a0bc164eb4804e90 9925fe606a554717aab6e2d224ef3810 - - default default] 10.0.0.35 "GET /v2.0/extensions/security-group HTTP/1.1" status: 200 len: 369 time: 0.2121401
2026-05-12 12:44:46.365 9 INFO neutron.wsgi [None req-b418fd27-dffe-4f7e-9600-f5bd0ef9eb1b b13230c76d314e39a0bc164eb4804e90 9925fe606a554717aab6e2d224ef3810 - - default default] 10.0.0.35 "GET /v2.0/extensions/dns-integration HTTP/1.1" status: 200 len: 371 time: 0.0066767
2026-05-12 12:44:46.376 9 INFO neutron.wsgi [None req-558d9689-a46d-49d8-a623-abc2fa7d94d8 b13230c76d314e39a0bc164eb4804e90 9925fe606a554717aab6e2d224ef3810 - - default default] 10.0.0.35 "GET /v2.0/extensions/qos HTTP/1.1" status: 200 len: 365 time: 0.0039330
2026-05-12 12:44:46.385 9 INFO neutron.wsgi [None req-98d08c4f-a40b-4703-8447-e9e6bdcc65cb b13230c76d314e39a0bc164eb4804e90 9925fe606a554717aab6e2d224ef3810 - - default default] 10.0.0.35 "GET /v2.0/extensions/allowed-address-pairs HTTP/1.1" status: 200 len: 383 time: 0.0045619
2026-05-12 12:44:46.684 9 INFO neutron.db.ovn_revision_numbers_db [None req-4fd05952-5674-45d2-b56f-d885c8ab9dcd b13230c76d314e39a0bc164eb4804e90 9925fe606a554717aab6e2d224ef3810 - - default default] Successfully bumped revision number for resource 981a6cce-fe41-40e2-a58b-cdc9aee94586 (type: security_groups) to 1
2026-05-12 12:44:46.704 9 INFO neutron.wsgi [None req-4fd05952-5674-45d2-b56f-d885c8ab9dcd b13230c76d314e39a0bc164eb4804e90 9925fe606a554717aab6e2d224ef3810 - - default default] 10.0.0.62 "GET /v2.0/security-groups?tenant_id=5809297a63b84e41b291dfdd0d4783ff&name=default HTTP/1.1" status: 200 len: 3000 time: 0.2163460
2026-05-12 12:44:46.884 9 INFO neutron.wsgi [-] 10.0.0.35 "GET / HTTP/1.1" status: 200 len: 284 time: 0.0017371
2026-05-12 12:44:46.920 9 INFO neutron.wsgi [None req-ead8858f-d3c9-4195-b6eb-97a6745fe011 0e22e099422a4bb69a78b8e8751340a3 a1262d3303b343f095e0707333f9e4a6 - - default default] 10.0.0.35 "GET /v2.0/subnets/edbecd1d-ca7b-4605-8ba4-42b43e96073b HTTP/1.1" status: 200 len: 832 time: 0.0299985
2026-05-12 12:44:46.928 9 INFO neutron.wsgi [None req-e65a4186-16a1-4fad-8c51-69929b56e51b b13230c76d314e39a0bc164eb4804e90 9925fe606a554717aab6e2d224ef3810 - - - -] 10.0.0.62 "DELETE /v2.0/security-groups/981a6cce-fe41-40e2-a58b-cdc9aee94586 HTTP/1.1" status: 204 len: 168 time: 0.2177999
2026-05-12 12:44:46.933 9 INFO neutron.wsgi [None req-ab7da2a9-5d1a-498a-af4f-2059e816c912 b13230c76d314e39a0bc164eb4804e90 9925fe606a554717aab6e2d224ef3810 - - default default] 10.0.0.35 "GET /v2.0/extensions/security-group HTTP/1.1" status: 200 len: 369 time: 0.0036876
2026-05-12 12:44:46.941 9 INFO neutron.wsgi [None req-c730f51e-69cd-4262-ba11-70aa0c886514 b13230c76d314e39a0bc164eb4804e90 9925fe606a554717aab6e2d224ef3810 - - default default] 10.0.0.35 "GET /v2.0/extensions/dns-integration HTTP/1.1" status: 200 len: 371 time: 0.0032001
2026-05-12 12:44:46.949 9 INFO neutron.wsgi [None req-f4f0faff-5dbe-4564-8b68-d7410a89a77a b13230c76d314e39a0bc164eb4804e90 9925fe606a554717aab6e2d224ef3810 - - default default] 10.0.0.35 "GET /v2.0/extensions/qos HTTP/1.1" status: 200 len: 365 time: 0.0043709
2026-05-12 12:44:46.962 9 INFO neutron.wsgi [None req-1c7fed11-77ab-49cb-9cdf-30b62ef206d2 b13230c76d314e39a0bc164eb4804e90 9925fe606a554717aab6e2d224ef3810 - - default default] 10.0.0.35 "GET /v2.0/extensions/allowed-address-pairs HTTP/1.1" status: 200 len: 383 time: 0.0077219
2026-05-12 12:44:46.997 9 INFO neutron.wsgi [None req-30be3f28-dc2b-4698-9389-addd151d039a b13230c76d314e39a0bc164eb4804e90 9925fe606a554717aab6e2d224ef3810 - - default default] 10.0.0.35 "GET /v2.0/subnets/edbecd1d-ca7b-4605-8ba4-42b43e96073b HTTP/1.1" status: 200 len: 850 time: 0.0276299
2026-05-12 12:44:47.106 10 INFO neutron.db.ovn_revision_numbers_db [None req-e778cb82-d7af-457f-b1b1-6eeab58db3be b13230c76d314e39a0bc164eb4804e90 9925fe606a554717aab6e2d224ef3810 - - default default] Successfully bumped revision number for resource ece5feab-21ff-4070-ae5f-88164a454e53 (type: security_groups) to 1
2026-05-12 12:44:47.134 10 INFO neutron.wsgi [None req-e778cb82-d7af-457f-b1b1-6eeab58db3be b13230c76d314e39a0bc164eb4804e90 9925fe606a554717aab6e2d224ef3810 - - default default] 10.0.0.62 "GET /v2.0/security-groups?tenant_id=c3e08abb036845c79d1fb22094f406aa&name=default HTTP/1.1" status: 200 len: 3000 time: 0.1033971
2026-05-12 12:44:47.270 9 INFO neutron.wsgi [None req-b992be5c-c2ea-4884-83c3-48edb14d1691 b13230c76d314e39a0bc164eb4804e90 9925fe606a554717aab6e2d224ef3810 - - default default] 10.0.0.35 "GET /v2.0/extensions/security-group HTTP/1.1" status: 200 len: 369 time: 0.0078139
2026-05-12 12:44:47.277 9 INFO neutron.wsgi [None req-87ec4444-78dc-4567-a384-76122e0db12e b13230c76d314e39a0bc164eb4804e90 9925fe606a554717aab6e2d224ef3810 - - default default] 10.0.0.35 "GET /v2.0/extensions/dns-integration HTTP/1.1" status: 200 len: 371 time: 0.0030165
2026-05-12 12:44:47.284 9 INFO neutron.wsgi [None req-fddd14c3-7714-4063-a3a6-f1c684af63fd b13230c76d314e39a0bc164eb4804e90 9925fe606a554717aab6e2d224ef3810 - - default default] 10.0.0.35 "GET /v2.0/extensions/qos HTTP/1.1" status: 200 len: 365 time: 0.0041635
2026-05-12 12:44:47.292 9 INFO neutron.wsgi [None req-f68ea080-2269-4915-97da-befcf3a31627 b13230c76d314e39a0bc164eb4804e90 9925fe606a554717aab6e2d224ef3810 - - default default] 10.0.0.35 "GET /v2.0/extensions/allowed-address-pairs HTTP/1.1" status: 200 len: 383 time: 0.0043292
2026-05-12 12:44:47.302 10 INFO neutron.wsgi [None req-919d9ab4-dcca-4c89-85a1-343fea0dd904 b13230c76d314e39a0bc164eb4804e90 9925fe606a554717aab6e2d224ef3810 - - - -] 10.0.0.62 "DELETE /v2.0/security-groups/ece5feab-21ff-4070-ae5f-88164a454e53 HTTP/1.1" status: 204 len: 168 time: 0.1623449
2026-05-12 12:44:47.352 9 INFO neutron.wsgi [None req-5910339e-6d9f-4ea6-a5fd-d8d00aa46aed b13230c76d314e39a0bc164eb4804e90 9925fe606a554717aab6e2d224ef3810 - - default default] 10.0.0.35 "GET /v2.0/networks/9528fa4d-f525-4898-a2e4-d658df96826d HTTP/1.1" status: 200 len: 1001 time: 0.0553122
2026-05-12 12:44:47.363 9 INFO neutron.wsgi [None req-bd891b51-b118-49c0-9ef6-5252701516ab b13230c76d314e39a0bc164eb4804e90 9925fe606a554717aab6e2d224ef3810 - - default default] 10.0.0.35 "GET /v2.0/extensions/project-id HTTP/1.1" status: 200 len: 403 time: 0.0053451
2026-05-12 12:44:47.670 9 WARNING neutron.scheduler.dhcp_agent_scheduler [None req-8b9e33f8-5594-4726-9453-849aebf62879 b13230c76d314e39a0bc164eb4804e90 9925fe606a554717aab6e2d224ef3810 - - - -] No more DHCP agents
2026-05-12 12:44:47.672 9 WARNING neutron.api.rpc.agentnotifiers.dhcp_rpc_agent_api [None req-8b9e33f8-5594-4726-9453-849aebf62879 b13230c76d314e39a0bc164eb4804e90 9925fe606a554717aab6e2d224ef3810 - - - -] Unable to schedule network 9528fa4d-f525-4898-a2e4-d658df96826d: no agents available; will retry on subsequent port and subnet creation events.
2026-05-12 12:44:47.805 9 INFO neutron.db.ovn_revision_numbers_db [None req-8b9e33f8-5594-4726-9453-849aebf62879 b13230c76d314e39a0bc164eb4804e90 9925fe606a554717aab6e2d224ef3810 - - - -] Successfully bumped revision number for resource cd657d54-bbed-4dbd-b83c-f3d825131fb3 (type: ports) to 1
2026-05-12 12:44:47.826 9 INFO neutron.wsgi [None req-8b9e33f8-5594-4726-9453-849aebf62879 b13230c76d314e39a0bc164eb4804e90 9925fe606a554717aab6e2d224ef3810 - - - -] 10.0.0.35 "POST /v2.0/ports HTTP/1.1" status: 201 len: 1337 time: 0.4580927 /var/lib/openstack/lib/python3.10/site-packages/pycadf/identifier.py:71: UserWarning: Invalid uuid: neutron. To ensure interoperability, identifiers should be a valid uuid. warnings.warn(('Invalid uuid: %s. To ensure interoperability, '
2026-05-12 12:44:48.031 9 INFO neutron.wsgi [None req-d8b00a87-81d9-4281-9301-919d4b5edfdb b13230c76d314e39a0bc164eb4804e90 9925fe606a554717aab6e2d224ef3810 - - default default] 10.0.0.82 "GET /v2.0/ports HTTP/1.1" status: 200 len: 18467 time: 0.1358328
2026-05-12 12:44:48.089 9 INFO neutron.wsgi [None req-46b5f939-e6be-4d75-b6a9-5a1853840c97 b13230c76d314e39a0bc164eb4804e90 9925fe606a554717aab6e2d224ef3810 - - default default] 10.0.0.82 "GET /v2.0/floatingips HTTP/1.1" status: 200 len: 1878 time: 0.0513308
2026-05-12 12:44:48.127 9 INFO neutron.wsgi [None req-9211f9b8-5da8-4d42-8fb1-711c4b8ac976 b13230c76d314e39a0bc164eb4804e90 9925fe606a554717aab6e2d224ef3810 - - default default] 10.0.0.82 "GET /v2.0/subnets HTTP/1.1" status: 200 len: 5496 time: 0.0372009
