2026-05-12 12:46:28.647 9 INFO neutron.wsgi [None req-c47f2472-adef-4cfb-8bb2-9864599766f3 b13230c76d314e39a0bc164eb4804e90 9925fe606a554717aab6e2d224ef3810 - - default default] 199.19.213.87 "GET /v2.0/ports/cd657d54-bbed-4dbd-b83c-f3d825131fb3 HTTP/1.1" status: 200 len: 1340 time: 0.0242205
2026-05-12 12:46:28.677 9 INFO neutron.wsgi [None req-64580cbe-e5bf-429c-8093-2c964a5d4261 b13230c76d314e39a0bc164eb4804e90 9925fe606a554717aab6e2d224ef3810 - - default default] 199.19.213.87 "GET /v2.0/subnets/edbecd1d-ca7b-4605-8ba4-42b43e96073b HTTP/1.1" status: 200 len: 850 time: 0.0241961
2026-05-12 12:46:28.708 10 INFO neutron.wsgi [req-c4ba64b1-0dab-46fe-b64e-6b597b6e1a24 req-b9e88328-82db-447c-ba69-d20d93dc4d2d e326119a2b95487b818c99a3145e043a 3ae3ba7ab3bd42cbba83a45717edbb56 - - 6698cee769d4496ab6a1aaec088ecb18 6698cee769d4496ab6a1aaec088ecb18] 199.19.213.87 "GET /v2.0/networks/2cf0e75d-bfec-4c30-9678-d7bb5f2dc44c?fields=segments HTTP/1.1" status: 200 len: 212 time: 0.0580435
2026-05-12 12:46:28.767 10 INFO neutron.wsgi [req-c4ba64b1-0dab-46fe-b64e-6b597b6e1a24 req-64267957-8384-4343-becd-e7b8c37c6c7c e326119a2b95487b818c99a3145e043a 3ae3ba7ab3bd42cbba83a45717edbb56 - - 6698cee769d4496ab6a1aaec088ecb18 6698cee769d4496ab6a1aaec088ecb18] 199.19.213.87 "GET /v2.0/networks/2cf0e75d-bfec-4c30-9678-d7bb5f2dc44c?fields=provider%3Aphysical_network&fields=provider%3Anetwork_type HTTP/1.1" status: 200 len: 277 time: 0.0530407
2026-05-12 12:46:29.704 10 INFO neutron.notifiers.nova [-] Nova event matching ['req-b4661272-8cac-4a9a-8ddc-3a6520a8a7b7'] response: {'server_uuid': 'd3fcafb5-6942-46a1-8cd9-46022e0301b8', 'name': 'network-vif-plugged', 'status': 'completed', 'tag': 'ed41aa17-3785-4a56-ab2b-b9a2f207def6', 'code': 200}
2026-05-12 12:46:29.705 10 INFO neutron.notifiers.nova [-] Nova event matching ['req-b4661272-8cac-4a9a-8ddc-3a6520a8a7b7'] response: {'server_uuid': 'd3fcafb5-6942-46a1-8cd9-46022e0301b8', 'name': 'network-vif-deleted', 'tag': 'ed41aa17-3785-4a56-ab2b-b9a2f207def6', 'status': 'completed', 'code': 200}
2026-05-12 12:46:31.805 9 INFO neutron.wsgi [None req-62307884-7884-47a9-986b-8cfe04eb7117 b13230c76d314e39a0bc164eb4804e90 9925fe606a554717aab6e2d224ef3810 - - default default] 199.19.213.87 "GET /v2.0/extensions/security-group HTTP/1.1" status: 200 len: 369 time: 0.0059497
2026-05-12 12:46:31.812 9 INFO neutron.wsgi [None req-49e4f382-b63f-4951-a49d-e3407b8be066 b13230c76d314e39a0bc164eb4804e90 9925fe606a554717aab6e2d224ef3810 - - default default] 199.19.213.87 "GET /v2.0/extensions/dns-integration HTTP/1.1" status: 200 len: 371 time: 0.0042012
2026-05-12 12:46:31.820 9 INFO neutron.wsgi [None req-a37082bd-d69e-4313-9f39-4639a5a67a78 b13230c76d314e39a0bc164eb4804e90 9925fe606a554717aab6e2d224ef3810 - - default default] 199.19.213.87 "GET /v2.0/extensions/qos HTTP/1.1" status: 200 len: 365 time: 0.0041783
2026-05-12 12:46:31.828 9 INFO neutron.wsgi [None req-a464b310-2e01-45f6-8b7f-cd49138f1243 b13230c76d314e39a0bc164eb4804e90 9925fe606a554717aab6e2d224ef3810 - - default default] 199.19.213.87 "GET /v2.0/extensions/allowed-address-pairs HTTP/1.1" status: 200 len: 383 time: 0.0040894
2026-05-12 12:46:31.866 9 INFO neutron.wsgi [None req-86ae4403-746b-4772-9164-872a622ef2a6 b13230c76d314e39a0bc164eb4804e90 9925fe606a554717aab6e2d224ef3810 - - default default] 199.19.213.87 "GET /v2.0/ports?device_id=d3fcafb5-6942-46a1-8cd9-46022e0301b8 HTTP/1.1" status: 200 len: 3770 time: 0.0320220
2026-05-12 12:46:31.972 9 INFO neutron.wsgi [None req-c6347933-39c8-4ea1-a763-dffa2f8e658b b13230c76d314e39a0bc164eb4804e90 9925fe606a554717aab6e2d224ef3810 - - default default] 199.19.213.87 "GET /v2.0/extensions/security-group HTTP/1.1" status: 200 len: 369 time: 0.0080781
2026-05-12 12:46:31.979 9 INFO neutron.wsgi [None req-de78fdf3-1afc-4772-8ee6-76b50198272d b13230c76d314e39a0bc164eb4804e90 9925fe606a554717aab6e2d224ef3810 - - default default] 199.19.213.87 "GET /v2.0/extensions/dns-integration HTTP/1.1" status: 200 len: 371 time: 0.0029509
2026-05-12 12:46:31.987 9 INFO neutron.wsgi [None req-c438e0a8-3fc2-434f-81c1-9c0f5dcea412 b13230c76d314e39a0bc164eb4804e90 9925fe606a554717aab6e2d224ef3810 - - default default] 199.19.213.87 "GET /v2.0/extensions/qos HTTP/1.1" status: 200 len: 365 time: 0.0039794
2026-05-12 12:46:31.996 9 INFO neutron.wsgi [None req-9f2dc3df-df22-4938-9ba0-1005e3de7da0 b13230c76d314e39a0bc164eb4804e90 9925fe606a554717aab6e2d224ef3810 - - default default] 199.19.213.87 "GET /v2.0/extensions/allowed-address-pairs HTTP/1.1" status: 200 len: 383 time: 0.0046906
2026-05-12 12:46:32.030 9 INFO neutron.wsgi [None req-e17b4bfb-c489-410d-aee1-968457008526 b13230c76d314e39a0bc164eb4804e90 9925fe606a554717aab6e2d224ef3810 - - default default] 199.19.213.87 "GET /v2.0/ports/bc5c63c2-4c32-4575-814c-e97a532f63a1 HTTP/1.1" status: 200 len: 1350 time: 0.0269239
2026-05-12 12:46:32.410 9 INFO neutron.db.ovn_revision_numbers_db [None req-f7ab91b8-1df8-4344-b329-e59d8dafcf14 b13230c76d314e39a0bc164eb4804e90 9925fe606a554717aab6e2d224ef3810 - - - -] Successfully bumped revision number for resource bc5c63c2-4c32-4575-814c-e97a532f63a1 (type: ports) to 6
2026-05-12 12:46:32.419 9 INFO neutron.wsgi [None req-f7ab91b8-1df8-4344-b329-e59d8dafcf14 b13230c76d314e39a0bc164eb4804e90 9925fe606a554717aab6e2d224ef3810 - - - -] 199.19.213.87 "PUT /v2.0/ports/bc5c63c2-4c32-4575-814c-e97a532f63a1 HTTP/1.1" status: 200 len: 1154 time: 0.3819060 /var/lib/openstack/lib/python3.10/site-packages/pycadf/identifier.py:71: UserWarning: Invalid uuid: neutron. To ensure interoperability, identifiers should be a valid uuid. warnings.warn(('Invalid uuid: %s. To ensure interoperability, '
2026-05-12 12:46:32.463 9 INFO neutron.notifiers.nova [-] Nova event matching ['req-e04e7001-3579-4e4a-8654-610b2876bff3'] response: {'name': 'network-changed', 'server_uuid': 'd3fcafb5-6942-46a1-8cd9-46022e0301b8', 'tag': 'bc5c63c2-4c32-4575-814c-e97a532f63a1', 'status': 'completed', 'code': 200}
2026-05-12 12:46:32.485 9 INFO neutron.wsgi [None req-aac9340c-b34e-487d-a7aa-20ff27c67535 b13230c76d314e39a0bc164eb4804e90 9925fe606a554717aab6e2d224ef3810 - - default default] 199.19.213.87 "GET /v2.0/networks/2cf0e75d-bfec-4c30-9678-d7bb5f2dc44c HTTP/1.1" status: 200 len: 1000 time: 0.0588772
2026-05-12 12:46:32.514 10 INFO neutron.wsgi [req-32b9c96c-8697-406e-acf8-dffdbcf2d0b3 req-d2577a9c-0a23-48ed-bf42-31eeb9ce12b4 e326119a2b95487b818c99a3145e043a 3ae3ba7ab3bd42cbba83a45717edbb56 - - 6698cee769d4496ab6a1aaec088ecb18 6698cee769d4496ab6a1aaec088ecb18] 199.19.213.87 "GET /v2.0/ports?tenant_id=9925fe606a554717aab6e2d224ef3810&device_id=d3fcafb5-6942-46a1-8cd9-46022e0301b8 HTTP/1.1" status: 200 len: 3603 time: 0.0379100
2026-05-12 12:46:32.521 9 INFO neutron.wsgi [None req-7ea50571-397c-4d22-ac02-57ae86b3b8d4 b13230c76d314e39a0bc164eb4804e90 9925fe606a554717aab6e2d224ef3810 - - default default] 199.19.213.87 "GET /v2.0/ports?device_id=d3fcafb5-6942-46a1-8cd9-46022e0301b8 HTTP/1.1" status: 200 len: 3603 time: 0.0312977
2026-05-12 12:46:32.572 10 INFO neutron.wsgi [req-32b9c96c-8697-406e-acf8-dffdbcf2d0b3 req-7975172d-4e06-4ac4-8add-c193215f6f42 e326119a2b95487b818c99a3145e043a 3ae3ba7ab3bd42cbba83a45717edbb56 - - 6698cee769d4496ab6a1aaec088ecb18 6698cee769d4496ab6a1aaec088ecb18] 199.19.213.87 "GET /v2.0/networks?id=2cf0e75d-bfec-4c30-9678-d7bb5f2dc44c HTTP/1.1" status: 200 len: 1003 time: 0.0515211
2026-05-12 12:46:32.609 9 INFO neutron.wsgi [None req-2834de37-e167-4157-a334-d936b300b3ac b13230c76d314e39a0bc164eb4804e90 9925fe606a554717aab6e2d224ef3810 - - default default] 199.19.213.87 "GET /v2.0/ports?device_id=d3fcafb5-6942-46a1-8cd9-46022e0301b8 HTTP/1.1" status: 200 len: 3603 time: 0.0334358
2026-05-12 12:46:32.637 10 INFO neutron.wsgi [req-32b9c96c-8697-406e-acf8-dffdbcf2d0b3 req-96acbbac-dbca-4b05-9175-e6b4808ecca9 e326119a2b95487b818c99a3145e043a 3ae3ba7ab3bd42cbba83a45717edbb56 - - 6698cee769d4496ab6a1aaec088ecb18 6698cee769d4496ab6a1aaec088ecb18] 199.19.213.87 "GET /v2.0/networks/2cf0e75d-bfec-4c30-9678-d7bb5f2dc44c?fields=segments HTTP/1.1" status: 200 len: 212 time: 0.0579925
2026-05-12 12:46:32.698 10 INFO neutron.wsgi [req-32b9c96c-8697-406e-acf8-dffdbcf2d0b3 req-c797bea7-81ea-47ac-8d94-db86f7420330 e326119a2b95487b818c99a3145e043a 3ae3ba7ab3bd42cbba83a45717edbb56 - - 6698cee769d4496ab6a1aaec088ecb18 6698cee769d4496ab6a1aaec088ecb18] 199.19.213.87 "GET /v2.0/networks/2cf0e75d-bfec-4c30-9678-d7bb5f2dc44c?fields=provider%3Aphysical_network&fields=provider%3Anetwork_type HTTP/1.1" status: 200 len: 277 time: 0.0564873
2026-05-12 12:46:32.866 9 INFO neutron.plugins.ml2.drivers.ovn.mech_driver.mech_driver [None req-4ba6a28b-6818-46ea-bc15-6b50507605ee - - - - - -] OVN reports status down for port: bc5c63c2-4c32-4575-814c-e97a532f63a1
2026-05-12 12:46:32.933 10 INFO neutron.wsgi [req-422c2890-3055-412c-8d15-7ac6decbdd87 req-76b1c17f-cabb-4194-9fcd-e6436290f5a2 e326119a2b95487b818c99a3145e043a 3ae3ba7ab3bd42cbba83a45717edbb56 - - 6698cee769d4496ab6a1aaec088ecb18 6698cee769d4496ab6a1aaec088ecb18] 199.19.213.87 "GET /v2.0/ports/bc5c63c2-4c32-4575-814c-e97a532f63a1 HTTP/1.1" status: 200 len: 1182 time: 0.0377154
2026-05-12 12:46:33.090 9 INFO neutron.db.ovn_revision_numbers_db [None req-4ba6a28b-6818-46ea-bc15-6b50507605ee - - - - - -] Successfully bumped revision number for resource bc5c63c2-4c32-4575-814c-e97a532f63a1 (type: ports) to 7
2026-05-12 12:46:33.173 10 INFO neutron.wsgi [None req-91b7a71d-62f4-43dc-a8de-93745e4a42c6 b13230c76d314e39a0bc164eb4804e90 9925fe606a554717aab6e2d224ef3810 - - - -] 199.19.213.87 "DELETE /v2.0/ports/bc5c63c2-4c32-4575-814c-e97a532f63a1 HTTP/1.1" status: 204 len: 173 time: 0.2347858
2026-05-12 12:46:33.207 10 INFO neutron.notifiers.nova [-] Nova event matching ['req-7985976f-0f73-4983-a9e5-bc7fb6338126'] response: {'server_uuid': 'd3fcafb5-6942-46a1-8cd9-46022e0301b8', 'name': 'network-vif-deleted', 'tag': 'bc5c63c2-4c32-4575-814c-e97a532f63a1', 'status': 'completed', 'code': 200}
2026-05-12 12:46:33.250 10 INFO neutron.wsgi [req-422c2890-3055-412c-8d15-7ac6decbdd87 req-6a633e0c-5662-43b4-9bfc-c817e29ccb9a e326119a2b95487b818c99a3145e043a 3ae3ba7ab3bd42cbba83a45717edbb56 - - 6698cee769d4496ab6a1aaec088ecb18 6698cee769d4496ab6a1aaec088ecb18] 199.19.213.87 "GET /v2.0/ports?tenant_id=9925fe606a554717aab6e2d224ef3810&device_id=d3fcafb5-6942-46a1-8cd9-46022e0301b8 HTTP/1.1" status: 200 len: 2628 time: 0.0299079
2026-05-12 12:46:33.321 10 INFO neutron.wsgi [req-422c2890-3055-412c-8d15-7ac6decbdd87 req-f4fd31cb-4fed-41ef-a49b-c65e347df688 e326119a2b95487b818c99a3145e043a 3ae3ba7ab3bd42cbba83a45717edbb56 - - 6698cee769d4496ab6a1aaec088ecb18 6698cee769d4496ab6a1aaec088ecb18] 199.19.213.87 "GET /v2.0/networks?id=6175100b-9964-4f36-94f2-9a277aeaebc0&id=9528fa4d-f525-4898-a2e4-d658df96826d&id=2cf0e75d-bfec-4c30-9678-d7bb5f2dc44c HTTP/1.1" status: 200 len: 2519 time: 0.0623477
2026-05-12 12:46:33.357 10 INFO neutron.wsgi [req-422c2890-3055-412c-8d15-7ac6decbdd87 req-d329d089-ddca-411d-b33b-6b7bd9dc9e28 e326119a2b95487b818c99a3145e043a 3ae3ba7ab3bd42cbba83a45717edbb56 - - 6698cee769d4496ab6a1aaec088ecb18 6698cee769d4496ab6a1aaec088ecb18] 199.19.213.87 "GET /v2.0/floatingips?fixed_ip_address=172.24.1.247&port_id=ad0fdc67-fbc9-4fea-a451-177993a0ff78 HTTP/1.1" status: 200 len: 217 time: 0.0301905
2026-05-12 12:46:33.396 10 INFO neutron.wsgi [req-422c2890-3055-412c-8d15-7ac6decbdd87 req-7e3a14cb-c2dd-4518-a663-1f0adf51169d e326119a2b95487b818c99a3145e043a 3ae3ba7ab3bd42cbba83a45717edbb56 - - 6698cee769d4496ab6a1aaec088ecb18 6698cee769d4496ab6a1aaec088ecb18] 199.19.213.87 "GET /v2.0/subnets?id=6f31d7ad-6a10-45ea-a412-cf315a6bc0bc HTTP/1.1" status: 200 len: 829 time: 0.0304568
2026-05-12 12:46:33.422 10 INFO neutron.wsgi [req-422c2890-3055-412c-8d15-7ac6decbdd87 req-b1792e9d-017d-46ba-a50d-65e8517b8ef8 e326119a2b95487b818c99a3145e043a 3ae3ba7ab3bd42cbba83a45717edbb56 - - 6698cee769d4496ab6a1aaec088ecb18 6698cee769d4496ab6a1aaec088ecb18] 199.19.213.87 "GET /v2.0/ports?network_id=6175100b-9964-4f36-94f2-9a277aeaebc0&device_owner=network%3Adhcp HTTP/1.1" status: 200 len: 210 time: 0.0202644
2026-05-12 12:46:33.503 10 INFO neutron.wsgi [req-422c2890-3055-412c-8d15-7ac6decbdd87 req-efd4d4ec-8652-4ab0-a6d5-31afbe740780 e326119a2b95487b818c99a3145e043a 3ae3ba7ab3bd42cbba83a45717edbb56 - - 6698cee769d4496ab6a1aaec088ecb18 6698cee769d4496ab6a1aaec088ecb18] 199.19.213.87 "GET /v2.0/networks/6175100b-9964-4f36-94f2-9a277aeaebc0?fields=segments HTTP/1.1" status: 200 len: 212 time: 0.0730367
2026-05-12 12:46:33.571 10 INFO neutron.wsgi [req-422c2890-3055-412c-8d15-7ac6decbdd87 req-917cd7a7-0f12-4918-992c-04b5c1238631 e326119a2b95487b818c99a3145e043a 3ae3ba7ab3bd42cbba83a45717edbb56 - - 6698cee769d4496ab6a1aaec088ecb18 6698cee769d4496ab6a1aaec088ecb18] 199.19.213.87 "GET /v2.0/networks/6175100b-9964-4f36-94f2-9a277aeaebc0?fields=provider%3Aphysical_network&fields=provider%3Anetwork_type HTTP/1.1" status: 200 len: 277 time: 0.0628908
2026-05-12 12:46:33.606 10 INFO neutron.wsgi [req-422c2890-3055-412c-8d15-7ac6decbdd87 req-4e4bb07d-d917-41a4-9b54-9b1afc0797e6 e326119a2b95487b818c99a3145e043a 3ae3ba7ab3bd42cbba83a45717edbb56 - - 6698cee769d4496ab6a1aaec088ecb18 6698cee769d4496ab6a1aaec088ecb18] 199.19.213.87 "GET /v2.0/floatingips?fixed_ip_address=10.1.1.25&port_id=750d0d78-bc3e-47aa-98ca-2d1ead8280f6 HTTP/1.1" status: 200 len: 217 time: 0.0279205 /var/lib/openstack/lib/python3.10/site-packages/pycadf/identifier.py:71: UserWarning: Invalid uuid: neutron. To ensure interoperability, identifiers should be a valid uuid. warnings.warn(('Invalid uuid: %s. To ensure interoperability, '
2026-05-12 12:46:33.648 9 INFO neutron.wsgi [None req-fc7ccf3f-0178-42e0-a1b1-e3ee40dc8131 b13230c76d314e39a0bc164eb4804e90 9925fe606a554717aab6e2d224ef3810 - - default default] 199.19.213.87 "GET /v2.0/ports?device_id=d3fcafb5-6942-46a1-8cd9-46022e0301b8 HTTP/1.1" status: 200 len: 2628 time: 0.0334346
2026-05-12 12:46:33.651 10 INFO neutron.wsgi [req-422c2890-3055-412c-8d15-7ac6decbdd87 req-ab51f3bc-2a58-4c11-b8eb-da45067fa107 e326119a2b95487b818c99a3145e043a 3ae3ba7ab3bd42cbba83a45717edbb56 - - 6698cee769d4496ab6a1aaec088ecb18 6698cee769d4496ab6a1aaec088ecb18] 199.19.213.87 "GET /v2.0/subnets?id=edbecd1d-ca7b-4605-8ba4-42b43e96073b HTTP/1.1" status: 200 len: 853 time: 0.0372367
2026-05-12 12:46:33.676 9 INFO neutron.pecan_wsgi.hooks.translation [None req-721433a9-8f36-43d7-aa90-da0db34d6184 b13230c76d314e39a0bc164eb4804e90 9925fe606a554717aab6e2d224ef3810 - - - -] DELETE failed (client error): The resource could not be found.
2026-05-12 12:46:33.678 9 INFO neutron.wsgi [None req-721433a9-8f36-43d7-aa90-da0db34d6184 b13230c76d314e39a0bc164eb4804e90 9925fe606a554717aab6e2d224ef3810 - - - -] 199.19.213.87 "DELETE /v2.0/ports/bc5c63c2-4c32-4575-814c-e97a532f63a1 HTTP/1.1" status: 404 len: 338 time: 0.0227773
2026-05-12 12:46:33.679 10 INFO neutron.wsgi [req-422c2890-3055-412c-8d15-7ac6decbdd87 req-ff7d52b5-41e8-4948-9bf9-8ce725dc73b8 e326119a2b95487b818c99a3145e043a 3ae3ba7ab3bd42cbba83a45717edbb56 - - 6698cee769d4496ab6a1aaec088ecb18 6698cee769d4496ab6a1aaec088ecb18] 199.19.213.87 "GET /v2.0/ports?network_id=9528fa4d-f525-4898-a2e4-d658df96826d&device_owner=network%3Adhcp HTTP/1.1" status: 200 len: 210 time: 0.0213764
2026-05-12 12:46:33.747 10 INFO neutron.wsgi [req-422c2890-3055-412c-8d15-7ac6decbdd87 req-78962bd8-995c-4153-bdcb-e315ada3e1dd e326119a2b95487b818c99a3145e043a 3ae3ba7ab3bd42cbba83a45717edbb56 - - 6698cee769d4496ab6a1aaec088ecb18 6698cee769d4496ab6a1aaec088ecb18] 199.19.213.87 "GET /v2.0/networks/9528fa4d-f525-4898-a2e4-d658df96826d?fields=segments HTTP/1.1" status: 200 len: 212 time: 0.0606143
2026-05-12 12:46:33.753 9 INFO neutron.wsgi [None req-962005a4-352a-4c40-97d5-9b284b3567d8 b13230c76d314e39a0bc164eb4804e90 9925fe606a554717aab6e2d224ef3810 - - default default] 199.19.213.87 "GET /v2.0/extensions/security-group HTTP/1.1" status: 200 len: 369 time: 0.0131757
2026-05-12 12:46:33.761 9 INFO neutron.wsgi [None req-865c7866-49d6-4f36-82be-150773611f5a b13230c76d314e39a0bc164eb4804e90 9925fe606a554717aab6e2d224ef3810 - - default default] 199.19.213.87 "GET /v2.0/extensions/dns-integration HTTP/1.1" status: 200 len: 371 time: 0.0047996
2026-05-12 12:46:33.770 9 INFO neutron.wsgi [None req-997d688c-b5bd-49ba-9f07-5e1a0665f5f6 b13230c76d314e39a0bc164eb4804e90 9925fe606a554717aab6e2d224ef3810 - - default default] 199.19.213.87 "GET /v2.0/extensions/qos HTTP/1.1" status: 200 len: 365 time: 0.0048192
2026-05-12 12:46:33.779 9 INFO neutron.wsgi [None req-74ad4e5d-e9d4-4cf7-a733-b6c4ff28d2b1 b13230c76d314e39a0bc164eb4804e90 9925fe606a554717aab6e2d224ef3810 - - default default] 199.19.213.87 "GET /v2.0/extensions/allowed-address-pairs HTTP/1.1" status: 200 len: 383 time: 0.0045862
2026-05-12 12:46:33.809 10 INFO neutron.wsgi [req-422c2890-3055-412c-8d15-7ac6decbdd87 req-952a2801-efa5-4095-af5a-a4a31854d7ea e326119a2b95487b818c99a3145e043a 3ae3ba7ab3bd42cbba83a45717edbb56 - - 6698cee769d4496ab6a1aaec088ecb18 6698cee769d4496ab6a1aaec088ecb18] 199.19.213.87 "GET /v2.0/networks/9528fa4d-f525-4898-a2e4-d658df96826d?fields=provider%3Aphysical_network&fields=provider%3Anetwork_type HTTP/1.1" status: 200 len: 277 time: 0.0551896
2026-05-12 12:46:33.824 9 INFO neutron.wsgi [None req-493bc9b2-4d9e-40d7-905d-ecbc7b47d7ff b13230c76d314e39a0bc164eb4804e90 9925fe606a554717aab6e2d224ef3810 - - default default] 199.19.213.87 "GET /v2.0/subnets/edbecd1d-ca7b-4605-8ba4-42b43e96073b HTTP/1.1" status: 200 len: 850 time: 0.0391185
2026-05-12 12:46:33.876 9 INFO neutron.wsgi [None req-4d9173fa-662c-4ae2-86a9-c10d49df5f05 b13230c76d314e39a0bc164eb4804e90 9925fe606a554717aab6e2d224ef3810 - - default default] 199.19.213.87 "GET /v2.0/ports/cd657d54-bbed-4dbd-b83c-f3d825131fb3 HTTP/1.1" status: 200 len: 1340 time: 0.0460489
2026-05-12 12:46:33.912 9 INFO neutron.wsgi [None req-d9e9cdb4-3181-423e-897f-583d295ea3b2 b13230c76d314e39a0bc164eb4804e90 9925fe606a554717aab6e2d224ef3810 - - default default] 199.19.213.87 "GET /v2.0/ports/750d0d78-bc3e-47aa-98ca-2d1ead8280f6 HTTP/1.1" status: 200 len: 1467 time: 0.0295410
2026-05-12 12:46:33.953 9 INFO neutron.wsgi [None req-14b2caf4-85ca-4e7e-8f9f-582d413400e1 b13230c76d314e39a0bc164eb4804e90 9925fe606a554717aab6e2d224ef3810 - - default default] 199.19.213.87 "GET /v2.0/subnets/edbecd1d-ca7b-4605-8ba4-42b43e96073b HTTP/1.1" status: 200 len: 850 time: 0.0345440
2026-05-12 12:46:34.018 9 INFO neutron.wsgi [None req-bd363385-87ad-4bb5-aaba-f084bf09c1a0 b13230c76d314e39a0bc164eb4804e90 9925fe606a554717aab6e2d224ef3810 - - default default] 199.19.213.87 "GET /v2.0/networks/9528fa4d-f525-4898-a2e4-d658df96826d HTTP/1.1" status: 200 len: 1001 time: 0.0585244
2026-05-12 12:46:34.051 9 INFO neutron.wsgi [None req-4cb3444e-ce8a-48e6-9d3a-ed5e828cdeb5 b13230c76d314e39a0bc164eb4804e90 9925fe606a554717aab6e2d224ef3810 - - default default] 199.19.213.87 "GET /v2.0/ports/cd657d54-bbed-4dbd-b83c-f3d825131fb3 HTTP/1.1" status: 200 len: 1340 time: 0.0288696
2026-05-12 12:46:34.088 9 INFO neutron.wsgi [None req-f05c373f-a769-43fd-b376-0ec6bbd7b167 b13230c76d314e39a0bc164eb4804e90 9925fe606a554717aab6e2d224ef3810 - - default default] 199.19.213.87 "GET /v2.0/subnets/edbecd1d-ca7b-4605-8ba4-42b43e96073b HTTP/1.1" status: 200 len: 850 time: 0.0311763
2026-05-12 12:46:34.507 9 INFO neutron.notifiers.nova [-] Nova event matching ['req-5cc1c483-584f-4938-ab0d-c904cceb5c72'] response: {'server_uuid': 'd3fcafb5-6942-46a1-8cd9-46022e0301b8', 'name': 'network-vif-unplugged', 'status': 'completed', 'tag': 'bc5c63c2-4c32-4575-814c-e97a532f63a1', 'code': 200}
2026-05-12 12:46:34.507 9 INFO neutron.notifiers.nova [-] Nova event matching ['req-5cc1c483-584f-4938-ab0d-c904cceb5c72'] response: {'server_uuid': 'd3fcafb5-6942-46a1-8cd9-46022e0301b8', 'name': 'network-vif-plugged', 'status': 'completed', 'tag': 'bc5c63c2-4c32-4575-814c-e97a532f63a1', 'code': 200}
2026-05-12 12:46:36.728 10 INFO neutron.wsgi [-] 10.0.0.39 "GET / HTTP/1.1" status: 200 len: 246 time: 0.0016835
2026-05-12 12:46:36.729 9 INFO neutron.wsgi [-] 10.0.0.39 "GET / HTTP/1.1" status: 200 len: 246 time: 0.0028865
2026-05-12 12:46:43.138 9 INFO neutron.wsgi [None req-9b34a971-507d-4fa8-9c71-6a8a47f60620 b13230c76d314e39a0bc164eb4804e90 9925fe606a554717aab6e2d224ef3810 - - default default] 199.19.213.87 "GET /v2.0/extensions/security-group HTTP/1.1" status: 200 len: 369 time: 0.0069387
2026-05-12 12:46:43.148 9 INFO neutron.wsgi [None req-630ef82b-eca6-4cb8-bce7-beb801ed8e81 b13230c76d314e39a0bc164eb4804e90 9925fe606a554717aab6e2d224ef3810 - - default default] 199.19.213.87 "GET /v2.0/extensions/dns-integration HTTP/1.1" status: 200 len: 371 time: 0.0047319
2026-05-12 12:46:43.157 9 INFO neutron.wsgi [None req-dbaedf6a-d438-462d-a3fe-10d9e84fd616 b13230c76d314e39a0bc164eb4804e90 9925fe606a554717aab6e2d224ef3810 - - default default] 199.19.213.87 "GET /v2.0/extensions/qos HTTP/1.1" status: 200 len: 365 time: 0.0043895
2026-05-12 12:46:43.167 9 INFO neutron.wsgi [None req-7e4ecd75-8afb-46dc-b8d3-c6b0810d3e5d b13230c76d314e39a0bc164eb4804e90 9925fe606a554717aab6e2d224ef3810 - - default default] 199.19.213.87 "GET /v2.0/extensions/allowed-address-pairs HTTP/1.1" status: 200 len: 383 time: 0.0055094
2026-05-12 12:46:43.213 9 INFO neutron.wsgi [None req-c995f2c0-b53c-4b11-954c-c653260c8788 b13230c76d314e39a0bc164eb4804e90 9925fe606a554717aab6e2d224ef3810 - - default default] 199.19.213.87 "GET /v2.0/security-groups?name=lb-80c3c3d5-31b8-44b0-a8ef-7386d8eaf315 HTTP/1.1" status: 200 len: 2941 time: 0.0351877
2026-05-12 12:46:43.244 9 INFO neutron.wsgi [None req-42fefa6e-f1eb-4847-82a8-fa44cf1ed431 b13230c76d314e39a0bc164eb4804e90 9925fe606a554717aab6e2d224ef3810 - - default default] 199.19.213.87 "GET /v2.0/security-group-rules?security_group_id=a5b5587c-d4ee-40f5-966a-f663fff9d14f HTTP/1.1" status: 200 len: 2406 time: 0.0243428
2026-05-12 12:46:43.382 9 INFO neutron.wsgi [None req-5553ac46-96c1-4e90-9e77-d78ca17499aa b13230c76d314e39a0bc164eb4804e90 9925fe606a554717aab6e2d224ef3810 - - - -] 199.19.213.87 "DELETE /v2.0/security-group-rules/4d2c37ce-e782-4a33-aab0-1a426ffbf312 HTTP/1.1" status: 204 len: 173 time: 0.1307969
2026-05-12 12:46:43.487 9 INFO neutron.wsgi [None req-ca4f2b6d-b585-414f-a2a6-7526aafd64a8 b13230c76d314e39a0bc164eb4804e90 9925fe606a554717aab6e2d224ef3810 - - - -] 199.19.213.87 "DELETE /v2.0/security-group-rules/99426f57-763f-4792-b46d-15b4be33ae53 HTTP/1.1" status: 204 len: 173 time: 0.0986395
2026-05-12 12:46:47.975 9 INFO neutron.wsgi [None req-782110f4-407f-4fe6-9777-8cbf5c49e185 b13230c76d314e39a0bc164eb4804e90 9925fe606a554717aab6e2d224ef3810 - - default default] 10.0.0.82 "GET /v2.0/ports HTTP/1.1" status: 200 len: 21886 time: 0.1045866
2026-05-12 12:46:48.041 9 INFO neutron.wsgi [None req-ae7c91be-ba71-4d29-8be9-40cbc9cc812d b13230c76d314e39a0bc164eb4804e90 9925fe606a554717aab6e2d224ef3810 - - default default] 10.0.0.82 "GET /v2.0/floatingips HTTP/1.1" status: 200 len: 2765 time: 0.0405364
2026-05-12 12:46:48.098 9 INFO neutron.wsgi [None req-e901a812-89b3-43df-9d0e-747bb04805a1 b13230c76d314e39a0bc164eb4804e90 9925fe606a554717aab6e2d224ef3810 - - default default] 10.0.0.82 "GET /v2.0/networks HTTP/1.1" status: 200 len: 4720 time: 0.0547805
2026-05-12 12:46:48.137 9 INFO neutron.wsgi [None req-649af5b8-ca1d-444d-98df-0e5b00497d30 b13230c76d314e39a0bc164eb4804e90 9925fe606a554717aab6e2d224ef3810 - - default default] 10.0.0.82 "GET /v2.0/subnets HTTP/1.1" status: 200 len: 5496 time: 0.0359099
2026-05-12 12:46:48.205 9 INFO neutron.wsgi [None req-b8ba4349-9e5d-48de-adf2-9233537f6c2e b13230c76d314e39a0bc164eb4804e90 9925fe606a554717aab6e2d224ef3810 - - default default] 10.0.0.82 "GET /v2.0/routers HTTP/1.1" status: 200 len: 850 time: 0.0652325
2026-05-12 12:46:48.218 9 INFO neutron.wsgi [None req-19a3bf4d-9a38-4f96-a337-3863791bf28a b13230c76d314e39a0bc164eb4804e90 9925fe606a554717aab6e2d224ef3810 - - default default] 10.0.0.82 "GET /v2.0/agents?binary=ovn-controller HTTP/1.1" status: 200 len: 591 time: 0.0130038
2026-05-12 12:46:48.237 9 INFO neutron.wsgi [None req-745906d9-9256-49c5-8231-29cd713d2e27 b13230c76d314e39a0bc164eb4804e90 9925fe606a554717aab6e2d224ef3810 - - default default] 10.0.0.82 "GET /v2.0/agents HTTP/1.1" status: 200 len: 997 time: 0.0155134
2026-05-12 12:46:48.239 10 INFO neutron.db.l3_db [None req-e6e78226-86bd-458b-a62b-60a6fa32c035 0e22e099422a4bb69a78b8e8751340a3 a1262d3303b343f095e0707333f9e4a6 - - - -] Floating IP 66cc1803-f2b6-4b0b-8d3b-3c7e23a9fdc9 disassociated (deleted). External IP: 10.96.250.204, port: cd657d54-bbed-4dbd-b83c-f3d825131fb3.
2026-05-12 12:46:48.277 9 INFO neutron.wsgi [None req-3d361b54-67db-4178-aa99-61f716daf4d6 b13230c76d314e39a0bc164eb4804e90 9925fe606a554717aab6e2d224ef3810 - - default default] 10.0.0.82 "GET /v2.0/network-ip-availabilities HTTP/1.1" status: 200 len: 3362 time: 0.0389416 /var/lib/openstack/lib/python3.10/site-packages/pycadf/identifier.py:71: UserWarning: Invalid uuid: neutron. To ensure interoperability, identifiers should be a valid uuid. warnings.warn(('Invalid uuid: %s. To ensure interoperability, '
2026-05-12 12:46:48.288 10 INFO neutron.wsgi [None req-e6e78226-86bd-458b-a62b-60a6fa32c035 0e22e099422a4bb69a78b8e8751340a3 a1262d3303b343f095e0707333f9e4a6 - - - -] 10.0.0.62 "DELETE /v2.0/floatingips/66cc1803-f2b6-4b0b-8d3b-3c7e23a9fdc9 HTTP/1.1" status: 204 len: 168 time: 0.7547822
2026-05-12 12:46:48.324 9 INFO neutron.api.v2.resource [None req-2a45fba7-00f7-423f-be15-68904ad1e81b 0e22e099422a4bb69a78b8e8751340a3 a1262d3303b343f095e0707333f9e4a6 - - default default] show failed (client error): The resource could not be found.
2026-05-12 12:46:48.325 9 INFO neutron.wsgi [None req-2a45fba7-00f7-423f-be15-68904ad1e81b 0e22e099422a4bb69a78b8e8751340a3 a1262d3303b343f095e0707333f9e4a6 - - default default] 10.0.0.62 "GET /v2.0/floatingips/66cc1803-f2b6-4b0b-8d3b-3c7e23a9fdc9 HTTP/1.1" status: 404 len: 345 time: 0.0270023
2026-05-12 12:46:48.336 9 INFO neutron.wsgi [None req-06f3b4d3-919e-4c0d-8212-0e54507d4846 b13230c76d314e39a0bc164eb4804e90 9925fe606a554717aab6e2d224ef3810 - - default default] 10.0.0.82 "GET /v2.0/subnets HTTP/1.1" status: 200 len: 5496 time: 0.0576155
2026-05-12 12:46:48.348 9 INFO neutron.wsgi [None req-242e65f9-d85a-44d5-95bb-065e4dad3d8f b13230c76d314e39a0bc164eb4804e90 9925fe606a554717aab6e2d224ef3810 - - default default] 10.0.0.82 "GET /v2.0/subnetpools HTTP/1.1" status: 200 len: 193 time: 0.0106671
2026-05-12 12:46:48.434 9 INFO neutron.wsgi [None req-65612c72-e16f-4a68-b3cc-3fa42f21d03f b13230c76d314e39a0bc164eb4804e90 9925fe606a554717aab6e2d224ef3810 - - default default] 10.0.0.82 "GET /v2.0/security-groups HTTP/1.1" status: 200 len: 29088 time: 0.0835619
2026-05-12 12:46:48.594 9 INFO neutron.wsgi [None req-b59b84c8-9b5b-4f1d-8bcb-82aa74118ea4 b13230c76d314e39a0bc164eb4804e90 9925fe606a554717aab6e2d224ef3810 - - default default] 199.19.213.87 "GET /v2.0/extensions/security-group HTTP/1.1" status: 200 len: 369 time: 0.0042336
2026-05-12 12:46:48.604 9 INFO neutron.wsgi [None req-a3ef200f-4127-4903-84bf-bd315df85df6 b13230c76d314e39a0bc164eb4804e90 9925fe606a554717aab6e2d224ef3810 - - default default] 199.19.213.87 "GET /v2.0/extensions/dns-integration HTTP/1.1" status: 200 len: 371 time: 0.0039408
2026-05-12 12:46:48.612 9 INFO neutron.wsgi [None req-b9f63149-2ea2-4329-9d41-0c5504b9993f b13230c76d314e39a0bc164eb4804e90 9925fe606a554717aab6e2d224ef3810 - - default default] 199.19.213.87 "GET /v2.0/extensions/qos HTTP/1.1" status: 200 len: 365 time: 0.0045631
2026-05-12 12:46:48.621 9 INFO neutron.wsgi [None req-c3d13653-3ec8-4f98-a182-79ddc7679468 b13230c76d314e39a0bc164eb4804e90 9925fe606a554717aab6e2d224ef3810 - - default default] 199.19.213.87 "GET /v2.0/extensions/allowed-address-pairs HTTP/1.1" status: 200 len: 383 time: 0.0040545
2026-05-12 12:46:48.660 9 INFO neutron.wsgi [None req-a9c561ef-a94e-4b74-8fef-e78f8e010721 b13230c76d314e39a0bc164eb4804e90 9925fe606a554717aab6e2d224ef3810 - - default default] 199.19.213.87 "GET /v2.0/subnets/edbecd1d-ca7b-4605-8ba4-42b43e96073b HTTP/1.1" status: 200 len: 850 time: 0.0319402
2026-05-12 12:46:48.691 9 INFO neutron.wsgi [None req-a15609a8-81d5-424f-92a2-a7ee123f738c b13230c76d314e39a0bc164eb4804e90 9925fe606a554717aab6e2d224ef3810 - - default default] 199.19.213.87 "GET /v2.0/ports?device_id=d3fcafb5-6942-46a1-8cd9-46022e0301b8 HTTP/1.1" status: 200 len: 2628 time: 0.0262072
2026-05-12 12:46:48.722 9 INFO neutron.wsgi [None req-b83877a3-5fae-443e-8af3-22aafd96b7e4 b13230c76d314e39a0bc164eb4804e90 9925fe606a554717aab6e2d224ef3810 - - default default] 199.19.213.87 "GET /v2.0/ports?device_id=d3fcafb5-6942-46a1-8cd9-46022e0301b8 HTTP/1.1" status: 200 len: 2628 time: 0.0274563
2026-05-12 12:46:48.839 9 INFO neutron.wsgi [None req-5bdd2a08-33f4-4b7a-bea0-872fb3ad61e8 b13230c76d314e39a0bc164eb4804e90 9925fe606a554717aab6e2d224ef3810 - - default default] 199.19.213.87 "GET /v2.0/ports?device_id=d3fcafb5-6942-46a1-8cd9-46022e0301b8 HTTP/1.1" status: 200 len: 2628 time: 0.0357497
2026-05-12 12:46:49.086 9 INFO neutron.plugins.ml2.drivers.ovn.mech_driver.mech_driver [None req-4ba6a28b-6818-46ea-bc15-6b50507605ee - - - - - -] OVN reports status down for port: 750d0d78-bc3e-47aa-98ca-2d1ead8280f6
2026-05-12 12:46:49.089 10 INFO neutron.plugins.ml2.drivers.ovn.mech_driver.mech_driver [None req-383127f5-ba7c-4158-b285-d8aca818ecbb - - - - - -] OVN reports status down for port: cd657d54-bbed-4dbd-b83c-f3d825131fb3
2026-05-12 12:46:49.171 10 INFO neutron.wsgi [req-9f634351-0037-4577-8a3a-951e05ea30cf req-75eaaf9f-70ce-4c26-ac15-0455bf4668ec e326119a2b95487b818c99a3145e043a 3ae3ba7ab3bd42cbba83a45717edbb56 - - 6698cee769d4496ab6a1aaec088ecb18 6698cee769d4496ab6a1aaec088ecb18] 199.19.213.87 "GET /v2.0/ports/750d0d78-bc3e-47aa-98ca-2d1ead8280f6 HTTP/1.1" status: 200 len: 1467 time: 0.0523233
2026-05-12 12:46:49.216 10 INFO neutron.wsgi [req-9f634351-0037-4577-8a3a-951e05ea30cf req-b62f6812-876b-417f-a1eb-dc57803ae71e b13230c76d314e39a0bc164eb4804e90 9925fe606a554717aab6e2d224ef3810 - - default default] 199.19.213.87 "GET /v2.0/ports/750d0d78-bc3e-47aa-98ca-2d1ead8280f6?fields=binding%3Aprofile&fields=network_id HTTP/1.1" status: 200 len: 281 time: 0.0399446
2026-05-12 12:46:49.229 9 INFO neutron.notifiers.nova [-] Nova event matching ['req-8a968e57-f2ef-458f-ac3c-65547aff2f38'] response: {'server_uuid': 'd3fcafb5-6942-46a1-8cd9-46022e0301b8', 'name': 'network-vif-unplugged', 'status': 'completed', 'tag': '750d0d78-bc3e-47aa-98ca-2d1ead8280f6', 'code': 200}
2026-05-12 12:46:49.308 10 INFO neutron.wsgi [req-9f634351-0037-4577-8a3a-951e05ea30cf req-578928b1-11e2-47ca-a8c0-76d06de2dbf8 b13230c76d314e39a0bc164eb4804e90 9925fe606a554717aab6e2d224ef3810 - - default default] 199.19.213.87 "GET /v2.0/networks/9528fa4d-f525-4898-a2e4-d658df96826d?fields=dns_domain HTTP/1.1" status: 200 len: 227 time: 0.0880997
2026-05-12 12:46:49.361 9 INFO neutron.db.ovn_revision_numbers_db [None req-4ba6a28b-6818-46ea-bc15-6b50507605ee - - - - - -] Successfully bumped revision number for resource 750d0d78-bc3e-47aa-98ca-2d1ead8280f6 (type: ports) to 7
2026-05-12 12:46:49.648 10 INFO neutron.db.ovn_revision_numbers_db [None req-fc2a72ee-d34c-4fa9-ba72-b5783a2f9f02 e326119a2b95487b818c99a3145e043a 3ae3ba7ab3bd42cbba83a45717edbb56 - - - -] Successfully bumped revision number for resource 750d0d78-bc3e-47aa-98ca-2d1ead8280f6 (type: ports) to 8
2026-05-12 12:46:49.660 10 INFO neutron.wsgi [None req-fc2a72ee-d34c-4fa9-ba72-b5783a2f9f02 e326119a2b95487b818c99a3145e043a 3ae3ba7ab3bd42cbba83a45717edbb56 - - - -] 199.19.213.87 "PUT /v2.0/ports/750d0d78-bc3e-47aa-98ca-2d1ead8280f6 HTTP/1.1" status: 200 len: 1347 time: 0.3468239 /var/lib/openstack/lib/python3.10/site-packages/pycadf/identifier.py:71: UserWarning: Invalid uuid: neutron. To ensure interoperability, identifiers should be a valid uuid. warnings.warn(('Invalid uuid: %s. To ensure interoperability, '
2026-05-12 12:46:49.742 10 INFO neutron.wsgi [req-9f634351-0037-4577-8a3a-951e05ea30cf req-db098aae-a0d8-4b9b-811a-fa83836685f2 e326119a2b95487b818c99a3145e043a 3ae3ba7ab3bd42cbba83a45717edbb56 - - 6698cee769d4496ab6a1aaec088ecb18 6698cee769d4496ab6a1aaec088ecb18] 199.19.213.87 "GET /v2.0/ports?tenant_id=9925fe606a554717aab6e2d224ef3810&device_id=d3fcafb5-6942-46a1-8cd9-46022e0301b8 HTTP/1.1" status: 200 len: 1369 time: 0.0368195
2026-05-12 12:46:49.804 10 INFO neutron.wsgi [req-9f634351-0037-4577-8a3a-951e05ea30cf req-853dec9a-01c3-4ce6-b0b8-7ea378086c65 e326119a2b95487b818c99a3145e043a 3ae3ba7ab3bd42cbba83a45717edbb56 - - 6698cee769d4496ab6a1aaec088ecb18 6698cee769d4496ab6a1aaec088ecb18] 199.19.213.87 "GET /v2.0/networks?id=6175100b-9964-4f36-94f2-9a277aeaebc0&id=9528fa4d-f525-4898-a2e4-d658df96826d HTTP/1.1" status: 200 len: 1729 time: 0.0580642
2026-05-12 12:46:49.840 10 INFO neutron.wsgi [req-9f634351-0037-4577-8a3a-951e05ea30cf req-b414a762-6fe9-4988-9124-4f7d4cd55780 e326119a2b95487b818c99a3145e043a 3ae3ba7ab3bd42cbba83a45717edbb56 - - 6698cee769d4496ab6a1aaec088ecb18 6698cee769d4496ab6a1aaec088ecb18] 199.19.213.87 "GET /v2.0/floatingips?fixed_ip_address=172.24.1.247&port_id=ad0fdc67-fbc9-4fea-a451-177993a0ff78 HTTP/1.1" status: 200 len: 217 time: 0.0288293 /var/lib/openstack/lib/python3.10/site-packages/pycadf/identifier.py:71: UserWarning: Invalid uuid: neutron. To ensure interoperability, identifiers should be a valid uuid. warnings.warn(('Invalid uuid: %s. To ensure interoperability, '
2026-05-12 12:46:49.875 9 INFO neutron.wsgi [None req-e1c4d104-4d80-46e2-b299-1c3ca4c75a45 b13230c76d314e39a0bc164eb4804e90 9925fe606a554717aab6e2d224ef3810 - - default default] 199.19.213.87 "GET /v2.0/ports?device_id=d3fcafb5-6942-46a1-8cd9-46022e0301b8 HTTP/1.1" status: 200 len: 1369 time: 0.0272841
2026-05-12 12:46:49.880 10 INFO neutron.wsgi [req-9f634351-0037-4577-8a3a-951e05ea30cf req-6cc3c2da-605e-4ecb-a9d7-271850e6aab3 e326119a2b95487b818c99a3145e043a 3ae3ba7ab3bd42cbba83a45717edbb56 - - 6698cee769d4496ab6a1aaec088ecb18 6698cee769d4496ab6a1aaec088ecb18] 199.19.213.87 "GET /v2.0/subnets?id=6f31d7ad-6a10-45ea-a412-cf315a6bc0bc HTTP/1.1" status: 200 len: 829 time: 0.0339010
2026-05-12 12:46:49.910 10 INFO neutron.wsgi [req-9f634351-0037-4577-8a3a-951e05ea30cf req-34230685-1c8f-4c4f-b5b3-c219c6c2113c e326119a2b95487b818c99a3145e043a 3ae3ba7ab3bd42cbba83a45717edbb56 - - 6698cee769d4496ab6a1aaec088ecb18 6698cee769d4496ab6a1aaec088ecb18] 199.19.213.87 "GET /v2.0/ports?network_id=6175100b-9964-4f36-94f2-9a277aeaebc0&device_owner=network%3Adhcp HTTP/1.1" status: 200 len: 210 time: 0.0220351
2026-05-12 12:46:49.991 10 INFO neutron.wsgi [req-9f634351-0037-4577-8a3a-951e05ea30cf req-bd12c3e4-52ab-4af3-ae89-0f59aa355e8e e326119a2b95487b818c99a3145e043a 3ae3ba7ab3bd42cbba83a45717edbb56 - - 6698cee769d4496ab6a1aaec088ecb18 6698cee769d4496ab6a1aaec088ecb18] 199.19.213.87 "GET /v2.0/networks/6175100b-9964-4f36-94f2-9a277aeaebc0?fields=segments HTTP/1.1" status: 200 len: 212 time: 0.0742583
2026-05-12 12:46:50.055 10 INFO neutron.wsgi [req-9f634351-0037-4577-8a3a-951e05ea30cf req-ac82a33c-e041-4310-b8a7-485519f89b70 e326119a2b95487b818c99a3145e043a 3ae3ba7ab3bd42cbba83a45717edbb56 - - 6698cee769d4496ab6a1aaec088ecb18 6698cee769d4496ab6a1aaec088ecb18] 199.19.213.87 "GET /v2.0/networks/6175100b-9964-4f36-94f2-9a277aeaebc0?fields=provider%3Aphysical_network&fields=provider%3Anetwork_type HTTP/1.1" status: 200 len: 277 time: 0.0573838
2026-05-12 12:46:50.257 9 INFO neutron.db.ovn_revision_numbers_db [None req-95e2177d-2267-42ea-8ce7-8fae7e3df7d5 b13230c76d314e39a0bc164eb4804e90 9925fe606a554717aab6e2d224ef3810 - - - -] Successfully bumped revision number for resource 750d0d78-bc3e-47aa-98ca-2d1ead8280f6 (type: ports) to 9
2026-05-12 12:46:50.271 9 INFO neutron.wsgi [None req-95e2177d-2267-42ea-8ce7-8fae7e3df7d5 b13230c76d314e39a0bc164eb4804e90 9925fe606a554717aab6e2d224ef3810 - - - -] 199.19.213.87 "PUT /v2.0/ports/750d0d78-bc3e-47aa-98ca-2d1ead8280f6 HTTP/1.1" status: 200 len: 1286 time: 0.3885391 /var/lib/openstack/lib/python3.10/site-packages/pycadf/identifier.py:71: UserWarning: Invalid uuid: neutron. To ensure interoperability, identifiers should be a valid uuid. warnings.warn(('Invalid uuid: %s. To ensure interoperability, '
2026-05-12 12:46:50.304 9 INFO neutron.wsgi [None req-292e5cff-9f40-4807-932f-260037c35c9e b13230c76d314e39a0bc164eb4804e90 9925fe606a554717aab6e2d224ef3810 - - default default] 199.19.213.87 "GET /v2.0/ports/750d0d78-bc3e-47aa-98ca-2d1ead8280f6 HTTP/1.1" status: 200 len: 1286 time: 0.0287983
2026-05-12 12:46:50.599 9 INFO neutron.wsgi [None req-e3c78d31-c0d9-4197-ae08-599fd9ea4cac b13230c76d314e39a0bc164eb4804e90 9925fe606a554717aab6e2d224ef3810 - - - -] 199.19.213.87 "DELETE /v2.0/ports/750d0d78-bc3e-47aa-98ca-2d1ead8280f6 HTTP/1.1" status: 204 len: 173 time: 0.2911396
2026-05-12 12:46:50.636 9 INFO neutron.wsgi [None req-665d7736-1a0b-4c40-a22c-e3a671e801d4 b13230c76d314e39a0bc164eb4804e90 9925fe606a554717aab6e2d224ef3810 - - default default] 199.19.213.87 "GET /v2.0/extensions/security-group HTTP/1.1" status: 200 len: 369 time: 0.0057318
2026-05-12 12:46:50.646 9 INFO neutron.wsgi [None req-730a1e2a-5943-42ea-a775-8b4a1a646fc1 b13230c76d314e39a0bc164eb4804e90 9925fe606a554717aab6e2d224ef3810 - - default default] 199.19.213.87 "GET /v2.0/extensions/dns-integration HTTP/1.1" status: 200 len: 371 time: 0.0050430
2026-05-12 12:46:50.655 9 INFO neutron.wsgi [None req-f74f0529-80e1-4fc6-8cd3-f27315672a76 b13230c76d314e39a0bc164eb4804e90 9925fe606a554717aab6e2d224ef3810 - - default default] 199.19.213.87 "GET /v2.0/extensions/qos HTTP/1.1" status: 200 len: 365 time: 0.0046186
2026-05-12 12:46:50.664 9 INFO neutron.wsgi [None req-2c3c747f-a80a-4003-977f-1cadc2484c4d b13230c76d314e39a0bc164eb4804e90 9925fe606a554717aab6e2d224ef3810 - - default default] 199.19.213.87 "GET /v2.0/extensions/allowed-address-pairs HTTP/1.1" status: 200 len: 383 time: 0.0040016
2026-05-12 12:46:50.689 9 INFO neutron.pecan_wsgi.hooks.translation [None req-89ed967f-dfc4-421d-ba6a-5b2925274436 b13230c76d314e39a0bc164eb4804e90 9925fe606a554717aab6e2d224ef3810 - - - -] DELETE failed (client error): The resource could not be found.
2026-05-12 12:46:50.691 9 INFO neutron.wsgi [None req-89ed967f-dfc4-421d-ba6a-5b2925274436 b13230c76d314e39a0bc164eb4804e90 9925fe606a554717aab6e2d224ef3810 - - - -] 199.19.213.87 "DELETE /v2.0/ports/750d0d78-bc3e-47aa-98ca-2d1ead8280f6 HTTP/1.1" status: 404 len: 338 time: 0.0216539
2026-05-12 12:46:50.720 9 INFO neutron.wsgi [None req-acf05da9-248f-408a-904b-d902eab987f3 b13230c76d314e39a0bc164eb4804e90 9925fe606a554717aab6e2d224ef3810 - - default default] 199.19.213.87 "GET /v2.0/ports/cd657d54-bbed-4dbd-b83c-f3d825131fb3 HTTP/1.1" status: 200 len: 1333 time: 0.0234432
2026-05-12 12:46:50.754 9 INFO neutron.wsgi [None req-80109964-d43b-4344-b763-b96e5d0e89eb b13230c76d314e39a0bc164eb4804e90 9925fe606a554717aab6e2d224ef3810 - - default default] 199.19.213.87 "GET /v2.0/security-groups?name=lb-80c3c3d5-31b8-44b0-a8ef-7386d8eaf315 HTTP/1.1" status: 200 len: 1777 time: 0.0270746
2026-05-12 12:46:50.791 9 INFO neutron.wsgi [None req-53c324b7-a563-4c94-bd55-2fd9c3455c28 b13230c76d314e39a0bc164eb4804e90 9925fe606a554717aab6e2d224ef3810 - - default default] 199.19.213.87 "GET /v2.0/ports/cd657d54-bbed-4dbd-b83c-f3d825131fb3 HTTP/1.1" status: 200 len: 1333 time: 0.0312371
2026-05-12 12:46:51.115 9 INFO neutron.db.ovn_revision_numbers_db [None req-3a20fc52-0b30-49ce-80b3-dd2d61746178 b13230c76d314e39a0bc164eb4804e90 9925fe606a554717aab6e2d224ef3810 - - - -] Successfully bumped revision number for resource cd657d54-bbed-4dbd-b83c-f3d825131fb3 (type: ports) to 17
2026-05-12 12:46:51.128 9 INFO neutron.wsgi [None req-3a20fc52-0b30-49ce-80b3-dd2d61746178 b13230c76d314e39a0bc164eb4804e90 9925fe606a554717aab6e2d224ef3810 - - - -] 199.19.213.87 "PUT /v2.0/ports/cd657d54-bbed-4dbd-b83c-f3d825131fb3 HTTP/1.1" status: 200 len: 1295 time: 0.3294234
2026-05-12 12:46:51.248 9 INFO neutron.wsgi [None req-73a95171-c166-4e9b-b88d-216fbdfbe90a b13230c76d314e39a0bc164eb4804e90 9925fe606a554717aab6e2d224ef3810 - - - -] 199.19.213.87 "DELETE /v2.0/security-groups/a5b5587c-d4ee-40f5-966a-f663fff9d14f HTTP/1.1" status: 204 len: 173 time: 0.1134050
2026-05-12 12:46:51.262 9 INFO neutron.notifiers.nova [-] Nova event matching ['req-928f02e6-ab31-4af5-b025-40f65136d72c'] response: {'server_uuid': 'd3fcafb5-6942-46a1-8cd9-46022e0301b8', 'name': 'network-vif-plugged', 'status': 'completed', 'tag': '750d0d78-bc3e-47aa-98ca-2d1ead8280f6', 'code': 200}
2026-05-12 12:46:51.717 10 INFO neutron.wsgi [req-0a33a0e3-4f33-49db-a4b2-22afcf1c37ab req-842e8cbd-bd94-43bb-a4a1-1fe9f525169f e326119a2b95487b818c99a3145e043a 3ae3ba7ab3bd42cbba83a45717edbb56 - - 6698cee769d4496ab6a1aaec088ecb18 6698cee769d4496ab6a1aaec088ecb18] 199.19.213.87 "GET /v2.0/ports?device_id=d75bfe43-2fd6-4bbe-a0ba-de7e2d417ad9&fields=binding%3Ahost_id&fields=binding%3Avif_type HTTP/1.1" status: 200 len: 265 time: 0.0319855
2026-05-12 12:46:51.728 9 INFO neutron.wsgi [-] 10.0.0.39 "GET / HTTP/1.1" status: 200 len: 246 time: 0.0011733
2026-05-12 12:46:51.729 10 INFO neutron.wsgi [-] 10.0.0.39 "GET / HTTP/1.1" status: 200 len: 246 time: 0.0022519
2026-05-12 12:46:51.764 9 INFO neutron.wsgi [None req-b62f4258-588f-4949-b62c-6fbdc4ad89e8 b13230c76d314e39a0bc164eb4804e90 9925fe606a554717aab6e2d224ef3810 - - - -] 199.19.213.87 "DELETE /v2.0/ports/cd657d54-bbed-4dbd-b83c-f3d825131fb3 HTTP/1.1" status: 204 len: 173 time: 0.5091109
2026-05-12 12:46:51.802 10 INFO neutron.wsgi [req-0a33a0e3-4f33-49db-a4b2-22afcf1c37ab req-98e29569-db02-4d43-bc2c-5e0ead994440 e326119a2b95487b818c99a3145e043a 3ae3ba7ab3bd42cbba83a45717edbb56 - - 6698cee769d4496ab6a1aaec088ecb18 6698cee769d4496ab6a1aaec088ecb18] 199.19.213.87 "GET /v2.0/ports?tenant_id=a1262d3303b343f095e0707333f9e4a6&device_id=d75bfe43-2fd6-4bbe-a0ba-de7e2d417ad9 HTTP/1.1" status: 200 len: 1586 time: 0.0329859
2026-05-12 12:46:51.882 10 INFO neutron.wsgi [req-0a33a0e3-4f33-49db-a4b2-22afcf1c37ab req-150c6eb3-cb9c-4658-a51f-1770d2c8c62b e326119a2b95487b818c99a3145e043a 3ae3ba7ab3bd42cbba83a45717edbb56 - - 6698cee769d4496ab6a1aaec088ecb18 6698cee769d4496ab6a1aaec088ecb18] 199.19.213.87 "GET /v2.0/networks?id=2cf0e75d-bfec-4c30-9678-d7bb5f2dc44c HTTP/1.1" status: 200 len: 1003 time: 0.0619543
2026-05-12 12:46:51.935 10 INFO neutron.wsgi [req-0a33a0e3-4f33-49db-a4b2-22afcf1c37ab req-d136ebd9-8f2a-4823-9b54-71e454e993a2 e326119a2b95487b818c99a3145e043a 3ae3ba7ab3bd42cbba83a45717edbb56 - - 6698cee769d4496ab6a1aaec088ecb18 6698cee769d4496ab6a1aaec088ecb18] 199.19.213.87 "GET /v2.0/floatingips?fixed_ip_address=10.2.1.67&port_id=05c3e177-0349-4dd1-a6b2-6ff28ab18245 HTTP/1.1" status: 200 len: 1058 time: 0.0417821
2026-05-12 12:46:51.973 10 INFO neutron.wsgi [req-0a33a0e3-4f33-49db-a4b2-22afcf1c37ab req-435597ce-2401-481b-a0ae-75478def4f2b e326119a2b95487b818c99a3145e043a 3ae3ba7ab3bd42cbba83a45717edbb56 - - 6698cee769d4496ab6a1aaec088ecb18 6698cee769d4496ab6a1aaec088ecb18] 199.19.213.87 "GET /v2.0/floatingips?fixed_ip_address=fd7b%3Af9f7%3Afff%3A4eca%3A%3A2fb&port_id=05c3e177-0349-4dd1-a6b2-6ff28ab18245 HTTP/1.1" status: 200 len: 217 time: 0.0298135
2026-05-12 12:46:52.011 10 INFO neutron.wsgi [req-0a33a0e3-4f33-49db-a4b2-22afcf1c37ab req-97524ebe-8eef-44a8-8939-b81dfe731dcd e326119a2b95487b818c99a3145e043a 3ae3ba7ab3bd42cbba83a45717edbb56 - - 6698cee769d4496ab6a1aaec088ecb18 6698cee769d4496ab6a1aaec088ecb18] 199.19.213.87 "GET /v2.0/subnets?id=a8ac1408-548f-4cba-bd80-bd3dd56250ab&id=ffbb4e62-570d-4cab-ad57-477fabbe037e HTTP/1.1" status: 200 len: 1563 time: 0.0308733
2026-05-12 12:46:52.030 9 INFO neutron.plugins.ml2.drivers.ovn.mech_driver.mech_driver [None req-4ba6a28b-6818-46ea-bc15-6b50507605ee - - - - - -] OVN reports status down for port: ad0fdc67-fbc9-4fea-a451-177993a0ff78
2026-05-12 12:46:52.046 10 INFO neutron.wsgi [req-0a33a0e3-4f33-49db-a4b2-22afcf1c37ab req-68829b47-8086-4165-8b2c-83882e63f892 e326119a2b95487b818c99a3145e043a 3ae3ba7ab3bd42cbba83a45717edbb56 - - 6698cee769d4496ab6a1aaec088ecb18 6698cee769d4496ab6a1aaec088ecb18] 199.19.213.87 "GET /v2.0/ports?network_id=2cf0e75d-bfec-4c30-9678-d7bb5f2dc44c&device_owner=network%3Adhcp HTTP/1.1" status: 200 len: 210 time: 0.0234845
2026-05-12 12:46:52.071 10 INFO neutron.wsgi [req-0a33a0e3-4f33-49db-a4b2-22afcf1c37ab req-fd269e33-bdff-432c-8ffb-5d503863d1ac e326119a2b95487b818c99a3145e043a 3ae3ba7ab3bd42cbba83a45717edbb56 - - 6698cee769d4496ab6a1aaec088ecb18 6698cee769d4496ab6a1aaec088ecb18] 199.19.213.87 "GET /v2.0/ports?network_id=2cf0e75d-bfec-4c30-9678-d7bb5f2dc44c&device_owner=network%3Adhcp HTTP/1.1" status: 200 len: 210 time: 0.0202527
2026-05-12 12:46:52.138 10 INFO neutron.wsgi [req-0a33a0e3-4f33-49db-a4b2-22afcf1c37ab req-61538ad0-2aec-4775-95e1-20a18a64b1e3 e326119a2b95487b818c99a3145e043a 3ae3ba7ab3bd42cbba83a45717edbb56 - - 6698cee769d4496ab6a1aaec088ecb18 6698cee769d4496ab6a1aaec088ecb18] 199.19.213.87 "GET /v2.0/networks/2cf0e75d-bfec-4c30-9678-d7bb5f2dc44c?fields=segments HTTP/1.1" status: 200 len: 212 time: 0.0580339
2026-05-12 12:46:52.205 10 INFO neutron.wsgi [req-0a33a0e3-4f33-49db-a4b2-22afcf1c37ab req-54338bde-0acb-43a4-8d79-562ec5fc897f e326119a2b95487b818c99a3145e043a 3ae3ba7ab3bd42cbba83a45717edbb56 - - 6698cee769d4496ab6a1aaec088ecb18 6698cee769d4496ab6a1aaec088ecb18] 199.19.213.87 "GET /v2.0/networks/2cf0e75d-bfec-4c30-9678-d7bb5f2dc44c?fields=provider%3Aphysical_network&fields=provider%3Anetwork_type HTTP/1.1" status: 200 len: 277 time: 0.0611014
2026-05-12 12:46:52.280 9 INFO neutron.db.ovn_revision_numbers_db [None req-4ba6a28b-6818-46ea-bc15-6b50507605ee - - - - - -] Successfully bumped revision number for resource ad0fdc67-fbc9-4fea-a451-177993a0ff78 (type: ports) to 5
2026-05-12 12:46:52.331 10 INFO neutron.wsgi [req-df0cb2bf-3b23-4c63-975c-133b4f47b6c8 req-db492c90-cb20-4a13-bf4b-425e2c48c66d b13230c76d314e39a0bc164eb4804e90 9925fe606a554717aab6e2d224ef3810 - - default default] 199.19.213.87 "GET /v2.0/ports?device_id=d3fcafb5-6942-46a1-8cd9-46022e0301b8 HTTP/1.1" status: 200 len: 1367 time: 0.0428324
2026-05-12 12:46:52.570 10 INFO neutron.wsgi [None req-7095fda4-76c4-429d-a2c6-97d20171d4b1 b13230c76d314e39a0bc164eb4804e90 9925fe606a554717aab6e2d224ef3810 - - - -] 199.19.213.87 "DELETE /v2.0/ports/ad0fdc67-fbc9-4fea-a451-177993a0ff78 HTTP/1.1" status: 204 len: 173 time: 0.2340539
2026-05-12 12:46:52.604 10 INFO neutron.notifiers.nova [-] Nova event matching ['req-56599d7a-1232-46a0-9308-a54060d6d34a'] response: {'server_uuid': 'd3fcafb5-6942-46a1-8cd9-46022e0301b8', 'name': 'network-vif-deleted', 'tag': 'ad0fdc67-fbc9-4fea-a451-177993a0ff78', 'status': 'completed', 'code': 200}
2026-05-12 12:46:53.300 9 INFO neutron.notifiers.nova [-] Nova event matching ['req-fda35549-3ff4-4d1a-b7a0-544cb44c4c3a'] response: {'server_uuid': 'd3fcafb5-6942-46a1-8cd9-46022e0301b8', 'name': 'network-vif-unplugged', 'status': 'completed', 'tag': 'ad0fdc67-fbc9-4fea-a451-177993a0ff78', 'code': 200}
2026-05-12 12:46:53.300 9 INFO neutron.notifiers.nova [-] Nova event matching ['req-fda35549-3ff4-4d1a-b7a0-544cb44c4c3a'] response: {'server_uuid': 'd3fcafb5-6942-46a1-8cd9-46022e0301b8', 'name': 'network-vif-plugged', 'status': 'completed', 'tag': 'ad0fdc67-fbc9-4fea-a451-177993a0ff78', 'code': 200}
2026-05-12 12:46:53.928 10 INFO neutron.db.l3_db [None req-882849c7-b8b3-49b9-a489-9ac885e60f4a 0e22e099422a4bb69a78b8e8751340a3 a1262d3303b343f095e0707333f9e4a6 - - - -] Floating IP 3f1cd6a1-d55c-4fed-893d-d8eab77f332d disassociated (deleted). External IP: 10.96.250.210, port: e28e44fb-2c07-4306-9399-3633d2de8837.
2026-05-12 12:46:53.980 10 INFO neutron.wsgi [None req-882849c7-b8b3-49b9-a489-9ac885e60f4a 0e22e099422a4bb69a78b8e8751340a3 a1262d3303b343f095e0707333f9e4a6 - - - -] 10.0.0.62 "DELETE /v2.0/floatingips/3f1cd6a1-d55c-4fed-893d-d8eab77f332d HTTP/1.1" status: 204 len: 168 time: 0.4296322
2026-05-12 12:46:54.007 10 INFO neutron.api.v2.resource [None req-986c6db9-3fe2-49c7-bc40-f276ee9fb577 0e22e099422a4bb69a78b8e8751340a3 a1262d3303b343f095e0707333f9e4a6 - - default default] show failed (client error): The resource could not be found.
2026-05-12 12:46:54.008 10 INFO neutron.wsgi [None req-986c6db9-3fe2-49c7-bc40-f276ee9fb577 0e22e099422a4bb69a78b8e8751340a3 a1262d3303b343f095e0707333f9e4a6 - - default default] 10.0.0.62 "GET /v2.0/floatingips/3f1cd6a1-d55c-4fed-893d-d8eab77f332d HTTP/1.1" status: 404 len: 345 time: 0.0230970
2026-05-12 12:46:54.214 10 INFO neutron.plugins.ml2.drivers.ovn.mech_driver.mech_driver [None req-383127f5-ba7c-4158-b285-d8aca818ecbb - - - - - -] OVN reports status down for port: e28e44fb-2c07-4306-9399-3633d2de8837
2026-05-12 12:46:54.302 10 INFO neutron.wsgi [req-c609004c-5556-4e23-bba0-23964eab9ef3 req-f3a00016-b74b-416e-9a1b-33fde5ba5fdd 0e22e099422a4bb69a78b8e8751340a3 a1262d3303b343f095e0707333f9e4a6 - - default default] 10.0.0.25 "GET /v2.0/ports?device_id=0b762668-8590-4e79-ba2a-9ea59dffbf3b HTTP/1.1" status: 200 len: 1404 time: 0.1196272
2026-05-12 12:46:54.378 10 INFO neutron.wsgi [req-c609004c-5556-4e23-bba0-23964eab9ef3 req-b3de2bf8-a39f-48e1-82f6-2e951c3e7ae2 0e22e099422a4bb69a78b8e8751340a3 a1262d3303b343f095e0707333f9e4a6 - - default default] 10.0.0.25 "GET /v2.0/security-groups?id=f4df890a-2f15-4711-980f-d571e49910f0&fields=id&fields=name HTTP/1.1" status: 200 len: 311 time: 0.0511639
2026-05-12 12:46:54.561 10 INFO neutron.wsgi [req-63c80390-2385-493f-9a06-a97ff50ef7cd req-4a3d88fa-8a38-4c04-96ca-cee5b2e05dea 0e22e099422a4bb69a78b8e8751340a3 a1262d3303b343f095e0707333f9e4a6 - - default default] 199.19.213.87 "GET /v2.0/ports?device_id=0b762668-8590-4e79-ba2a-9ea59dffbf3b HTTP/1.1" status: 200 len: 1402 time: 0.0380356
2026-05-12 12:46:54.586 10 INFO neutron.db.ovn_revision_numbers_db [None req-383127f5-ba7c-4158-b285-d8aca818ecbb - - - - - -] Successfully bumped revision number for resource e28e44fb-2c07-4306-9399-3633d2de8837 (type: ports) to 5
