2026-05-12 12:43:43.879 10 INFO neutron.wsgi [req-cb675a88-cba6-45cd-8e8d-0e27d2b2845f req-edcf518c-1054-4e6a-81de-3ea38ab0bada 05b13b7e0d7a4261afc469b76d710057 3505feae2097477da4cd249dddfaf442 - - default default] 199.19.213.87 "GET /v2.0/ports?device_id=19959376-2daf-4e10-b376-004199c263c5 HTTP/1.1" status: 200 len: 1212 time: 0.0877082
2026-05-12 12:43:44.225 10 INFO neutron.db.l3_db [None req-834ff3aa-5948-48f6-ba45-166d16e24d69 05b13b7e0d7a4261afc469b76d710057 3505feae2097477da4cd249dddfaf442 - - - -] Floating IP 51e2d00b-7be6-4c09-b8b6-d235a6d2bd67 disassociated. External IP: 10.96.250.220, port: ed8ded0e-b09c-41b3-894a-2317a350c11e.
2026-05-12 12:43:44.416 10 INFO neutron.wsgi [None req-834ff3aa-5948-48f6-ba45-166d16e24d69 05b13b7e0d7a4261afc469b76d710057 3505feae2097477da4cd249dddfaf442 - - - -] 199.19.213.87 "DELETE /v2.0/ports/ed8ded0e-b09c-41b3-894a-2317a350c11e HTTP/1.1" status: 204 len: 173 time: 0.5338073 /var/lib/openstack/lib/python3.10/site-packages/pycadf/identifier.py:71: UserWarning: Invalid uuid: neutron. To ensure interoperability, identifiers should be a valid uuid. warnings.warn(('Invalid uuid: %s. To ensure interoperability, ' /var/lib/openstack/lib/python3.10/site-packages/pycadf/identifier.py:71: UserWarning: Invalid uuid: neutron. To ensure interoperability, identifiers should be a valid uuid. warnings.warn(('Invalid uuid: %s. To ensure interoperability, '
2026-05-12 12:43:44.839 10 INFO neutron.db.ovn_revision_numbers_db [None req-6fb86a3d-90b6-4345-b9e0-086161856ad8 bfd409465da34a63ba7093878b29f44f 921cfbf047924b15890511f1b2a18a2f - - - -] Successfully bumped revision number for resource 07509976-e90d-40c6-982c-fe131be20f06 (type: security_groups) to 1
2026-05-12 12:43:44.888 10 INFO neutron.db.segments_db [None req-6fb86a3d-90b6-4345-b9e0-086161856ad8 bfd409465da34a63ba7093878b29f44f 921cfbf047924b15890511f1b2a18a2f - - - -] Added segment eacf6fe4-1c98-409b-8923-c91d0becbc88 of type geneve for network ebf86b66-9fbf-48e0-a31a-fe2df230fdc5
2026-05-12 12:43:44.949 9 INFO neutron.wsgi [None req-811bf97f-27d9-4c5c-a454-374d19e051e6 05b13b7e0d7a4261afc469b76d710057 3505feae2097477da4cd249dddfaf442 - - - -] 10.0.0.62 "DELETE /v2.0/security-groups/04049f57-e615-4325-b11f-5d48f5ab8200 HTTP/1.1" status: 204 len: 168 time: 0.1409292
2026-05-12 12:43:44.973 9 INFO neutron.api.v2.resource [None req-6e82b6d5-e5d1-408b-a219-ae5d93c33d80 05b13b7e0d7a4261afc469b76d710057 3505feae2097477da4cd249dddfaf442 - - default default] show failed (client error): The resource could not be found.
2026-05-12 12:43:44.974 9 INFO neutron.wsgi [None req-6e82b6d5-e5d1-408b-a219-ae5d93c33d80 05b13b7e0d7a4261afc469b76d710057 3505feae2097477da4cd249dddfaf442 - - default default] 10.0.0.62 "GET /v2.0/security-groups/04049f57-e615-4325-b11f-5d48f5ab8200 HTTP/1.1" status: 404 len: 347 time: 0.0144413
2026-05-12 12:43:45.051 10 INFO neutron.db.ovn_revision_numbers_db [None req-6fb86a3d-90b6-4345-b9e0-086161856ad8 bfd409465da34a63ba7093878b29f44f 921cfbf047924b15890511f1b2a18a2f - - - -] Successfully bumped revision number for resource ebf86b66-9fbf-48e0-a31a-fe2df230fdc5 (type: networks) to 1
2026-05-12 12:43:45.217 10 WARNING neutron.scheduler.dhcp_agent_scheduler [None req-6fb86a3d-90b6-4345-b9e0-086161856ad8 bfd409465da34a63ba7093878b29f44f 921cfbf047924b15890511f1b2a18a2f - - - -] No more DHCP agents
2026-05-12 12:43:45.220 10 WARNING neutron.api.rpc.agentnotifiers.dhcp_rpc_agent_api [None req-6fb86a3d-90b6-4345-b9e0-086161856ad8 bfd409465da34a63ba7093878b29f44f 921cfbf047924b15890511f1b2a18a2f - - - -] Unable to schedule network ebf86b66-9fbf-48e0-a31a-fe2df230fdc5: no agents available; will retry on subsequent port and subnet creation events.
2026-05-12 12:43:45.293 10 INFO neutron.db.ovn_revision_numbers_db [None req-6fb86a3d-90b6-4345-b9e0-086161856ad8 bfd409465da34a63ba7093878b29f44f 921cfbf047924b15890511f1b2a18a2f - - - -] Successfully bumped revision number for resource c32f20f4-a3ed-4974-80b0-079272c62749 (type: ports) to 1
2026-05-12 12:43:45.315 10 INFO neutron.wsgi [None req-6fb86a3d-90b6-4345-b9e0-086161856ad8 bfd409465da34a63ba7093878b29f44f 921cfbf047924b15890511f1b2a18a2f - - - -] 10.0.0.62 "POST /v2.0/networks HTTP/1.1" status: 201 len: 830 time: 0.7216873
2026-05-12 12:43:45.318 9 INFO neutron.wsgi [None req-f7d57280-4ed1-4ecf-b39f-75d8816202ed 05b13b7e0d7a4261afc469b76d710057 3505feae2097477da4cd249dddfaf442 - - - -] 10.0.0.62 "DELETE /v2.0/floatingips/51e2d00b-7be6-4c09-b8b6-d235a6d2bd67 HTTP/1.1" status: 204 len: 168 time: 0.3395894
2026-05-12 12:43:45.369 9 INFO neutron.wsgi [None req-d243f366-dbc8-4bec-bc06-7e2ca75bb66a bfd409465da34a63ba7093878b29f44f 921cfbf047924b15890511f1b2a18a2f - - - -] 10.0.0.62 "PUT /v2.0/networks/ebf86b66-9fbf-48e0-a31a-fe2df230fdc5/tags HTTP/1.1" status: 200 len: 218 time: 0.0483322
2026-05-12 12:43:45.423 10 INFO neutron.wsgi [None req-055f73ec-88e1-4d93-a7df-2d62e377d77f bfd409465da34a63ba7093878b29f44f 921cfbf047924b15890511f1b2a18a2f - - default default] 10.0.0.62 "GET /v2.0/networks/ebf86b66-9fbf-48e0-a31a-fe2df230fdc5/tags HTTP/1.1" status: 200 len: 218 time: 0.0494251
2026-05-12 12:43:45.470 10 INFO neutron.wsgi [None req-4dbdbc56-60c1-411a-9f98-41ced3b79769 bfd409465da34a63ba7093878b29f44f 921cfbf047924b15890511f1b2a18a2f - - - -] 10.0.0.62 "PUT /v2.0/networks/ebf86b66-9fbf-48e0-a31a-fe2df230fdc5/tags/green HTTP/1.1" status: 201 len: 201 time: 0.0420837
2026-05-12 12:43:45.505 10 INFO neutron.wsgi [None req-807c8b43-6666-4d85-a371-bde3d7767bee 05b13b7e0d7a4261afc469b76d710057 3505feae2097477da4cd249dddfaf442 - - - -] 10.0.0.62 "DELETE /v2.0/security-groups/1d36275e-5ad8-47ff-8891-cceba8fcc0cd HTTP/1.1" status: 204 len: 168 time: 0.1818130
2026-05-12 12:43:45.516 10 INFO neutron.wsgi [None req-03c3f511-73cb-436f-b7c3-40b48ea1b837 bfd409465da34a63ba7093878b29f44f 921cfbf047924b15890511f1b2a18a2f - - default default] 10.0.0.62 "GET /v2.0/networks/ebf86b66-9fbf-48e0-a31a-fe2df230fdc5/tags HTTP/1.1" status: 200 len: 227 time: 0.0405478
2026-05-12 12:43:45.561 10 INFO neutron.wsgi [None req-677de29b-77df-4022-872f-287d31f0f9f9 bfd409465da34a63ba7093878b29f44f 921cfbf047924b15890511f1b2a18a2f - - - -] 10.0.0.62 "PUT /v2.0/networks/ebf86b66-9fbf-48e0-a31a-fe2df230fdc5/tags/red HTTP/1.1" status: 201 len: 201 time: 0.0405307
2026-05-12 12:43:45.612 10 INFO neutron.wsgi [None req-12760493-5a3b-4619-a577-6d5637482012 bfd409465da34a63ba7093878b29f44f 921cfbf047924b15890511f1b2a18a2f - - default default] 10.0.0.62 "GET /v2.0/networks/ebf86b66-9fbf-48e0-a31a-fe2df230fdc5/tags HTTP/1.1" status: 200 len: 227 time: 0.0440786
2026-05-12 12:43:45.663 10 INFO neutron.wsgi [None req-dee5e0f7-e0ce-4a84-97d9-99e47533d246 bfd409465da34a63ba7093878b29f44f 921cfbf047924b15890511f1b2a18a2f - - - -] 10.0.0.62 "PUT /v2.0/networks/ebf86b66-9fbf-48e0-a31a-fe2df230fdc5/tags/black.or.white HTTP/1.1" status: 201 len: 201 time: 0.0457783
2026-05-12 12:43:45.694 10 INFO neutron.notifiers.nova [-] Nova event matching ['req-8d7bab62-92dc-4238-8140-9cf7f9cb789f'] response: {'server_uuid': '19959376-2daf-4e10-b376-004199c263c5', 'name': 'network-vif-plugged', 'status': 'completed', 'tag': 'ed8ded0e-b09c-41b3-894a-2317a350c11e', 'code': 200}
2026-05-12 12:43:45.694 10 INFO neutron.notifiers.nova [-] Nova event matching ['req-8d7bab62-92dc-4238-8140-9cf7f9cb789f'] response: {'server_uuid': '19959376-2daf-4e10-b376-004199c263c5', 'name': 'network-vif-deleted', 'tag': 'ed8ded0e-b09c-41b3-894a-2317a350c11e', 'status': 'completed', 'code': 200}
2026-05-12 12:43:45.719 9 INFO neutron.wsgi [None req-82e5b5d2-c3ca-40dd-a541-98f8172801f5 bfd409465da34a63ba7093878b29f44f 921cfbf047924b15890511f1b2a18a2f - - default default] 10.0.0.62 "GET /v2.0/networks/ebf86b66-9fbf-48e0-a31a-fe2df230fdc5/tags HTTP/1.1" status: 200 len: 245 time: 0.0510867
2026-05-12 12:43:45.777 10 INFO neutron.wsgi [None req-6b4984f1-a733-40ff-bd8e-954639cf797e bfd409465da34a63ba7093878b29f44f 921cfbf047924b15890511f1b2a18a2f - - - -] 10.0.0.62 "PUT /v2.0/networks/ebf86b66-9fbf-48e0-a31a-fe2df230fdc5/tags HTTP/1.1" status: 200 len: 230 time: 0.0538242
2026-05-12 12:43:45.819 10 INFO neutron.wsgi [None req-214a300e-7f8a-4f9f-977a-6c44457fc4a0 bfd409465da34a63ba7093878b29f44f 921cfbf047924b15890511f1b2a18a2f - - default default] 10.0.0.62 "GET /v2.0/networks/ebf86b66-9fbf-48e0-a31a-fe2df230fdc5/tags HTTP/1.1" status: 200 len: 230 time: 0.0369875
2026-05-12 12:43:45.861 10 INFO neutron.wsgi [None req-fbcaf47d-7399-4599-a8d5-cda41aea98cc bfd409465da34a63ba7093878b29f44f 921cfbf047924b15890511f1b2a18a2f - - default default] 10.0.0.62 "GET /v2.0/networks/ebf86b66-9fbf-48e0-a31a-fe2df230fdc5/tags/red HTTP/1.1" status: 204 len: 168 time: 0.0378540
2026-05-12 12:43:45.907 10 INFO neutron.api.v2.resource [None req-7725fd4b-8991-49a6-aa93-b468e37c46d7 bfd409465da34a63ba7093878b29f44f 921cfbf047924b15890511f1b2a18a2f - - default default] show failed (client error): The resource could not be found.
2026-05-12 12:43:45.908 10 INFO neutron.wsgi [None req-7725fd4b-8991-49a6-aa93-b468e37c46d7 bfd409465da34a63ba7093878b29f44f 921cfbf047924b15890511f1b2a18a2f - - default default] 10.0.0.62 "GET /v2.0/networks/ebf86b66-9fbf-48e0-a31a-fe2df230fdc5/tags/green HTTP/1.1" status: 404 len: 299 time: 0.0432172
2026-05-12 12:43:45.962 10 INFO neutron.wsgi [None req-e1e2f7fe-b1d5-4623-85e5-29be2d0b6f7e bfd409465da34a63ba7093878b29f44f 921cfbf047924b15890511f1b2a18a2f - - - -] 10.0.0.62 "DELETE /v2.0/networks/ebf86b66-9fbf-48e0-a31a-fe2df230fdc5/tags/red HTTP/1.1" status: 204 len: 168 time: 0.0497153
2026-05-12 12:43:46.005 10 INFO neutron.wsgi [None req-c0f34d5c-d221-4195-81de-85e3f8becb89 bfd409465da34a63ba7093878b29f44f 921cfbf047924b15890511f1b2a18a2f - - default default] 10.0.0.62 "GET /v2.0/networks/ebf86b66-9fbf-48e0-a31a-fe2df230fdc5/tags HTTP/1.1" status: 200 len: 223 time: 0.0379822
2026-05-12 12:43:46.053 10 INFO neutron.api.v2.resource [None req-0a08a8cb-349b-46de-bc4d-47ddca2f717f bfd409465da34a63ba7093878b29f44f 921cfbf047924b15890511f1b2a18a2f - - - -] delete failed (client error): The resource could not be found.
2026-05-12 12:43:46.054 10 INFO neutron.wsgi [None req-0a08a8cb-349b-46de-bc4d-47ddca2f717f bfd409465da34a63ba7093878b29f44f 921cfbf047924b15890511f1b2a18a2f - - - -] 10.0.0.62 "DELETE /v2.0/networks/ebf86b66-9fbf-48e0-a31a-fe2df230fdc5/tags/green HTTP/1.1" status: 404 len: 299 time: 0.0441554
2026-05-12 12:43:46.105 10 INFO neutron.wsgi [None req-5c37cb54-c606-4508-8062-32009c563ba4 bfd409465da34a63ba7093878b29f44f 921cfbf047924b15890511f1b2a18a2f - - - -] 10.0.0.62 "DELETE /v2.0/networks/ebf86b66-9fbf-48e0-a31a-fe2df230fdc5/tags HTTP/1.1" status: 204 len: 168 time: 0.0461173
2026-05-12 12:43:46.141 10 INFO neutron.wsgi [None req-9e37038d-b186-4744-a6ca-3d422dedad37 bfd409465da34a63ba7093878b29f44f 921cfbf047924b15890511f1b2a18a2f - - default default] 10.0.0.62 "GET /v2.0/networks/ebf86b66-9fbf-48e0-a31a-fe2df230fdc5/tags HTTP/1.1" status: 200 len: 205 time: 0.0310824
2026-05-12 12:43:46.465 10 INFO neutron.services.segments.plugin [-] Segment eacf6fe4-1c98-409b-8923-c91d0becbc88 resource provider aggregate not found
2026-05-12 12:43:46.469 10 INFO neutron.services.segments.plugin [-] Segment eacf6fe4-1c98-409b-8923-c91d0becbc88 resource provider aggregate not found
2026-05-12 12:43:46.486 10 INFO neutron.services.segments.plugin [-] Segment eacf6fe4-1c98-409b-8923-c91d0becbc88 resource provider not found; error: Placement Client Error (4xx): {"errors": [{"status": 404, "title": "Not Found", "detail": "The resource could not be found.\n\n No resource provider with uuid eacf6fe4-1c98-409b-8923-c91d0becbc88 found for delete ", "request_id": "req-3341ef87-df7b-40c6-8312-34df4cdfad5b"}]}
2026-05-12 12:43:46.487 10 INFO neutron.services.segments.plugin [-] Segment eacf6fe4-1c98-409b-8923-c91d0becbc88 resource provider not found; error: Placement Client Error (4xx): {"errors": [{"status": 404, "title": "Not Found", "detail": "The resource could not be found.\n\n No resource provider with uuid eacf6fe4-1c98-409b-8923-c91d0becbc88 found for delete ", "request_id": "req-c4991561-d04b-4e16-a6a6-ad316bea3631"}]}
2026-05-12 12:43:46.511 10 INFO neutron.wsgi [None req-92bccb07-2b00-46b2-afc0-f74ad1d28fdb bfd409465da34a63ba7093878b29f44f 921cfbf047924b15890511f1b2a18a2f - - - -] 10.0.0.62 "DELETE /v2.0/networks/ebf86b66-9fbf-48e0-a31a-fe2df230fdc5 HTTP/1.1" status: 204 len: 168 time: 0.3639035
2026-05-12 12:43:46.843 9 INFO neutron.wsgi [None req-789aea46-6f23-4652-9edf-d4b0375d948b b13230c76d314e39a0bc164eb4804e90 9925fe606a554717aab6e2d224ef3810 - - - -] 10.0.0.62 "PUT /v2.0/routers/b5bac80c-cbc9-40f2-b5a0-968a24e2b162/remove_router_interface HTTP/1.1" status: 200 len: 503 time: 1.2976301 /var/lib/openstack/lib/python3.10/site-packages/pycadf/identifier.py:71: UserWarning: Invalid uuid: neutron. To ensure interoperability, identifiers should be a valid uuid. warnings.warn(('Invalid uuid: %s. To ensure interoperability, '
2026-05-12 12:43:47.272 9 INFO neutron.wsgi [None req-8ed5d0a5-4604-4831-a654-209d4860b589 b13230c76d314e39a0bc164eb4804e90 9925fe606a554717aab6e2d224ef3810 - - default default] 10.0.0.62 "GET /v2.0/security-groups?tenant_id=921cfbf047924b15890511f1b2a18a2f&name=default HTTP/1.1" status: 200 len: 2996 time: 0.1271484
2026-05-12 12:43:47.444 9 INFO neutron.wsgi [None req-3d51474f-ada4-42ee-9d21-55ad4fb755c6 b13230c76d314e39a0bc164eb4804e90 9925fe606a554717aab6e2d224ef3810 - - - -] 10.0.0.62 "DELETE /v2.0/security-groups/07509976-e90d-40c6-982c-fe131be20f06 HTTP/1.1" status: 204 len: 168 time: 0.1684117
2026-05-12 12:43:47.621 9 INFO neutron.db.ovn_revision_numbers_db [None req-b10acd94-4559-4981-ba61-96f589fb840e b13230c76d314e39a0bc164eb4804e90 9925fe606a554717aab6e2d224ef3810 - - default default] Successfully bumped revision number for resource 97c7efa2-6c48-4ba3-aced-ff68ef243395 (type: security_groups) to 1
2026-05-12 12:43:47.642 9 INFO neutron.wsgi [None req-b10acd94-4559-4981-ba61-96f589fb840e b13230c76d314e39a0bc164eb4804e90 9925fe606a554717aab6e2d224ef3810 - - default default] 10.0.0.62 "GET /v2.0/security-groups?tenant_id=0a1aa1255f2e48778f33734c7ad615f3&name=default HTTP/1.1" status: 200 len: 2996 time: 0.1099570
2026-05-12 12:43:47.695 10 INFO neutron.wsgi [None req-e445edb0-506f-45cb-9679-2abd0494f450 b13230c76d314e39a0bc164eb4804e90 9925fe606a554717aab6e2d224ef3810 - - - -] 10.0.0.62 "DELETE /v2.0/routers/b5bac80c-cbc9-40f2-b5a0-968a24e2b162 HTTP/1.1" status: 204 len: 168 time: 0.8475447
2026-05-12 12:43:47.813 9 INFO neutron.wsgi [None req-3ebfd209-b45f-4eda-a864-9f8e4b6cdaf3 b13230c76d314e39a0bc164eb4804e90 9925fe606a554717aab6e2d224ef3810 - - - -] 10.0.0.62 "DELETE /v2.0/security-groups/97c7efa2-6c48-4ba3-aced-ff68ef243395 HTTP/1.1" status: 204 len: 168 time: 0.1642036
2026-05-12 12:43:47.894 10 INFO neutron.wsgi [None req-898af67d-3e46-412f-9e9a-1d83ea24134a b13230c76d314e39a0bc164eb4804e90 9925fe606a554717aab6e2d224ef3810 - - - -] 10.0.0.62 "DELETE /v2.0/subnets/d7113676-5d98-40c6-88ee-85a5fb173beb HTTP/1.1" status: 204 len: 168 time: 0.1941223
2026-05-12 12:43:48.124 9 INFO neutron.wsgi [None req-4a047193-899f-4b1f-8590-955884f4133b b13230c76d314e39a0bc164eb4804e90 9925fe606a554717aab6e2d224ef3810 - - default default] 10.0.0.82 "GET /v2.0/subnets HTTP/1.1" status: 200 len: 2090 time: 0.1452367
2026-05-12 12:43:48.159 9 INFO neutron.wsgi [None req-c8c9d20f-6135-4a27-a9bf-0a64069b2892 b13230c76d314e39a0bc164eb4804e90 9925fe606a554717aab6e2d224ef3810 - - default default] 10.0.0.82 "GET /v2.0/ports HTTP/1.1" status: 200 len: 8432 time: 0.0338228
2026-05-12 12:43:48.223 10 INFO neutron.wsgi [None req-9b03b6ba-2192-4d4c-a9ff-798667ec22ee b13230c76d314e39a0bc164eb4804e90 9925fe606a554717aab6e2d224ef3810 - - - -] 10.0.0.62 "DELETE /v2.0/networks/3fabb042-0060-4206-8d43-b469c644b22c HTTP/1.1" status: 204 len: 168 time: 0.3247731
2026-05-12 12:43:48.258 9 INFO neutron.wsgi [None req-a601e051-998c-4b19-8c2a-8022db5adfb3 b13230c76d314e39a0bc164eb4804e90 9925fe606a554717aab6e2d224ef3810 - - default default] 10.0.0.82 "GET /v2.0/routers HTTP/1.1" status: 200 len: 858 time: 0.0914700
2026-05-12 12:43:48.285 9 INFO neutron.wsgi [None req-4c56410a-99a6-4ba3-8f2f-7172d58a529e b13230c76d314e39a0bc164eb4804e90 9925fe606a554717aab6e2d224ef3810 - - default default] 10.0.0.82 "GET /v2.0/agents?binary=ovn-controller HTTP/1.1" status: 200 len: 591 time: 0.0259519
2026-05-12 12:43:48.313 9 INFO neutron.wsgi [None req-769d7ff6-b75e-4b1e-ab25-c476111b82b9 b13230c76d314e39a0bc164eb4804e90 9925fe606a554717aab6e2d224ef3810 - - default default] 10.0.0.82 "GET /v2.0/floatingips HTTP/1.1" status: 200 len: 193 time: 0.0236506
2026-05-12 12:43:48.373 9 INFO neutron.wsgi [None req-ce0bd62b-1412-4d9c-8a0c-db60e4c4c04d b13230c76d314e39a0bc164eb4804e90 9925fe606a554717aab6e2d224ef3810 - - default default] 10.0.0.82 "GET /v2.0/networks HTTP/1.1" status: 200 len: 3107 time: 0.0586972
2026-05-12 12:43:48.396 9 INFO neutron.wsgi [None req-80ee7a46-0e84-45b7-b45d-3e26759a3d8d b13230c76d314e39a0bc164eb4804e90 9925fe606a554717aab6e2d224ef3810 - - default default] 10.0.0.82 "GET /v2.0/agents HTTP/1.1" status: 200 len: 997 time: 0.0211442
2026-05-12 12:43:48.409 9 INFO neutron.wsgi [None req-dee96ac0-a9b5-4da9-806d-8cce47d88033 b13230c76d314e39a0bc164eb4804e90 9925fe606a554717aab6e2d224ef3810 - - default default] 10.0.0.82 "GET /v2.0/network-ip-availabilities HTTP/1.1" status: 200 len: 1750 time: 0.0121367
2026-05-12 12:43:48.461 9 INFO neutron.wsgi [None req-99b06786-f5b2-4898-b190-2951d061b4dc b13230c76d314e39a0bc164eb4804e90 9925fe606a554717aab6e2d224ef3810 - - default default] 10.0.0.82 "GET /v2.0/subnets HTTP/1.1" status: 200 len: 2090 time: 0.0436120
2026-05-12 12:43:48.481 9 INFO neutron.wsgi [None req-021735d4-4ef2-4a4a-a56c-6f95cb29fd42 b13230c76d314e39a0bc164eb4804e90 9925fe606a554717aab6e2d224ef3810 - - default default] 10.0.0.82 "GET /v2.0/subnetpools HTTP/1.1" status: 200 len: 193 time: 0.0189800
2026-05-12 12:43:48.506 10 INFO neutron.services.segments.plugin [-] Segment 3d706789-fe14-4e87-b792-a19ffb4c7c13 resource provider aggregate not found
2026-05-12 12:43:48.512 10 INFO neutron.services.segments.plugin [-] Segment 3d706789-fe14-4e87-b792-a19ffb4c7c13 resource provider aggregate not found
2026-05-12 12:43:48.529 10 INFO neutron.services.segments.plugin [-] Segment 3d706789-fe14-4e87-b792-a19ffb4c7c13 resource provider not found; error: Placement Client Error (4xx): {"errors": [{"status": 404, "title": "Not Found", "detail": "The resource could not be found.\n\n No resource provider with uuid 3d706789-fe14-4e87-b792-a19ffb4c7c13 found for delete ", "request_id": "req-b83fcf6d-daf7-4021-af22-c38b7a18722b"}]}
2026-05-12 12:43:48.538 10 INFO neutron.services.segments.plugin [-] Segment 3d706789-fe14-4e87-b792-a19ffb4c7c13 resource provider not found; error: Placement Client Error (4xx): {"errors": [{"status": 404, "title": "Not Found", "detail": "The resource could not be found.\n\n No resource provider with uuid 3d706789-fe14-4e87-b792-a19ffb4c7c13 found for delete ", "request_id": "req-cf7a85c0-d805-4e8c-8849-c18ce004d2a2"}]}
2026-05-12 12:43:48.567 9 INFO neutron.wsgi [None req-9132dba7-4295-4a0a-931f-1a12a791a64a b13230c76d314e39a0bc164eb4804e90 9925fe606a554717aab6e2d224ef3810 - - default default] 10.0.0.82 "GET /v2.0/security-groups HTTP/1.1" status: 200 len: 22363 time: 0.0852969
2026-05-12 12:43:49.206 9 INFO neutron.wsgi [None req-34f47b8e-0b61-4a3f-abb3-9b8e1eccdd40 b13230c76d314e39a0bc164eb4804e90 9925fe606a554717aab6e2d224ef3810 - - - -] 10.0.0.62 "PUT /v2.0/routers/8f33931f-e170-482c-baa4-e435ef0ed332/remove_router_interface HTTP/1.1" status: 200 len: 503 time: 0.9776893 /var/lib/openstack/lib/python3.10/site-packages/pycadf/identifier.py:71: UserWarning: Invalid uuid: neutron. To ensure interoperability, identifiers should be a valid uuid. warnings.warn(('Invalid uuid: %s. To ensure interoperability, '
2026-05-12 12:43:49.827 9 INFO neutron.wsgi [None req-4287d4b6-ceaf-41f1-8212-20d7579e1452 b13230c76d314e39a0bc164eb4804e90 9925fe606a554717aab6e2d224ef3810 - - - -] 10.0.0.62 "DELETE /v2.0/routers/8f33931f-e170-482c-baa4-e435ef0ed332 HTTP/1.1" status: 204 len: 168 time: 0.6163077
2026-05-12 12:43:50.022 9 INFO neutron.wsgi [None req-d9d57452-0cda-4139-bce6-3a12e67aef02 b13230c76d314e39a0bc164eb4804e90 9925fe606a554717aab6e2d224ef3810 - - - -] 10.0.0.62 "DELETE /v2.0/subnets/348b7f3f-908b-457d-ae33-b0240b5f9a99 HTTP/1.1" status: 204 len: 168 time: 0.1900549
2026-05-12 12:43:50.818 9 INFO neutron.services.segments.plugin [-] Segment 14040795-5ae8-48a4-869c-17e4ca4e38f8 resource provider aggregate not found
2026-05-12 12:43:50.824 9 INFO neutron.services.segments.plugin [-] Segment 14040795-5ae8-48a4-869c-17e4ca4e38f8 resource provider aggregate not found
2026-05-12 12:43:50.839 9 INFO neutron.services.segments.plugin [-] Segment 14040795-5ae8-48a4-869c-17e4ca4e38f8 resource provider not found; error: Placement Client Error (4xx): {"errors": [{"status": 404, "title": "Not Found", "detail": "The resource could not be found.\n\n No resource provider with uuid 14040795-5ae8-48a4-869c-17e4ca4e38f8 found for delete ", "request_id": "req-c7c95550-d9a8-45c8-b503-be39f413524a"}]}
2026-05-12 12:43:50.840 9 INFO neutron.services.segments.plugin [-] Segment 14040795-5ae8-48a4-869c-17e4ca4e38f8 resource provider not found; error: Placement Client Error (4xx): {"errors": [{"status": 404, "title": "Not Found", "detail": "The resource could not be found.\n\n No resource provider with uuid 14040795-5ae8-48a4-869c-17e4ca4e38f8 found for delete ", "request_id": "req-d9ee0126-2434-4565-80a7-24d4340b41bf"}]}
2026-05-12 12:43:50.866 9 INFO neutron.wsgi [None req-83276add-8977-4a82-bb66-6873603e7f25 b13230c76d314e39a0bc164eb4804e90 9925fe606a554717aab6e2d224ef3810 - - - -] 10.0.0.62 "DELETE /v2.0/networks/d97ae6ef-9b59-4faf-8aee-e31e1a922fb2 HTTP/1.1" status: 204 len: 168 time: 0.8405113
2026-05-12 12:43:50.935 9 INFO neutron.wsgi [None req-8b6c6b51-cc17-413f-b7ca-cf7a4d867869 3e1756a9c6d2474b8ff531ee371e754c 7f908b62568d43c59e8342a23c020309 - - - -] 10.0.0.62 "POST /v2.0/qos/policies HTTP/1.1" status: 201 len: 558 time: 0.2084603
2026-05-12 12:43:50.967 9 INFO neutron.wsgi [None req-06e17d52-030d-45de-92a6-d67c9b8d166d 3e1756a9c6d2474b8ff531ee371e754c 7f908b62568d43c59e8342a23c020309 - - - -] 10.0.0.62 "PUT /v2.0/policies/76b8ab85-638c-46cd-9c6e-22d25e592273/tags HTTP/1.1" status: 200 len: 218 time: 0.0278466
2026-05-12 12:43:50.997 10 INFO neutron.wsgi [None req-1d6d9298-256d-4520-94c8-c54cc0fa7f9d 3e1756a9c6d2474b8ff531ee371e754c 7f908b62568d43c59e8342a23c020309 - - default default] 10.0.0.62 "GET /v2.0/policies/76b8ab85-638c-46cd-9c6e-22d25e592273/tags HTTP/1.1" status: 200 len: 218 time: 0.0250475
2026-05-12 12:43:51.025 10 INFO neutron.wsgi [None req-9df8a685-8e8f-4ce1-836d-2a05e087a510 3e1756a9c6d2474b8ff531ee371e754c 7f908b62568d43c59e8342a23c020309 - - - -] 10.0.0.62 "PUT /v2.0/policies/76b8ab85-638c-46cd-9c6e-22d25e592273/tags/green HTTP/1.1" status: 201 len: 201 time: 0.0227666
2026-05-12 12:43:51.042 10 INFO neutron.wsgi [None req-b7d792ff-ddc2-4207-8c20-fb8bcac7c0a0 3e1756a9c6d2474b8ff531ee371e754c 7f908b62568d43c59e8342a23c020309 - - default default] 10.0.0.62 "GET /v2.0/policies/76b8ab85-638c-46cd-9c6e-22d25e592273/tags HTTP/1.1" status: 200 len: 227 time: 0.0118704
2026-05-12 12:43:51.060 10 INFO neutron.wsgi [None req-7bbc736f-198c-4d87-9e54-64838ec057bf 3e1756a9c6d2474b8ff531ee371e754c 7f908b62568d43c59e8342a23c020309 - - - -] 10.0.0.62 "PUT /v2.0/policies/76b8ab85-638c-46cd-9c6e-22d25e592273/tags/red HTTP/1.1" status: 201 len: 201 time: 0.0139689
2026-05-12 12:43:51.075 10 INFO neutron.wsgi [None req-54173466-d9cb-407d-bcef-a112a0843549 3e1756a9c6d2474b8ff531ee371e754c 7f908b62568d43c59e8342a23c020309 - - default default] 10.0.0.62 "GET /v2.0/policies/76b8ab85-638c-46cd-9c6e-22d25e592273/tags HTTP/1.1" status: 200 len: 227 time: 0.0117073
2026-05-12 12:43:51.103 10 INFO neutron.wsgi [None req-b2d4dbc2-1a76-4f2f-9792-4f6d78033c92 3e1756a9c6d2474b8ff531ee371e754c 7f908b62568d43c59e8342a23c020309 - - - -] 10.0.0.62 "PUT /v2.0/policies/76b8ab85-638c-46cd-9c6e-22d25e592273/tags/black.or.white HTTP/1.1" status: 201 len: 201 time: 0.0228224
2026-05-12 12:43:51.120 10 INFO neutron.wsgi [None req-a568def6-1221-4eda-b59e-9632751053b5 3e1756a9c6d2474b8ff531ee371e754c 7f908b62568d43c59e8342a23c020309 - - default default] 10.0.0.62 "GET /v2.0/policies/76b8ab85-638c-46cd-9c6e-22d25e592273/tags HTTP/1.1" status: 200 len: 245 time: 0.0126762
2026-05-12 12:43:51.157 9 INFO neutron.wsgi [None req-509f6d58-7f3f-47ef-907c-6f3feaab6de6 3e1756a9c6d2474b8ff531ee371e754c 7f908b62568d43c59e8342a23c020309 - - - -] 10.0.0.62 "PUT /v2.0/policies/76b8ab85-638c-46cd-9c6e-22d25e592273/tags HTTP/1.1" status: 200 len: 230 time: 0.0322247
2026-05-12 12:43:51.174 9 INFO neutron.wsgi [None req-48427745-2b55-4ef1-8cfe-8fef6f9a9c54 3e1756a9c6d2474b8ff531ee371e754c 7f908b62568d43c59e8342a23c020309 - - default default] 10.0.0.62 "GET /v2.0/policies/76b8ab85-638c-46cd-9c6e-22d25e592273/tags HTTP/1.1" status: 200 len: 230 time: 0.0124483
2026-05-12 12:43:51.175 10 INFO neutron.wsgi [None req-6110192b-3555-4913-ac41-81d24522034e b13230c76d314e39a0bc164eb4804e90 9925fe606a554717aab6e2d224ef3810 - - default default] 10.0.0.62 "GET /v2.0/security-groups?tenant_id=3505feae2097477da4cd249dddfaf442&name=default HTTP/1.1" status: 200 len: 2996 time: 0.0319705
2026-05-12 12:43:51.188 10 INFO neutron.wsgi [None req-bc0881d7-36dc-4bc6-909e-8d1c63021ecb 3e1756a9c6d2474b8ff531ee371e754c 7f908b62568d43c59e8342a23c020309 - - default default] 10.0.0.62 "GET /v2.0/policies/76b8ab85-638c-46cd-9c6e-22d25e592273/tags/red HTTP/1.1" status: 204 len: 168 time: 0.0102422
2026-05-12 12:43:51.204 10 INFO neutron.api.v2.resource [None req-02cd05c1-affc-4a0e-99f6-3753393f9f57 3e1756a9c6d2474b8ff531ee371e754c 7f908b62568d43c59e8342a23c020309 - - default default] show failed (client error): The resource could not be found.
2026-05-12 12:43:51.205 10 INFO neutron.wsgi [None req-02cd05c1-affc-4a0e-99f6-3753393f9f57 3e1756a9c6d2474b8ff531ee371e754c 7f908b62568d43c59e8342a23c020309 - - default default] 10.0.0.62 "GET /v2.0/policies/76b8ab85-638c-46cd-9c6e-22d25e592273/tags/green HTTP/1.1" status: 404 len: 299 time: 0.0126433
2026-05-12 12:43:51.232 10 INFO neutron.wsgi [None req-afa9927d-fc7f-48a5-afef-defa6b108f87 3e1756a9c6d2474b8ff531ee371e754c 7f908b62568d43c59e8342a23c020309 - - - -] 10.0.0.62 "DELETE /v2.0/policies/76b8ab85-638c-46cd-9c6e-22d25e592273/tags/red HTTP/1.1" status: 204 len: 168 time: 0.0225208
2026-05-12 12:43:51.249 10 INFO neutron.wsgi [None req-9f3dedf3-d53e-4442-a1ec-d994dcfc302c 3e1756a9c6d2474b8ff531ee371e754c 7f908b62568d43c59e8342a23c020309 - - default default] 10.0.0.62 "GET /v2.0/policies/76b8ab85-638c-46cd-9c6e-22d25e592273/tags HTTP/1.1" status: 200 len: 223 time: 0.0126739
2026-05-12 12:43:51.278 10 INFO neutron.api.v2.resource [None req-2a9ba2f3-df3c-4d6c-b4f9-0f3becb8b707 3e1756a9c6d2474b8ff531ee371e754c 7f908b62568d43c59e8342a23c020309 - - - -] delete failed (client error): The resource could not be found.
2026-05-12 12:43:51.280 10 INFO neutron.wsgi [None req-2a9ba2f3-df3c-4d6c-b4f9-0f3becb8b707 3e1756a9c6d2474b8ff531ee371e754c 7f908b62568d43c59e8342a23c020309 - - - -] 10.0.0.62 "DELETE /v2.0/policies/76b8ab85-638c-46cd-9c6e-22d25e592273/tags/green HTTP/1.1" status: 404 len: 299 time: 0.0264835
2026-05-12 12:43:51.312 10 INFO neutron.wsgi [None req-de47d5f1-2f28-44ab-8c29-8db4a2efa83e 3e1756a9c6d2474b8ff531ee371e754c 7f908b62568d43c59e8342a23c020309 - - - -] 10.0.0.62 "DELETE /v2.0/policies/76b8ab85-638c-46cd-9c6e-22d25e592273/tags HTTP/1.1" status: 204 len: 168 time: 0.0272334
2026-05-12 12:43:51.329 10 INFO neutron.wsgi [None req-d1a2e7d4-ae74-417c-b8e0-454cf8434b1b 3e1756a9c6d2474b8ff531ee371e754c 7f908b62568d43c59e8342a23c020309 - - default default] 10.0.0.62 "GET /v2.0/policies/76b8ab85-638c-46cd-9c6e-22d25e592273/tags HTTP/1.1" status: 200 len: 205 time: 0.0130868
2026-05-12 12:43:51.362 9 INFO neutron.wsgi [None req-1dd85dd5-ec4d-45ec-8eb7-ca85c1e2d6d8 b13230c76d314e39a0bc164eb4804e90 9925fe606a554717aab6e2d224ef3810 - - - -] 10.0.0.62 "DELETE /v2.0/security-groups/2b6af367-710f-42b3-84ea-98724a454098 HTTP/1.1" status: 204 len: 168 time: 0.1829884
2026-05-12 12:43:51.413 10 INFO neutron.wsgi [None req-43a1293f-bf03-4977-9514-30d257248f2f 3e1756a9c6d2474b8ff531ee371e754c 7f908b62568d43c59e8342a23c020309 - - - -] 10.0.0.62 "DELETE /v2.0/qos/policies/76b8ab85-638c-46cd-9c6e-22d25e592273 HTTP/1.1" status: 204 len: 168 time: 0.0689425
2026-05-12 12:43:51.532 9 INFO neutron.wsgi [None req-64ea232e-f850-4fd4-9a7b-8ace93a88d0c b13230c76d314e39a0bc164eb4804e90 9925fe606a554717aab6e2d224ef3810 - - default default] 10.0.0.62 "GET /v2.0/security-groups?tenant_id=eead5257373b49f59d261ae465c7b2ee&name=default HTTP/1.1" status: 200 len: 2996 time: 0.0262022
2026-05-12 12:43:51.716 9 INFO neutron.wsgi [None req-03af419a-f559-4596-b904-b787def29a9e b13230c76d314e39a0bc164eb4804e90 9925fe606a554717aab6e2d224ef3810 - - - -] 10.0.0.62 "DELETE /v2.0/security-groups/b9039457-6fc6-4f49-8eaf-9705cb5015fe HTTP/1.1" status: 204 len: 168 time: 0.1792641
2026-05-12 12:43:51.728 9 INFO neutron.wsgi [-] 10.0.0.39 "GET / HTTP/1.1" status: 200 len: 246 time: 0.0015566
2026-05-12 12:43:51.730 9 INFO neutron.wsgi [-] 10.0.0.39 "GET / HTTP/1.1" status: 200 len: 246 time: 0.0012207
2026-05-12 12:43:52.299 9 INFO neutron.db.ovn_revision_numbers_db [None req-56f724b6-f8e5-4ec2-a66f-641128fb3df9 b13230c76d314e39a0bc164eb4804e90 9925fe606a554717aab6e2d224ef3810 - - default default] Successfully bumped revision number for resource 0d430a2f-e4c6-4789-b6d6-070cef8aaeb2 (type: security_groups) to 1
2026-05-12 12:43:52.327 9 INFO neutron.wsgi [None req-56f724b6-f8e5-4ec2-a66f-641128fb3df9 b13230c76d314e39a0bc164eb4804e90 9925fe606a554717aab6e2d224ef3810 - - default default] 10.0.0.62 "GET /v2.0/security-groups?tenant_id=ab3af105925e4cb18cba9e8281a02d36&name=default HTTP/1.1" status: 200 len: 3000 time: 0.2848613
2026-05-12 12:43:52.515 9 INFO neutron.wsgi [None req-31ad1fb1-5471-4ff5-b6f6-85267ed8b53e b13230c76d314e39a0bc164eb4804e90 9925fe606a554717aab6e2d224ef3810 - - - -] 10.0.0.62 "DELETE /v2.0/security-groups/0d430a2f-e4c6-4789-b6d6-070cef8aaeb2 HTTP/1.1" status: 204 len: 168 time: 0.1833310
2026-05-12 12:43:52.711 9 INFO neutron.db.ovn_revision_numbers_db [None req-181f2044-bce2-4cf0-b68b-575af91ebccc b13230c76d314e39a0bc164eb4804e90 9925fe606a554717aab6e2d224ef3810 - - default default] Successfully bumped revision number for resource e6483b32-99b1-40ee-b821-67a7a6b8c10f (type: security_groups) to 1
2026-05-12 12:43:52.743 9 INFO neutron.wsgi [None req-181f2044-bce2-4cf0-b68b-575af91ebccc b13230c76d314e39a0bc164eb4804e90 9925fe606a554717aab6e2d224ef3810 - - default default] 10.0.0.62 "GET /v2.0/security-groups?tenant_id=7f908b62568d43c59e8342a23c020309&name=default HTTP/1.1" status: 200 len: 3000 time: 0.1160707
2026-05-12 12:43:52.909 9 INFO neutron.wsgi [None req-a6563f46-ec3f-4458-9e35-ce46ec50fa1b b13230c76d314e39a0bc164eb4804e90 9925fe606a554717aab6e2d224ef3810 - - - -] 10.0.0.62 "DELETE /v2.0/security-groups/e6483b32-99b1-40ee-b821-67a7a6b8c10f HTTP/1.1" status: 204 len: 168 time: 0.1593502
2026-05-12 12:43:56.167 10 WARNING neutron.scheduler.dhcp_agent_scheduler [None req-f676662c-68ae-4bd6-b9c0-1167a6635e20 51ccc76cd65b48a2a12634f1956a2527 a112af5f553d42a785310224edd9429e - - - -] No more DHCP agents
2026-05-12 12:43:56.168 10 WARNING neutron.api.rpc.agentnotifiers.dhcp_rpc_agent_api [None req-f676662c-68ae-4bd6-b9c0-1167a6635e20 51ccc76cd65b48a2a12634f1956a2527 a112af5f553d42a785310224edd9429e - - - -] Unable to schedule network 8b5a2d22-a16f-4184-8653-e0b63c5d61fa: no agents available; will retry on subsequent port and subnet creation events.
2026-05-12 12:43:56.434 10 INFO neutron.db.ovn_revision_numbers_db [None req-f676662c-68ae-4bd6-b9c0-1167a6635e20 51ccc76cd65b48a2a12634f1956a2527 a112af5f553d42a785310224edd9429e - - - -] Successfully bumped revision number for resource 1eb35b10-41f0-4a3f-a311-e74efdc33825 (type: floatingips) to 0
2026-05-12 12:43:56.448 10 INFO neutron.wsgi [None req-f676662c-68ae-4bd6-b9c0-1167a6635e20 51ccc76cd65b48a2a12634f1956a2527 a112af5f553d42a785310224edd9429e - - - -] 10.0.0.62 "POST /v2.0/floatingips HTTP/1.1" status: 201 len: 751 time: 0.6675198
2026-05-12 12:43:56.706 10 WARNING neutron.scheduler.dhcp_agent_scheduler [None req-738f28ff-27a3-45f3-a4ff-6586efb43262 51ccc76cd65b48a2a12634f1956a2527 a112af5f553d42a785310224edd9429e - - - -] No more DHCP agents
2026-05-12 12:43:56.707 10 WARNING neutron.api.rpc.agentnotifiers.dhcp_rpc_agent_api [None req-738f28ff-27a3-45f3-a4ff-6586efb43262 51ccc76cd65b48a2a12634f1956a2527 a112af5f553d42a785310224edd9429e - - - -] Unable to schedule network 8b5a2d22-a16f-4184-8653-e0b63c5d61fa: no agents available; will retry on subsequent port and subnet creation events.
2026-05-12 12:43:57.019 10 INFO neutron.db.ovn_revision_numbers_db [None req-738f28ff-27a3-45f3-a4ff-6586efb43262 51ccc76cd65b48a2a12634f1956a2527 a112af5f553d42a785310224edd9429e - - - -] Successfully bumped revision number for resource bbe90b1c-f817-440f-a8b3-77c6d7f9d361 (type: floatingips) to 0
2026-05-12 12:43:57.034 10 INFO neutron.wsgi [None req-738f28ff-27a3-45f3-a4ff-6586efb43262 51ccc76cd65b48a2a12634f1956a2527 a112af5f553d42a785310224edd9429e - - - -] 10.0.0.62 "POST /v2.0/floatingips HTTP/1.1" status: 201 len: 751 time: 0.5807884
2026-05-12 12:43:57.294 10 WARNING neutron.scheduler.dhcp_agent_scheduler [None req-b2db35d5-66f7-48f7-860e-ea3976fc5f6d 51ccc76cd65b48a2a12634f1956a2527 a112af5f553d42a785310224edd9429e - - - -] No more DHCP agents
2026-05-12 12:43:57.299 10 WARNING neutron.api.rpc.agentnotifiers.dhcp_rpc_agent_api [None req-b2db35d5-66f7-48f7-860e-ea3976fc5f6d 51ccc76cd65b48a2a12634f1956a2527 a112af5f553d42a785310224edd9429e - - - -] Unable to schedule network 8b5a2d22-a16f-4184-8653-e0b63c5d61fa: no agents available; will retry on subsequent port and subnet creation events.
2026-05-12 12:43:57.574 10 INFO neutron.db.ovn_revision_numbers_db [None req-b2db35d5-66f7-48f7-860e-ea3976fc5f6d 51ccc76cd65b48a2a12634f1956a2527 a112af5f553d42a785310224edd9429e - - - -] Successfully bumped revision number for resource bd5c902a-916b-43e4-8518-4bf022f02341 (type: floatingips) to 0
2026-05-12 12:43:57.587 10 INFO neutron.wsgi [None req-b2db35d5-66f7-48f7-860e-ea3976fc5f6d 51ccc76cd65b48a2a12634f1956a2527 a112af5f553d42a785310224edd9429e - - - -] 10.0.0.62 "POST /v2.0/floatingips HTTP/1.1" status: 201 len: 751 time: 0.5483124
2026-05-12 12:43:57.831 9 WARNING neutron.scheduler.dhcp_agent_scheduler [None req-4ea79fba-d67d-445f-a7c8-2e38fc51a3ad 51ccc76cd65b48a2a12634f1956a2527 a112af5f553d42a785310224edd9429e - - - -] No more DHCP agents
2026-05-12 12:43:57.833 9 WARNING neutron.api.rpc.agentnotifiers.dhcp_rpc_agent_api [None req-4ea79fba-d67d-445f-a7c8-2e38fc51a3ad 51ccc76cd65b48a2a12634f1956a2527 a112af5f553d42a785310224edd9429e - - - -] Unable to schedule network 8b5a2d22-a16f-4184-8653-e0b63c5d61fa: no agents available; will retry on subsequent port and subnet creation events.
2026-05-12 12:43:58.100 9 INFO neutron.db.ovn_revision_numbers_db [None req-4ea79fba-d67d-445f-a7c8-2e38fc51a3ad 51ccc76cd65b48a2a12634f1956a2527 a112af5f553d42a785310224edd9429e - - - -] Successfully bumped revision number for resource 42130653-3707-406d-ad60-a686c0aad138 (type: floatingips) to 0
2026-05-12 12:43:58.115 9 INFO neutron.wsgi [None req-4ea79fba-d67d-445f-a7c8-2e38fc51a3ad 51ccc76cd65b48a2a12634f1956a2527 a112af5f553d42a785310224edd9429e - - - -] 10.0.0.62 "POST /v2.0/floatingips HTTP/1.1" status: 201 len: 751 time: 0.5230825
2026-05-12 12:43:58.383 9 WARNING neutron.scheduler.dhcp_agent_scheduler [None req-37458482-2913-451f-9b6b-8afd737d75d2 51ccc76cd65b48a2a12634f1956a2527 a112af5f553d42a785310224edd9429e - - - -] No more DHCP agents
2026-05-12 12:43:58.385 9 WARNING neutron.api.rpc.agentnotifiers.dhcp_rpc_agent_api [None req-37458482-2913-451f-9b6b-8afd737d75d2 51ccc76cd65b48a2a12634f1956a2527 a112af5f553d42a785310224edd9429e - - - -] Unable to schedule network 8b5a2d22-a16f-4184-8653-e0b63c5d61fa: no agents available; will retry on subsequent port and subnet creation events.
2026-05-12 12:43:58.642 9 INFO neutron.db.ovn_revision_numbers_db [None req-37458482-2913-451f-9b6b-8afd737d75d2 51ccc76cd65b48a2a12634f1956a2527 a112af5f553d42a785310224edd9429e - - - -] Successfully bumped revision number for resource 55fc6e58-2f57-4563-9098-8dfb0b389b05 (type: floatingips) to 0
2026-05-12 12:43:58.657 9 INFO neutron.wsgi [None req-37458482-2913-451f-9b6b-8afd737d75d2 51ccc76cd65b48a2a12634f1956a2527 a112af5f553d42a785310224edd9429e - - - -] 10.0.0.62 "POST /v2.0/floatingips HTTP/1.1" status: 201 len: 751 time: 0.5373302
2026-05-12 12:43:58.713 9 INFO neutron.wsgi [None req-4fa36baf-936d-495e-b341-c2212730d13b 51ccc76cd65b48a2a12634f1956a2527 a112af5f553d42a785310224edd9429e - - - -] 10.0.0.62 "PUT /v2.0/floatingips/1eb35b10-41f0-4a3f-a311-e74efdc33825/tags HTTP/1.1" status: 200 len: 210 time: 0.0516841
2026-05-12 12:43:58.753 10 INFO neutron.wsgi [None req-9b54737c-1678-4ace-a5c1-7ce8dbafb05e 51ccc76cd65b48a2a12634f1956a2527 a112af5f553d42a785310224edd9429e - - - -] 10.0.0.62 "PUT /v2.0/floatingips/bbe90b1c-f817-440f-a8b3-77c6d7f9d361/tags HTTP/1.1" status: 200 len: 218 time: 0.0359695
2026-05-12 12:43:58.791 10 INFO neutron.wsgi [None req-e5646310-a3de-455d-af69-a9bdf1dbafc6 51ccc76cd65b48a2a12634f1956a2527 a112af5f553d42a785310224edd9429e - - - -] 10.0.0.62 "PUT /v2.0/floatingips/bd5c902a-916b-43e4-8518-4bf022f02341/tags HTTP/1.1" status: 200 len: 227 time: 0.0339136
2026-05-12 12:43:58.832 10 INFO neutron.wsgi [None req-e45770c2-5068-4350-befc-18cd85964bac 51ccc76cd65b48a2a12634f1956a2527 a112af5f553d42a785310224edd9429e - - - -] 10.0.0.62 "PUT /v2.0/floatingips/42130653-3707-406d-ad60-a686c0aad138/tags HTTP/1.1" status: 200 len: 212 time: 0.0322113
2026-05-12 12:43:58.886 10 INFO neutron.wsgi [None req-974f1f0d-0a85-45bb-b5b0-86f61c4ce82e 51ccc76cd65b48a2a12634f1956a2527 a112af5f553d42a785310224edd9429e - - default default] 10.0.0.62 "GET /v2.0/floatingips?tags=red HTTP/1.1" status: 200 len: 1866 time: 0.0488939
2026-05-12 12:43:58.935 10 INFO neutron.wsgi [None req-5618edc1-f993-4878-8824-3b992b574488 51ccc76cd65b48a2a12634f1956a2527 a112af5f553d42a785310224edd9429e - - default default] 10.0.0.62 "GET /v2.0/floatingips?tags=red%2Cblue HTTP/1.1" status: 200 len: 1323 time: 0.0442290
2026-05-12 12:43:58.981 10 INFO neutron.wsgi [None req-6d6406fb-eaf8-4907-a81d-5ed9ba5c651a 51ccc76cd65b48a2a12634f1956a2527 a112af5f553d42a785310224edd9429e - - default default] 10.0.0.62 "GET /v2.0/floatingips?tags-any=blue HTTP/1.1" status: 200 len: 1323 time: 0.0416903
2026-05-12 12:43:59.018 10 INFO neutron.wsgi [None req-e8c18cc4-7d14-47f8-9c5e-3e88a014be59 51ccc76cd65b48a2a12634f1956a2527 a112af5f553d42a785310224edd9429e - - default default] 10.0.0.62 "GET /v2.0/floatingips?tags-any=red%2Cblue HTTP/1.1" status: 200 len: 1866 time: 0.0321000
2026-05-12 12:43:59.064 10 INFO neutron.wsgi [None req-7c387aeb-9566-43e7-988f-0417fa3d6b66 51ccc76cd65b48a2a12634f1956a2527 a112af5f553d42a785310224edd9429e - - default default] 10.0.0.62 "GET /v2.0/floatingips?not-tags=red HTTP/1.1" status: 200 len: 1295 time: 0.0412521
2026-05-12 12:43:59.118 10 INFO neutron.wsgi [None req-0794a925-6bc7-49d0-8e34-5b3490c082b5 51ccc76cd65b48a2a12634f1956a2527 a112af5f553d42a785310224edd9429e - - default default] 10.0.0.62 "GET /v2.0/floatingips?not-tags=red%2Cblue HTTP/1.1" status: 200 len: 1838 time: 0.0496364
2026-05-12 12:43:59.166 10 INFO neutron.wsgi [None req-bda37783-e33b-4289-9ee6-a5723a231861 51ccc76cd65b48a2a12634f1956a2527 a112af5f553d42a785310224edd9429e - - default default] 10.0.0.62 "GET /v2.0/floatingips?not-tags-any=blue HTTP/1.1" status: 200 len: 1838 time: 0.0419388
2026-05-12 12:43:59.220 9 INFO neutron.wsgi [None req-d4aca83f-37a5-4dcc-a469-25e0e061beca 51ccc76cd65b48a2a12634f1956a2527 a112af5f553d42a785310224edd9429e - - default default] 10.0.0.62 "GET /v2.0/floatingips?not-tags-any=red%2Cblue HTTP/1.1" status: 200 len: 1295 time: 0.0489047
2026-05-12 12:43:59.549 9 INFO neutron.wsgi [None req-12741426-4a3d-4e04-a622-1983fee02086 51ccc76cd65b48a2a12634f1956a2527 a112af5f553d42a785310224edd9429e - - - -] 10.0.0.62 "DELETE /v2.0/floatingips/1eb35b10-41f0-4a3f-a311-e74efdc33825 HTTP/1.1" status: 204 len: 168 time: 0.3234329
2026-05-12 12:43:59.916 9 INFO neutron.wsgi [None req-eb798207-e15f-48b6-88d3-a2cc74e84776 51ccc76cd65b48a2a12634f1956a2527 a112af5f553d42a785310224edd9429e - - - -] 10.0.0.62 "DELETE /v2.0/floatingips/bbe90b1c-f817-440f-a8b3-77c6d7f9d361 HTTP/1.1" status: 204 len: 168 time: 0.3610098
2026-05-12 12:44:00.215 9 INFO neutron.wsgi [None req-a4a3c2e2-117a-4e13-bb68-3d0e9bc8e5aa 51ccc76cd65b48a2a12634f1956a2527 a112af5f553d42a785310224edd9429e - - - -] 10.0.0.62 "DELETE /v2.0/floatingips/bd5c902a-916b-43e4-8518-4bf022f02341 HTTP/1.1" status: 204 len: 168 time: 0.2937963
2026-05-12 12:44:00.544 9 INFO neutron.wsgi [None req-cf0bc6ae-9ac5-4548-8fd9-035af0f85ce0 51ccc76cd65b48a2a12634f1956a2527 a112af5f553d42a785310224edd9429e - - - -] 10.0.0.62 "DELETE /v2.0/floatingips/42130653-3707-406d-ad60-a686c0aad138 HTTP/1.1" status: 204 len: 168 time: 0.3237643
2026-05-12 12:44:00.857 9 INFO neutron.wsgi [None req-c0086953-d97e-4bc6-b23a-b4f0c5c1f696 51ccc76cd65b48a2a12634f1956a2527 a112af5f553d42a785310224edd9429e - - - -] 10.0.0.62 "DELETE /v2.0/floatingips/55fc6e58-2f57-4563-9098-8dfb0b389b05 HTTP/1.1" status: 204 len: 168 time: 0.3079631
2026-05-12 12:44:01.808 9 INFO neutron.db.ovn_revision_numbers_db [None req-f9c3ab06-0d1b-4a94-be00-30db12a99007 b13230c76d314e39a0bc164eb4804e90 9925fe606a554717aab6e2d224ef3810 - - default default] Successfully bumped revision number for resource 82a6e0e0-a1cc-43c2-97f4-e2b81e1489ce (type: security_groups) to 1
2026-05-12 12:44:01.810 9 INFO neutron.db.ovn_revision_numbers_db [None req-152a384c-3b35-455e-a6d8-b965958b7a11 0e22e099422a4bb69a78b8e8751340a3 a1262d3303b343f095e0707333f9e4a6 - - - -] Successfully bumped revision number for resource c214b72c-309d-4217-bb5b-239afed8225f (type: security_groups) to 1
2026-05-12 12:44:01.827 9 INFO neutron.wsgi [None req-f9c3ab06-0d1b-4a94-be00-30db12a99007 b13230c76d314e39a0bc164eb4804e90 9925fe606a554717aab6e2d224ef3810 - - default default] 10.0.0.62 "GET /v2.0/security-groups?tenant_id=42ac83eb69334d218b122dbe164fd7df&name=default HTTP/1.1" status: 200 len: 3000 time: 0.1617286
2026-05-12 12:44:01.867 9 INFO neutron.db.segments_db [None req-152a384c-3b35-455e-a6d8-b965958b7a11 0e22e099422a4bb69a78b8e8751340a3 a1262d3303b343f095e0707333f9e4a6 - - - -] Added segment 96dcd4f2-a705-40cf-bb49-1bc13a11461c of type geneve for network 9528fa4d-f525-4898-a2e4-d658df96826d
2026-05-12 12:44:01.994 9 INFO neutron.db.ovn_revision_numbers_db [None req-152a384c-3b35-455e-a6d8-b965958b7a11 0e22e099422a4bb69a78b8e8751340a3 a1262d3303b343f095e0707333f9e4a6 - - - -] Successfully bumped revision number for resource 9528fa4d-f525-4898-a2e4-d658df96826d (type: networks) to 1
2026-05-12 12:44:02.000 10 INFO neutron.wsgi [None req-773dd62e-508b-4734-9a1f-56905bdb4f98 b13230c76d314e39a0bc164eb4804e90 9925fe606a554717aab6e2d224ef3810 - - - -] 10.0.0.62 "DELETE /v2.0/security-groups/82a6e0e0-a1cc-43c2-97f4-e2b81e1489ce HTTP/1.1" status: 204 len: 168 time: 0.1674104
2026-05-12 12:44:02.187 10 INFO neutron.db.ovn_revision_numbers_db [None req-41ba7261-092d-4f9a-82d3-1726da2c9b38 b13230c76d314e39a0bc164eb4804e90 9925fe606a554717aab6e2d224ef3810 - - default default] Successfully bumped revision number for resource b431f0de-77a2-4a52-9763-4a579cbbac2b (type: security_groups) to 1
2026-05-12 12:44:02.191 9 WARNING neutron.scheduler.dhcp_agent_scheduler [None req-152a384c-3b35-455e-a6d8-b965958b7a11 0e22e099422a4bb69a78b8e8751340a3 a1262d3303b343f095e0707333f9e4a6 - - - -] No more DHCP agents
2026-05-12 12:44:02.193 9 WARNING neutron.api.rpc.agentnotifiers.dhcp_rpc_agent_api [None req-152a384c-3b35-455e-a6d8-b965958b7a11 0e22e099422a4bb69a78b8e8751340a3 a1262d3303b343f095e0707333f9e4a6 - - - -] Unable to schedule network 9528fa4d-f525-4898-a2e4-d658df96826d: no agents available; will retry on subsequent port and subnet creation events.
2026-05-12 12:44:02.209 10 INFO neutron.wsgi [None req-41ba7261-092d-4f9a-82d3-1726da2c9b38 b13230c76d314e39a0bc164eb4804e90 9925fe606a554717aab6e2d224ef3810 - - default default] 10.0.0.62 "GET /v2.0/security-groups?tenant_id=ae9ce30fd9c14f5c82c377362558972f&name=default HTTP/1.1" status: 200 len: 3000 time: 0.1089246
2026-05-12 12:44:02.256 9 INFO neutron.db.ovn_revision_numbers_db [None req-152a384c-3b35-455e-a6d8-b965958b7a11 0e22e099422a4bb69a78b8e8751340a3 a1262d3303b343f095e0707333f9e4a6 - - - -] Successfully bumped revision number for resource bb5f209d-a389-4682-924f-7b79185daea8 (type: ports) to 1
2026-05-12 12:44:02.278 9 INFO neutron.wsgi [None req-152a384c-3b35-455e-a6d8-b965958b7a11 0e22e099422a4bb69a78b8e8751340a3 a1262d3303b343f095e0707333f9e4a6 - - - -] 10.0.0.62 "POST /v2.0/networks HTTP/1.1" status: 201 len: 838 time: 0.7613437
2026-05-12 12:44:02.377 10 INFO neutron.wsgi [None req-5eff974d-3909-49b6-8ec1-4014cff9b47d b13230c76d314e39a0bc164eb4804e90 9925fe606a554717aab6e2d224ef3810 - - - -] 10.0.0.62 "DELETE /v2.0/security-groups/b431f0de-77a2-4a52-9763-4a579cbbac2b HTTP/1.1" status: 204 len: 168 time: 0.1624260
2026-05-12 12:44:02.520 9 WARNING neutron.scheduler.dhcp_agent_scheduler [None req-919db3b7-badf-4743-add1-5b700a782037 0e22e099422a4bb69a78b8e8751340a3 a1262d3303b343f095e0707333f9e4a6 - - - -] No more DHCP agents
2026-05-12 12:44:02.521 9 WARNING neutron.api.rpc.agentnotifiers.dhcp_rpc_agent_api [None req-919db3b7-badf-4743-add1-5b700a782037 0e22e099422a4bb69a78b8e8751340a3 a1262d3303b343f095e0707333f9e4a6 - - - -] Unable to schedule network 9528fa4d-f525-4898-a2e4-d658df96826d: no agents available; will retry on subsequent port and subnet creation events.
2026-05-12 12:44:02.597 10 INFO neutron.db.ovn_revision_numbers_db [None req-216b5219-07e3-4ea9-b1fd-3355d59a7a5c b13230c76d314e39a0bc164eb4804e90 9925fe606a554717aab6e2d224ef3810 - - default default] Successfully bumped revision number for resource c4846c9c-4403-4769-bc77-ee6f8e51d34c (type: security_groups) to 1
2026-05-12 12:44:02.618 10 INFO neutron.wsgi [None req-216b5219-07e3-4ea9-b1fd-3355d59a7a5c b13230c76d314e39a0bc164eb4804e90 9925fe606a554717aab6e2d224ef3810 - - default default] 10.0.0.62 "GET /v2.0/security-groups?tenant_id=a112af5f553d42a785310224edd9429e&name=default HTTP/1.1" status: 200 len: 3000 time: 0.1053433
2026-05-12 12:44:02.810 10 INFO neutron.wsgi [None req-28d331bc-2bd4-479f-8765-c826f4c99e38 b13230c76d314e39a0bc164eb4804e90 9925fe606a554717aab6e2d224ef3810 - - - -] 10.0.0.62 "DELETE /v2.0/security-groups/c4846c9c-4403-4769-bc77-ee6f8e51d34c HTTP/1.1" status: 204 len: 168 time: 0.1883552
2026-05-12 12:44:03.242 9 INFO neutron.db.ovn_revision_numbers_db [None req-919db3b7-badf-4743-add1-5b700a782037 0e22e099422a4bb69a78b8e8751340a3 a1262d3303b343f095e0707333f9e4a6 - - - -] Successfully bumped revision number for resource bb5f209d-a389-4682-924f-7b79185daea8 (type: ports) to 2
2026-05-12 12:44:03.257 9 INFO neutron.db.ovn_revision_numbers_db [None req-919db3b7-badf-4743-add1-5b700a782037 0e22e099422a4bb69a78b8e8751340a3 a1262d3303b343f095e0707333f9e4a6 - - - -] Successfully bumped revision number for resource edbecd1d-ca7b-4605-8ba4-42b43e96073b (type: subnets) to 0
2026-05-12 12:44:03.273 9 INFO neutron.wsgi [None req-919db3b7-badf-4743-add1-5b700a782037 0e22e099422a4bb69a78b8e8751340a3 a1262d3303b343f095e0707333f9e4a6 - - - -] 10.0.0.62 "POST /v2.0/subnets HTTP/1.1" status: 201 len: 832 time: 0.9915006
2026-05-12 12:44:03.507 9 INFO neutron.wsgi [None req-9c949b07-4fa3-4dde-b195-a08b0af50e71 6b478fa9bac2434f999aaf5242211b5d dd6e5ebaa3ea4fadafd1529c6bb676f7 - - default default] 10.0.0.62 "GET /v2.0/subnetpools?name=shared-default-subnetpool-v6 HTTP/1.1" status: 200 len: 212 time: 0.2285395
2026-05-12 12:44:03.842 10 WARNING neutron.scheduler.dhcp_agent_scheduler [None req-9ac64956-77b0-4a71-98e2-09f840f2160e 0e22e099422a4bb69a78b8e8751340a3 a1262d3303b343f095e0707333f9e4a6 - - - -] No more DHCP agents
2026-05-12 12:44:03.844 10 WARNING neutron.api.rpc.agentnotifiers.dhcp_rpc_agent_api [None req-9ac64956-77b0-4a71-98e2-09f840f2160e 0e22e099422a4bb69a78b8e8751340a3 a1262d3303b343f095e0707333f9e4a6 - - - -] Unable to schedule network 9528fa4d-f525-4898-a2e4-d658df96826d: no agents available; will retry on subsequent port and subnet creation events.
2026-05-12 12:44:03.856 10 INFO neutron.db.ovn_revision_numbers_db [None req-9ac64956-77b0-4a71-98e2-09f840f2160e 0e22e099422a4bb69a78b8e8751340a3 a1262d3303b343f095e0707333f9e4a6 - - - -] Successfully bumped revision number for resource 944615fd-c4d4-4d7f-9a1a-12ef87ee66af (type: subnets) to 0
2026-05-12 12:44:03.890 10 INFO neutron.wsgi [None req-9ac64956-77b0-4a71-98e2-09f840f2160e 0e22e099422a4bb69a78b8e8751340a3 a1262d3303b343f095e0707333f9e4a6 - - - -] 10.0.0.62 "POST /v2.0/subnets HTTP/1.1" status: 201 len: 907 time: 0.3768301
2026-05-12 12:44:03.970 10 INFO neutron.db.segments_db [None req-6f92c2d8-3f07-44a1-82d3-c5ccc2d45e99 0e22e099422a4bb69a78b8e8751340a3 a1262d3303b343f095e0707333f9e4a6 - - - -] Added segment 562be6fa-1686-4a10-9a0d-9ba676be8cf5 of type geneve for network 2cf0e75d-bfec-4c30-9678-d7bb5f2dc44c
2026-05-12 12:44:04.361 10 INFO neutron.db.ovn_revision_numbers_db [None req-6f92c2d8-3f07-44a1-82d3-c5ccc2d45e99 0e22e099422a4bb69a78b8e8751340a3 a1262d3303b343f095e0707333f9e4a6 - - - -] Successfully bumped revision number for resource 2cf0e75d-bfec-4c30-9678-d7bb5f2dc44c (type: networks) to 1
2026-05-12 12:44:04.529 10 WARNING neutron.scheduler.dhcp_agent_scheduler [None req-6f92c2d8-3f07-44a1-82d3-c5ccc2d45e99 0e22e099422a4bb69a78b8e8751340a3 a1262d3303b343f095e0707333f9e4a6 - - - -] No more DHCP agents
