2026-05-12 12:40:41.603 10 INFO neutron.wsgi [req-7709461f-23cd-4b38-9767-d77300095a52 req-d6e8706e-ed46-4a7a-98d3-efa625888a5c e326119a2b95487b818c99a3145e043a 3ae3ba7ab3bd42cbba83a45717edbb56 - - 6698cee769d4496ab6a1aaec088ecb18 6698cee769d4496ab6a1aaec088ecb18] 199.19.213.87 "GET /v2.0/ports?network_id=efce14b5-a8c8-4709-8bc1-e10f5db8c66e&device_owner=network%3Adhcp HTTP/1.1" status: 200 len: 210 time: 0.0276787
2026-05-12 12:40:41.615 9 INFO neutron.wsgi [None req-c82548cc-5513-4dbb-87c7-b4c7c9b5052c 81716adfc06d4df08be249baa483e675 fc351d7e87a54826b3f9386808afe53f - - default default] 10.0.0.62 "GET /v2.0/security-groups HTTP/1.1" status: 200 len: 2996 time: 0.0304773
2026-05-12 12:40:41.631 9 INFO neutron.api.v2.resource [None req-19ebfa1b-e70a-486c-b201-69a6618b0528 81716adfc06d4df08be249baa483e675 fc351d7e87a54826b3f9386808afe53f - - - -] delete failed (client error): The resource could not be found.
2026-05-12 12:40:41.632 9 INFO neutron.wsgi [None req-19ebfa1b-e70a-486c-b201-69a6618b0528 81716adfc06d4df08be249baa483e675 fc351d7e87a54826b3f9386808afe53f - - - -] 10.0.0.62 "DELETE /v2.0/security-groups/63b4a15b-433b-4f27-83e3-4d83741db4fd HTTP/1.1" status: 404 len: 347 time: 0.0128753
2026-05-12 12:40:41.684 10 INFO neutron.wsgi [req-7709461f-23cd-4b38-9767-d77300095a52 req-1d07e3fa-6708-4894-bef1-7fcae5473b1f e326119a2b95487b818c99a3145e043a 3ae3ba7ab3bd42cbba83a45717edbb56 - - 6698cee769d4496ab6a1aaec088ecb18 6698cee769d4496ab6a1aaec088ecb18] 199.19.213.87 "GET /v2.0/networks/efce14b5-a8c8-4709-8bc1-e10f5db8c66e?fields=segments HTTP/1.1" status: 200 len: 212 time: 0.0715277
2026-05-12 12:40:41.742 9 INFO neutron.db.ovn_revision_numbers_db [None req-63cd961e-1667-47cf-ac86-688c2d2f65fc 81716adfc06d4df08be249baa483e675 fc351d7e87a54826b3f9386808afe53f - - - -] Successfully bumped revision number for resource cf0ac5a5-1a98-4623-aedf-4a49d58316ee (type: security_groups) to 1
2026-05-12 12:40:41.771 9 INFO neutron.wsgi [None req-63cd961e-1667-47cf-ac86-688c2d2f65fc 81716adfc06d4df08be249baa483e675 fc351d7e87a54826b3f9386808afe53f - - - -] 10.0.0.62 "POST /v2.0/security-groups HTTP/1.1" status: 201 len: 1760 time: 0.1308196
2026-05-12 12:40:41.771 10 INFO neutron.wsgi [req-7709461f-23cd-4b38-9767-d77300095a52 req-dcd57473-428b-4717-9c77-855eca11b223 e326119a2b95487b818c99a3145e043a 3ae3ba7ab3bd42cbba83a45717edbb56 - - 6698cee769d4496ab6a1aaec088ecb18 6698cee769d4496ab6a1aaec088ecb18] 199.19.213.87 "GET /v2.0/networks/efce14b5-a8c8-4709-8bc1-e10f5db8c66e?fields=provider%3Aphysical_network&fields=provider%3Anetwork_type HTTP/1.1" status: 200 len: 277 time: 0.0811608
2026-05-12 12:40:41.772 10 INFO neutron.db.ovn_revision_numbers_db [None req-c3b3cf4a-b838-4413-9156-431dae673f0e acefdf83fe194eee9f05f433c158c20e 2c95ff5180f24ec2bbe36ee986f750c0 - - - -] Successfully bumped revision number for resource d70dab99-286f-48e1-98a0-16fc003e1191 (type: ports) to 2
2026-05-12 12:40:41.786 10 INFO neutron.db.ovn_revision_numbers_db [None req-c3b3cf4a-b838-4413-9156-431dae673f0e acefdf83fe194eee9f05f433c158c20e 2c95ff5180f24ec2bbe36ee986f750c0 - - - -] Successfully bumped revision number for resource a959b01e-e0d9-4e09-b070-ed5474a654a2 (type: subnets) to 0
2026-05-12 12:40:41.801 10 INFO neutron.wsgi [None req-c3b3cf4a-b838-4413-9156-431dae673f0e acefdf83fe194eee9f05f433c158c20e 2c95ff5180f24ec2bbe36ee986f750c0 - - - -] 10.0.0.62 "POST /v2.0/subnets HTTP/1.1" status: 201 len: 801 time: 1.5266802
2026-05-12 12:40:41.875 9 INFO neutron.db.ovn_revision_numbers_db [None req-ce0b78f4-dfcc-44e2-ade0-839bc6182827 81716adfc06d4df08be249baa483e675 fc351d7e87a54826b3f9386808afe53f - - - -] Successfully bumped revision number for resource 51a13c06-af43-42a8-98bc-c184debe3269 (type: security_group_rules) to 0
2026-05-12 12:40:41.889 10 INFO neutron.wsgi [req-908bd5cc-69fa-47c0-bf09-80834d9b6416 req-f5a0d648-343f-4d2e-825e-2d20f8fd931e e326119a2b95487b818c99a3145e043a 3ae3ba7ab3bd42cbba83a45717edbb56 - - 6698cee769d4496ab6a1aaec088ecb18 6698cee769d4496ab6a1aaec088ecb18] 199.19.213.87 "GET /v2.0/ports?tenant_id=6609984888e242528b6697ecfce38f7a&device_id=35365fbc-bbd3-4a21-b1b1-71e6d399e2df HTTP/1.1" status: 200 len: 1361 time: 0.0505259
2026-05-12 12:40:41.900 9 INFO neutron.wsgi [None req-ce0b78f4-dfcc-44e2-ade0-839bc6182827 81716adfc06d4df08be249baa483e675 fc351d7e87a54826b3f9386808afe53f - - - -] 10.0.0.62 "POST /v2.0/security-group-rules HTTP/1.1" status: 201 len: 768 time: 0.1244273
2026-05-12 12:40:41.919 9 INFO neutron.wsgi [None req-096aa34e-e3b9-47ba-8d3a-c1d03952f104 81716adfc06d4df08be249baa483e675 fc351d7e87a54826b3f9386808afe53f - - default default] 10.0.0.62 "GET /v2.0/security-group-rules/51a13c06-af43-42a8-98bc-c184debe3269 HTTP/1.1" status: 200 len: 763 time: 0.0145829
2026-05-12 12:40:41.959 9 INFO neutron.wsgi [None req-0afb8573-cce0-4800-9538-502a7752a76d 81716adfc06d4df08be249baa483e675 fc351d7e87a54826b3f9386808afe53f - - default default] 10.0.0.62 "GET /v2.0/security-group-rules HTTP/1.1" status: 200 len: 4113 time: 0.0322149
2026-05-12 12:40:41.968 10 INFO neutron.wsgi [req-908bd5cc-69fa-47c0-bf09-80834d9b6416 req-547afbe2-0ec3-443c-a320-838ac64206e3 e326119a2b95487b818c99a3145e043a 3ae3ba7ab3bd42cbba83a45717edbb56 - - 6698cee769d4496ab6a1aaec088ecb18 6698cee769d4496ab6a1aaec088ecb18] 199.19.213.87 "GET /v2.0/networks?id=efce14b5-a8c8-4709-8bc1-e10f5db8c66e HTTP/1.1" status: 200 len: 978 time: 0.0625875
2026-05-12 12:40:42.033 10 INFO neutron.wsgi [req-908bd5cc-69fa-47c0-bf09-80834d9b6416 req-b75b9ca7-ebb3-4844-b50b-990ae8f8f71a e326119a2b95487b818c99a3145e043a 3ae3ba7ab3bd42cbba83a45717edbb56 - - 6698cee769d4496ab6a1aaec088ecb18 6698cee769d4496ab6a1aaec088ecb18] 199.19.213.87 "GET /v2.0/floatingips?fixed_ip_address=10.100.0.8&port_id=811451ba-d751-4f8d-8add-3dd0c63db259 HTTP/1.1" status: 200 len: 1059 time: 0.0549662
2026-05-12 12:40:42.057 9 INFO neutron.wsgi [None req-826432e1-fa1d-4c6e-baba-5ff59227f191 81716adfc06d4df08be249baa483e675 fc351d7e87a54826b3f9386808afe53f - - - -] 10.0.0.62 "DELETE /v2.0/security-group-rules/51a13c06-af43-42a8-98bc-c184debe3269 HTTP/1.1" status: 204 len: 168 time: 0.0931940
2026-05-12 12:40:42.073 10 INFO neutron.wsgi [req-908bd5cc-69fa-47c0-bf09-80834d9b6416 req-3bec3c91-5ac4-4d79-ac25-07e80b555518 e326119a2b95487b818c99a3145e043a 3ae3ba7ab3bd42cbba83a45717edbb56 - - 6698cee769d4496ab6a1aaec088ecb18 6698cee769d4496ab6a1aaec088ecb18] 199.19.213.87 "GET /v2.0/subnets?id=1f0116cc-6736-4589-831f-5ea874740296 HTTP/1.1" status: 200 len: 875 time: 0.0318377
2026-05-12 12:40:42.093 9 INFO neutron.wsgi [None req-d404eabf-2bba-45a6-989d-065135179961 81716adfc06d4df08be249baa483e675 fc351d7e87a54826b3f9386808afe53f - - default default] 10.0.0.62 "GET /v2.0/security-group-rules HTTP/1.1" status: 200 len: 3567 time: 0.0301745
2026-05-12 12:40:42.106 10 INFO neutron.wsgi [req-908bd5cc-69fa-47c0-bf09-80834d9b6416 req-872cc778-569d-4e3a-a58c-5b29b5f169e2 e326119a2b95487b818c99a3145e043a 3ae3ba7ab3bd42cbba83a45717edbb56 - - 6698cee769d4496ab6a1aaec088ecb18 6698cee769d4496ab6a1aaec088ecb18] 199.19.213.87 "GET /v2.0/ports?network_id=efce14b5-a8c8-4709-8bc1-e10f5db8c66e&device_owner=network%3Adhcp HTTP/1.1" status: 200 len: 210 time: 0.0247428
2026-05-12 12:40:42.204 9 INFO neutron.db.ovn_revision_numbers_db [None req-41dd9e13-ef5e-4926-b4b3-e55179825b01 81716adfc06d4df08be249baa483e675 fc351d7e87a54826b3f9386808afe53f - - - -] Successfully bumped revision number for resource 37998b70-1d4d-4c3e-ae56-989229c0391e (type: security_group_rules) to 0
2026-05-12 12:40:42.238 9 INFO neutron.wsgi [None req-41dd9e13-ef5e-4926-b4b3-e55179825b01 81716adfc06d4df08be249baa483e675 fc351d7e87a54826b3f9386808afe53f - - - -] 10.0.0.62 "POST /v2.0/security-group-rules HTTP/1.1" status: 201 len: 768 time: 0.1405053
2026-05-12 12:40:42.260 9 INFO neutron.wsgi [None req-ef4b744e-abfb-4a07-966f-7826772f250f 81716adfc06d4df08be249baa483e675 fc351d7e87a54826b3f9386808afe53f - - default default] 10.0.0.62 "GET /v2.0/security-group-rules/37998b70-1d4d-4c3e-ae56-989229c0391e HTTP/1.1" status: 200 len: 763 time: 0.0154345
2026-05-12 12:40:42.310 9 INFO neutron.wsgi [None req-a9f9882b-4d54-4544-9705-3e69cb5196dd 81716adfc06d4df08be249baa483e675 fc351d7e87a54826b3f9386808afe53f - - default default] 10.0.0.62 "GET /v2.0/security-group-rules HTTP/1.1" status: 200 len: 4113 time: 0.0414376
2026-05-12 12:40:42.392 9 INFO neutron.wsgi [req-ea8a960f-8d03-493a-b6be-aa7407c794cd req-332ee7b9-41a5-4f45-9a7b-5efe7e2fcbbf 5095b3d3b7b74149b1ff486115740754 6609984888e242528b6697ecfce38f7a - - default default] 10.0.0.25 "GET /v2.0/ports?device_id=35365fbc-bbd3-4a21-b1b1-71e6d399e2df HTTP/1.1" status: 200 len: 1170 time: 0.0340457
2026-05-12 12:40:42.463 9 INFO neutron.wsgi [req-ea8a960f-8d03-493a-b6be-aa7407c794cd req-aa74532f-c748-4ffe-b849-e111b224148e 5095b3d3b7b74149b1ff486115740754 6609984888e242528b6697ecfce38f7a - - default default] 10.0.0.25 "GET /v2.0/security-groups?id=107fb748-a872-4ecb-b174-74a015d92196&fields=id&fields=name HTTP/1.1" status: 200 len: 312 time: 0.0568621
2026-05-12 12:40:42.473 9 INFO neutron.wsgi [None req-f2ef6610-02b1-4d2e-b80b-3ef62a67e7b8 81716adfc06d4df08be249baa483e675 fc351d7e87a54826b3f9386808afe53f - - - -] 10.0.0.62 "DELETE /v2.0/security-group-rules/37998b70-1d4d-4c3e-ae56-989229c0391e HTTP/1.1" status: 204 len: 168 time: 0.1576841
2026-05-12 12:40:42.508 9 INFO neutron.wsgi [None req-9cbb6300-4e24-4d51-bc79-b000b4849315 81716adfc06d4df08be249baa483e675 fc351d7e87a54826b3f9386808afe53f - - default default] 10.0.0.62 "GET /v2.0/security-group-rules HTTP/1.1" status: 200 len: 3567 time: 0.0300803
2026-05-12 12:40:42.586 10 INFO neutron.plugins.ml2.drivers.ovn.mech_driver.mech_driver [None req-383127f5-ba7c-4158-b285-d8aca818ecbb - - - - - -] OVN reports status down for port: 811451ba-d751-4f8d-8add-3dd0c63db259
2026-05-12 12:40:42.657 9 INFO neutron.db.ovn_revision_numbers_db [None req-8101ede5-b5d1-4171-8b74-81dc788267ba 81716adfc06d4df08be249baa483e675 fc351d7e87a54826b3f9386808afe53f - - - -] Successfully bumped revision number for resource 9e5db96f-e46c-46d1-903e-01fd14213745 (type: security_group_rules) to 0
2026-05-12 12:40:42.666 10 INFO neutron.wsgi [req-908bd5cc-69fa-47c0-bf09-80834d9b6416 req-cfab2303-7e0d-4474-9452-05a61c0700af e326119a2b95487b818c99a3145e043a 3ae3ba7ab3bd42cbba83a45717edbb56 - - 6698cee769d4496ab6a1aaec088ecb18 6698cee769d4496ab6a1aaec088ecb18] 199.19.213.87 "GET /v2.0/networks/efce14b5-a8c8-4709-8bc1-e10f5db8c66e?fields=segments HTTP/1.1" status: 200 len: 212 time: 0.5525141
2026-05-12 12:40:42.695 9 INFO neutron.wsgi [None req-8101ede5-b5d1-4171-8b74-81dc788267ba 81716adfc06d4df08be249baa483e675 fc351d7e87a54826b3f9386808afe53f - - - -] 10.0.0.62 "POST /v2.0/security-group-rules HTTP/1.1" status: 201 len: 769 time: 0.1826351
2026-05-12 12:40:42.721 9 INFO neutron.wsgi [None req-62555f9f-6164-45d0-87cc-2d598deae1d1 81716adfc06d4df08be249baa483e675 fc351d7e87a54826b3f9386808afe53f - - default default] 10.0.0.62 "GET /v2.0/security-group-rules/9e5db96f-e46c-46d1-903e-01fd14213745 HTTP/1.1" status: 200 len: 764 time: 0.0152612
2026-05-12 12:40:42.743 10 INFO neutron.wsgi [req-65879ba6-e3a8-4828-8b54-a26668a90b37 req-42162d4b-44ac-4899-bc4a-e1bbec556cf6 69e3f306e321445e936f297c8b42fea1 d8859b549f454813b029955f5e70664b - - default default] 10.0.0.25 "GET /v2.0/ports?device_id=ff4b1512-cf95-4267-85c2-682fc17e57a6 HTTP/1.1" status: 200 len: 1174 time: 0.1957395 /var/lib/openstack/lib/python3.10/site-packages/pycadf/identifier.py:71: UserWarning: Invalid uuid: neutron. To ensure interoperability, identifiers should be a valid uuid. warnings.warn(('Invalid uuid: %s. To ensure interoperability, '
2026-05-12 12:40:42.773 9 INFO neutron.wsgi [None req-5a3459fd-34d3-4010-ac41-456994e007f0 81716adfc06d4df08be249baa483e675 fc351d7e87a54826b3f9386808afe53f - - default default] 10.0.0.62 "GET /v2.0/security-group-rules HTTP/1.1" status: 200 len: 4114 time: 0.0464773
2026-05-12 12:40:42.778 10 WARNING neutron.scheduler.dhcp_agent_scheduler [None req-2dae0f29-aa18-4253-83c2-a4a12592e040 acefdf83fe194eee9f05f433c158c20e 2c95ff5180f24ec2bbe36ee986f750c0 - - - -] No more DHCP agents /var/lib/openstack/lib/python3.10/site-packages/pycadf/identifier.py:71: UserWarning: Invalid uuid: neutron. To ensure interoperability, identifiers should be a valid uuid. warnings.warn(('Invalid uuid: %s. To ensure interoperability, '
2026-05-12 12:40:42.788 10 WARNING neutron.api.rpc.agentnotifiers.dhcp_rpc_agent_api [None req-2dae0f29-aa18-4253-83c2-a4a12592e040 acefdf83fe194eee9f05f433c158c20e 2c95ff5180f24ec2bbe36ee986f750c0 - - - -] Unable to schedule network c2b7268c-8c02-40f0-8997-6803d87e3e08: no agents available; will retry on subsequent port and subnet creation events.
2026-05-12 12:40:42.791 9 INFO neutron.wsgi [req-005b1899-ff93-4998-b97a-00f9cfbcf884 req-b51788ad-5439-44f8-b97e-6eb4d552d025 5095b3d3b7b74149b1ff486115740754 6609984888e242528b6697ecfce38f7a - - default default] 199.19.213.87 "GET /v2.0/ports?device_id=35365fbc-bbd3-4a21-b1b1-71e6d399e2df HTTP/1.1" status: 200 len: 1170 time: 0.1068618
2026-05-12 12:40:42.792 10 INFO neutron.wsgi [req-908bd5cc-69fa-47c0-bf09-80834d9b6416 req-501761dc-e40c-4ed6-8883-8f5f268e85d8 e326119a2b95487b818c99a3145e043a 3ae3ba7ab3bd42cbba83a45717edbb56 - - 6698cee769d4496ab6a1aaec088ecb18 6698cee769d4496ab6a1aaec088ecb18] 199.19.213.87 "GET /v2.0/networks/efce14b5-a8c8-4709-8bc1-e10f5db8c66e?fields=provider%3Aphysical_network&fields=provider%3Anetwork_type HTTP/1.1" status: 200 len: 277 time: 0.1151962
2026-05-12 12:40:42.838 10 INFO neutron.wsgi [req-65879ba6-e3a8-4828-8b54-a26668a90b37 req-575dbbb7-48ad-42ed-be6f-38adb8ed0c80 69e3f306e321445e936f297c8b42fea1 d8859b549f454813b029955f5e70664b - - default default] 10.0.0.25 "GET /v2.0/security-groups?id=44c7ad73-548a-4df7-8916-b2e59136dd44&fields=id&fields=name HTTP/1.1" status: 200 len: 312 time: 0.0863934
2026-05-12 12:40:42.966 9 INFO neutron.wsgi [req-e6bb7678-6986-4f83-86f5-503f4db04d79 req-fa71165a-29cc-42a9-bc40-5bd8af715d01 69e3f306e321445e936f297c8b42fea1 d8859b549f454813b029955f5e70664b - - default default] 10.0.0.25 "GET /v2.0/ports?device_id=ff4b1512-cf95-4267-85c2-682fc17e57a6 HTTP/1.1" status: 200 len: 1174 time: 0.0556843
2026-05-12 12:40:43.034 10 INFO neutron.wsgi [None req-4b1814ba-140e-4311-a434-c13b4411033a 81716adfc06d4df08be249baa483e675 fc351d7e87a54826b3f9386808afe53f - - - -] 10.0.0.62 "DELETE /v2.0/security-group-rules/9e5db96f-e46c-46d1-903e-01fd14213745 HTTP/1.1" status: 204 len: 168 time: 0.2529805
2026-05-12 12:40:43.072 10 INFO neutron.db.ovn_revision_numbers_db [None req-2dae0f29-aa18-4253-83c2-a4a12592e040 acefdf83fe194eee9f05f433c158c20e 2c95ff5180f24ec2bbe36ee986f750c0 - - - -] Successfully bumped revision number for resource 9d3063e6-8d35-4c8b-a558-da3cafd75610 (type: ports) to 1
2026-05-12 12:40:43.081 9 INFO neutron.wsgi [None req-57f3d107-1a37-49d5-bef9-4b70bf9ab083 81716adfc06d4df08be249baa483e675 fc351d7e87a54826b3f9386808afe53f - - default default] 10.0.0.62 "GET /v2.0/security-group-rules HTTP/1.1" status: 200 len: 3567 time: 0.0378726
2026-05-12 12:40:43.124 10 INFO neutron.db.ovn_revision_numbers_db [None req-383127f5-ba7c-4158-b285-d8aca818ecbb - - - - - -] Successfully bumped revision number for resource 811451ba-d751-4f8d-8add-3dd0c63db259 (type: ports) to 7
2026-05-12 12:40:43.128 10 INFO neutron.wsgi [None req-2dae0f29-aa18-4253-83c2-a4a12592e040 acefdf83fe194eee9f05f433c158c20e 2c95ff5180f24ec2bbe36ee986f750c0 - - - -] 10.0.0.62 "POST /v2.0/ports HTTP/1.1" status: 201 len: 1149 time: 1.3188341
2026-05-12 12:40:43.132 10 INFO neutron.notifiers.nova [-] Nova event matching ['req-a3588eea-dd19-472b-abe8-3bd70727be77'] response: {'server_uuid': 'ff4b1512-cf95-4267-85c2-682fc17e57a6', 'name': 'network-vif-plugged', 'status': 'completed', 'tag': '8471c678-b0e2-47b1-a2bf-9003a06f9a1e', 'code': 200}
2026-05-12 12:40:43.132 10 INFO neutron.notifiers.nova [-] Nova event matching ['req-a3588eea-dd19-472b-abe8-3bd70727be77'] response: {'name': 'network-changed', 'server_uuid': '35365fbc-bbd3-4a21-b1b1-71e6d399e2df', 'tag': '811451ba-d751-4f8d-8add-3dd0c63db259', 'status': 'completed', 'code': 200}
2026-05-12 12:40:43.132 10 INFO neutron.notifiers.nova [-] Nova event matching ['req-a3588eea-dd19-472b-abe8-3bd70727be77'] response: {'server_uuid': '35365fbc-bbd3-4a21-b1b1-71e6d399e2df', 'name': 'network-vif-unplugged', 'status': 'completed', 'tag': '811451ba-d751-4f8d-8add-3dd0c63db259', 'code': 200}
2026-05-12 12:40:43.201 9 INFO neutron.db.l3_db [None req-bb951a8c-c41d-4239-9355-c8b5559e305e 5095b3d3b7b74149b1ff486115740754 6609984888e242528b6697ecfce38f7a - - - -] Floating IP 7f349726-5718-4a89-ae55-09d81b6e717d disassociated. External IP: 10.96.250.203, port: 811451ba-d751-4f8d-8add-3dd0c63db259.
2026-05-12 12:40:43.255 10 INFO neutron.wsgi [req-fef90fca-2bb5-44aa-accc-25c7b1952268 req-78385936-da73-4ea2-a4bc-790b9a90531f e326119a2b95487b818c99a3145e043a 3ae3ba7ab3bd42cbba83a45717edbb56 - - 6698cee769d4496ab6a1aaec088ecb18 6698cee769d4496ab6a1aaec088ecb18] 199.19.213.87 "GET /v2.0/ports?tenant_id=6609984888e242528b6697ecfce38f7a&device_id=35365fbc-bbd3-4a21-b1b1-71e6d399e2df HTTP/1.1" status: 200 len: 1359 time: 0.1030934 /var/lib/openstack/lib/python3.10/site-packages/pycadf/identifier.py:71: UserWarning: Invalid uuid: neutron. To ensure interoperability, identifiers should be a valid uuid. warnings.warn(('Invalid uuid: %s. To ensure interoperability, '
2026-05-12 12:40:43.321 10 INFO neutron.db.l3_db [None req-bf2770ab-b933-4f46-af18-d7ed65193bd3 69e3f306e321445e936f297c8b42fea1 d8859b549f454813b029955f5e70664b - - - -] Floating IP 6c706842-9393-4578-84a6-e4dbbb92712f associated. External IP: 10.96.250.208, port: 8471c678-b0e2-47b1-a2bf-9003a06f9a1e.
2026-05-12 12:40:43.328 9 INFO neutron.wsgi [None req-f06c838c-16e1-4350-9484-66eae331daad 81716adfc06d4df08be249baa483e675 fc351d7e87a54826b3f9386808afe53f - - - -] 10.0.0.62 "DELETE /v2.0/security-groups/cf0ac5a5-1a98-4623-aedf-4a49d58316ee HTTP/1.1" status: 204 len: 168 time: 0.2418599
2026-05-12 12:40:43.351 10 INFO neutron.wsgi [req-fef90fca-2bb5-44aa-accc-25c7b1952268 req-14b64088-8864-46fb-8fe5-835e15ab0b17 e326119a2b95487b818c99a3145e043a 3ae3ba7ab3bd42cbba83a45717edbb56 - - 6698cee769d4496ab6a1aaec088ecb18 6698cee769d4496ab6a1aaec088ecb18] 199.19.213.87 "GET /v2.0/networks?id=efce14b5-a8c8-4709-8bc1-e10f5db8c66e HTTP/1.1" status: 200 len: 978 time: 0.0879436
2026-05-12 12:40:43.390 9 INFO neutron.wsgi [None req-e060014a-44d0-4ee4-94bc-36e50aa82566 81716adfc06d4df08be249baa483e675 fc351d7e87a54826b3f9386808afe53f - - default default] 10.0.0.62 "GET /v2.0/security-groups HTTP/1.1" status: 200 len: 2996 time: 0.0565126
2026-05-12 12:40:43.447 10 INFO neutron.wsgi [req-fef90fca-2bb5-44aa-accc-25c7b1952268 req-7af6dfdc-d6be-47f3-9da0-e2dd01c0c16d e326119a2b95487b818c99a3145e043a 3ae3ba7ab3bd42cbba83a45717edbb56 - - 6698cee769d4496ab6a1aaec088ecb18 6698cee769d4496ab6a1aaec088ecb18] 199.19.213.87 "GET /v2.0/floatingips?fixed_ip_address=10.100.0.8&port_id=811451ba-d751-4f8d-8add-3dd0c63db259 HTTP/1.1" status: 200 len: 1057 time: 0.0897603
2026-05-12 12:40:43.482 9 INFO neutron.wsgi [None req-bb951a8c-c41d-4239-9355-c8b5559e305e 5095b3d3b7b74149b1ff486115740754 6609984888e242528b6697ecfce38f7a - - - -] 199.19.213.87 "DELETE /v2.0/ports/811451ba-d751-4f8d-8add-3dd0c63db259 HTTP/1.1" status: 204 len: 173 time: 0.6815119
2026-05-12 12:40:43.512 10 INFO neutron.wsgi [None req-6e11e28d-1b3c-42bd-9cb1-418d4c20739f 81716adfc06d4df08be249baa483e675 fc351d7e87a54826b3f9386808afe53f - - default default] 10.0.0.62 "GET /v2.0/security-groups HTTP/1.1" status: 200 len: 2996 time: 0.1155498
2026-05-12 12:40:43.518 9 INFO neutron.notifiers.nova [-] Nova event matching ['req-b1599afc-765e-4dc8-98ac-7de9662d81cc'] response: {'server_uuid': '35365fbc-bbd3-4a21-b1b1-71e6d399e2df', 'name': 'network-vif-deleted', 'tag': '811451ba-d751-4f8d-8add-3dd0c63db259', 'status': 'completed', 'code': 200}
2026-05-12 12:40:43.527 10 INFO neutron.wsgi [req-fef90fca-2bb5-44aa-accc-25c7b1952268 req-e467c85a-f38e-4c99-b48b-a126699cffa6 e326119a2b95487b818c99a3145e043a 3ae3ba7ab3bd42cbba83a45717edbb56 - - 6698cee769d4496ab6a1aaec088ecb18 6698cee769d4496ab6a1aaec088ecb18] 199.19.213.87 "GET /v2.0/subnets?id=1f0116cc-6736-4589-831f-5ea874740296 HTTP/1.1" status: 200 len: 875 time: 0.0572171
2026-05-12 12:40:43.566 9 INFO neutron.wsgi [req-c1d861fb-ffbf-448c-9292-e56c4179ff31 req-4e7f17d6-7bf2-4716-879a-5876739638a5 5095b3d3b7b74149b1ff486115740754 6609984888e242528b6697ecfce38f7a - - default default] 10.0.0.25 "GET /v2.0/ports?device_id=35365fbc-bbd3-4a21-b1b1-71e6d399e2df HTTP/1.1" status: 200 len: 210 time: 0.0277894
2026-05-12 12:40:43.578 10 INFO neutron.wsgi [req-fef90fca-2bb5-44aa-accc-25c7b1952268 req-a264176b-0f33-4d8e-9bc6-6318ec00c9e3 e326119a2b95487b818c99a3145e043a 3ae3ba7ab3bd42cbba83a45717edbb56 - - 6698cee769d4496ab6a1aaec088ecb18 6698cee769d4496ab6a1aaec088ecb18] 199.19.213.87 "GET /v2.0/ports?network_id=efce14b5-a8c8-4709-8bc1-e10f5db8c66e&device_owner=network%3Adhcp HTTP/1.1" status: 200 len: 210 time: 0.0323412 /var/lib/openstack/lib/python3.10/site-packages/pycadf/identifier.py:71: UserWarning: Invalid uuid: neutron. To ensure interoperability, identifiers should be a valid uuid. warnings.warn(('Invalid uuid: %s. To ensure interoperability, '
2026-05-12 12:40:43.652 9 INFO neutron.wsgi [None req-9f16cc75-7fd0-4651-a706-70174f57bc83 acefdf83fe194eee9f05f433c158c20e 2c95ff5180f24ec2bbe36ee986f750c0 - - - -] 10.0.0.62 "DELETE /v2.0/ports/9d3063e6-8d35-4c8b-a558-da3cafd75610 HTTP/1.1" status: 204 len: 168 time: 0.5176167
2026-05-12 12:40:43.659 10 INFO neutron.db.ovn_revision_numbers_db [None req-bf2770ab-b933-4f46-af18-d7ed65193bd3 69e3f306e321445e936f297c8b42fea1 d8859b549f454813b029955f5e70664b - - - -] Successfully bumped revision number for resource 6c706842-9393-4578-84a6-e4dbbb92712f (type: floatingips) to 1
2026-05-12 12:40:43.676 9 INFO neutron.pecan_wsgi.hooks.translation [None req-b4b94b48-a7cd-407e-a0e8-45fabeb03717 acefdf83fe194eee9f05f433c158c20e 2c95ff5180f24ec2bbe36ee986f750c0 - - - -] DELETE failed (client error): The resource could not be found.
2026-05-12 12:40:43.679 9 INFO neutron.wsgi [None req-b4b94b48-a7cd-407e-a0e8-45fabeb03717 acefdf83fe194eee9f05f433c158c20e 2c95ff5180f24ec2bbe36ee986f750c0 - - - -] 10.0.0.62 "DELETE /v2.0/ports/9d3063e6-8d35-4c8b-a558-da3cafd75610 HTTP/1.1" status: 404 len: 333 time: 0.0218112
2026-05-12 12:40:43.694 10 INFO neutron.wsgi [req-fef90fca-2bb5-44aa-accc-25c7b1952268 req-4d2af831-9f5d-4047-a6f5-d048881aaff7 e326119a2b95487b818c99a3145e043a 3ae3ba7ab3bd42cbba83a45717edbb56 - - 6698cee769d4496ab6a1aaec088ecb18 6698cee769d4496ab6a1aaec088ecb18] 199.19.213.87 "GET /v2.0/networks/efce14b5-a8c8-4709-8bc1-e10f5db8c66e?fields=segments HTTP/1.1" status: 200 len: 212 time: 0.0884626
2026-05-12 12:40:43.702 9 INFO neutron.pecan_wsgi.hooks.translation [None req-1c4d6bab-17f6-46fd-ac56-6a92421f039d acefdf83fe194eee9f05f433c158c20e 2c95ff5180f24ec2bbe36ee986f750c0 - - default default] GET failed (client error): The resource could not be found.
2026-05-12 12:40:43.704 9 INFO neutron.wsgi [None req-1c4d6bab-17f6-46fd-ac56-6a92421f039d acefdf83fe194eee9f05f433c158c20e 2c95ff5180f24ec2bbe36ee986f750c0 - - default default] 10.0.0.62 "GET /v2.0/ports/9d3063e6-8d35-4c8b-a558-da3cafd75610 HTTP/1.1" status: 404 len: 333 time: 0.0203652
2026-05-12 12:40:43.777 10 INFO neutron.wsgi [req-fef90fca-2bb5-44aa-accc-25c7b1952268 req-6d9cc51d-8d3b-4962-b617-a7272b08183d e326119a2b95487b818c99a3145e043a 3ae3ba7ab3bd42cbba83a45717edbb56 - - 6698cee769d4496ab6a1aaec088ecb18 6698cee769d4496ab6a1aaec088ecb18] 199.19.213.87 "GET /v2.0/networks/efce14b5-a8c8-4709-8bc1-e10f5db8c66e?fields=provider%3Aphysical_network&fields=provider%3Anetwork_type HTTP/1.1" status: 200 len: 277 time: 0.0636687
2026-05-12 12:40:43.778 10 INFO neutron.db.ovn_revision_numbers_db [None req-bf2770ab-b933-4f46-af18-d7ed65193bd3 69e3f306e321445e936f297c8b42fea1 d8859b549f454813b029955f5e70664b - - - -] Successfully bumped revision number for resource 6c706842-9393-4578-84a6-e4dbbb92712f (type: floatingips) to 2
2026-05-12 12:40:43.825 10 INFO neutron.wsgi [None req-bf2770ab-b933-4f46-af18-d7ed65193bd3 69e3f306e321445e936f297c8b42fea1 d8859b549f454813b029955f5e70664b - - - -] 10.0.0.62 "PUT /v2.0/floatingips/6c706842-9393-4578-84a6-e4dbbb92712f HTTP/1.1" status: 200 len: 1050 time: 0.8456967
2026-05-12 12:40:43.922 10 INFO neutron.wsgi [req-e3a95b5f-67e3-46ad-bdfb-a32d606bb682 req-90c5b983-1158-456f-accf-004eb1915dfc 69e3f306e321445e936f297c8b42fea1 d8859b549f454813b029955f5e70664b - - default default] 10.0.0.25 "GET /v2.0/ports?device_id=ff4b1512-cf95-4267-85c2-682fc17e57a6 HTTP/1.1" status: 200 len: 1174 time: 0.0415552
2026-05-12 12:40:43.928 9 INFO neutron.wsgi [None req-11ee69b8-6c89-4bea-b8e2-da5207f7dd4d acefdf83fe194eee9f05f433c158c20e 2c95ff5180f24ec2bbe36ee986f750c0 - - - -] 10.0.0.62 "DELETE /v2.0/subnets/a959b01e-e0d9-4e09-b070-ed5474a654a2 HTTP/1.1" status: 204 len: 168 time: 0.2198782
2026-05-12 12:40:43.963 10 INFO neutron.wsgi [req-e3a95b5f-67e3-46ad-bdfb-a32d606bb682 req-2a342d91-18d8-42a5-8c24-f01290fe76d5 69e3f306e321445e936f297c8b42fea1 d8859b549f454813b029955f5e70664b - - default default] 10.0.0.25 "GET /v2.0/security-groups?id=44c7ad73-548a-4df7-8916-b2e59136dd44&fields=id&fields=name HTTP/1.1" status: 200 len: 312 time: 0.0312510
2026-05-12 12:40:44.263 10 INFO neutron.wsgi [None req-c58e06b7-818d-4c19-8c7b-ea94756fec55 b13230c76d314e39a0bc164eb4804e90 9925fe606a554717aab6e2d224ef3810 - - default default] 10.0.0.62 "GET /v2.0/security-groups?tenant_id=fc351d7e87a54826b3f9386808afe53f&name=default HTTP/1.1" status: 200 len: 2996 time: 0.1717396
2026-05-12 12:40:44.342 10 INFO neutron.plugins.ml2.drivers.ovn.mech_driver.mech_driver [None req-383127f5-ba7c-4158-b285-d8aca818ecbb - - - - - -] OVN reports status down for port: 8471c678-b0e2-47b1-a2bf-9003a06f9a1e
2026-05-12 12:40:44.374 9 INFO neutron.wsgi [req-a9ed0ccf-128e-494e-b9d9-ae64c254fae6 req-e4432e7d-ae32-4a05-94f7-4da80c4aca65 69e3f306e321445e936f297c8b42fea1 d8859b549f454813b029955f5e70664b - - default default] 10.0.0.25 "GET /v2.0/ports?device_id=ff4b1512-cf95-4267-85c2-682fc17e57a6 HTTP/1.1" status: 200 len: 1174 time: 0.0458531
2026-05-12 12:40:44.423 9 INFO neutron.wsgi [req-a9ed0ccf-128e-494e-b9d9-ae64c254fae6 req-deadbc2b-2d4b-4fe6-a5e0-adf9c69eabf7 69e3f306e321445e936f297c8b42fea1 d8859b549f454813b029955f5e70664b - - default default] 10.0.0.25 "GET /v2.0/security-groups?id=44c7ad73-548a-4df7-8916-b2e59136dd44&fields=id&fields=name HTTP/1.1" status: 200 len: 312 time: 0.0408959
2026-05-12 12:40:44.541 10 INFO neutron.wsgi [None req-3bb962ca-7e76-478f-b5d0-59d53990f59e b13230c76d314e39a0bc164eb4804e90 9925fe606a554717aab6e2d224ef3810 - - - -] 10.0.0.62 "DELETE /v2.0/security-groups/17b373c0-80c5-42bb-9fd9-fedccdd9cf0d HTTP/1.1" status: 204 len: 168 time: 0.2727799
2026-05-12 12:40:44.558 9 INFO neutron.services.segments.plugin [-] Segment e9e27c94-ef60-4bc6-8153-99cc8113cb42 resource provider aggregate not found
2026-05-12 12:40:44.567 9 INFO neutron.services.segments.plugin [-] Segment e9e27c94-ef60-4bc6-8153-99cc8113cb42 resource provider aggregate not found
2026-05-12 12:40:44.590 9 INFO neutron.services.segments.plugin [-] Segment e9e27c94-ef60-4bc6-8153-99cc8113cb42 resource provider not found; error: Placement Client Error (4xx): {"errors": [{"status": 404, "title": "Not Found", "detail": "The resource could not be found.\n\n No resource provider with uuid e9e27c94-ef60-4bc6-8153-99cc8113cb42 found for delete ", "request_id": "req-ff02e186-872c-4fa1-bbc0-f7581e746355"}]}
2026-05-12 12:40:44.591 9 INFO neutron.services.segments.plugin [-] Segment e9e27c94-ef60-4bc6-8153-99cc8113cb42 resource provider not found; error: Placement Client Error (4xx): {"errors": [{"status": 404, "title": "Not Found", "detail": "The resource could not be found.\n\n No resource provider with uuid e9e27c94-ef60-4bc6-8153-99cc8113cb42 found for delete ", "request_id": "req-871eefc7-c2d3-4e77-a830-db313b650a40"}]}
2026-05-12 12:40:44.626 9 INFO neutron.wsgi [None req-40d157e0-bece-43ce-bd99-cebf813e3d95 acefdf83fe194eee9f05f433c158c20e 2c95ff5180f24ec2bbe36ee986f750c0 - - - -] 10.0.0.62 "DELETE /v2.0/networks/c2b7268c-8c02-40f0-8997-6803d87e3e08 HTTP/1.1" status: 204 len: 168 time: 0.6919847
2026-05-12 12:40:44.640 10 INFO neutron.db.ovn_revision_numbers_db [None req-383127f5-ba7c-4158-b285-d8aca818ecbb - - - - - -] Successfully bumped revision number for resource 8471c678-b0e2-47b1-a2bf-9003a06f9a1e (type: ports) to 5
2026-05-12 12:40:44.690 10 INFO neutron.wsgi [req-5f688658-bbc6-4288-9de4-1f0f684395a2 req-9d7bc7c1-dc29-4313-89fa-2b7d379343b5 69e3f306e321445e936f297c8b42fea1 d8859b549f454813b029955f5e70664b - - default default] 199.19.213.87 "GET /v2.0/ports?device_id=ff4b1512-cf95-4267-85c2-682fc17e57a6 HTTP/1.1" status: 200 len: 1172 time: 0.0481293
2026-05-12 12:40:44.782 9 INFO neutron.wsgi [None req-51bfb12e-924c-483a-9c58-689d8cbcdec6 5095b3d3b7b74149b1ff486115740754 6609984888e242528b6697ecfce38f7a - - - -] 10.0.0.62 "DELETE /v2.0/security-groups/107fb748-a872-4ecb-b174-74a015d92196 HTTP/1.1" status: 204 len: 168 time: 0.1319034
2026-05-12 12:40:44.784 10 INFO neutron.db.segments_db [None req-9f3bc26c-24ec-4881-ab65-1afe628bcf39 acefdf83fe194eee9f05f433c158c20e 2c95ff5180f24ec2bbe36ee986f750c0 - - - -] Added segment e4dc04a1-17b8-429c-8b1e-48125f7485ce of type geneve for network e1a8903f-7b54-4e2e-9cdc-9a6f81b0d74f
2026-05-12 12:40:44.797 9 INFO neutron.api.v2.resource [None req-75b9e237-e613-438d-94b4-6f77e38f7788 5095b3d3b7b74149b1ff486115740754 6609984888e242528b6697ecfce38f7a - - default default] show failed (client error): The resource could not be found.
2026-05-12 12:40:44.798 9 INFO neutron.wsgi [None req-75b9e237-e613-438d-94b4-6f77e38f7788 5095b3d3b7b74149b1ff486115740754 6609984888e242528b6697ecfce38f7a - - default default] 10.0.0.62 "GET /v2.0/security-groups/107fb748-a872-4ecb-b174-74a015d92196 HTTP/1.1" status: 404 len: 347 time: 0.0112634
2026-05-12 12:40:45.181 10 INFO neutron.notifiers.nova [-] Nova event matching ['req-06d58c76-f17b-48b0-899b-7ce85ea70d3d'] response: {'server_uuid': '35365fbc-bbd3-4a21-b1b1-71e6d399e2df', 'name': 'network-vif-plugged', 'status': 'completed', 'tag': '811451ba-d751-4f8d-8add-3dd0c63db259', 'code': 200}
2026-05-12 12:40:45.181 10 INFO neutron.notifiers.nova [-] Nova event matching ['req-06d58c76-f17b-48b0-899b-7ce85ea70d3d'] response: {'name': 'network-changed', 'server_uuid': 'ff4b1512-cf95-4267-85c2-682fc17e57a6', 'tag': '8471c678-b0e2-47b1-a2bf-9003a06f9a1e', 'status': 'completed', 'code': 200}
2026-05-12 12:40:45.181 10 INFO neutron.notifiers.nova [-] Nova event matching ['req-06d58c76-f17b-48b0-899b-7ce85ea70d3d'] response: {'server_uuid': 'ff4b1512-cf95-4267-85c2-682fc17e57a6', 'name': 'network-vif-unplugged', 'status': 'completed', 'tag': '8471c678-b0e2-47b1-a2bf-9003a06f9a1e', 'code': 200}
2026-05-12 12:40:45.181 10 INFO neutron.notifiers.nova [-] Nova event matching ['req-06d58c76-f17b-48b0-899b-7ce85ea70d3d'] response: {'server_uuid': 'ff4b1512-cf95-4267-85c2-682fc17e57a6', 'name': 'network-vif-plugged', 'status': 'completed', 'tag': '8471c678-b0e2-47b1-a2bf-9003a06f9a1e', 'code': 200}
2026-05-12 12:40:45.185 9 INFO neutron.wsgi [None req-ebc7a87d-46dd-4f85-a08f-fe461d03564a 5095b3d3b7b74149b1ff486115740754 6609984888e242528b6697ecfce38f7a - - - -] 10.0.0.62 "DELETE /v2.0/floatingips/7f349726-5718-4a89-ae55-09d81b6e717d HTTP/1.1" status: 204 len: 168 time: 0.3835030
2026-05-12 12:40:45.196 10 INFO neutron.db.ovn_revision_numbers_db [None req-9f3bc26c-24ec-4881-ab65-1afe628bcf39 acefdf83fe194eee9f05f433c158c20e 2c95ff5180f24ec2bbe36ee986f750c0 - - - -] Successfully bumped revision number for resource e1a8903f-7b54-4e2e-9cdc-9a6f81b0d74f (type: networks) to 1
2026-05-12 12:40:45.228 9 INFO neutron.wsgi [req-137baeba-ed46-4714-9558-a4bde70fd76a req-a7b58093-84e5-483f-814f-4d2946f29b0f e326119a2b95487b818c99a3145e043a 3ae3ba7ab3bd42cbba83a45717edbb56 - - 6698cee769d4496ab6a1aaec088ecb18 6698cee769d4496ab6a1aaec088ecb18] 199.19.213.87 "GET /v2.0/ports?tenant_id=d8859b549f454813b029955f5e70664b&device_id=ff4b1512-cf95-4267-85c2-682fc17e57a6 HTTP/1.1" status: 200 len: 1363 time: 0.0318332
2026-05-12 12:40:45.329 9 INFO neutron.wsgi [req-137baeba-ed46-4714-9558-a4bde70fd76a req-7ef06883-cff0-45a9-95a3-4eead7dbaff0 e326119a2b95487b818c99a3145e043a 3ae3ba7ab3bd42cbba83a45717edbb56 - - 6698cee769d4496ab6a1aaec088ecb18 6698cee769d4496ab6a1aaec088ecb18] 199.19.213.87 "GET /v2.0/networks?id=d4eeba7e-08cc-4728-a0a1-b2c68aacfc99 HTTP/1.1" status: 200 len: 968 time: 0.0956230
2026-05-12 12:40:45.386 9 INFO neutron.wsgi [req-137baeba-ed46-4714-9558-a4bde70fd76a req-4b0c0115-8065-46f6-9b48-db018e73b8b5 e326119a2b95487b818c99a3145e043a 3ae3ba7ab3bd42cbba83a45717edbb56 - - 6698cee769d4496ab6a1aaec088ecb18 6698cee769d4496ab6a1aaec088ecb18] 199.19.213.87 "GET /v2.0/floatingips?fixed_ip_address=10.100.0.10&port_id=8471c678-b0e2-47b1-a2bf-9003a06f9a1e HTTP/1.1" status: 200 len: 1058 time: 0.0498023
2026-05-12 12:40:45.413 10 INFO neutron.db.l3_db [None req-9e99172e-9681-4799-84d9-1b7729d22e05 69e3f306e321445e936f297c8b42fea1 d8859b549f454813b029955f5e70664b - - - -] Floating IP 6c706842-9393-4578-84a6-e4dbbb92712f disassociated. External IP: 10.96.250.208, port: 8471c678-b0e2-47b1-a2bf-9003a06f9a1e.
2026-05-12 12:40:45.456 9 INFO neutron.wsgi [req-137baeba-ed46-4714-9558-a4bde70fd76a req-11e2aead-1265-47f7-9485-ce6e408bd1d5 e326119a2b95487b818c99a3145e043a 3ae3ba7ab3bd42cbba83a45717edbb56 - - 6698cee769d4496ab6a1aaec088ecb18 6698cee769d4496ab6a1aaec088ecb18] 199.19.213.87 "GET /v2.0/subnets?id=6ca5fcfb-fa3f-48ef-94a1-b9110369d803 HTTP/1.1" status: 200 len: 863 time: 0.0651357
2026-05-12 12:40:45.513 9 INFO neutron.wsgi [req-137baeba-ed46-4714-9558-a4bde70fd76a req-bf005bb0-9e6d-43cc-8df8-a42428bb1374 e326119a2b95487b818c99a3145e043a 3ae3ba7ab3bd42cbba83a45717edbb56 - - 6698cee769d4496ab6a1aaec088ecb18 6698cee769d4496ab6a1aaec088ecb18] 199.19.213.87 "GET /v2.0/ports?network_id=d4eeba7e-08cc-4728-a0a1-b2c68aacfc99&device_owner=network%3Adhcp HTTP/1.1" status: 200 len: 210 time: 0.0493023
2026-05-12 12:40:45.527 10 WARNING neutron.scheduler.dhcp_agent_scheduler [None req-9f3bc26c-24ec-4881-ab65-1afe628bcf39 acefdf83fe194eee9f05f433c158c20e 2c95ff5180f24ec2bbe36ee986f750c0 - - - -] No more DHCP agents
2026-05-12 12:40:45.530 10 WARNING neutron.api.rpc.agentnotifiers.dhcp_rpc_agent_api [None req-9f3bc26c-24ec-4881-ab65-1afe628bcf39 acefdf83fe194eee9f05f433c158c20e 2c95ff5180f24ec2bbe36ee986f750c0 - - - -] Unable to schedule network e1a8903f-7b54-4e2e-9cdc-9a6f81b0d74f: no agents available; will retry on subsequent port and subnet creation events.
2026-05-12 12:40:45.598 10 INFO neutron.db.ovn_revision_numbers_db [None req-9f3bc26c-24ec-4881-ab65-1afe628bcf39 acefdf83fe194eee9f05f433c158c20e 2c95ff5180f24ec2bbe36ee986f750c0 - - - -] Successfully bumped revision number for resource a7c2583b-b711-46ff-ba76-f1d0ab8b9a3e (type: ports) to 1
2026-05-12 12:40:45.624 10 INFO neutron.wsgi [None req-9f3bc26c-24ec-4881-ab65-1afe628bcf39 acefdf83fe194eee9f05f433c158c20e 2c95ff5180f24ec2bbe36ee986f750c0 - - - -] 10.0.0.62 "POST /v2.0/networks HTTP/1.1" status: 201 len: 831 time: 0.9910760
2026-05-12 12:40:45.624 9 INFO neutron.wsgi [req-137baeba-ed46-4714-9558-a4bde70fd76a req-28bb8efa-59f4-4edd-bce6-f0cf5020f697 e326119a2b95487b818c99a3145e043a 3ae3ba7ab3bd42cbba83a45717edbb56 - - 6698cee769d4496ab6a1aaec088ecb18 6698cee769d4496ab6a1aaec088ecb18] 199.19.213.87 "GET /v2.0/networks/d4eeba7e-08cc-4728-a0a1-b2c68aacfc99?fields=segments HTTP/1.1" status: 200 len: 212 time: 0.0981030
2026-05-12 12:40:45.644 10 INFO neutron.wsgi [None req-9e99172e-9681-4799-84d9-1b7729d22e05 69e3f306e321445e936f297c8b42fea1 d8859b549f454813b029955f5e70664b - - - -] 199.19.213.87 "DELETE /v2.0/ports/8471c678-b0e2-47b1-a2bf-9003a06f9a1e HTTP/1.1" status: 204 len: 173 time: 0.9422131
2026-05-12 12:40:45.697 9 INFO neutron.wsgi [req-08a4b9b3-c886-4ff4-9cdf-ffdd80e0bf6a req-96d15152-99a9-42b9-86ee-ceab8d97e5a2 69e3f306e321445e936f297c8b42fea1 d8859b549f454813b029955f5e70664b - - default default] 10.0.0.25 "GET /v2.0/ports?device_id=ff4b1512-cf95-4267-85c2-682fc17e57a6 HTTP/1.1" status: 200 len: 1172 time: 0.2034535
2026-05-12 12:40:45.781 9 INFO neutron.wsgi [req-137baeba-ed46-4714-9558-a4bde70fd76a req-c414e67f-095e-4be5-8ffd-1f38b6d9e19f e326119a2b95487b818c99a3145e043a 3ae3ba7ab3bd42cbba83a45717edbb56 - - 6698cee769d4496ab6a1aaec088ecb18 6698cee769d4496ab6a1aaec088ecb18] 199.19.213.87 "GET /v2.0/networks/d4eeba7e-08cc-4728-a0a1-b2c68aacfc99?fields=provider%3Aphysical_network&fields=provider%3Anetwork_type HTTP/1.1" status: 200 len: 277 time: 0.1421094
2026-05-12 12:40:45.796 9 INFO neutron.wsgi [req-08a4b9b3-c886-4ff4-9cdf-ffdd80e0bf6a req-02480e64-6388-4d7e-8f2c-eaa10a7d4cb4 69e3f306e321445e936f297c8b42fea1 d8859b549f454813b029955f5e70664b - - default default] 10.0.0.25 "GET /v2.0/security-groups?id=44c7ad73-548a-4df7-8916-b2e59136dd44&fields=id&fields=name HTTP/1.1" status: 200 len: 312 time: 0.0889230
2026-05-12 12:40:46.036 9 WARNING neutron.scheduler.dhcp_agent_scheduler [None req-c2978ebb-4578-4f84-864c-53a43480727a acefdf83fe194eee9f05f433c158c20e 2c95ff5180f24ec2bbe36ee986f750c0 - - - -] No more DHCP agents
2026-05-12 12:40:46.039 9 WARNING neutron.api.rpc.agentnotifiers.dhcp_rpc_agent_api [None req-c2978ebb-4578-4f84-864c-53a43480727a acefdf83fe194eee9f05f433c158c20e 2c95ff5180f24ec2bbe36ee986f750c0 - - - -] Unable to schedule network e1a8903f-7b54-4e2e-9cdc-9a6f81b0d74f: no agents available; will retry on subsequent port and subnet creation events. /var/lib/openstack/lib/python3.10/site-packages/pycadf/identifier.py:71: UserWarning: Invalid uuid: neutron. To ensure interoperability, identifiers should be a valid uuid. warnings.warn(('Invalid uuid: %s. To ensure interoperability, '
2026-05-12 12:40:46.489 10 INFO neutron.wsgi [None req-30782d76-e88d-4736-b5bb-4415b7c25c67 de19067d854b426f844d447a8617d7cd a7b64647c81d483f91fa9fe6266cb9f3 - - - -] 10.0.0.62 "POST /v2.0/subnetpools HTTP/1.1" status: 201 len: 748 time: 0.2539964
2026-05-12 12:40:46.529 10 INFO neutron.wsgi [None req-15c402ce-77cc-4543-82b0-e34d3fb23943 de19067d854b426f844d447a8617d7cd a7b64647c81d483f91fa9fe6266cb9f3 - - default default] 10.0.0.62 "GET /v2.0/subnetpools/060aca73-4a75-4167-95f8-767d7216f869 HTTP/1.1" status: 200 len: 743 time: 0.0330777
2026-05-12 12:40:46.592 10 INFO neutron.wsgi [None req-91789a00-3799-4793-8c6b-08866048003b de19067d854b426f844d447a8617d7cd a7b64647c81d483f91fa9fe6266cb9f3 - - - -] 10.0.0.62 "PUT /v2.0/subnetpools/060aca73-4a75-4167-95f8-767d7216f869 HTTP/1.1" status: 200 len: 694 time: 0.0604088
2026-05-12 12:40:46.648 10 INFO neutron.wsgi [None req-c64bd6ce-2974-4618-92c0-8d78c25b0272 de19067d854b426f844d447a8617d7cd a7b64647c81d483f91fa9fe6266cb9f3 - - - -] 10.0.0.62 "DELETE /v2.0/subnetpools/060aca73-4a75-4167-95f8-767d7216f869 HTTP/1.1" status: 204 len: 168 time: 0.0515358
2026-05-12 12:40:46.663 10 INFO neutron.api.v2.resource [None req-2c62c597-15ad-4ace-af33-10f6f40bbc7c de19067d854b426f844d447a8617d7cd a7b64647c81d483f91fa9fe6266cb9f3 - - default default] show failed (client error): The resource could not be found.
2026-05-12 12:40:46.664 10 INFO neutron.wsgi [None req-2c62c597-15ad-4ace-af33-10f6f40bbc7c de19067d854b426f844d447a8617d7cd a7b64647c81d483f91fa9fe6266cb9f3 - - default default] 10.0.0.62 "GET /v2.0/subnetpools/060aca73-4a75-4167-95f8-767d7216f869 HTTP/1.1" status: 404 len: 346 time: 0.0105069
2026-05-12 12:40:46.677 10 INFO neutron.api.v2.resource [None req-80862235-e923-498a-9e21-ad1624adce8d de19067d854b426f844d447a8617d7cd a7b64647c81d483f91fa9fe6266cb9f3 - - - -] delete failed (client error): The resource could not be found.
2026-05-12 12:40:46.678 10 INFO neutron.wsgi [None req-80862235-e923-498a-9e21-ad1624adce8d de19067d854b426f844d447a8617d7cd a7b64647c81d483f91fa9fe6266cb9f3 - - - -] 10.0.0.62 "DELETE /v2.0/subnetpools/060aca73-4a75-4167-95f8-767d7216f869 HTTP/1.1" status: 404 len: 346 time: 0.0108924
2026-05-12 12:40:46.862 9 INFO neutron.db.ovn_revision_numbers_db [None req-c2978ebb-4578-4f84-864c-53a43480727a acefdf83fe194eee9f05f433c158c20e 2c95ff5180f24ec2bbe36ee986f750c0 - - - -] Successfully bumped revision number for resource a7c2583b-b711-46ff-ba76-f1d0ab8b9a3e (type: ports) to 2
2026-05-12 12:40:46.898 9 INFO neutron.db.ovn_revision_numbers_db [None req-c2978ebb-4578-4f84-864c-53a43480727a acefdf83fe194eee9f05f433c158c20e 2c95ff5180f24ec2bbe36ee986f750c0 - - - -] Successfully bumped revision number for resource 1d0e5a14-933e-429b-ae1d-86b358d180f4 (type: subnets) to 0
2026-05-12 12:40:46.924 9 INFO neutron.wsgi [None req-c2978ebb-4578-4f84-864c-53a43480727a acefdf83fe194eee9f05f433c158c20e 2c95ff5180f24ec2bbe36ee986f750c0 - - - -] 10.0.0.62 "POST /v2.0/subnets HTTP/1.1" status: 201 len: 801 time: 1.2943223
2026-05-12 12:40:46.961 9 INFO neutron.wsgi [None req-76e3fb1f-2e78-4d33-8696-b6b5bc851348 b13230c76d314e39a0bc164eb4804e90 9925fe606a554717aab6e2d224ef3810 - - - -] 10.0.0.62 "PUT /v2.0/routers/bb98101c-f48a-47f6-b050-d5e0d4d8e5e6/remove_router_interface HTTP/1.1" status: 200 len: 503 time: 1.7022448 /var/lib/openstack/lib/python3.10/site-packages/pycadf/identifier.py:71: UserWarning: Invalid uuid: neutron. To ensure interoperability, identifiers should be a valid uuid. warnings.warn(('Invalid uuid: %s. To ensure interoperability, '
2026-05-12 12:40:47.072 10 INFO neutron.wsgi [None req-8b06aba9-c64f-42ba-b98d-b1ed618a8d4f 69e3f306e321445e936f297c8b42fea1 d8859b549f454813b029955f5e70664b - - - -] 10.0.0.62 "DELETE /v2.0/security-groups/44c7ad73-548a-4df7-8916-b2e59136dd44 HTTP/1.1" status: 204 len: 168 time: 0.1933432
2026-05-12 12:40:47.109 10 INFO neutron.api.v2.resource [None req-214113b3-4813-4322-924e-7fb3d6c69f63 69e3f306e321445e936f297c8b42fea1 d8859b549f454813b029955f5e70664b - - default default] show failed (client error): The resource could not be found.
2026-05-12 12:40:47.111 10 INFO neutron.wsgi [None req-214113b3-4813-4322-924e-7fb3d6c69f63 69e3f306e321445e936f297c8b42fea1 d8859b549f454813b029955f5e70664b - - default default] 10.0.0.62 "GET /v2.0/security-groups/44c7ad73-548a-4df7-8916-b2e59136dd44 HTTP/1.1" status: 404 len: 347 time: 0.0332081
2026-05-12 12:40:47.230 10 INFO neutron.notifiers.nova [-] Nova event matching ['req-9288ff87-d4a3-4d0b-a79d-d8cd7b428c01'] response: {'server_uuid': 'ff4b1512-cf95-4267-85c2-682fc17e57a6', 'name': 'network-vif-deleted', 'tag': '8471c678-b0e2-47b1-a2bf-9003a06f9a1e', 'status': 'completed', 'code': 200}
2026-05-12 12:40:47.395 10 WARNING neutron.scheduler.dhcp_agent_scheduler [None req-e0d6e3a0-31be-49f7-bdc6-523f5dc0aae7 acefdf83fe194eee9f05f433c158c20e 2c95ff5180f24ec2bbe36ee986f750c0 - - - -] No more DHCP agents
2026-05-12 12:40:47.397 10 WARNING neutron.api.rpc.agentnotifiers.dhcp_rpc_agent_api [None req-e0d6e3a0-31be-49f7-bdc6-523f5dc0aae7 acefdf83fe194eee9f05f433c158c20e 2c95ff5180f24ec2bbe36ee986f750c0 - - - -] Unable to schedule network e1a8903f-7b54-4e2e-9cdc-9a6f81b0d74f: no agents available; will retry on subsequent port and subnet creation events.
2026-05-12 12:40:47.472 9 INFO neutron.db.ovn_revision_numbers_db [None req-197bd989-19f1-43bc-8bfb-b4bd29340418 b13230c76d314e39a0bc164eb4804e90 9925fe606a554717aab6e2d224ef3810 - - default default] Successfully bumped revision number for resource 961ebfaf-4aed-424a-8406-802f6b2aa6af (type: security_groups) to 1
2026-05-12 12:40:47.501 9 INFO neutron.wsgi [None req-197bd989-19f1-43bc-8bfb-b4bd29340418 b13230c76d314e39a0bc164eb4804e90 9925fe606a554717aab6e2d224ef3810 - - default default] 10.0.0.62 "GET /v2.0/security-groups?tenant_id=a7b64647c81d483f91fa9fe6266cb9f3&name=default HTTP/1.1" status: 200 len: 2996 time: 0.2871611
2026-05-12 12:40:47.593 10 INFO neutron.db.ovn_revision_numbers_db [None req-e0d6e3a0-31be-49f7-bdc6-523f5dc0aae7 acefdf83fe194eee9f05f433c158c20e 2c95ff5180f24ec2bbe36ee986f750c0 - - - -] Successfully bumped revision number for resource 37589385-f7ca-4f8d-8242-7d458ccb8f47 (type: ports) to 1
2026-05-12 12:40:47.629 10 INFO neutron.wsgi [None req-e0d6e3a0-31be-49f7-bdc6-523f5dc0aae7 acefdf83fe194eee9f05f433c158c20e 2c95ff5180f24ec2bbe36ee986f750c0 - - - -] 10.0.0.62 "POST /v2.0/ports HTTP/1.1" status: 201 len: 1110 time: 0.7004349
2026-05-12 12:40:47.638 10 INFO neutron.wsgi [None req-4f6ca442-a16e-4bc1-899e-28e4a8a851e2 69e3f306e321445e936f297c8b42fea1 d8859b549f454813b029955f5e70664b - - - -] 10.0.0.62 "DELETE /v2.0/floatingips/6c706842-9393-4578-84a6-e4dbbb92712f HTTP/1.1" status: 204 len: 168 time: 0.5217443
2026-05-12 12:40:47.709 9 INFO neutron.wsgi [None req-21b5ed1c-cfa8-4cb2-bce8-8fc989248712 b13230c76d314e39a0bc164eb4804e90 9925fe606a554717aab6e2d224ef3810 - - - -] 10.0.0.62 "DELETE /v2.0/routers/bb98101c-f48a-47f6-b050-d5e0d4d8e5e6 HTTP/1.1" status: 204 len: 168 time: 0.7415130
2026-05-12 12:40:47.765 10 INFO neutron.wsgi [None req-2e91218e-cbed-44ea-a3c9-98f6c8f3a6c7 b13230c76d314e39a0bc164eb4804e90 9925fe606a554717aab6e2d224ef3810 - - - -] 10.0.0.62 "DELETE /v2.0/security-groups/961ebfaf-4aed-424a-8406-802f6b2aa6af HTTP/1.1" status: 204 len: 168 time: 0.2559512
2026-05-12 12:40:47.987 10 INFO neutron.wsgi [None req-a6beae0a-8fd6-49a4-b7ce-dafdc46ea225 b13230c76d314e39a0bc164eb4804e90 9925fe606a554717aab6e2d224ef3810 - - - -] 10.0.0.62 "DELETE /v2.0/subnets/1f0116cc-6736-4589-831f-5ea874740296 HTTP/1.1" status: 204 len: 168 time: 0.2717581
2026-05-12 12:40:48.097 9 INFO neutron.wsgi [None req-126dbec2-3276-4130-8459-5a9a0055b80d b13230c76d314e39a0bc164eb4804e90 9925fe606a554717aab6e2d224ef3810 - - default default] 10.0.0.82 "GET /v2.0/security-groups HTTP/1.1" status: 200 len: 25143 time: 0.1679370
2026-05-12 12:40:48.154 10 INFO neutron.wsgi [None req-3845b0b9-e5b7-4fb3-8ff6-8438f6d77635 acefdf83fe194eee9f05f433c158c20e 2c95ff5180f24ec2bbe36ee986f750c0 - - - -] 10.0.0.62 "DELETE /v2.0/ports/37589385-f7ca-4f8d-8242-7d458ccb8f47 HTTP/1.1" status: 204 len: 168 time: 0.5183907
2026-05-12 12:40:48.187 10 INFO neutron.pecan_wsgi.hooks.translation [None req-f50b5206-749d-482d-a24b-636873b124f9 acefdf83fe194eee9f05f433c158c20e 2c95ff5180f24ec2bbe36ee986f750c0 - - default default] GET failed (client error): The resource could not be found.
2026-05-12 12:40:48.188 9 INFO neutron.wsgi [None req-8e430374-e62b-441d-bc4c-e1a7dc798d6f b13230c76d314e39a0bc164eb4804e90 9925fe606a554717aab6e2d224ef3810 - - default default] 10.0.0.82 "GET /v2.0/networks HTTP/1.1" status: 200 len: 5296 time: 0.0832582
2026-05-12 12:40:48.189 10 INFO neutron.wsgi [None req-f50b5206-749d-482d-a24b-636873b124f9 acefdf83fe194eee9f05f433c158c20e 2c95ff5180f24ec2bbe36ee986f750c0 - - default default] 10.0.0.62 "GET /v2.0/ports/37589385-f7ca-4f8d-8242-7d458ccb8f47 HTTP/1.1" status: 404 len: 333 time: 0.0294876
2026-05-12 12:40:48.357 9 INFO neutron.wsgi [None req-2f0ac64c-f0c0-482a-a2a7-432dde9a07c9 b13230c76d314e39a0bc164eb4804e90 9925fe606a554717aab6e2d224ef3810 - - default default] 10.0.0.82 "GET /v2.0/routers HTTP/1.1" status: 200 len: 856 time: 0.1660144
2026-05-12 12:40:48.402 9 INFO neutron.wsgi [None req-331ccf1e-ae29-448a-a67b-438242de83b6 b13230c76d314e39a0bc164eb4804e90 9925fe606a554717aab6e2d224ef3810 - - default default] 10.0.0.82 "GET /v2.0/agents?binary=ovn-controller HTTP/1.1" status: 200 len: 591 time: 0.0342867
2026-05-12 12:40:48.489 9 INFO neutron.wsgi [None req-72ffeb54-dace-46b8-938e-4cf06528e19e b13230c76d314e39a0bc164eb4804e90 9925fe606a554717aab6e2d224ef3810 - - default default] 10.0.0.82 "GET /v2.0/subnets HTTP/1.1" status: 200 len: 2698 time: 0.0844245
2026-05-12 12:40:48.509 9 INFO neutron.wsgi [None req-9b0e29f1-27a2-44f7-8002-117dc7cfd5fb b13230c76d314e39a0bc164eb4804e90 9925fe606a554717aab6e2d224ef3810 - - default default] 10.0.0.82 "GET /v2.0/agents HTTP/1.1" status: 200 len: 997 time: 0.0170197
2026-05-12 12:40:48.541 9 INFO neutron.wsgi [None req-c5d27568-1cce-4d7f-822e-34fd16bfa586 b13230c76d314e39a0bc164eb4804e90 9925fe606a554717aab6e2d224ef3810 - - default default] 10.0.0.82 "GET /v2.0/network-ip-availabilities HTTP/1.1" status: 200 len: 2731 time: 0.0201907
2026-05-12 12:40:48.596 9 INFO neutron.wsgi [None req-703f4ca1-594f-4545-92c1-219f5fc778e8 b13230c76d314e39a0bc164eb4804e90 9925fe606a554717aab6e2d224ef3810 - - default default] 10.0.0.82 "GET /v2.0/subnets HTTP/1.1" status: 200 len: 2698 time: 0.0531740
2026-05-12 12:40:48.616 9 INFO neutron.wsgi [None req-7d0d7b79-2b03-445c-8279-05c8445f4011 b13230c76d314e39a0bc164eb4804e90 9925fe606a554717aab6e2d224ef3810 - - default default] 10.0.0.82 "GET /v2.0/subnetpools HTTP/1.1" status: 200 len: 193 time: 0.0158911
2026-05-12 12:40:48.619 9 INFO neutron.wsgi [None req-c03c7546-0d81-403e-99a0-78df26366350 acefdf83fe194eee9f05f433c158c20e 2c95ff5180f24ec2bbe36ee986f750c0 - - - -] 10.0.0.62 "DELETE /v2.0/subnets/1d0e5a14-933e-429b-ae1d-86b358d180f4 HTTP/1.1" status: 204 len: 168 time: 0.4219532
2026-05-12 12:40:48.653 9 INFO neutron.wsgi [None req-92f34f3f-a721-4c18-8248-cc42840f63e3 b13230c76d314e39a0bc164eb4804e90 9925fe606a554717aab6e2d224ef3810 - - default default] 10.0.0.82 "GET /v2.0/floatingips HTTP/1.1" status: 200 len: 193 time: 0.0275464
2026-05-12 12:40:48.705 9 INFO neutron.wsgi [None req-4d6d7f66-6276-4137-9a45-9498c341bc17 b13230c76d314e39a0bc164eb4804e90 9925fe606a554717aab6e2d224ef3810 - - default default] 10.0.0.82 "GET /v2.0/ports HTTP/1.1" status: 200 len: 10016 time: 0.0501833
2026-05-12 12:40:48.725 10 INFO neutron.services.segments.plugin [-] Segment 62f4e417-ddc8-401d-b583-1103787d3075 resource provider aggregate not found
2026-05-12 12:40:48.736 10 INFO neutron.services.segments.plugin [-] Segment 62f4e417-ddc8-401d-b583-1103787d3075 resource provider aggregate not found
