2026-05-12 12:40:24.170 9 INFO neutron.db.ovn_revision_numbers_db [None req-f4029f64-4911-4362-8787-1b9e7a19bdce b13230c76d314e39a0bc164eb4804e90 9925fe606a554717aab6e2d224ef3810 - - default default] Successfully bumped revision number for resource c31817a7-f31c-4d0c-8cab-e13aff377bbb (type: security_groups) to 1
2026-05-12 12:40:24.195 9 INFO neutron.wsgi [None req-f4029f64-4911-4362-8787-1b9e7a19bdce b13230c76d314e39a0bc164eb4804e90 9925fe606a554717aab6e2d224ef3810 - - default default] 10.0.0.62 "GET /v2.0/security-groups?tenant_id=da3da692fb044dbeb14889d3b23414e3&name=default HTTP/1.1" status: 200 len: 2996 time: 0.1213758
2026-05-12 12:40:24.378 9 INFO neutron.wsgi [None req-46f89fdc-1030-4a70-90fd-b47169d22ce1 b13230c76d314e39a0bc164eb4804e90 9925fe606a554717aab6e2d224ef3810 - - - -] 10.0.0.62 "DELETE /v2.0/security-groups/c31817a7-f31c-4d0c-8cab-e13aff377bbb HTTP/1.1" status: 204 len: 168 time: 0.1780741
2026-05-12 12:40:24.448 10 INFO neutron.wsgi [None req-861ab6d1-86fb-4f1f-ab87-f85d9ffdc201 b13230c76d314e39a0bc164eb4804e90 9925fe606a554717aab6e2d224ef3810 - - - -] 10.0.0.62 "DELETE /v2.0/security-groups/8136cf9b-49a0-49a7-ac67-81a6c1d7cf3b HTTP/1.1" status: 204 len: 168 time: 0.3063023
2026-05-12 12:40:24.603 10 INFO neutron.db.ovn_revision_numbers_db [None req-d5e26879-a747-4527-ac37-ef25ad8fb05f 64c17fa457ac42299219264d7842b4b1 18f61a25e7594986bce3cd205235e13b - - default default] Successfully bumped revision number for resource dd3ce273-7647-4af4-a631-1a33617d0e32 (type: router_ports) to 2
2026-05-12 12:40:24.807 10 INFO neutron.db.ovn_revision_numbers_db [None req-d5e26879-a747-4527-ac37-ef25ad8fb05f 64c17fa457ac42299219264d7842b4b1 18f61a25e7594986bce3cd205235e13b - - default default] Successfully bumped revision number for resource dd3ce273-7647-4af4-a631-1a33617d0e32 (type: ports) to 2
2026-05-12 12:40:25.130 10 WARNING neutron.scheduler.dhcp_agent_scheduler [None req-d5e26879-a747-4527-ac37-ef25ad8fb05f 64c17fa457ac42299219264d7842b4b1 18f61a25e7594986bce3cd205235e13b - - default default] No more DHCP agents
2026-05-12 12:40:25.131 10 WARNING neutron.api.rpc.agentnotifiers.dhcp_rpc_agent_api [None req-d5e26879-a747-4527-ac37-ef25ad8fb05f 64c17fa457ac42299219264d7842b4b1 18f61a25e7594986bce3cd205235e13b - - default default] Unable to schedule network fa72c3c3-8fc6-4ca3-b16a-9b2f9504e2d0: no agents available; will retry on subsequent port and subnet creation events.
2026-05-12 12:40:25.425 10 INFO neutron.db.ovn_revision_numbers_db [None req-d5e26879-a747-4527-ac37-ef25ad8fb05f 64c17fa457ac42299219264d7842b4b1 18f61a25e7594986bce3cd205235e13b - - - -] Successfully bumped revision number for resource dd3ce273-7647-4af4-a631-1a33617d0e32 (type: router_ports) to 2
2026-05-12 12:40:25.427 10 INFO neutron.wsgi [None req-d5e26879-a747-4527-ac37-ef25ad8fb05f 64c17fa457ac42299219264d7842b4b1 18f61a25e7594986bce3cd205235e13b - - - -] 10.0.0.62 "PUT /v2.0/routers/a13eceda-6144-401e-87dd-6bb422aff052/add_router_interface HTTP/1.1" status: 200 len: 503 time: 2.2727616
2026-05-12 12:40:25.756 10 WARNING neutron.scheduler.dhcp_agent_scheduler [None req-9a2a4be9-4cef-4893-9091-8ea5e496a6fd 64c17fa457ac42299219264d7842b4b1 18f61a25e7594986bce3cd205235e13b - - - -] No more DHCP agents
2026-05-12 12:40:25.758 10 WARNING neutron.api.rpc.agentnotifiers.dhcp_rpc_agent_api [None req-9a2a4be9-4cef-4893-9091-8ea5e496a6fd 64c17fa457ac42299219264d7842b4b1 18f61a25e7594986bce3cd205235e13b - - - -] Unable to schedule network fa72c3c3-8fc6-4ca3-b16a-9b2f9504e2d0: no agents available; will retry on subsequent port and subnet creation events.
2026-05-12 12:40:25.900 10 INFO neutron.db.ovn_revision_numbers_db [None req-9a2a4be9-4cef-4893-9091-8ea5e496a6fd 64c17fa457ac42299219264d7842b4b1 18f61a25e7594986bce3cd205235e13b - - - -] Successfully bumped revision number for resource 98cb8910-fead-4109-8511-2ad8a8fec0fb (type: ports) to 1
2026-05-12 12:40:25.922 10 INFO neutron.wsgi [None req-9a2a4be9-4cef-4893-9091-8ea5e496a6fd 64c17fa457ac42299219264d7842b4b1 18f61a25e7594986bce3cd205235e13b - - - -] 10.0.0.62 "POST /v2.0/ports HTTP/1.1" status: 201 len: 1154 time: 0.4898672
2026-05-12 12:40:26.249 9 WARNING neutron.scheduler.dhcp_agent_scheduler [None req-caff7fa8-7933-4635-bdd1-a9c8712a0c09 64c17fa457ac42299219264d7842b4b1 18f61a25e7594986bce3cd205235e13b - - - -] No more DHCP agents
2026-05-12 12:40:26.251 9 WARNING neutron.api.rpc.agentnotifiers.dhcp_rpc_agent_api [None req-caff7fa8-7933-4635-bdd1-a9c8712a0c09 64c17fa457ac42299219264d7842b4b1 18f61a25e7594986bce3cd205235e13b - - - -] Unable to schedule network fa72c3c3-8fc6-4ca3-b16a-9b2f9504e2d0: no agents available; will retry on subsequent port and subnet creation events. /var/lib/openstack/lib/python3.10/site-packages/pycadf/identifier.py:71: UserWarning: Invalid uuid: neutron. To ensure interoperability, identifiers should be a valid uuid. warnings.warn(('Invalid uuid: %s. To ensure interoperability, '
2026-05-12 12:40:26.393 9 INFO neutron.db.ovn_revision_numbers_db [None req-caff7fa8-7933-4635-bdd1-a9c8712a0c09 64c17fa457ac42299219264d7842b4b1 18f61a25e7594986bce3cd205235e13b - - - -] Successfully bumped revision number for resource 110406ad-d2be-4016-90ad-d9aac3214b2e (type: ports) to 1
2026-05-12 12:40:26.425 9 INFO neutron.wsgi [None req-caff7fa8-7933-4635-bdd1-a9c8712a0c09 64c17fa457ac42299219264d7842b4b1 18f61a25e7594986bce3cd205235e13b - - - -] 10.0.0.62 "POST /v2.0/ports HTTP/1.1" status: 201 len: 1158 time: 0.4969859 /var/lib/openstack/lib/python3.10/site-packages/pycadf/identifier.py:71: UserWarning: Invalid uuid: neutron. To ensure interoperability, identifiers should be a valid uuid. warnings.warn(('Invalid uuid: %s. To ensure interoperability, '
2026-05-12 12:40:26.466 9 INFO neutron.db.ovn_revision_numbers_db [None req-5072b487-1b29-4a77-b226-eabe2bed5f7e b13230c76d314e39a0bc164eb4804e90 9925fe606a554717aab6e2d224ef3810 - - - -] Successfully bumped revision number for resource 50e4c60d-03db-43cf-b6fd-da173f01aacd (type: security_groups) to 1
2026-05-12 12:40:26.518 9 INFO neutron.db.segments_db [None req-5072b487-1b29-4a77-b226-eabe2bed5f7e b13230c76d314e39a0bc164eb4804e90 9925fe606a554717aab6e2d224ef3810 - - - -] Added segment 08884001-1fbf-48d8-8d4f-33f7c8003cf7 of type geneve for network d4eeba7e-08cc-4728-a0a1-b2c68aacfc99
2026-05-12 12:40:26.644 9 INFO neutron.db.ovn_revision_numbers_db [None req-5072b487-1b29-4a77-b226-eabe2bed5f7e b13230c76d314e39a0bc164eb4804e90 9925fe606a554717aab6e2d224ef3810 - - - -] Successfully bumped revision number for resource d4eeba7e-08cc-4728-a0a1-b2c68aacfc99 (type: networks) to 1
2026-05-12 12:40:26.691 10 WARNING neutron.scheduler.dhcp_agent_scheduler [None req-c63592fe-d84c-42b0-8456-3d0b0371959c 64c17fa457ac42299219264d7842b4b1 18f61a25e7594986bce3cd205235e13b - - - -] No more DHCP agents
2026-05-12 12:40:26.693 10 WARNING neutron.api.rpc.agentnotifiers.dhcp_rpc_agent_api [None req-c63592fe-d84c-42b0-8456-3d0b0371959c 64c17fa457ac42299219264d7842b4b1 18f61a25e7594986bce3cd205235e13b - - - -] Unable to schedule network 8b5a2d22-a16f-4184-8653-e0b63c5d61fa: no agents available; will retry on subsequent port and subnet creation events.
2026-05-12 12:40:26.801 9 WARNING neutron.scheduler.dhcp_agent_scheduler [None req-5072b487-1b29-4a77-b226-eabe2bed5f7e b13230c76d314e39a0bc164eb4804e90 9925fe606a554717aab6e2d224ef3810 - - - -] No more DHCP agents
2026-05-12 12:40:26.802 9 WARNING neutron.api.rpc.agentnotifiers.dhcp_rpc_agent_api [None req-5072b487-1b29-4a77-b226-eabe2bed5f7e b13230c76d314e39a0bc164eb4804e90 9925fe606a554717aab6e2d224ef3810 - - - -] Unable to schedule network d4eeba7e-08cc-4728-a0a1-b2c68aacfc99: no agents available; will retry on subsequent port and subnet creation events.
2026-05-12 12:40:26.862 9 INFO neutron.db.ovn_revision_numbers_db [None req-5072b487-1b29-4a77-b226-eabe2bed5f7e b13230c76d314e39a0bc164eb4804e90 9925fe606a554717aab6e2d224ef3810 - - - -] Successfully bumped revision number for resource 0ba51c89-1eb1-4dcf-93b7-da92c06d00cf (type: ports) to 1
2026-05-12 12:40:26.879 9 INFO neutron.wsgi [None req-5072b487-1b29-4a77-b226-eabe2bed5f7e b13230c76d314e39a0bc164eb4804e90 9925fe606a554717aab6e2d224ef3810 - - - -] 10.0.0.62 "POST /v2.0/networks HTTP/1.1" status: 201 len: 940 time: 0.7122579
2026-05-12 12:40:27.064 9 WARNING neutron.scheduler.dhcp_agent_scheduler [None req-38cb3d62-261e-423f-b0d5-bed2e5314b58 b13230c76d314e39a0bc164eb4804e90 9925fe606a554717aab6e2d224ef3810 - - - -] No more DHCP agents
2026-05-12 12:40:27.065 9 WARNING neutron.api.rpc.agentnotifiers.dhcp_rpc_agent_api [None req-38cb3d62-261e-423f-b0d5-bed2e5314b58 b13230c76d314e39a0bc164eb4804e90 9925fe606a554717aab6e2d224ef3810 - - - -] Unable to schedule network d4eeba7e-08cc-4728-a0a1-b2c68aacfc99: no agents available; will retry on subsequent port and subnet creation events.
2026-05-12 12:40:27.078 10 INFO neutron.db.l3_db [None req-c63592fe-d84c-42b0-8456-3d0b0371959c 64c17fa457ac42299219264d7842b4b1 18f61a25e7594986bce3cd205235e13b - - - -] Floating IP 674668ba-3d06-4404-8766-ecfdbe07c57a associated. External IP: 10.96.250.210, port: 110406ad-d2be-4016-90ad-d9aac3214b2e.
2026-05-12 12:40:27.225 10 INFO neutron.db.ovn_revision_numbers_db [None req-c63592fe-d84c-42b0-8456-3d0b0371959c 64c17fa457ac42299219264d7842b4b1 18f61a25e7594986bce3cd205235e13b - - - -] Successfully bumped revision number for resource 674668ba-3d06-4404-8766-ecfdbe07c57a (type: floatingips) to 0
2026-05-12 12:40:27.307 10 INFO neutron.db.ovn_revision_numbers_db [None req-c63592fe-d84c-42b0-8456-3d0b0371959c 64c17fa457ac42299219264d7842b4b1 18f61a25e7594986bce3cd205235e13b - - - -] Successfully bumped revision number for resource 674668ba-3d06-4404-8766-ecfdbe07c57a (type: floatingips) to 1
2026-05-12 12:40:27.345 10 INFO neutron.wsgi [None req-c63592fe-d84c-42b0-8456-3d0b0371959c 64c17fa457ac42299219264d7842b4b1 18f61a25e7594986bce3cd205235e13b - - - -] 10.0.0.62 "POST /v2.0/floatingips HTTP/1.1" status: 201 len: 1042 time: 0.9139762
2026-05-12 12:40:27.500 10 INFO neutron.db.l3_db [None req-7844d6eb-ea52-4f66-858a-6cd2cf6b035c 64c17fa457ac42299219264d7842b4b1 18f61a25e7594986bce3cd205235e13b - - - -] Floating IP 674668ba-3d06-4404-8766-ecfdbe07c57a disassociated. External IP: 10.96.250.210, port: 110406ad-d2be-4016-90ad-d9aac3214b2e.
2026-05-12 12:40:27.518 10 INFO neutron.db.ovn_revision_numbers_db [None req-7844d6eb-ea52-4f66-858a-6cd2cf6b035c 64c17fa457ac42299219264d7842b4b1 18f61a25e7594986bce3cd205235e13b - - - -] Successfully bumped revision number for resource 674668ba-3d06-4404-8766-ecfdbe07c57a (type: floatingips) to 2
2026-05-12 12:40:27.563 9 INFO neutron.db.ovn_revision_numbers_db [None req-38cb3d62-261e-423f-b0d5-bed2e5314b58 b13230c76d314e39a0bc164eb4804e90 9925fe606a554717aab6e2d224ef3810 - - - -] Successfully bumped revision number for resource 0ba51c89-1eb1-4dcf-93b7-da92c06d00cf (type: ports) to 2
2026-05-12 12:40:27.581 9 INFO neutron.db.ovn_revision_numbers_db [None req-38cb3d62-261e-423f-b0d5-bed2e5314b58 b13230c76d314e39a0bc164eb4804e90 9925fe606a554717aab6e2d224ef3810 - - - -] Successfully bumped revision number for resource 6ca5fcfb-fa3f-48ef-94a1-b9110369d803 (type: subnets) to 0
2026-05-12 12:40:27.595 10 INFO neutron.wsgi [None req-7844d6eb-ea52-4f66-858a-6cd2cf6b035c 64c17fa457ac42299219264d7842b4b1 18f61a25e7594986bce3cd205235e13b - - - -] 10.0.0.62 "PUT /v2.0/floatingips/674668ba-3d06-4404-8766-ecfdbe07c57a HTTP/1.1" status: 200 len: 748 time: 0.2455175
2026-05-12 12:40:27.603 9 INFO neutron.wsgi [None req-38cb3d62-261e-423f-b0d5-bed2e5314b58 b13230c76d314e39a0bc164eb4804e90 9925fe606a554717aab6e2d224ef3810 - - - -] 10.0.0.62 "POST /v2.0/subnets HTTP/1.1" status: 201 len: 860 time: 0.7181284 /var/lib/openstack/lib/python3.10/site-packages/pycadf/identifier.py:71: UserWarning: Invalid uuid: neutron. To ensure interoperability, identifiers should be a valid uuid. warnings.warn(('Invalid uuid: %s. To ensure interoperability, '
2026-05-12 12:40:28.284 10 WARNING neutron.plugins.ml2.drivers.ovn.mech_driver.ovsdb.ovn_client [None req-383127f5-ba7c-4158-b285-d8aca818ecbb - - - - - -] No hosting information found for port ec832b90-23cd-484b-b2f9-9014b1de7c6a: RuntimeError: No hosting information found for port ec832b90-23cd-484b-b2f9-9014b1de7c6a
2026-05-12 12:40:28.284 10 INFO neutron.plugins.ml2.drivers.ovn.mech_driver.mech_driver [None req-383127f5-ba7c-4158-b285-d8aca818ecbb - - - - - -] OVN reports status up for port: dd3ce273-7647-4af4-a631-1a33617d0e32
2026-05-12 12:40:28.296 10 INFO neutron.wsgi [None req-c5832428-3d80-4c86-a1fb-e96655097594 64c17fa457ac42299219264d7842b4b1 18f61a25e7594986bce3cd205235e13b - - - -] 10.0.0.62 "DELETE /v2.0/floatingips/674668ba-3d06-4404-8766-ecfdbe07c57a HTTP/1.1" status: 204 len: 168 time: 0.6949503
2026-05-12 12:40:28.303 9 INFO neutron.db.ovn_revision_numbers_db [None req-8a611662-fc49-4270-ba8f-2392fd3c658a b13230c76d314e39a0bc164eb4804e90 9925fe606a554717aab6e2d224ef3810 - - default default] Successfully bumped revision number for resource cb0796ff-e081-4f39-a205-5dd67bdecad5 (type: security_groups) to 1
2026-05-12 12:40:28.303 10 INFO neutron.plugins.ml2.plugin [None req-383127f5-ba7c-4158-b285-d8aca818ecbb - - - - - -] Attempt 1 to provision port dd3ce273-7647-4af4-a631-1a33617d0e32
2026-05-12 12:40:28.331 9 INFO neutron.wsgi [None req-8a611662-fc49-4270-ba8f-2392fd3c658a b13230c76d314e39a0bc164eb4804e90 9925fe606a554717aab6e2d224ef3810 - - default default] 10.0.0.62 "GET /v2.0/security-groups?tenant_id=71976eb9388245aca509af9ecd3f11c7&name=default HTTP/1.1" status: 200 len: 2996 time: 0.2654619
2026-05-12 12:40:28.419 10 WARNING neutron.scheduler.dhcp_agent_scheduler [None req-e3e7b03a-a20a-4a9c-8fbf-395f805fce0f b13230c76d314e39a0bc164eb4804e90 9925fe606a554717aab6e2d224ef3810 - - - -] No more DHCP agents
2026-05-12 12:40:28.424 10 WARNING neutron.api.rpc.agentnotifiers.dhcp_rpc_agent_api [None req-e3e7b03a-a20a-4a9c-8fbf-395f805fce0f b13230c76d314e39a0bc164eb4804e90 9925fe606a554717aab6e2d224ef3810 - - - -] Unable to schedule network 8b5a2d22-a16f-4184-8653-e0b63c5d61fa: no agents available; will retry on subsequent port and subnet creation events.
2026-05-12 12:40:28.711 10 INFO neutron.db.ovn_revision_numbers_db [None req-e3e7b03a-a20a-4a9c-8fbf-395f805fce0f b13230c76d314e39a0bc164eb4804e90 9925fe606a554717aab6e2d224ef3810 - - - -] Successfully bumped revision number for resource a3358824-ddf7-449e-a47d-382e9ae603e3 (type: ports) to 1
2026-05-12 12:40:28.820 10 INFO neutron.wsgi [None req-729f4289-2899-4157-8ee7-edb051765e13 b13230c76d314e39a0bc164eb4804e90 9925fe606a554717aab6e2d224ef3810 - - - -] 10.0.0.62 "DELETE /v2.0/security-groups/cb0796ff-e081-4f39-a205-5dd67bdecad5 HTTP/1.1" status: 204 len: 168 time: 0.4815242
2026-05-12 12:40:28.831 10 WARNING neutron.scheduler.dhcp_agent_scheduler [None req-f57c1d58-7859-4e6f-816e-af07627d3904 64c17fa457ac42299219264d7842b4b1 18f61a25e7594986bce3cd205235e13b - - - -] No more DHCP agents
2026-05-12 12:40:28.833 10 WARNING neutron.api.rpc.agentnotifiers.dhcp_rpc_agent_api [None req-f57c1d58-7859-4e6f-816e-af07627d3904 64c17fa457ac42299219264d7842b4b1 18f61a25e7594986bce3cd205235e13b - - - -] Unable to schedule network 8b5a2d22-a16f-4184-8653-e0b63c5d61fa: no agents available; will retry on subsequent port and subnet creation events.
2026-05-12 12:40:28.835 10 INFO neutron.db.ovn_revision_numbers_db [None req-383127f5-ba7c-4158-b285-d8aca818ecbb - - - - - -] Successfully bumped revision number for resource dd3ce273-7647-4af4-a631-1a33617d0e32 (type: ports) to 3
2026-05-12 12:40:28.982 9 INFO neutron.db.ovn_revision_numbers_db [None req-b4e6a7b3-c84c-4575-a4bf-f699f65232e9 b13230c76d314e39a0bc164eb4804e90 9925fe606a554717aab6e2d224ef3810 - - default default] Successfully bumped revision number for resource b69113e5-1cdf-4833-bec0-a8eced3e418a (type: security_groups) to 1
2026-05-12 12:40:29.003 9 INFO neutron.wsgi [None req-b4e6a7b3-c84c-4575-a4bf-f699f65232e9 b13230c76d314e39a0bc164eb4804e90 9925fe606a554717aab6e2d224ef3810 - - default default] 10.0.0.62 "GET /v2.0/security-groups?tenant_id=e379c6396bcb4095ac12c29bf1723290&name=default HTTP/1.1" status: 200 len: 2996 time: 0.1095233
2026-05-12 12:40:29.079 10 INFO neutron.db.ovn_revision_numbers_db [None req-383127f5-ba7c-4158-b285-d8aca818ecbb - - - - - -] Successfully bumped revision number for resource dd3ce273-7647-4af4-a631-1a33617d0e32 (type: router_ports) to 3
2026-05-12 12:40:29.171 9 INFO neutron.wsgi [None req-0626403f-ff72-464c-bfa5-10cfeaa7128c b13230c76d314e39a0bc164eb4804e90 9925fe606a554717aab6e2d224ef3810 - - - -] 10.0.0.62 "DELETE /v2.0/security-groups/b69113e5-1cdf-4833-bec0-a8eced3e418a HTTP/1.1" status: 204 len: 168 time: 0.1629372
2026-05-12 12:40:29.918 10 INFO neutron.db.l3_db [None req-f57c1d58-7859-4e6f-816e-af07627d3904 64c17fa457ac42299219264d7842b4b1 18f61a25e7594986bce3cd205235e13b - - - -] Floating IP 43900168-6d80-42c0-9293-0858685ffaca associated. External IP: 10.96.250.206, port: 98cb8910-fead-4109-8511-2ad8a8fec0fb.
2026-05-12 12:40:30.022 9 INFO neutron.plugins.ml2.drivers.ovn.mech_driver.mech_driver [None req-4ba6a28b-6818-46ea-bc15-6b50507605ee - - - - - -] OVN reports status up for port: a3358824-ddf7-449e-a47d-382e9ae603e3
2026-05-12 12:40:30.030 9 INFO neutron.plugins.ml2.plugin [None req-4ba6a28b-6818-46ea-bc15-6b50507605ee - - - - - -] Attempt 1 to provision port a3358824-ddf7-449e-a47d-382e9ae603e3
2026-05-12 12:40:30.044 9 INFO neutron.plugins.ml2.drivers.ovn.mech_driver.ovsdb.ovsdb_monitor [None req-d7a0e154-c7b2-4e99-97ae-2d86a0e80c81 - - - - - -] Router f94a40db-cb6e-42a9-aa0e-7b7c7f5df283 is bound to host instance
2026-05-12 12:40:30.066 10 INFO neutron.db.ovn_revision_numbers_db [None req-e3e7b03a-a20a-4a9c-8fbf-395f805fce0f b13230c76d314e39a0bc164eb4804e90 9925fe606a554717aab6e2d224ef3810 - - - -] Successfully bumped revision number for resource a3358824-ddf7-449e-a47d-382e9ae603e3 (type: router_ports) to 1
2026-05-12 12:40:30.135 10 INFO neutron.db.ovn_revision_numbers_db [None req-f57c1d58-7859-4e6f-816e-af07627d3904 64c17fa457ac42299219264d7842b4b1 18f61a25e7594986bce3cd205235e13b - - - -] Successfully bumped revision number for resource 43900168-6d80-42c0-9293-0858685ffaca (type: floatingips) to 0
2026-05-12 12:40:30.160 10 INFO neutron.db.ovn_revision_numbers_db [None req-e3e7b03a-a20a-4a9c-8fbf-395f805fce0f b13230c76d314e39a0bc164eb4804e90 9925fe606a554717aab6e2d224ef3810 - - - -] Successfully bumped revision number for resource f94a40db-cb6e-42a9-aa0e-7b7c7f5df283 (type: routers) to 3
2026-05-12 12:40:30.189 10 INFO neutron.wsgi [None req-e3e7b03a-a20a-4a9c-8fbf-395f805fce0f b13230c76d314e39a0bc164eb4804e90 9925fe606a554717aab6e2d224ef3810 - - - -] 10.0.0.62 "POST /v2.0/routers HTTP/1.1" status: 201 len: 871 time: 2.5814869
2026-05-12 12:40:30.250 10 INFO neutron.db.ovn_revision_numbers_db [None req-f57c1d58-7859-4e6f-816e-af07627d3904 64c17fa457ac42299219264d7842b4b1 18f61a25e7594986bce3cd205235e13b - - - -] Successfully bumped revision number for resource 43900168-6d80-42c0-9293-0858685ffaca (type: floatingips) to 1
2026-05-12 12:40:30.312 10 INFO neutron.wsgi [None req-f57c1d58-7859-4e6f-816e-af07627d3904 64c17fa457ac42299219264d7842b4b1 18f61a25e7594986bce3cd205235e13b - - - -] 10.0.0.62 "POST /v2.0/floatingips HTTP/1.1" status: 201 len: 1041 time: 2.0051496
2026-05-12 12:40:30.377 10 INFO neutron.wsgi [None req-510f1c10-aeb7-4ce1-adc1-7eedc27f9b24 64c17fa457ac42299219264d7842b4b1 18f61a25e7594986bce3cd205235e13b - - default default] 10.0.0.62 "GET /v2.0/floatingips/43900168-6d80-42c0-9293-0858685ffaca HTTP/1.1" status: 200 len: 1038 time: 0.0598257
2026-05-12 12:40:30.450 9 INFO neutron.wsgi [None req-870bcc97-6aef-41aa-99bc-806a8e3a55ef 64c17fa457ac42299219264d7842b4b1 18f61a25e7594986bce3cd205235e13b - - default default] 10.0.0.62 "GET /v2.0/floatingips HTTP/1.1" status: 200 len: 1041 time: 0.0680838
2026-05-12 12:40:30.599 9 INFO neutron.db.ovn_revision_numbers_db [None req-d7a0e154-c7b2-4e99-97ae-2d86a0e80c81 - - - - - -] Successfully bumped revision number for resource a3358824-ddf7-449e-a47d-382e9ae603e3 (type: ports) to 1
2026-05-12 12:40:30.616 10 WARNING neutron.scheduler.dhcp_agent_scheduler [None req-5092958f-199f-4666-ae1c-2139f5b36707 b13230c76d314e39a0bc164eb4804e90 9925fe606a554717aab6e2d224ef3810 - - default default] No more DHCP agents
2026-05-12 12:40:30.618 10 WARNING neutron.api.rpc.agentnotifiers.dhcp_rpc_agent_api [None req-5092958f-199f-4666-ae1c-2139f5b36707 b13230c76d314e39a0bc164eb4804e90 9925fe606a554717aab6e2d224ef3810 - - default default] Unable to schedule network d4eeba7e-08cc-4728-a0a1-b2c68aacfc99: no agents available; will retry on subsequent port and subnet creation events.
2026-05-12 12:40:30.717 9 INFO neutron.db.l3_db [None req-b323cfca-692b-438b-ac3f-dd4f79ef19b8 64c17fa457ac42299219264d7842b4b1 18f61a25e7594986bce3cd205235e13b - - - -] Floating IP 43900168-6d80-42c0-9293-0858685ffaca associated. External IP: 10.96.250.206, port: 98cb8910-fead-4109-8511-2ad8a8fec0fb.
2026-05-12 12:40:30.747 10 INFO neutron.db.ovn_revision_numbers_db [None req-5092958f-199f-4666-ae1c-2139f5b36707 b13230c76d314e39a0bc164eb4804e90 9925fe606a554717aab6e2d224ef3810 - - default default] Successfully bumped revision number for resource ee923b25-b33e-4ae7-8a15-ffe0b63fa022 (type: ports) to 1
2026-05-12 12:40:31.018 10 INFO neutron.wsgi [req-40aa7147-0fba-4064-ae1a-e8b6b5ae1e5d req-f15fc8f3-718a-462a-8cd8-afff4779dfe7 e326119a2b95487b818c99a3145e043a 3ae3ba7ab3bd42cbba83a45717edbb56 - - 6698cee769d4496ab6a1aaec088ecb18 6698cee769d4496ab6a1aaec088ecb18] 10.0.0.133 "GET /v2.0/ports?device_id=35365fbc-bbd3-4a21-b1b1-71e6d399e2df HTTP/1.1" status: 200 len: 1361 time: 0.2158980
2026-05-12 12:40:31.086 10 INFO neutron.wsgi [req-40aa7147-0fba-4064-ae1a-e8b6b5ae1e5d req-92a1fbe0-39ec-487a-b85e-fc4698463a85 e326119a2b95487b818c99a3145e043a 3ae3ba7ab3bd42cbba83a45717edbb56 - - 6698cee769d4496ab6a1aaec088ecb18 6698cee769d4496ab6a1aaec088ecb18] 10.0.0.133 "GET /v2.0/security-groups?id=107fb748-a872-4ecb-b174-74a015d92196&fields=id&fields=name HTTP/1.1" status: 200 len: 312 time: 0.0616605
2026-05-12 12:40:31.140 9 INFO neutron.db.ovn_revision_numbers_db [None req-b323cfca-692b-438b-ac3f-dd4f79ef19b8 64c17fa457ac42299219264d7842b4b1 18f61a25e7594986bce3cd205235e13b - - - -] Successfully bumped revision number for resource 43900168-6d80-42c0-9293-0858685ffaca (type: floatingips) to 2
2026-05-12 12:40:31.143 9 INFO neutron.db.ovn_revision_numbers_db [None req-d7a0e154-c7b2-4e99-97ae-2d86a0e80c81 - - - - - -] Successfully bumped revision number for resource a3358824-ddf7-449e-a47d-382e9ae603e3 (type: router_ports) to 3
2026-05-12 12:40:31.186 10 INFO neutron.db.ovn_revision_numbers_db [None req-5092958f-199f-4666-ae1c-2139f5b36707 b13230c76d314e39a0bc164eb4804e90 9925fe606a554717aab6e2d224ef3810 - - default default] Successfully bumped revision number for resource ee923b25-b33e-4ae7-8a15-ffe0b63fa022 (type: router_ports) to 2
2026-05-12 12:40:31.237 9 INFO neutron.db.ovn_revision_numbers_db [None req-b323cfca-692b-438b-ac3f-dd4f79ef19b8 64c17fa457ac42299219264d7842b4b1 18f61a25e7594986bce3cd205235e13b - - - -] Successfully bumped revision number for resource 43900168-6d80-42c0-9293-0858685ffaca (type: floatingips) to 3
2026-05-12 12:40:31.288 9 INFO neutron.wsgi [None req-b323cfca-692b-438b-ac3f-dd4f79ef19b8 64c17fa457ac42299219264d7842b4b1 18f61a25e7594986bce3cd205235e13b - - - -] 10.0.0.62 "PUT /v2.0/floatingips/43900168-6d80-42c0-9293-0858685ffaca HTTP/1.1" status: 200 len: 1039 time: 0.8333116
2026-05-12 12:40:31.336 10 INFO neutron.db.ovn_revision_numbers_db [None req-5092958f-199f-4666-ae1c-2139f5b36707 b13230c76d314e39a0bc164eb4804e90 9925fe606a554717aab6e2d224ef3810 - - default default] Successfully bumped revision number for resource ee923b25-b33e-4ae7-8a15-ffe0b63fa022 (type: ports) to 2
2026-05-12 12:40:31.339 9 INFO neutron.db.ovn_revision_numbers_db [None req-d7a0e154-c7b2-4e99-97ae-2d86a0e80c81 - - - - - -] Successfully bumped revision number for resource a3358824-ddf7-449e-a47d-382e9ae603e3 (type: ports) to 2
2026-05-12 12:40:31.387 10 WARNING neutron.scheduler.dhcp_agent_scheduler [None req-5092958f-199f-4666-ae1c-2139f5b36707 b13230c76d314e39a0bc164eb4804e90 9925fe606a554717aab6e2d224ef3810 - - default default] No more DHCP agents
2026-05-12 12:40:31.388 10 WARNING neutron.api.rpc.agentnotifiers.dhcp_rpc_agent_api [None req-5092958f-199f-4666-ae1c-2139f5b36707 b13230c76d314e39a0bc164eb4804e90 9925fe606a554717aab6e2d224ef3810 - - default default] Unable to schedule network d4eeba7e-08cc-4728-a0a1-b2c68aacfc99: no agents available; will retry on subsequent port and subnet creation events.
2026-05-12 12:40:31.445 9 INFO neutron.db.l3_db [None req-b48dbc58-c36f-4eb0-bf01-78ed5e0382d6 64c17fa457ac42299219264d7842b4b1 18f61a25e7594986bce3cd205235e13b - - - -] Floating IP 43900168-6d80-42c0-9293-0858685ffaca disassociated. External IP: 10.96.250.206, port: 110406ad-d2be-4016-90ad-d9aac3214b2e.
2026-05-12 12:40:31.472 9 INFO neutron.db.ovn_revision_numbers_db [None req-b48dbc58-c36f-4eb0-bf01-78ed5e0382d6 64c17fa457ac42299219264d7842b4b1 18f61a25e7594986bce3cd205235e13b - - - -] Successfully bumped revision number for resource 43900168-6d80-42c0-9293-0858685ffaca (type: floatingips) to 4
2026-05-12 12:40:31.568 9 INFO neutron.wsgi [None req-b48dbc58-c36f-4eb0-bf01-78ed5e0382d6 64c17fa457ac42299219264d7842b4b1 18f61a25e7594986bce3cd205235e13b - - - -] 10.0.0.62 "PUT /v2.0/floatingips/43900168-6d80-42c0-9293-0858685ffaca HTTP/1.1" status: 200 len: 748 time: 0.2739301
2026-05-12 12:40:31.641 9 INFO neutron.db.ovn_revision_numbers_db [None req-d7a0e154-c7b2-4e99-97ae-2d86a0e80c81 - - - - - -] Successfully bumped revision number for resource a3358824-ddf7-449e-a47d-382e9ae603e3 (type: ports) to 4
2026-05-12 12:40:31.811 9 INFO neutron.db.ovn_revision_numbers_db [None req-05135d79-f715-44d2-9afc-55c280ec7bf7 b13230c76d314e39a0bc164eb4804e90 9925fe606a554717aab6e2d224ef3810 - - default default] Successfully bumped revision number for resource 4c1c1309-34fd-4171-96a1-9ce7b7be0473 (type: security_groups) to 1
2026-05-12 12:40:31.872 9 INFO neutron.wsgi [None req-05135d79-f715-44d2-9afc-55c280ec7bf7 b13230c76d314e39a0bc164eb4804e90 9925fe606a554717aab6e2d224ef3810 - - default default] 10.0.0.62 "GET /v2.0/security-groups?tenant_id=2d4b2099282948f9bb2240fa1ad3449f&name=default HTTP/1.1" status: 200 len: 2996 time: 0.3658361
2026-05-12 12:40:31.999 9 INFO neutron.db.ovn_revision_numbers_db [None req-d7a0e154-c7b2-4e99-97ae-2d86a0e80c81 - - - - - -] Successfully bumped revision number for resource a3358824-ddf7-449e-a47d-382e9ae603e3 (type: router_ports) to 4
2026-05-12 12:40:32.090 9 INFO neutron.wsgi [None req-136b1384-8274-4e2a-9335-ed8200e96132 64c17fa457ac42299219264d7842b4b1 18f61a25e7594986bce3cd205235e13b - - - -] 10.0.0.62 "DELETE /v2.0/floatingips/43900168-6d80-42c0-9293-0858685ffaca HTTP/1.1" status: 204 len: 168 time: 0.5162497
2026-05-12 12:40:32.121 9 INFO neutron.api.v2.resource [None req-914e292e-e9ab-4786-893f-69558a384ccc 64c17fa457ac42299219264d7842b4b1 18f61a25e7594986bce3cd205235e13b - - - -] delete failed (client error): The resource could not be found.
2026-05-12 12:40:32.122 9 INFO neutron.wsgi [None req-914e292e-e9ab-4786-893f-69558a384ccc 64c17fa457ac42299219264d7842b4b1 18f61a25e7594986bce3cd205235e13b - - - -] 10.0.0.62 "DELETE /v2.0/floatingips/43900168-6d80-42c0-9293-0858685ffaca HTTP/1.1" status: 404 len: 345 time: 0.0276299
2026-05-12 12:40:32.148 10 INFO neutron.wsgi [None req-2e99876a-f6f6-4454-85de-0bbcc784e28e b13230c76d314e39a0bc164eb4804e90 9925fe606a554717aab6e2d224ef3810 - - - -] 10.0.0.62 "DELETE /v2.0/security-groups/4c1c1309-34fd-4171-96a1-9ce7b7be0473 HTTP/1.1" status: 204 len: 168 time: 0.2719979
2026-05-12 12:40:32.235 10 INFO neutron.db.ovn_revision_numbers_db [None req-5092958f-199f-4666-ae1c-2139f5b36707 b13230c76d314e39a0bc164eb4804e90 9925fe606a554717aab6e2d224ef3810 - - - -] Successfully bumped revision number for resource ee923b25-b33e-4ae7-8a15-ffe0b63fa022 (type: router_ports) to 2
2026-05-12 12:40:32.238 10 INFO neutron.wsgi [None req-5092958f-199f-4666-ae1c-2139f5b36707 b13230c76d314e39a0bc164eb4804e90 9925fe606a554717aab6e2d224ef3810 - - - -] 10.0.0.62 "PUT /v2.0/routers/f94a40db-cb6e-42a9-aa0e-7b7c7f5df283/add_router_interface HTTP/1.1" status: 200 len: 503 time: 2.0422940
2026-05-12 12:40:32.514 10 INFO neutron.wsgi [None req-329b65eb-b9c2-49c1-aed8-741685ad67c0 64c17fa457ac42299219264d7842b4b1 18f61a25e7594986bce3cd205235e13b - - - -] 10.0.0.62 "DELETE /v2.0/ports/110406ad-d2be-4016-90ad-d9aac3214b2e HTTP/1.1" status: 204 len: 168 time: 0.3851352
2026-05-12 12:40:32.855 10 INFO neutron.wsgi [None req-f1cfb4fd-74f8-41e4-8cc3-9636ada79dcc 64c17fa457ac42299219264d7842b4b1 18f61a25e7594986bce3cd205235e13b - - - -] 10.0.0.62 "DELETE /v2.0/ports/98cb8910-fead-4109-8511-2ad8a8fec0fb HTTP/1.1" status: 204 len: 168 time: 0.3359978
2026-05-12 12:40:32.863 10 INFO neutron.db.ovn_revision_numbers_db [None req-66f48093-e9f4-4eeb-a8d0-1abfe1d517ec 69e3f306e321445e936f297c8b42fea1 d8859b549f454813b029955f5e70664b - - - -] Successfully bumped revision number for resource 44c7ad73-548a-4df7-8916-b2e59136dd44 (type: security_groups) to 1 /var/lib/openstack/lib/python3.10/site-packages/pycadf/identifier.py:71: UserWarning: Invalid uuid: neutron. To ensure interoperability, identifiers should be a valid uuid. warnings.warn(('Invalid uuid: %s. To ensure interoperability, '
2026-05-12 12:40:32.882 10 INFO neutron.wsgi [None req-66f48093-e9f4-4eeb-a8d0-1abfe1d517ec 69e3f306e321445e936f297c8b42fea1 d8859b549f454813b029955f5e70664b - - - -] 10.0.0.62 "POST /v2.0/security-groups HTTP/1.1" status: 201 len: 1795 time: 0.1385367
2026-05-12 12:40:32.971 9 INFO neutron.wsgi [None req-39d30d90-0937-445f-8ec9-b51fcdbd59b0 64c17fa457ac42299219264d7842b4b1 18f61a25e7594986bce3cd205235e13b - - default default] 10.0.0.62 "GET /v2.0/ports?device_id=a13eceda-6144-401e-87dd-6bb422aff052 HTTP/1.1" status: 200 len: 1140 time: 0.0987921
2026-05-12 12:40:33.095 9 INFO neutron.db.ovn_revision_numbers_db [None req-0c80511f-f244-4d42-aa81-f99f06c12af2 69e3f306e321445e936f297c8b42fea1 d8859b549f454813b029955f5e70664b - - - -] Successfully bumped revision number for resource 4742d57f-425c-4614-a7a0-72737d87165f (type: security_group_rules) to 0
2026-05-12 12:40:33.328 9 INFO neutron.wsgi [None req-0c80511f-f244-4d42-aa81-f99f06c12af2 69e3f306e321445e936f297c8b42fea1 d8859b549f454813b029955f5e70664b - - - -] 10.0.0.62 "POST /v2.0/security-group-rules HTTP/1.1" status: 201 len: 764 time: 0.4419241
2026-05-12 12:40:33.521 9 INFO neutron.db.ovn_revision_numbers_db [None req-9a18f902-95f3-48a3-9d9a-1e53d0ef61b6 69e3f306e321445e936f297c8b42fea1 d8859b549f454813b029955f5e70664b - - - -] Successfully bumped revision number for resource fd5f5cf2-3475-4464-aed2-c0807976b8d6 (type: security_group_rules) to 0
2026-05-12 12:40:33.556 9 INFO neutron.wsgi [None req-9a18f902-95f3-48a3-9d9a-1e53d0ef61b6 69e3f306e321445e936f297c8b42fea1 d8859b549f454813b029955f5e70664b - - - -] 10.0.0.62 "POST /v2.0/security-group-rules HTTP/1.1" status: 201 len: 769 time: 0.2232833
2026-05-12 12:40:33.872 9 WARNING neutron.scheduler.dhcp_agent_scheduler [None req-bea59b5c-6458-4185-9869-c07d402f6a27 69e3f306e321445e936f297c8b42fea1 d8859b549f454813b029955f5e70664b - - - -] No more DHCP agents
2026-05-12 12:40:33.874 9 WARNING neutron.api.rpc.agentnotifiers.dhcp_rpc_agent_api [None req-bea59b5c-6458-4185-9869-c07d402f6a27 69e3f306e321445e936f297c8b42fea1 d8859b549f454813b029955f5e70664b - - - -] Unable to schedule network 8b5a2d22-a16f-4184-8653-e0b63c5d61fa: no agents available; will retry on subsequent port and subnet creation events.
2026-05-12 12:40:34.267 9 INFO neutron.wsgi [None req-fc8a8b92-a471-4838-bf36-f9114346c9e1 64c17fa457ac42299219264d7842b4b1 18f61a25e7594986bce3cd205235e13b - - - -] 10.0.0.62 "PUT /v2.0/routers/a13eceda-6144-401e-87dd-6bb422aff052/remove_router_interface HTTP/1.1" status: 200 len: 503 time: 1.2912664
2026-05-12 12:40:34.324 9 INFO neutron.db.ovn_revision_numbers_db [None req-bea59b5c-6458-4185-9869-c07d402f6a27 69e3f306e321445e936f297c8b42fea1 d8859b549f454813b029955f5e70664b - - - -] Successfully bumped revision number for resource 6c706842-9393-4578-84a6-e4dbbb92712f (type: floatingips) to 0
2026-05-12 12:40:34.338 9 INFO neutron.wsgi [None req-bea59b5c-6458-4185-9869-c07d402f6a27 69e3f306e321445e936f297c8b42fea1 d8859b549f454813b029955f5e70664b - - - -] 10.0.0.62 "POST /v2.0/floatingips HTTP/1.1" status: 201 len: 751 time: 0.7763255 /var/lib/openstack/lib/python3.10/site-packages/pycadf/identifier.py:71: UserWarning: Invalid uuid: neutron. To ensure interoperability, identifiers should be a valid uuid. warnings.warn(('Invalid uuid: %s. To ensure interoperability, '
2026-05-12 12:40:34.591 9 INFO neutron.db.ovn_revision_numbers_db [None req-1bd69fce-6b7d-454c-9536-2c539fad70f2 b13230c76d314e39a0bc164eb4804e90 9925fe606a554717aab6e2d224ef3810 - - default default] Successfully bumped revision number for resource 10fdbd76-5d03-4130-a11f-e8221de95067 (type: security_groups) to 1
2026-05-12 12:40:34.615 9 INFO neutron.wsgi [None req-1bd69fce-6b7d-454c-9536-2c539fad70f2 b13230c76d314e39a0bc164eb4804e90 9925fe606a554717aab6e2d224ef3810 - - default default] 10.0.0.62 "GET /v2.0/security-groups?tenant_id=8c7daf2a4f774621aff0b536df8df828&name=default HTTP/1.1" status: 200 len: 2996 time: 0.2970650
2026-05-12 12:40:34.785 9 INFO neutron.wsgi [req-d49688c2-7135-416e-905b-283977d3da71 req-b78a7bf8-34d9-4f7f-b9b4-1d76b56669cf 69e3f306e321445e936f297c8b42fea1 d8859b549f454813b029955f5e70664b - - default default] 10.0.0.25 "GET /v2.0/security-groups?name=tempest-securitygroup--330893247&fields=id&tenant_id=d8859b549f454813b029955f5e70664b HTTP/1.1" status: 200 len: 267 time: 0.0342491
2026-05-12 12:40:34.803 10 WARNING neutron.plugins.ml2.drivers.ovn.mech_driver.ovsdb.ovn_client [None req-383127f5-ba7c-4158-b285-d8aca818ecbb - - - - - -] No port found with ID dd3ce273-7647-4af4-a631-1a33617d0e32: RuntimeError: No port found with ID dd3ce273-7647-4af4-a631-1a33617d0e32
2026-05-12 12:40:34.819 9 INFO neutron.wsgi [None req-0cee3970-349a-490e-b618-3b1fdb8b0e51 b13230c76d314e39a0bc164eb4804e90 9925fe606a554717aab6e2d224ef3810 - - - -] 10.0.0.62 "DELETE /v2.0/security-groups/10fdbd76-5d03-4130-a11f-e8221de95067 HTTP/1.1" status: 204 len: 168 time: 0.1983685
2026-05-12 12:40:34.842 10 INFO neutron.plugins.ml2.drivers.ovn.mech_driver.mech_driver [None req-383127f5-ba7c-4158-b285-d8aca818ecbb - - - - - -] OVN reports status up for port: ee923b25-b33e-4ae7-8a15-ffe0b63fa022
2026-05-12 12:40:34.861 9 INFO neutron.wsgi [req-d49688c2-7135-416e-905b-283977d3da71 req-4c234afa-bdc0-4540-9c5d-2e0211f2a5c4 69e3f306e321445e936f297c8b42fea1 d8859b549f454813b029955f5e70664b - - default default] 10.0.0.25 "GET /v2.0/networks?id=d4eeba7e-08cc-4728-a0a1-b2c68aacfc99 HTTP/1.1" status: 200 len: 869 time: 0.0705037
2026-05-12 12:40:34.865 10 INFO neutron.plugins.ml2.plugin [None req-383127f5-ba7c-4158-b285-d8aca818ecbb - - - - - -] Attempt 1 to provision port ee923b25-b33e-4ae7-8a15-ffe0b63fa022
2026-05-12 12:40:34.879 9 INFO neutron.wsgi [req-d49688c2-7135-416e-905b-283977d3da71 req-8442cc60-56f7-410d-ac02-3ce863b48981 69e3f306e321445e936f297c8b42fea1 d8859b549f454813b029955f5e70664b - - default default] 10.0.0.25 "GET /v2.0/quotas/d8859b549f454813b029955f5e70664b HTTP/1.1" status: 200 len: 386 time: 0.0100942
2026-05-12 12:40:34.967 9 INFO neutron.wsgi [req-d49688c2-7135-416e-905b-283977d3da71 req-888d94f7-8d1e-4302-b553-82cecd721867 69e3f306e321445e936f297c8b42fea1 d8859b549f454813b029955f5e70664b - - default default] 10.0.0.25 "GET /v2.0/ports?tenant_id=d8859b549f454813b029955f5e70664b&fields=id HTTP/1.1" status: 200 len: 302 time: 0.0837176
2026-05-12 12:40:34.968 10 INFO neutron.wsgi [None req-f71459c2-e05f-4999-bc3d-5ba944e28d42 64c17fa457ac42299219264d7842b4b1 18f61a25e7594986bce3cd205235e13b - - - -] 10.0.0.62 "DELETE /v2.0/routers/a13eceda-6144-401e-87dd-6bb422aff052 HTTP/1.1" status: 204 len: 168 time: 0.6963134
2026-05-12 12:40:35.082 9 INFO neutron.wsgi [req-d49688c2-7135-416e-905b-283977d3da71 req-c10bcfd0-2d6c-4309-83d5-bc2677f4e974 e326119a2b95487b818c99a3145e043a 3ae3ba7ab3bd42cbba83a45717edbb56 - - 6698cee769d4496ab6a1aaec088ecb18 6698cee769d4496ab6a1aaec088ecb18] 10.0.0.25 "GET /v2.0/networks/d4eeba7e-08cc-4728-a0a1-b2c68aacfc99?fields=segments HTTP/1.1" status: 200 len: 212 time: 0.0964217
2026-05-12 12:40:35.158 10 INFO neutron.db.ovn_revision_numbers_db [None req-383127f5-ba7c-4158-b285-d8aca818ecbb - - - - - -] Successfully bumped revision number for resource ee923b25-b33e-4ae7-8a15-ffe0b63fa022 (type: ports) to 3
2026-05-12 12:40:35.177 9 INFO neutron.wsgi [req-d49688c2-7135-416e-905b-283977d3da71 req-06add344-9a40-45d2-b319-dd1e1334e974 e326119a2b95487b818c99a3145e043a 3ae3ba7ab3bd42cbba83a45717edbb56 - - 6698cee769d4496ab6a1aaec088ecb18 6698cee769d4496ab6a1aaec088ecb18] 10.0.0.25 "GET /v2.0/networks/d4eeba7e-08cc-4728-a0a1-b2c68aacfc99?fields=provider%3Aphysical_network&fields=provider%3Anetwork_type HTTP/1.1" status: 200 len: 277 time: 0.0823824
2026-05-12 12:40:35.242 9 INFO neutron.wsgi [None req-ff9a30c1-b1ce-4951-a091-c33c63e13e1d 64c17fa457ac42299219264d7842b4b1 18f61a25e7594986bce3cd205235e13b - - - -] 10.0.0.62 "DELETE /v2.0/subnets/57e6f891-cf0e-48e9-9db1-8babfb4f0ffd HTTP/1.1" status: 204 len: 168 time: 0.2689385
2026-05-12 12:40:35.246 10 INFO neutron.db.ovn_revision_numbers_db [None req-383127f5-ba7c-4158-b285-d8aca818ecbb - - - - - -] Successfully bumped revision number for resource ee923b25-b33e-4ae7-8a15-ffe0b63fa022 (type: router_ports) to 3 /var/lib/openstack/lib/python3.10/site-packages/pycadf/identifier.py:71: UserWarning: Invalid uuid: neutron. To ensure interoperability, identifiers should be a valid uuid. warnings.warn(('Invalid uuid: %s. To ensure interoperability, '
2026-05-12 12:40:35.336 10 INFO neutron.wsgi [req-be02fb45-0806-415d-a312-5c3395dc3c78 req-3f58ed62-89fd-41e8-b942-f967fefdb95e 69e3f306e321445e936f297c8b42fea1 d8859b549f454813b029955f5e70664b - - default default] 10.0.0.25 "GET /v2.0/ports?device_id=ff4b1512-cf95-4267-85c2-682fc17e57a6 HTTP/1.1" status: 200 len: 210 time: 0.0213270
2026-05-12 12:40:35.614 9 INFO neutron.services.segments.plugin [-] Segment 681592e2-a90e-4d2b-ba25-c209c04ea911 resource provider aggregate not found
2026-05-12 12:40:35.629 9 INFO neutron.services.segments.plugin [-] Segment 681592e2-a90e-4d2b-ba25-c209c04ea911 resource provider aggregate not found
2026-05-12 12:40:35.634 9 INFO neutron.services.segments.plugin [-] Segment 681592e2-a90e-4d2b-ba25-c209c04ea911 resource provider not found; error: Placement Client Error (4xx): {"errors": [{"status": 404, "title": "Not Found", "detail": "The resource could not be found.\n\n No resource provider with uuid 681592e2-a90e-4d2b-ba25-c209c04ea911 found for delete ", "request_id": "req-69c188e6-6d54-44ed-8532-66659209740f"}]}
2026-05-12 12:40:35.650 9 INFO neutron.services.segments.plugin [-] Segment 681592e2-a90e-4d2b-ba25-c209c04ea911 resource provider not found; error: Placement Client Error (4xx): {"errors": [{"status": 404, "title": "Not Found", "detail": "The resource could not be found.\n\n No resource provider with uuid 681592e2-a90e-4d2b-ba25-c209c04ea911 found for delete ", "request_id": "req-3dbbe58d-212a-4519-b92b-b36daac13069"}]}
2026-05-12 12:40:35.669 9 INFO neutron.wsgi [None req-b9844b0d-dc38-4005-9ff8-23b41b4fc539 64c17fa457ac42299219264d7842b4b1 18f61a25e7594986bce3cd205235e13b - - - -] 10.0.0.62 "DELETE /v2.0/networks/fa72c3c3-8fc6-4ca3-b16a-9b2f9504e2d0 HTTP/1.1" status: 204 len: 168 time: 0.4215558
2026-05-12 12:40:36.294 9 INFO neutron.wsgi [None req-40b00f63-cb4c-4541-b51c-3ae7e584a340 b13230c76d314e39a0bc164eb4804e90 9925fe606a554717aab6e2d224ef3810 - - default default] 10.0.0.62 "GET /v2.0/security-groups?tenant_id=18f61a25e7594986bce3cd205235e13b&name=default HTTP/1.1" status: 200 len: 2996 time: 0.1958115
2026-05-12 12:40:36.320 9 INFO neutron.wsgi [req-d49688c2-7135-416e-905b-283977d3da71 req-6e32432f-ad83-422b-ac81-a2ed843b79e9 69e3f306e321445e936f297c8b42fea1 d8859b549f454813b029955f5e70664b - - default default] 199.19.213.87 "GET /v2.0/networks?id=d4eeba7e-08cc-4728-a0a1-b2c68aacfc99 HTTP/1.1" status: 200 len: 869 time: 0.0869262
2026-05-12 12:40:36.368 9 INFO neutron.wsgi [req-d49688c2-7135-416e-905b-283977d3da71 req-2ce09367-4ab8-4e85-8450-0b9cdbc84f0e 69e3f306e321445e936f297c8b42fea1 d8859b549f454813b029955f5e70664b - - default default] 199.19.213.87 "GET /v2.0/security-groups?fields=id&fields=name&tenant_id=d8859b549f454813b029955f5e70664b HTTP/1.1" status: 200 len: 379 time: 0.0422432
2026-05-12 12:40:36.426 10 INFO neutron.wsgi [req-2fe8ca0c-6ee2-43bc-be87-fda1f644706d req-d0cef1b1-5e4f-4572-85b4-b47e05d54029 69e3f306e321445e936f297c8b42fea1 d8859b549f454813b029955f5e70664b - - default default] 10.0.0.25 "GET /v2.0/ports?device_id=ff4b1512-cf95-4267-85c2-682fc17e57a6 HTTP/1.1" status: 200 len: 210 time: 0.0224140
2026-05-12 12:40:36.571 9 INFO neutron.wsgi [None req-55c4330f-2b13-4ea0-ac40-64dc32ed5575 b13230c76d314e39a0bc164eb4804e90 9925fe606a554717aab6e2d224ef3810 - - - -] 10.0.0.62 "DELETE /v2.0/security-groups/5af48e0b-ecca-4717-9f0b-dfb8f75bc32a HTTP/1.1" status: 204 len: 168 time: 0.2721040
2026-05-12 12:40:36.675 10 INFO neutron.wsgi [None req-7a613c2e-5caf-47ae-9621-a28321463244 776ac469722f44828d2c2361c0d6ac94 aa9cbe3109ac45b887a4db6d90dd9590 - - default default] 10.0.0.62 "GET /v2.0/extensions HTTP/1.1" status: 200 len: 16520 time: 0.1198826
2026-05-12 12:40:36.684 10 INFO neutron.wsgi [None req-8401b1c9-ad89-4b63-88f1-6c66a54d2d15 776ac469722f44828d2c2361c0d6ac94 aa9cbe3109ac45b887a4db6d90dd9590 - - default default] 10.0.0.62 "GET /v2.0/extensions/address-group HTTP/1.1" status: 200 len: 353 time: 0.0037224 /var/lib/openstack/lib/python3.10/site-packages/pycadf/identifier.py:71: UserWarning: Invalid uuid: neutron. To ensure interoperability, identifiers should be a valid uuid. warnings.warn(('Invalid uuid: %s. To ensure interoperability, '
2026-05-12 12:40:36.693 9 INFO neutron.wsgi [None req-2a02a885-1a77-4131-b17e-ff500e1a1740 776ac469722f44828d2c2361c0d6ac94 aa9cbe3109ac45b887a4db6d90dd9590 - - default default] 10.0.0.62 "GET /v2.0/extensions/address-scope HTTP/1.1" status: 200 len: 357 time: 0.0045493
2026-05-12 12:40:36.704 10 INFO neutron.wsgi [None req-cec5c1bd-f7a9-447e-8d0e-4c8f6b4841fa 776ac469722f44828d2c2361c0d6ac94 aa9cbe3109ac45b887a4db6d90dd9590 - - default default] 10.0.0.62 "GET /v2.0/extensions/agent HTTP/1.1" status: 200 len: 347 time: 0.0076230
2026-05-12 12:40:36.711 10 INFO neutron.wsgi [None req-810adb09-d4a3-4936-a09a-4246986cdc1f 776ac469722f44828d2c2361c0d6ac94 aa9cbe3109ac45b887a4db6d90dd9590 - - default default] 10.0.0.62 "GET /v2.0/extensions/allowed-address-pairs HTTP/1.1" status: 200 len: 378 time: 0.0031290
2026-05-12 12:40:36.715 9 WARNING neutron.scheduler.dhcp_agent_scheduler [None req-897fb613-e01e-414f-96df-e3ff3c497694 69e3f306e321445e936f297c8b42fea1 d8859b549f454813b029955f5e70664b - - - -] No more DHCP agents
2026-05-12 12:40:36.717 9 WARNING neutron.api.rpc.agentnotifiers.dhcp_rpc_agent_api [None req-897fb613-e01e-414f-96df-e3ff3c497694 69e3f306e321445e936f297c8b42fea1 d8859b549f454813b029955f5e70664b - - - -] Unable to schedule network d4eeba7e-08cc-4728-a0a1-b2c68aacfc99: no agents available; will retry on subsequent port and subnet creation events.
2026-05-12 12:40:36.718 10 INFO neutron.wsgi [None req-a5ab130f-1224-456b-982d-2d2980b5bd6e 776ac469722f44828d2c2361c0d6ac94 aa9cbe3109ac45b887a4db6d90dd9590 - - default default] 10.0.0.62 "GET /v2.0/extensions/auto-allocated-topology HTTP/1.1" status: 200 len: 394 time: 0.0044258
2026-05-12 12:40:36.727 10 INFO neutron.wsgi [None req-5e95e965-53cf-4ee4-81f1-93885c1c4c3d 776ac469722f44828d2c2361c0d6ac94 aa9cbe3109ac45b887a4db6d90dd9590 - - default default] 10.0.0.62 "GET /v2.0/extensions/availability_zone HTTP/1.1" status: 200 len: 372 time: 0.0044856
2026-05-12 12:40:36.729 9 INFO neutron.wsgi [-] 10.0.0.39 "GET / HTTP/1.1" status: 200 len: 246 time: 0.0012972
2026-05-12 12:40:36.730 9 INFO neutron.wsgi [-] 10.0.0.39 "GET / HTTP/1.1" status: 200 len: 246 time: 0.0008702
2026-05-12 12:40:36.736 10 INFO neutron.wsgi [None req-c64bb682-bb8c-4f7f-8a43-7cf890d42a4b 776ac469722f44828d2c2361c0d6ac94 aa9cbe3109ac45b887a4db6d90dd9590 - - default default] 10.0.0.62 "GET /v2.0/extensions/default-subnetpools HTTP/1.1" status: 200 len: 405 time: 0.0054414
2026-05-12 12:40:36.744 10 INFO neutron.wsgi [None req-52ed6c21-fd01-4440-bb01-48f42870fb70 776ac469722f44828d2c2361c0d6ac94 aa9cbe3109ac45b887a4db6d90dd9590 - - default default] 10.0.0.62 "GET /v2.0/extensions/dhcp_agent_scheduler HTTP/1.1" status: 200 len: 381 time: 0.0041022
2026-05-12 12:40:36.750 10 INFO neutron.wsgi [None req-a3bb1847-321f-4eaa-8aa9-8f6d6ce53520 776ac469722f44828d2c2361c0d6ac94 aa9cbe3109ac45b887a4db6d90dd9590 - - default default] 10.0.0.62 "GET /v2.0/extensions/dns-integration HTTP/1.1" status: 200 len: 366 time: 0.0034027 /var/lib/openstack/lib/python3.10/site-packages/pycadf/identifier.py:71: UserWarning: Invalid uuid: neutron. To ensure interoperability, identifiers should be a valid uuid. warnings.warn(('Invalid uuid: %s. To ensure interoperability, '
2026-05-12 12:40:36.757 9 INFO neutron.wsgi [None req-343361f4-e95b-4798-9f6b-d33fc96ec851 776ac469722f44828d2c2361c0d6ac94 aa9cbe3109ac45b887a4db6d90dd9590 - - default default] 10.0.0.62 "GET /v2.0/extensions/dns-domain-ports HTTP/1.1" status: 200 len: 399 time: 0.0045915
2026-05-12 12:40:36.770 9 INFO neutron.wsgi [None req-00ebdc10-a92d-4bbd-ab4e-927f37c487f3 776ac469722f44828d2c2361c0d6ac94 aa9cbe3109ac45b887a4db6d90dd9590 - - default default] 10.0.0.62 "GET /v2.0/extensions/dns-integration-domain-keywords HTTP/1.1" status: 200 len: 477 time: 0.0095377
2026-05-12 12:40:36.778 9 INFO neutron.wsgi [None req-a34b59e6-f3d6-4525-9c4e-978536fb2282 776ac469722f44828d2c2361c0d6ac94 aa9cbe3109ac45b887a4db6d90dd9590 - - default default] 10.0.0.62 "GET /v2.0/extensions/external-net HTTP/1.1" status: 200 len: 394 time: 0.0052888
2026-05-12 12:40:36.788 10 INFO neutron.wsgi [None req-494f9796-1b27-416f-8593-ef624c9563ec 776ac469722f44828d2c2361c0d6ac94 aa9cbe3109ac45b887a4db6d90dd9590 - - default default] 10.0.0.62 "GET /v2.0/extensions/extra_dhcp_opt HTTP/1.1" status: 200 len: 498 time: 0.0066848
2026-05-12 12:40:36.797 10 INFO neutron.wsgi [None req-87aedac2-8703-4ba9-8a7c-1e23e23ebb42 776ac469722f44828d2c2361c0d6ac94 aa9cbe3109ac45b887a4db6d90dd9590 - - default default] 10.0.0.62 "GET /v2.0/extensions/extraroute HTTP/1.1" status: 200 len: 375 time: 0.0044346
2026-05-12 12:40:36.804 10 INFO neutron.wsgi [None req-db88efa6-577e-48ab-a4da-f670a457980f 776ac469722f44828d2c2361c0d6ac94 aa9cbe3109ac45b887a4db6d90dd9590 - - default default] 10.0.0.62 "GET /v2.0/extensions/filter-validation HTTP/1.1" status: 200 len: 392 time: 0.0043514
2026-05-12 12:40:36.811 10 INFO neutron.wsgi [None req-d08dc1ff-899b-4f36-b3f0-f542286b3fdc 776ac469722f44828d2c2361c0d6ac94 aa9cbe3109ac45b887a4db6d90dd9590 - - default default] 10.0.0.62 "GET /v2.0/extensions/floating-ip-port-forwarding-detail HTTP/1.1" status: 200 len: 465 time: 0.0046344
2026-05-12 12:40:36.819 10 INFO neutron.wsgi [None req-291fb6f5-4d7a-408a-b2b4-ee47cc5b1b8e 776ac469722f44828d2c2361c0d6ac94 aa9cbe3109ac45b887a4db6d90dd9590 - - default default] 10.0.0.62 "GET /v2.0/extensions/fip-port-details HTTP/1.1" status: 200 len: 406 time: 0.0043614
2026-05-12 12:40:36.825 10 INFO neutron.wsgi [None req-71e3e9c5-085e-4c69-b271-b99086b74412 776ac469722f44828d2c2361c0d6ac94 aa9cbe3109ac45b887a4db6d90dd9590 - - default default] 10.0.0.62 "GET /v2.0/extensions/flavors HTTP/1.1" status: 200 len: 387 time: 0.0032380
2026-05-12 12:40:36.830 10 INFO neutron.wsgi [None req-29759bbe-cf36-4135-9e30-da0a5253478e 776ac469722f44828d2c2361c0d6ac94 aa9cbe3109ac45b887a4db6d90dd9590 - - default default] 10.0.0.62 "GET /v2.0/extensions/floatingip-pools HTTP/1.1" status: 200 len: 382 time: 0.0031493
2026-05-12 12:40:36.840 10 INFO neutron.wsgi [None req-3acb5654-7528-4989-8e3d-f6af25aab069 776ac469722f44828d2c2361c0d6ac94 aa9cbe3109ac45b887a4db6d90dd9590 - - default default] 10.0.0.62 "GET /v2.0/extensions/ip_allocation HTTP/1.1" status: 200 len: 356 time: 0.0072620
2026-05-12 12:40:36.851 10 INFO neutron.wsgi [None req-3abfe033-a413-4c86-a553-32543f63c390 776ac469722f44828d2c2361c0d6ac94 aa9cbe3109ac45b887a4db6d90dd9590 - - default default] 10.0.0.62 "GET /v2.0/extensions/l2_adjacency HTTP/1.1" status: 200 len: 372 time: 0.0076718
2026-05-12 12:40:36.866 10 INFO neutron.wsgi [None req-2c3f4746-cea3-468e-97fe-f801e88da14b 776ac469722f44828d2c2361c0d6ac94 aa9cbe3109ac45b887a4db6d90dd9590 - - default default] 10.0.0.62 "GET /v2.0/extensions/router HTTP/1.1" status: 200 len: 450 time: 0.0072465
2026-05-12 12:40:36.877 10 INFO neutron.wsgi [None req-35a7d9e8-fb4a-4336-9de2-394c058a3562 776ac469722f44828d2c2361c0d6ac94 aa9cbe3109ac45b887a4db6d90dd9590 - - default default] 10.0.0.62 "GET /v2.0/extensions/ext-gw-mode HTTP/1.1" status: 200 len: 462 time: 0.0079446
2026-05-12 12:40:36.881 9 INFO neutron.db.ovn_revision_numbers_db [None req-897fb613-e01e-414f-96df-e3ff3c497694 69e3f306e321445e936f297c8b42fea1 d8859b549f454813b029955f5e70664b - - - -] Successfully bumped revision number for resource 8471c678-b0e2-47b1-a2bf-9003a06f9a1e (type: ports) to 1
2026-05-12 12:40:36.893 10 INFO neutron.wsgi [None req-92930e33-a363-48db-8471-07ff8a15b5f5 776ac469722f44828d2c2361c0d6ac94 aa9cbe3109ac45b887a4db6d90dd9590 - - default default] 10.0.0.62 "GET /v2.0/extensions/logging HTTP/1.1" status: 200 len: 407 time: 0.0073833
2026-05-12 12:40:36.901 9 INFO neutron.wsgi [None req-f3e5e0b4-5c3a-41e6-9f8f-ddd3bfb7e672 776ac469722f44828d2c2361c0d6ac94 aa9cbe3109ac45b887a4db6d90dd9590 - - default default] 10.0.0.62 "GET /v2.0/extensions/multi-provider HTTP/1.1" status: 200 len: 406 time: 0.0055904
