2026-05-12 12:42:45.189 10 INFO neutron.db.ovn_revision_numbers_db [None req-e6956306-b8c7-4256-a8dc-69cc67b36f38 8c422e0abec040c7811c078ef6953b21 5fc8abcdcaab4d5c9ecbc708cead7f41 - - - -] Successfully bumped revision number for resource fa2f48da-114b-49a4-bd0a-f736e8f761f3 (type: security_group_rules) to 0
2026-05-12 12:42:45.196 10 INFO neutron.wsgi [req-ab0168a6-801b-4888-9ec0-79ba5b0478c6 req-ea761c3d-9057-4225-a695-b6b2b1c31eac e326119a2b95487b818c99a3145e043a 3ae3ba7ab3bd42cbba83a45717edbb56 - - 6698cee769d4496ab6a1aaec088ecb18 6698cee769d4496ab6a1aaec088ecb18] 199.19.213.87 "GET /v2.0/networks/7c8ba3c1-a81d-4c41-a031-4547fb11943b?fields=segments HTTP/1.1" status: 200 len: 212 time: 0.0965261
2026-05-12 12:42:45.246 10 INFO neutron.wsgi [None req-e6956306-b8c7-4256-a8dc-69cc67b36f38 8c422e0abec040c7811c078ef6953b21 5fc8abcdcaab4d5c9ecbc708cead7f41 - - - -] 10.0.0.62 "POST /v2.0/security-group-rules HTTP/1.1" status: 201 len: 763 time: 0.3041863
2026-05-12 12:42:45.301 10 INFO neutron.wsgi [req-c2c60e06-1522-423e-b52c-f14703b0a7d4 req-8f9cb1d5-bcfe-4c29-98fc-1b38eef82db1 5315c88a474b48b4b1e47f407b2e25e3 da976f6b156a4dcebd35c11b7822fca1 - - default default] 10.0.0.25 "GET /v2.0/ports?device_id=b7dc0478-d095-4b14-8a7c-6a13121e97d3 HTTP/1.1" status: 200 len: 1174 time: 0.0733368
2026-05-12 12:42:45.307 10 INFO neutron.wsgi [req-ab0168a6-801b-4888-9ec0-79ba5b0478c6 req-2896a874-a961-4fc1-a599-cc80557147f2 e326119a2b95487b818c99a3145e043a 3ae3ba7ab3bd42cbba83a45717edbb56 - - 6698cee769d4496ab6a1aaec088ecb18 6698cee769d4496ab6a1aaec088ecb18] 199.19.213.87 "GET /v2.0/networks/7c8ba3c1-a81d-4c41-a031-4547fb11943b?fields=provider%3Aphysical_network&fields=provider%3Anetwork_type HTTP/1.1" status: 200 len: 277 time: 0.1003387
2026-05-12 12:42:45.347 10 INFO neutron.wsgi [req-c2c60e06-1522-423e-b52c-f14703b0a7d4 req-07b7e00a-a304-468b-8471-eb991f6b8862 5315c88a474b48b4b1e47f407b2e25e3 da976f6b156a4dcebd35c11b7822fca1 - - default default] 10.0.0.25 "GET /v2.0/security-groups?id=00193987-fd37-4c98-b469-bda070de0c9b&fields=id&fields=name HTTP/1.1" status: 200 len: 286 time: 0.0374935
2026-05-12 12:42:45.367 9 INFO neutron.db.ovn_revision_numbers_db [None req-86bd1929-1301-40d4-ba84-dda870d832b8 8c422e0abec040c7811c078ef6953b21 5fc8abcdcaab4d5c9ecbc708cead7f41 - - - -] Successfully bumped revision number for resource 30dbd294-59f4-48b8-8a76-5af2973754c3 (type: security_group_rules) to 0
2026-05-12 12:42:45.383 10 INFO neutron.notifiers.nova [-] Nova event matching ['req-6af425b1-8ba8-4db6-bea8-e5fb04cd7cb4'] response: {'server_uuid': 'b7dc0478-d095-4b14-8a7c-6a13121e97d3', 'name': 'network-vif-plugged', 'status': 'completed', 'tag': '0279c413-1d52-4ceb-9ec8-a85da5fe540a', 'code': 200}
2026-05-12 12:42:45.384 10 INFO neutron.notifiers.nova [-] Nova event matching ['req-6af425b1-8ba8-4db6-bea8-e5fb04cd7cb4'] response: {'server_uuid': 'b7dc0478-d095-4b14-8a7c-6a13121e97d3', 'name': 'network-vif-plugged', 'status': 'completed', 'tag': '0279c413-1d52-4ceb-9ec8-a85da5fe540a', 'code': 200}
2026-05-12 12:42:45.395 9 INFO neutron.wsgi [None req-86bd1929-1301-40d4-ba84-dda870d832b8 8c422e0abec040c7811c078ef6953b21 5fc8abcdcaab4d5c9ecbc708cead7f41 - - - -] 10.0.0.62 "POST /v2.0/security-group-rules HTTP/1.1" status: 201 len: 769 time: 0.1427867
2026-05-12 12:42:45.521 9 INFO neutron.db.ovn_revision_numbers_db [None req-ec046f60-08f5-4b9d-9c9d-eda76b073ba1 8c422e0abec040c7811c078ef6953b21 5fc8abcdcaab4d5c9ecbc708cead7f41 - - - -] Successfully bumped revision number for resource d15a8a91-d7f2-49a8-b629-2b0f43412c72 (type: security_group_rules) to 0
2026-05-12 12:42:45.544 9 INFO neutron.wsgi [None req-ec046f60-08f5-4b9d-9c9d-eda76b073ba1 8c422e0abec040c7811c078ef6953b21 5fc8abcdcaab4d5c9ecbc708cead7f41 - - - -] 10.0.0.62 "POST /v2.0/security-group-rules HTTP/1.1" status: 201 len: 768 time: 0.1446953
2026-05-12 12:42:45.587 9 INFO neutron.db.securitygroups_db [None req-0f82abea-9cf9-4e4a-a936-55ce9c15d282 8c422e0abec040c7811c078ef6953b21 5fc8abcdcaab4d5c9ecbc708cead7f41 - - - -] Project 5fc8abcdcaab4d5c9ecbc708cead7f41 added a security group rule with legacy IPv6 ICMP protocol name icmp, ipv6-icmp should be used instead. It was automatically converted.
2026-05-12 12:42:45.657 10 INFO neutron.wsgi [None req-f70e808a-2c0c-41f8-8958-06133849497d 6fadefc254fd4fcda566ca4eadc87f8c 0b6cee91d1ca4b48b54b43ced2556697 - - - -] 10.0.0.62 "DELETE /v2.0/networks/246c3eb1-4eab-4e4a-a4d4-a87b6a4ef69f HTTP/1.1" status: 204 len: 168 time: 0.4573114
2026-05-12 12:42:45.685 9 INFO neutron.db.ovn_revision_numbers_db [None req-0f82abea-9cf9-4e4a-a936-55ce9c15d282 8c422e0abec040c7811c078ef6953b21 5fc8abcdcaab4d5c9ecbc708cead7f41 - - - -] Successfully bumped revision number for resource 8d61b6f6-4b97-4829-b069-246b3bee9619 (type: security_group_rules) to 0
2026-05-12 12:42:45.722 9 INFO neutron.wsgi [None req-0f82abea-9cf9-4e4a-a936-55ce9c15d282 8c422e0abec040c7811c078ef6953b21 5fc8abcdcaab4d5c9ecbc708cead7f41 - - - -] 10.0.0.62 "POST /v2.0/security-group-rules HTTP/1.1" status: 201 len: 774 time: 0.1591177
2026-05-12 12:42:45.763 10 INFO neutron.db.securitygroups_db [None req-af38f358-91a5-4b21-b61f-86744788e129 8c422e0abec040c7811c078ef6953b21 5fc8abcdcaab4d5c9ecbc708cead7f41 - - - -] Project 5fc8abcdcaab4d5c9ecbc708cead7f41 added a security group rule with legacy IPv6 ICMP protocol name icmp, ipv6-icmp should be used instead. It was automatically converted.
2026-05-12 12:42:45.852 10 INFO neutron.db.ovn_revision_numbers_db [None req-af38f358-91a5-4b21-b61f-86744788e129 8c422e0abec040c7811c078ef6953b21 5fc8abcdcaab4d5c9ecbc708cead7f41 - - - -] Successfully bumped revision number for resource 33edac06-5e61-4a1f-add7-5c6de381286e (type: security_group_rules) to 0
2026-05-12 12:42:45.881 10 INFO neutron.wsgi [None req-af38f358-91a5-4b21-b61f-86744788e129 8c422e0abec040c7811c078ef6953b21 5fc8abcdcaab4d5c9ecbc708cead7f41 - - - -] 10.0.0.62 "POST /v2.0/security-group-rules HTTP/1.1" status: 201 len: 773 time: 0.1513488
2026-05-12 12:42:46.010 9 INFO neutron.services.segments.plugin [-] Segment aefec229-9ea3-40f7-9437-870a8fa0103c resource provider aggregate not found
2026-05-12 12:42:46.014 9 INFO neutron.services.segments.plugin [-] Segment aefec229-9ea3-40f7-9437-870a8fa0103c resource provider aggregate not found
2026-05-12 12:42:46.032 9 INFO neutron.services.segments.plugin [-] Segment aefec229-9ea3-40f7-9437-870a8fa0103c resource provider not found; error: Placement Client Error (4xx): {"errors": [{"status": 404, "title": "Not Found", "detail": "The resource could not be found.\n\n No resource provider with uuid aefec229-9ea3-40f7-9437-870a8fa0103c found for delete ", "request_id": "req-e4ff4af0-fd49-4d0a-87dc-a3cd1c0f8a6d"}]}
2026-05-12 12:42:46.042 9 INFO neutron.services.segments.plugin [-] Segment aefec229-9ea3-40f7-9437-870a8fa0103c resource provider not found; error: Placement Client Error (4xx): {"errors": [{"status": 404, "title": "Not Found", "detail": "The resource could not be found.\n\n No resource provider with uuid aefec229-9ea3-40f7-9437-870a8fa0103c found for delete ", "request_id": "req-f55db118-1b7e-4d71-8316-a5cd16628538"}]}
2026-05-12 12:42:46.068 9 INFO neutron.wsgi [None req-a7aa039b-e206-4954-948c-a878bd1a63d3 6fadefc254fd4fcda566ca4eadc87f8c 0b6cee91d1ca4b48b54b43ced2556697 - - - -] 10.0.0.62 "DELETE /v2.0/networks/5d2a8f12-5b22-4a1c-ae90-6dbadaebbf9a HTTP/1.1" status: 204 len: 168 time: 0.4046147
2026-05-12 12:42:46.375 9 INFO neutron.wsgi [None req-4d7f8866-c3c0-4ede-8dca-7c1b03b7f884 8c422e0abec040c7811c078ef6953b21 5fc8abcdcaab4d5c9ecbc708cead7f41 - - default default] 10.0.0.62 "GET /v2.0/networks HTTP/1.1" status: 200 len: 1493 time: 0.1210084
2026-05-12 12:42:46.433 10 INFO neutron.wsgi [None req-fcb5ede9-5db1-4598-8683-0eb086b57c74 6fadefc254fd4fcda566ca4eadc87f8c 0b6cee91d1ca4b48b54b43ced2556697 - - - -] 10.0.0.62 "DELETE /v2.0/networks/6a4cd4c7-8e7a-478c-9540-2e23eef7791d HTTP/1.1" status: 204 len: 168 time: 0.3595421
2026-05-12 12:42:46.454 10 INFO neutron.wsgi [req-4ab5a82a-8a4f-4432-b56f-4970886d4c8b req-b8221a42-2adb-4987-93a3-eff4a9cd297d 5315c88a474b48b4b1e47f407b2e25e3 da976f6b156a4dcebd35c11b7822fca1 - - default default] 10.0.0.25 "GET /v2.0/ports?device_id=b7dc0478-d095-4b14-8a7c-6a13121e97d3 HTTP/1.1" status: 200 len: 1174 time: 0.0346360
2026-05-12 12:42:46.492 10 INFO neutron.wsgi [req-4ab5a82a-8a4f-4432-b56f-4970886d4c8b req-298cb6af-0955-484c-a6e8-d68d53ebf41f 5315c88a474b48b4b1e47f407b2e25e3 da976f6b156a4dcebd35c11b7822fca1 - - default default] 10.0.0.25 "GET /v2.0/security-groups?id=00193987-fd37-4c98-b469-bda070de0c9b&fields=id&fields=name HTTP/1.1" status: 200 len: 286 time: 0.0305886
2026-05-12 12:42:46.514 9 INFO neutron.wsgi [req-3396f99b-1378-4e51-9c55-5d53a99846c3 req-facd7947-4c8e-4774-95a2-a1cea43ae6d8 8c422e0abec040c7811c078ef6953b21 5fc8abcdcaab4d5c9ecbc708cead7f41 - - default default] 10.0.0.25 "GET /v2.0/security-groups?name=tempest-secgroup-smoke-1516664789&fields=id&tenant_id=5fc8abcdcaab4d5c9ecbc708cead7f41 HTTP/1.1" status: 200 len: 267 time: 0.0640049
2026-05-12 12:42:46.616 9 INFO neutron.wsgi [req-3396f99b-1378-4e51-9c55-5d53a99846c3 req-c683ee10-0907-4baa-b435-56b29b4370c2 8c422e0abec040c7811c078ef6953b21 5fc8abcdcaab4d5c9ecbc708cead7f41 - - default default] 10.0.0.25 "GET /v2.0/networks?id=7c8ba3c1-a81d-4c41-a031-4547fb11943b HTTP/1.1" status: 200 len: 860 time: 0.0921986
2026-05-12 12:42:46.648 9 INFO neutron.wsgi [req-3396f99b-1378-4e51-9c55-5d53a99846c3 req-5c3eb004-7c4b-4321-946c-4e24175fa137 8c422e0abec040c7811c078ef6953b21 5fc8abcdcaab4d5c9ecbc708cead7f41 - - default default] 10.0.0.25 "GET /v2.0/quotas/5fc8abcdcaab4d5c9ecbc708cead7f41 HTTP/1.1" status: 200 len: 386 time: 0.0245509
2026-05-12 12:42:46.772 9 INFO neutron.wsgi [req-3396f99b-1378-4e51-9c55-5d53a99846c3 req-9f94ba09-b81c-4efa-b143-c77b7e22a02d 8c422e0abec040c7811c078ef6953b21 5fc8abcdcaab4d5c9ecbc708cead7f41 - - default default] 10.0.0.25 "GET /v2.0/ports?tenant_id=5fc8abcdcaab4d5c9ecbc708cead7f41&fields=id HTTP/1.1" status: 200 len: 348 time: 0.1149428
2026-05-12 12:42:46.843 9 INFO neutron.wsgi [req-3396f99b-1378-4e51-9c55-5d53a99846c3 req-f3cc1c3d-9434-4807-b986-1e5e4ba1c6da e326119a2b95487b818c99a3145e043a 3ae3ba7ab3bd42cbba83a45717edbb56 - - 6698cee769d4496ab6a1aaec088ecb18 6698cee769d4496ab6a1aaec088ecb18] 10.0.0.25 "GET /v2.0/networks/7c8ba3c1-a81d-4c41-a031-4547fb11943b?fields=segments HTTP/1.1" status: 200 len: 212 time: 0.0591743
2026-05-12 12:42:46.927 9 INFO neutron.wsgi [req-3396f99b-1378-4e51-9c55-5d53a99846c3 req-db1d0c42-5c82-473d-a1d2-9520d683ca0c e326119a2b95487b818c99a3145e043a 3ae3ba7ab3bd42cbba83a45717edbb56 - - 6698cee769d4496ab6a1aaec088ecb18 6698cee769d4496ab6a1aaec088ecb18] 10.0.0.25 "GET /v2.0/networks/7c8ba3c1-a81d-4c41-a031-4547fb11943b?fields=provider%3Aphysical_network&fields=provider%3Anetwork_type HTTP/1.1" status: 200 len: 277 time: 0.0760894
2026-05-12 12:42:47.012 9 INFO neutron.wsgi [None req-4c51c878-9b23-4294-87fc-e0e3607ce932 6fadefc254fd4fcda566ca4eadc87f8c 0b6cee91d1ca4b48b54b43ced2556697 - - - -] 10.0.0.62 "DELETE /v2.0/networks/8e3697f7-555b-4864-b1fa-0581be117fb5 HTTP/1.1" status: 204 len: 168 time: 0.5738444
2026-05-12 12:42:47.051 10 INFO neutron.plugins.ml2.drivers.ovn.mech_driver.mech_driver [None req-383127f5-ba7c-4158-b285-d8aca818ecbb - - - - - -] OVN reports status down for port: 0279c413-1d52-4ceb-9ec8-a85da5fe540a
2026-05-12 12:42:47.081 10 INFO neutron.wsgi [req-cd35f116-1b49-4f90-9edd-ecd5953620e0 req-48369362-2c7c-4842-a7dd-0987dd57afb7 5315c88a474b48b4b1e47f407b2e25e3 da976f6b156a4dcebd35c11b7822fca1 - - default default] 10.0.0.25 "GET /v2.0/ports?device_id=b7dc0478-d095-4b14-8a7c-6a13121e97d3 HTTP/1.1" status: 200 len: 1174 time: 0.0519395
2026-05-12 12:42:47.084 9 INFO neutron.wsgi [req-c2ecbf09-42f4-4c40-87f2-95e4578ce497 req-a3777a36-0e15-40bb-8800-f189b0c02f87 8c422e0abec040c7811c078ef6953b21 5fc8abcdcaab4d5c9ecbc708cead7f41 - - default default] 10.0.0.25 "GET /v2.0/ports?device_id=f1dfd636-c391-48c0-b41d-7f8ef5972f91 HTTP/1.1" status: 200 len: 210 time: 0.0199068
2026-05-12 12:42:47.122 10 INFO neutron.wsgi [req-cd35f116-1b49-4f90-9edd-ecd5953620e0 req-f24c09d0-356a-499a-a909-ac99abbc7cf3 5315c88a474b48b4b1e47f407b2e25e3 da976f6b156a4dcebd35c11b7822fca1 - - default default] 10.0.0.25 "GET /v2.0/security-groups?id=00193987-fd37-4c98-b469-bda070de0c9b&fields=id&fields=name HTTP/1.1" status: 200 len: 286 time: 0.0343313
2026-05-12 12:42:47.164 10 INFO neutron.services.segments.plugin [-] Segment d2d58abb-37f0-49c6-b67d-4387490923a1 resource provider aggregate not found
2026-05-12 12:42:47.172 10 INFO neutron.services.segments.plugin [-] Segment d2d58abb-37f0-49c6-b67d-4387490923a1 resource provider aggregate not found
2026-05-12 12:42:47.177 10 INFO neutron.services.segments.plugin [-] Segment d2d58abb-37f0-49c6-b67d-4387490923a1 resource provider not found; error: Placement Client Error (4xx): {"errors": [{"status": 404, "title": "Not Found", "detail": "The resource could not be found.\n\n No resource provider with uuid d2d58abb-37f0-49c6-b67d-4387490923a1 found for delete ", "request_id": "req-3854fae2-2ccf-4a04-945b-bc05baa7ff8c"}]}
2026-05-12 12:42:47.192 10 INFO neutron.services.segments.plugin [-] Segment d2d58abb-37f0-49c6-b67d-4387490923a1 resource provider not found; error: Placement Client Error (4xx): {"errors": [{"status": 404, "title": "Not Found", "detail": "The resource could not be found.\n\n No resource provider with uuid d2d58abb-37f0-49c6-b67d-4387490923a1 found for delete ", "request_id": "req-d516c8ce-5a91-47ed-b17e-6c71a7318baa"}]}
2026-05-12 12:42:47.197 10 INFO neutron.services.segments.plugin [-] Segment 8f260fbd-1f09-4eeb-8b4b-a19b42fec9d3 resource provider aggregate not found
2026-05-12 12:42:47.212 10 INFO neutron.services.segments.plugin [-] Segment 8f260fbd-1f09-4eeb-8b4b-a19b42fec9d3 resource provider aggregate not found
2026-05-12 12:42:47.216 10 INFO neutron.services.segments.plugin [-] Segment 8f260fbd-1f09-4eeb-8b4b-a19b42fec9d3 resource provider not found; error: Placement Client Error (4xx): {"errors": [{"status": 404, "title": "Not Found", "detail": "The resource could not be found.\n\n No resource provider with uuid 8f260fbd-1f09-4eeb-8b4b-a19b42fec9d3 found for delete ", "request_id": "req-ca1e5648-6705-4baa-9e73-c62f3c8a800e"}]}
2026-05-12 12:42:47.237 10 INFO neutron.services.segments.plugin [-] Segment 8f260fbd-1f09-4eeb-8b4b-a19b42fec9d3 resource provider not found; error: Placement Client Error (4xx): {"errors": [{"status": 404, "title": "Not Found", "detail": "The resource could not be found.\n\n No resource provider with uuid 8f260fbd-1f09-4eeb-8b4b-a19b42fec9d3 found for delete ", "request_id": "req-9ce4a7cd-e058-4f20-9aa8-94fe6f16ff38"}]}
2026-05-12 12:42:47.323 10 INFO neutron.db.ovn_revision_numbers_db [None req-383127f5-ba7c-4158-b285-d8aca818ecbb - - - - - -] Successfully bumped revision number for resource 0279c413-1d52-4ceb-9ec8-a85da5fe540a (type: ports) to 5
2026-05-12 12:42:47.345 10 INFO neutron.wsgi [req-58c885f2-0c10-49b6-bb2f-63030ff4c81f req-94dfb2c8-2944-4f35-ad41-ad2af400655d 5315c88a474b48b4b1e47f407b2e25e3 da976f6b156a4dcebd35c11b7822fca1 - - default default] 199.19.213.87 "GET /v2.0/ports?device_id=b7dc0478-d095-4b14-8a7c-6a13121e97d3 HTTP/1.1" status: 200 len: 1172 time: 0.0333822
2026-05-12 12:42:47.427 10 INFO neutron.notifiers.nova [-] Nova event matching ['req-424538e6-164a-41fb-b91f-3f8f4e2170d5'] response: {'server_uuid': 'b7dc0478-d095-4b14-8a7c-6a13121e97d3', 'name': 'network-vif-unplugged', 'status': 'completed', 'tag': '0279c413-1d52-4ceb-9ec8-a85da5fe540a', 'code': 200}
2026-05-12 12:42:47.427 10 INFO neutron.notifiers.nova [-] Nova event matching ['req-424538e6-164a-41fb-b91f-3f8f4e2170d5'] response: {'server_uuid': 'b7dc0478-d095-4b14-8a7c-6a13121e97d3', 'name': 'network-vif-plugged', 'status': 'completed', 'tag': '0279c413-1d52-4ceb-9ec8-a85da5fe540a', 'code': 200}
2026-05-12 12:42:47.670 10 INFO neutron.wsgi [None req-1486e248-37b5-4ef2-bf47-12850e9990e1 5315c88a474b48b4b1e47f407b2e25e3 da976f6b156a4dcebd35c11b7822fca1 - - - -] 199.19.213.87 "DELETE /v2.0/ports/0279c413-1d52-4ceb-9ec8-a85da5fe540a HTTP/1.1" status: 204 len: 173 time: 0.3217447 /var/lib/openstack/lib/python3.10/site-packages/pycadf/identifier.py:71: UserWarning: Invalid uuid: neutron. To ensure interoperability, identifiers should be a valid uuid. warnings.warn(('Invalid uuid: %s. To ensure interoperability, '
2026-05-12 12:42:47.786 10 INFO neutron.wsgi [req-3396f99b-1378-4e51-9c55-5d53a99846c3 req-b18f7c4c-4585-46f0-ab3c-b31f3a6f2dc4 8c422e0abec040c7811c078ef6953b21 5fc8abcdcaab4d5c9ecbc708cead7f41 - - default default] 199.19.213.87 "GET /v2.0/networks?id=7c8ba3c1-a81d-4c41-a031-4547fb11943b HTTP/1.1" status: 200 len: 860 time: 0.0627584
2026-05-12 12:42:47.854 10 INFO neutron.wsgi [req-3396f99b-1378-4e51-9c55-5d53a99846c3 req-33b71232-5d2e-4c50-8166-de2d8b0b101c 8c422e0abec040c7811c078ef6953b21 5fc8abcdcaab4d5c9ecbc708cead7f41 - - default default] 199.19.213.87 "GET /v2.0/security-groups?fields=id&fields=name&tenant_id=5fc8abcdcaab4d5c9ecbc708cead7f41 HTTP/1.1" status: 200 len: 473 time: 0.0609612
2026-05-12 12:42:48.037 10 INFO neutron.db.ovn_revision_numbers_db [None req-17c36acd-20ee-4cc0-bb21-744936b22b55 b13230c76d314e39a0bc164eb4804e90 9925fe606a554717aab6e2d224ef3810 - - default default] Successfully bumped revision number for resource 75187309-bab6-491c-9fd8-bec5c604a917 (type: security_groups) to 1
2026-05-12 12:42:48.054 9 INFO neutron.services.segments.plugin [-] Segment 7486088d-16d7-479e-9d21-ab4144261983 resource provider aggregate not found
2026-05-12 12:42:48.067 10 INFO neutron.wsgi [None req-17c36acd-20ee-4cc0-bb21-744936b22b55 b13230c76d314e39a0bc164eb4804e90 9925fe606a554717aab6e2d224ef3810 - - default default] 10.0.0.62 "GET /v2.0/security-groups?tenant_id=062a055fa692424cab794cfb6336db0b&name=default HTTP/1.1" status: 200 len: 2996 time: 0.2666516
2026-05-12 12:42:48.074 9 INFO neutron.services.segments.plugin [-] Segment 7486088d-16d7-479e-9d21-ab4144261983 resource provider not found; error: Placement Client Error (4xx): {"errors": [{"status": 404, "title": "Not Found", "detail": "The resource could not be found.\n\n No resource provider with uuid 7486088d-16d7-479e-9d21-ab4144261983 found for delete ", "request_id": "req-3756fcef-d121-4262-9fa5-51e80ea5e164"}]}
2026-05-12 12:42:48.075 9 INFO neutron.services.segments.plugin [-] Segment 7486088d-16d7-479e-9d21-ab4144261983 resource provider aggregate not found
2026-05-12 12:42:48.097 9 INFO neutron.services.segments.plugin [-] Segment 7486088d-16d7-479e-9d21-ab4144261983 resource provider not found; error: Placement Client Error (4xx): {"errors": [{"status": 404, "title": "Not Found", "detail": "The resource could not be found.\n\n No resource provider with uuid 7486088d-16d7-479e-9d21-ab4144261983 found for delete ", "request_id": "req-fb2f856e-3a39-4fc8-95b6-ca5200baac43"}]}
2026-05-12 12:42:48.141 9 INFO neutron.wsgi [None req-e2d25bc3-1a9f-44df-a5e6-fd7c0b88120c b13230c76d314e39a0bc164eb4804e90 9925fe606a554717aab6e2d224ef3810 - - default default] 10.0.0.82 "GET /v2.0/security-groups HTTP/1.1" status: 200 len: 35331 time: 0.2684746
2026-05-12 12:42:48.171 9 INFO neutron.wsgi [None req-24272869-a71c-42d5-a2c2-02df10fcd6d3 b13230c76d314e39a0bc164eb4804e90 9925fe606a554717aab6e2d224ef3810 - - default default] 10.0.0.82 "GET /v2.0/network-ip-availabilities HTTP/1.1" status: 200 len: 2198 time: 0.0176113
2026-05-12 12:42:48.210 9 INFO neutron.wsgi [None req-f6832430-f38a-4ac5-8e56-54fb62645d2d b13230c76d314e39a0bc164eb4804e90 9925fe606a554717aab6e2d224ef3810 - - default default] 10.0.0.82 "GET /v2.0/subnets HTTP/1.1" status: 200 len: 2731 time: 0.0376213
2026-05-12 12:42:48.225 9 INFO neutron.wsgi [None req-185fba71-8b7c-4ca1-8e56-6a5b097eb348 b13230c76d314e39a0bc164eb4804e90 9925fe606a554717aab6e2d224ef3810 - - default default] 10.0.0.82 "GET /v2.0/subnetpools HTTP/1.1" status: 200 len: 193 time: 0.0136788
2026-05-12 12:42:48.260 9 INFO neutron.wsgi [None req-fdfec54a-669a-47c7-b82b-7830f9257e09 b13230c76d314e39a0bc164eb4804e90 9925fe606a554717aab6e2d224ef3810 - - default default] 10.0.0.82 "GET /v2.0/subnets HTTP/1.1" status: 200 len: 2731 time: 0.0345924
2026-05-12 12:42:48.296 9 INFO neutron.wsgi [None req-b3175122-50a9-41bd-bac5-680c707087c1 b13230c76d314e39a0bc164eb4804e90 9925fe606a554717aab6e2d224ef3810 - - default default] 10.0.0.82 "GET /v2.0/ports HTTP/1.1" status: 200 len: 13754 time: 0.0340855
2026-05-12 12:42:48.335 9 INFO neutron.wsgi [None req-61fb4d1c-d9e3-4634-9a3e-e03f0df13d38 b13230c76d314e39a0bc164eb4804e90 9925fe606a554717aab6e2d224ef3810 - - default default] 10.0.0.82 "GET /v2.0/agents HTTP/1.1" status: 200 len: 997 time: 0.0140765
2026-05-12 12:42:48.370 9 INFO neutron.wsgi [None req-87cb19f9-f04f-40f0-bfe6-36c0eebf0a9a b13230c76d314e39a0bc164eb4804e90 9925fe606a554717aab6e2d224ef3810 - - default default] 10.0.0.82 "GET /v2.0/floatingips HTTP/1.1" status: 200 len: 730 time: 0.0327780
2026-05-12 12:42:48.398 9 INFO neutron.wsgi [None req-ed63e970-d6d3-4447-b807-19b3e7dd36bc b13230c76d314e39a0bc164eb4804e90 9925fe606a554717aab6e2d224ef3810 - - - -] 10.0.0.62 "DELETE /v2.0/security-groups/75187309-bab6-491c-9fd8-bec5c604a917 HTTP/1.1" status: 204 len: 168 time: 0.3170543
2026-05-12 12:42:48.431 10 INFO neutron.wsgi [req-6ce6114e-6871-42fc-ba15-be00970dbd1b req-d823b685-aaf3-4b72-9e52-745aa0ee270f 8c422e0abec040c7811c078ef6953b21 5fc8abcdcaab4d5c9ecbc708cead7f41 - - default default] 10.0.0.25 "GET /v2.0/ports?device_id=f1dfd636-c391-48c0-b41d-7f8ef5972f91 HTTP/1.1" status: 200 len: 210 time: 0.0289273
2026-05-12 12:42:48.431 9 INFO neutron.wsgi [None req-8ca27aea-d8fd-491e-af88-f7c965f44b49 b13230c76d314e39a0bc164eb4804e90 9925fe606a554717aab6e2d224ef3810 - - default default] 10.0.0.82 "GET /v2.0/networks HTTP/1.1" status: 200 len: 3853 time: 0.0595636
2026-05-12 12:42:48.464 10 WARNING neutron.scheduler.dhcp_agent_scheduler [None req-2f2eb9fa-face-4d19-bc88-433d25775237 8c422e0abec040c7811c078ef6953b21 5fc8abcdcaab4d5c9ecbc708cead7f41 - - - -] No more DHCP agents
2026-05-12 12:42:48.465 10 WARNING neutron.api.rpc.agentnotifiers.dhcp_rpc_agent_api [None req-2f2eb9fa-face-4d19-bc88-433d25775237 8c422e0abec040c7811c078ef6953b21 5fc8abcdcaab4d5c9ecbc708cead7f41 - - - -] Unable to schedule network 7c8ba3c1-a81d-4c41-a031-4547fb11943b: no agents available; will retry on subsequent port and subnet creation events.
2026-05-12 12:42:48.558 9 INFO neutron.wsgi [None req-5f78dc80-15b8-4de9-bbcd-33cce8d752ec b13230c76d314e39a0bc164eb4804e90 9925fe606a554717aab6e2d224ef3810 - - default default] 10.0.0.62 "GET /v2.0/security-groups?tenant_id=0b6cee91d1ca4b48b54b43ced2556697&name=default HTTP/1.1" status: 200 len: 2996 time: 0.0494375
2026-05-12 12:42:48.560 9 INFO neutron.wsgi [None req-58aa204f-d23d-4e7f-8338-38149f260928 b13230c76d314e39a0bc164eb4804e90 9925fe606a554717aab6e2d224ef3810 - - default default] 10.0.0.82 "GET /v2.0/routers HTTP/1.1" status: 200 len: 1531 time: 0.1253452
2026-05-12 12:42:48.575 9 INFO neutron.wsgi [None req-eb65cae3-1df6-4b3b-85e0-7e5fea1e911a b13230c76d314e39a0bc164eb4804e90 9925fe606a554717aab6e2d224ef3810 - - default default] 10.0.0.82 "GET /v2.0/agents?binary=ovn-controller HTTP/1.1" status: 200 len: 591 time: 0.0140746
2026-05-12 12:42:48.609 10 INFO neutron.db.ovn_revision_numbers_db [None req-2f2eb9fa-face-4d19-bc88-433d25775237 8c422e0abec040c7811c078ef6953b21 5fc8abcdcaab4d5c9ecbc708cead7f41 - - - -] Successfully bumped revision number for resource 960a1162-b14f-437f-9767-7182c4379097 (type: ports) to 1
2026-05-12 12:42:48.631 10 INFO neutron.wsgi [None req-2f2eb9fa-face-4d19-bc88-433d25775237 8c422e0abec040c7811c078ef6953b21 5fc8abcdcaab4d5c9ecbc708cead7f41 - - - -] 199.19.213.87 "POST /v2.0/ports HTTP/1.1" status: 201 len: 1158 time: 0.7694738 /var/lib/openstack/lib/python3.10/site-packages/pycadf/identifier.py:71: UserWarning: Invalid uuid: neutron. To ensure interoperability, identifiers should be a valid uuid. warnings.warn(('Invalid uuid: %s. To ensure interoperability, '
2026-05-12 12:42:48.753 9 INFO neutron.wsgi [None req-19eb516d-144b-463b-bbaf-7fde622bc64a b13230c76d314e39a0bc164eb4804e90 9925fe606a554717aab6e2d224ef3810 - - - -] 10.0.0.62 "DELETE /v2.0/security-groups/6ebf7fd5-a9c5-49db-8019-d56c52822d81 HTTP/1.1" status: 204 len: 168 time: 0.1878040
2026-05-12 12:42:48.985 10 INFO neutron.db.ovn_revision_numbers_db [None req-6ce4eac1-93ce-4ae2-b62b-837fcd0c9d87 e326119a2b95487b818c99a3145e043a 3ae3ba7ab3bd42cbba83a45717edbb56 - - - -] Successfully bumped revision number for resource 960a1162-b14f-437f-9767-7182c4379097 (type: ports) to 2
2026-05-12 12:42:49.001 9 INFO neutron.db.ovn_revision_numbers_db [None req-d24673c6-dfdb-490d-9433-7af59188ad66 b13230c76d314e39a0bc164eb4804e90 9925fe606a554717aab6e2d224ef3810 - - default default] Successfully bumped revision number for resource b1361dc5-1f82-4500-8ff6-f028cfd0950a (type: security_groups) to 1
2026-05-12 12:42:49.022 9 INFO neutron.wsgi [None req-d24673c6-dfdb-490d-9433-7af59188ad66 b13230c76d314e39a0bc164eb4804e90 9925fe606a554717aab6e2d224ef3810 - - default default] 10.0.0.62 "GET /v2.0/security-groups?tenant_id=2488c704e4a647b5b7c484c29da927ec&name=default HTTP/1.1" status: 200 len: 2996 time: 0.1266389
2026-05-12 12:42:49.174 10 INFO neutron.db.ovn_revision_numbers_db [None req-6ce4eac1-93ce-4ae2-b62b-837fcd0c9d87 e326119a2b95487b818c99a3145e043a 3ae3ba7ab3bd42cbba83a45717edbb56 - - - -] Successfully bumped revision number for resource 960a1162-b14f-437f-9767-7182c4379097 (type: ports) to 2
2026-05-12 12:42:49.200 10 INFO neutron.wsgi [None req-6ce4eac1-93ce-4ae2-b62b-837fcd0c9d87 e326119a2b95487b818c99a3145e043a 3ae3ba7ab3bd42cbba83a45717edbb56 - - - -] 199.19.213.87 "PUT /v2.0/ports/960a1162-b14f-437f-9767-7182c4379097 HTTP/1.1" status: 200 len: 1328 time: 0.5622799
2026-05-12 12:42:49.202 9 INFO neutron.wsgi [None req-68b84852-a0e7-4714-98e0-6e43f9b70717 b13230c76d314e39a0bc164eb4804e90 9925fe606a554717aab6e2d224ef3810 - - - -] 10.0.0.62 "DELETE /v2.0/security-groups/b1361dc5-1f82-4500-8ff6-f028cfd0950a HTTP/1.1" status: 204 len: 168 time: 0.1753180 /var/lib/openstack/lib/python3.10/site-packages/pycadf/identifier.py:71: UserWarning: Invalid uuid: neutron. To ensure interoperability, identifiers should be a valid uuid. warnings.warn(('Invalid uuid: %s. To ensure interoperability, '
2026-05-12 12:42:49.265 10 INFO neutron.wsgi [req-3396f99b-1378-4e51-9c55-5d53a99846c3 req-349d5648-e9f0-4aa5-b65f-e335d82395e8 e326119a2b95487b818c99a3145e043a 3ae3ba7ab3bd42cbba83a45717edbb56 - - 6698cee769d4496ab6a1aaec088ecb18 6698cee769d4496ab6a1aaec088ecb18] 199.19.213.87 "GET /v2.0/ports?tenant_id=5fc8abcdcaab4d5c9ecbc708cead7f41&device_id=f1dfd636-c391-48c0-b41d-7f8ef5972f91 HTTP/1.1" status: 200 len: 1359 time: 0.0354235
2026-05-12 12:42:49.305 10 INFO neutron.wsgi [req-3396f99b-1378-4e51-9c55-5d53a99846c3 req-a51909f6-3184-476b-bc89-469392e5b40d e326119a2b95487b818c99a3145e043a 3ae3ba7ab3bd42cbba83a45717edbb56 - - 6698cee769d4496ab6a1aaec088ecb18 6698cee769d4496ab6a1aaec088ecb18] 199.19.213.87 "GET /v2.0/floatingips?fixed_ip_address=10.100.0.5&port_id=960a1162-b14f-437f-9767-7182c4379097 HTTP/1.1" status: 200 len: 217 time: 0.0344322
2026-05-12 12:42:49.341 10 INFO neutron.wsgi [req-3396f99b-1378-4e51-9c55-5d53a99846c3 req-abf6f5bc-3981-45c4-9309-6c2e2fe59ce1 e326119a2b95487b818c99a3145e043a 3ae3ba7ab3bd42cbba83a45717edbb56 - - 6698cee769d4496ab6a1aaec088ecb18 6698cee769d4496ab6a1aaec088ecb18] 199.19.213.87 "GET /v2.0/subnets?id=7183ffd5-f9e6-42d2-8f7c-973ff881a5b5 HTTP/1.1" status: 200 len: 852 time: 0.0270913
2026-05-12 12:42:49.403 10 INFO neutron.wsgi [req-3396f99b-1378-4e51-9c55-5d53a99846c3 req-04461fb3-effb-4edb-af55-dd3121118c28 e326119a2b95487b818c99a3145e043a 3ae3ba7ab3bd42cbba83a45717edbb56 - - 6698cee769d4496ab6a1aaec088ecb18 6698cee769d4496ab6a1aaec088ecb18] 199.19.213.87 "GET /v2.0/ports?network_id=7c8ba3c1-a81d-4c41-a031-4547fb11943b&device_owner=network%3Adhcp HTTP/1.1" status: 200 len: 210 time: 0.0531054
2026-05-12 12:42:49.469 10 INFO neutron.notifiers.nova [-] Nova event matching ['req-af401077-0ed0-4e98-8be8-fbf66558a24b'] response: {'server_uuid': 'b7dc0478-d095-4b14-8a7c-6a13121e97d3', 'name': 'network-vif-deleted', 'tag': '0279c413-1d52-4ceb-9ec8-a85da5fe540a', 'status': 'completed', 'code': 200}
2026-05-12 12:42:49.469 10 INFO neutron.notifiers.nova [-] Nova event matching ['req-af401077-0ed0-4e98-8be8-fbf66558a24b'] response: {'name': 'network-changed', 'server_uuid': 'f1dfd636-c391-48c0-b41d-7f8ef5972f91', 'tag': '960a1162-b14f-437f-9767-7182c4379097', 'status': 'completed', 'code': 200}
2026-05-12 12:42:49.487 10 INFO neutron.wsgi [req-3396f99b-1378-4e51-9c55-5d53a99846c3 req-07e109d7-0b37-4994-a8d4-077b5a347e4d e326119a2b95487b818c99a3145e043a 3ae3ba7ab3bd42cbba83a45717edbb56 - - 6698cee769d4496ab6a1aaec088ecb18 6698cee769d4496ab6a1aaec088ecb18] 199.19.213.87 "GET /v2.0/networks/7c8ba3c1-a81d-4c41-a031-4547fb11943b?fields=segments HTTP/1.1" status: 200 len: 212 time: 0.0773296
2026-05-12 12:42:49.660 10 INFO neutron.wsgi [req-3396f99b-1378-4e51-9c55-5d53a99846c3 req-b2f7b483-1251-4188-b569-233bd791637a e326119a2b95487b818c99a3145e043a 3ae3ba7ab3bd42cbba83a45717edbb56 - - 6698cee769d4496ab6a1aaec088ecb18 6698cee769d4496ab6a1aaec088ecb18] 199.19.213.87 "GET /v2.0/networks/7c8ba3c1-a81d-4c41-a031-4547fb11943b?fields=provider%3Aphysical_network&fields=provider%3Anetwork_type HTTP/1.1" status: 200 len: 277 time: 0.1678371
2026-05-12 12:42:49.737 10 INFO neutron.wsgi [req-a82cc414-9805-43dc-b2ff-3072745ca085 req-cc455a5b-d4e6-4a03-9149-f4f6eb190835 8c422e0abec040c7811c078ef6953b21 5fc8abcdcaab4d5c9ecbc708cead7f41 - - default default] 10.0.0.25 "GET /v2.0/ports?device_id=f1dfd636-c391-48c0-b41d-7f8ef5972f91 HTTP/1.1" status: 200 len: 1168 time: 0.2245507
2026-05-12 12:42:49.778 10 INFO neutron.wsgi [req-d8f847a3-4411-452c-973d-dcb1c52a94ff req-231c9daa-2d15-4549-b9f4-e55054708e7e e326119a2b95487b818c99a3145e043a 3ae3ba7ab3bd42cbba83a45717edbb56 - - 6698cee769d4496ab6a1aaec088ecb18 6698cee769d4496ab6a1aaec088ecb18] 199.19.213.87 "GET /v2.0/ports?tenant_id=5fc8abcdcaab4d5c9ecbc708cead7f41&device_id=f1dfd636-c391-48c0-b41d-7f8ef5972f91 HTTP/1.1" status: 200 len: 1359 time: 0.0720580
2026-05-12 12:42:49.823 10 INFO neutron.wsgi [req-a82cc414-9805-43dc-b2ff-3072745ca085 req-55a9b049-9eae-45b6-9a7c-d3bf41ce3dd4 8c422e0abec040c7811c078ef6953b21 5fc8abcdcaab4d5c9ecbc708cead7f41 - - default default] 10.0.0.25 "GET /v2.0/security-groups?id=a4f672be-f52f-423e-9996-b587413bffe7&fields=id&fields=name HTTP/1.1" status: 200 len: 313 time: 0.0726244
2026-05-12 12:42:49.858 9 INFO neutron.plugins.ml2.drivers.ovn.mech_driver.mech_driver [None req-4ba6a28b-6818-46ea-bc15-6b50507605ee - - - - - -] OVN reports status up for port: 960a1162-b14f-437f-9767-7182c4379097
2026-05-12 12:42:49.867 9 INFO neutron.plugins.ml2.plugin [None req-4ba6a28b-6818-46ea-bc15-6b50507605ee - - - - - -] Attempt 1 to provision port 960a1162-b14f-437f-9767-7182c4379097
2026-05-12 12:42:49.873 10 INFO neutron.wsgi [req-d8f847a3-4411-452c-973d-dcb1c52a94ff req-96676c87-ffc2-4a28-8c25-61d2617c20ad e326119a2b95487b818c99a3145e043a 3ae3ba7ab3bd42cbba83a45717edbb56 - - 6698cee769d4496ab6a1aaec088ecb18 6698cee769d4496ab6a1aaec088ecb18] 199.19.213.87 "GET /v2.0/networks?id=7c8ba3c1-a81d-4c41-a031-4547fb11943b HTTP/1.1" status: 200 len: 958 time: 0.0790222
2026-05-12 12:42:49.920 10 INFO neutron.wsgi [req-d8f847a3-4411-452c-973d-dcb1c52a94ff req-d84b7edd-3c81-4fca-8acd-73a3d27b9ca4 e326119a2b95487b818c99a3145e043a 3ae3ba7ab3bd42cbba83a45717edbb56 - - 6698cee769d4496ab6a1aaec088ecb18 6698cee769d4496ab6a1aaec088ecb18] 199.19.213.87 "GET /v2.0/floatingips?fixed_ip_address=10.100.0.5&port_id=960a1162-b14f-437f-9767-7182c4379097 HTTP/1.1" status: 200 len: 217 time: 0.0295422
2026-05-12 12:42:49.984 10 INFO neutron.wsgi [req-d8f847a3-4411-452c-973d-dcb1c52a94ff req-0236e404-722e-41f1-bf39-3dbf1c3369e9 e326119a2b95487b818c99a3145e043a 3ae3ba7ab3bd42cbba83a45717edbb56 - - 6698cee769d4496ab6a1aaec088ecb18 6698cee769d4496ab6a1aaec088ecb18] 199.19.213.87 "GET /v2.0/subnets?id=7183ffd5-f9e6-42d2-8f7c-973ff881a5b5 HTTP/1.1" status: 200 len: 852 time: 0.0581317
2026-05-12 12:42:49.993 9 INFO neutron.notifiers.nova [-] Nova event matching ['req-8295fd63-0627-4fbb-945f-78d0d5714a61'] response: {'server_uuid': 'f1dfd636-c391-48c0-b41d-7f8ef5972f91', 'name': 'network-vif-plugged', 'status': 'completed', 'tag': '960a1162-b14f-437f-9767-7182c4379097', 'code': 200}
2026-05-12 12:42:50.027 10 INFO neutron.wsgi [req-d8f847a3-4411-452c-973d-dcb1c52a94ff req-4aec68b4-fd98-4bab-9dda-485fa13fe824 e326119a2b95487b818c99a3145e043a 3ae3ba7ab3bd42cbba83a45717edbb56 - - 6698cee769d4496ab6a1aaec088ecb18 6698cee769d4496ab6a1aaec088ecb18] 199.19.213.87 "GET /v2.0/ports?network_id=7c8ba3c1-a81d-4c41-a031-4547fb11943b&device_owner=network%3Adhcp HTTP/1.1" status: 200 len: 210 time: 0.0193157
2026-05-12 12:42:50.117 10 INFO neutron.wsgi [req-d8f847a3-4411-452c-973d-dcb1c52a94ff req-09ddf00d-20bf-40e9-bd90-6d05984ca3ed e326119a2b95487b818c99a3145e043a 3ae3ba7ab3bd42cbba83a45717edbb56 - - 6698cee769d4496ab6a1aaec088ecb18 6698cee769d4496ab6a1aaec088ecb18] 199.19.213.87 "GET /v2.0/networks/7c8ba3c1-a81d-4c41-a031-4547fb11943b?fields=segments HTTP/1.1" status: 200 len: 212 time: 0.0804167
2026-05-12 12:42:50.131 9 INFO neutron.db.ovn_revision_numbers_db [None req-4ba6a28b-6818-46ea-bc15-6b50507605ee - - - - - -] Successfully bumped revision number for resource 960a1162-b14f-437f-9767-7182c4379097 (type: ports) to 4
2026-05-12 12:42:50.218 10 INFO neutron.wsgi [req-d8f847a3-4411-452c-973d-dcb1c52a94ff req-a2ad3858-b7e6-4a3b-b03e-f9c0eff97aa2 e326119a2b95487b818c99a3145e043a 3ae3ba7ab3bd42cbba83a45717edbb56 - - 6698cee769d4496ab6a1aaec088ecb18 6698cee769d4496ab6a1aaec088ecb18] 199.19.213.87 "GET /v2.0/networks/7c8ba3c1-a81d-4c41-a031-4547fb11943b?fields=provider%3Aphysical_network&fields=provider%3Anetwork_type HTTP/1.1" status: 200 len: 277 time: 0.0904820
2026-05-12 12:42:50.827 10 INFO neutron.wsgi [None req-5b521871-3901-4c95-b18d-b3e39d8cb446 b13230c76d314e39a0bc164eb4804e90 9925fe606a554717aab6e2d224ef3810 - - - -] 10.0.0.62 "PUT /v2.0/routers/970efae6-2258-4edf-87e9-be618c1cd779/remove_router_interface HTTP/1.1" status: 200 len: 503 time: 1.4834514 /var/lib/openstack/lib/python3.10/site-packages/pycadf/identifier.py:71: UserWarning: Invalid uuid: neutron. To ensure interoperability, identifiers should be a valid uuid. warnings.warn(('Invalid uuid: %s. To ensure interoperability, ' /var/lib/openstack/lib/python3.10/site-packages/pycadf/identifier.py:71: UserWarning: Invalid uuid: neutron. To ensure interoperability, identifiers should be a valid uuid. warnings.warn(('Invalid uuid: %s. To ensure interoperability, '
2026-05-12 12:42:50.965 10 INFO neutron.wsgi [req-07df5538-3a05-417e-9839-94b41dff9210 req-17860d35-d904-476c-a5c3-f53619810c71 8c422e0abec040c7811c078ef6953b21 5fc8abcdcaab4d5c9ecbc708cead7f41 - - default default] 10.0.0.25 "GET /v2.0/ports?device_id=f1dfd636-c391-48c0-b41d-7f8ef5972f91 HTTP/1.1" status: 200 len: 1170 time: 0.0508411
2026-05-12 12:42:51.012 10 INFO neutron.wsgi [req-07df5538-3a05-417e-9839-94b41dff9210 req-0513c192-9722-4a74-a56a-8383fada95ee 8c422e0abec040c7811c078ef6953b21 5fc8abcdcaab4d5c9ecbc708cead7f41 - - default default] 10.0.0.25 "GET /v2.0/security-groups?id=a4f672be-f52f-423e-9996-b587413bffe7&fields=id&fields=name HTTP/1.1" status: 200 len: 313 time: 0.0406475
2026-05-12 12:42:51.124 9 INFO neutron.wsgi [req-56f80a0a-5b4c-4287-b89a-6df339447c14 req-d2ce48e2-4e6a-41e9-abf3-67e74efadc8a 8c422e0abec040c7811c078ef6953b21 5fc8abcdcaab4d5c9ecbc708cead7f41 - - default default] 10.0.0.25 "GET /v2.0/ports?device_id=f1dfd636-c391-48c0-b41d-7f8ef5972f91 HTTP/1.1" status: 200 len: 1170 time: 0.0343077
2026-05-12 12:42:51.179 9 INFO neutron.wsgi [req-56f80a0a-5b4c-4287-b89a-6df339447c14 req-1418065d-7aa9-4389-86ae-c3f451e29de2 8c422e0abec040c7811c078ef6953b21 5fc8abcdcaab4d5c9ecbc708cead7f41 - - default default] 10.0.0.25 "GET /v2.0/security-groups?id=a4f672be-f52f-423e-9996-b587413bffe7&fields=id&fields=name HTTP/1.1" status: 200 len: 313 time: 0.0421696
2026-05-12 12:42:51.277 9 INFO neutron.wsgi [None req-9806e6a2-cb9a-42f1-9444-7495d1964fc7 ff105b96ff1941889aca448690be13c7 ce197393bed94c00b6050e93fd73204f - - default default] 10.0.0.62 "GET /v2.0/ports?device_id=f1dfd636-c391-48c0-b41d-7f8ef5972f91 HTTP/1.1" status: 200 len: 1356 time: 0.0685945
2026-05-12 12:42:51.728 10 INFO neutron.wsgi [-] 10.0.0.39 "GET / HTTP/1.1" status: 200 len: 246 time: 0.0017273
2026-05-12 12:42:51.730 10 INFO neutron.wsgi [-] 10.0.0.39 "GET / HTTP/1.1" status: 200 len: 246 time: 0.0008888
2026-05-12 12:42:51.923 9 INFO neutron.db.l3_db [None req-0e690dee-6569-4166-bf66-45e6b660455e 8c422e0abec040c7811c078ef6953b21 5fc8abcdcaab4d5c9ecbc708cead7f41 - - - -] Floating IP fd2e4e37-09fe-4f26-b0b2-5eeacf6f048e associated. External IP: 10.96.250.206, port: 960a1162-b14f-437f-9767-7182c4379097.
2026-05-12 12:42:52.032 9 INFO neutron.wsgi [None req-be42431f-f592-4941-886f-f99195ea473d b13230c76d314e39a0bc164eb4804e90 9925fe606a554717aab6e2d224ef3810 - - - -] 10.0.0.62 "DELETE /v2.0/routers/970efae6-2258-4edf-87e9-be618c1cd779 HTTP/1.1" status: 204 len: 168 time: 1.1978438
2026-05-12 12:42:52.050 9 INFO neutron.notifiers.nova [-] Nova event matching ['req-8cba17a8-1384-4e33-8c58-00ce4036572d'] response: {'server_uuid': 'f1dfd636-c391-48c0-b41d-7f8ef5972f91', 'name': 'network-vif-plugged', 'status': 'completed', 'tag': '960a1162-b14f-437f-9767-7182c4379097', 'code': 200}
2026-05-12 12:42:52.161 9 INFO neutron.db.ovn_revision_numbers_db [None req-0e690dee-6569-4166-bf66-45e6b660455e 8c422e0abec040c7811c078ef6953b21 5fc8abcdcaab4d5c9ecbc708cead7f41 - - - -] Successfully bumped revision number for resource fd2e4e37-09fe-4f26-b0b2-5eeacf6f048e (type: floatingips) to 4
2026-05-12 12:42:52.241 10 INFO neutron.wsgi [None req-8bbb4175-7892-452f-945c-0362cbaa41ea b13230c76d314e39a0bc164eb4804e90 9925fe606a554717aab6e2d224ef3810 - - - -] 10.0.0.62 "DELETE /v2.0/subnets/deac29ec-7ab8-415b-a605-074580254da1 HTTP/1.1" status: 204 len: 168 time: 0.2027245
2026-05-12 12:42:52.247 9 INFO neutron.db.ovn_revision_numbers_db [None req-0e690dee-6569-4166-bf66-45e6b660455e 8c422e0abec040c7811c078ef6953b21 5fc8abcdcaab4d5c9ecbc708cead7f41 - - - -] Successfully bumped revision number for resource fd2e4e37-09fe-4f26-b0b2-5eeacf6f048e (type: floatingips) to 5
2026-05-12 12:42:52.278 9 INFO neutron.wsgi [None req-0e690dee-6569-4166-bf66-45e6b660455e 8c422e0abec040c7811c078ef6953b21 5fc8abcdcaab4d5c9ecbc708cead7f41 - - - -] 10.0.0.62 "PUT /v2.0/floatingips/fd2e4e37-09fe-4f26-b0b2-5eeacf6f048e HTTP/1.1" status: 200 len: 1049 time: 0.9960961 /var/lib/openstack/lib/python3.10/site-packages/pycadf/identifier.py:71: UserWarning: Invalid uuid: neutron. To ensure interoperability, identifiers should be a valid uuid. warnings.warn(('Invalid uuid: %s. To ensure interoperability, '
2026-05-12 12:42:52.332 9 INFO neutron.wsgi [None req-e20ab2ab-b5ff-46f9-ad37-7e20d10bce6e 8c422e0abec040c7811c078ef6953b21 5fc8abcdcaab4d5c9ecbc708cead7f41 - - default default] 10.0.0.62 "GET /v2.0/floatingips/fd2e4e37-09fe-4f26-b0b2-5eeacf6f048e HTTP/1.1" status: 200 len: 1051 time: 0.0484986
2026-05-12 12:42:52.911 10 INFO neutron.services.segments.plugin [-] Segment 0ef524ce-cf5c-4e57-a51a-89dd0ad8bb58 resource provider aggregate not found
2026-05-12 12:42:52.916 10 INFO neutron.services.segments.plugin [-] Segment 0ef524ce-cf5c-4e57-a51a-89dd0ad8bb58 resource provider aggregate not found
2026-05-12 12:42:52.929 10 INFO neutron.services.segments.plugin [-] Segment 0ef524ce-cf5c-4e57-a51a-89dd0ad8bb58 resource provider not found; error: Placement Client Error (4xx): {"errors": [{"status": 404, "title": "Not Found", "detail": "The resource could not be found.\n\n No resource provider with uuid 0ef524ce-cf5c-4e57-a51a-89dd0ad8bb58 found for delete ", "request_id": "req-46e69359-4048-4119-871d-83b4e109faae"}]}
2026-05-12 12:42:52.934 10 INFO neutron.services.segments.plugin [-] Segment 0ef524ce-cf5c-4e57-a51a-89dd0ad8bb58 resource provider not found; error: Placement Client Error (4xx): {"errors": [{"status": 404, "title": "Not Found", "detail": "The resource could not be found.\n\n No resource provider with uuid 0ef524ce-cf5c-4e57-a51a-89dd0ad8bb58 found for delete ", "request_id": "req-0af91dfb-8f13-4e4e-905a-f94e34e60253"}]}
2026-05-12 12:42:52.949 10 INFO neutron.wsgi [None req-7c91d1ff-b14e-4520-944f-db75a90c0c95 b13230c76d314e39a0bc164eb4804e90 9925fe606a554717aab6e2d224ef3810 - - - -] 10.0.0.62 "DELETE /v2.0/networks/76066074-b614-4692-8ff9-68742447e78d HTTP/1.1" status: 204 len: 168 time: 0.6982524
2026-05-12 12:42:53.128 10 INFO neutron.wsgi [None req-f7b7c32b-88c4-4cab-8aa4-aebe952c850e b13230c76d314e39a0bc164eb4804e90 9925fe606a554717aab6e2d224ef3810 - - default default] 10.0.0.62 "GET /v2.0/security-groups?tenant_id=da976f6b156a4dcebd35c11b7822fca1&name=default HTTP/1.1" status: 200 len: 2996 time: 0.0435987
2026-05-12 12:42:53.318 10 INFO neutron.wsgi [None req-3fe08385-8cb4-4477-8c4a-189a3e8f642e b13230c76d314e39a0bc164eb4804e90 9925fe606a554717aab6e2d224ef3810 - - - -] 10.0.0.62 "DELETE /v2.0/security-groups/00193987-fd37-4c98-b469-bda070de0c9b HTTP/1.1" status: 204 len: 168 time: 0.1860831
2026-05-12 12:42:53.794 9 INFO neutron.wsgi [None req-b2a8a78f-28c4-4c88-b97d-f3f859bc33c3 fa5e25d198eb44e492b47f31a0536cb4 cfda966fd2bd4b449f2435b4ccf76f39 - - - -] 10.0.0.62 "POST /v2.0/subnetpools HTTP/1.1" status: 201 len: 715 time: 0.2550135
2026-05-12 12:42:53.857 9 INFO neutron.wsgi [None req-d755e286-8aad-49fa-9ad4-2b6376ea86ce fa5e25d198eb44e492b47f31a0536cb4 cfda966fd2bd4b449f2435b4ccf76f39 - - - -] 10.0.0.62 "POST /v2.0/subnetpools HTTP/1.1" status: 201 len: 715 time: 0.0584981
2026-05-12 12:42:53.909 9 INFO neutron.wsgi [None req-cf13ebfa-8e64-4aad-992b-0558c84995b0 fa5e25d198eb44e492b47f31a0536cb4 cfda966fd2bd4b449f2435b4ccf76f39 - - - -] 10.0.0.62 "POST /v2.0/subnetpools HTTP/1.1" status: 201 len: 715 time: 0.0474622
2026-05-12 12:42:54.010 9 INFO neutron.wsgi [None req-e490201d-dd10-492b-920f-a376f566d2ed fa5e25d198eb44e492b47f31a0536cb4 cfda966fd2bd4b449f2435b4ccf76f39 - - - -] 10.0.0.62 "POST /v2.0/subnetpools HTTP/1.1" status: 201 len: 715 time: 0.0968323
2026-05-12 12:42:54.089 9 INFO neutron.wsgi [None req-d9697eb8-a160-41d0-a307-1456ef3b41e5 fa5e25d198eb44e492b47f31a0536cb4 cfda966fd2bd4b449f2435b4ccf76f39 - - - -] 10.0.0.62 "POST /v2.0/subnetpools HTTP/1.1" status: 201 len: 715 time: 0.0754576
2026-05-12 12:42:54.099 9 INFO neutron.notifiers.nova [-] Nova event matching ['req-47f856e3-333c-4aa8-8023-8f3cb66f23d2'] response: {'name': 'network-changed', 'server_uuid': 'f1dfd636-c391-48c0-b41d-7f8ef5972f91', 'tag': '960a1162-b14f-437f-9767-7182c4379097', 'status': 'completed', 'code': 200}
2026-05-12 12:42:54.147 10 INFO neutron.wsgi [None req-e3b71f88-158f-4f1e-96b7-cf7652c793d9 fa5e25d198eb44e492b47f31a0536cb4 cfda966fd2bd4b449f2435b4ccf76f39 - - - -] 10.0.0.62 "PUT /v2.0/subnetpools/47ec58e6-5be1-45d3-8808-f8410fd1fa6b/tags HTTP/1.1" status: 200 len: 210 time: 0.0483701
2026-05-12 12:42:54.155 10 INFO neutron.wsgi [req-bb51adea-ee52-43f2-a35d-cf3d5589b18a req-008defb0-89ee-4132-a388-a5d7112acf3f e326119a2b95487b818c99a3145e043a 3ae3ba7ab3bd42cbba83a45717edbb56 - - 6698cee769d4496ab6a1aaec088ecb18 6698cee769d4496ab6a1aaec088ecb18] 199.19.213.87 "GET /v2.0/ports?tenant_id=5fc8abcdcaab4d5c9ecbc708cead7f41&device_id=f1dfd636-c391-48c0-b41d-7f8ef5972f91 HTTP/1.1" status: 200 len: 1361 time: 0.0334997
2026-05-12 12:42:54.210 9 INFO neutron.wsgi [None req-7ee4bd1b-992e-4061-87bf-294d36d83833 fa5e25d198eb44e492b47f31a0536cb4 cfda966fd2bd4b449f2435b4ccf76f39 - - - -] 10.0.0.62 "PUT /v2.0/subnetpools/7e8cecba-0a11-48e0-a032-f9c021f49d44/tags HTTP/1.1" status: 200 len: 218 time: 0.0568948
2026-05-12 12:42:54.237 10 INFO neutron.wsgi [req-bb51adea-ee52-43f2-a35d-cf3d5589b18a req-b708e9ff-eb41-4434-b94a-eff468713a88 e326119a2b95487b818c99a3145e043a 3ae3ba7ab3bd42cbba83a45717edbb56 - - 6698cee769d4496ab6a1aaec088ecb18 6698cee769d4496ab6a1aaec088ecb18] 199.19.213.87 "GET /v2.0/networks?id=7c8ba3c1-a81d-4c41-a031-4547fb11943b HTTP/1.1" status: 200 len: 958 time: 0.0744476
2026-05-12 12:42:54.254 10 INFO neutron.wsgi [None req-449573a8-ebc8-478d-9e1c-f9c2ad5e7bce fa5e25d198eb44e492b47f31a0536cb4 cfda966fd2bd4b449f2435b4ccf76f39 - - - -] 10.0.0.62 "PUT /v2.0/subnetpools/ee07f381-8857-4a1a-aab3-07f2db0fa06c/tags HTTP/1.1" status: 200 len: 227 time: 0.0405247
2026-05-12 12:42:54.288 9 INFO neutron.wsgi [None req-b16ffdd8-477f-4152-8226-a91befa32c99 fa5e25d198eb44e492b47f31a0536cb4 cfda966fd2bd4b449f2435b4ccf76f39 - - - -] 10.0.0.62 "PUT /v2.0/subnetpools/618d44ca-d1f5-4f54-b1f9-add6b3981a00/tags HTTP/1.1" status: 200 len: 212 time: 0.0287933
2026-05-12 12:42:54.315 10 INFO neutron.wsgi [req-bb51adea-ee52-43f2-a35d-cf3d5589b18a req-eebe0b2e-6637-4c14-b389-65bbbe587af4 e326119a2b95487b818c99a3145e043a 3ae3ba7ab3bd42cbba83a45717edbb56 - - 6698cee769d4496ab6a1aaec088ecb18 6698cee769d4496ab6a1aaec088ecb18] 199.19.213.87 "GET /v2.0/floatingips?fixed_ip_address=10.100.0.5&port_id=960a1162-b14f-437f-9767-7182c4379097 HTTP/1.1" status: 200 len: 1059 time: 0.0722358
2026-05-12 12:42:54.325 9 INFO neutron.wsgi [None req-518d86a6-7fd0-4ca7-825f-9005ffd6bbf0 fa5e25d198eb44e492b47f31a0536cb4 cfda966fd2bd4b449f2435b4ccf76f39 - - default default] 10.0.0.62 "GET /v2.0/subnetpools?tags=red HTTP/1.1" status: 200 len: 1758 time: 0.0313199
2026-05-12 12:42:54.360 9 INFO neutron.wsgi [None req-0f688db6-0b45-4171-aae7-64b0ff43c781 fa5e25d198eb44e492b47f31a0536cb4 cfda966fd2bd4b449f2435b4ccf76f39 - - default default] 10.0.0.62 "GET /v2.0/subnetpools?tags=red%2Cblue HTTP/1.1" status: 200 len: 1251 time: 0.0305719
2026-05-12 12:42:54.361 10 INFO neutron.wsgi [req-bb51adea-ee52-43f2-a35d-cf3d5589b18a req-39f07567-01a6-4850-9adf-856f00037a9e e326119a2b95487b818c99a3145e043a 3ae3ba7ab3bd42cbba83a45717edbb56 - - 6698cee769d4496ab6a1aaec088ecb18 6698cee769d4496ab6a1aaec088ecb18] 199.19.213.87 "GET /v2.0/subnets?id=7183ffd5-f9e6-42d2-8f7c-973ff881a5b5 HTTP/1.1" status: 200 len: 852 time: 0.0402081
2026-05-12 12:42:54.392 10 INFO neutron.wsgi [req-bb51adea-ee52-43f2-a35d-cf3d5589b18a req-20d97a02-9dce-447c-8d2c-ca3a596a0f6a e326119a2b95487b818c99a3145e043a 3ae3ba7ab3bd42cbba83a45717edbb56 - - 6698cee769d4496ab6a1aaec088ecb18 6698cee769d4496ab6a1aaec088ecb18] 199.19.213.87 "GET /v2.0/ports?network_id=7c8ba3c1-a81d-4c41-a031-4547fb11943b&device_owner=network%3Adhcp HTTP/1.1" status: 200 len: 210 time: 0.0244379
2026-05-12 12:42:54.411 9 INFO neutron.wsgi [None req-c1d137a9-7bad-48e6-97df-dc61a300bbbe fa5e25d198eb44e492b47f31a0536cb4 cfda966fd2bd4b449f2435b4ccf76f39 - - default default] 10.0.0.62 "GET /v2.0/subnetpools?tags-any=blue HTTP/1.1" status: 200 len: 1251 time: 0.0459156
2026-05-12 12:42:54.459 10 INFO neutron.wsgi [None req-d7776292-2957-45f6-a28f-7f6815d0e51c fa5e25d198eb44e492b47f31a0536cb4 cfda966fd2bd4b449f2435b4ccf76f39 - - default default] 10.0.0.62 "GET /v2.0/subnetpools?tags-any=red%2Cblue HTTP/1.1" status: 200 len: 1758 time: 0.0431018
2026-05-12 12:42:54.480 10 INFO neutron.wsgi [req-bb51adea-ee52-43f2-a35d-cf3d5589b18a req-dcc54513-cc1f-4f00-b95d-155ab6b70555 e326119a2b95487b818c99a3145e043a 3ae3ba7ab3bd42cbba83a45717edbb56 - - 6698cee769d4496ab6a1aaec088ecb18 6698cee769d4496ab6a1aaec088ecb18] 199.19.213.87 "GET /v2.0/networks/7c8ba3c1-a81d-4c41-a031-4547fb11943b?fields=segments HTTP/1.1" status: 200 len: 212 time: 0.0790229
2026-05-12 12:42:54.512 9 INFO neutron.wsgi [None req-7d0b5b9e-c0f4-4a76-b1b9-21b531bcf7d2 fa5e25d198eb44e492b47f31a0536cb4 cfda966fd2bd4b449f2435b4ccf76f39 - - default default] 10.0.0.62 "GET /v2.0/subnetpools?not-tags=red HTTP/1.1" status: 200 len: 1223 time: 0.0482848
2026-05-12 12:42:54.550 10 INFO neutron.wsgi [req-bb51adea-ee52-43f2-a35d-cf3d5589b18a req-f17d5a4a-2046-4499-9e32-de454cbb14de e326119a2b95487b818c99a3145e043a 3ae3ba7ab3bd42cbba83a45717edbb56 - - 6698cee769d4496ab6a1aaec088ecb18 6698cee769d4496ab6a1aaec088ecb18] 199.19.213.87 "GET /v2.0/networks/7c8ba3c1-a81d-4c41-a031-4547fb11943b?fields=provider%3Aphysical_network&fields=provider%3Anetwork_type HTTP/1.1" status: 200 len: 277 time: 0.0628898
2026-05-12 12:42:54.554 9 INFO neutron.wsgi [None req-7e6dc721-414c-40ac-aa70-1529d79b52eb fa5e25d198eb44e492b47f31a0536cb4 cfda966fd2bd4b449f2435b4ccf76f39 - - default default] 10.0.0.62 "GET /v2.0/subnetpools?not-tags=red%2Cblue HTTP/1.1" status: 200 len: 1730 time: 0.0377266
2026-05-12 12:42:54.595 9 INFO neutron.wsgi [None req-61bd2394-b009-429f-a5f6-69429831e022 fa5e25d198eb44e492b47f31a0536cb4 cfda966fd2bd4b449f2435b4ccf76f39 - - default default] 10.0.0.62 "GET /v2.0/subnetpools?not-tags-any=blue HTTP/1.1" status: 200 len: 1730 time: 0.0357070
2026-05-12 12:42:54.637 10 INFO neutron.wsgi [None req-ebf902c6-2c5f-4570-895c-f027f76c1797 fa5e25d198eb44e492b47f31a0536cb4 cfda966fd2bd4b449f2435b4ccf76f39 - - default default] 10.0.0.62 "GET /v2.0/subnetpools?not-tags-any=red%2Cblue HTTP/1.1" status: 200 len: 1223 time: 0.0354156
2026-05-12 12:42:54.701 10 INFO neutron.wsgi [None req-2bdfdb0b-80ba-4963-82a8-f76812719c92 fa5e25d198eb44e492b47f31a0536cb4 cfda966fd2bd4b449f2435b4ccf76f39 - - - -] 10.0.0.62 "DELETE /v2.0/subnetpools/47ec58e6-5be1-45d3-8808-f8410fd1fa6b HTTP/1.1" status: 204 len: 168 time: 0.0565526
2026-05-12 12:42:54.753 10 INFO neutron.wsgi [None req-59edf17d-6540-4790-9be4-e67ce55bead6 fa5e25d198eb44e492b47f31a0536cb4 cfda966fd2bd4b449f2435b4ccf76f39 - - - -] 10.0.0.62 "DELETE /v2.0/subnetpools/7e8cecba-0a11-48e0-a032-f9c021f49d44 HTTP/1.1" status: 204 len: 168 time: 0.0463893
