2026-05-12 12:44:04.532 10 WARNING neutron.api.rpc.agentnotifiers.dhcp_rpc_agent_api [None req-6f92c2d8-3f07-44a1-82d3-c5ccc2d45e99 0e22e099422a4bb69a78b8e8751340a3 a1262d3303b343f095e0707333f9e4a6 - - - -] Unable to schedule network 2cf0e75d-bfec-4c30-9678-d7bb5f2dc44c: no agents available; will retry on subsequent port and subnet creation events.
2026-05-12 12:44:04.600 10 INFO neutron.db.ovn_revision_numbers_db [None req-6f92c2d8-3f07-44a1-82d3-c5ccc2d45e99 0e22e099422a4bb69a78b8e8751340a3 a1262d3303b343f095e0707333f9e4a6 - - - -] Successfully bumped revision number for resource 37192423-95b7-49f5-aceb-385cca59c2cd (type: ports) to 1
2026-05-12 12:44:04.622 10 INFO neutron.wsgi [None req-6f92c2d8-3f07-44a1-82d3-c5ccc2d45e99 0e22e099422a4bb69a78b8e8751340a3 a1262d3303b343f095e0707333f9e4a6 - - - -] 10.0.0.62 "POST /v2.0/networks HTTP/1.1" status: 201 len: 837 time: 0.7278671
2026-05-12 12:44:04.861 10 WARNING neutron.scheduler.dhcp_agent_scheduler [None req-3370f2b9-4553-4f52-a8be-370cf5115481 0e22e099422a4bb69a78b8e8751340a3 a1262d3303b343f095e0707333f9e4a6 - - - -] No more DHCP agents
2026-05-12 12:44:04.863 10 WARNING neutron.api.rpc.agentnotifiers.dhcp_rpc_agent_api [None req-3370f2b9-4553-4f52-a8be-370cf5115481 0e22e099422a4bb69a78b8e8751340a3 a1262d3303b343f095e0707333f9e4a6 - - - -] Unable to schedule network 2cf0e75d-bfec-4c30-9678-d7bb5f2dc44c: no agents available; will retry on subsequent port and subnet creation events.
2026-05-12 12:44:05.260 10 INFO neutron.db.ovn_revision_numbers_db [None req-3370f2b9-4553-4f52-a8be-370cf5115481 0e22e099422a4bb69a78b8e8751340a3 a1262d3303b343f095e0707333f9e4a6 - - - -] Successfully bumped revision number for resource 37192423-95b7-49f5-aceb-385cca59c2cd (type: ports) to 2
2026-05-12 12:44:05.272 10 INFO neutron.db.ovn_revision_numbers_db [None req-3370f2b9-4553-4f52-a8be-370cf5115481 0e22e099422a4bb69a78b8e8751340a3 a1262d3303b343f095e0707333f9e4a6 - - - -] Successfully bumped revision number for resource a8ac1408-548f-4cba-bd80-bd3dd56250ab (type: subnets) to 0
2026-05-12 12:44:05.286 10 INFO neutron.wsgi [None req-3370f2b9-4553-4f52-a8be-370cf5115481 0e22e099422a4bb69a78b8e8751340a3 a1262d3303b343f095e0707333f9e4a6 - - - -] 10.0.0.62 "POST /v2.0/subnets HTTP/1.1" status: 201 len: 831 time: 0.6575279
2026-05-12 12:44:05.531 10 WARNING neutron.scheduler.dhcp_agent_scheduler [None req-2df39d4a-7148-414e-97a1-ffb2057a1621 0e22e099422a4bb69a78b8e8751340a3 a1262d3303b343f095e0707333f9e4a6 - - - -] No more DHCP agents
2026-05-12 12:44:05.533 10 WARNING neutron.api.rpc.agentnotifiers.dhcp_rpc_agent_api [None req-2df39d4a-7148-414e-97a1-ffb2057a1621 0e22e099422a4bb69a78b8e8751340a3 a1262d3303b343f095e0707333f9e4a6 - - - -] Unable to schedule network 2cf0e75d-bfec-4c30-9678-d7bb5f2dc44c: no agents available; will retry on subsequent port and subnet creation events.
2026-05-12 12:44:05.543 10 INFO neutron.db.ovn_revision_numbers_db [None req-2df39d4a-7148-414e-97a1-ffb2057a1621 0e22e099422a4bb69a78b8e8751340a3 a1262d3303b343f095e0707333f9e4a6 - - - -] Successfully bumped revision number for resource ffbb4e62-570d-4cab-ad57-477fabbe037e (type: subnets) to 0
2026-05-12 12:44:05.557 10 INFO neutron.wsgi [None req-2df39d4a-7148-414e-97a1-ffb2057a1621 0e22e099422a4bb69a78b8e8751340a3 a1262d3303b343f095e0707333f9e4a6 - - - -] 10.0.0.62 "POST /v2.0/subnets HTTP/1.1" status: 201 len: 901 time: 0.2659523
2026-05-12 12:44:05.634 10 INFO neutron.db.segments_db [None req-b9a50c81-87bf-483b-b7f9-96f41e5f5f13 0e22e099422a4bb69a78b8e8751340a3 a1262d3303b343f095e0707333f9e4a6 - - - -] Added segment 7978f743-e466-4a40-9b08-3bf501dc391a of type geneve for network ce40a630-dbd7-46fb-9b88-257fcd78cf93
2026-05-12 12:44:05.754 10 INFO neutron.db.ovn_revision_numbers_db [None req-b9a50c81-87bf-483b-b7f9-96f41e5f5f13 0e22e099422a4bb69a78b8e8751340a3 a1262d3303b343f095e0707333f9e4a6 - - - -] Successfully bumped revision number for resource ce40a630-dbd7-46fb-9b88-257fcd78cf93 (type: networks) to 1
2026-05-12 12:44:05.933 10 WARNING neutron.scheduler.dhcp_agent_scheduler [None req-b9a50c81-87bf-483b-b7f9-96f41e5f5f13 0e22e099422a4bb69a78b8e8751340a3 a1262d3303b343f095e0707333f9e4a6 - - - -] No more DHCP agents
2026-05-12 12:44:05.935 10 WARNING neutron.api.rpc.agentnotifiers.dhcp_rpc_agent_api [None req-b9a50c81-87bf-483b-b7f9-96f41e5f5f13 0e22e099422a4bb69a78b8e8751340a3 a1262d3303b343f095e0707333f9e4a6 - - - -] Unable to schedule network ce40a630-dbd7-46fb-9b88-257fcd78cf93: no agents available; will retry on subsequent port and subnet creation events.
2026-05-12 12:44:05.997 10 INFO neutron.db.ovn_revision_numbers_db [None req-b9a50c81-87bf-483b-b7f9-96f41e5f5f13 0e22e099422a4bb69a78b8e8751340a3 a1262d3303b343f095e0707333f9e4a6 - - - -] Successfully bumped revision number for resource 76dcb007-4813-4ebd-80ed-daf7690b7717 (type: ports) to 1
2026-05-12 12:44:06.016 10 INFO neutron.wsgi [None req-b9a50c81-87bf-483b-b7f9-96f41e5f5f13 0e22e099422a4bb69a78b8e8751340a3 a1262d3303b343f095e0707333f9e4a6 - - - -] 10.0.0.62 "POST /v2.0/networks HTTP/1.1" status: 201 len: 836 time: 0.4536979
2026-05-12 12:44:06.250 10 WARNING neutron.scheduler.dhcp_agent_scheduler [None req-68874a50-a7cb-45b6-91fc-a75d83fd334b 0e22e099422a4bb69a78b8e8751340a3 a1262d3303b343f095e0707333f9e4a6 - - - -] No more DHCP agents
2026-05-12 12:44:06.252 10 WARNING neutron.api.rpc.agentnotifiers.dhcp_rpc_agent_api [None req-68874a50-a7cb-45b6-91fc-a75d83fd334b 0e22e099422a4bb69a78b8e8751340a3 a1262d3303b343f095e0707333f9e4a6 - - - -] Unable to schedule network ce40a630-dbd7-46fb-9b88-257fcd78cf93: no agents available; will retry on subsequent port and subnet creation events.
2026-05-12 12:44:06.706 10 INFO neutron.db.ovn_revision_numbers_db [None req-68874a50-a7cb-45b6-91fc-a75d83fd334b 0e22e099422a4bb69a78b8e8751340a3 a1262d3303b343f095e0707333f9e4a6 - - - -] Successfully bumped revision number for resource 76dcb007-4813-4ebd-80ed-daf7690b7717 (type: ports) to 2
2026-05-12 12:44:06.720 10 INFO neutron.db.ovn_revision_numbers_db [None req-68874a50-a7cb-45b6-91fc-a75d83fd334b 0e22e099422a4bb69a78b8e8751340a3 a1262d3303b343f095e0707333f9e4a6 - - - -] Successfully bumped revision number for resource 74532271-9958-462e-b9ab-44e21bd6afb6 (type: subnets) to 0
2026-05-12 12:44:06.730 9 INFO neutron.wsgi [-] 10.0.0.39 "GET / HTTP/1.1" status: 200 len: 246 time: 0.0024319
2026-05-12 12:44:06.733 9 INFO neutron.wsgi [-] 10.0.0.39 "GET / HTTP/1.1" status: 200 len: 246 time: 0.0021136
2026-05-12 12:44:06.734 10 INFO neutron.wsgi [None req-68874a50-a7cb-45b6-91fc-a75d83fd334b 0e22e099422a4bb69a78b8e8751340a3 a1262d3303b343f095e0707333f9e4a6 - - - -] 10.0.0.62 "POST /v2.0/subnets HTTP/1.1" status: 201 len: 830 time: 0.7142725
2026-05-12 12:44:06.858 9 INFO neutron.wsgi [None req-75fa810a-fdff-4b67-b3a9-2ac62deaa674 45d94c8401a546deb443e8e5653985fc 4e7d7767e08d45a19493ae1fdb4bbce7 - - - -] 10.0.0.62 "POST /v2.0/qos/policies HTTP/1.1" status: 201 len: 558 time: 0.1926854
2026-05-12 12:44:06.900 10 INFO neutron.wsgi [None req-1d9f15e7-8ab6-4880-bd37-ca40e87595dd 45d94c8401a546deb443e8e5653985fc 4e7d7767e08d45a19493ae1fdb4bbce7 - - - -] 10.0.0.62 "POST /v2.0/qos/policies HTTP/1.1" status: 201 len: 558 time: 0.0356629
2026-05-12 12:44:06.940 10 INFO neutron.wsgi [None req-9ed97fca-2ab1-4886-b373-1b398058ca11 45d94c8401a546deb443e8e5653985fc 4e7d7767e08d45a19493ae1fdb4bbce7 - - - -] 10.0.0.62 "POST /v2.0/qos/policies HTTP/1.1" status: 201 len: 558 time: 0.0338757
2026-05-12 12:44:06.977 10 INFO neutron.wsgi [None req-899f35f1-2612-45f4-8c62-6cab2dd3a74f 45d94c8401a546deb443e8e5653985fc 4e7d7767e08d45a19493ae1fdb4bbce7 - - - -] 10.0.0.62 "POST /v2.0/qos/policies HTTP/1.1" status: 201 len: 558 time: 0.0312161
2026-05-12 12:44:07.017 10 INFO neutron.wsgi [None req-eaf12178-0c4a-4b5d-a0d7-32b00bf9a5e4 45d94c8401a546deb443e8e5653985fc 4e7d7767e08d45a19493ae1fdb4bbce7 - - - -] 10.0.0.62 "POST /v2.0/qos/policies HTTP/1.1" status: 201 len: 558 time: 0.0354831
2026-05-12 12:44:07.035 9 WARNING neutron.scheduler.dhcp_agent_scheduler [None req-889742be-503d-4352-8741-bc3691c64bb3 0e22e099422a4bb69a78b8e8751340a3 a1262d3303b343f095e0707333f9e4a6 - - - -] No more DHCP agents
2026-05-12 12:44:07.040 9 WARNING neutron.api.rpc.agentnotifiers.dhcp_rpc_agent_api [None req-889742be-503d-4352-8741-bc3691c64bb3 0e22e099422a4bb69a78b8e8751340a3 a1262d3303b343f095e0707333f9e4a6 - - - -] Unable to schedule network ce40a630-dbd7-46fb-9b88-257fcd78cf93: no agents available; will retry on subsequent port and subnet creation events.
2026-05-12 12:44:07.050 10 INFO neutron.wsgi [None req-23a69b57-b086-4693-ba70-d716fc686092 45d94c8401a546deb443e8e5653985fc 4e7d7767e08d45a19493ae1fdb4bbce7 - - - -] 10.0.0.62 "PUT /v2.0/policies/ccad38f5-2fe5-429a-8243-f4c76f9dcedf/tags HTTP/1.1" status: 200 len: 210 time: 0.0273526
2026-05-12 12:44:07.055 9 INFO neutron.db.ovn_revision_numbers_db [None req-889742be-503d-4352-8741-bc3691c64bb3 0e22e099422a4bb69a78b8e8751340a3 a1262d3303b343f095e0707333f9e4a6 - - - -] Successfully bumped revision number for resource 7ae663e4-e7ff-4765-b462-ea34b66a2141 (type: subnets) to 0
2026-05-12 12:44:07.068 9 INFO neutron.wsgi [None req-889742be-503d-4352-8741-bc3691c64bb3 0e22e099422a4bb69a78b8e8751340a3 a1262d3303b343f095e0707333f9e4a6 - - - -] 10.0.0.62 "POST /v2.0/subnets HTTP/1.1" status: 201 len: 904 time: 0.3267105
2026-05-12 12:44:07.078 10 INFO neutron.wsgi [None req-39ec73cb-47ba-4dd8-b902-424c48993ec8 45d94c8401a546deb443e8e5653985fc 4e7d7767e08d45a19493ae1fdb4bbce7 - - - -] 10.0.0.62 "PUT /v2.0/policies/84a9de80-1bdb-4400-af9b-714d09474be3/tags HTTP/1.1" status: 200 len: 218 time: 0.0232229
2026-05-12 12:44:07.105 10 INFO neutron.wsgi [None req-305642fd-301f-4969-b2a6-144662ab0395 45d94c8401a546deb443e8e5653985fc 4e7d7767e08d45a19493ae1fdb4bbce7 - - - -] 10.0.0.62 "PUT /v2.0/policies/37643ce5-9944-451b-b526-1559daececfb/tags HTTP/1.1" status: 200 len: 227 time: 0.0224535
2026-05-12 12:44:07.128 10 INFO neutron.wsgi [None req-fe23e2be-20d5-4e20-a0cb-4c20167bdc2c 45d94c8401a546deb443e8e5653985fc 4e7d7767e08d45a19493ae1fdb4bbce7 - - - -] 10.0.0.62 "PUT /v2.0/policies/f9bcb09b-9b27-43f3-bba7-d75bdbe511c0/tags HTTP/1.1" status: 200 len: 212 time: 0.0186265
2026-05-12 12:44:07.569 10 INFO neutron.wsgi [None req-d53ca601-273b-4618-9e8b-984f19fc647c 95e27c14174e4d07a7018b639d78fe0b d6a902d7b79f466fb1430b64388251fe - - default default] 10.0.0.62 "GET /v2.0/qos/policies?tags=red HTTP/1.1" status: 200 len: 1296 time: 0.1185954
2026-05-12 12:44:07.577 9 WARNING neutron.scheduler.dhcp_agent_scheduler [None req-fa46cd6b-77da-4501-83b8-119ff9ad69f9 0e22e099422a4bb69a78b8e8751340a3 a1262d3303b343f095e0707333f9e4a6 - - - -] No more DHCP agents
2026-05-12 12:44:07.579 9 WARNING neutron.api.rpc.agentnotifiers.dhcp_rpc_agent_api [None req-fa46cd6b-77da-4501-83b8-119ff9ad69f9 0e22e099422a4bb69a78b8e8751340a3 a1262d3303b343f095e0707333f9e4a6 - - - -] Unable to schedule network 8b5a2d22-a16f-4184-8653-e0b63c5d61fa: no agents available; will retry on subsequent port and subnet creation events.
2026-05-12 12:44:07.624 10 INFO neutron.wsgi [None req-798bd801-d6d3-4d96-a5ea-bc1111b2b53a 95e27c14174e4d07a7018b639d78fe0b d6a902d7b79f466fb1430b64388251fe - - default default] 10.0.0.62 "GET /v2.0/qos/policies?tags=red%2Cblue HTTP/1.1" status: 200 len: 941 time: 0.0491009
2026-05-12 12:44:07.673 10 INFO neutron.wsgi [None req-c59fea8a-6811-4e3a-9356-d652a2e840a4 95e27c14174e4d07a7018b639d78fe0b d6a902d7b79f466fb1430b64388251fe - - default default] 10.0.0.62 "GET /v2.0/qos/policies?tags-any=blue HTTP/1.1" status: 200 len: 941 time: 0.0447066
2026-05-12 12:44:07.695 9 INFO neutron.db.ovn_revision_numbers_db [None req-fa46cd6b-77da-4501-83b8-119ff9ad69f9 0e22e099422a4bb69a78b8e8751340a3 a1262d3303b343f095e0707333f9e4a6 - - - -] Successfully bumped revision number for resource 20e8aeba-d733-4f85-9a8b-52e1aa40c299 (type: ports) to 1
2026-05-12 12:44:07.748 10 INFO neutron.wsgi [None req-56cc8e82-abbf-49f8-80c9-d5f0576655bf 95e27c14174e4d07a7018b639d78fe0b d6a902d7b79f466fb1430b64388251fe - - default default] 10.0.0.62 "GET /v2.0/qos/policies?tags-any=red%2Cblue HTTP/1.1" status: 200 len: 1296 time: 0.0688193
2026-05-12 12:44:07.809 10 INFO neutron.wsgi [None req-400ae5f6-2e0f-4443-845d-8289a7a8df48 95e27c14174e4d07a7018b639d78fe0b d6a902d7b79f466fb1430b64388251fe - - default default] 10.0.0.62 "GET /v2.0/qos/policies?not-tags=red HTTP/1.1" status: 200 len: 913 time: 0.0545328
2026-05-12 12:44:07.889 10 INFO neutron.wsgi [None req-4dc1e5ea-51ec-480c-aa83-54369001b1bb 95e27c14174e4d07a7018b639d78fe0b d6a902d7b79f466fb1430b64388251fe - - default default] 10.0.0.62 "GET /v2.0/qos/policies?not-tags=red%2Cblue HTTP/1.1" status: 200 len: 1268 time: 0.0758376
2026-05-12 12:44:07.967 10 INFO neutron.wsgi [None req-85800b66-4e27-4619-82e6-7f81ed45f372 95e27c14174e4d07a7018b639d78fe0b d6a902d7b79f466fb1430b64388251fe - - default default] 10.0.0.62 "GET /v2.0/qos/policies?not-tags-any=blue HTTP/1.1" status: 200 len: 1268 time: 0.0725355
2026-05-12 12:44:08.015 10 INFO neutron.wsgi [None req-6d2bb366-b9f0-41dc-8c33-d213cef0116e 95e27c14174e4d07a7018b639d78fe0b d6a902d7b79f466fb1430b64388251fe - - default default] 10.0.0.62 "GET /v2.0/qos/policies?not-tags-any=red%2Cblue HTTP/1.1" status: 200 len: 913 time: 0.0439832
2026-05-12 12:44:08.086 10 INFO neutron.wsgi [None req-8e3cb969-ca47-4ec4-a924-525b29878b57 45d94c8401a546deb443e8e5653985fc 4e7d7767e08d45a19493ae1fdb4bbce7 - - - -] 10.0.0.62 "DELETE /v2.0/qos/policies/ccad38f5-2fe5-429a-8243-f4c76f9dcedf HTTP/1.1" status: 204 len: 168 time: 0.0651565
2026-05-12 12:44:08.140 10 INFO neutron.wsgi [None req-48e4486a-4d72-4a98-bb86-7ab86a65e50b 45d94c8401a546deb443e8e5653985fc 4e7d7767e08d45a19493ae1fdb4bbce7 - - - -] 10.0.0.62 "DELETE /v2.0/qos/policies/84a9de80-1bdb-4400-af9b-714d09474be3 HTTP/1.1" status: 204 len: 168 time: 0.0493884
2026-05-12 12:44:08.191 10 INFO neutron.wsgi [None req-1c7b0696-3a36-4b15-aced-de4b64fae000 45d94c8401a546deb443e8e5653985fc 4e7d7767e08d45a19493ae1fdb4bbce7 - - - -] 10.0.0.62 "DELETE /v2.0/qos/policies/37643ce5-9944-451b-b526-1559daececfb HTTP/1.1" status: 204 len: 168 time: 0.0455301
2026-05-12 12:44:08.241 10 INFO neutron.wsgi [None req-3e0fb672-7d19-4cd1-be96-8db5a485811d 45d94c8401a546deb443e8e5653985fc 4e7d7767e08d45a19493ae1fdb4bbce7 - - - -] 10.0.0.62 "DELETE /v2.0/qos/policies/f9bcb09b-9b27-43f3-bba7-d75bdbe511c0 HTTP/1.1" status: 204 len: 168 time: 0.0460396
2026-05-12 12:44:08.276 9 INFO neutron.plugins.ml2.drivers.ovn.mech_driver.mech_driver [None req-4ba6a28b-6818-46ea-bc15-6b50507605ee - - - - - -] OVN reports status up for port: 20e8aeba-d733-4f85-9a8b-52e1aa40c299
2026-05-12 12:44:08.286 9 INFO neutron.db.ovn_revision_numbers_db [None req-fa46cd6b-77da-4501-83b8-119ff9ad69f9 0e22e099422a4bb69a78b8e8751340a3 a1262d3303b343f095e0707333f9e4a6 - - - -] Successfully bumped revision number for resource 20e8aeba-d733-4f85-9a8b-52e1aa40c299 (type: router_ports) to 1
2026-05-12 12:44:08.287 9 INFO neutron.plugins.ml2.plugin [None req-4ba6a28b-6818-46ea-bc15-6b50507605ee - - - - - -] Attempt 1 to provision port 20e8aeba-d733-4f85-9a8b-52e1aa40c299
2026-05-12 12:44:08.291 10 INFO neutron.plugins.ml2.drivers.ovn.mech_driver.ovsdb.ovsdb_monitor [None req-0d94bd76-7e64-43c6-b2d0-228b48f11e94 - - - - - -] Router 6a6da23e-3a4d-457e-ace8-204b8bb614f9 is bound to host instance
2026-05-12 12:44:08.313 10 INFO neutron.wsgi [None req-3d34f980-5192-4854-b21c-a0e44070bfbc 45d94c8401a546deb443e8e5653985fc 4e7d7767e08d45a19493ae1fdb4bbce7 - - - -] 10.0.0.62 "DELETE /v2.0/qos/policies/12aaa4d9-1da5-413d-8987-7195b249922e HTTP/1.1" status: 204 len: 168 time: 0.0679126
2026-05-12 12:44:08.364 9 INFO neutron.db.ovn_revision_numbers_db [None req-fa46cd6b-77da-4501-83b8-119ff9ad69f9 0e22e099422a4bb69a78b8e8751340a3 a1262d3303b343f095e0707333f9e4a6 - - - -] Successfully bumped revision number for resource 6a6da23e-3a4d-457e-ace8-204b8bb614f9 (type: routers) to 3
2026-05-12 12:44:08.380 9 INFO neutron.wsgi [None req-fa46cd6b-77da-4501-83b8-119ff9ad69f9 0e22e099422a4bb69a78b8e8751340a3 a1262d3303b343f095e0707333f9e4a6 - - - -] 10.0.0.62 "POST /v2.0/routers HTTP/1.1" status: 201 len: 865 time: 1.3085508
2026-05-12 12:44:08.799 10 INFO neutron.db.ovn_revision_numbers_db [None req-0d94bd76-7e64-43c6-b2d0-228b48f11e94 - - - - - -] Successfully bumped revision number for resource 20e8aeba-d733-4f85-9a8b-52e1aa40c299 (type: ports) to 1
2026-05-12 12:44:08.895 9 WARNING neutron.scheduler.dhcp_agent_scheduler [None req-cd150acc-885d-4b50-9481-a12f4ba9b1f5 0e22e099422a4bb69a78b8e8751340a3 a1262d3303b343f095e0707333f9e4a6 - - default default] No more DHCP agents
2026-05-12 12:44:08.897 9 WARNING neutron.api.rpc.agentnotifiers.dhcp_rpc_agent_api [None req-cd150acc-885d-4b50-9481-a12f4ba9b1f5 0e22e099422a4bb69a78b8e8751340a3 a1262d3303b343f095e0707333f9e4a6 - - default default] Unable to schedule network 9528fa4d-f525-4898-a2e4-d658df96826d: no agents available; will retry on subsequent port and subnet creation events.
2026-05-12 12:44:09.035 9 INFO neutron.db.ovn_revision_numbers_db [None req-cd150acc-885d-4b50-9481-a12f4ba9b1f5 0e22e099422a4bb69a78b8e8751340a3 a1262d3303b343f095e0707333f9e4a6 - - default default] Successfully bumped revision number for resource 6d94137a-088b-4ec8-ba4b-75404083cee5 (type: ports) to 1
2026-05-12 12:44:09.047 10 INFO neutron.db.ovn_revision_numbers_db [None req-0d94bd76-7e64-43c6-b2d0-228b48f11e94 - - - - - -] Successfully bumped revision number for resource 20e8aeba-d733-4f85-9a8b-52e1aa40c299 (type: router_ports) to 3
2026-05-12 12:44:09.170 10 INFO neutron.db.ovn_revision_numbers_db [None req-0d94bd76-7e64-43c6-b2d0-228b48f11e94 - - - - - -] Successfully bumped revision number for resource 20e8aeba-d733-4f85-9a8b-52e1aa40c299 (type: ports) to 2
2026-05-12 12:44:09.381 10 INFO neutron.db.ovn_revision_numbers_db [None req-cb0708dd-43c5-4133-a840-becf8df9469e b13230c76d314e39a0bc164eb4804e90 9925fe606a554717aab6e2d224ef3810 - - default default] Successfully bumped revision number for resource b6fbc5fc-2c9c-411b-ad7e-9a09a32e2f04 (type: security_groups) to 1
2026-05-12 12:44:09.398 10 INFO neutron.db.ovn_revision_numbers_db [None req-0d94bd76-7e64-43c6-b2d0-228b48f11e94 - - - - - -] Successfully bumped revision number for resource 20e8aeba-d733-4f85-9a8b-52e1aa40c299 (type: ports) to 4
2026-05-12 12:44:09.405 10 INFO neutron.wsgi [None req-cb0708dd-43c5-4133-a840-becf8df9469e b13230c76d314e39a0bc164eb4804e90 9925fe606a554717aab6e2d224ef3810 - - default default] 10.0.0.62 "GET /v2.0/security-groups?tenant_id=d6a902d7b79f466fb1430b64388251fe&name=default HTTP/1.1" status: 200 len: 3000 time: 0.2892065
2026-05-12 12:44:09.905 10 INFO neutron.db.ovn_revision_numbers_db [None req-0d94bd76-7e64-43c6-b2d0-228b48f11e94 - - - - - -] Successfully bumped revision number for resource 20e8aeba-d733-4f85-9a8b-52e1aa40c299 (type: router_ports) to 4
2026-05-12 12:44:09.919 9 INFO neutron.db.ovn_revision_numbers_db [None req-cd150acc-885d-4b50-9481-a12f4ba9b1f5 0e22e099422a4bb69a78b8e8751340a3 a1262d3303b343f095e0707333f9e4a6 - - default default] Successfully bumped revision number for resource 6d94137a-088b-4ec8-ba4b-75404083cee5 (type: router_ports) to 2
2026-05-12 12:44:09.921 10 INFO neutron.plugins.ml2.drivers.ovn.mech_driver.mech_driver [None req-383127f5-ba7c-4158-b285-d8aca818ecbb - - - - - -] OVN reports status up for port: 6d94137a-088b-4ec8-ba4b-75404083cee5
2026-05-12 12:44:09.936 10 INFO neutron.plugins.ml2.plugin [None req-383127f5-ba7c-4158-b285-d8aca818ecbb - - - - - -] Attempt 1 to provision port 6d94137a-088b-4ec8-ba4b-75404083cee5
2026-05-12 12:44:09.939 10 INFO neutron.wsgi [None req-e2de4b2e-d747-4d2d-8710-deeb9a1e6405 b13230c76d314e39a0bc164eb4804e90 9925fe606a554717aab6e2d224ef3810 - - - -] 10.0.0.62 "DELETE /v2.0/security-groups/b6fbc5fc-2c9c-411b-ad7e-9a09a32e2f04 HTTP/1.1" status: 204 len: 168 time: 0.5296545
2026-05-12 12:44:10.131 9 INFO neutron.db.ovn_revision_numbers_db [None req-cd150acc-885d-4b50-9481-a12f4ba9b1f5 0e22e099422a4bb69a78b8e8751340a3 a1262d3303b343f095e0707333f9e4a6 - - default default] Successfully bumped revision number for resource 6d94137a-088b-4ec8-ba4b-75404083cee5 (type: ports) to 2
2026-05-12 12:44:10.216 10 INFO neutron.db.ovn_revision_numbers_db [None req-383127f5-ba7c-4158-b285-d8aca818ecbb - - - - - -] Successfully bumped revision number for resource 6d94137a-088b-4ec8-ba4b-75404083cee5 (type: ports) to 3
2026-05-12 12:44:10.241 9 WARNING neutron.scheduler.dhcp_agent_scheduler [None req-cd150acc-885d-4b50-9481-a12f4ba9b1f5 0e22e099422a4bb69a78b8e8751340a3 a1262d3303b343f095e0707333f9e4a6 - - default default] No more DHCP agents
2026-05-12 12:44:10.244 9 WARNING neutron.api.rpc.agentnotifiers.dhcp_rpc_agent_api [None req-cd150acc-885d-4b50-9481-a12f4ba9b1f5 0e22e099422a4bb69a78b8e8751340a3 a1262d3303b343f095e0707333f9e4a6 - - default default] Unable to schedule network 9528fa4d-f525-4898-a2e4-d658df96826d: no agents available; will retry on subsequent port and subnet creation events.
2026-05-12 12:44:10.270 9 INFO neutron.db.ovn_revision_numbers_db [None req-40e7aa0f-23ab-4632-9e29-86f8dac23a8b b13230c76d314e39a0bc164eb4804e90 9925fe606a554717aab6e2d224ef3810 - - default default] Successfully bumped revision number for resource 6e687cf1-e2eb-4040-b44a-b692e72d86d4 (type: security_groups) to 1
2026-05-12 12:44:10.313 10 INFO neutron.db.ovn_revision_numbers_db [None req-383127f5-ba7c-4158-b285-d8aca818ecbb - - - - - -] Successfully bumped revision number for resource 6d94137a-088b-4ec8-ba4b-75404083cee5 (type: router_ports) to 3
2026-05-12 12:44:10.317 9 INFO neutron.wsgi [None req-40e7aa0f-23ab-4632-9e29-86f8dac23a8b b13230c76d314e39a0bc164eb4804e90 9925fe606a554717aab6e2d224ef3810 - - default default] 10.0.0.62 "GET /v2.0/security-groups?tenant_id=4e7d7767e08d45a19493ae1fdb4bbce7&name=default HTTP/1.1" status: 200 len: 3000 time: 0.2264292
2026-05-12 12:44:10.497 10 INFO neutron.wsgi [None req-ad638884-19ac-4386-b5bf-a368d06b65f4 b13230c76d314e39a0bc164eb4804e90 9925fe606a554717aab6e2d224ef3810 - - - -] 10.0.0.62 "DELETE /v2.0/security-groups/6e687cf1-e2eb-4040-b44a-b692e72d86d4 HTTP/1.1" status: 204 len: 168 time: 0.1733642
2026-05-12 12:44:10.572 9 INFO neutron.db.ovn_revision_numbers_db [None req-cd150acc-885d-4b50-9481-a12f4ba9b1f5 0e22e099422a4bb69a78b8e8751340a3 a1262d3303b343f095e0707333f9e4a6 - - - -] Successfully bumped revision number for resource 6d94137a-088b-4ec8-ba4b-75404083cee5 (type: router_ports) to 3
2026-05-12 12:44:10.576 9 INFO neutron.wsgi [None req-cd150acc-885d-4b50-9481-a12f4ba9b1f5 0e22e099422a4bb69a78b8e8751340a3 a1262d3303b343f095e0707333f9e4a6 - - - -] 10.0.0.62 "PUT /v2.0/routers/6a6da23e-3a4d-457e-ace8-204b8bb614f9/add_router_interface HTTP/1.1" status: 200 len: 503 time: 2.1904156
2026-05-12 12:44:10.745 9 INFO neutron.db.ovn_revision_numbers_db [None req-17936062-e73d-41fd-9939-18640821f2a7 b13230c76d314e39a0bc164eb4804e90 9925fe606a554717aab6e2d224ef3810 - - default default] Successfully bumped revision number for resource b3b53e17-0488-4c93-99fe-522d33499782 (type: security_groups) to 1
2026-05-12 12:44:10.766 9 INFO neutron.wsgi [None req-17936062-e73d-41fd-9939-18640821f2a7 b13230c76d314e39a0bc164eb4804e90 9925fe606a554717aab6e2d224ef3810 - - default default] 10.0.0.62 "GET /v2.0/security-groups?tenant_id=a8db2976a4834bb3b90b78665814919c&name=default HTTP/1.1" status: 200 len: 3000 time: 0.1106086
2026-05-12 12:44:10.954 9 INFO neutron.wsgi [None req-33824862-4a0f-4fa3-8a63-a829af2570bb b13230c76d314e39a0bc164eb4804e90 9925fe606a554717aab6e2d224ef3810 - - - -] 10.0.0.62 "DELETE /v2.0/security-groups/b3b53e17-0488-4c93-99fe-522d33499782 HTTP/1.1" status: 204 len: 168 time: 0.1841025
2026-05-12 12:44:11.181 10 WARNING neutron.scheduler.dhcp_agent_scheduler [None req-b84cdcfd-1e2e-43e7-8033-e699df022b98 0e22e099422a4bb69a78b8e8751340a3 a1262d3303b343f095e0707333f9e4a6 - - default default] No more DHCP agents
2026-05-12 12:44:11.183 10 WARNING neutron.api.rpc.agentnotifiers.dhcp_rpc_agent_api [None req-b84cdcfd-1e2e-43e7-8033-e699df022b98 0e22e099422a4bb69a78b8e8751340a3 a1262d3303b343f095e0707333f9e4a6 - - default default] Unable to schedule network 2cf0e75d-bfec-4c30-9678-d7bb5f2dc44c: no agents available; will retry on subsequent port and subnet creation events.
2026-05-12 12:44:11.323 10 INFO neutron.db.ovn_revision_numbers_db [None req-b84cdcfd-1e2e-43e7-8033-e699df022b98 0e22e099422a4bb69a78b8e8751340a3 a1262d3303b343f095e0707333f9e4a6 - - default default] Successfully bumped revision number for resource 790aebe2-9083-448e-90b4-04afb146a46d (type: ports) to 1
2026-05-12 12:44:11.823 10 INFO neutron.db.ovn_revision_numbers_db [None req-b84cdcfd-1e2e-43e7-8033-e699df022b98 0e22e099422a4bb69a78b8e8751340a3 a1262d3303b343f095e0707333f9e4a6 - - default default] Successfully bumped revision number for resource 790aebe2-9083-448e-90b4-04afb146a46d (type: router_ports) to 2
2026-05-12 12:44:11.980 10 INFO neutron.db.ovn_revision_numbers_db [None req-b84cdcfd-1e2e-43e7-8033-e699df022b98 0e22e099422a4bb69a78b8e8751340a3 a1262d3303b343f095e0707333f9e4a6 - - default default] Successfully bumped revision number for resource 790aebe2-9083-448e-90b4-04afb146a46d (type: ports) to 2
2026-05-12 12:44:12.055 10 WARNING neutron.scheduler.dhcp_agent_scheduler [None req-b84cdcfd-1e2e-43e7-8033-e699df022b98 0e22e099422a4bb69a78b8e8751340a3 a1262d3303b343f095e0707333f9e4a6 - - default default] No more DHCP agents
2026-05-12 12:44:12.057 10 WARNING neutron.api.rpc.agentnotifiers.dhcp_rpc_agent_api [None req-b84cdcfd-1e2e-43e7-8033-e699df022b98 0e22e099422a4bb69a78b8e8751340a3 a1262d3303b343f095e0707333f9e4a6 - - default default] Unable to schedule network 2cf0e75d-bfec-4c30-9678-d7bb5f2dc44c: no agents available; will retry on subsequent port and subnet creation events.
2026-05-12 12:44:12.391 10 INFO neutron.db.ovn_revision_numbers_db [None req-b84cdcfd-1e2e-43e7-8033-e699df022b98 0e22e099422a4bb69a78b8e8751340a3 a1262d3303b343f095e0707333f9e4a6 - - - -] Successfully bumped revision number for resource 790aebe2-9083-448e-90b4-04afb146a46d (type: router_ports) to 2
2026-05-12 12:44:12.394 10 INFO neutron.wsgi [None req-b84cdcfd-1e2e-43e7-8033-e699df022b98 0e22e099422a4bb69a78b8e8751340a3 a1262d3303b343f095e0707333f9e4a6 - - - -] 10.0.0.62 "PUT /v2.0/routers/6a6da23e-3a4d-457e-ace8-204b8bb614f9/add_router_interface HTTP/1.1" status: 200 len: 503 time: 1.8056388
2026-05-12 12:44:12.920 10 WARNING neutron.scheduler.dhcp_agent_scheduler [None req-34f03e0d-8bf3-4aab-9793-1110f3c08f6a 0e22e099422a4bb69a78b8e8751340a3 a1262d3303b343f095e0707333f9e4a6 - - default default] No more DHCP agents
2026-05-12 12:44:12.921 10 WARNING neutron.api.rpc.agentnotifiers.dhcp_rpc_agent_api [None req-34f03e0d-8bf3-4aab-9793-1110f3c08f6a 0e22e099422a4bb69a78b8e8751340a3 a1262d3303b343f095e0707333f9e4a6 - - default default] Unable to schedule network ce40a630-dbd7-46fb-9b88-257fcd78cf93: no agents available; will retry on subsequent port and subnet creation events.
2026-05-12 12:44:13.054 10 INFO neutron.db.ovn_revision_numbers_db [None req-34f03e0d-8bf3-4aab-9793-1110f3c08f6a 0e22e099422a4bb69a78b8e8751340a3 a1262d3303b343f095e0707333f9e4a6 - - default default] Successfully bumped revision number for resource 52588c66-668e-4bb6-a9a3-e6334c30ff02 (type: ports) to 1
2026-05-12 12:44:13.572 10 INFO neutron.db.ovn_revision_numbers_db [None req-34f03e0d-8bf3-4aab-9793-1110f3c08f6a 0e22e099422a4bb69a78b8e8751340a3 a1262d3303b343f095e0707333f9e4a6 - - default default] Successfully bumped revision number for resource 52588c66-668e-4bb6-a9a3-e6334c30ff02 (type: router_ports) to 2
2026-05-12 12:44:13.701 10 INFO neutron.db.ovn_revision_numbers_db [None req-34f03e0d-8bf3-4aab-9793-1110f3c08f6a 0e22e099422a4bb69a78b8e8751340a3 a1262d3303b343f095e0707333f9e4a6 - - default default] Successfully bumped revision number for resource 52588c66-668e-4bb6-a9a3-e6334c30ff02 (type: ports) to 2
2026-05-12 12:44:14.044 10 WARNING neutron.scheduler.dhcp_agent_scheduler [None req-34f03e0d-8bf3-4aab-9793-1110f3c08f6a 0e22e099422a4bb69a78b8e8751340a3 a1262d3303b343f095e0707333f9e4a6 - - default default] No more DHCP agents
2026-05-12 12:44:14.045 10 WARNING neutron.api.rpc.agentnotifiers.dhcp_rpc_agent_api [None req-34f03e0d-8bf3-4aab-9793-1110f3c08f6a 0e22e099422a4bb69a78b8e8751340a3 a1262d3303b343f095e0707333f9e4a6 - - default default] Unable to schedule network ce40a630-dbd7-46fb-9b88-257fcd78cf93: no agents available; will retry on subsequent port and subnet creation events.
2026-05-12 12:44:14.303 10 INFO neutron.db.ovn_revision_numbers_db [None req-34f03e0d-8bf3-4aab-9793-1110f3c08f6a 0e22e099422a4bb69a78b8e8751340a3 a1262d3303b343f095e0707333f9e4a6 - - - -] Successfully bumped revision number for resource 52588c66-668e-4bb6-a9a3-e6334c30ff02 (type: router_ports) to 2
2026-05-12 12:44:14.305 10 INFO neutron.wsgi [None req-34f03e0d-8bf3-4aab-9793-1110f3c08f6a 0e22e099422a4bb69a78b8e8751340a3 a1262d3303b343f095e0707333f9e4a6 - - - -] 10.0.0.62 "PUT /v2.0/routers/6a6da23e-3a4d-457e-ace8-204b8bb614f9/add_router_interface HTTP/1.1" status: 200 len: 503 time: 1.9046013
2026-05-12 12:44:14.454 10 INFO neutron.db.ovn_revision_numbers_db [None req-513483a0-78ed-4479-9f20-02cbf7412838 0e22e099422a4bb69a78b8e8751340a3 a1262d3303b343f095e0707333f9e4a6 - - - -] Successfully bumped revision number for resource f4df890a-2f15-4711-980f-d571e49910f0 (type: security_groups) to 1
2026-05-12 12:44:14.470 10 INFO neutron.wsgi [None req-513483a0-78ed-4479-9f20-02cbf7412838 0e22e099422a4bb69a78b8e8751340a3 a1262d3303b343f095e0707333f9e4a6 - - - -] 10.0.0.62 "POST /v2.0/security-groups HTTP/1.1" status: 201 len: 1766 time: 0.1079319
2026-05-12 12:44:14.598 10 INFO neutron.db.ovn_revision_numbers_db [None req-60696302-5133-44e1-8d34-d6793b77883b 0e22e099422a4bb69a78b8e8751340a3 a1262d3303b343f095e0707333f9e4a6 - - - -] Successfully bumped revision number for resource 50a419da-fca2-4594-bf6a-a25c0d5a8752 (type: security_group_rules) to 0
2026-05-12 12:44:14.627 10 INFO neutron.wsgi [None req-60696302-5133-44e1-8d34-d6793b77883b 0e22e099422a4bb69a78b8e8751340a3 a1262d3303b343f095e0707333f9e4a6 - - - -] 10.0.0.62 "POST /v2.0/security-group-rules HTTP/1.1" status: 201 len: 764 time: 0.1486595
2026-05-12 12:44:14.750 10 INFO neutron.db.ovn_revision_numbers_db [None req-a86d3ae2-4788-48ce-bbe9-f81f1cddee86 0e22e099422a4bb69a78b8e8751340a3 a1262d3303b343f095e0707333f9e4a6 - - - -] Successfully bumped revision number for resource 64a99623-2bb6-45ab-b018-961817157beb (type: security_group_rules) to 0
2026-05-12 12:44:14.771 10 INFO neutron.wsgi [None req-a86d3ae2-4788-48ce-bbe9-f81f1cddee86 0e22e099422a4bb69a78b8e8751340a3 a1262d3303b343f095e0707333f9e4a6 - - - -] 10.0.0.62 "POST /v2.0/security-group-rules HTTP/1.1" status: 201 len: 764 time: 0.1389499
2026-05-12 12:44:14.901 10 INFO neutron.db.ovn_revision_numbers_db [None req-0025aae0-83f7-40d9-b922-281637ec4f8f 0e22e099422a4bb69a78b8e8751340a3 a1262d3303b343f095e0707333f9e4a6 - - - -] Successfully bumped revision number for resource 634965ad-37fe-4fa4-9cf2-b2f465e63161 (type: security_group_rules) to 0
2026-05-12 12:44:14.938 10 INFO neutron.wsgi [None req-0025aae0-83f7-40d9-b922-281637ec4f8f 0e22e099422a4bb69a78b8e8751340a3 a1262d3303b343f095e0707333f9e4a6 - - - -] 10.0.0.62 "POST /v2.0/security-group-rules HTTP/1.1" status: 201 len: 766 time: 0.1599975
2026-05-12 12:44:14.939 10 WARNING neutron.plugins.ml2.drivers.ovn.mech_driver.ovsdb.ovn_client [None req-383127f5-ba7c-4158-b285-d8aca818ecbb - - - - - -] No hosting information found for port 6d94137a-088b-4ec8-ba4b-75404083cee5: RuntimeError: No hosting information found for port 6d94137a-088b-4ec8-ba4b-75404083cee5
2026-05-12 12:44:14.939 10 INFO neutron.plugins.ml2.drivers.ovn.mech_driver.mech_driver [None req-383127f5-ba7c-4158-b285-d8aca818ecbb - - - - - -] OVN reports status up for port: 790aebe2-9083-448e-90b4-04afb146a46d
2026-05-12 12:44:14.947 10 INFO neutron.plugins.ml2.plugin [None req-383127f5-ba7c-4158-b285-d8aca818ecbb - - - - - -] Attempt 1 to provision port 790aebe2-9083-448e-90b4-04afb146a46d
2026-05-12 12:44:15.103 10 INFO neutron.db.ovn_revision_numbers_db [None req-30372388-054d-4a29-80a6-2acdd693aaac 0e22e099422a4bb69a78b8e8751340a3 a1262d3303b343f095e0707333f9e4a6 - - - -] Successfully bumped revision number for resource 159aa8a2-ba38-494b-a06e-5253c832ae23 (type: security_group_rules) to 0
2026-05-12 12:44:15.131 10 INFO neutron.wsgi [None req-30372388-054d-4a29-80a6-2acdd693aaac 0e22e099422a4bb69a78b8e8751340a3 a1262d3303b343f095e0707333f9e4a6 - - - -] 10.0.0.62 "POST /v2.0/security-group-rules HTTP/1.1" status: 201 len: 768 time: 0.1847870
2026-05-12 12:44:15.224 10 INFO neutron.db.ovn_revision_numbers_db [None req-383127f5-ba7c-4158-b285-d8aca818ecbb - - - - - -] Successfully bumped revision number for resource 790aebe2-9083-448e-90b4-04afb146a46d (type: ports) to 3
2026-05-12 12:44:15.262 9 INFO neutron.db.ovn_revision_numbers_db [None req-ca4dddef-11a4-4d87-9543-45d1dc420d08 0e22e099422a4bb69a78b8e8751340a3 a1262d3303b343f095e0707333f9e4a6 - - - -] Successfully bumped revision number for resource 8dd10d14-dca5-4872-b047-80e94af74d11 (type: security_group_rules) to 0
2026-05-12 12:44:15.287 9 INFO neutron.wsgi [None req-ca4dddef-11a4-4d87-9543-45d1dc420d08 0e22e099422a4bb69a78b8e8751340a3 a1262d3303b343f095e0707333f9e4a6 - - - -] 10.0.0.62 "POST /v2.0/security-group-rules HTTP/1.1" status: 201 len: 768 time: 0.1492059
2026-05-12 12:44:15.290 9 INFO neutron.db.ovn_revision_numbers_db [None req-c4090fc5-9776-48f0-ae0c-bcfa7a19e329 3549d31a3f534dc89085466910187e80 d067638fdff349a78586cf8bb6c7d3b5 - - - -] Successfully bumped revision number for resource d8186e1e-ff51-468d-92a0-7eb7b49d6e94 (type: security_groups) to 1
2026-05-12 12:44:15.345 10 INFO neutron.db.ovn_revision_numbers_db [None req-383127f5-ba7c-4158-b285-d8aca818ecbb - - - - - -] Successfully bumped revision number for resource 790aebe2-9083-448e-90b4-04afb146a46d (type: router_ports) to 3
2026-05-12 12:44:15.351 9 INFO neutron.db.segments_db [None req-c4090fc5-9776-48f0-ae0c-bcfa7a19e329 3549d31a3f534dc89085466910187e80 d067638fdff349a78586cf8bb6c7d3b5 - - - -] Added segment a8af493c-17ac-41b5-836f-46f47d8cca5a of type geneve for network 293f1026-8b59-4160-8340-ced1aad11fa5
2026-05-12 12:44:15.451 10 INFO neutron.db.ovn_revision_numbers_db [None req-d5bf4702-d625-4868-95b5-d55e0ca860c9 0e22e099422a4bb69a78b8e8751340a3 a1262d3303b343f095e0707333f9e4a6 - - - -] Successfully bumped revision number for resource 5a1cb982-6834-4e29-8a04-4eaacf16e5f2 (type: security_group_rules) to 0
2026-05-12 12:44:15.479 10 INFO neutron.wsgi [None req-d5bf4702-d625-4868-95b5-d55e0ca860c9 0e22e099422a4bb69a78b8e8751340a3 a1262d3303b343f095e0707333f9e4a6 - - - -] 10.0.0.62 "POST /v2.0/security-group-rules HTTP/1.1" status: 201 len: 764 time: 0.1878889
2026-05-12 12:44:15.492 9 INFO neutron.db.ovn_revision_numbers_db [None req-c4090fc5-9776-48f0-ae0c-bcfa7a19e329 3549d31a3f534dc89085466910187e80 d067638fdff349a78586cf8bb6c7d3b5 - - - -] Successfully bumped revision number for resource 293f1026-8b59-4160-8340-ced1aad11fa5 (type: networks) to 1
2026-05-12 12:44:15.642 9 INFO neutron.db.ovn_revision_numbers_db [None req-4effd2cd-d0a8-445e-9015-2837622fc2e1 0e22e099422a4bb69a78b8e8751340a3 a1262d3303b343f095e0707333f9e4a6 - - - -] Successfully bumped revision number for resource 1bad02c3-d159-4a96-868d-2603eb6bf5a1 (type: security_group_rules) to 0
2026-05-12 12:44:15.677 9 WARNING neutron.scheduler.dhcp_agent_scheduler [None req-c4090fc5-9776-48f0-ae0c-bcfa7a19e329 3549d31a3f534dc89085466910187e80 d067638fdff349a78586cf8bb6c7d3b5 - - - -] No more DHCP agents
2026-05-12 12:44:15.679 9 WARNING neutron.api.rpc.agentnotifiers.dhcp_rpc_agent_api [None req-c4090fc5-9776-48f0-ae0c-bcfa7a19e329 3549d31a3f534dc89085466910187e80 d067638fdff349a78586cf8bb6c7d3b5 - - - -] Unable to schedule network 293f1026-8b59-4160-8340-ced1aad11fa5: no agents available; will retry on subsequent port and subnet creation events.
2026-05-12 12:44:15.682 9 INFO neutron.wsgi [None req-4effd2cd-d0a8-445e-9015-2837622fc2e1 0e22e099422a4bb69a78b8e8751340a3 a1262d3303b343f095e0707333f9e4a6 - - - -] 10.0.0.62 "POST /v2.0/security-group-rules HTTP/1.1" status: 201 len: 764 time: 0.1974156
2026-05-12 12:44:15.752 9 INFO neutron.db.ovn_revision_numbers_db [None req-c4090fc5-9776-48f0-ae0c-bcfa7a19e329 3549d31a3f534dc89085466910187e80 d067638fdff349a78586cf8bb6c7d3b5 - - - -] Successfully bumped revision number for resource 9a87accc-23aa-4ed0-aaad-e29fac4647c9 (type: ports) to 1
2026-05-12 12:44:15.773 9 INFO neutron.wsgi [None req-c4090fc5-9776-48f0-ae0c-bcfa7a19e329 3549d31a3f534dc89085466910187e80 d067638fdff349a78586cf8bb6c7d3b5 - - - -] 10.0.0.62 "POST /v2.0/networks HTTP/1.1" status: 201 len: 830 time: 0.7897830
2026-05-12 12:44:15.840 10 INFO neutron.db.ovn_revision_numbers_db [None req-6f3638d7-2cba-4a7e-a94b-65f40a964a8b 0e22e099422a4bb69a78b8e8751340a3 a1262d3303b343f095e0707333f9e4a6 - - - -] Successfully bumped revision number for resource 16916d6f-7d36-47cf-be58-1c74a9af8de1 (type: security_group_rules) to 0
2026-05-12 12:44:15.871 10 INFO neutron.wsgi [None req-6f3638d7-2cba-4a7e-a94b-65f40a964a8b 0e22e099422a4bb69a78b8e8751340a3 a1262d3303b343f095e0707333f9e4a6 - - - -] 10.0.0.62 "POST /v2.0/security-group-rules HTTP/1.1" status: 201 len: 764 time: 0.1818550
2026-05-12 12:44:16.001 9 INFO neutron.db.ovn_revision_numbers_db [None req-5a2e1681-3bd0-402b-b027-8a0b229affce 0e22e099422a4bb69a78b8e8751340a3 a1262d3303b343f095e0707333f9e4a6 - - - -] Successfully bumped revision number for resource 165465fa-fe0f-408c-aa84-5292bfba6f93 (type: security_group_rules) to 0
2026-05-12 12:44:16.029 9 INFO neutron.wsgi [None req-5a2e1681-3bd0-402b-b027-8a0b229affce 0e22e099422a4bb69a78b8e8751340a3 a1262d3303b343f095e0707333f9e4a6 - - - -] 10.0.0.62 "POST /v2.0/security-group-rules HTTP/1.1" status: 201 len: 766 time: 0.1511154
2026-05-12 12:44:16.031 10 WARNING neutron.scheduler.dhcp_agent_scheduler [None req-3c4ba2d4-f442-4d7f-9ee2-2e3a25ba6371 3549d31a3f534dc89085466910187e80 d067638fdff349a78586cf8bb6c7d3b5 - - - -] No more DHCP agents
2026-05-12 12:44:16.033 10 WARNING neutron.api.rpc.agentnotifiers.dhcp_rpc_agent_api [None req-3c4ba2d4-f442-4d7f-9ee2-2e3a25ba6371 3549d31a3f534dc89085466910187e80 d067638fdff349a78586cf8bb6c7d3b5 - - - -] Unable to schedule network 293f1026-8b59-4160-8340-ced1aad11fa5: no agents available; will retry on subsequent port and subnet creation events.
2026-05-12 12:44:16.084 10 INFO neutron.db.ovn_revision_numbers_db [None req-3c4ba2d4-f442-4d7f-9ee2-2e3a25ba6371 3549d31a3f534dc89085466910187e80 d067638fdff349a78586cf8bb6c7d3b5 - - - -] Successfully bumped revision number for resource 421f380c-1cc7-4cae-8078-66c8dfa9c6c9 (type: ports) to 1
2026-05-12 12:44:16.105 10 INFO neutron.wsgi [None req-3c4ba2d4-f442-4d7f-9ee2-2e3a25ba6371 3549d31a3f534dc89085466910187e80 d067638fdff349a78586cf8bb6c7d3b5 - - - -] 10.0.0.62 "POST /v2.0/ports HTTP/1.1" status: 201 len: 942 time: 0.3249018 /var/lib/openstack/lib/python3.10/site-packages/pycadf/identifier.py:71: UserWarning: Invalid uuid: neutron. To ensure interoperability, identifiers should be a valid uuid. warnings.warn(('Invalid uuid: %s. To ensure interoperability, '
2026-05-12 12:44:16.140 9 INFO neutron.db.ovn_revision_numbers_db [None req-cdfd89f7-83e0-4c45-908f-ff87d6d5b6ec 0e22e099422a4bb69a78b8e8751340a3 a1262d3303b343f095e0707333f9e4a6 - - - -] Successfully bumped revision number for resource 6790ac80-468b-4e0b-8c54-775fe2bb6dae (type: security_group_rules) to 0
2026-05-12 12:44:16.163 9 INFO neutron.wsgi [None req-cdfd89f7-83e0-4c45-908f-ff87d6d5b6ec 0e22e099422a4bb69a78b8e8751340a3 a1262d3303b343f095e0707333f9e4a6 - - - -] 10.0.0.62 "POST /v2.0/security-group-rules HTTP/1.1" status: 201 len: 768 time: 0.1288936
2026-05-12 12:44:16.268 9 INFO neutron.db.ovn_revision_numbers_db [None req-605a8bb5-feb1-45b6-95a7-cd1a2addd42c 0e22e099422a4bb69a78b8e8751340a3 a1262d3303b343f095e0707333f9e4a6 - - - -] Successfully bumped revision number for resource eaa60485-4b28-42c7-bab3-2d98b8d59d0d (type: security_group_rules) to 0
2026-05-12 12:44:16.290 9 INFO neutron.wsgi [None req-605a8bb5-feb1-45b6-95a7-cd1a2addd42c 0e22e099422a4bb69a78b8e8751340a3 a1262d3303b343f095e0707333f9e4a6 - - - -] 10.0.0.62 "POST /v2.0/security-group-rules HTTP/1.1" status: 201 len: 764 time: 0.1217589
2026-05-12 12:44:16.308 10 INFO neutron.wsgi [None req-145f7b8c-0b96-493c-8006-854d6e650ff4 3549d31a3f534dc89085466910187e80 d067638fdff349a78586cf8bb6c7d3b5 - - - -] 10.0.0.62 "POST /v2.0/trunks HTTP/1.1" status: 201 len: 608 time: 0.1990955
2026-05-12 12:44:16.379 10 INFO neutron.db.segments_db [None req-d3147b0f-746e-4564-8538-5fda3ae0b2a7 3549d31a3f534dc89085466910187e80 d067638fdff349a78586cf8bb6c7d3b5 - - - -] Added segment 2dacf352-99e0-4aff-be8e-9800157913d5 of type geneve for network 44719017-80e5-4c14-95c0-0597bb81f8f0
2026-05-12 12:44:16.474 10 INFO neutron.db.ovn_revision_numbers_db [None req-d3147b0f-746e-4564-8538-5fda3ae0b2a7 3549d31a3f534dc89085466910187e80 d067638fdff349a78586cf8bb6c7d3b5 - - - -] Successfully bumped revision number for resource 44719017-80e5-4c14-95c0-0597bb81f8f0 (type: networks) to 1
2026-05-12 12:44:16.613 10 WARNING neutron.scheduler.dhcp_agent_scheduler [None req-d3147b0f-746e-4564-8538-5fda3ae0b2a7 3549d31a3f534dc89085466910187e80 d067638fdff349a78586cf8bb6c7d3b5 - - - -] No more DHCP agents
2026-05-12 12:44:16.615 10 WARNING neutron.api.rpc.agentnotifiers.dhcp_rpc_agent_api [None req-d3147b0f-746e-4564-8538-5fda3ae0b2a7 3549d31a3f534dc89085466910187e80 d067638fdff349a78586cf8bb6c7d3b5 - - - -] Unable to schedule network 44719017-80e5-4c14-95c0-0597bb81f8f0: no agents available; will retry on subsequent port and subnet creation events.
2026-05-12 12:44:16.699 10 INFO neutron.wsgi [req-9346b994-e77a-4e65-b2c7-4d6f378c58a4 req-1fec90ae-3670-4f3d-a389-f384d6c2201a 0e22e099422a4bb69a78b8e8751340a3 a1262d3303b343f095e0707333f9e4a6 - - default default] 10.0.0.25 "GET /v2.0/security-groups?name=tempest-lb_member_SG-1789915431&fields=id&tenant_id=a1262d3303b343f095e0707333f9e4a6 HTTP/1.1" status: 200 len: 267 time: 0.0511854
2026-05-12 12:44:16.703 10 INFO neutron.db.ovn_revision_numbers_db [None req-d3147b0f-746e-4564-8538-5fda3ae0b2a7 3549d31a3f534dc89085466910187e80 d067638fdff349a78586cf8bb6c7d3b5 - - - -] Successfully bumped revision number for resource 8e07dd5d-3eba-48a4-afba-91a5f0d7ad43 (type: ports) to 1
2026-05-12 12:44:16.736 10 INFO neutron.wsgi [None req-d3147b0f-746e-4564-8538-5fda3ae0b2a7 3549d31a3f534dc89085466910187e80 d067638fdff349a78586cf8bb6c7d3b5 - - - -] 10.0.0.62 "POST /v2.0/networks HTTP/1.1" status: 201 len: 830 time: 0.4240460
2026-05-12 12:44:16.776 10 INFO neutron.wsgi [req-9346b994-e77a-4e65-b2c7-4d6f378c58a4 req-e8e05773-f473-4a57-8ece-9b5dd1952238 0e22e099422a4bb69a78b8e8751340a3 a1262d3303b343f095e0707333f9e4a6 - - default default] 10.0.0.25 "GET /v2.0/networks?id=2cf0e75d-bfec-4c30-9678-d7bb5f2dc44c HTTP/1.1" status: 200 len: 904 time: 0.0679996
2026-05-12 12:44:16.793 10 INFO neutron.wsgi [req-9346b994-e77a-4e65-b2c7-4d6f378c58a4 req-143a2e29-fa5b-4f53-a3ec-a85fce09bfbb 0e22e099422a4bb69a78b8e8751340a3 a1262d3303b343f095e0707333f9e4a6 - - default default] 10.0.0.25 "GET /v2.0/quotas/a1262d3303b343f095e0707333f9e4a6 HTTP/1.1" status: 200 len: 386 time: 0.0087101
2026-05-12 12:44:16.966 9 WARNING neutron.scheduler.dhcp_agent_scheduler [None req-7a0586d9-0460-4073-bd83-5d00bf02c839 3549d31a3f534dc89085466910187e80 d067638fdff349a78586cf8bb6c7d3b5 - - - -] No more DHCP agents
2026-05-12 12:44:16.968 9 WARNING neutron.api.rpc.agentnotifiers.dhcp_rpc_agent_api [None req-7a0586d9-0460-4073-bd83-5d00bf02c839 3549d31a3f534dc89085466910187e80 d067638fdff349a78586cf8bb6c7d3b5 - - - -] Unable to schedule network 44719017-80e5-4c14-95c0-0597bb81f8f0: no agents available; will retry on subsequent port and subnet creation events.
2026-05-12 12:44:16.985 10 INFO neutron.wsgi [req-9346b994-e77a-4e65-b2c7-4d6f378c58a4 req-564f50d7-663c-417c-aaf4-634a2570bad7 0e22e099422a4bb69a78b8e8751340a3 a1262d3303b343f095e0707333f9e4a6 - - default default] 10.0.0.25 "GET /v2.0/ports?tenant_id=a1262d3303b343f095e0707333f9e4a6&fields=id HTTP/1.1" status: 200 len: 486 time: 0.1891637
2026-05-12 12:44:17.026 9 INFO neutron.db.ovn_revision_numbers_db [None req-7a0586d9-0460-4073-bd83-5d00bf02c839 3549d31a3f534dc89085466910187e80 d067638fdff349a78586cf8bb6c7d3b5 - - - -] Successfully bumped revision number for resource 578ffeb2-ddfe-40d4-bd1c-196bdbfee368 (type: ports) to 1
2026-05-12 12:44:17.048 9 INFO neutron.wsgi [None req-7a0586d9-0460-4073-bd83-5d00bf02c839 3549d31a3f534dc89085466910187e80 d067638fdff349a78586cf8bb6c7d3b5 - - - -] 10.0.0.62 "POST /v2.0/ports HTTP/1.1" status: 201 len: 942 time: 0.3036599
2026-05-12 12:44:17.056 10 INFO neutron.wsgi [req-9346b994-e77a-4e65-b2c7-4d6f378c58a4 req-42522946-a1c9-44d0-bc8f-f3c45f5deb42 e326119a2b95487b818c99a3145e043a 3ae3ba7ab3bd42cbba83a45717edbb56 - - 6698cee769d4496ab6a1aaec088ecb18 6698cee769d4496ab6a1aaec088ecb18] 10.0.0.25 "GET /v2.0/networks/2cf0e75d-bfec-4c30-9678-d7bb5f2dc44c?fields=segments HTTP/1.1" status: 200 len: 212 time: 0.0608411 /var/lib/openstack/lib/python3.10/site-packages/pycadf/identifier.py:71: UserWarning: Invalid uuid: neutron. To ensure interoperability, identifiers should be a valid uuid. warnings.warn(('Invalid uuid: %s. To ensure interoperability, '
2026-05-12 12:44:17.120 10 INFO neutron.wsgi [req-9346b994-e77a-4e65-b2c7-4d6f378c58a4 req-ec037979-ea08-481e-9fe6-a4856e71b7cf e326119a2b95487b818c99a3145e043a 3ae3ba7ab3bd42cbba83a45717edbb56 - - 6698cee769d4496ab6a1aaec088ecb18 6698cee769d4496ab6a1aaec088ecb18] 10.0.0.25 "GET /v2.0/networks/2cf0e75d-bfec-4c30-9678-d7bb5f2dc44c?fields=provider%3Aphysical_network&fields=provider%3Anetwork_type HTTP/1.1" status: 200 len: 277 time: 0.0573893
2026-05-12 12:44:17.257 9 INFO neutron.wsgi [req-efa95ae7-4dd9-46b7-8bd8-2cea4503db32 req-bba9fee3-5baa-40ce-9da5-5189f6682532 0e22e099422a4bb69a78b8e8751340a3 a1262d3303b343f095e0707333f9e4a6 - - default default] 10.0.0.25 "GET /v2.0/ports?device_id=d75bfe43-2fd6-4bbe-a0ba-de7e2d417ad9 HTTP/1.1" status: 200 len: 210 time: 0.0229137
2026-05-12 12:44:17.281 9 INFO neutron.wsgi [None req-2b732b66-d1ca-4599-b5b3-62f4c84a4f5f 3549d31a3f534dc89085466910187e80 d067638fdff349a78586cf8bb6c7d3b5 - - - -] 10.0.0.62 "POST /v2.0/trunks HTTP/1.1" status: 201 len: 608 time: 0.2262800
2026-05-12 12:44:17.367 10 INFO neutron.db.segments_db [None req-299f79a1-e870-4ccf-a00c-f6b8e7724940 3549d31a3f534dc89085466910187e80 d067638fdff349a78586cf8bb6c7d3b5 - - - -] Added segment dfd55e99-3eff-4a81-b3b2-3f583f2d252c of type geneve for network 13734cd8-b52b-4ada-ac98-963c0c9d78ae
2026-05-12 12:44:17.481 10 INFO neutron.db.ovn_revision_numbers_db [None req-299f79a1-e870-4ccf-a00c-f6b8e7724940 3549d31a3f534dc89085466910187e80 d067638fdff349a78586cf8bb6c7d3b5 - - - -] Successfully bumped revision number for resource 13734cd8-b52b-4ada-ac98-963c0c9d78ae (type: networks) to 1
2026-05-12 12:44:17.656 10 WARNING neutron.scheduler.dhcp_agent_scheduler [None req-299f79a1-e870-4ccf-a00c-f6b8e7724940 3549d31a3f534dc89085466910187e80 d067638fdff349a78586cf8bb6c7d3b5 - - - -] No more DHCP agents
2026-05-12 12:44:17.658 10 WARNING neutron.api.rpc.agentnotifiers.dhcp_rpc_agent_api [None req-299f79a1-e870-4ccf-a00c-f6b8e7724940 3549d31a3f534dc89085466910187e80 d067638fdff349a78586cf8bb6c7d3b5 - - - -] Unable to schedule network 13734cd8-b52b-4ada-ac98-963c0c9d78ae: no agents available; will retry on subsequent port and subnet creation events.
2026-05-12 12:44:17.725 10 INFO neutron.db.ovn_revision_numbers_db [None req-299f79a1-e870-4ccf-a00c-f6b8e7724940 3549d31a3f534dc89085466910187e80 d067638fdff349a78586cf8bb6c7d3b5 - - - -] Successfully bumped revision number for resource bdd8208a-46d5-4d0a-b01c-b8c02be8e2dd (type: ports) to 1
2026-05-12 12:44:17.750 10 INFO neutron.wsgi [None req-299f79a1-e870-4ccf-a00c-f6b8e7724940 3549d31a3f534dc89085466910187e80 d067638fdff349a78586cf8bb6c7d3b5 - - - -] 10.0.0.62 "POST /v2.0/networks HTTP/1.1" status: 201 len: 830 time: 0.4627850
2026-05-12 12:44:17.948 10 INFO neutron.wsgi [req-9346b994-e77a-4e65-b2c7-4d6f378c58a4 req-15f0ce23-d193-410f-9346-f4a19116b734 0e22e099422a4bb69a78b8e8751340a3 a1262d3303b343f095e0707333f9e4a6 - - default default] 199.19.213.87 "GET /v2.0/networks?id=2cf0e75d-bfec-4c30-9678-d7bb5f2dc44c HTTP/1.1" status: 200 len: 904 time: 0.0924594
2026-05-12 12:44:18.017 10 INFO neutron.wsgi [req-9346b994-e77a-4e65-b2c7-4d6f378c58a4 req-56ff36d5-6622-4033-989c-b4f20a07be12 0e22e099422a4bb69a78b8e8751340a3 a1262d3303b343f095e0707333f9e4a6 - - default default] 199.19.213.87 "GET /v2.0/security-groups?fields=id&fields=name&tenant_id=a1262d3303b343f095e0707333f9e4a6 HTTP/1.1" status: 200 len: 378 time: 0.0528467 /var/lib/openstack/lib/python3.10/site-packages/pycadf/identifier.py:71: UserWarning: Invalid uuid: neutron. To ensure interoperability, identifiers should be a valid uuid. warnings.warn(('Invalid uuid: %s. To ensure interoperability, '
2026-05-12 12:44:18.056 10 WARNING neutron.scheduler.dhcp_agent_scheduler [None req-05cf8a0a-b7cb-4222-8ca1-f9fdccf4b11f 3549d31a3f534dc89085466910187e80 d067638fdff349a78586cf8bb6c7d3b5 - - - -] No more DHCP agents
2026-05-12 12:44:18.063 10 WARNING neutron.api.rpc.agentnotifiers.dhcp_rpc_agent_api [None req-05cf8a0a-b7cb-4222-8ca1-f9fdccf4b11f 3549d31a3f534dc89085466910187e80 d067638fdff349a78586cf8bb6c7d3b5 - - - -] Unable to schedule network 13734cd8-b52b-4ada-ac98-963c0c9d78ae: no agents available; will retry on subsequent port and subnet creation events.
2026-05-12 12:44:18.148 10 INFO neutron.db.ovn_revision_numbers_db [None req-05cf8a0a-b7cb-4222-8ca1-f9fdccf4b11f 3549d31a3f534dc89085466910187e80 d067638fdff349a78586cf8bb6c7d3b5 - - - -] Successfully bumped revision number for resource aa3eb6e7-71b6-4eb7-bc32-305ef20dcf7d (type: ports) to 1
