2026-05-12 12:41:33.235 10 INFO neutron.db.ovn_revision_numbers_db [None req-6b341420-69d7-4f10-87ac-7aa21e784be1 b13230c76d314e39a0bc164eb4804e90 9925fe606a554717aab6e2d224ef3810 - - default default] Successfully bumped revision number for resource 5f18068a-58a8-452d-abde-d96e9e355b49 (type: security_groups) to 1
2026-05-12 12:41:33.295 10 INFO neutron.wsgi [None req-6b341420-69d7-4f10-87ac-7aa21e784be1 b13230c76d314e39a0bc164eb4804e90 9925fe606a554717aab6e2d224ef3810 - - default default] 10.0.0.62 "GET /v2.0/security-groups?tenant_id=8082a302f3a4407caf4dbecc9ee6698d&name=default HTTP/1.1" status: 200 len: 2996 time: 0.2524130
2026-05-12 12:41:33.307 10 WARNING neutron.scheduler.dhcp_agent_scheduler [None req-430adc0f-4df7-4bb9-b611-eacb6ade8f55 91ed5f7a46404843a11b16a170ea948b 42957b41acaf4115884f8e12c91bc7cc - - - -] No more DHCP agents
2026-05-12 12:41:33.310 10 WARNING neutron.api.rpc.agentnotifiers.dhcp_rpc_agent_api [None req-430adc0f-4df7-4bb9-b611-eacb6ade8f55 91ed5f7a46404843a11b16a170ea948b 42957b41acaf4115884f8e12c91bc7cc - - - -] Unable to schedule network f4b75e74-bc99-48dd-8f36-90ddfb506adf: no agents available; will retry on subsequent port and subnet creation events.
2026-05-12 12:41:33.392 10 INFO neutron.wsgi [None req-c010148c-4820-42e7-89f8-51c15d2fbad3 388f5a1e0e9748b5ba114b1a6a0bd749 80f896549cdc41c9bf676e2da94c7412 - - - -] 10.0.0.62 "DELETE /v2.0/networks/f3175e49-023c-4751-ace2-162a9e929487 HTTP/1.1" status: 204 len: 168 time: 0.6043191
2026-05-12 12:41:33.392 10 INFO neutron.db.ovn_revision_numbers_db [None req-430adc0f-4df7-4bb9-b611-eacb6ade8f55 91ed5f7a46404843a11b16a170ea948b 42957b41acaf4115884f8e12c91bc7cc - - - -] Successfully bumped revision number for resource c45b3108-9853-4574-b31b-c14ce8746c71 (type: ports) to 1
2026-05-12 12:41:33.416 10 INFO neutron.wsgi [None req-430adc0f-4df7-4bb9-b611-eacb6ade8f55 91ed5f7a46404843a11b16a170ea948b 42957b41acaf4115884f8e12c91bc7cc - - - -] 10.0.0.62 "POST /v2.0/networks HTTP/1.1" status: 201 len: 829 time: 0.6857705
2026-05-12 12:41:33.468 9 INFO neutron.wsgi [None req-e9bcd0c4-fc2f-480b-90fb-925ffeaab36f 388f5a1e0e9748b5ba114b1a6a0bd749 80f896549cdc41c9bf676e2da94c7412 - - default default] 10.0.0.62 "GET /v2.0/networks HTTP/1.1" status: 200 len: 845 time: 0.0696595
2026-05-12 12:41:33.521 9 INFO neutron.wsgi [None req-8ecfdb07-98e3-4615-925c-b2b613c745ff b13230c76d314e39a0bc164eb4804e90 9925fe606a554717aab6e2d224ef3810 - - - -] 10.0.0.62 "DELETE /v2.0/security-groups/5f18068a-58a8-452d-abde-d96e9e355b49 HTTP/1.1" status: 204 len: 168 time: 0.2200127
2026-05-12 12:41:33.553 9 INFO neutron.db.segments_db [None req-f29d804c-907f-4f6e-9289-873c29ba8a2e 388f5a1e0e9748b5ba114b1a6a0bd749 80f896549cdc41c9bf676e2da94c7412 - - - -] Added segment fb830d60-2a1b-4a47-b4a7-a0cb3152f4ca of type geneve for network e1d99856-cd7d-43b1-8f94-f0b270c31388
2026-05-12 12:41:33.680 9 INFO neutron.db.ovn_revision_numbers_db [None req-f29d804c-907f-4f6e-9289-873c29ba8a2e 388f5a1e0e9748b5ba114b1a6a0bd749 80f896549cdc41c9bf676e2da94c7412 - - - -] Successfully bumped revision number for resource e1d99856-cd7d-43b1-8f94-f0b270c31388 (type: networks) to 1
2026-05-12 12:41:33.704 10 WARNING neutron.scheduler.dhcp_agent_scheduler [None req-f5f8fab4-afa3-48c6-90a7-8d105c872e37 91ed5f7a46404843a11b16a170ea948b 42957b41acaf4115884f8e12c91bc7cc - - - -] No more DHCP agents
2026-05-12 12:41:33.707 10 WARNING neutron.api.rpc.agentnotifiers.dhcp_rpc_agent_api [None req-f5f8fab4-afa3-48c6-90a7-8d105c872e37 91ed5f7a46404843a11b16a170ea948b 42957b41acaf4115884f8e12c91bc7cc - - - -] Unable to schedule network f4b75e74-bc99-48dd-8f36-90ddfb506adf: no agents available; will retry on subsequent port and subnet creation events.
2026-05-12 12:41:33.826 10 WARNING neutron.plugins.ml2.drivers.ovn.mech_driver.ovsdb.ovn_client [None req-383127f5-ba7c-4158-b285-d8aca818ecbb - - - - - -] No port found with ID 975a4fd6-c316-4cb6-9a01-a485ac44e63b: RuntimeError: No port found with ID 975a4fd6-c316-4cb6-9a01-a485ac44e63b
2026-05-12 12:41:33.875 10 INFO neutron.db.ovn_revision_numbers_db [None req-9ece00a5-4c0f-48d0-85c8-a338056902d8 b13230c76d314e39a0bc164eb4804e90 9925fe606a554717aab6e2d224ef3810 - - default default] Successfully bumped revision number for resource 6ebeae2e-09c3-4a82-9f33-16179a425f5e (type: security_groups) to 1
2026-05-12 12:41:33.919 9 WARNING neutron.scheduler.dhcp_agent_scheduler [None req-f29d804c-907f-4f6e-9289-873c29ba8a2e 388f5a1e0e9748b5ba114b1a6a0bd749 80f896549cdc41c9bf676e2da94c7412 - - - -] No more DHCP agents
2026-05-12 12:41:33.921 9 WARNING neutron.api.rpc.agentnotifiers.dhcp_rpc_agent_api [None req-f29d804c-907f-4f6e-9289-873c29ba8a2e 388f5a1e0e9748b5ba114b1a6a0bd749 80f896549cdc41c9bf676e2da94c7412 - - - -] Unable to schedule network e1d99856-cd7d-43b1-8f94-f0b270c31388: no agents available; will retry on subsequent port and subnet creation events.
2026-05-12 12:41:33.923 10 INFO neutron.wsgi [None req-9ece00a5-4c0f-48d0-85c8-a338056902d8 b13230c76d314e39a0bc164eb4804e90 9925fe606a554717aab6e2d224ef3810 - - default default] 10.0.0.62 "GET /v2.0/security-groups?tenant_id=01ff737a9ede405ab97193a2a2a6ef09&name=default HTTP/1.1" status: 200 len: 2996 time: 0.2290118
2026-05-12 12:41:33.979 9 INFO neutron.db.ovn_revision_numbers_db [None req-f29d804c-907f-4f6e-9289-873c29ba8a2e 388f5a1e0e9748b5ba114b1a6a0bd749 80f896549cdc41c9bf676e2da94c7412 - - - -] Successfully bumped revision number for resource c9f48073-b3bb-4a31-8be0-4a70209a6871 (type: ports) to 1
2026-05-12 12:41:34.000 9 INFO neutron.wsgi [None req-f29d804c-907f-4f6e-9289-873c29ba8a2e 388f5a1e0e9748b5ba114b1a6a0bd749 80f896549cdc41c9bf676e2da94c7412 - - - -] 10.0.0.62 "POST /v2.0/networks HTTP/1.1" status: 201 len: 849 time: 0.5244730
2026-05-12 12:41:34.090 9 INFO neutron.db.segments_db [None req-01673daf-5534-4351-9e12-a1eb566c9e84 388f5a1e0e9748b5ba114b1a6a0bd749 80f896549cdc41c9bf676e2da94c7412 - - - -] Added segment 52f74971-7b5a-4f3d-b9a8-fb5a8808533d of type geneve for network 315981b5-6788-4c59-b9ba-d44da8c57194
2026-05-12 12:41:34.184 10 INFO neutron.wsgi [None req-d3bf8412-448a-41eb-9439-69e8adc415fe b13230c76d314e39a0bc164eb4804e90 9925fe606a554717aab6e2d224ef3810 - - - -] 10.0.0.62 "DELETE /v2.0/security-groups/6ebeae2e-09c3-4a82-9f33-16179a425f5e HTTP/1.1" status: 204 len: 168 time: 0.2559025
2026-05-12 12:41:34.232 9 INFO neutron.db.ovn_revision_numbers_db [None req-01673daf-5534-4351-9e12-a1eb566c9e84 388f5a1e0e9748b5ba114b1a6a0bd749 80f896549cdc41c9bf676e2da94c7412 - - - -] Successfully bumped revision number for resource 315981b5-6788-4c59-b9ba-d44da8c57194 (type: networks) to 1
2026-05-12 12:41:34.242 10 INFO neutron.db.ovn_revision_numbers_db [None req-f5f8fab4-afa3-48c6-90a7-8d105c872e37 91ed5f7a46404843a11b16a170ea948b 42957b41acaf4115884f8e12c91bc7cc - - - -] Successfully bumped revision number for resource c45b3108-9853-4574-b31b-c14ce8746c71 (type: ports) to 2
2026-05-12 12:41:34.256 10 INFO neutron.db.ovn_revision_numbers_db [None req-f5f8fab4-afa3-48c6-90a7-8d105c872e37 91ed5f7a46404843a11b16a170ea948b 42957b41acaf4115884f8e12c91bc7cc - - - -] Successfully bumped revision number for resource 43bc054f-ac10-49cb-b189-757e56d3dd98 (type: subnets) to 0
2026-05-12 12:41:34.263 9 INFO neutron.services.segments.plugin [-] Segment 33603b93-8ea0-43c0-9e25-e252ee922d55 resource provider aggregate not found
2026-05-12 12:41:34.275 10 INFO neutron.wsgi [None req-f5f8fab4-afa3-48c6-90a7-8d105c872e37 91ed5f7a46404843a11b16a170ea948b 42957b41acaf4115884f8e12c91bc7cc - - - -] 10.0.0.62 "POST /v2.0/subnets HTTP/1.1" status: 201 len: 801 time: 0.8554182
2026-05-12 12:41:34.277 9 INFO neutron.services.segments.plugin [-] Segment 33603b93-8ea0-43c0-9e25-e252ee922d55 resource provider aggregate not found
2026-05-12 12:41:34.282 9 INFO neutron.services.segments.plugin [-] Segment 33603b93-8ea0-43c0-9e25-e252ee922d55 resource provider not found; error: Placement Client Error (4xx): {"errors": [{"status": 404, "title": "Not Found", "detail": "The resource could not be found.\n\n No resource provider with uuid 33603b93-8ea0-43c0-9e25-e252ee922d55 found for delete ", "request_id": "req-266a0cb2-0c35-4ad4-b51a-822e33dda529"}]}
2026-05-12 12:41:34.290 9 INFO neutron.services.segments.plugin [-] Segment 33603b93-8ea0-43c0-9e25-e252ee922d55 resource provider not found; error: Placement Client Error (4xx): {"errors": [{"status": 404, "title": "Not Found", "detail": "The resource could not be found.\n\n No resource provider with uuid 33603b93-8ea0-43c0-9e25-e252ee922d55 found for delete ", "request_id": "req-b098bddb-e325-48f2-ac67-b865f7789046"}]}
2026-05-12 12:41:34.438 9 WARNING neutron.scheduler.dhcp_agent_scheduler [None req-01673daf-5534-4351-9e12-a1eb566c9e84 388f5a1e0e9748b5ba114b1a6a0bd749 80f896549cdc41c9bf676e2da94c7412 - - - -] No more DHCP agents
2026-05-12 12:41:34.441 9 WARNING neutron.api.rpc.agentnotifiers.dhcp_rpc_agent_api [None req-01673daf-5534-4351-9e12-a1eb566c9e84 388f5a1e0e9748b5ba114b1a6a0bd749 80f896549cdc41c9bf676e2da94c7412 - - - -] Unable to schedule network 315981b5-6788-4c59-b9ba-d44da8c57194: no agents available; will retry on subsequent port and subnet creation events.
2026-05-12 12:41:34.441 10 INFO neutron.db.ovn_revision_numbers_db [None req-85f737c4-c497-42fe-bc6e-36becd8324b5 91ed5f7a46404843a11b16a170ea948b 42957b41acaf4115884f8e12c91bc7cc - - - -] Successfully bumped revision number for resource 535bd678-c032-4884-9583-5d2af7304b5f (type: routers) to 1
2026-05-12 12:41:34.453 10 INFO neutron.wsgi [None req-85f737c4-c497-42fe-bc6e-36becd8324b5 91ed5f7a46404843a11b16a170ea948b 42957b41acaf4115884f8e12c91bc7cc - - - -] 10.0.0.62 "POST /v2.0/routers HTTP/1.1" status: 201 len: 686 time: 0.1735523
2026-05-12 12:41:34.501 9 INFO neutron.db.ovn_revision_numbers_db [None req-01673daf-5534-4351-9e12-a1eb566c9e84 388f5a1e0e9748b5ba114b1a6a0bd749 80f896549cdc41c9bf676e2da94c7412 - - - -] Successfully bumped revision number for resource c8ae1171-f48c-4b6c-894e-7a52da9f9c3d (type: ports) to 1
2026-05-12 12:41:34.527 9 INFO neutron.wsgi [None req-01673daf-5534-4351-9e12-a1eb566c9e84 388f5a1e0e9748b5ba114b1a6a0bd749 80f896549cdc41c9bf676e2da94c7412 - - - -] 10.0.0.62 "POST /v2.0/networks HTTP/1.1" status: 201 len: 848 time: 0.5222282
2026-05-12 12:41:34.650 9 WARNING neutron.plugins.ml2.drivers.ovn.mech_driver.ovsdb.ovn_client [None req-4ba6a28b-6818-46ea-bc15-6b50507605ee - - - - - -] No port found with ID 66b215eb-89f1-4115-a48a-6d99075a83d3: RuntimeError: No port found with ID 66b215eb-89f1-4115-a48a-6d99075a83d3
2026-05-12 12:41:34.716 10 INFO neutron.services.segments.plugin [-] Segment 215f7319-fae6-4dcf-84fc-cf33687a5187 resource provider aggregate not found
2026-05-12 12:41:34.722 10 INFO neutron.services.segments.plugin [-] Segment 215f7319-fae6-4dcf-84fc-cf33687a5187 resource provider aggregate not found
2026-05-12 12:41:34.729 10 INFO neutron.services.segments.plugin [-] Segment 215f7319-fae6-4dcf-84fc-cf33687a5187 resource provider not found; error: Placement Client Error (4xx): {"errors": [{"status": 404, "title": "Not Found", "detail": "The resource could not be found.\n\n No resource provider with uuid 215f7319-fae6-4dcf-84fc-cf33687a5187 found for delete ", "request_id": "req-159b0af0-a7a6-4469-b740-2ade03ea47fc"}]}
2026-05-12 12:41:34.735 10 INFO neutron.services.segments.plugin [-] Segment 215f7319-fae6-4dcf-84fc-cf33687a5187 resource provider not found; error: Placement Client Error (4xx): {"errors": [{"status": 404, "title": "Not Found", "detail": "The resource could not be found.\n\n No resource provider with uuid 215f7319-fae6-4dcf-84fc-cf33687a5187 found for delete ", "request_id": "req-aa7818f1-036c-41a4-a9d3-820909e27381"}]}
2026-05-12 12:41:34.764 10 WARNING neutron.scheduler.dhcp_agent_scheduler [None req-20f67095-a147-4b6b-a0bb-59e19412962d 91ed5f7a46404843a11b16a170ea948b 42957b41acaf4115884f8e12c91bc7cc - - - -] No more DHCP agents
2026-05-12 12:41:34.767 10 WARNING neutron.api.rpc.agentnotifiers.dhcp_rpc_agent_api [None req-20f67095-a147-4b6b-a0bb-59e19412962d 91ed5f7a46404843a11b16a170ea948b 42957b41acaf4115884f8e12c91bc7cc - - - -] Unable to schedule network f4b75e74-bc99-48dd-8f36-90ddfb506adf: no agents available; will retry on subsequent port and subnet creation events.
2026-05-12 12:41:34.896 10 INFO neutron.db.ovn_revision_numbers_db [None req-20f67095-a147-4b6b-a0bb-59e19412962d 91ed5f7a46404843a11b16a170ea948b 42957b41acaf4115884f8e12c91bc7cc - - - -] Successfully bumped revision number for resource 58a82268-5c78-46b9-a1bd-51f91eac5c23 (type: ports) to 1
2026-05-12 12:41:34.916 10 INFO neutron.wsgi [None req-20f67095-a147-4b6b-a0bb-59e19412962d 91ed5f7a46404843a11b16a170ea948b 42957b41acaf4115884f8e12c91bc7cc - - - -] 10.0.0.62 "POST /v2.0/ports HTTP/1.1" status: 201 len: 1147 time: 0.4574106 /var/lib/openstack/lib/python3.10/site-packages/pycadf/identifier.py:71: UserWarning: Invalid uuid: neutron. To ensure interoperability, identifiers should be a valid uuid. warnings.warn(('Invalid uuid: %s. To ensure interoperability, '
2026-05-12 12:41:34.962 9 WARNING neutron.scheduler.dhcp_agent_scheduler [None req-392f2554-a8a6-439e-a2c6-1e48173264f7 388f5a1e0e9748b5ba114b1a6a0bd749 80f896549cdc41c9bf676e2da94c7412 - - - -] No more DHCP agents
2026-05-12 12:41:34.964 9 WARNING neutron.api.rpc.agentnotifiers.dhcp_rpc_agent_api [None req-392f2554-a8a6-439e-a2c6-1e48173264f7 388f5a1e0e9748b5ba114b1a6a0bd749 80f896549cdc41c9bf676e2da94c7412 - - - -] Unable to schedule network e1d99856-cd7d-43b1-8f94-f0b270c31388: no agents available; will retry on subsequent port and subnet creation events.
2026-05-12 12:41:35.023 9 INFO neutron.db.ovn_revision_numbers_db [None req-392f2554-a8a6-439e-a2c6-1e48173264f7 388f5a1e0e9748b5ba114b1a6a0bd749 80f896549cdc41c9bf676e2da94c7412 - - - -] Successfully bumped revision number for resource 9e0d3fb4-143f-4cf9-b71d-e2b8480a373e (type: ports) to 1
2026-05-12 12:41:35.057 9 WARNING neutron.scheduler.dhcp_agent_scheduler [None req-392f2554-a8a6-439e-a2c6-1e48173264f7 388f5a1e0e9748b5ba114b1a6a0bd749 80f896549cdc41c9bf676e2da94c7412 - - - -] No more DHCP agents
2026-05-12 12:41:35.059 9 WARNING neutron.api.rpc.agentnotifiers.dhcp_rpc_agent_api [None req-392f2554-a8a6-439e-a2c6-1e48173264f7 388f5a1e0e9748b5ba114b1a6a0bd749 80f896549cdc41c9bf676e2da94c7412 - - - -] Unable to schedule network 315981b5-6788-4c59-b9ba-d44da8c57194: no agents available; will retry on subsequent port and subnet creation events.
2026-05-12 12:41:35.122 9 INFO neutron.db.ovn_revision_numbers_db [None req-392f2554-a8a6-439e-a2c6-1e48173264f7 388f5a1e0e9748b5ba114b1a6a0bd749 80f896549cdc41c9bf676e2da94c7412 - - - -] Successfully bumped revision number for resource cab42a7a-4ae9-4ba5-b50e-a437b78153c2 (type: ports) to 1
2026-05-12 12:41:35.148 9 INFO neutron.wsgi [None req-392f2554-a8a6-439e-a2c6-1e48173264f7 388f5a1e0e9748b5ba114b1a6a0bd749 80f896549cdc41c9bf676e2da94c7412 - - - -] 10.0.0.62 "POST /v2.0/ports HTTP/1.1" status: 201 len: 1703 time: 0.6094637 /var/lib/openstack/lib/python3.10/site-packages/pycadf/identifier.py:71: UserWarning: Invalid uuid: neutron. To ensure interoperability, identifiers should be a valid uuid. warnings.warn(('Invalid uuid: %s. To ensure interoperability, '
2026-05-12 12:41:35.283 9 INFO neutron.wsgi [None req-9d5b4adc-c162-4e70-9edc-d50892ed0eb7 388f5a1e0e9748b5ba114b1a6a0bd749 80f896549cdc41c9bf676e2da94c7412 - - default default] 10.0.0.62 "GET /v2.0/ports HTTP/1.1" status: 200 len: 3210 time: 0.1278138
2026-05-12 12:41:35.528 9 INFO neutron.wsgi [None req-f9816360-114e-4870-977b-cc90bf863b8a 388f5a1e0e9748b5ba114b1a6a0bd749 80f896549cdc41c9bf676e2da94c7412 - - - -] 10.0.0.62 "DELETE /v2.0/ports/9e0d3fb4-143f-4cf9-b71d-e2b8480a373e HTTP/1.1" status: 204 len: 168 time: 0.2403834
2026-05-12 12:41:35.590 10 INFO neutron.plugins.ml2.drivers.ovn.mech_driver.mech_driver [None req-383127f5-ba7c-4158-b285-d8aca818ecbb - - - - - -] OVN reports status up for port: 58a82268-5c78-46b9-a1bd-51f91eac5c23
2026-05-12 12:41:35.599 10 INFO neutron.plugins.ml2.plugin [None req-383127f5-ba7c-4158-b285-d8aca818ecbb - - - - - -] Attempt 1 to provision port 58a82268-5c78-46b9-a1bd-51f91eac5c23
2026-05-12 12:41:35.612 10 INFO neutron.db.ovn_revision_numbers_db [None req-9b5a3aef-909e-4787-b236-b10f2fbd8033 91ed5f7a46404843a11b16a170ea948b 42957b41acaf4115884f8e12c91bc7cc - - default default] Successfully bumped revision number for resource 58a82268-5c78-46b9-a1bd-51f91eac5c23 (type: router_ports) to 2
2026-05-12 12:41:35.786 9 INFO neutron.wsgi [None req-330e9538-2558-4773-846b-41fa000325e9 388f5a1e0e9748b5ba114b1a6a0bd749 80f896549cdc41c9bf676e2da94c7412 - - - -] 10.0.0.62 "DELETE /v2.0/ports/cab42a7a-4ae9-4ba5-b50e-a437b78153c2 HTTP/1.1" status: 204 len: 168 time: 0.2553113
2026-05-12 12:41:35.832 9 INFO neutron.wsgi [None req-0a28a7a1-7c31-40ee-8eb2-d1fbf0ee9e27 388f5a1e0e9748b5ba114b1a6a0bd749 80f896549cdc41c9bf676e2da94c7412 - - default default] 10.0.0.62 "GET /v2.0/ports HTTP/1.1" status: 200 len: 1718 time: 0.0424898
2026-05-12 12:41:35.843 10 INFO neutron.db.ovn_revision_numbers_db [None req-9b5a3aef-909e-4787-b236-b10f2fbd8033 91ed5f7a46404843a11b16a170ea948b 42957b41acaf4115884f8e12c91bc7cc - - default default] Successfully bumped revision number for resource 58a82268-5c78-46b9-a1bd-51f91eac5c23 (type: ports) to 2
2026-05-12 12:41:35.913 9 INFO neutron.db.segments_db [None req-df4ca20e-d172-4fcc-aeda-0b31761d401c 388f5a1e0e9748b5ba114b1a6a0bd749 80f896549cdc41c9bf676e2da94c7412 - - - -] Added segment 5b9defe1-9d5e-4f01-b0f6-499aa2fa230d of type geneve for network 2affe5b3-a277-4187-b960-6a8d4261e004
2026-05-12 12:41:35.921 10 INFO neutron.db.ovn_revision_numbers_db [None req-383127f5-ba7c-4158-b285-d8aca818ecbb - - - - - -] Successfully bumped revision number for resource 58a82268-5c78-46b9-a1bd-51f91eac5c23 (type: ports) to 3
2026-05-12 12:41:36.037 9 INFO neutron.db.ovn_revision_numbers_db [None req-df4ca20e-d172-4fcc-aeda-0b31761d401c 388f5a1e0e9748b5ba114b1a6a0bd749 80f896549cdc41c9bf676e2da94c7412 - - - -] Successfully bumped revision number for resource 2affe5b3-a277-4187-b960-6a8d4261e004 (type: networks) to 1
2026-05-12 12:41:36.070 10 INFO neutron.db.ovn_revision_numbers_db [None req-383127f5-ba7c-4158-b285-d8aca818ecbb - - - - - -] Successfully bumped revision number for resource 58a82268-5c78-46b9-a1bd-51f91eac5c23 (type: router_ports) to 3
2026-05-12 12:41:36.246 9 WARNING neutron.scheduler.dhcp_agent_scheduler [None req-df4ca20e-d172-4fcc-aeda-0b31761d401c 388f5a1e0e9748b5ba114b1a6a0bd749 80f896549cdc41c9bf676e2da94c7412 - - - -] No more DHCP agents
2026-05-12 12:41:36.249 9 WARNING neutron.api.rpc.agentnotifiers.dhcp_rpc_agent_api [None req-df4ca20e-d172-4fcc-aeda-0b31761d401c 388f5a1e0e9748b5ba114b1a6a0bd749 80f896549cdc41c9bf676e2da94c7412 - - - -] Unable to schedule network 2affe5b3-a277-4187-b960-6a8d4261e004: no agents available; will retry on subsequent port and subnet creation events.
2026-05-12 12:41:36.313 9 INFO neutron.db.ovn_revision_numbers_db [None req-df4ca20e-d172-4fcc-aeda-0b31761d401c 388f5a1e0e9748b5ba114b1a6a0bd749 80f896549cdc41c9bf676e2da94c7412 - - - -] Successfully bumped revision number for resource abd18885-4b21-4f08-a2a7-69d31d7caed7 (type: ports) to 1
2026-05-12 12:41:36.336 9 INFO neutron.wsgi [None req-df4ca20e-d172-4fcc-aeda-0b31761d401c 388f5a1e0e9748b5ba114b1a6a0bd749 80f896549cdc41c9bf676e2da94c7412 - - - -] 10.0.0.62 "POST /v2.0/networks HTTP/1.1" status: 201 len: 848 time: 0.5009336 /var/lib/openstack/lib/python3.10/site-packages/pycadf/identifier.py:71: UserWarning: Invalid uuid: neutron. To ensure interoperability, identifiers should be a valid uuid. warnings.warn(('Invalid uuid: %s. To ensure interoperability, '
2026-05-12 12:41:36.462 10 INFO neutron.db.segments_db [None req-fbb69bf5-e3c2-46b9-920a-df40324a6c3e 388f5a1e0e9748b5ba114b1a6a0bd749 80f896549cdc41c9bf676e2da94c7412 - - - -] Added segment 0e6327c6-a6a3-4aee-9391-3525635daf06 of type geneve for network 0a366c1a-3453-42a8-b2d4-5a4980788ea5
2026-05-12 12:41:36.474 10 INFO neutron.db.ovn_revision_numbers_db [None req-9b5a3aef-909e-4787-b236-b10f2fbd8033 91ed5f7a46404843a11b16a170ea948b 42957b41acaf4115884f8e12c91bc7cc - - default default] Successfully bumped revision number for resource 58a82268-5c78-46b9-a1bd-51f91eac5c23 (type: ports) to 4
2026-05-12 12:41:36.624 10 WARNING neutron.scheduler.dhcp_agent_scheduler [None req-9b5a3aef-909e-4787-b236-b10f2fbd8033 91ed5f7a46404843a11b16a170ea948b 42957b41acaf4115884f8e12c91bc7cc - - default default] No more DHCP agents
2026-05-12 12:41:36.627 10 WARNING neutron.api.rpc.agentnotifiers.dhcp_rpc_agent_api [None req-9b5a3aef-909e-4787-b236-b10f2fbd8033 91ed5f7a46404843a11b16a170ea948b 42957b41acaf4115884f8e12c91bc7cc - - default default] Unable to schedule network f4b75e74-bc99-48dd-8f36-90ddfb506adf: no agents available; will retry on subsequent port and subnet creation events.
2026-05-12 12:41:36.653 10 INFO neutron.db.ovn_revision_numbers_db [None req-fbb69bf5-e3c2-46b9-920a-df40324a6c3e 388f5a1e0e9748b5ba114b1a6a0bd749 80f896549cdc41c9bf676e2da94c7412 - - - -] Successfully bumped revision number for resource 0a366c1a-3453-42a8-b2d4-5a4980788ea5 (type: networks) to 1
2026-05-12 12:41:36.734 9 INFO neutron.wsgi [-] 10.0.0.39 "GET / HTTP/1.1" status: 200 len: 246 time: 0.0062139
2026-05-12 12:41:36.736 9 INFO neutron.wsgi [-] 10.0.0.39 "GET / HTTP/1.1" status: 200 len: 246 time: 0.0015206
2026-05-12 12:41:36.879 10 INFO neutron.db.ovn_revision_numbers_db [None req-9b5a3aef-909e-4787-b236-b10f2fbd8033 91ed5f7a46404843a11b16a170ea948b 42957b41acaf4115884f8e12c91bc7cc - - - -] Successfully bumped revision number for resource 58a82268-5c78-46b9-a1bd-51f91eac5c23 (type: router_ports) to 4
2026-05-12 12:41:36.881 10 INFO neutron.wsgi [None req-9b5a3aef-909e-4787-b236-b10f2fbd8033 91ed5f7a46404843a11b16a170ea948b 42957b41acaf4115884f8e12c91bc7cc - - - -] 10.0.0.62 "PUT /v2.0/routers/535bd678-c032-4884-9583-5d2af7304b5f/add_router_interface HTTP/1.1" status: 200 len: 503 time: 1.9603274
2026-05-12 12:41:36.910 10 WARNING neutron.scheduler.dhcp_agent_scheduler [None req-fbb69bf5-e3c2-46b9-920a-df40324a6c3e 388f5a1e0e9748b5ba114b1a6a0bd749 80f896549cdc41c9bf676e2da94c7412 - - - -] No more DHCP agents
2026-05-12 12:41:36.913 10 WARNING neutron.api.rpc.agentnotifiers.dhcp_rpc_agent_api [None req-fbb69bf5-e3c2-46b9-920a-df40324a6c3e 388f5a1e0e9748b5ba114b1a6a0bd749 80f896549cdc41c9bf676e2da94c7412 - - - -] Unable to schedule network 0a366c1a-3453-42a8-b2d4-5a4980788ea5: no agents available; will retry on subsequent port and subnet creation events.
2026-05-12 12:41:36.977 9 INFO neutron.wsgi [None req-60e355ab-6c36-47c1-aaa7-a57b66601bfe 91ed5f7a46404843a11b16a170ea948b 42957b41acaf4115884f8e12c91bc7cc - - default default] 10.0.0.62 "GET /v2.0/ports/58a82268-5c78-46b9-a1bd-51f91eac5c23 HTTP/1.1" status: 200 len: 1205 time: 0.0906565
2026-05-12 12:41:36.980 10 INFO neutron.db.ovn_revision_numbers_db [None req-fbb69bf5-e3c2-46b9-920a-df40324a6c3e 388f5a1e0e9748b5ba114b1a6a0bd749 80f896549cdc41c9bf676e2da94c7412 - - - -] Successfully bumped revision number for resource 0c486cd8-b869-4244-8d52-6b51d868c81b (type: ports) to 1
2026-05-12 12:41:37.013 10 INFO neutron.wsgi [None req-fbb69bf5-e3c2-46b9-920a-df40324a6c3e 388f5a1e0e9748b5ba114b1a6a0bd749 80f896549cdc41c9bf676e2da94c7412 - - - -] 10.0.0.62 "POST /v2.0/networks HTTP/1.1" status: 201 len: 849 time: 0.6726358 /var/lib/openstack/lib/python3.10/site-packages/pycadf/identifier.py:71: UserWarning: Invalid uuid: neutron. To ensure interoperability, identifiers should be a valid uuid. warnings.warn(('Invalid uuid: %s. To ensure interoperability, '
2026-05-12 12:41:37.444 10 WARNING neutron.scheduler.dhcp_agent_scheduler [None req-73868e7d-3a43-4e20-8be3-c6ff2dd14b1c 388f5a1e0e9748b5ba114b1a6a0bd749 80f896549cdc41c9bf676e2da94c7412 - - - -] No more DHCP agents
2026-05-12 12:41:37.446 10 WARNING neutron.api.rpc.agentnotifiers.dhcp_rpc_agent_api [None req-73868e7d-3a43-4e20-8be3-c6ff2dd14b1c 388f5a1e0e9748b5ba114b1a6a0bd749 80f896549cdc41c9bf676e2da94c7412 - - - -] Unable to schedule network 2affe5b3-a277-4187-b960-6a8d4261e004: no agents available; will retry on subsequent port and subnet creation events.
2026-05-12 12:41:37.617 10 INFO neutron.wsgi [req-e8b1a97a-bfe0-414c-9d10-177fef9f40e3 req-30f22553-bd2a-4b46-b00a-bfaf87d54b68 e326119a2b95487b818c99a3145e043a 3ae3ba7ab3bd42cbba83a45717edbb56 - - 6698cee769d4496ab6a1aaec088ecb18 6698cee769d4496ab6a1aaec088ecb18] 10.0.0.133 "GET /v2.0/ports?device_id=ab586adc-bce7-4826-9b01-c6d0d071c644 HTTP/1.1" status: 200 len: 1361 time: 0.1118596
2026-05-12 12:41:37.667 10 INFO neutron.wsgi [req-e8b1a97a-bfe0-414c-9d10-177fef9f40e3 req-74910705-b8d8-4fea-a30e-ed7ed673e182 e326119a2b95487b818c99a3145e043a 3ae3ba7ab3bd42cbba83a45717edbb56 - - 6698cee769d4496ab6a1aaec088ecb18 6698cee769d4496ab6a1aaec088ecb18] 10.0.0.133 "GET /v2.0/security-groups?id=a3910304-b8c1-4971-b463-da21f0f0a9ba&fields=id&fields=name HTTP/1.1" status: 200 len: 312 time: 0.0416448
2026-05-12 12:41:37.774 9 INFO neutron.db.ovn_revision_numbers_db [None req-914d4689-cbb4-492c-800d-127f504ac1f7 d6526315afe34caaaabc43ba44aa75a0 7f077cacbd2748db8814899a84b9a98a - - - -] Successfully bumped revision number for resource c60f3a26-ff62-45c2-a3af-0ccfc1348d8e (type: security_groups) to 1
2026-05-12 12:41:37.918 10 INFO neutron.db.ovn_revision_numbers_db [None req-73868e7d-3a43-4e20-8be3-c6ff2dd14b1c 388f5a1e0e9748b5ba114b1a6a0bd749 80f896549cdc41c9bf676e2da94c7412 - - - -] Successfully bumped revision number for resource abd18885-4b21-4f08-a2a7-69d31d7caed7 (type: ports) to 2
2026-05-12 12:41:37.919 9 INFO neutron.wsgi [None req-e3da1a7e-8f91-484f-b1a9-fb4bc9810f30 91ed5f7a46404843a11b16a170ea948b 42957b41acaf4115884f8e12c91bc7cc - - - -] 10.0.0.62 "PUT /v2.0/routers/535bd678-c032-4884-9583-5d2af7304b5f/remove_router_interface HTTP/1.1" status: 200 len: 503 time: 0.9392264
2026-05-12 12:41:37.921 9 INFO neutron.db.ovn_revision_numbers_db [None req-914d4689-cbb4-492c-800d-127f504ac1f7 d6526315afe34caaaabc43ba44aa75a0 7f077cacbd2748db8814899a84b9a98a - - - -] Successfully bumped revision number for resource 38085d98-cc19-4db9-9f44-9bb5fb7749ef (type: security_groups) to 1 /var/lib/openstack/lib/python3.10/site-packages/pycadf/identifier.py:71: UserWarning: Invalid uuid: neutron. To ensure interoperability, identifiers should be a valid uuid. warnings.warn(('Invalid uuid: %s. To ensure interoperability, '
2026-05-12 12:41:37.941 10 INFO neutron.db.ovn_revision_numbers_db [None req-73868e7d-3a43-4e20-8be3-c6ff2dd14b1c 388f5a1e0e9748b5ba114b1a6a0bd749 80f896549cdc41c9bf676e2da94c7412 - - - -] Successfully bumped revision number for resource 74bfcc0a-a233-417b-882d-6590718a0e34 (type: subnets) to 0
2026-05-12 12:41:37.961 9 INFO neutron.wsgi [None req-914d4689-cbb4-492c-800d-127f504ac1f7 d6526315afe34caaaabc43ba44aa75a0 7f077cacbd2748db8814899a84b9a98a - - - -] 10.0.0.62 "POST /v2.0/security-groups HTTP/1.1" status: 201 len: 1737 time: 0.6438029
2026-05-12 12:41:37.966 10 WARNING neutron.scheduler.dhcp_agent_scheduler [None req-73868e7d-3a43-4e20-8be3-c6ff2dd14b1c 388f5a1e0e9748b5ba114b1a6a0bd749 80f896549cdc41c9bf676e2da94c7412 - - - -] No more DHCP agents
2026-05-12 12:41:37.968 10 WARNING neutron.api.rpc.agentnotifiers.dhcp_rpc_agent_api [None req-73868e7d-3a43-4e20-8be3-c6ff2dd14b1c 388f5a1e0e9748b5ba114b1a6a0bd749 80f896549cdc41c9bf676e2da94c7412 - - - -] Unable to schedule network 0a366c1a-3453-42a8-b2d4-5a4980788ea5: no agents available; will retry on subsequent port and subnet creation events.
2026-05-12 12:41:37.999 9 INFO neutron.api.v2.resource [None req-ce6475a7-aded-42d5-a3d1-de331a609226 91ed5f7a46404843a11b16a170ea948b 42957b41acaf4115884f8e12c91bc7cc - - default default] remove_router_interface failed (client error): The resource could not be found.
2026-05-12 12:41:38.000 9 INFO neutron.wsgi [None req-ce6475a7-aded-42d5-a3d1-de331a609226 91ed5f7a46404843a11b16a170ea948b 42957b41acaf4115884f8e12c91bc7cc - - default default] 10.0.0.62 "PUT /v2.0/routers/535bd678-c032-4884-9583-5d2af7304b5f/remove_router_interface HTTP/1.1" status: 404 len: 398 time: 0.0745909
2026-05-12 12:41:38.031 10 INFO neutron.wsgi [None req-cd0bd18c-fddf-4962-99aa-f4455f2f5710 d6526315afe34caaaabc43ba44aa75a0 7f077cacbd2748db8814899a84b9a98a - - - -] 10.0.0.62 "PUT /v2.0/security-groups/38085d98-cc19-4db9-9f44-9bb5fb7749ef/tags HTTP/1.1" status: 200 len: 218 time: 0.0592606
2026-05-12 12:41:38.033 10 INFO neutron.wsgi [None req-cb1177d8-43e5-497a-8204-5c0ca4366eff 91ed5f7a46404843a11b16a170ea948b 42957b41acaf4115884f8e12c91bc7cc - - default default] 10.0.0.62 "GET /v2.0/ports?device_id=535bd678-c032-4884-9583-5d2af7304b5f HTTP/1.1" status: 200 len: 205 time: 0.0293398
2026-05-12 12:41:38.051 9 INFO neutron.wsgi [None req-b2e8524f-7e75-4693-9e9d-e40e66c513bf d6526315afe34caaaabc43ba44aa75a0 7f077cacbd2748db8814899a84b9a98a - - default default] 10.0.0.62 "GET /v2.0/security-groups/38085d98-cc19-4db9-9f44-9bb5fb7749ef/tags HTTP/1.1" status: 200 len: 218 time: 0.0166545
2026-05-12 12:41:38.077 9 INFO neutron.wsgi [None req-dae19289-02fa-44e6-a7fb-ac2ed957fb8e d6526315afe34caaaabc43ba44aa75a0 7f077cacbd2748db8814899a84b9a98a - - - -] 10.0.0.62 "PUT /v2.0/security-groups/38085d98-cc19-4db9-9f44-9bb5fb7749ef/tags/green HTTP/1.1" status: 201 len: 201 time: 0.0196006
2026-05-12 12:41:38.090 9 INFO neutron.wsgi [None req-f56faa59-2946-4530-ac1b-e7a555714243 d6526315afe34caaaabc43ba44aa75a0 7f077cacbd2748db8814899a84b9a98a - - default default] 10.0.0.62 "GET /v2.0/security-groups/38085d98-cc19-4db9-9f44-9bb5fb7749ef/tags HTTP/1.1" status: 200 len: 227 time: 0.0091648
2026-05-12 12:41:38.103 9 INFO neutron.wsgi [None req-06a16798-7fde-46dc-a100-e32f81e16a40 d6526315afe34caaaabc43ba44aa75a0 7f077cacbd2748db8814899a84b9a98a - - - -] 10.0.0.62 "PUT /v2.0/security-groups/38085d98-cc19-4db9-9f44-9bb5fb7749ef/tags/red HTTP/1.1" status: 201 len: 201 time: 0.0101326
2026-05-12 12:41:38.117 9 INFO neutron.wsgi [None req-c77e595a-e2b2-43a7-9c13-c657a86eaa40 d6526315afe34caaaabc43ba44aa75a0 7f077cacbd2748db8814899a84b9a98a - - default default] 10.0.0.62 "GET /v2.0/security-groups/38085d98-cc19-4db9-9f44-9bb5fb7749ef/tags HTTP/1.1" status: 200 len: 227 time: 0.0101054
2026-05-12 12:41:38.158 9 INFO neutron.wsgi [None req-7fe63080-3617-4a79-a051-1be7bcb5ca81 d6526315afe34caaaabc43ba44aa75a0 7f077cacbd2748db8814899a84b9a98a - - - -] 10.0.0.62 "PUT /v2.0/security-groups/38085d98-cc19-4db9-9f44-9bb5fb7749ef/tags/black.or.white HTTP/1.1" status: 201 len: 201 time: 0.0375867
2026-05-12 12:41:38.174 9 INFO neutron.wsgi [None req-7e7363af-343e-4c12-aa41-be22ee781873 d6526315afe34caaaabc43ba44aa75a0 7f077cacbd2748db8814899a84b9a98a - - default default] 10.0.0.62 "GET /v2.0/security-groups/38085d98-cc19-4db9-9f44-9bb5fb7749ef/tags HTTP/1.1" status: 200 len: 245 time: 0.0114641
2026-05-12 12:41:38.206 9 INFO neutron.wsgi [None req-1bc1c82d-3205-435d-94e8-1e2d85ca10ae d6526315afe34caaaabc43ba44aa75a0 7f077cacbd2748db8814899a84b9a98a - - - -] 10.0.0.62 "PUT /v2.0/security-groups/38085d98-cc19-4db9-9f44-9bb5fb7749ef/tags HTTP/1.1" status: 200 len: 230 time: 0.0281284
2026-05-12 12:41:38.222 9 INFO neutron.wsgi [None req-c45d0553-884e-41e4-8a26-f5ab8341c1b7 d6526315afe34caaaabc43ba44aa75a0 7f077cacbd2748db8814899a84b9a98a - - default default] 10.0.0.62 "GET /v2.0/security-groups/38085d98-cc19-4db9-9f44-9bb5fb7749ef/tags HTTP/1.1" status: 200 len: 230 time: 0.0125451
2026-05-12 12:41:38.241 9 INFO neutron.wsgi [None req-c1fd82de-9a77-4794-812c-e1529e9542b3 d6526315afe34caaaabc43ba44aa75a0 7f077cacbd2748db8814899a84b9a98a - - default default] 10.0.0.62 "GET /v2.0/security-groups/38085d98-cc19-4db9-9f44-9bb5fb7749ef/tags/red HTTP/1.1" status: 204 len: 168 time: 0.0137742
2026-05-12 12:41:38.261 9 INFO neutron.api.v2.resource [None req-1159164c-10fd-4a32-bdbe-934430a99c59 d6526315afe34caaaabc43ba44aa75a0 7f077cacbd2748db8814899a84b9a98a - - default default] show failed (client error): The resource could not be found.
2026-05-12 12:41:38.262 9 INFO neutron.wsgi [None req-1159164c-10fd-4a32-bdbe-934430a99c59 d6526315afe34caaaabc43ba44aa75a0 7f077cacbd2748db8814899a84b9a98a - - default default] 10.0.0.62 "GET /v2.0/security-groups/38085d98-cc19-4db9-9f44-9bb5fb7749ef/tags/green HTTP/1.1" status: 404 len: 299 time: 0.0132844
2026-05-12 12:41:38.317 9 INFO neutron.wsgi [None req-27c87018-05d8-4b87-80e7-4300c6f8dc47 d6526315afe34caaaabc43ba44aa75a0 7f077cacbd2748db8814899a84b9a98a - - - -] 10.0.0.62 "DELETE /v2.0/security-groups/38085d98-cc19-4db9-9f44-9bb5fb7749ef/tags/red HTTP/1.1" status: 204 len: 168 time: 0.0515256
2026-05-12 12:41:38.339 9 INFO neutron.wsgi [None req-b5faf2e3-7c6b-4a09-a951-e007d6e58f50 d6526315afe34caaaabc43ba44aa75a0 7f077cacbd2748db8814899a84b9a98a - - default default] 10.0.0.62 "GET /v2.0/security-groups/38085d98-cc19-4db9-9f44-9bb5fb7749ef/tags HTTP/1.1" status: 200 len: 223 time: 0.0156693
2026-05-12 12:41:38.374 9 INFO neutron.api.v2.resource [None req-4757d79d-37a0-4732-bb8f-804b356b3eaa d6526315afe34caaaabc43ba44aa75a0 7f077cacbd2748db8814899a84b9a98a - - - -] delete failed (client error): The resource could not be found.
2026-05-12 12:41:38.375 9 INFO neutron.wsgi [None req-4757d79d-37a0-4732-bb8f-804b356b3eaa d6526315afe34caaaabc43ba44aa75a0 7f077cacbd2748db8814899a84b9a98a - - - -] 10.0.0.62 "DELETE /v2.0/security-groups/38085d98-cc19-4db9-9f44-9bb5fb7749ef/tags/green HTTP/1.1" status: 404 len: 299 time: 0.0216801
2026-05-12 12:41:38.418 9 INFO neutron.wsgi [None req-ea29028c-2403-4f23-8c47-e21f963a14b0 d6526315afe34caaaabc43ba44aa75a0 7f077cacbd2748db8814899a84b9a98a - - - -] 10.0.0.62 "DELETE /v2.0/security-groups/38085d98-cc19-4db9-9f44-9bb5fb7749ef/tags HTTP/1.1" status: 204 len: 168 time: 0.0368502
2026-05-12 12:41:38.467 10 INFO neutron.wsgi [None req-95335389-973c-4fa4-895d-7ed986907b71 d6526315afe34caaaabc43ba44aa75a0 7f077cacbd2748db8814899a84b9a98a - - default default] 10.0.0.62 "GET /v2.0/security-groups/38085d98-cc19-4db9-9f44-9bb5fb7749ef/tags HTTP/1.1" status: 200 len: 205 time: 0.0350142
2026-05-12 12:41:38.549 10 INFO neutron.wsgi [None req-3cc07b33-7664-493b-b2f9-26c0699d7474 91ed5f7a46404843a11b16a170ea948b 42957b41acaf4115884f8e12c91bc7cc - - - -] 10.0.0.62 "DELETE /v2.0/routers/535bd678-c032-4884-9583-5d2af7304b5f HTTP/1.1" status: 204 len: 168 time: 0.5114512
2026-05-12 12:41:38.595 9 INFO neutron.wsgi [None req-35c629ab-00ca-4462-ae0f-a776ccdee5e9 d6526315afe34caaaabc43ba44aa75a0 7f077cacbd2748db8814899a84b9a98a - - - -] 10.0.0.62 "DELETE /v2.0/security-groups/38085d98-cc19-4db9-9f44-9bb5fb7749ef HTTP/1.1" status: 204 len: 168 time: 0.1205420
2026-05-12 12:41:38.757 9 INFO neutron.wsgi [None req-7e1ba2e8-6713-4561-8508-99cbb5723ba8 91ed5f7a46404843a11b16a170ea948b 42957b41acaf4115884f8e12c91bc7cc - - - -] 10.0.0.62 "DELETE /v2.0/subnets/43bc054f-ac10-49cb-b189-757e56d3dd98 HTTP/1.1" status: 204 len: 168 time: 0.2022593
2026-05-12 12:41:38.810 10 INFO neutron.db.ovn_revision_numbers_db [None req-73868e7d-3a43-4e20-8be3-c6ff2dd14b1c 388f5a1e0e9748b5ba114b1a6a0bd749 80f896549cdc41c9bf676e2da94c7412 - - - -] Successfully bumped revision number for resource 0c486cd8-b869-4244-8d52-6b51d868c81b (type: ports) to 2
2026-05-12 12:41:38.829 10 INFO neutron.db.ovn_revision_numbers_db [None req-73868e7d-3a43-4e20-8be3-c6ff2dd14b1c 388f5a1e0e9748b5ba114b1a6a0bd749 80f896549cdc41c9bf676e2da94c7412 - - - -] Successfully bumped revision number for resource a054bfa8-1b3d-43a7-8221-57505cf06027 (type: subnets) to 0
2026-05-12 12:41:38.845 10 INFO neutron.wsgi [None req-73868e7d-3a43-4e20-8be3-c6ff2dd14b1c 388f5a1e0e9748b5ba114b1a6a0bd749 80f896549cdc41c9bf676e2da94c7412 - - - -] 10.0.0.62 "POST /v2.0/subnets HTTP/1.1" status: 201 len: 1426 time: 1.7976086
2026-05-12 12:41:38.915 9 INFO neutron.wsgi [None req-6ca24c73-6528-4916-9048-3fca29fd85e9 388f5a1e0e9748b5ba114b1a6a0bd749 80f896549cdc41c9bf676e2da94c7412 - - default default] 10.0.0.62 "GET /v2.0/subnets HTTP/1.1" status: 200 len: 2034 time: 0.0643578
2026-05-12 12:41:39.088 10 INFO neutron.services.segments.plugin [-] Segment 9e1af4f8-aaab-4778-b809-00b0452d5640 resource provider aggregate not found
2026-05-12 12:41:39.094 10 INFO neutron.services.segments.plugin [-] Segment 9e1af4f8-aaab-4778-b809-00b0452d5640 resource provider aggregate not found
2026-05-12 12:41:39.097 9 INFO neutron.wsgi [None req-4fda84b4-02f4-4111-8d6a-e8e29f938676 388f5a1e0e9748b5ba114b1a6a0bd749 80f896549cdc41c9bf676e2da94c7412 - - - -] 10.0.0.62 "DELETE /v2.0/subnets/74bfcc0a-a233-417b-882d-6590718a0e34 HTTP/1.1" status: 204 len: 168 time: 0.1759677
2026-05-12 12:41:39.107 10 INFO neutron.services.segments.plugin [-] Segment 9e1af4f8-aaab-4778-b809-00b0452d5640 resource provider not found; error: Placement Client Error (4xx): {"errors": [{"status": 404, "title": "Not Found", "detail": "The resource could not be found.\n\n No resource provider with uuid 9e1af4f8-aaab-4778-b809-00b0452d5640 found for delete ", "request_id": "req-f1f6628e-c259-4cff-b129-d2b6b9d3b148"}]}
2026-05-12 12:41:39.115 10 INFO neutron.services.segments.plugin [-] Segment 9e1af4f8-aaab-4778-b809-00b0452d5640 resource provider not found; error: Placement Client Error (4xx): {"errors": [{"status": 404, "title": "Not Found", "detail": "The resource could not be found.\n\n No resource provider with uuid 9e1af4f8-aaab-4778-b809-00b0452d5640 found for delete ", "request_id": "req-640fd5f6-8d9b-4a9e-b93a-9796123f2512"}]}
2026-05-12 12:41:39.132 10 INFO neutron.wsgi [None req-e5813294-a431-4888-9d22-9bc80e56aec6 91ed5f7a46404843a11b16a170ea948b 42957b41acaf4115884f8e12c91bc7cc - - - -] 10.0.0.62 "DELETE /v2.0/networks/f4b75e74-bc99-48dd-8f36-90ddfb506adf HTTP/1.1" status: 204 len: 168 time: 0.3724675
2026-05-12 12:41:39.247 9 INFO neutron.db.segments_db [None req-1424fbb8-ad8b-4a0d-85f1-b8aa7d1e7723 91ed5f7a46404843a11b16a170ea948b 42957b41acaf4115884f8e12c91bc7cc - - - -] Added segment 7e6f6c8f-b115-42ce-89d2-b7f92d7c5b8c of type geneve for network a7425934-1315-4b14-a26d-5745b5d1c373
2026-05-12 12:41:39.358 9 INFO neutron.wsgi [None req-f5fb8d7c-00c4-4c6c-881f-07cedbd0b5e3 388f5a1e0e9748b5ba114b1a6a0bd749 80f896549cdc41c9bf676e2da94c7412 - - - -] 10.0.0.62 "DELETE /v2.0/subnets/a054bfa8-1b3d-43a7-8221-57505cf06027 HTTP/1.1" status: 204 len: 168 time: 0.2559829
2026-05-12 12:41:39.381 10 INFO neutron.db.ovn_revision_numbers_db [None req-35dc28a0-122c-4fb6-ace6-9ca154a5cf56 b13230c76d314e39a0bc164eb4804e90 9925fe606a554717aab6e2d224ef3810 - - default default] Successfully bumped revision number for resource bfe89c83-599d-4799-b689-02ea1e00842f (type: security_groups) to 1
2026-05-12 12:41:39.393 9 INFO neutron.db.ovn_revision_numbers_db [None req-1424fbb8-ad8b-4a0d-85f1-b8aa7d1e7723 91ed5f7a46404843a11b16a170ea948b 42957b41acaf4115884f8e12c91bc7cc - - - -] Successfully bumped revision number for resource a7425934-1315-4b14-a26d-5745b5d1c373 (type: networks) to 1
2026-05-12 12:41:39.415 10 INFO neutron.wsgi [None req-35dc28a0-122c-4fb6-ace6-9ca154a5cf56 b13230c76d314e39a0bc164eb4804e90 9925fe606a554717aab6e2d224ef3810 - - default default] 10.0.0.62 "GET /v2.0/security-groups?tenant_id=152dd96697cb4a82bb5947ce475842b2&name=default HTTP/1.1" status: 200 len: 2996 time: 0.2318861
2026-05-12 12:41:39.418 10 INFO neutron.wsgi [None req-dc6ac679-4d68-43c5-b5cc-bc3ebdbbcead 388f5a1e0e9748b5ba114b1a6a0bd749 80f896549cdc41c9bf676e2da94c7412 - - default default] 10.0.0.62 "GET /v2.0/subnets HTTP/1.1" status: 200 len: 820 time: 0.0487528
2026-05-12 12:41:39.593 10 INFO neutron.wsgi [None req-ad1f136f-fe2c-48cb-9caf-0973570541c0 b13230c76d314e39a0bc164eb4804e90 9925fe606a554717aab6e2d224ef3810 - - - -] 10.0.0.62 "DELETE /v2.0/security-groups/bfe89c83-599d-4799-b689-02ea1e00842f HTTP/1.1" status: 204 len: 168 time: 0.1738861
2026-05-12 12:41:39.658 9 WARNING neutron.scheduler.dhcp_agent_scheduler [None req-1424fbb8-ad8b-4a0d-85f1-b8aa7d1e7723 91ed5f7a46404843a11b16a170ea948b 42957b41acaf4115884f8e12c91bc7cc - - - -] No more DHCP agents
2026-05-12 12:41:39.661 9 WARNING neutron.api.rpc.agentnotifiers.dhcp_rpc_agent_api [None req-1424fbb8-ad8b-4a0d-85f1-b8aa7d1e7723 91ed5f7a46404843a11b16a170ea948b 42957b41acaf4115884f8e12c91bc7cc - - - -] Unable to schedule network a7425934-1315-4b14-a26d-5745b5d1c373: no agents available; will retry on subsequent port and subnet creation events.
2026-05-12 12:41:39.720 10 INFO neutron.wsgi [None req-c639f388-af90-4828-a86d-16afcd3695a8 b13230c76d314e39a0bc164eb4804e90 9925fe606a554717aab6e2d224ef3810 - - default default] 10.0.0.62 "GET /v2.0/security-groups?tenant_id=7f077cacbd2748db8814899a84b9a98a&name=default HTTP/1.1" status: 200 len: 2996 time: 0.0361896
2026-05-12 12:41:39.737 9 INFO neutron.db.ovn_revision_numbers_db [None req-1424fbb8-ad8b-4a0d-85f1-b8aa7d1e7723 91ed5f7a46404843a11b16a170ea948b 42957b41acaf4115884f8e12c91bc7cc - - - -] Successfully bumped revision number for resource d0ffafc1-4f25-472e-8b1a-b8005086edba (type: ports) to 1
2026-05-12 12:41:39.768 9 INFO neutron.wsgi [None req-1424fbb8-ad8b-4a0d-85f1-b8aa7d1e7723 91ed5f7a46404843a11b16a170ea948b 42957b41acaf4115884f8e12c91bc7cc - - - -] 10.0.0.62 "POST /v2.0/networks HTTP/1.1" status: 201 len: 829 time: 0.6291666
2026-05-12 12:41:39.875 9 INFO neutron.services.segments.plugin [-] Segment 0e6327c6-a6a3-4aee-9391-3525635daf06 resource provider aggregate not found
2026-05-12 12:41:39.883 9 INFO neutron.services.segments.plugin [-] Segment 0e6327c6-a6a3-4aee-9391-3525635daf06 resource provider aggregate not found
2026-05-12 12:41:39.893 10 INFO neutron.wsgi [None req-603a5ec8-0c1b-4bda-ac83-9bbed658b30f b13230c76d314e39a0bc164eb4804e90 9925fe606a554717aab6e2d224ef3810 - - - -] 10.0.0.62 "DELETE /v2.0/security-groups/c60f3a26-ff62-45c2-a3af-0ccfc1348d8e HTTP/1.1" status: 204 len: 168 time: 0.1700816
2026-05-12 12:41:39.924 9 INFO neutron.services.segments.plugin [-] Segment 0e6327c6-a6a3-4aee-9391-3525635daf06 resource provider not found; error: Placement Client Error (4xx): {"errors": [{"status": 404, "title": "Not Found", "detail": "The resource could not be found.\n\n No resource provider with uuid 0e6327c6-a6a3-4aee-9391-3525635daf06 found for delete ", "request_id": "req-b22a907d-6c6f-444c-95ec-1aae34b7a568"}]}
2026-05-12 12:41:39.924 9 INFO neutron.services.segments.plugin [-] Segment 0e6327c6-a6a3-4aee-9391-3525635daf06 resource provider not found; error: Placement Client Error (4xx): {"errors": [{"status": 404, "title": "Not Found", "detail": "The resource could not be found.\n\n No resource provider with uuid 0e6327c6-a6a3-4aee-9391-3525635daf06 found for delete ", "request_id": "req-1a88debd-6463-439b-8ce1-8036822e5611"}]}
2026-05-12 12:41:39.949 9 INFO neutron.wsgi [None req-c2b90628-f521-4c49-a25e-a67078c06ba1 388f5a1e0e9748b5ba114b1a6a0bd749 80f896549cdc41c9bf676e2da94c7412 - - - -] 10.0.0.62 "DELETE /v2.0/networks/0a366c1a-3453-42a8-b2d4-5a4980788ea5 HTTP/1.1" status: 204 len: 168 time: 0.5246139
2026-05-12 12:41:40.097 9 WARNING neutron.scheduler.dhcp_agent_scheduler [None req-19c80be5-c61a-472a-8e6a-722b3f399c2d 91ed5f7a46404843a11b16a170ea948b 42957b41acaf4115884f8e12c91bc7cc - - - -] No more DHCP agents
2026-05-12 12:41:40.100 9 WARNING neutron.api.rpc.agentnotifiers.dhcp_rpc_agent_api [None req-19c80be5-c61a-472a-8e6a-722b3f399c2d 91ed5f7a46404843a11b16a170ea948b 42957b41acaf4115884f8e12c91bc7cc - - - -] Unable to schedule network a7425934-1315-4b14-a26d-5745b5d1c373: no agents available; will retry on subsequent port and subnet creation events.
2026-05-12 12:41:40.295 10 INFO neutron.wsgi [None req-1af7b551-fa3b-4b61-a558-4d0b05364a97 388f5a1e0e9748b5ba114b1a6a0bd749 80f896549cdc41c9bf676e2da94c7412 - - - -] 10.0.0.62 "DELETE /v2.0/networks/2affe5b3-a277-4187-b960-6a8d4261e004 HTTP/1.1" status: 204 len: 168 time: 0.3382578
2026-05-12 12:41:40.507 10 WARNING keystonemiddleware.audit [req-7288566a-3521-4e25-b7c0-712111cadf00 req-5d0c0eb1-4014-4f33-a9a7-842329fd7388 21f341e6780b4ed88d01a128a3af4c1d 2477e7bfe9cd4086b9b291c55d824175 - - default default] Skipping service tempest-service-246362984 as it have no endpoints.
2026-05-12 12:41:40.588 10 INFO neutron.wsgi [req-1cbcd5b1-3137-4e7d-82b7-6ecd229763ac req-978a8626-9aa2-4498-9bc7-1a077c8e0737 21f341e6780b4ed88d01a128a3af4c1d 2477e7bfe9cd4086b9b291c55d824175 - - default default] 10.0.0.25 "GET /v2.0/ports?device_id=ab586adc-bce7-4826-9b01-c6d0d071c644 HTTP/1.1" status: 200 len: 1170 time: 0.0853333
2026-05-12 12:41:40.595 9 INFO neutron.db.ovn_revision_numbers_db [None req-19c80be5-c61a-472a-8e6a-722b3f399c2d 91ed5f7a46404843a11b16a170ea948b 42957b41acaf4115884f8e12c91bc7cc - - - -] Successfully bumped revision number for resource d0ffafc1-4f25-472e-8b1a-b8005086edba (type: ports) to 2
2026-05-12 12:41:40.599 10 WARNING keystonemiddleware.audit [req-1cbcd5b1-3137-4e7d-82b7-6ecd229763ac req-978a8626-9aa2-4498-9bc7-1a077c8e0737 21f341e6780b4ed88d01a128a3af4c1d 2477e7bfe9cd4086b9b291c55d824175 - - default default] Skipping service tempest-service-246362984 as it have no endpoints.
2026-05-12 12:41:40.615 9 INFO neutron.db.ovn_revision_numbers_db [None req-19c80be5-c61a-472a-8e6a-722b3f399c2d 91ed5f7a46404843a11b16a170ea948b 42957b41acaf4115884f8e12c91bc7cc - - - -] Successfully bumped revision number for resource 634e0ee2-a5eb-400b-b775-ceab77d73014 (type: subnets) to 0
2026-05-12 12:41:40.626 10 INFO neutron.wsgi [req-1cbcd5b1-3137-4e7d-82b7-6ecd229763ac req-d019cbac-192e-45c5-b37d-307ada30ed57 21f341e6780b4ed88d01a128a3af4c1d 2477e7bfe9cd4086b9b291c55d824175 - - default default] 10.0.0.25 "GET /v2.0/security-groups?id=a3910304-b8c1-4971-b463-da21f0f0a9ba&fields=id&fields=name HTTP/1.1" status: 200 len: 312 time: 0.0308142
2026-05-12 12:41:40.641 9 INFO neutron.wsgi [None req-19c80be5-c61a-472a-8e6a-722b3f399c2d 91ed5f7a46404843a11b16a170ea948b 42957b41acaf4115884f8e12c91bc7cc - - - -] 10.0.0.62 "POST /v2.0/subnets HTTP/1.1" status: 201 len: 801 time: 0.8690166
2026-05-12 12:41:40.769 9 INFO neutron.wsgi [None req-0f87622f-665c-4126-9eba-98c18d9a2116 388f5a1e0e9748b5ba114b1a6a0bd749 80f896549cdc41c9bf676e2da94c7412 - - - -] 10.0.0.62 "DELETE /v2.0/networks/315981b5-6788-4c59-b9ba-d44da8c57194 HTTP/1.1" status: 204 len: 168 time: 0.4683399
2026-05-12 12:41:40.801 10 WARNING keystonemiddleware.audit [req-1cbcd5b1-3137-4e7d-82b7-6ecd229763ac req-d019cbac-192e-45c5-b37d-307ada30ed57 21f341e6780b4ed88d01a128a3af4c1d 2477e7bfe9cd4086b9b291c55d824175 - - default default] Skipping service tempest-service-246362984 as it have no endpoints.
2026-05-12 12:41:40.815 10 INFO neutron.db.ovn_revision_numbers_db [None req-11546ad9-123b-4b0a-b7cf-d824f3acb152 91ed5f7a46404843a11b16a170ea948b 42957b41acaf4115884f8e12c91bc7cc - - - -] Successfully bumped revision number for resource 1db4bd49-0c5c-4a5b-9855-f7b6050468b6 (type: routers) to 1
2026-05-12 12:41:40.828 10 INFO neutron.wsgi [req-20acf29f-9ba2-4b69-b41b-2906e41b6d79 req-3b37ac40-6b08-47d6-922b-c6c6a6198ea8 21f341e6780b4ed88d01a128a3af4c1d 2477e7bfe9cd4086b9b291c55d824175 - - default default] 10.0.0.25 "GET /v2.0/ports?device_id=ab586adc-bce7-4826-9b01-c6d0d071c644 HTTP/1.1" status: 200 len: 1170 time: 0.0321641
2026-05-12 12:41:40.831 10 INFO neutron.wsgi [None req-11546ad9-123b-4b0a-b7cf-d824f3acb152 91ed5f7a46404843a11b16a170ea948b 42957b41acaf4115884f8e12c91bc7cc - - - -] 10.0.0.62 "POST /v2.0/routers HTTP/1.1" status: 201 len: 686 time: 0.1859987
2026-05-12 12:41:40.862 10 WARNING keystonemiddleware.audit [req-20acf29f-9ba2-4b69-b41b-2906e41b6d79 req-3b37ac40-6b08-47d6-922b-c6c6a6198ea8 21f341e6780b4ed88d01a128a3af4c1d 2477e7bfe9cd4086b9b291c55d824175 - - default default] Skipping service tempest-service-246362984 as it have no endpoints.
2026-05-12 12:41:40.880 9 INFO neutron.plugins.ml2.drivers.ovn.mech_driver.mech_driver [None req-4ba6a28b-6818-46ea-bc15-6b50507605ee - - - - - -] OVN reports status down for port: 24039de4-543c-44ec-936e-23b32c1de60b
2026-05-12 12:41:40.914 10 INFO neutron.wsgi [req-20acf29f-9ba2-4b69-b41b-2906e41b6d79 req-15529633-6cd8-48c1-bd96-f5513695f7e3 21f341e6780b4ed88d01a128a3af4c1d 2477e7bfe9cd4086b9b291c55d824175 - - default default] 10.0.0.25 "GET /v2.0/security-groups?id=a3910304-b8c1-4971-b463-da21f0f0a9ba&fields=id&fields=name HTTP/1.1" status: 200 len: 312 time: 0.0777552
2026-05-12 12:41:41.054 9 INFO neutron.notifiers.nova [-] Nova event matching ['req-9f14ef7e-7762-434b-ba73-7a629b73eac8'] response: {'server_uuid': 'ab586adc-bce7-4826-9b01-c6d0d071c644', 'name': 'network-vif-unplugged', 'status': 'completed', 'tag': '24039de4-543c-44ec-936e-23b32c1de60b', 'code': 200}
2026-05-12 12:41:41.127 10 INFO neutron.services.segments.plugin [-] Segment 5b9defe1-9d5e-4f01-b0f6-499aa2fa230d resource provider aggregate not found
2026-05-12 12:41:41.129 9 WARNING keystonemiddleware.audit [req-d242e8ae-ada9-4f1b-b5bd-32c5d325b923 req-8b9bed8e-aa10-4c54-9d24-854b82f6336b e326119a2b95487b818c99a3145e043a 3ae3ba7ab3bd42cbba83a45717edbb56 - - 6698cee769d4496ab6a1aaec088ecb18 6698cee769d4496ab6a1aaec088ecb18] Skipping service tempest-service-246362984 as it have no endpoints.
2026-05-12 12:41:41.145 10 INFO neutron.services.segments.plugin [-] Segment 5b9defe1-9d5e-4f01-b0f6-499aa2fa230d resource provider aggregate not found
2026-05-12 12:41:41.157 10 INFO neutron.services.segments.plugin [-] Segment 5b9defe1-9d5e-4f01-b0f6-499aa2fa230d resource provider not found; error: Placement Client Error (4xx): {"errors": [{"status": 404, "title": "Not Found", "detail": "The resource could not be found.\n\n No resource provider with uuid 5b9defe1-9d5e-4f01-b0f6-499aa2fa230d found for delete ", "request_id": "req-0104a410-6978-4bd4-ae67-401f61789cfa"}]}
