2026-05-12 12:43:11.332 10 WARNING neutron.api.rpc.agentnotifiers.dhcp_rpc_agent_api [None req-b4c11c10-2690-4d61-811e-a17eddee83c3 b13230c76d314e39a0bc164eb4804e90 9925fe606a554717aab6e2d224ef3810 - - - -] Unable to schedule network d97ae6ef-9b59-4faf-8aee-e31e1a922fb2: no agents available; will retry on subsequent port and subnet creation events.
2026-05-12 12:43:11.361 9 INFO neutron.wsgi [None req-ec27565d-e065-46c9-aadf-bbe65763cee5 8c422e0abec040c7811c078ef6953b21 5fc8abcdcaab4d5c9ecbc708cead7f41 - - - -] 10.0.0.62 "DELETE /v2.0/subnets/7183ffd5-f9e6-42d2-8f7c-973ff881a5b5 HTTP/1.1" status: 204 len: 168 time: 0.1665254
2026-05-12 12:43:11.394 10 INFO neutron.db.ovn_revision_numbers_db [None req-aed181e5-717c-44d5-b663-9c2850c9891d b13230c76d314e39a0bc164eb4804e90 9925fe606a554717aab6e2d224ef3810 - - default default] Successfully bumped revision number for resource afbd720f-e068-4fb5-8ccc-4cb344d29cbf (type: security_groups) to 1
2026-05-12 12:43:11.396 10 INFO neutron.db.ovn_revision_numbers_db [None req-b4c11c10-2690-4d61-811e-a17eddee83c3 b13230c76d314e39a0bc164eb4804e90 9925fe606a554717aab6e2d224ef3810 - - - -] Successfully bumped revision number for resource af622291-5f1d-4208-b889-878966cef962 (type: ports) to 1
2026-05-12 12:43:11.415 10 INFO neutron.wsgi [None req-aed181e5-717c-44d5-b663-9c2850c9891d b13230c76d314e39a0bc164eb4804e90 9925fe606a554717aab6e2d224ef3810 - - default default] 10.0.0.62 "GET /v2.0/security-groups?tenant_id=019e312d309e48ab8a7826d1a6181fc0&name=default HTTP/1.1" status: 200 len: 2996 time: 0.1568279
2026-05-12 12:43:11.426 10 INFO neutron.wsgi [None req-b4c11c10-2690-4d61-811e-a17eddee83c3 b13230c76d314e39a0bc164eb4804e90 9925fe606a554717aab6e2d224ef3810 - - - -] 10.0.0.62 "POST /v2.0/networks HTTP/1.1" status: 201 len: 942 time: 0.5968726
2026-05-12 12:43:11.594 10 WARNING neutron.scheduler.dhcp_agent_scheduler [None req-45a22978-e6d3-4004-bf03-ac0c62d4b53c b13230c76d314e39a0bc164eb4804e90 9925fe606a554717aab6e2d224ef3810 - - - -] No more DHCP agents
2026-05-12 12:43:11.596 10 WARNING neutron.api.rpc.agentnotifiers.dhcp_rpc_agent_api [None req-45a22978-e6d3-4004-bf03-ac0c62d4b53c b13230c76d314e39a0bc164eb4804e90 9925fe606a554717aab6e2d224ef3810 - - - -] Unable to schedule network d97ae6ef-9b59-4faf-8aee-e31e1a922fb2: no agents available; will retry on subsequent port and subnet creation events.
2026-05-12 12:43:11.677 9 INFO neutron.wsgi [None req-2744283a-fc98-415b-b5f7-5a524a770aa9 b13230c76d314e39a0bc164eb4804e90 9925fe606a554717aab6e2d224ef3810 - - - -] 10.0.0.62 "DELETE /v2.0/security-groups/afbd720f-e068-4fb5-8ccc-4cb344d29cbf HTTP/1.1" status: 204 len: 168 time: 0.2562611
2026-05-12 12:43:12.001 9 INFO neutron.wsgi [None req-efdb18b6-0817-461a-b762-f9f77dadd4ab 8c422e0abec040c7811c078ef6953b21 5fc8abcdcaab4d5c9ecbc708cead7f41 - - - -] 10.0.0.62 "DELETE /v2.0/routers/4af82527-c3f9-4f25-a02c-95e0a61cae62 HTTP/1.1" status: 204 len: 168 time: 0.6348383
2026-05-12 12:43:12.148 10 INFO neutron.db.ovn_revision_numbers_db [None req-45a22978-e6d3-4004-bf03-ac0c62d4b53c b13230c76d314e39a0bc164eb4804e90 9925fe606a554717aab6e2d224ef3810 - - - -] Successfully bumped revision number for resource af622291-5f1d-4208-b889-878966cef962 (type: ports) to 2
2026-05-12 12:43:12.186 10 INFO neutron.db.ovn_revision_numbers_db [None req-45a22978-e6d3-4004-bf03-ac0c62d4b53c b13230c76d314e39a0bc164eb4804e90 9925fe606a554717aab6e2d224ef3810 - - - -] Successfully bumped revision number for resource 348b7f3f-908b-457d-ae33-b0240b5f9a99 (type: subnets) to 0
2026-05-12 12:43:12.200 10 INFO neutron.wsgi [None req-45a22978-e6d3-4004-bf03-ac0c62d4b53c b13230c76d314e39a0bc164eb4804e90 9925fe606a554717aab6e2d224ef3810 - - - -] 10.0.0.62 "POST /v2.0/subnets HTTP/1.1" status: 201 len: 862 time: 0.7669630
2026-05-12 12:43:12.454 9 INFO neutron.services.segments.plugin [-] Segment 4edcf3a0-bcb5-4383-8ee6-76263488bb39 resource provider aggregate not found
2026-05-12 12:43:12.459 9 INFO neutron.services.segments.plugin [-] Segment 4edcf3a0-bcb5-4383-8ee6-76263488bb39 resource provider aggregate not found
2026-05-12 12:43:12.477 9 INFO neutron.services.segments.plugin [-] Segment 4edcf3a0-bcb5-4383-8ee6-76263488bb39 resource provider not found; error: Placement Client Error (4xx): {"errors": [{"status": 404, "title": "Not Found", "detail": "The resource could not be found.\n\n No resource provider with uuid 4edcf3a0-bcb5-4383-8ee6-76263488bb39 found for delete ", "request_id": "req-73a2b357-896c-41ec-8b80-d03b5ed9b7a4"}]}
2026-05-12 12:43:12.477 9 INFO neutron.services.segments.plugin [-] Segment 4edcf3a0-bcb5-4383-8ee6-76263488bb39 resource provider not found; error: Placement Client Error (4xx): {"errors": [{"status": 404, "title": "Not Found", "detail": "The resource could not be found.\n\n No resource provider with uuid 4edcf3a0-bcb5-4383-8ee6-76263488bb39 found for delete ", "request_id": "req-a33db900-01d1-4611-9c33-0145e68be9e1"}]}
2026-05-12 12:43:12.536 9 INFO neutron.wsgi [None req-c29c79fb-499b-4904-85b2-54059b3e3533 8c422e0abec040c7811c078ef6953b21 5fc8abcdcaab4d5c9ecbc708cead7f41 - - - -] 10.0.0.62 "DELETE /v2.0/networks/7c8ba3c1-a81d-4c41-a031-4547fb11943b HTTP/1.1" status: 204 len: 168 time: 0.5273647
2026-05-12 12:43:12.731 9 WARNING neutron.scheduler.dhcp_agent_scheduler [None req-96986891-8cf7-4552-962a-ac2960f458c9 b13230c76d314e39a0bc164eb4804e90 9925fe606a554717aab6e2d224ef3810 - - - -] No more DHCP agents
2026-05-12 12:43:12.734 9 WARNING neutron.api.rpc.agentnotifiers.dhcp_rpc_agent_api [None req-96986891-8cf7-4552-962a-ac2960f458c9 b13230c76d314e39a0bc164eb4804e90 9925fe606a554717aab6e2d224ef3810 - - - -] Unable to schedule network 8b5a2d22-a16f-4184-8653-e0b63c5d61fa: no agents available; will retry on subsequent port and subnet creation events.
2026-05-12 12:43:12.849 9 INFO neutron.db.ovn_revision_numbers_db [None req-96986891-8cf7-4552-962a-ac2960f458c9 b13230c76d314e39a0bc164eb4804e90 9925fe606a554717aab6e2d224ef3810 - - - -] Successfully bumped revision number for resource dfcddb57-5313-4d3a-a82f-fe189d088b04 (type: ports) to 1
2026-05-12 12:43:13.334 9 INFO neutron.wsgi [None req-f46ad37d-1de7-4a25-b8d4-655a9a5ad1e1 b13230c76d314e39a0bc164eb4804e90 9925fe606a554717aab6e2d224ef3810 - - default default] 10.0.0.62 "GET /v2.0/security-groups?tenant_id=5fc8abcdcaab4d5c9ecbc708cead7f41&name=default HTTP/1.1" status: 200 len: 2996 time: 0.1644156
2026-05-12 12:43:13.404 9 INFO neutron.plugins.ml2.drivers.ovn.mech_driver.mech_driver [None req-4ba6a28b-6818-46ea-bc15-6b50507605ee - - - - - -] OVN reports status up for port: dfcddb57-5313-4d3a-a82f-fe189d088b04
2026-05-12 12:43:13.418 9 INFO neutron.plugins.ml2.drivers.ovn.mech_driver.ovsdb.ovsdb_monitor [None req-d7a0e154-c7b2-4e99-97ae-2d86a0e80c81 - - - - - -] Router 8f33931f-e170-482c-baa4-e435ef0ed332 is bound to host instance
2026-05-12 12:43:13.431 9 INFO neutron.db.ovn_revision_numbers_db [None req-96986891-8cf7-4552-962a-ac2960f458c9 b13230c76d314e39a0bc164eb4804e90 9925fe606a554717aab6e2d224ef3810 - - - -] Successfully bumped revision number for resource dfcddb57-5313-4d3a-a82f-fe189d088b04 (type: router_ports) to 1
2026-05-12 12:43:13.432 9 INFO neutron.plugins.ml2.plugin [None req-4ba6a28b-6818-46ea-bc15-6b50507605ee - - - - - -] Attempt 1 to provision port dfcddb57-5313-4d3a-a82f-fe189d088b04
2026-05-12 12:43:13.472 10 WARNING neutron.plugins.ml2.drivers.ovn.mech_driver.ovsdb.ovn_client [None req-383127f5-ba7c-4158-b285-d8aca818ecbb - - - - - -] No hosting information found for port d189d889-8545-4078-93c0-a43c87cb722a: RuntimeError: No hosting information found for port d189d889-8545-4078-93c0-a43c87cb722a
2026-05-12 12:43:13.542 10 INFO neutron.wsgi [None req-e2e2d89e-052a-4dfe-9589-09cb6a67ba2c b13230c76d314e39a0bc164eb4804e90 9925fe606a554717aab6e2d224ef3810 - - - -] 10.0.0.62 "DELETE /v2.0/security-groups/8159f224-1915-4b9e-b1f8-30dd5a5f1cec HTTP/1.1" status: 204 len: 168 time: 0.1981392
2026-05-12 12:43:13.747 10 INFO neutron.db.ovn_revision_numbers_db [None req-b2987850-c5bb-44f4-b495-7fb4e2aaf574 b13230c76d314e39a0bc164eb4804e90 9925fe606a554717aab6e2d224ef3810 - - default default] Successfully bumped revision number for resource 19c05eb4-b30c-49bb-bc56-154f33b1ea76 (type: security_groups) to 1
2026-05-12 12:43:13.769 10 INFO neutron.wsgi [None req-b2987850-c5bb-44f4-b495-7fb4e2aaf574 b13230c76d314e39a0bc164eb4804e90 9925fe606a554717aab6e2d224ef3810 - - default default] 10.0.0.62 "GET /v2.0/security-groups?tenant_id=ce197393bed94c00b6050e93fd73204f&name=default HTTP/1.1" status: 200 len: 2996 time: 0.1140602
2026-05-12 12:43:13.840 9 INFO neutron.db.ovn_revision_numbers_db [None req-96986891-8cf7-4552-962a-ac2960f458c9 b13230c76d314e39a0bc164eb4804e90 9925fe606a554717aab6e2d224ef3810 - - - -] Successfully bumped revision number for resource 8f33931f-e170-482c-baa4-e435ef0ed332 (type: routers) to 3
2026-05-12 12:43:13.876 9 INFO neutron.wsgi [None req-96986891-8cf7-4552-962a-ac2960f458c9 b13230c76d314e39a0bc164eb4804e90 9925fe606a554717aab6e2d224ef3810 - - - -] 10.0.0.62 "POST /v2.0/routers HTTP/1.1" status: 201 len: 873 time: 1.6607151
2026-05-12 12:43:14.009 10 INFO neutron.wsgi [None req-ed15f4d6-fab2-4dc9-8047-8dccf4a9b44e b13230c76d314e39a0bc164eb4804e90 9925fe606a554717aab6e2d224ef3810 - - - -] 10.0.0.62 "DELETE /v2.0/security-groups/19c05eb4-b30c-49bb-bc56-154f33b1ea76 HTTP/1.1" status: 204 len: 168 time: 0.2344208
2026-05-12 12:43:14.299 9 INFO neutron.db.ovn_revision_numbers_db [None req-d7a0e154-c7b2-4e99-97ae-2d86a0e80c81 - - - - - -] Successfully bumped revision number for resource dfcddb57-5313-4d3a-a82f-fe189d088b04 (type: ports) to 1
2026-05-12 12:43:14.317 10 WARNING neutron.scheduler.dhcp_agent_scheduler [None req-a34dc2d1-acad-4d35-ba70-dd8b957103fc b13230c76d314e39a0bc164eb4804e90 9925fe606a554717aab6e2d224ef3810 - - default default] No more DHCP agents
2026-05-12 12:43:14.320 10 WARNING neutron.api.rpc.agentnotifiers.dhcp_rpc_agent_api [None req-a34dc2d1-acad-4d35-ba70-dd8b957103fc b13230c76d314e39a0bc164eb4804e90 9925fe606a554717aab6e2d224ef3810 - - default default] Unable to schedule network d97ae6ef-9b59-4faf-8aee-e31e1a922fb2: no agents available; will retry on subsequent port and subnet creation events.
2026-05-12 12:43:14.445 10 INFO neutron.db.ovn_revision_numbers_db [None req-a34dc2d1-acad-4d35-ba70-dd8b957103fc b13230c76d314e39a0bc164eb4804e90 9925fe606a554717aab6e2d224ef3810 - - default default] Successfully bumped revision number for resource a8c72e64-0ca8-4ad1-b7a5-722d2881d6a0 (type: ports) to 1
2026-05-12 12:43:14.537 9 INFO neutron.db.ovn_revision_numbers_db [None req-d7a0e154-c7b2-4e99-97ae-2d86a0e80c81 - - - - - -] Successfully bumped revision number for resource dfcddb57-5313-4d3a-a82f-fe189d088b04 (type: router_ports) to 3
2026-05-12 12:43:14.671 9 INFO neutron.db.ovn_revision_numbers_db [None req-d7a0e154-c7b2-4e99-97ae-2d86a0e80c81 - - - - - -] Successfully bumped revision number for resource dfcddb57-5313-4d3a-a82f-fe189d088b04 (type: ports) to 2
2026-05-12 12:43:14.795 10 INFO neutron.plugins.ml2.drivers.ovn.mech_driver.mech_driver [None req-383127f5-ba7c-4158-b285-d8aca818ecbb - - - - - -] OVN reports status up for port: a8c72e64-0ca8-4ad1-b7a5-722d2881d6a0
2026-05-12 12:43:14.803 10 INFO neutron.plugins.ml2.plugin [None req-383127f5-ba7c-4158-b285-d8aca818ecbb - - - - - -] Attempt 1 to provision port a8c72e64-0ca8-4ad1-b7a5-722d2881d6a0
2026-05-12 12:43:14.804 10 INFO neutron.db.ovn_revision_numbers_db [None req-a34dc2d1-acad-4d35-ba70-dd8b957103fc b13230c76d314e39a0bc164eb4804e90 9925fe606a554717aab6e2d224ef3810 - - default default] Successfully bumped revision number for resource a8c72e64-0ca8-4ad1-b7a5-722d2881d6a0 (type: router_ports) to 2
2026-05-12 12:43:14.871 9 INFO neutron.db.ovn_revision_numbers_db [None req-d7a0e154-c7b2-4e99-97ae-2d86a0e80c81 - - - - - -] Successfully bumped revision number for resource dfcddb57-5313-4d3a-a82f-fe189d088b04 (type: ports) to 4
2026-05-12 12:43:14.965 10 INFO neutron.db.ovn_revision_numbers_db [None req-a34dc2d1-acad-4d35-ba70-dd8b957103fc b13230c76d314e39a0bc164eb4804e90 9925fe606a554717aab6e2d224ef3810 - - default default] Successfully bumped revision number for resource a8c72e64-0ca8-4ad1-b7a5-722d2881d6a0 (type: ports) to 2
2026-05-12 12:43:15.046 10 WARNING neutron.scheduler.dhcp_agent_scheduler [None req-a34dc2d1-acad-4d35-ba70-dd8b957103fc b13230c76d314e39a0bc164eb4804e90 9925fe606a554717aab6e2d224ef3810 - - default default] No more DHCP agents
2026-05-12 12:43:15.047 10 WARNING neutron.api.rpc.agentnotifiers.dhcp_rpc_agent_api [None req-a34dc2d1-acad-4d35-ba70-dd8b957103fc b13230c76d314e39a0bc164eb4804e90 9925fe606a554717aab6e2d224ef3810 - - default default] Unable to schedule network d97ae6ef-9b59-4faf-8aee-e31e1a922fb2: no agents available; will retry on subsequent port and subnet creation events.
2026-05-12 12:43:15.078 9 INFO neutron.db.ovn_revision_numbers_db [None req-d7a0e154-c7b2-4e99-97ae-2d86a0e80c81 - - - - - -] Successfully bumped revision number for resource dfcddb57-5313-4d3a-a82f-fe189d088b04 (type: router_ports) to 4
2026-05-12 12:43:15.108 10 INFO neutron.db.ovn_revision_numbers_db [None req-383127f5-ba7c-4158-b285-d8aca818ecbb - - - - - -] Successfully bumped revision number for resource a8c72e64-0ca8-4ad1-b7a5-722d2881d6a0 (type: ports) to 3
2026-05-12 12:43:15.427 10 INFO neutron.db.ovn_revision_numbers_db [None req-383127f5-ba7c-4158-b285-d8aca818ecbb - - - - - -] Successfully bumped revision number for resource a8c72e64-0ca8-4ad1-b7a5-722d2881d6a0 (type: router_ports) to 3
2026-05-12 12:43:15.811 10 INFO neutron.db.ovn_revision_numbers_db [None req-a34dc2d1-acad-4d35-ba70-dd8b957103fc b13230c76d314e39a0bc164eb4804e90 9925fe606a554717aab6e2d224ef3810 - - - -] Successfully bumped revision number for resource a8c72e64-0ca8-4ad1-b7a5-722d2881d6a0 (type: router_ports) to 3
2026-05-12 12:43:15.814 10 INFO neutron.wsgi [None req-a34dc2d1-acad-4d35-ba70-dd8b957103fc b13230c76d314e39a0bc164eb4804e90 9925fe606a554717aab6e2d224ef3810 - - - -] 10.0.0.62 "PUT /v2.0/routers/8f33931f-e170-482c-baa4-e435ef0ed332/add_router_interface HTTP/1.1" status: 200 len: 503 time: 1.9301116
2026-05-12 12:43:16.497 10 INFO neutron.db.ovn_revision_numbers_db [None req-d0d97864-d0cf-4831-a93d-ab7e136bc8ef 05b13b7e0d7a4261afc469b76d710057 3505feae2097477da4cd249dddfaf442 - - - -] Successfully bumped revision number for resource 1d36275e-5ad8-47ff-8891-cceba8fcc0cd (type: security_groups) to 1
2026-05-12 12:43:16.517 10 INFO neutron.wsgi [None req-d0d97864-d0cf-4831-a93d-ab7e136bc8ef 05b13b7e0d7a4261afc469b76d710057 3505feae2097477da4cd249dddfaf442 - - - -] 10.0.0.62 "POST /v2.0/security-groups HTTP/1.1" status: 201 len: 1811 time: 0.1102662
2026-05-12 12:43:16.618 10 INFO neutron.db.ovn_revision_numbers_db [None req-d0958ab7-9c03-45c3-a74d-39989109d62e 05b13b7e0d7a4261afc469b76d710057 3505feae2097477da4cd249dddfaf442 - - - -] Successfully bumped revision number for resource dd92f3e6-1930-4fb9-9c0c-5ca20bc51b44 (type: security_group_rules) to 0
2026-05-12 12:43:16.639 10 INFO neutron.wsgi [None req-d0958ab7-9c03-45c3-a74d-39989109d62e 05b13b7e0d7a4261afc469b76d710057 3505feae2097477da4cd249dddfaf442 - - - -] 10.0.0.62 "POST /v2.0/security-group-rules HTTP/1.1" status: 201 len: 764 time: 0.1161516
2026-05-12 12:43:16.743 9 INFO neutron.db.ovn_revision_numbers_db [None req-270e2a12-ca8c-4b3a-b505-251645d8ac2c 05b13b7e0d7a4261afc469b76d710057 3505feae2097477da4cd249dddfaf442 - - - -] Successfully bumped revision number for resource f9f3322c-40fc-40d1-a12b-7e168a333900 (type: security_group_rules) to 0
2026-05-12 12:43:16.765 9 INFO neutron.wsgi [None req-270e2a12-ca8c-4b3a-b505-251645d8ac2c 05b13b7e0d7a4261afc469b76d710057 3505feae2097477da4cd249dddfaf442 - - - -] 10.0.0.62 "POST /v2.0/security-group-rules HTTP/1.1" status: 201 len: 763 time: 0.1191797
2026-05-12 12:43:16.886 9 INFO neutron.db.ovn_revision_numbers_db [None req-18da4514-a40c-48b3-bccc-3fb2db91f232 05b13b7e0d7a4261afc469b76d710057 3505feae2097477da4cd249dddfaf442 - - - -] Successfully bumped revision number for resource f648dd8d-5e63-4bef-9660-d9b26af27bfe (type: security_group_rules) to 0
2026-05-12 12:43:16.907 9 INFO neutron.wsgi [None req-18da4514-a40c-48b3-bccc-3fb2db91f232 05b13b7e0d7a4261afc469b76d710057 3505feae2097477da4cd249dddfaf442 - - - -] 10.0.0.62 "POST /v2.0/security-group-rules HTTP/1.1" status: 201 len: 769 time: 0.1359010
2026-05-12 12:43:17.029 9 INFO neutron.db.ovn_revision_numbers_db [None req-0d52c1db-3dae-459e-8f3c-c78c70c1956d 05b13b7e0d7a4261afc469b76d710057 3505feae2097477da4cd249dddfaf442 - - - -] Successfully bumped revision number for resource da2e2a43-3126-4481-88c6-b6ebbe3d771b (type: security_group_rules) to 0
2026-05-12 12:43:17.053 9 INFO neutron.wsgi [None req-0d52c1db-3dae-459e-8f3c-c78c70c1956d 05b13b7e0d7a4261afc469b76d710057 3505feae2097477da4cd249dddfaf442 - - - -] 10.0.0.62 "POST /v2.0/security-group-rules HTTP/1.1" status: 201 len: 768 time: 0.1398504
2026-05-12 12:43:17.080 9 INFO neutron.db.securitygroups_db [None req-534fdadf-818b-4e1a-ad1c-e04a3cf412c1 05b13b7e0d7a4261afc469b76d710057 3505feae2097477da4cd249dddfaf442 - - - -] Project 3505feae2097477da4cd249dddfaf442 added a security group rule with legacy IPv6 ICMP protocol name icmp, ipv6-icmp should be used instead. It was automatically converted.
2026-05-12 12:43:17.164 9 INFO neutron.db.ovn_revision_numbers_db [None req-534fdadf-818b-4e1a-ad1c-e04a3cf412c1 05b13b7e0d7a4261afc469b76d710057 3505feae2097477da4cd249dddfaf442 - - - -] Successfully bumped revision number for resource 59e06ecc-1d00-4719-9647-5d9f73d8df18 (type: security_group_rules) to 0
2026-05-12 12:43:17.196 9 INFO neutron.wsgi [None req-534fdadf-818b-4e1a-ad1c-e04a3cf412c1 05b13b7e0d7a4261afc469b76d710057 3505feae2097477da4cd249dddfaf442 - - - -] 10.0.0.62 "POST /v2.0/security-group-rules HTTP/1.1" status: 201 len: 774 time: 0.1372252
2026-05-12 12:43:17.234 10 INFO neutron.db.securitygroups_db [None req-9ff25efa-8475-4c49-90e6-93216477c70a 05b13b7e0d7a4261afc469b76d710057 3505feae2097477da4cd249dddfaf442 - - - -] Project 3505feae2097477da4cd249dddfaf442 added a security group rule with legacy IPv6 ICMP protocol name icmp, ipv6-icmp should be used instead. It was automatically converted.
2026-05-12 12:43:17.323 10 INFO neutron.db.ovn_revision_numbers_db [None req-9ff25efa-8475-4c49-90e6-93216477c70a 05b13b7e0d7a4261afc469b76d710057 3505feae2097477da4cd249dddfaf442 - - - -] Successfully bumped revision number for resource 273ab7d8-8039-4553-9cdb-1a548c05b433 (type: security_group_rules) to 0
2026-05-12 12:43:17.345 10 INFO neutron.wsgi [None req-9ff25efa-8475-4c49-90e6-93216477c70a 05b13b7e0d7a4261afc469b76d710057 3505feae2097477da4cd249dddfaf442 - - - -] 10.0.0.62 "POST /v2.0/security-group-rules HTTP/1.1" status: 201 len: 773 time: 0.1429186
2026-05-12 12:43:17.848 9 INFO neutron.db.ovn_revision_numbers_db [None req-bb347fac-772f-46b9-a343-a438530d3f7f 05b13b7e0d7a4261afc469b76d710057 3505feae2097477da4cd249dddfaf442 - - - -] Successfully bumped revision number for resource 04049f57-e615-4325-b11f-5d48f5ab8200 (type: security_groups) to 1
2026-05-12 12:43:17.868 9 INFO neutron.wsgi [None req-bb347fac-772f-46b9-a343-a438530d3f7f 05b13b7e0d7a4261afc469b76d710057 3505feae2097477da4cd249dddfaf442 - - - -] 10.0.0.62 "POST /v2.0/security-groups HTTP/1.1" status: 201 len: 1797 time: 0.1092095
2026-05-12 12:43:17.982 9 INFO neutron.db.ovn_revision_numbers_db [None req-79a502ae-ec48-4b9b-b812-89c091247457 05b13b7e0d7a4261afc469b76d710057 3505feae2097477da4cd249dddfaf442 - - - -] Successfully bumped revision number for resource b2c866cb-0b8b-41d4-bec2-0700a0a03a64 (type: security_group_rules) to 0
2026-05-12 12:43:18.005 9 INFO neutron.wsgi [None req-79a502ae-ec48-4b9b-b812-89c091247457 05b13b7e0d7a4261afc469b76d710057 3505feae2097477da4cd249dddfaf442 - - - -] 10.0.0.62 "POST /v2.0/security-group-rules HTTP/1.1" status: 201 len: 764 time: 0.1316540
2026-05-12 12:43:18.089 10 INFO neutron.db.ovn_revision_numbers_db [None req-186a1ad9-591c-4ec8-a192-e347bb8dd3fd 9ff3890c416c44a4be69375c5bee6b82 cf52338c4313402b8e83451fae0920bf - - - -] Successfully bumped revision number for resource e52de34f-b485-4e35-8845-bf206652a758 (type: security_groups) to 1
2026-05-12 12:43:18.119 9 INFO neutron.db.ovn_revision_numbers_db [None req-85099b32-5eee-4e64-a588-7256466f36e3 05b13b7e0d7a4261afc469b76d710057 3505feae2097477da4cd249dddfaf442 - - - -] Successfully bumped revision number for resource 3e27560a-742f-4aad-8567-6a41e5510338 (type: security_group_rules) to 0
2026-05-12 12:43:18.144 9 INFO neutron.wsgi [None req-85099b32-5eee-4e64-a588-7256466f36e3 05b13b7e0d7a4261afc469b76d710057 3505feae2097477da4cd249dddfaf442 - - - -] 10.0.0.62 "POST /v2.0/security-group-rules HTTP/1.1" status: 201 len: 769 time: 0.1340885
2026-05-12 12:43:18.148 10 INFO neutron.db.segments_db [None req-186a1ad9-591c-4ec8-a192-e347bb8dd3fd 9ff3890c416c44a4be69375c5bee6b82 cf52338c4313402b8e83451fae0920bf - - - -] Added segment 79313dd3-21e2-4018-b6b4-70e13b065b9b of type geneve for network 2bff82be-39b4-4958-85e3-e9ca7c9f9b40
2026-05-12 12:43:18.265 10 INFO neutron.db.ovn_revision_numbers_db [None req-186a1ad9-591c-4ec8-a192-e347bb8dd3fd 9ff3890c416c44a4be69375c5bee6b82 cf52338c4313402b8e83451fae0920bf - - - -] Successfully bumped revision number for resource 2bff82be-39b4-4958-85e3-e9ca7c9f9b40 (type: networks) to 1
2026-05-12 12:43:18.345 9 WARNING neutron.scheduler.dhcp_agent_scheduler [None req-cb71024a-08ef-47f5-8f1b-472a9c110f03 05b13b7e0d7a4261afc469b76d710057 3505feae2097477da4cd249dddfaf442 - - - -] No more DHCP agents
2026-05-12 12:43:18.346 9 WARNING neutron.api.rpc.agentnotifiers.dhcp_rpc_agent_api [None req-cb71024a-08ef-47f5-8f1b-472a9c110f03 05b13b7e0d7a4261afc469b76d710057 3505feae2097477da4cd249dddfaf442 - - - -] Unable to schedule network 8b5a2d22-a16f-4184-8653-e0b63c5d61fa: no agents available; will retry on subsequent port and subnet creation events.
2026-05-12 12:43:18.411 10 WARNING neutron.scheduler.dhcp_agent_scheduler [None req-186a1ad9-591c-4ec8-a192-e347bb8dd3fd 9ff3890c416c44a4be69375c5bee6b82 cf52338c4313402b8e83451fae0920bf - - - -] No more DHCP agents
2026-05-12 12:43:18.413 10 WARNING neutron.api.rpc.agentnotifiers.dhcp_rpc_agent_api [None req-186a1ad9-591c-4ec8-a192-e347bb8dd3fd 9ff3890c416c44a4be69375c5bee6b82 cf52338c4313402b8e83451fae0920bf - - - -] Unable to schedule network 2bff82be-39b4-4958-85e3-e9ca7c9f9b40: no agents available; will retry on subsequent port and subnet creation events.
2026-05-12 12:43:18.469 10 INFO neutron.db.ovn_revision_numbers_db [None req-186a1ad9-591c-4ec8-a192-e347bb8dd3fd 9ff3890c416c44a4be69375c5bee6b82 cf52338c4313402b8e83451fae0920bf - - - -] Successfully bumped revision number for resource 9fd17b5d-4ae9-473a-8fcb-26c71ff8c70c (type: ports) to 1
2026-05-12 12:43:18.484 10 INFO neutron.wsgi [None req-186a1ad9-591c-4ec8-a192-e347bb8dd3fd 9ff3890c416c44a4be69375c5bee6b82 cf52338c4313402b8e83451fae0920bf - - - -] 10.0.0.62 "POST /v2.0/networks HTTP/1.1" status: 201 len: 928 time: 0.5998452
2026-05-12 12:43:18.586 9 INFO neutron.db.ovn_revision_numbers_db [None req-cb71024a-08ef-47f5-8f1b-472a9c110f03 05b13b7e0d7a4261afc469b76d710057 3505feae2097477da4cd249dddfaf442 - - - -] Successfully bumped revision number for resource 51e2d00b-7be6-4c09-b8b6-d235a6d2bd67 (type: floatingips) to 0
2026-05-12 12:43:18.597 9 INFO neutron.wsgi [None req-cb71024a-08ef-47f5-8f1b-472a9c110f03 05b13b7e0d7a4261afc469b76d710057 3505feae2097477da4cd249dddfaf442 - - - -] 10.0.0.62 "POST /v2.0/floatingips HTTP/1.1" status: 201 len: 751 time: 0.4479012
2026-05-12 12:43:18.619 10 WARNING neutron.scheduler.dhcp_agent_scheduler [None req-2036cbb6-9ce2-49f0-b03b-0b46189a1d51 9ff3890c416c44a4be69375c5bee6b82 cf52338c4313402b8e83451fae0920bf - - - -] No more DHCP agents
2026-05-12 12:43:18.621 10 WARNING neutron.api.rpc.agentnotifiers.dhcp_rpc_agent_api [None req-2036cbb6-9ce2-49f0-b03b-0b46189a1d51 9ff3890c416c44a4be69375c5bee6b82 cf52338c4313402b8e83451fae0920bf - - - -] Unable to schedule network 2bff82be-39b4-4958-85e3-e9ca7c9f9b40: no agents available; will retry on subsequent port and subnet creation events.
2026-05-12 12:43:18.716 10 INFO neutron.wsgi [req-0fa81943-f917-4867-8bd3-3fd28bea5c3a req-c30876ff-1a75-40fc-8501-ac9836a3e4b7 05b13b7e0d7a4261afc469b76d710057 3505feae2097477da4cd249dddfaf442 - - default default] 10.0.0.25 "GET /v2.0/security-groups?name=tempest-secgroup-smoke-1669034044&fields=id&tenant_id=3505feae2097477da4cd249dddfaf442 HTTP/1.1" status: 200 len: 267 time: 0.0524654
2026-05-12 12:43:18.767 10 INFO neutron.wsgi [req-0fa81943-f917-4867-8bd3-3fd28bea5c3a req-592f4b28-1eb9-4cfe-adcb-2c92990f3947 05b13b7e0d7a4261afc469b76d710057 3505feae2097477da4cd249dddfaf442 - - default default] 10.0.0.25 "GET /v2.0/security-groups?name=tempest-securitygroup--1786944955&fields=id&tenant_id=3505feae2097477da4cd249dddfaf442 HTTP/1.1" status: 200 len: 267 time: 0.0457499
2026-05-12 12:43:18.861 10 INFO neutron.wsgi [req-0fa81943-f917-4867-8bd3-3fd28bea5c3a req-2025d684-565d-4b03-a8ce-41c8152f4550 05b13b7e0d7a4261afc469b76d710057 3505feae2097477da4cd249dddfaf442 - - default default] 10.0.0.25 "GET /v2.0/networks?id=3fabb042-0060-4206-8d43-b469c644b22c HTTP/1.1" status: 200 len: 870 time: 0.0863726
2026-05-12 12:43:18.885 10 INFO neutron.wsgi [req-0fa81943-f917-4867-8bd3-3fd28bea5c3a req-dccce47c-bf41-4221-bba6-532438c3cef9 05b13b7e0d7a4261afc469b76d710057 3505feae2097477da4cd249dddfaf442 - - default default] 10.0.0.25 "GET /v2.0/quotas/3505feae2097477da4cd249dddfaf442 HTTP/1.1" status: 200 len: 386 time: 0.0176222
2026-05-12 12:43:19.005 10 INFO neutron.wsgi [req-0fa81943-f917-4867-8bd3-3fd28bea5c3a req-ac1b2466-4d5d-4bdd-a562-8cee9a1e1ba3 05b13b7e0d7a4261afc469b76d710057 3505feae2097477da4cd249dddfaf442 - - default default] 10.0.0.25 "GET /v2.0/ports?tenant_id=3505feae2097477da4cd249dddfaf442&fields=id HTTP/1.1" status: 200 len: 302 time: 0.1138973
2026-05-12 12:43:19.084 10 INFO neutron.wsgi [req-0fa81943-f917-4867-8bd3-3fd28bea5c3a req-663e6505-b53d-42d4-a184-a3b1d6a9cd20 e326119a2b95487b818c99a3145e043a 3ae3ba7ab3bd42cbba83a45717edbb56 - - 6698cee769d4496ab6a1aaec088ecb18 6698cee769d4496ab6a1aaec088ecb18] 10.0.0.25 "GET /v2.0/networks/3fabb042-0060-4206-8d43-b469c644b22c?fields=segments HTTP/1.1" status: 200 len: 212 time: 0.0657609
2026-05-12 12:43:19.155 10 INFO neutron.wsgi [req-0fa81943-f917-4867-8bd3-3fd28bea5c3a req-61f14280-dfba-4916-8803-83ba5347db4a e326119a2b95487b818c99a3145e043a 3ae3ba7ab3bd42cbba83a45717edbb56 - - 6698cee769d4496ab6a1aaec088ecb18 6698cee769d4496ab6a1aaec088ecb18] 10.0.0.25 "GET /v2.0/networks/3fabb042-0060-4206-8d43-b469c644b22c?fields=provider%3Aphysical_network&fields=provider%3Anetwork_type HTTP/1.1" status: 200 len: 277 time: 0.0625808
2026-05-12 12:43:19.177 10 INFO neutron.db.ovn_revision_numbers_db [None req-2036cbb6-9ce2-49f0-b03b-0b46189a1d51 9ff3890c416c44a4be69375c5bee6b82 cf52338c4313402b8e83451fae0920bf - - - -] Successfully bumped revision number for resource 9fd17b5d-4ae9-473a-8fcb-26c71ff8c70c (type: ports) to 2
2026-05-12 12:43:19.189 10 INFO neutron.db.ovn_revision_numbers_db [None req-2036cbb6-9ce2-49f0-b03b-0b46189a1d51 9ff3890c416c44a4be69375c5bee6b82 cf52338c4313402b8e83451fae0920bf - - - -] Successfully bumped revision number for resource 04d798e5-56c6-4c88-a87a-8d86aa3a0027 (type: subnets) to 0
2026-05-12 12:43:19.202 10 INFO neutron.wsgi [None req-2036cbb6-9ce2-49f0-b03b-0b46189a1d51 9ff3890c416c44a4be69375c5bee6b82 cf52338c4313402b8e83451fae0920bf - - - -] 10.0.0.62 "POST /v2.0/subnets HTTP/1.1" status: 201 len: 819 time: 0.7132349
2026-05-12 12:43:19.212 10 WARNING neutron.api.v2.base [None req-efb1b41f-ba05-4663-81be-19b0a198aec2 9ff3890c416c44a4be69375c5bee6b82 cf52338c4313402b8e83451fae0920bf - - - -] An exception happened while processing the request body. The exception message is [Invalid input for target_tenant. Reason: 'None' is not a valid string.].: webob.exc.HTTPBadRequest: Invalid input for target_tenant. Reason: 'None' is not a valid string.
2026-05-12 12:43:19.213 10 INFO neutron.api.v2.resource [None req-efb1b41f-ba05-4663-81be-19b0a198aec2 9ff3890c416c44a4be69375c5bee6b82 cf52338c4313402b8e83451fae0920bf - - - -] create failed (client error): Invalid input for target_tenant. Reason: 'None' is not a valid string.
2026-05-12 12:43:19.214 10 INFO neutron.wsgi [None req-efb1b41f-ba05-4663-81be-19b0a198aec2 9ff3890c416c44a4be69375c5bee6b82 cf52338c4313402b8e83451fae0920bf - - - -] 10.0.0.62 "POST /v2.0/rbac-policies HTTP/1.1" status: 400 len: 346 time: 0.0059099
2026-05-12 12:43:19.316 9 INFO neutron.wsgi [req-32274c12-4126-488a-9673-18599a7814a8 req-63a582ad-3656-44d1-b73a-08e16356b872 05b13b7e0d7a4261afc469b76d710057 3505feae2097477da4cd249dddfaf442 - - default default] 10.0.0.25 "GET /v2.0/ports?device_id=19959376-2daf-4e10-b376-004199c263c5 HTTP/1.1" status: 200 len: 210 time: 0.0257463
2026-05-12 12:43:19.722 10 INFO neutron.services.segments.plugin [-] Segment 79313dd3-21e2-4018-b6b4-70e13b065b9b resource provider aggregate not found
2026-05-12 12:43:19.728 10 INFO neutron.services.segments.plugin [-] Segment 79313dd3-21e2-4018-b6b4-70e13b065b9b resource provider aggregate not found
2026-05-12 12:43:19.746 10 INFO neutron.services.segments.plugin [-] Segment 79313dd3-21e2-4018-b6b4-70e13b065b9b resource provider not found; error: Placement Client Error (4xx): {"errors": [{"status": 404, "title": "Not Found", "detail": "The resource could not be found.\n\n No resource provider with uuid 79313dd3-21e2-4018-b6b4-70e13b065b9b found for delete ", "request_id": "req-daf8cdf9-d72b-48a1-8511-15aee58e9758"}]}
2026-05-12 12:43:19.748 10 INFO neutron.services.segments.plugin [-] Segment 79313dd3-21e2-4018-b6b4-70e13b065b9b resource provider not found; error: Placement Client Error (4xx): {"errors": [{"status": 404, "title": "Not Found", "detail": "The resource could not be found.\n\n No resource provider with uuid 79313dd3-21e2-4018-b6b4-70e13b065b9b found for delete ", "request_id": "req-beb6c81f-5987-483a-9727-0cb61e919708"}]}
2026-05-12 12:43:19.763 10 INFO neutron.wsgi [None req-01aebd5b-fa74-4099-b70a-2e7a0e04cdc5 9ff3890c416c44a4be69375c5bee6b82 cf52338c4313402b8e83451fae0920bf - - - -] 10.0.0.62 "DELETE /v2.0/networks/2bff82be-39b4-4958-85e3-e9ca7c9f9b40 HTTP/1.1" status: 204 len: 168 time: 0.5457778
2026-05-12 12:43:19.844 9 INFO neutron.db.segments_db [None req-3696fc2d-7a8d-4cd4-af6d-b9911e234b18 9ff3890c416c44a4be69375c5bee6b82 cf52338c4313402b8e83451fae0920bf - - - -] Added segment 9c5375f9-d9e6-4f7c-a74c-0a17e7573159 of type geneve for network 61aa5839-3633-4e69-839b-148595ec3c7f
2026-05-12 12:43:19.964 9 INFO neutron.db.ovn_revision_numbers_db [None req-3696fc2d-7a8d-4cd4-af6d-b9911e234b18 9ff3890c416c44a4be69375c5bee6b82 cf52338c4313402b8e83451fae0920bf - - - -] Successfully bumped revision number for resource 61aa5839-3633-4e69-839b-148595ec3c7f (type: networks) to 1
2026-05-12 12:43:19.988 10 INFO neutron.wsgi [req-0fa81943-f917-4867-8bd3-3fd28bea5c3a req-002402b0-5545-4e54-b28a-aeca62946aaf 05b13b7e0d7a4261afc469b76d710057 3505feae2097477da4cd249dddfaf442 - - default default] 199.19.213.87 "GET /v2.0/networks?id=3fabb042-0060-4206-8d43-b469c644b22c HTTP/1.1" status: 200 len: 870 time: 0.0665913
2026-05-12 12:43:20.044 10 INFO neutron.wsgi [req-0fa81943-f917-4867-8bd3-3fd28bea5c3a req-b7b1eb96-a0d3-488b-b4b6-43c8b3bbdc3a 05b13b7e0d7a4261afc469b76d710057 3505feae2097477da4cd249dddfaf442 - - default default] 199.19.213.87 "GET /v2.0/security-groups?fields=id&fields=name&tenant_id=3505feae2097477da4cd249dddfaf442 HTTP/1.1" status: 200 len: 473 time: 0.0491054
2026-05-12 12:43:20.125 9 WARNING neutron.scheduler.dhcp_agent_scheduler [None req-3696fc2d-7a8d-4cd4-af6d-b9911e234b18 9ff3890c416c44a4be69375c5bee6b82 cf52338c4313402b8e83451fae0920bf - - - -] No more DHCP agents
2026-05-12 12:43:20.126 9 WARNING neutron.api.rpc.agentnotifiers.dhcp_rpc_agent_api [None req-3696fc2d-7a8d-4cd4-af6d-b9911e234b18 9ff3890c416c44a4be69375c5bee6b82 cf52338c4313402b8e83451fae0920bf - - - -] Unable to schedule network 61aa5839-3633-4e69-839b-148595ec3c7f: no agents available; will retry on subsequent port and subnet creation events.
2026-05-12 12:43:20.211 9 INFO neutron.db.ovn_revision_numbers_db [None req-3696fc2d-7a8d-4cd4-af6d-b9911e234b18 9ff3890c416c44a4be69375c5bee6b82 cf52338c4313402b8e83451fae0920bf - - - -] Successfully bumped revision number for resource 5d503c94-7a54-468c-b18e-7bbf78643653 (type: ports) to 1
2026-05-12 12:43:20.231 9 INFO neutron.wsgi [None req-3696fc2d-7a8d-4cd4-af6d-b9911e234b18 9ff3890c416c44a4be69375c5bee6b82 cf52338c4313402b8e83451fae0920bf - - - -] 10.0.0.62 "POST /v2.0/networks HTTP/1.1" status: 201 len: 929 time: 0.4594848
2026-05-12 12:43:20.371 9 WARNING neutron.scheduler.dhcp_agent_scheduler [None req-2e69f53f-73c4-443a-b482-a546ac5befc5 9ff3890c416c44a4be69375c5bee6b82 cf52338c4313402b8e83451fae0920bf - - - -] No more DHCP agents
2026-05-12 12:43:20.374 9 WARNING neutron.api.rpc.agentnotifiers.dhcp_rpc_agent_api [None req-2e69f53f-73c4-443a-b482-a546ac5befc5 9ff3890c416c44a4be69375c5bee6b82 cf52338c4313402b8e83451fae0920bf - - - -] Unable to schedule network 61aa5839-3633-4e69-839b-148595ec3c7f: no agents available; will retry on subsequent port and subnet creation events.
2026-05-12 12:43:20.422 10 INFO neutron.wsgi [req-e50083c1-6399-41dd-8de0-82af3efebbe3 req-eed3baed-294e-4b40-aed4-bb7f67491074 05b13b7e0d7a4261afc469b76d710057 3505feae2097477da4cd249dddfaf442 - - default default] 10.0.0.25 "GET /v2.0/ports?device_id=19959376-2daf-4e10-b376-004199c263c5 HTTP/1.1" status: 200 len: 210 time: 0.0412526
2026-05-12 12:43:20.639 10 WARNING neutron.scheduler.dhcp_agent_scheduler [None req-aab14971-a209-41a0-8650-364b445403c9 05b13b7e0d7a4261afc469b76d710057 3505feae2097477da4cd249dddfaf442 - - - -] No more DHCP agents
2026-05-12 12:43:20.644 10 WARNING neutron.api.rpc.agentnotifiers.dhcp_rpc_agent_api [None req-aab14971-a209-41a0-8650-364b445403c9 05b13b7e0d7a4261afc469b76d710057 3505feae2097477da4cd249dddfaf442 - - - -] Unable to schedule network 3fabb042-0060-4206-8d43-b469c644b22c: no agents available; will retry on subsequent port and subnet creation events.
2026-05-12 12:43:20.784 9 INFO neutron.db.ovn_revision_numbers_db [None req-2e69f53f-73c4-443a-b482-a546ac5befc5 9ff3890c416c44a4be69375c5bee6b82 cf52338c4313402b8e83451fae0920bf - - - -] Successfully bumped revision number for resource 5d503c94-7a54-468c-b18e-7bbf78643653 (type: ports) to 2
2026-05-12 12:43:20.785 10 INFO neutron.db.ovn_revision_numbers_db [None req-aab14971-a209-41a0-8650-364b445403c9 05b13b7e0d7a4261afc469b76d710057 3505feae2097477da4cd249dddfaf442 - - - -] Successfully bumped revision number for resource ed8ded0e-b09c-41b3-894a-2317a350c11e (type: ports) to 1
2026-05-12 12:43:20.795 9 INFO neutron.db.ovn_revision_numbers_db [None req-2e69f53f-73c4-443a-b482-a546ac5befc5 9ff3890c416c44a4be69375c5bee6b82 cf52338c4313402b8e83451fae0920bf - - - -] Successfully bumped revision number for resource 54c98370-2baa-4153-bf10-de7d76c5977b (type: subnets) to 0
2026-05-12 12:43:20.805 10 INFO neutron.wsgi [None req-aab14971-a209-41a0-8650-364b445403c9 05b13b7e0d7a4261afc469b76d710057 3505feae2097477da4cd249dddfaf442 - - - -] 199.19.213.87 "POST /v2.0/ports HTTP/1.1" status: 201 len: 1201 time: 0.7562611
2026-05-12 12:43:20.809 9 INFO neutron.wsgi [None req-2e69f53f-73c4-443a-b482-a546ac5befc5 9ff3890c416c44a4be69375c5bee6b82 cf52338c4313402b8e83451fae0920bf - - - -] 10.0.0.62 "POST /v2.0/subnets HTTP/1.1" status: 201 len: 822 time: 0.5728128
2026-05-12 12:43:20.818 9 WARNING neutron.api.v2.base [None req-44389e61-a3fe-420d-8abc-bf1f39168ddb 9ff3890c416c44a4be69375c5bee6b82 cf52338c4313402b8e83451fae0920bf - - - -] An exception happened while processing the request body. The exception message is [Invalid input for target_tenant. Reason: '1234123412341234123412341234123412341234123412341234123412341234123412341234123412341234123412341234123412341234123412341234123412341234123412341234123412341234123412341234123412341234123412341234123412341234123412341234123412341234123412341234123412341234123412341234123412341234123412341234123412341234123412341234123412341234123412341234123412341234123412341234123412341234123412341234123412341234' exceeds maximum length of 255.].: webob.exc.HTTPBadRequest: Invalid input for target_tenant. Reason: '1234123412341234123412341234123412341234123412341234123412341234123412341234123412341234123412341234123412341234123412341234123412341234123412341234123412341234123412341234123412341234123412341234123412341234123412341234123412341234123412341234123412341234123412341234123412341234123412341234123412341234123412341234123412341234123412341234123412341234123412341234123412341234123412341234123412341234' exceeds maximum length of 255.
2026-05-12 12:43:20.819 9 INFO neutron.api.v2.resource [None req-44389e61-a3fe-420d-8abc-bf1f39168ddb 9ff3890c416c44a4be69375c5bee6b82 cf52338c4313402b8e83451fae0920bf - - - -] create failed (client error): Invalid input for target_tenant. Reason: '1234123412341234123412341234123412341234123412341234123412341234123412341234123412341234123412341234123412341234123412341234123412341234123412341234123412341234123412341234123412341234123412341234123412341234123412341234123412341234123412341234123412341234123412341234123412341234123412341234123412341234123412341234123412341234123412341234123412341234123412341234123412341234123412341234123412341234' exceeds maximum length of 255. /var/lib/openstack/lib/python3.10/site-packages/pycadf/identifier.py:71: UserWarning: Invalid uuid: neutron. To ensure interoperability, identifiers should be a valid uuid. warnings.warn(('Invalid uuid: %s. To ensure interoperability, '
2026-05-12 12:43:20.820 9 INFO neutron.wsgi [None req-44389e61-a3fe-420d-8abc-bf1f39168ddb 9ff3890c416c44a4be69375c5bee6b82 cf52338c4313402b8e83451fae0920bf - - - -] 10.0.0.62 "POST /v2.0/rbac-policies HTTP/1.1" status: 400 len: 750 time: 0.0061023
2026-05-12 12:43:20.882 10 WARNING neutron.plugins.ml2.drivers.ovn.mech_driver.ovsdb.ovn_client [None req-383127f5-ba7c-4158-b285-d8aca818ecbb - - - - - -] No hosting information found for port a8c72e64-0ca8-4ad1-b7a5-722d2881d6a0: RuntimeError: No hosting information found for port a8c72e64-0ca8-4ad1-b7a5-722d2881d6a0
2026-05-12 12:43:21.168 10 INFO neutron.db.ovn_revision_numbers_db [None req-726f029a-9f36-4f58-9875-aab93ff5d83c e326119a2b95487b818c99a3145e043a 3ae3ba7ab3bd42cbba83a45717edbb56 - - - -] Successfully bumped revision number for resource ed8ded0e-b09c-41b3-894a-2317a350c11e (type: ports) to 2
2026-05-12 12:43:21.329 10 INFO neutron.db.ovn_revision_numbers_db [None req-726f029a-9f36-4f58-9875-aab93ff5d83c e326119a2b95487b818c99a3145e043a 3ae3ba7ab3bd42cbba83a45717edbb56 - - - -] Successfully bumped revision number for resource ed8ded0e-b09c-41b3-894a-2317a350c11e (type: ports) to 2
2026-05-12 12:43:21.344 10 INFO neutron.wsgi [None req-726f029a-9f36-4f58-9875-aab93ff5d83c e326119a2b95487b818c99a3145e043a 3ae3ba7ab3bd42cbba83a45717edbb56 - - - -] 199.19.213.87 "PUT /v2.0/ports/ed8ded0e-b09c-41b3-894a-2317a350c11e HTTP/1.1" status: 200 len: 1371 time: 0.5297844
2026-05-12 12:43:21.382 10 INFO neutron.notifiers.nova [-] Nova event matching ['req-25b122ae-e5da-4f79-9169-f35dbacbcf28'] response: {'name': 'network-changed', 'server_uuid': '19959376-2daf-4e10-b376-004199c263c5', 'tag': 'ed8ded0e-b09c-41b3-894a-2317a350c11e', 'status': 'completed', 'code': 200} /var/lib/openstack/lib/python3.10/site-packages/pycadf/identifier.py:71: UserWarning: Invalid uuid: neutron. To ensure interoperability, identifiers should be a valid uuid. warnings.warn(('Invalid uuid: %s. To ensure interoperability, '
2026-05-12 12:43:21.417 10 INFO neutron.wsgi [req-0fa81943-f917-4867-8bd3-3fd28bea5c3a req-07d026c5-8e68-48f7-94bc-ece525aee1e4 e326119a2b95487b818c99a3145e043a 3ae3ba7ab3bd42cbba83a45717edbb56 - - 6698cee769d4496ab6a1aaec088ecb18 6698cee769d4496ab6a1aaec088ecb18] 199.19.213.87 "GET /v2.0/ports?tenant_id=3505feae2097477da4cd249dddfaf442&device_id=19959376-2daf-4e10-b376-004199c263c5 HTTP/1.1" status: 200 len: 1402 time: 0.0319018
2026-05-12 12:43:21.451 10 INFO neutron.wsgi [req-0fa81943-f917-4867-8bd3-3fd28bea5c3a req-7118cc6e-354d-438e-ac73-bf344f1b4a57 e326119a2b95487b818c99a3145e043a 3ae3ba7ab3bd42cbba83a45717edbb56 - - 6698cee769d4496ab6a1aaec088ecb18 6698cee769d4496ab6a1aaec088ecb18] 199.19.213.87 "GET /v2.0/floatingips?fixed_ip_address=10.100.0.11&port_id=ed8ded0e-b09c-41b3-894a-2317a350c11e HTTP/1.1" status: 200 len: 217 time: 0.0266023
2026-05-12 12:43:21.499 10 INFO neutron.wsgi [req-0fa81943-f917-4867-8bd3-3fd28bea5c3a req-01ed1d18-cd79-4616-8b4a-9762b77790af e326119a2b95487b818c99a3145e043a 3ae3ba7ab3bd42cbba83a45717edbb56 - - 6698cee769d4496ab6a1aaec088ecb18 6698cee769d4496ab6a1aaec088ecb18] 199.19.213.87 "GET /v2.0/subnets?id=d7113676-5d98-40c6-88ee-85a5fb173beb HTTP/1.1" status: 200 len: 864 time: 0.0403864
2026-05-12 12:43:21.521 10 INFO neutron.wsgi [req-27ff7700-7a0c-4b4e-b3ff-193bfd5661f2 req-63ffac27-ac83-4af4-811d-6c9d9ffb758e 05b13b7e0d7a4261afc469b76d710057 3505feae2097477da4cd249dddfaf442 - - default default] 10.0.0.25 "GET /v2.0/ports?device_id=19959376-2daf-4e10-b376-004199c263c5 HTTP/1.1" status: 200 len: 1212 time: 0.0427504
2026-05-12 12:43:21.536 10 INFO neutron.wsgi [req-0fa81943-f917-4867-8bd3-3fd28bea5c3a req-c0cc8897-a4ca-47d2-b5db-d232359a4758 e326119a2b95487b818c99a3145e043a 3ae3ba7ab3bd42cbba83a45717edbb56 - - 6698cee769d4496ab6a1aaec088ecb18 6698cee769d4496ab6a1aaec088ecb18] 199.19.213.87 "GET /v2.0/ports?network_id=3fabb042-0060-4206-8d43-b469c644b22c&device_owner=network%3Adhcp HTTP/1.1" status: 200 len: 210 time: 0.0276458
2026-05-12 12:43:21.577 9 INFO neutron.services.segments.plugin [-] Segment 9c5375f9-d9e6-4f7c-a74c-0a17e7573159 resource provider aggregate not found
2026-05-12 12:43:21.581 9 INFO neutron.services.segments.plugin [-] Segment 9c5375f9-d9e6-4f7c-a74c-0a17e7573159 resource provider aggregate not found
2026-05-12 12:43:21.598 10 INFO neutron.wsgi [req-27ff7700-7a0c-4b4e-b3ff-193bfd5661f2 req-89495700-ee05-40ed-a328-5e4f691e30d7 05b13b7e0d7a4261afc469b76d710057 3505feae2097477da4cd249dddfaf442 - - default default] 10.0.0.25 "GET /v2.0/security-groups?id=04049f57-e615-4325-b11f-5d48f5ab8200&id=1d36275e-5ad8-47ff-8891-cceba8fcc0cd&fields=id&fields=name HTTP/1.1" status: 200 len: 406 time: 0.0643971
2026-05-12 12:43:21.606 9 INFO neutron.services.segments.plugin [-] Segment 9c5375f9-d9e6-4f7c-a74c-0a17e7573159 resource provider not found; error: Placement Client Error (4xx): {"errors": [{"status": 404, "title": "Not Found", "detail": "The resource could not be found.\n\n No resource provider with uuid 9c5375f9-d9e6-4f7c-a74c-0a17e7573159 found for delete ", "request_id": "req-c29ae46b-f8fa-4c78-8abc-1b9edfc7ce2b"}]}
2026-05-12 12:43:21.608 9 INFO neutron.services.segments.plugin [-] Segment 9c5375f9-d9e6-4f7c-a74c-0a17e7573159 resource provider not found; error: Placement Client Error (4xx): {"errors": [{"status": 404, "title": "Not Found", "detail": "The resource could not be found.\n\n No resource provider with uuid 9c5375f9-d9e6-4f7c-a74c-0a17e7573159 found for delete ", "request_id": "req-4b5397c1-73da-4f87-9f0f-0266f9cfcc53"}]}
2026-05-12 12:43:21.612 9 INFO neutron.wsgi [None req-972d8e92-7f67-4ad3-aa22-553514d2d599 9ff3890c416c44a4be69375c5bee6b82 cf52338c4313402b8e83451fae0920bf - - - -] 10.0.0.62 "DELETE /v2.0/networks/61aa5839-3633-4e69-839b-148595ec3c7f HTTP/1.1" status: 204 len: 168 time: 0.7880778
2026-05-12 12:43:21.615 10 INFO neutron.wsgi [req-0fa81943-f917-4867-8bd3-3fd28bea5c3a req-8fb46d01-a952-4aa6-be2d-5fc97caf015a e326119a2b95487b818c99a3145e043a 3ae3ba7ab3bd42cbba83a45717edbb56 - - 6698cee769d4496ab6a1aaec088ecb18 6698cee769d4496ab6a1aaec088ecb18] 199.19.213.87 "GET /v2.0/networks/3fabb042-0060-4206-8d43-b469c644b22c?fields=segments HTTP/1.1" status: 200 len: 212 time: 0.0722959
2026-05-12 12:43:21.677 10 INFO neutron.wsgi [req-0fa81943-f917-4867-8bd3-3fd28bea5c3a req-701a3b37-2b6c-4af9-9bf3-e2d1c8cb8db3 e326119a2b95487b818c99a3145e043a 3ae3ba7ab3bd42cbba83a45717edbb56 - - 6698cee769d4496ab6a1aaec088ecb18 6698cee769d4496ab6a1aaec088ecb18] 199.19.213.87 "GET /v2.0/networks/3fabb042-0060-4206-8d43-b469c644b22c?fields=provider%3Aphysical_network&fields=provider%3Anetwork_type HTTP/1.1" status: 200 len: 277 time: 0.0542433
2026-05-12 12:43:21.696 9 INFO neutron.db.segments_db [None req-86e97263-b368-4b55-8c5e-4bd92da0c8ee 9ff3890c416c44a4be69375c5bee6b82 cf52338c4313402b8e83451fae0920bf - - - -] Added segment 71fa5f76-c2de-4057-af19-eeb114716744 of type geneve for network c6cf7ed0-7fd7-432b-804d-155185fe266f
2026-05-12 12:43:21.732 9 INFO neutron.wsgi [-] 10.0.0.39 "GET / HTTP/1.1" status: 200 len: 246 time: 0.0017979
2026-05-12 12:43:21.734 9 INFO neutron.wsgi [-] 10.0.0.39 "GET / HTTP/1.1" status: 200 len: 246 time: 0.0012133
2026-05-12 12:43:21.753 10 INFO neutron.wsgi [req-1ae3a050-a696-4014-a42d-3daf8c8559ce req-87bdb1d4-ff40-4b85-8645-afcfaecbd272 e326119a2b95487b818c99a3145e043a 3ae3ba7ab3bd42cbba83a45717edbb56 - - 6698cee769d4496ab6a1aaec088ecb18 6698cee769d4496ab6a1aaec088ecb18] 199.19.213.87 "GET /v2.0/ports?tenant_id=3505feae2097477da4cd249dddfaf442&device_id=19959376-2daf-4e10-b376-004199c263c5 HTTP/1.1" status: 200 len: 1402 time: 0.0317304
2026-05-12 12:43:21.815 9 INFO neutron.db.ovn_revision_numbers_db [None req-86e97263-b368-4b55-8c5e-4bd92da0c8ee 9ff3890c416c44a4be69375c5bee6b82 cf52338c4313402b8e83451fae0920bf - - - -] Successfully bumped revision number for resource c6cf7ed0-7fd7-432b-804d-155185fe266f (type: networks) to 1
2026-05-12 12:43:21.829 10 INFO neutron.wsgi [req-1ae3a050-a696-4014-a42d-3daf8c8559ce req-938a3a76-11d8-4b80-aa14-940974f02534 e326119a2b95487b818c99a3145e043a 3ae3ba7ab3bd42cbba83a45717edbb56 - - 6698cee769d4496ab6a1aaec088ecb18 6698cee769d4496ab6a1aaec088ecb18] 199.19.213.87 "GET /v2.0/networks?id=3fabb042-0060-4206-8d43-b469c644b22c HTTP/1.1" status: 200 len: 969 time: 0.0702081
2026-05-12 12:43:21.859 10 INFO neutron.wsgi [req-1ae3a050-a696-4014-a42d-3daf8c8559ce req-cbcf3f55-2b4f-4aed-bf16-fec7a51b845d e326119a2b95487b818c99a3145e043a 3ae3ba7ab3bd42cbba83a45717edbb56 - - 6698cee769d4496ab6a1aaec088ecb18 6698cee769d4496ab6a1aaec088ecb18] 199.19.213.87 "GET /v2.0/floatingips?fixed_ip_address=10.100.0.11&port_id=ed8ded0e-b09c-41b3-894a-2317a350c11e HTTP/1.1" status: 200 len: 217 time: 0.0211277
2026-05-12 12:43:21.869 9 INFO neutron.wsgi [req-feacf768-779f-47a2-825a-4dd1ffd26068 req-90bcbf7e-6faf-4c9a-8636-ecaaf8130651 e326119a2b95487b818c99a3145e043a 3ae3ba7ab3bd42cbba83a45717edbb56 - - 6698cee769d4496ab6a1aaec088ecb18 6698cee769d4496ab6a1aaec088ecb18] 199.19.213.87 "GET /v2.0/ports?device_id=19959376-2daf-4e10-b376-004199c263c5 HTTP/1.1" status: 200 len: 1402 time: 0.0408821
2026-05-12 12:43:21.892 10 INFO neutron.wsgi [req-1ae3a050-a696-4014-a42d-3daf8c8559ce req-0103b7db-b393-4467-b188-d135d160a30c e326119a2b95487b818c99a3145e043a 3ae3ba7ab3bd42cbba83a45717edbb56 - - 6698cee769d4496ab6a1aaec088ecb18 6698cee769d4496ab6a1aaec088ecb18] 199.19.213.87 "GET /v2.0/subnets?id=d7113676-5d98-40c6-88ee-85a5fb173beb HTTP/1.1" status: 200 len: 864 time: 0.0268557
2026-05-12 12:43:21.922 10 INFO neutron.wsgi [req-1ae3a050-a696-4014-a42d-3daf8c8559ce req-d9a5b2c9-0009-4da2-b53c-93a4213333eb e326119a2b95487b818c99a3145e043a 3ae3ba7ab3bd42cbba83a45717edbb56 - - 6698cee769d4496ab6a1aaec088ecb18 6698cee769d4496ab6a1aaec088ecb18] 199.19.213.87 "GET /v2.0/ports?network_id=3fabb042-0060-4206-8d43-b469c644b22c&device_owner=network%3Adhcp HTTP/1.1" status: 200 len: 210 time: 0.0235553
2026-05-12 12:43:21.952 9 INFO neutron.wsgi [req-feacf768-779f-47a2-825a-4dd1ffd26068 req-8aceba1e-8c96-4180-b7e1-48e4c78061b7 e326119a2b95487b818c99a3145e043a 3ae3ba7ab3bd42cbba83a45717edbb56 - - 6698cee769d4496ab6a1aaec088ecb18 6698cee769d4496ab6a1aaec088ecb18] 199.19.213.87 "GET /v2.0/security-groups?id=1d36275e-5ad8-47ff-8891-cceba8fcc0cd&id=04049f57-e615-4325-b11f-5d48f5ab8200&fields=id&fields=name HTTP/1.1" status: 200 len: 406 time: 0.0672216
2026-05-12 12:43:21.982 10 INFO neutron.wsgi [req-1ae3a050-a696-4014-a42d-3daf8c8559ce req-fdfa8208-30cf-42c1-8852-f1e46e5c51dc e326119a2b95487b818c99a3145e043a 3ae3ba7ab3bd42cbba83a45717edbb56 - - 6698cee769d4496ab6a1aaec088ecb18 6698cee769d4496ab6a1aaec088ecb18] 199.19.213.87 "GET /v2.0/networks/3fabb042-0060-4206-8d43-b469c644b22c?fields=segments HTTP/1.1" status: 200 len: 212 time: 0.0547190
2026-05-12 12:43:22.009 9 WARNING neutron.scheduler.dhcp_agent_scheduler [None req-86e97263-b368-4b55-8c5e-4bd92da0c8ee 9ff3890c416c44a4be69375c5bee6b82 cf52338c4313402b8e83451fae0920bf - - - -] No more DHCP agents
2026-05-12 12:43:22.011 9 WARNING neutron.api.rpc.agentnotifiers.dhcp_rpc_agent_api [None req-86e97263-b368-4b55-8c5e-4bd92da0c8ee 9ff3890c416c44a4be69375c5bee6b82 cf52338c4313402b8e83451fae0920bf - - - -] Unable to schedule network c6cf7ed0-7fd7-432b-804d-155185fe266f: no agents available; will retry on subsequent port and subnet creation events.
2026-05-12 12:43:22.053 10 INFO neutron.wsgi [req-1ae3a050-a696-4014-a42d-3daf8c8559ce req-8e9e186d-7add-42ce-9d01-3cc50742a441 e326119a2b95487b818c99a3145e043a 3ae3ba7ab3bd42cbba83a45717edbb56 - - 6698cee769d4496ab6a1aaec088ecb18 6698cee769d4496ab6a1aaec088ecb18] 199.19.213.87 "GET /v2.0/networks/3fabb042-0060-4206-8d43-b469c644b22c?fields=provider%3Aphysical_network&fields=provider%3Anetwork_type HTTP/1.1" status: 200 len: 277 time: 0.0634074
2026-05-12 12:43:22.058 10 INFO neutron.plugins.ml2.drivers.ovn.mech_driver.mech_driver [None req-383127f5-ba7c-4158-b285-d8aca818ecbb - - - - - -] OVN reports status up for port: ed8ded0e-b09c-41b3-894a-2317a350c11e
2026-05-12 12:43:22.097 10 INFO neutron.plugins.ml2.plugin [None req-383127f5-ba7c-4158-b285-d8aca818ecbb - - - - - -] Attempt 1 to provision port ed8ded0e-b09c-41b3-894a-2317a350c11e
