Apr 29 21:40:15.872015 np0000171322 nova-scheduler[109631]: DEBUG cotyledon.oslo_config_glue [-] vnc.novncproxy_port = 6080 {{(pid=109631) log_opt_values /opt/stack/data/venv/lib/python3.12/site-packages/oslo_config/cfg.py:3006}}
Apr 29 21:40:15.872015 np0000171322 nova-scheduler[109631]: DEBUG cotyledon.oslo_config_glue [-] vnc.server_listen = 127.0.0.1 {{(pid=109631) log_opt_values /opt/stack/data/venv/lib/python3.12/site-packages/oslo_config/cfg.py:3006}}
Apr 29 21:40:15.872015 np0000171322 nova-scheduler[109631]: DEBUG cotyledon.oslo_config_glue [-] vnc.server_proxyclient_address = 127.0.0.1 {{(pid=109631) log_opt_values /opt/stack/data/venv/lib/python3.12/site-packages/oslo_config/cfg.py:3006}}
Apr 29 21:40:15.872015 np0000171322 nova-scheduler[109631]: DEBUG cotyledon.oslo_config_glue [-] vnc.vencrypt_ca_certs = None {{(pid=109631) log_opt_values /opt/stack/data/venv/lib/python3.12/site-packages/oslo_config/cfg.py:3006}}
Apr 29 21:40:15.872015 np0000171322 nova-scheduler[109631]: DEBUG cotyledon.oslo_config_glue [-] vnc.vencrypt_client_cert = None {{(pid=109631) log_opt_values /opt/stack/data/venv/lib/python3.12/site-packages/oslo_config/cfg.py:3006}}
Apr 29 21:40:15.872015 np0000171322 nova-scheduler[109631]: DEBUG cotyledon.oslo_config_glue [-] vnc.vencrypt_client_key = None {{(pid=109631) log_opt_values /opt/stack/data/venv/lib/python3.12/site-packages/oslo_config/cfg.py:3006}}
Apr 29 21:40:15.872329 np0000171322 nova-scheduler[109631]: DEBUG cotyledon.oslo_config_glue [-] workarounds.disable_compute_service_check_for_ffu = False {{(pid=109631) log_opt_values /opt/stack/data/venv/lib/python3.12/site-packages/oslo_config/cfg.py:3006}}
Apr 29 21:40:15.872329 np0000171322 nova-scheduler[109631]: DEBUG cotyledon.oslo_config_glue [-] workarounds.disable_deep_image_inspection = False {{(pid=109631) log_opt_values /opt/stack/data/venv/lib/python3.12/site-packages/oslo_config/cfg.py:3006}}
Apr 29 21:40:15.872329 np0000171322 nova-scheduler[109631]: DEBUG cotyledon.oslo_config_glue [-] workarounds.disable_fallback_pcpu_query = False {{(pid=109631) log_opt_values /opt/stack/data/venv/lib/python3.12/site-packages/oslo_config/cfg.py:3006}}
Apr 29 21:40:15.872329 np0000171322 nova-scheduler[109631]: DEBUG cotyledon.oslo_config_glue [-] workarounds.disable_group_policy_check_upcall = False {{(pid=109631) log_opt_values /opt/stack/data/venv/lib/python3.12/site-packages/oslo_config/cfg.py:3006}}
Apr 29 21:40:15.872329 np0000171322 nova-scheduler[109631]: DEBUG cotyledon.oslo_config_glue [-] workarounds.disable_libvirt_livesnapshot = False {{(pid=109631) log_opt_values /opt/stack/data/venv/lib/python3.12/site-packages/oslo_config/cfg.py:3006}}
Apr 29 21:40:15.872329 np0000171322 nova-scheduler[109631]: DEBUG cotyledon.oslo_config_glue [-] workarounds.disable_rootwrap = False {{(pid=109631) log_opt_values /opt/stack/data/venv/lib/python3.12/site-packages/oslo_config/cfg.py:3006}}
Apr 29 21:40:15.872329 np0000171322 nova-scheduler[109631]: DEBUG cotyledon.oslo_config_glue [-] workarounds.enable_numa_live_migration = False {{(pid=109631) log_opt_values /opt/stack/data/venv/lib/python3.12/site-packages/oslo_config/cfg.py:3006}}
Apr 29 21:40:15.872329 np0000171322 nova-scheduler[109631]: DEBUG cotyledon.oslo_config_glue [-] workarounds.enable_qemu_monitor_announce_self = False {{(pid=109631) log_opt_values /opt/stack/data/venv/lib/python3.12/site-packages/oslo_config/cfg.py:3006}}
Apr 29 21:40:15.872329 np0000171322 nova-scheduler[109631]: DEBUG cotyledon.oslo_config_glue [-] workarounds.ensure_libvirt_rbd_instance_dir_cleanup = False {{(pid=109631) log_opt_values /opt/stack/data/venv/lib/python3.12/site-packages/oslo_config/cfg.py:3006}}
Apr 29 21:40:15.872568 np0000171322 nova-scheduler[109631]: DEBUG cotyledon.oslo_config_glue [-] workarounds.handle_virt_lifecycle_events = True {{(pid=109631) log_opt_values /opt/stack/data/venv/lib/python3.12/site-packages/oslo_config/cfg.py:3006}}
Apr 29 21:40:15.872568 np0000171322 nova-scheduler[109631]: DEBUG cotyledon.oslo_config_glue [-] workarounds.libvirt_disable_apic = False {{(pid=109631) log_opt_values /opt/stack/data/venv/lib/python3.12/site-packages/oslo_config/cfg.py:3006}}
Apr 29 21:40:15.872568 np0000171322 nova-scheduler[109631]: DEBUG cotyledon.oslo_config_glue [-] workarounds.never_download_image_if_on_rbd = False {{(pid=109631) log_opt_values /opt/stack/data/venv/lib/python3.12/site-packages/oslo_config/cfg.py:3006}}
Apr 29 21:40:15.872568 np0000171322 nova-scheduler[109631]: DEBUG cotyledon.oslo_config_glue [-] workarounds.qemu_monitor_announce_self_count = 3 {{(pid=109631) log_opt_values /opt/stack/data/venv/lib/python3.12/site-packages/oslo_config/cfg.py:3006}}
Apr 29 21:40:15.872568 np0000171322 nova-scheduler[109631]: DEBUG cotyledon.oslo_config_glue [-] workarounds.qemu_monitor_announce_self_interval = 1 {{(pid=109631) log_opt_values /opt/stack/data/venv/lib/python3.12/site-packages/oslo_config/cfg.py:3006}}
Apr 29 21:40:15.872568 np0000171322 nova-scheduler[109631]: DEBUG cotyledon.oslo_config_glue [-] workarounds.reserve_disk_resource_for_image_cache = False {{(pid=109631) log_opt_values /opt/stack/data/venv/lib/python3.12/site-packages/oslo_config/cfg.py:3006}}
Apr 29 21:40:15.872568 np0000171322 nova-scheduler[109631]: DEBUG cotyledon.oslo_config_glue [-] workarounds.skip_cpu_compare_at_startup = False {{(pid=109631) log_opt_values /opt/stack/data/venv/lib/python3.12/site-packages/oslo_config/cfg.py:3006}}
Apr 29 21:40:15.872568 np0000171322 nova-scheduler[109631]: DEBUG cotyledon.oslo_config_glue [-] workarounds.skip_cpu_compare_on_dest = False {{(pid=109631) log_opt_values /opt/stack/data/venv/lib/python3.12/site-packages/oslo_config/cfg.py:3006}}
Apr 29 21:40:15.872568 np0000171322 nova-scheduler[109631]: DEBUG cotyledon.oslo_config_glue [-] workarounds.skip_hypervisor_version_check_on_lm = False {{(pid=109631) log_opt_values /opt/stack/data/venv/lib/python3.12/site-packages/oslo_config/cfg.py:3006}}
Apr 29 21:40:15.872803 np0000171322 nova-scheduler[109631]: DEBUG cotyledon.oslo_config_glue [-] workarounds.skip_reserve_in_use_ironic_nodes = False {{(pid=109631) log_opt_values /opt/stack/data/venv/lib/python3.12/site-packages/oslo_config/cfg.py:3006}}
Apr 29 21:40:15.872803 np0000171322 nova-scheduler[109631]: DEBUG cotyledon.oslo_config_glue [-] workarounds.unified_limits_count_pcpu_as_vcpu = False {{(pid=109631) log_opt_values /opt/stack/data/venv/lib/python3.12/site-packages/oslo_config/cfg.py:3006}}
Apr 29 21:40:15.872803 np0000171322 nova-scheduler[109631]: DEBUG cotyledon.oslo_config_glue [-] workarounds.wait_for_vif_plugged_event_during_hard_reboot = [] {{(pid=109631) log_opt_values /opt/stack/data/venv/lib/python3.12/site-packages/oslo_config/cfg.py:3006}}
Apr 29 21:40:15.872803 np0000171322 nova-scheduler[109631]: DEBUG cotyledon.oslo_config_glue [-] wsgi.api_paste_config = /etc/nova/api-paste.ini {{(pid=109631) log_opt_values /opt/stack/data/venv/lib/python3.12/site-packages/oslo_config/cfg.py:3006}}
Apr 29 21:40:15.872803 np0000171322 nova-scheduler[109631]: DEBUG cotyledon.oslo_config_glue [-] wsgi.secure_proxy_ssl_header = None {{(pid=109631) log_opt_values /opt/stack/data/venv/lib/python3.12/site-packages/oslo_config/cfg.py:3006}}
Apr 29 21:40:15.872803 np0000171322 nova-scheduler[109631]: DEBUG cotyledon.oslo_config_glue [-] zvm.ca_file = None {{(pid=109631) log_opt_values /opt/stack/data/venv/lib/python3.12/site-packages/oslo_config/cfg.py:3006}}
Apr 29 21:40:15.872803 np0000171322 nova-scheduler[109631]: DEBUG cotyledon.oslo_config_glue [-] zvm.cloud_connector_url = None {{(pid=109631) log_opt_values /opt/stack/data/venv/lib/python3.12/site-packages/oslo_config/cfg.py:3006}}
Apr 29 21:40:15.872803 np0000171322 nova-scheduler[109631]: DEBUG cotyledon.oslo_config_glue [-] zvm.image_tmp_path = /opt/stack/data/nova/images {{(pid=109631) log_opt_values /opt/stack/data/venv/lib/python3.12/site-packages/oslo_config/cfg.py:3006}}
Apr 29 21:40:15.872803 np0000171322 nova-scheduler[109631]: DEBUG cotyledon.oslo_config_glue [-] zvm.reachable_timeout = 300 {{(pid=109631) log_opt_values /opt/stack/data/venv/lib/python3.12/site-packages/oslo_config/cfg.py:3006}}
Apr 29 21:40:15.873038 np0000171322 nova-scheduler[109631]: DEBUG cotyledon.oslo_config_glue [-] oslo_versionedobjects.fatal_exception_format_errors = False {{(pid=109631) log_opt_values /opt/stack/data/venv/lib/python3.12/site-packages/oslo_config/cfg.py:3006}}
Apr 29 21:40:15.873038 np0000171322 nova-scheduler[109631]: DEBUG cotyledon.oslo_config_glue [-] oslo_middleware.http_basic_auth_user_file = /etc/htpasswd {{(pid=109631) log_opt_values /opt/stack/data/venv/lib/python3.12/site-packages/oslo_config/cfg.py:3006}}
Apr 29 21:40:15.873038 np0000171322 nova-scheduler[109631]: DEBUG cotyledon.oslo_config_glue [-] oslo_messaging_metrics.metrics_buffer_size = 1000 {{(pid=109631) log_opt_values /opt/stack/data/venv/lib/python3.12/site-packages/oslo_config/cfg.py:3006}}
Apr 29 21:40:15.873038 np0000171322 nova-scheduler[109631]: DEBUG cotyledon.oslo_config_glue [-] oslo_messaging_metrics.metrics_enabled = False {{(pid=109631) log_opt_values /opt/stack/data/venv/lib/python3.12/site-packages/oslo_config/cfg.py:3006}}
Apr 29 21:40:15.873038 np0000171322 nova-scheduler[109631]: DEBUG cotyledon.oslo_config_glue [-] oslo_messaging_metrics.metrics_process_name = {{(pid=109631) log_opt_values /opt/stack/data/venv/lib/python3.12/site-packages/oslo_config/cfg.py:3006}}
Apr 29 21:40:15.873038 np0000171322 nova-scheduler[109631]: DEBUG cotyledon.oslo_config_glue [-] oslo_messaging_metrics.metrics_socket_file = /var/tmp/metrics_collector.sock {{(pid=109631) log_opt_values /opt/stack/data/venv/lib/python3.12/site-packages/oslo_config/cfg.py:3006}}
Apr 29 21:40:15.873038 np0000171322 nova-scheduler[109631]: DEBUG cotyledon.oslo_config_glue [-] oslo_messaging_metrics.metrics_thread_stop_timeout = 10 {{(pid=109631) log_opt_values /opt/stack/data/venv/lib/python3.12/site-packages/oslo_config/cfg.py:3006}}
Apr 29 21:40:15.873038 np0000171322 nova-scheduler[109631]: DEBUG cotyledon.oslo_config_glue [-] profiler.connection_string = messaging:// {{(pid=109631) log_opt_values /opt/stack/data/venv/lib/python3.12/site-packages/oslo_config/cfg.py:3006}}
Apr 29 21:40:15.873295 np0000171322 nova-scheduler[109631]: DEBUG cotyledon.oslo_config_glue [-] profiler.enabled = False {{(pid=109631) log_opt_values /opt/stack/data/venv/lib/python3.12/site-packages/oslo_config/cfg.py:3006}}
Apr 29 21:40:15.873295 np0000171322 nova-scheduler[109631]: DEBUG cotyledon.oslo_config_glue [-] profiler.es_doc_type = notification {{(pid=109631) log_opt_values /opt/stack/data/venv/lib/python3.12/site-packages/oslo_config/cfg.py:3006}}
Apr 29 21:40:15.873295 np0000171322 nova-scheduler[109631]: DEBUG cotyledon.oslo_config_glue [-] profiler.es_scroll_size = 10000 {{(pid=109631) log_opt_values /opt/stack/data/venv/lib/python3.12/site-packages/oslo_config/cfg.py:3006}}
Apr 29 21:40:15.873295 np0000171322 nova-scheduler[109631]: DEBUG cotyledon.oslo_config_glue [-] profiler.es_scroll_time = 2m {{(pid=109631) log_opt_values /opt/stack/data/venv/lib/python3.12/site-packages/oslo_config/cfg.py:3006}}
Apr 29 21:40:15.873295 np0000171322 nova-scheduler[109631]: DEBUG cotyledon.oslo_config_glue [-] profiler.filter_error_trace = False {{(pid=109631) log_opt_values /opt/stack/data/venv/lib/python3.12/site-packages/oslo_config/cfg.py:3006}}
Apr 29 21:40:15.873295 np0000171322 nova-scheduler[109631]: DEBUG cotyledon.oslo_config_glue [-] profiler.hmac_keys = **** {{(pid=109631) log_opt_values /opt/stack/data/venv/lib/python3.12/site-packages/oslo_config/cfg.py:3006}}
Apr 29 21:40:15.873295 np0000171322 nova-scheduler[109631]: DEBUG cotyledon.oslo_config_glue [-] profiler.sentinel_service_name = mymaster {{(pid=109631) log_opt_values /opt/stack/data/venv/lib/python3.12/site-packages/oslo_config/cfg.py:3006}}
Apr 29 21:40:15.873295 np0000171322 nova-scheduler[109631]: DEBUG cotyledon.oslo_config_glue [-] profiler.socket_timeout = 0.1 {{(pid=109631) log_opt_values /opt/stack/data/venv/lib/python3.12/site-packages/oslo_config/cfg.py:3006}}
Apr 29 21:40:15.873295 np0000171322 nova-scheduler[109631]: DEBUG cotyledon.oslo_config_glue [-] profiler.trace_requests = False {{(pid=109631) log_opt_values /opt/stack/data/venv/lib/python3.12/site-packages/oslo_config/cfg.py:3006}}
Apr 29 21:40:15.873525 np0000171322 nova-scheduler[109631]: DEBUG cotyledon.oslo_config_glue [-] profiler.trace_sqlalchemy = False {{(pid=109631) log_opt_values /opt/stack/data/venv/lib/python3.12/site-packages/oslo_config/cfg.py:3006}}
Apr 29 21:40:15.873525 np0000171322 nova-scheduler[109631]: DEBUG cotyledon.oslo_config_glue [-] profiler_jaeger.process_tags = {} {{(pid=109631) log_opt_values /opt/stack/data/venv/lib/python3.12/site-packages/oslo_config/cfg.py:3006}}
Apr 29 21:40:15.873525 np0000171322 nova-scheduler[109631]: DEBUG cotyledon.oslo_config_glue [-] profiler_jaeger.service_name_prefix = None {{(pid=109631) log_opt_values /opt/stack/data/venv/lib/python3.12/site-packages/oslo_config/cfg.py:3006}}
Apr 29 21:40:15.873525 np0000171322 nova-scheduler[109631]: DEBUG cotyledon.oslo_config_glue [-] profiler_otlp.service_name_prefix = None {{(pid=109631) log_opt_values /opt/stack/data/venv/lib/python3.12/site-packages/oslo_config/cfg.py:3006}}
Apr 29 21:40:15.873525 np0000171322 nova-scheduler[109631]: DEBUG cotyledon.oslo_config_glue [-] oslo_messaging_rabbit.amqp_auto_delete = False {{(pid=109631) log_opt_values /opt/stack/data/venv/lib/python3.12/site-packages/oslo_config/cfg.py:3006}}
Apr 29 21:40:15.873525 np0000171322 nova-scheduler[109631]: DEBUG cotyledon.oslo_config_glue [-] oslo_messaging_rabbit.amqp_durable_queues = False {{(pid=109631) log_opt_values /opt/stack/data/venv/lib/python3.12/site-packages/oslo_config/cfg.py:3006}}
Apr 29 21:40:15.873525 np0000171322 nova-scheduler[109631]: DEBUG cotyledon.oslo_config_glue [-] oslo_messaging_rabbit.conn_pool_min_size = 2 {{(pid=109631) log_opt_values /opt/stack/data/venv/lib/python3.12/site-packages/oslo_config/cfg.py:3006}}
Apr 29 21:40:15.873525 np0000171322 nova-scheduler[109631]: DEBUG cotyledon.oslo_config_glue [-] oslo_messaging_rabbit.conn_pool_ttl = 1200 {{(pid=109631) log_opt_values /opt/stack/data/venv/lib/python3.12/site-packages/oslo_config/cfg.py:3006}}
Apr 29 21:40:15.873525 np0000171322 nova-scheduler[109631]: DEBUG cotyledon.oslo_config_glue [-] oslo_messaging_rabbit.direct_mandatory_flag = True {{(pid=109631) log_opt_values /opt/stack/data/venv/lib/python3.12/site-packages/oslo_config/cfg.py:3006}}
Apr 29 21:40:15.873765 np0000171322 nova-scheduler[109631]: DEBUG cotyledon.oslo_config_glue [-] oslo_messaging_rabbit.enable_cancel_on_failover = False {{(pid=109631) log_opt_values /opt/stack/data/venv/lib/python3.12/site-packages/oslo_config/cfg.py:3006}}
Apr 29 21:40:15.873765 np0000171322 nova-scheduler[109631]: DEBUG cotyledon.oslo_config_glue [-] oslo_messaging_rabbit.heartbeat_in_pthread = False {{(pid=109631) log_opt_values /opt/stack/data/venv/lib/python3.12/site-packages/oslo_config/cfg.py:3006}}
Apr 29 21:40:15.873765 np0000171322 nova-scheduler[109631]: DEBUG cotyledon.oslo_config_glue [-] oslo_messaging_rabbit.heartbeat_rate = 3 {{(pid=109631) log_opt_values /opt/stack/data/venv/lib/python3.12/site-packages/oslo_config/cfg.py:3006}}
Apr 29 21:40:15.873765 np0000171322 nova-scheduler[109631]: DEBUG cotyledon.oslo_config_glue [-] oslo_messaging_rabbit.heartbeat_timeout_threshold = 60 {{(pid=109631) log_opt_values /opt/stack/data/venv/lib/python3.12/site-packages/oslo_config/cfg.py:3006}}
Apr 29 21:40:15.873765 np0000171322 nova-scheduler[109631]: DEBUG cotyledon.oslo_config_glue [-] oslo_messaging_rabbit.hostname = np0000171322 {{(pid=109631) log_opt_values /opt/stack/data/venv/lib/python3.12/site-packages/oslo_config/cfg.py:3006}}
Apr 29 21:40:15.873765 np0000171322 nova-scheduler[109631]: DEBUG cotyledon.oslo_config_glue [-] oslo_messaging_rabbit.kombu_compression = None {{(pid=109631) log_opt_values /opt/stack/data/venv/lib/python3.12/site-packages/oslo_config/cfg.py:3006}}
Apr 29 21:40:15.873765 np0000171322 nova-scheduler[109631]: DEBUG cotyledon.oslo_config_glue [-] oslo_messaging_rabbit.kombu_failover_strategy = round-robin {{(pid=109631) log_opt_values /opt/stack/data/venv/lib/python3.12/site-packages/oslo_config/cfg.py:3006}}
Apr 29 21:40:15.873765 np0000171322 nova-scheduler[109631]: DEBUG cotyledon.oslo_config_glue [-] oslo_messaging_rabbit.kombu_missing_consumer_retry_timeout = 60 {{(pid=109631) log_opt_values /opt/stack/data/venv/lib/python3.12/site-packages/oslo_config/cfg.py:3006}}
Apr 29 21:40:15.873964 np0000171322 nova-scheduler[109631]: DEBUG cotyledon.oslo_config_glue [-] oslo_messaging_rabbit.kombu_reconnect_delay = 1.0 {{(pid=109631) log_opt_values /opt/stack/data/venv/lib/python3.12/site-packages/oslo_config/cfg.py:3006}}
Apr 29 21:40:15.873964 np0000171322 nova-scheduler[109631]: DEBUG cotyledon.oslo_config_glue [-] oslo_messaging_rabbit.kombu_reconnect_splay = 0.0 {{(pid=109631) log_opt_values /opt/stack/data/venv/lib/python3.12/site-packages/oslo_config/cfg.py:3006}}
Apr 29 21:40:15.873964 np0000171322 nova-scheduler[109631]: DEBUG cotyledon.oslo_config_glue [-] oslo_messaging_rabbit.processname = nova-scheduler {{(pid=109631) log_opt_values /opt/stack/data/venv/lib/python3.12/site-packages/oslo_config/cfg.py:3006}}
Apr 29 21:40:15.873964 np0000171322 nova-scheduler[109631]: DEBUG cotyledon.oslo_config_glue [-] oslo_messaging_rabbit.rabbit_ha_queues = False {{(pid=109631) log_opt_values /opt/stack/data/venv/lib/python3.12/site-packages/oslo_config/cfg.py:3006}}
Apr 29 21:40:15.873964 np0000171322 nova-scheduler[109631]: DEBUG cotyledon.oslo_config_glue [-] oslo_messaging_rabbit.rabbit_interval_max = 30 {{(pid=109631) log_opt_values /opt/stack/data/venv/lib/python3.12/site-packages/oslo_config/cfg.py:3006}}
Apr 29 21:40:15.873964 np0000171322 nova-scheduler[109631]: DEBUG cotyledon.oslo_config_glue [-] oslo_messaging_rabbit.rabbit_login_method = AMQPLAIN {{(pid=109631) log_opt_values /opt/stack/data/venv/lib/python3.12/site-packages/oslo_config/cfg.py:3006}}
Apr 29 21:40:15.873964 np0000171322 nova-scheduler[109631]: DEBUG cotyledon.oslo_config_glue [-] oslo_messaging_rabbit.rabbit_qos_prefetch_count = 0 {{(pid=109631) log_opt_values /opt/stack/data/venv/lib/python3.12/site-packages/oslo_config/cfg.py:3006}}
Apr 29 21:40:15.873964 np0000171322 nova-scheduler[109631]: DEBUG cotyledon.oslo_config_glue [-] oslo_messaging_rabbit.rabbit_quorum_delivery_limit = 0 {{(pid=109631) log_opt_values /opt/stack/data/venv/lib/python3.12/site-packages/oslo_config/cfg.py:3006}}
Apr 29 21:40:15.873964 np0000171322 nova-scheduler[109631]: DEBUG cotyledon.oslo_config_glue [-] oslo_messaging_rabbit.rabbit_quorum_max_memory_bytes = 0 {{(pid=109631) log_opt_values /opt/stack/data/venv/lib/python3.12/site-packages/oslo_config/cfg.py:3006}}
Apr 29 21:40:15.874197 np0000171322 nova-scheduler[109631]: DEBUG cotyledon.oslo_config_glue [-] oslo_messaging_rabbit.rabbit_quorum_max_memory_length = 0 {{(pid=109631) log_opt_values /opt/stack/data/venv/lib/python3.12/site-packages/oslo_config/cfg.py:3006}}
Apr 29 21:40:15.874197 np0000171322 nova-scheduler[109631]: DEBUG cotyledon.oslo_config_glue [-] oslo_messaging_rabbit.rabbit_quorum_queue = False {{(pid=109631) log_opt_values /opt/stack/data/venv/lib/python3.12/site-packages/oslo_config/cfg.py:3006}}
Apr 29 21:40:15.874197 np0000171322 nova-scheduler[109631]: DEBUG cotyledon.oslo_config_glue [-] oslo_messaging_rabbit.rabbit_retry_backoff = 2 {{(pid=109631) log_opt_values /opt/stack/data/venv/lib/python3.12/site-packages/oslo_config/cfg.py:3006}}
Apr 29 21:40:15.874197 np0000171322 nova-scheduler[109631]: DEBUG cotyledon.oslo_config_glue [-] oslo_messaging_rabbit.rabbit_retry_interval = 1 {{(pid=109631) log_opt_values /opt/stack/data/venv/lib/python3.12/site-packages/oslo_config/cfg.py:3006}}
Apr 29 21:40:15.874197 np0000171322 nova-scheduler[109631]: DEBUG cotyledon.oslo_config_glue [-] oslo_messaging_rabbit.rabbit_stream_fanout = False {{(pid=109631) log_opt_values /opt/stack/data/venv/lib/python3.12/site-packages/oslo_config/cfg.py:3006}}
Apr 29 21:40:15.874197 np0000171322 nova-scheduler[109631]: DEBUG cotyledon.oslo_config_glue [-] oslo_messaging_rabbit.rabbit_transient_queues_ttl = 1800 {{(pid=109631) log_opt_values /opt/stack/data/venv/lib/python3.12/site-packages/oslo_config/cfg.py:3006}}
Apr 29 21:40:15.874197 np0000171322 nova-scheduler[109631]: DEBUG cotyledon.oslo_config_glue [-] oslo_messaging_rabbit.rabbit_transient_quorum_queue = False {{(pid=109631) log_opt_values /opt/stack/data/venv/lib/python3.12/site-packages/oslo_config/cfg.py:3006}}
Apr 29 21:40:15.874197 np0000171322 nova-scheduler[109631]: DEBUG cotyledon.oslo_config_glue [-] oslo_messaging_rabbit.rpc_conn_pool_size = 30 {{(pid=109631) log_opt_values /opt/stack/data/venv/lib/python3.12/site-packages/oslo_config/cfg.py:3006}}
Apr 29 21:40:15.874197 np0000171322 nova-scheduler[109631]: DEBUG cotyledon.oslo_config_glue [-] oslo_messaging_rabbit.ssl = False {{(pid=109631) log_opt_values /opt/stack/data/venv/lib/python3.12/site-packages/oslo_config/cfg.py:3006}}
Apr 29 21:40:15.874431 np0000171322 nova-scheduler[109631]: DEBUG cotyledon.oslo_config_glue [-] oslo_messaging_rabbit.ssl_ca_file = {{(pid=109631) log_opt_values /opt/stack/data/venv/lib/python3.12/site-packages/oslo_config/cfg.py:3006}}
Apr 29 21:40:15.874431 np0000171322 nova-scheduler[109631]: DEBUG cotyledon.oslo_config_glue [-] oslo_messaging_rabbit.ssl_cert_file = {{(pid=109631) log_opt_values /opt/stack/data/venv/lib/python3.12/site-packages/oslo_config/cfg.py:3006}}
Apr 29 21:40:15.874431 np0000171322 nova-scheduler[109631]: DEBUG cotyledon.oslo_config_glue [-] oslo_messaging_rabbit.ssl_enforce_fips_mode = False {{(pid=109631) log_opt_values /opt/stack/data/venv/lib/python3.12/site-packages/oslo_config/cfg.py:3006}}
Apr 29 21:40:15.874431 np0000171322 nova-scheduler[109631]: DEBUG cotyledon.oslo_config_glue [-] oslo_messaging_rabbit.ssl_key_file = {{(pid=109631) log_opt_values /opt/stack/data/venv/lib/python3.12/site-packages/oslo_config/cfg.py:3006}}
Apr 29 21:40:15.874431 np0000171322 nova-scheduler[109631]: DEBUG cotyledon.oslo_config_glue [-] oslo_messaging_rabbit.ssl_version = {{(pid=109631) log_opt_values /opt/stack/data/venv/lib/python3.12/site-packages/oslo_config/cfg.py:3006}}
Apr 29 21:40:15.874431 np0000171322 nova-scheduler[109631]: DEBUG cotyledon.oslo_config_glue [-] oslo_messaging_rabbit.use_queue_manager = False {{(pid=109631) log_opt_values /opt/stack/data/venv/lib/python3.12/site-packages/oslo_config/cfg.py:3006}}
Apr 29 21:40:15.874431 np0000171322 nova-scheduler[109631]: DEBUG cotyledon.oslo_config_glue [-] oslo_messaging_notifications.driver = ['messagingv2'] {{(pid=109631) log_opt_values /opt/stack/data/venv/lib/python3.12/site-packages/oslo_config/cfg.py:3006}}
Apr 29 21:40:15.874431 np0000171322 nova-scheduler[109631]: DEBUG cotyledon.oslo_config_glue [-] oslo_messaging_notifications.retry = -1 {{(pid=109631) log_opt_values /opt/stack/data/venv/lib/python3.12/site-packages/oslo_config/cfg.py:3006}}
Apr 29 21:40:15.874431 np0000171322 nova-scheduler[109631]: DEBUG cotyledon.oslo_config_glue [-] oslo_messaging_notifications.topics = ['notifications'] {{(pid=109631) log_opt_values /opt/stack/data/venv/lib/python3.12/site-packages/oslo_config/cfg.py:3006}}
Apr 29 21:40:15.874673 np0000171322 nova-scheduler[109631]: DEBUG cotyledon.oslo_config_glue [-] oslo_messaging_notifications.transport_url = **** {{(pid=109631) log_opt_values /opt/stack/data/venv/lib/python3.12/site-packages/oslo_config/cfg.py:3006}}
Apr 29 21:40:15.874673 np0000171322 nova-scheduler[109631]: DEBUG cotyledon.oslo_config_glue [-] oslo_limit.auth_section = None {{(pid=109631) log_opt_values /opt/stack/data/venv/lib/python3.12/site-packages/oslo_config/cfg.py:3006}}
Apr 29 21:40:15.874673 np0000171322 nova-scheduler[109631]: DEBUG cotyledon.oslo_config_glue [-] oslo_limit.auth_type = None {{(pid=109631) log_opt_values /opt/stack/data/venv/lib/python3.12/site-packages/oslo_config/cfg.py:3006}}
Apr 29 21:40:15.874673 np0000171322 nova-scheduler[109631]: DEBUG cotyledon.oslo_config_glue [-] oslo_limit.cafile = None {{(pid=109631) log_opt_values /opt/stack/data/venv/lib/python3.12/site-packages/oslo_config/cfg.py:3006}}
Apr 29 21:40:15.874673 np0000171322 nova-scheduler[109631]: DEBUG cotyledon.oslo_config_glue [-] oslo_limit.certfile = None {{(pid=109631) log_opt_values /opt/stack/data/venv/lib/python3.12/site-packages/oslo_config/cfg.py:3006}}
Apr 29 21:40:15.874673 np0000171322 nova-scheduler[109631]: DEBUG cotyledon.oslo_config_glue [-] oslo_limit.collect_timing = False {{(pid=109631) log_opt_values /opt/stack/data/venv/lib/python3.12/site-packages/oslo_config/cfg.py:3006}}
Apr 29 21:40:15.874673 np0000171322 nova-scheduler[109631]: DEBUG cotyledon.oslo_config_glue [-] oslo_limit.connect_retries = None {{(pid=109631) log_opt_values /opt/stack/data/venv/lib/python3.12/site-packages/oslo_config/cfg.py:3006}}
Apr 29 21:40:15.874673 np0000171322 nova-scheduler[109631]: DEBUG cotyledon.oslo_config_glue [-] oslo_limit.connect_retry_delay = None {{(pid=109631) log_opt_values /opt/stack/data/venv/lib/python3.12/site-packages/oslo_config/cfg.py:3006}}
Apr 29 21:40:15.874673 np0000171322 nova-scheduler[109631]: DEBUG cotyledon.oslo_config_glue [-] oslo_limit.endpoint_id = None {{(pid=109631) log_opt_values /opt/stack/data/venv/lib/python3.12/site-packages/oslo_config/cfg.py:3006}}
Apr 29 21:40:15.874910 np0000171322 nova-scheduler[109631]: DEBUG cotyledon.oslo_config_glue [-] oslo_limit.endpoint_interface = public {{(pid=109631) log_opt_values /opt/stack/data/venv/lib/python3.12/site-packages/oslo_config/cfg.py:3006}}
Apr 29 21:40:15.874910 np0000171322 nova-scheduler[109631]: DEBUG cotyledon.oslo_config_glue [-] oslo_limit.endpoint_override = None {{(pid=109631) log_opt_values /opt/stack/data/venv/lib/python3.12/site-packages/oslo_config/cfg.py:3006}}
Apr 29 21:40:15.874910 np0000171322 nova-scheduler[109631]: DEBUG cotyledon.oslo_config_glue [-] oslo_limit.endpoint_region_name = None {{(pid=109631) log_opt_values /opt/stack/data/venv/lib/python3.12/site-packages/oslo_config/cfg.py:3006}}
Apr 29 21:40:15.874910 np0000171322 nova-scheduler[109631]: DEBUG cotyledon.oslo_config_glue [-] oslo_limit.endpoint_service_name = None {{(pid=109631) log_opt_values /opt/stack/data/venv/lib/python3.12/site-packages/oslo_config/cfg.py:3006}}
Apr 29 21:40:15.874910 np0000171322 nova-scheduler[109631]: DEBUG cotyledon.oslo_config_glue [-] oslo_limit.endpoint_service_type = None {{(pid=109631) log_opt_values /opt/stack/data/venv/lib/python3.12/site-packages/oslo_config/cfg.py:3006}}
Apr 29 21:40:15.874910 np0000171322 nova-scheduler[109631]: DEBUG cotyledon.oslo_config_glue [-] oslo_limit.insecure = False {{(pid=109631) log_opt_values /opt/stack/data/venv/lib/python3.12/site-packages/oslo_config/cfg.py:3006}}
Apr 29 21:40:15.874910 np0000171322 nova-scheduler[109631]: DEBUG cotyledon.oslo_config_glue [-] oslo_limit.keyfile = None {{(pid=109631) log_opt_values /opt/stack/data/venv/lib/python3.12/site-packages/oslo_config/cfg.py:3006}}
Apr 29 21:40:15.874910 np0000171322 nova-scheduler[109631]: DEBUG cotyledon.oslo_config_glue [-] oslo_limit.max_version = None {{(pid=109631) log_opt_values /opt/stack/data/venv/lib/python3.12/site-packages/oslo_config/cfg.py:3006}}
Apr 29 21:40:15.874910 np0000171322 nova-scheduler[109631]: DEBUG cotyledon.oslo_config_glue [-] oslo_limit.min_version = None {{(pid=109631) log_opt_values /opt/stack/data/venv/lib/python3.12/site-packages/oslo_config/cfg.py:3006}}
Apr 29 21:40:15.875193 np0000171322 nova-scheduler[109631]: DEBUG cotyledon.oslo_config_glue [-] oslo_limit.region_name = None {{(pid=109631) log_opt_values /opt/stack/data/venv/lib/python3.12/site-packages/oslo_config/cfg.py:3006}}
Apr 29 21:40:15.875193 np0000171322 nova-scheduler[109631]: DEBUG cotyledon.oslo_config_glue [-] oslo_limit.retriable_status_codes = None {{(pid=109631) log_opt_values /opt/stack/data/venv/lib/python3.12/site-packages/oslo_config/cfg.py:3006}}
Apr 29 21:40:15.875193 np0000171322 nova-scheduler[109631]: DEBUG cotyledon.oslo_config_glue [-] oslo_limit.service_name = None {{(pid=109631) log_opt_values /opt/stack/data/venv/lib/python3.12/site-packages/oslo_config/cfg.py:3006}}
Apr 29 21:40:15.875193 np0000171322 nova-scheduler[109631]: DEBUG cotyledon.oslo_config_glue [-] oslo_limit.service_type = None {{(pid=109631) log_opt_values /opt/stack/data/venv/lib/python3.12/site-packages/oslo_config/cfg.py:3006}}
Apr 29 21:40:15.875193 np0000171322 nova-scheduler[109631]: DEBUG cotyledon.oslo_config_glue [-] oslo_limit.split_loggers = False {{(pid=109631) log_opt_values /opt/stack/data/venv/lib/python3.12/site-packages/oslo_config/cfg.py:3006}}
Apr 29 21:40:15.875193 np0000171322 nova-scheduler[109631]: DEBUG cotyledon.oslo_config_glue [-] oslo_limit.status_code_retries = None {{(pid=109631) log_opt_values /opt/stack/data/venv/lib/python3.12/site-packages/oslo_config/cfg.py:3006}}
Apr 29 21:40:15.875193 np0000171322 nova-scheduler[109631]: DEBUG cotyledon.oslo_config_glue [-] oslo_limit.status_code_retry_delay = None {{(pid=109631) log_opt_values /opt/stack/data/venv/lib/python3.12/site-packages/oslo_config/cfg.py:3006}}
Apr 29 21:40:15.875193 np0000171322 nova-scheduler[109631]: DEBUG cotyledon.oslo_config_glue [-] oslo_limit.timeout = None {{(pid=109631) log_opt_values /opt/stack/data/venv/lib/python3.12/site-packages/oslo_config/cfg.py:3006}}
Apr 29 21:40:15.875193 np0000171322 nova-scheduler[109631]: DEBUG cotyledon.oslo_config_glue [-] oslo_limit.valid_interfaces = None {{(pid=109631) log_opt_values /opt/stack/data/venv/lib/python3.12/site-packages/oslo_config/cfg.py:3006}}
Apr 29 21:40:15.875397 np0000171322 nova-scheduler[109631]: DEBUG cotyledon.oslo_config_glue [-] oslo_limit.version = None {{(pid=109631) log_opt_values /opt/stack/data/venv/lib/python3.12/site-packages/oslo_config/cfg.py:3006}}
Apr 29 21:40:15.875397 np0000171322 nova-scheduler[109631]: DEBUG cotyledon.oslo_config_glue [-] oslo_reports.file_event_handler = None {{(pid=109631) log_opt_values /opt/stack/data/venv/lib/python3.12/site-packages/oslo_config/cfg.py:3006}}
Apr 29 21:40:15.875397 np0000171322 nova-scheduler[109631]: DEBUG cotyledon.oslo_config_glue [-] oslo_reports.file_event_handler_interval = 1 {{(pid=109631) log_opt_values /opt/stack/data/venv/lib/python3.12/site-packages/oslo_config/cfg.py:3006}}
Apr 29 21:40:15.875397 np0000171322 nova-scheduler[109631]: DEBUG cotyledon.oslo_config_glue [-] oslo_reports.log_dir = None {{(pid=109631) log_opt_values /opt/stack/data/venv/lib/python3.12/site-packages/oslo_config/cfg.py:3006}}
Apr 29 21:40:15.875397 np0000171322 nova-scheduler[109631]: DEBUG cotyledon.oslo_config_glue [-] ******************************************************************************** {{(pid=109631) log_opt_values /opt/stack/data/venv/lib/python3.12/site-packages/oslo_config/cfg.py:3013}}
Apr 29 21:40:15.875397 np0000171322 nova-scheduler[109631]: DEBUG cotyledon._service_worker [-] Run service ServiceWrapper(3) [109631] {{(pid=109631) wait_forever /opt/stack/data/venv/lib/python3.12/site-packages/cotyledon/_service_worker.py:218}}
Apr 29 21:40:15.875397 np0000171322 nova-scheduler[109631]: INFO nova.service [-] Starting scheduler node (version 33.1.0)
Apr 29 21:40:15.875561 np0000171322 nova-scheduler[109626]: DEBUG oslo_db.sqlalchemy.engines [None req-49931c51-445b-4edc-a944-e33611b36953 None None] MySQL server mode set to STRICT_TRANS_TABLES,STRICT_ALL_TABLES,NO_ZERO_IN_DATE,NO_ZERO_DATE,ERROR_FOR_DIVISION_BY_ZERO,TRADITIONAL,NO_ENGINE_SUBSTITUTION {{(pid=109626) _check_effective_sql_mode /opt/stack/data/venv/lib/python3.12/site-packages/oslo_db/sqlalchemy/engines.py:325}}
Apr 29 21:40:15.875595 np0000171322 nova-scheduler[109620]: DEBUG dbcounter [-] [109620] Writer thread running {{(pid=109620) stat_writer /opt/stack/data/venv/lib/python3.12/site-packages/dbcounter.py:102}}
Apr 29 21:40:15.875631 np0000171322 nova-scheduler[109631]: INFO dbcounter [None req-2b7daa91-b051-4b84-aa01-299593253052 None None] Registered counter for database nova_cell0
Apr 29 21:40:15.875662 np0000171322 nova-scheduler[109626]: DEBUG dbcounter [-] [109626] Writer thread running {{(pid=109626) stat_writer /opt/stack/data/venv/lib/python3.12/site-packages/dbcounter.py:102}}
Apr 29 21:40:15.875694 np0000171322 nova-scheduler[109614]: DEBUG nova.service [None req-97992212-e79e-42fa-af72-42b05e25cfca None None] Creating RPC server for service: nova-scheduler on topic: scheduler {{(pid=109614) start /opt/stack/nova/nova/service.py:195}}
Apr 29 21:40:15.875726 np0000171322 nova-scheduler[109626]: DEBUG nova.service [None req-49931c51-445b-4edc-a944-e33611b36953 None None] Creating RPC server for service: nova-scheduler on topic: scheduler {{(pid=109626) start /opt/stack/nova/nova/service.py:195}}
Apr 29 21:40:15.875754 np0000171322 nova-scheduler[109631]: DEBUG oslo_db.sqlalchemy.engines [None req-2b7daa91-b051-4b84-aa01-299593253052 None None] MySQL server mode set to STRICT_TRANS_TABLES,STRICT_ALL_TABLES,NO_ZERO_IN_DATE,NO_ZERO_DATE,ERROR_FOR_DIVISION_BY_ZERO,TRADITIONAL,NO_ENGINE_SUBSTITUTION {{(pid=109631) _check_effective_sql_mode /opt/stack/data/venv/lib/python3.12/site-packages/oslo_db/sqlalchemy/engines.py:325}}
Apr 29 21:40:15.875804 np0000171322 nova-scheduler[109620]: DEBUG nova.service [None req-bf46745f-335e-4d22-9d47-4cc3efa77606 None None] Creating RPC server for service: nova-scheduler on topic: scheduler {{(pid=109620) start /opt/stack/nova/nova/service.py:195}}
Apr 29 21:40:15.875847 np0000171322 nova-scheduler[109631]: DEBUG dbcounter [-] [109631] Writer thread running {{(pid=109631) stat_writer /opt/stack/data/venv/lib/python3.12/site-packages/dbcounter.py:102}}
Apr 29 21:40:15.878470 np0000171322 nova-scheduler[109626]: DEBUG nova.service [None req-49931c51-445b-4edc-a944-e33611b36953 None None] Join ServiceGroup membership for this service scheduler {{(pid=109626) start /opt/stack/nova/nova/service.py:221}}
Apr 29 21:40:15.878518 np0000171322 nova-scheduler[109631]: DEBUG nova.service [None req-2b7daa91-b051-4b84-aa01-299593253052 None None] Creating RPC server for service: nova-scheduler on topic: scheduler {{(pid=109631) start /opt/stack/nova/nova/service.py:195}}
Apr 29 21:40:15.878858 np0000171322 nova-scheduler[109626]: DEBUG nova.servicegroup.drivers.db [None req-49931c51-445b-4edc-a944-e33611b36953 None None] DB_Driver: join new ServiceGroup member np0000171322 to the scheduler group, service = {{(pid=109626) join /opt/stack/nova/nova/servicegroup/drivers/db.py:44}}
Apr 29 21:40:15.879443 np0000171322 nova-scheduler[109620]: DEBUG nova.service [None req-bf46745f-335e-4d22-9d47-4cc3efa77606 None None] Join ServiceGroup membership for this service scheduler {{(pid=109620) start /opt/stack/nova/nova/service.py:221}}
Apr 29 21:40:15.879741 np0000171322 nova-scheduler[109620]: DEBUG nova.servicegroup.drivers.db [None req-bf46745f-335e-4d22-9d47-4cc3efa77606 None None] DB_Driver: join new ServiceGroup member np0000171322 to the scheduler group, service = {{(pid=109620) join /opt/stack/nova/nova/servicegroup/drivers/db.py:44}}
Apr 29 21:40:15.884839 np0000171322 nova-scheduler[109614]: DEBUG nova.service [None req-97992212-e79e-42fa-af72-42b05e25cfca None None] Join ServiceGroup membership for this service scheduler {{(pid=109614) start /opt/stack/nova/nova/service.py:221}}
Apr 29 21:40:15.885059 np0000171322 nova-scheduler[109614]: DEBUG nova.servicegroup.drivers.db [None req-97992212-e79e-42fa-af72-42b05e25cfca None None] DB_Driver: join new ServiceGroup member np0000171322 to the scheduler group, service = {{(pid=109614) join /opt/stack/nova/nova/servicegroup/drivers/db.py:44}}
Apr 29 21:40:15.903346 np0000171322 nova-scheduler[109631]: DEBUG nova.service [None req-2b7daa91-b051-4b84-aa01-299593253052 None None] Join ServiceGroup membership for this service scheduler {{(pid=109631) start /opt/stack/nova/nova/service.py:221}}
Apr 29 21:40:15.903675 np0000171322 nova-scheduler[109631]: DEBUG nova.servicegroup.drivers.db [None req-2b7daa91-b051-4b84-aa01-299593253052 None None] DB_Driver: join new ServiceGroup member np0000171322 to the scheduler group, service = {{(pid=109631) join /opt/stack/nova/nova/servicegroup/drivers/db.py:44}}
Apr 29 21:40:16.882490 np0000171322 nova-scheduler[109620]: DEBUG oslo.service.backend._threading.loopingcall [None req-fae2196b-0462-4f06-9114-9914a48a0d60 None None] Dynamic interval looping call 'nova.service.Service.periodic_tasks' sleeping for 60.00 seconds {{(pid=109620) _run_loop /opt/stack/data/venv/lib/python3.12/site-packages/oslo_service/backend/_threading/loopingcall.py:125}}
Apr 29 21:40:20.888212 np0000171322 nova-scheduler[109614]: DEBUG oslo.service.backend._threading.loopingcall [None req-a7173db0-e9d2-4a82-9871-336a555e411d None None] Dynamic interval looping call 'nova.service.Service.periodic_tasks' sleeping for 60.00 seconds {{(pid=109614) _run_loop /opt/stack/data/venv/lib/python3.12/site-packages/oslo_service/backend/_threading/loopingcall.py:125}}
Apr 29 21:40:20.896614 np0000171322 nova-scheduler[109620]: DEBUG oslo.service.backend._threading.loopingcall [-] Fixed interval looping call 'nova.servicegroup.drivers.db.DbDriver._report_state' sleeping for 119.99 seconds {{(pid=109620) _run_loop /opt/stack/data/venv/lib/python3.12/site-packages/oslo_service/backend/_threading/loopingcall.py:125}}
Apr 29 21:40:20.897478 np0000171322 nova-scheduler[109626]: DEBUG oslo.service.backend._threading.loopingcall [-] Fixed interval looping call 'nova.servicegroup.drivers.db.DbDriver._report_state' sleeping for 119.98 seconds {{(pid=109626) _run_loop /opt/stack/data/venv/lib/python3.12/site-packages/oslo_service/backend/_threading/loopingcall.py:125}}
Apr 29 21:40:20.898214 np0000171322 nova-scheduler[109614]: DEBUG oslo.service.backend._threading.loopingcall [-] Fixed interval looping call 'nova.servicegroup.drivers.db.DbDriver._report_state' sleeping for 119.99 seconds {{(pid=109614) _run_loop /opt/stack/data/venv/lib/python3.12/site-packages/oslo_service/backend/_threading/loopingcall.py:125}}
Apr 29 21:40:20.916987 np0000171322 nova-scheduler[109631]: DEBUG oslo.service.backend._threading.loopingcall [-] Fixed interval looping call 'nova.servicegroup.drivers.db.DbDriver._report_state' sleeping for 119.99 seconds {{(pid=109631) _run_loop /opt/stack/data/venv/lib/python3.12/site-packages/oslo_service/backend/_threading/loopingcall.py:125}}
Apr 29 21:40:24.502177 np0000171322 nova-scheduler[108976]: DEBUG dbcounter [-] [108976] Writing DB stats nova_api:SELECT=3 {{(pid=108976) stat_writer /opt/stack/data/venv/lib/python3.12/site-packages/dbcounter.py:115}}
Apr 29 21:40:24.601986 np0000171322 nova-scheduler[108976]: DEBUG dbcounter [-] [108976] Writing DB stats nova_cell0:SELECT=1 {{(pid=108976) stat_writer /opt/stack/data/venv/lib/python3.12/site-packages/dbcounter.py:115}}
Apr 29 21:40:24.607967 np0000171322 nova-scheduler[108976]: DEBUG dbcounter [-] [108976] Writing DB stats nova_cell1:SELECT=1 {{(pid=108976) stat_writer /opt/stack/data/venv/lib/python3.12/site-packages/dbcounter.py:115}}
Apr 29 21:40:25.882493 np0000171322 nova-scheduler[109626]: DEBUG oslo.service.backend._threading.loopingcall [None req-c25184fe-bfa3-491f-b833-4b43aa90dd4a None None] Dynamic interval looping call 'nova.service.Service.periodic_tasks' sleeping for 60.00 seconds {{(pid=109626) _run_loop /opt/stack/data/venv/lib/python3.12/site-packages/oslo_service/backend/_threading/loopingcall.py:125}}
Apr 29 21:40:28.907689 np0000171322 nova-scheduler[109631]: DEBUG oslo.service.backend._threading.loopingcall [None req-3c026f4b-e7e9-4866-b671-1ef7771b42bf None None] Dynamic interval looping call 'nova.service.Service.periodic_tasks' sleeping for 60.00 seconds {{(pid=109631) _run_loop /opt/stack/data/venv/lib/python3.12/site-packages/oslo_service/backend/_threading/loopingcall.py:125}}
Apr 29 21:40:30.890378 np0000171322 nova-scheduler[109620]: DEBUG dbcounter [-] [109620] Writing DB stats nova_cell0:SELECT=5,nova_cell0:INSERT=1,nova_cell0:UPDATE=1 {{(pid=109620) stat_writer /opt/stack/data/venv/lib/python3.12/site-packages/dbcounter.py:115}}
Apr 29 21:40:30.891209 np0000171322 nova-scheduler[109626]: DEBUG dbcounter [-] [109626] Writing DB stats nova_cell0:SELECT=3,nova_cell0:UPDATE=1 {{(pid=109626) stat_writer /opt/stack/data/venv/lib/python3.12/site-packages/dbcounter.py:115}}
Apr 29 21:40:30.896438 np0000171322 nova-scheduler[109614]: DEBUG dbcounter [-] [109614] Writing DB stats nova_cell0:SELECT=4,nova_cell0:INSERT=1 {{(pid=109614) stat_writer /opt/stack/data/venv/lib/python3.12/site-packages/dbcounter.py:115}}
Apr 29 21:40:30.913472 np0000171322 nova-scheduler[109631]: DEBUG dbcounter [-] [109631] Writing DB stats nova_cell0:SELECT=3 {{(pid=109631) stat_writer /opt/stack/data/venv/lib/python3.12/site-packages/dbcounter.py:115}}
Apr 29 21:41:16.883507 np0000171322 nova-scheduler[109620]: DEBUG oslo.service.backend._threading.loopingcall [None req-fae2196b-0462-4f06-9114-9914a48a0d60 None None] Dynamic interval looping call 'nova.service.Service.periodic_tasks' sleeping for 60.00 seconds {{(pid=109620) _run_loop /opt/stack/data/venv/lib/python3.12/site-packages/oslo_service/backend/_threading/loopingcall.py:125}}
Apr 29 21:41:20.890725 np0000171322 nova-scheduler[109614]: DEBUG oslo.service.backend._threading.loopingcall [None req-a7173db0-e9d2-4a82-9871-336a555e411d None None] Dynamic interval looping call 'nova.service.Service.periodic_tasks' sleeping for 60.00 seconds {{(pid=109614) _run_loop /opt/stack/data/venv/lib/python3.12/site-packages/oslo_service/backend/_threading/loopingcall.py:125}}
Apr 29 21:41:25.883339 np0000171322 nova-scheduler[109626]: DEBUG oslo.service.backend._threading.loopingcall [None req-c25184fe-bfa3-491f-b833-4b43aa90dd4a None None] Dynamic interval looping call 'nova.service.Service.periodic_tasks' sleeping for 60.00 seconds {{(pid=109626) _run_loop /opt/stack/data/venv/lib/python3.12/site-packages/oslo_service/backend/_threading/loopingcall.py:125}}
Apr 29 21:41:28.908436 np0000171322 nova-scheduler[109631]: DEBUG oslo.service.backend._threading.loopingcall [None req-3c026f4b-e7e9-4866-b671-1ef7771b42bf None None] Dynamic interval looping call 'nova.service.Service.periodic_tasks' sleeping for 60.00 seconds {{(pid=109631) _run_loop /opt/stack/data/venv/lib/python3.12/site-packages/oslo_service/backend/_threading/loopingcall.py:125}}
Apr 29 21:42:16.884861 np0000171322 nova-scheduler[109620]: DEBUG oslo.service.backend._threading.loopingcall [None req-fae2196b-0462-4f06-9114-9914a48a0d60 None None] Dynamic interval looping call 'nova.service.Service.periodic_tasks' sleeping for 60.00 seconds {{(pid=109620) _run_loop /opt/stack/data/venv/lib/python3.12/site-packages/oslo_service/backend/_threading/loopingcall.py:125}}
Apr 29 21:42:20.892230 np0000171322 nova-scheduler[109614]: DEBUG oslo.service.backend._threading.loopingcall [None req-a7173db0-e9d2-4a82-9871-336a555e411d None None] Dynamic interval looping call 'nova.service.Service.periodic_tasks' sleeping for 60.00 seconds {{(pid=109614) _run_loop /opt/stack/data/venv/lib/python3.12/site-packages/oslo_service/backend/_threading/loopingcall.py:125}}
Apr 29 21:42:20.892946 np0000171322 nova-scheduler[109626]: DEBUG oslo.service.backend._threading.loopingcall [-] Fixed interval looping call 'nova.servicegroup.drivers.db.DbDriver._report_state' sleeping for 119.99 seconds {{(pid=109626) _run_loop /opt/stack/data/venv/lib/python3.12/site-packages/oslo_service/backend/_threading/loopingcall.py:125}}
Apr 29 21:42:20.893404 np0000171322 nova-scheduler[109620]: DEBUG oslo.service.backend._threading.loopingcall [-] Fixed interval looping call 'nova.servicegroup.drivers.db.DbDriver._report_state' sleeping for 119.99 seconds {{(pid=109620) _run_loop /opt/stack/data/venv/lib/python3.12/site-packages/oslo_service/backend/_threading/loopingcall.py:125}}
Apr 29 21:42:20.894448 np0000171322 nova-scheduler[109614]: DEBUG oslo.service.backend._threading.loopingcall [-] Fixed interval looping call 'nova.servicegroup.drivers.db.DbDriver._report_state' sleeping for 119.99 seconds {{(pid=109614) _run_loop /opt/stack/data/venv/lib/python3.12/site-packages/oslo_service/backend/_threading/loopingcall.py:125}}
Apr 29 21:42:20.912537 np0000171322 nova-scheduler[109631]: DEBUG oslo.service.backend._threading.loopingcall [-] Fixed interval looping call 'nova.servicegroup.drivers.db.DbDriver._report_state' sleeping for 119.99 seconds {{(pid=109631) _run_loop /opt/stack/data/venv/lib/python3.12/site-packages/oslo_service/backend/_threading/loopingcall.py:125}}
Apr 29 21:42:25.884224 np0000171322 nova-scheduler[109626]: DEBUG oslo.service.backend._threading.loopingcall [None req-c25184fe-bfa3-491f-b833-4b43aa90dd4a None None] Dynamic interval looping call 'nova.service.Service.periodic_tasks' sleeping for 60.00 seconds {{(pid=109626) _run_loop /opt/stack/data/venv/lib/python3.12/site-packages/oslo_service/backend/_threading/loopingcall.py:125}}
Apr 29 21:42:28.909043 np0000171322 nova-scheduler[109631]: DEBUG oslo.service.backend._threading.loopingcall [None req-3c026f4b-e7e9-4866-b671-1ef7771b42bf None None] Dynamic interval looping call 'nova.service.Service.periodic_tasks' sleeping for 60.00 seconds {{(pid=109631) _run_loop /opt/stack/data/venv/lib/python3.12/site-packages/oslo_service/backend/_threading/loopingcall.py:125}}
Apr 29 21:42:30.882322 np0000171322 nova-scheduler[109626]: DEBUG dbcounter [-] [109626] Writing DB stats nova_cell0:SELECT=1,nova_cell0:UPDATE=1 {{(pid=109626) stat_writer /opt/stack/data/venv/lib/python3.12/site-packages/dbcounter.py:115}}
Apr 29 21:42:30.892083 np0000171322 nova-scheduler[109620]: DEBUG dbcounter [-] [109620] Writing DB stats nova_cell0:SELECT=1,nova_cell0:UPDATE=1 {{(pid=109620) stat_writer /opt/stack/data/venv/lib/python3.12/site-packages/dbcounter.py:115}}
Apr 29 21:42:30.892557 np0000171322 nova-scheduler[109614]: DEBUG dbcounter [-] [109614] Writing DB stats nova_cell0:SELECT=1 {{(pid=109614) stat_writer /opt/stack/data/venv/lib/python3.12/site-packages/dbcounter.py:115}}
Apr 29 21:42:30.909592 np0000171322 nova-scheduler[109631]: DEBUG dbcounter [-] [109631] Writing DB stats nova_cell0:SELECT=1 {{(pid=109631) stat_writer /opt/stack/data/venv/lib/python3.12/site-packages/dbcounter.py:115}}
Apr 29 21:43:16.885681 np0000171322 nova-scheduler[109620]: DEBUG oslo.service.backend._threading.loopingcall [None req-fae2196b-0462-4f06-9114-9914a48a0d60 None None] Dynamic interval looping call 'nova.service.Service.periodic_tasks' sleeping for 60.00 seconds {{(pid=109620) _run_loop /opt/stack/data/venv/lib/python3.12/site-packages/oslo_service/backend/_threading/loopingcall.py:125}}
Apr 29 21:43:20.893567 np0000171322 nova-scheduler[109614]: DEBUG oslo.service.backend._threading.loopingcall [None req-a7173db0-e9d2-4a82-9871-336a555e411d None None] Dynamic interval looping call 'nova.service.Service.periodic_tasks' sleeping for 60.00 seconds {{(pid=109614) _run_loop /opt/stack/data/venv/lib/python3.12/site-packages/oslo_service/backend/_threading/loopingcall.py:125}}
Apr 29 21:43:25.885226 np0000171322 nova-scheduler[109626]: DEBUG oslo.service.backend._threading.loopingcall [None req-c25184fe-bfa3-491f-b833-4b43aa90dd4a None None] Dynamic interval looping call 'nova.service.Service.periodic_tasks' sleeping for 60.00 seconds {{(pid=109626) _run_loop /opt/stack/data/venv/lib/python3.12/site-packages/oslo_service/backend/_threading/loopingcall.py:125}}
Apr 29 21:43:28.909988 np0000171322 nova-scheduler[109631]: DEBUG oslo.service.backend._threading.loopingcall [None req-3c026f4b-e7e9-4866-b671-1ef7771b42bf None None] Dynamic interval looping call 'nova.service.Service.periodic_tasks' sleeping for 60.00 seconds {{(pid=109631) _run_loop /opt/stack/data/venv/lib/python3.12/site-packages/oslo_service/backend/_threading/loopingcall.py:125}}
Apr 29 21:44:16.886442 np0000171322 nova-scheduler[109620]: DEBUG oslo.service.backend._threading.loopingcall [None req-fae2196b-0462-4f06-9114-9914a48a0d60 None None] Dynamic interval looping call 'nova.service.Service.periodic_tasks' sleeping for 60.00 seconds {{(pid=109620) _run_loop /opt/stack/data/venv/lib/python3.12/site-packages/oslo_service/backend/_threading/loopingcall.py:125}}
Apr 29 21:44:20.894155 np0000171322 nova-scheduler[109614]: DEBUG oslo.service.backend._threading.loopingcall [None req-a7173db0-e9d2-4a82-9871-336a555e411d None None] Dynamic interval looping call 'nova.service.Service.periodic_tasks' sleeping for 60.00 seconds {{(pid=109614) _run_loop /opt/stack/data/venv/lib/python3.12/site-packages/oslo_service/backend/_threading/loopingcall.py:125}}
Apr 29 21:44:20.895439 np0000171322 nova-scheduler[109620]: DEBUG oslo.service.backend._threading.loopingcall [-] Fixed interval looping call 'nova.servicegroup.drivers.db.DbDriver._report_state' sleeping for 119.99 seconds {{(pid=109620) _run_loop /opt/stack/data/venv/lib/python3.12/site-packages/oslo_service/backend/_threading/loopingcall.py:125}}
Apr 29 21:44:20.896124 np0000171322 nova-scheduler[109626]: DEBUG oslo.service.backend._threading.loopingcall [-] Fixed interval looping call 'nova.servicegroup.drivers.db.DbDriver._report_state' sleeping for 119.99 seconds {{(pid=109626) _run_loop /opt/stack/data/venv/lib/python3.12/site-packages/oslo_service/backend/_threading/loopingcall.py:125}}
Apr 29 21:44:20.896614 np0000171322 nova-scheduler[109614]: DEBUG oslo.service.backend._threading.loopingcall [-] Fixed interval looping call 'nova.servicegroup.drivers.db.DbDriver._report_state' sleeping for 119.99 seconds {{(pid=109614) _run_loop /opt/stack/data/venv/lib/python3.12/site-packages/oslo_service/backend/_threading/loopingcall.py:125}}
