+ exec neutron-metadata-agent --config-file /etc/neutron/neutron.conf --config-file /tmp/pod-shared/neutron-agent.ini --config-file /etc/neutron/metadata_agent.ini 3 RLock(s) were not greened, to fix this error make sure you run eventlet.monkey_patch() before importing any other modules. /var/lib/openstack/lib/python3.12/site-packages/pecan/core.py:320: SyntaxWarning: invalid escape sequence '\*' ''' /var/lib/openstack/lib/python3.12/site-packages/pecan/routing.py:48: SyntaxWarning: invalid escape sequence '\(' '^[0-9a-zA-Z-_$\(\)\.~!,;:*+@=]+$', route
2026-05-21 05:25:26.791 40 INFO neutron.common.config [-] Logging enabled!
2026-05-21 05:25:26.791 40 INFO neutron.common.config [-] /var/lib/openstack/bin/neutron-metadata-agent version 25.2.4.dev2
2026-05-21 05:25:26.808 40 INFO oslo_service.service [None req-a444d3d4-1e68-4c1c-b2bd-0cb67896deeb - - - - - -] Starting 2 workers
2026-05-21 05:25:26.818 48 INFO eventlet.wsgi.server [-] (48) wsgi starting up on http:/var/lib/neutron/openstack-helm/metadata_proxy
2026-05-21 05:25:26.820 49 INFO eventlet.wsgi.server [-] (49) wsgi starting up on http:/var/lib/neutron/openstack-helm/metadata_proxy
2026-05-21 05:27:01.582 48 ERROR neutron.agent.metadata.agent [-] No port found in network None with IP address 169.254.169.254
2026-05-21 05:27:01.583 48 INFO eventlet.wsgi.server [-] 169.254.169.254, "GET / HTTP/1.1" status: 404 len: 176 time: 1.0834813
2026-05-21 05:28:58.266 49 ERROR neutron.agent.metadata.agent [-] No port found in network None with IP address 169.254.169.254
2026-05-21 05:28:58.267 49 INFO eventlet.wsgi.server [-] 169.254.169.254, "GET / HTTP/1.1" status: 404 len: 176 time: 0.0095086
2026-05-21 05:32:08.299 49 ERROR neutron.agent.metadata.agent [-] No port found in network None with IP address 169.254.169.254
2026-05-21 05:32:08.299 49 INFO eventlet.wsgi.server [-] 169.254.169.254, "GET / HTTP/1.1" status: 404 len: 176 time: 0.0059991
2026-05-21 05:32:38.367 48 ERROR neutron.agent.metadata.agent [-] No port found in network None with IP address 169.254.169.254
2026-05-21 05:32:38.368 48 INFO eventlet.wsgi.server [-] 169.254.169.254, "GET / HTTP/1.1" status: 404 len: 176 time: 0.0076194
2026-05-21 05:35:18.358 49 ERROR neutron.agent.metadata.agent [-] No port found in network None with IP address 169.254.169.254
2026-05-21 05:35:18.359 49 INFO eventlet.wsgi.server [-] 169.254.169.254, "GET / HTTP/1.1" status: 404 len: 176 time: 0.0068996
2026-05-21 05:38:29.368 49 ERROR neutron.agent.metadata.agent [-] No port found in network None with IP address 169.254.169.254
2026-05-21 05:38:29.369 49 INFO eventlet.wsgi.server [-] 169.254.169.254, "GET / HTTP/1.1" status: 404 len: 176 time: 1.0754356
2026-05-21 05:41:38.256 49 ERROR neutron.agent.metadata.agent [-] No port found in network None with IP address 169.254.169.254
2026-05-21 05:41:38.256 49 INFO eventlet.wsgi.server [-] 169.254.169.254, "GET / HTTP/1.1" status: 404 len: 176 time: 0.0077243
2026-05-21 05:42:38.225 49 ERROR neutron.agent.metadata.agent [-] No port found in network None with IP address 169.254.169.254
2026-05-21 05:42:38.226 49 INFO eventlet.wsgi.server [-] 169.254.169.254, "GET / HTTP/1.1" status: 404 len: 176 time: 0.0044913
2026-05-21 05:44:48.282 49 ERROR neutron.agent.metadata.agent [-] No port found in network None with IP address 169.254.169.254
2026-05-21 05:44:48.282 49 INFO eventlet.wsgi.server [-] 169.254.169.254, "GET / HTTP/1.1" status: 404 len: 176 time: 0.0058060
2026-05-21 05:47:58.283 48 ERROR neutron.agent.metadata.agent [-] No port found in network None with IP address 169.254.169.254
2026-05-21 05:47:58.284 48 INFO eventlet.wsgi.server [-] 169.254.169.254, "GET / HTTP/1.1" status: 404 len: 176 time: 0.0062978
2026-05-21 05:51:09.288 49 ERROR neutron.agent.metadata.agent [-] No port found in network None with IP address 169.254.169.254
2026-05-21 05:51:09.289 49 INFO eventlet.wsgi.server [-] 169.254.169.254, "GET / HTTP/1.1" status: 404 len: 176 time: 1.0139563
2026-05-21 05:52:38.331 48 ERROR neutron.agent.metadata.agent [-] No port found in network None with IP address 169.254.169.254
2026-05-21 05:52:38.333 48 INFO eventlet.wsgi.server [-] 169.254.169.254, "GET / HTTP/1.1" status: 404 len: 176 time: 0.0063980
2026-05-21 05:54:18.239 48 ERROR neutron.agent.metadata.agent [-] No port found in network None with IP address 169.254.169.254
2026-05-21 05:54:18.240 48 INFO eventlet.wsgi.server [-] 169.254.169.254, "GET / HTTP/1.1" status: 404 len: 176 time: 0.0085042
2026-05-21 05:57:28.312 48 ERROR neutron.agent.metadata.agent [-] No port found in network None with IP address 169.254.169.254
2026-05-21 05:57:28.312 48 INFO eventlet.wsgi.server [-] 169.254.169.254, "GET / HTTP/1.1" status: 404 len: 176 time: 0.0066404
2026-05-21 05:58:26.763 49 INFO eventlet.wsgi.server [-] 10.100.0.13, "GET /2009-04-04/meta-data/instance-id HTTP/1.1" status: 200 len: 146 time: 1.9035568
2026-05-21 05:58:26.803 48 INFO eventlet.wsgi.server [-] 10.100.0.13, "GET /2009-04-04/meta-data/public-keys HTTP/1.1" status: 200 len: 164 time: 0.0323122
2026-05-21 05:58:26.821 48 INFO eventlet.wsgi.server [-] 10.100.0.13, "GET /2009-04-04/meta-data/public-keys/0/openssh-key HTTP/1.1" status: 200 len: 341 time: 0.0114565
2026-05-21 05:58:26.842 48 INFO eventlet.wsgi.server [-] 10.100.0.13, "GET /2009-04-04/meta-data/instance-id HTTP/1.1" status: 200 len: 146 time: 0.0137742
2026-05-21 05:58:26.861 48 INFO eventlet.wsgi.server [-] 10.100.0.13, "GET /2009-04-04/meta-data/ami-launch-index HTTP/1.1" status: 200 len: 136 time: 0.0115960
2026-05-21 05:58:26.900 48 INFO eventlet.wsgi.server [-] 10.100.0.13, "GET /2009-04-04/meta-data/instance-type HTTP/1.1" status: 200 len: 142 time: 0.0294085
2026-05-21 05:58:26.923 48 INFO eventlet.wsgi.server [-] 10.100.0.13, "GET /2009-04-04/meta-data/local-ipv4 HTTP/1.1" status: 200 len: 147 time: 0.0138955
2026-05-21 05:58:26.944 48 INFO eventlet.wsgi.server [-] 10.100.0.13, "GET /2009-04-04/meta-data/public-ipv4 HTTP/1.1" status: 200 len: 149 time: 0.0103517
2026-05-21 05:58:26.969 48 INFO eventlet.wsgi.server [-] 10.100.0.13, "GET /2009-04-04/meta-data/hostname HTTP/1.1" status: 200 len: 201 time: 0.0163000
2026-05-21 05:58:26.994 49 INFO eventlet.wsgi.server [-] 10.100.0.13, "GET /2009-04-04/meta-data/local-hostname HTTP/1.1" status: 200 len: 201 time: 0.0116706
2026-05-21 05:58:27.024 49 INFO eventlet.wsgi.server [-] 10.100.0.13, "GET /2009-04-04/user-data HTTP/1.1" status: 200 len: 231 time: 0.0179737
2026-05-21 05:58:27.049 48 INFO eventlet.wsgi.server [-] 10.100.0.13, "GET /2009-04-04/meta-data/block-device-mapping HTTP/1.1" status: 200 len: 143 time: 0.0164862
2026-05-21 05:58:27.072 49 INFO eventlet.wsgi.server [-] 10.100.0.13, "GET /2009-04-04/meta-data/block-device-mapping/ami HTTP/1.1" status: 200 len: 138 time: 0.0154126
2026-05-21 05:58:27.090 49 INFO eventlet.wsgi.server [-] 10.100.0.13, "GET /2009-04-04/meta-data/block-device-mapping/root HTTP/1.1" status: 200 len: 143 time: 0.0122209
2026-05-21 05:58:27.115 49 INFO eventlet.wsgi.server [-] 10.100.0.13, "GET /2009-04-04/meta-data/public-hostname HTTP/1.1" status: 200 len: 201 time: 0.0181472
2026-05-21 05:58:27.140 48 INFO eventlet.wsgi.server [-] 10.100.0.13, "GET /2009-04-04/meta-data/placement/availability-zone HTTP/1.1" status: 200 len: 139 time: 0.0170770
2026-05-21 05:58:33.624 48 INFO eventlet.wsgi.server [-] 10.100.0.7, "GET /2009-04-04/meta-data/instance-id HTTP/1.1" status: 200 len: 146 time: 0.6286633
2026-05-21 05:58:33.651 49 INFO eventlet.wsgi.server [-] 10.100.0.7, "GET /2009-04-04/meta-data/public-keys HTTP/1.1" status: 200 len: 162 time: 0.0148311
2026-05-21 05:58:33.667 49 INFO eventlet.wsgi.server [-] 10.100.0.7, "GET /2009-04-04/meta-data/public-keys/0/openssh-key HTTP/1.1" status: 200 len: 341 time: 0.0116889
2026-05-21 05:58:33.688 49 INFO eventlet.wsgi.server [-] 10.100.0.7, "GET /2009-04-04/meta-data/instance-id HTTP/1.1" status: 200 len: 146 time: 0.0140510
2026-05-21 05:58:33.705 49 INFO eventlet.wsgi.server [-] 10.100.0.7, "GET /2009-04-04/meta-data/ami-launch-index HTTP/1.1" status: 200 len: 136 time: 0.0097036
2026-05-21 05:58:33.717 49 INFO eventlet.wsgi.server [-] 10.100.0.7, "GET /2009-04-04/meta-data/instance-type HTTP/1.1" status: 200 len: 142 time: 0.0075045
2026-05-21 05:58:33.730 49 INFO eventlet.wsgi.server [-] 10.100.0.7, "GET /2009-04-04/meta-data/local-ipv4 HTTP/1.1" status: 200 len: 146 time: 0.0080040
2026-05-21 05:58:33.744 49 INFO eventlet.wsgi.server [-] 10.100.0.7, "GET /2009-04-04/meta-data/public-ipv4 HTTP/1.1" status: 200 len: 149 time: 0.0085938
2026-05-21 05:58:33.765 49 INFO eventlet.wsgi.server [-] 10.100.0.7, "GET /2009-04-04/meta-data/hostname HTTP/1.1" status: 200 len: 192 time: 0.0170577
2026-05-21 05:58:33.782 49 INFO eventlet.wsgi.server [-] 10.100.0.7, "GET /2009-04-04/meta-data/local-hostname HTTP/1.1" status: 200 len: 192 time: 0.0097809
2026-05-21 05:58:33.836 49 INFO eventlet.wsgi.server [-] 10.100.0.7, "GET /2009-04-04/user-data HTTP/1.1" status: 200 len: 231 time: 0.0299752
2026-05-21 05:58:33.859 48 INFO eventlet.wsgi.server [-] 10.100.0.7, "GET /2009-04-04/meta-data/block-device-mapping HTTP/1.1" status: 200 len: 143 time: 0.0162141
2026-05-21 05:58:33.878 49 INFO eventlet.wsgi.server [-] 10.100.0.7, "GET /2009-04-04/meta-data/block-device-mapping/ami HTTP/1.1" status: 200 len: 138 time: 0.0126190
2026-05-21 05:58:33.896 49 INFO eventlet.wsgi.server [-] 10.100.0.7, "GET /2009-04-04/meta-data/block-device-mapping/root HTTP/1.1" status: 200 len: 143 time: 0.0089612
2026-05-21 05:58:33.911 49 INFO eventlet.wsgi.server [-] 10.100.0.7, "GET /2009-04-04/meta-data/public-hostname HTTP/1.1" status: 200 len: 192 time: 0.0085900
2026-05-21 05:58:33.928 49 INFO eventlet.wsgi.server [-] 10.100.0.7, "GET /2009-04-04/meta-data/placement/availability-zone HTTP/1.1" status: 200 len: 139 time: 0.0093780
2026-05-21 05:59:04.283 49 INFO eventlet.wsgi.server [-] 10.100.0.7, "GET /2009-04-04/meta-data/instance-id HTTP/1.1" status: 200 len: 146 time: 0.1853921
2026-05-21 05:59:04.312 48 INFO eventlet.wsgi.server [-] 10.100.0.7, "GET /2009-04-04/meta-data/public-keys HTTP/1.1" status: 200 len: 162 time: 0.0203724
2026-05-21 05:59:04.341 48 INFO eventlet.wsgi.server [-] 10.100.0.7, "GET /2009-04-04/meta-data/public-keys/0/openssh-key HTTP/1.1" status: 200 len: 341 time: 0.0223739
2026-05-21 05:59:04.360 49 INFO eventlet.wsgi.server [-] 10.100.0.7, "GET /2009-04-04/meta-data/instance-id HTTP/1.1" status: 200 len: 146 time: 0.0121341
2026-05-21 05:59:04.375 49 INFO eventlet.wsgi.server [-] 10.100.0.7, "GET /2009-04-04/meta-data/ami-launch-index HTTP/1.1" status: 200 len: 136 time: 0.0101392
2026-05-21 05:59:04.392 49 INFO eventlet.wsgi.server [-] 10.100.0.7, "GET /2009-04-04/meta-data/instance-type HTTP/1.1" status: 200 len: 142 time: 0.0091968
2026-05-21 05:59:04.419 48 INFO eventlet.wsgi.server [-] 10.100.0.7, "GET /2009-04-04/meta-data/local-ipv4 HTTP/1.1" status: 200 len: 146 time: 0.0162079
2026-05-21 05:59:04.435 49 INFO eventlet.wsgi.server [-] 10.100.0.7, "GET /2009-04-04/meta-data/public-ipv4 HTTP/1.1" status: 200 len: 149 time: 0.0097558
2026-05-21 05:59:04.449 49 INFO eventlet.wsgi.server [-] 10.100.0.7, "GET /2009-04-04/meta-data/hostname HTTP/1.1" status: 200 len: 192 time: 0.0081677
2026-05-21 05:59:04.466 49 INFO eventlet.wsgi.server [-] 10.100.0.7, "GET /2009-04-04/meta-data/local-hostname HTTP/1.1" status: 200 len: 192 time: 0.0115933
2026-05-21 05:59:04.486 49 INFO eventlet.wsgi.server [-] 10.100.0.7, "GET /2009-04-04/user-data HTTP/1.1" status: 200 len: 231 time: 0.0133514
2026-05-21 05:59:04.504 49 INFO eventlet.wsgi.server [-] 10.100.0.7, "GET /2009-04-04/meta-data/block-device-mapping HTTP/1.1" status: 200 len: 143 time: 0.0086136
2026-05-21 05:59:04.519 49 INFO eventlet.wsgi.server [-] 10.100.0.7, "GET /2009-04-04/meta-data/block-device-mapping/ami HTTP/1.1" status: 200 len: 138 time: 0.0086997
2026-05-21 05:59:04.535 49 INFO eventlet.wsgi.server [-] 10.100.0.7, "GET /2009-04-04/meta-data/block-device-mapping/root HTTP/1.1" status: 200 len: 143 time: 0.0100451
2026-05-21 05:59:04.554 49 INFO eventlet.wsgi.server [-] 10.100.0.7, "GET /2009-04-04/meta-data/public-hostname HTTP/1.1" status: 200 len: 192 time: 0.0089521
2026-05-21 05:59:04.570 49 INFO eventlet.wsgi.server [-] 10.100.0.7, "GET /2009-04-04/meta-data/placement/availability-zone HTTP/1.1" status: 200 len: 139 time: 0.0098014
2026-05-21 06:00:38.358 48 ERROR neutron.agent.metadata.agent [-] No port found in network None with IP address 169.254.169.254
2026-05-21 06:00:38.359 48 INFO eventlet.wsgi.server [-] 169.254.169.254, "GET / HTTP/1.1" status: 404 len: 176 time: 0.0109522
2026-05-21 06:00:45.414 49 INFO eventlet.wsgi.server [-] 10.2.1.221, "GET /2009-04-04/meta-data/instance-id HTTP/1.1" status: 200 len: 146 time: 0.8825452
2026-05-21 06:00:45.451 49 INFO eventlet.wsgi.server [-] 10.2.1.221, "GET /2009-04-04/meta-data/public-keys HTTP/1.1" status: 200 len: 173 time: 0.0217054
2026-05-21 06:00:45.473 49 INFO eventlet.wsgi.server [-] 10.2.1.221, "GET /2009-04-04/meta-data/public-keys/0/openssh-key HTTP/1.1" status: 200 len: 341 time: 0.0151191
2026-05-21 06:00:45.495 49 INFO eventlet.wsgi.server [-] 10.2.1.221, "GET /2009-04-04/meta-data/instance-id HTTP/1.1" status: 200 len: 146 time: 0.0125597
2026-05-21 06:00:45.512 49 INFO eventlet.wsgi.server [-] 10.2.1.221, "GET /2009-04-04/meta-data/ami-launch-index HTTP/1.1" status: 200 len: 136 time: 0.0108232
2026-05-21 06:00:45.541 48 INFO eventlet.wsgi.server [-] 10.2.1.221, "GET /2009-04-04/meta-data/instance-type HTTP/1.1" status: 200 len: 142 time: 0.0218999
2026-05-21 06:00:45.558 48 INFO eventlet.wsgi.server [-] 10.2.1.221, "GET /2009-04-04/meta-data/local-ipv4 HTTP/1.1" status: 200 len: 146 time: 0.0117822
2026-05-21 06:00:45.573 48 INFO eventlet.wsgi.server [-] 10.2.1.221, "GET /2009-04-04/meta-data/public-ipv4 HTTP/1.1" status: 200 len: 149 time: 0.0102088
2026-05-21 06:00:45.593 48 INFO eventlet.wsgi.server [-] 10.2.1.221, "GET /2009-04-04/meta-data/hostname HTTP/1.1" status: 200 len: 185 time: 0.0138040
2026-05-21 06:00:45.619 48 INFO eventlet.wsgi.server [-] 10.2.1.221, "GET /2009-04-04/meta-data/local-hostname HTTP/1.1" status: 200 len: 185 time: 0.0136495
2026-05-21 06:00:45.641 48 INFO neutron.agent.metadata.proxy_base [-] The instance: f7a4c638-3832-4f96-90ad-800c431b1b76 is not present anymore, skipping cache...
2026-05-21 06:00:46.156 48 INFO eventlet.wsgi.server [-] 10.2.1.221, "GET /2009-04-04/user-data HTTP/1.1" status: 404 len: 297 time: 0.5286353
2026-05-21 06:00:46.186 49 INFO eventlet.wsgi.server [-] 10.2.1.221, "GET /2009-04-04/meta-data/block-device-mapping HTTP/1.1" status: 200 len: 143 time: 0.0164020
2026-05-21 06:00:46.207 49 INFO eventlet.wsgi.server [-] 10.2.1.221, "GET /2009-04-04/meta-data/block-device-mapping/ami HTTP/1.1" status: 200 len: 138 time: 0.0144708
2026-05-21 06:00:46.226 49 INFO eventlet.wsgi.server [-] 10.2.1.221, "GET /2009-04-04/meta-data/block-device-mapping/root HTTP/1.1" status: 200 len: 143 time: 0.0136020
2026-05-21 06:00:46.248 49 INFO eventlet.wsgi.server [-] 10.2.1.221, "GET /2009-04-04/meta-data/public-hostname HTTP/1.1" status: 200 len: 185 time: 0.0146291
2026-05-21 06:00:46.267 49 INFO eventlet.wsgi.server [-] 10.2.1.221, "GET /2009-04-04/meta-data/placement/availability-zone HTTP/1.1" status: 200 len: 139 time: 0.0134578
2026-05-21 06:01:06.318 49 INFO eventlet.wsgi.server [-] 10.2.2.140, "GET /2009-04-04/meta-data/instance-id HTTP/1.1" status: 200 len: 146 time: 1.4873922
2026-05-21 06:01:06.342 49 INFO eventlet.wsgi.server [-] 10.2.2.140, "GET /2009-04-04/meta-data/public-keys HTTP/1.1" status: 200 len: 173 time: 0.0128682
2026-05-21 06:01:06.362 48 INFO eventlet.wsgi.server [-] 10.2.2.140, "GET /2009-04-04/meta-data/public-keys/0/openssh-key HTTP/1.1" status: 200 len: 341 time: 0.0131271
2026-05-21 06:01:06.381 48 INFO eventlet.wsgi.server [-] 10.2.2.140, "GET /2009-04-04/meta-data/instance-id HTTP/1.1" status: 200 len: 146 time: 0.0143065
2026-05-21 06:01:06.402 49 INFO eventlet.wsgi.server [-] 10.2.2.140, "GET /2009-04-04/meta-data/ami-launch-index HTTP/1.1" status: 200 len: 136 time: 0.0121779
2026-05-21 06:01:06.417 49 INFO eventlet.wsgi.server [-] 10.2.2.140, "GET /2009-04-04/meta-data/instance-type HTTP/1.1" status: 200 len: 142 time: 0.0101476
2026-05-21 06:01:06.439 49 INFO eventlet.wsgi.server [-] 10.2.2.140, "GET /2009-04-04/meta-data/local-ipv4 HTTP/1.1" status: 200 len: 146 time: 0.0162561
2026-05-21 06:01:06.456 49 INFO eventlet.wsgi.server [-] 10.2.2.140, "GET /2009-04-04/meta-data/public-ipv4 HTTP/1.1" status: 200 len: 149 time: 0.0115604
2026-05-21 06:01:06.474 49 INFO eventlet.wsgi.server [-] 10.2.2.140, "GET /2009-04-04/meta-data/hostname HTTP/1.1" status: 200 len: 184 time: 0.0104618
2026-05-21 06:01:06.517 48 INFO eventlet.wsgi.server [-] 10.2.2.140, "GET /2009-04-04/meta-data/local-hostname HTTP/1.1" status: 200 len: 184 time: 0.0113249
2026-05-21 06:01:06.540 48 INFO neutron.agent.metadata.proxy_base [-] The instance: 35035f9f-e82f-4393-8229-1929c2a0ccff is not present anymore, skipping cache...
2026-05-21 06:01:07.053 48 INFO eventlet.wsgi.server [-] 10.2.2.140, "GET /2009-04-04/user-data HTTP/1.1" status: 404 len: 297 time: 0.5277040
2026-05-21 06:01:07.096 49 INFO eventlet.wsgi.server [-] 10.2.2.140, "GET /2009-04-04/meta-data/block-device-mapping HTTP/1.1" status: 200 len: 143 time: 0.0249104
2026-05-21 06:01:07.127 48 INFO eventlet.wsgi.server [-] 10.2.2.140, "GET /2009-04-04/meta-data/block-device-mapping/ami HTTP/1.1" status: 200 len: 138 time: 0.0253589
2026-05-21 06:01:07.144 48 INFO eventlet.wsgi.server [-] 10.2.2.140, "GET /2009-04-04/meta-data/block-device-mapping/root HTTP/1.1" status: 200 len: 143 time: 0.0125582
2026-05-21 06:01:07.167 49 INFO eventlet.wsgi.server [-] 10.2.2.140, "GET /2009-04-04/meta-data/public-hostname HTTP/1.1" status: 200 len: 184 time: 0.0160604
2026-05-21 06:01:07.192 49 INFO eventlet.wsgi.server [-] 10.2.2.140, "GET /2009-04-04/meta-data/placement/availability-zone HTTP/1.1" status: 200 len: 139 time: 0.0202179
2026-05-21 06:01:25.776 49 INFO eventlet.wsgi.server [-] 10.100.0.12, "GET /2009-04-04/meta-data/instance-id HTTP/1.1" status: 200 len: 146 time: 0.6554208
2026-05-21 06:01:25.801 49 INFO eventlet.wsgi.server [-] 10.100.0.12, "GET /2009-04-04/meta-data/public-keys HTTP/1.1" status: 200 len: 176 time: 0.0137255
2026-05-21 06:01:25.814 49 INFO eventlet.wsgi.server [-] 10.100.0.12, "GET /2009-04-04/meta-data/public-keys/0/openssh-key HTTP/1.1" status: 200 len: 341 time: 0.0082004
2026-05-21 06:01:25.835 49 INFO eventlet.wsgi.server [-] 10.100.0.12, "GET /2009-04-04/meta-data/instance-id HTTP/1.1" status: 200 len: 146 time: 0.0127182
2026-05-21 06:01:25.862 48 INFO eventlet.wsgi.server [-] 10.100.0.12, "GET /2009-04-04/meta-data/ami-launch-index HTTP/1.1" status: 200 len: 136 time: 0.0197554
2026-05-21 06:01:25.883 48 INFO eventlet.wsgi.server [-] 10.100.0.12, "GET /2009-04-04/meta-data/instance-type HTTP/1.1" status: 200 len: 142 time: 0.0140734
2026-05-21 06:01:25.898 48 INFO eventlet.wsgi.server [-] 10.100.0.12, "GET /2009-04-04/meta-data/local-ipv4 HTTP/1.1" status: 200 len: 147 time: 0.0096350
2026-05-21 06:01:25.913 48 INFO eventlet.wsgi.server [-] 10.100.0.12, "GET /2009-04-04/meta-data/public-ipv4 HTTP/1.1" status: 200 len: 149 time: 0.0094590
2026-05-21 06:01:25.929 49 INFO eventlet.wsgi.server [-] 10.100.0.12, "GET /2009-04-04/meta-data/hostname HTTP/1.1" status: 200 len: 191 time: 0.0105243
2026-05-21 06:01:25.948 49 INFO eventlet.wsgi.server [-] 10.100.0.12, "GET /2009-04-04/meta-data/local-hostname HTTP/1.1" status: 200 len: 191 time: 0.0106552
2026-05-21 06:01:25.966 48 INFO neutron.agent.metadata.proxy_base [-] The instance: ea678c22-f3ca-47eb-a76d-10be1b49812d is not present anymore, skipping cache...
2026-05-21 06:01:26.478 48 INFO eventlet.wsgi.server [-] 10.100.0.12, "GET /2009-04-04/user-data HTTP/1.1" status: 404 len: 297 time: 0.5225155
2026-05-21 06:01:26.500 48 INFO eventlet.wsgi.server [-] 10.100.0.12, "GET /2009-04-04/meta-data/block-device-mapping HTTP/1.1" status: 200 len: 143 time: 0.0104911
2026-05-21 06:01:26.516 48 INFO eventlet.wsgi.server [-] 10.100.0.12, "GET /2009-04-04/meta-data/block-device-mapping/ami HTTP/1.1" status: 200 len: 138 time: 0.0091114
2026-05-21 06:01:26.532 48 INFO eventlet.wsgi.server [-] 10.100.0.12, "GET /2009-04-04/meta-data/block-device-mapping/root HTTP/1.1" status: 200 len: 143 time: 0.0090733
2026-05-21 06:01:26.552 48 INFO eventlet.wsgi.server [-] 10.100.0.12, "GET /2009-04-04/meta-data/public-hostname HTTP/1.1" status: 200 len: 191 time: 0.0120533
2026-05-21 06:01:26.573 49 INFO eventlet.wsgi.server [-] 10.100.0.12, "GET /2009-04-04/meta-data/placement/availability-zone HTTP/1.1" status: 200 len: 139 time: 0.0146554
2026-05-21 06:01:58.074 48 INFO eventlet.wsgi.server [-] 10.100.0.5, "GET /2009-04-04/meta-data/instance-id HTTP/1.1" status: 200 len: 146 time: 0.7783771
2026-05-21 06:01:58.098 48 INFO eventlet.wsgi.server [-] 10.100.0.5, "GET /2009-04-04/meta-data/public-keys HTTP/1.1" status: 200 len: 176 time: 0.0123177
2026-05-21 06:01:58.117 48 INFO eventlet.wsgi.server [-] 10.100.0.5, "GET /2009-04-04/meta-data/public-keys/0/openssh-key HTTP/1.1" status: 200 len: 341 time: 0.0132492
2026-05-21 06:01:58.137 48 INFO eventlet.wsgi.server [-] 10.100.0.5, "GET /2009-04-04/meta-data/instance-id HTTP/1.1" status: 200 len: 146 time: 0.0112679
2026-05-21 06:01:58.162 48 INFO eventlet.wsgi.server [-] 10.100.0.5, "GET /2009-04-04/meta-data/ami-launch-index HTTP/1.1" status: 200 len: 136 time: 0.0178418
2026-05-21 06:01:58.190 49 INFO eventlet.wsgi.server [-] 10.100.0.5, "GET /2009-04-04/meta-data/instance-type HTTP/1.1" status: 200 len: 142 time: 0.0206361
2026-05-21 06:01:58.208 49 INFO eventlet.wsgi.server [-] 10.100.0.5, "GET /2009-04-04/meta-data/local-ipv4 HTTP/1.1" status: 200 len: 146 time: 0.0106795
2026-05-21 06:01:58.222 49 INFO eventlet.wsgi.server [-] 10.100.0.5, "GET /2009-04-04/meta-data/public-ipv4 HTTP/1.1" status: 200 len: 149 time: 0.0093105
2026-05-21 06:01:58.240 49 INFO eventlet.wsgi.server [-] 10.100.0.5, "GET /2009-04-04/meta-data/hostname HTTP/1.1" status: 200 len: 190 time: 0.0095780
2026-05-21 06:01:58.259 49 INFO eventlet.wsgi.server [-] 10.100.0.5, "GET /2009-04-04/meta-data/local-hostname HTTP/1.1" status: 200 len: 190 time: 0.0114341
2026-05-21 06:01:58.275 49 INFO neutron.agent.metadata.proxy_base [-] The instance: 2798b52c-455b-4caf-b22a-6eb2a5a82aec is not present anymore, skipping cache...
2026-05-21 06:01:58.791 49 INFO eventlet.wsgi.server [-] 10.100.0.5, "GET /2009-04-04/user-data HTTP/1.1" status: 404 len: 297 time: 0.5260808
2026-05-21 06:01:58.814 49 INFO eventlet.wsgi.server [-] 10.100.0.5, "GET /2009-04-04/meta-data/block-device-mapping HTTP/1.1" status: 200 len: 143 time: 0.0127800
2026-05-21 06:01:58.831 49 INFO eventlet.wsgi.server [-] 10.100.0.5, "GET /2009-04-04/meta-data/block-device-mapping/ami HTTP/1.1" status: 200 len: 138 time: 0.0122187
2026-05-21 06:01:58.850 49 INFO eventlet.wsgi.server [-] 10.100.0.5, "GET /2009-04-04/meta-data/block-device-mapping/root HTTP/1.1" status: 200 len: 143 time: 0.0138874
2026-05-21 06:01:58.867 49 INFO eventlet.wsgi.server [-] 10.100.0.5, "GET /2009-04-04/meta-data/public-hostname HTTP/1.1" status: 200 len: 190 time: 0.0097523
2026-05-21 06:01:58.886 48 INFO eventlet.wsgi.server [-] 10.100.0.5, "GET /2009-04-04/meta-data/placement/availability-zone HTTP/1.1" status: 200 len: 139 time: 0.0114026
2026-05-21 06:02:39.287 49 ERROR neutron.agent.metadata.agent [-] No port found in network None with IP address 169.254.169.254
2026-05-21 06:02:39.288 49 INFO eventlet.wsgi.server [-] 169.254.169.254, "GET / HTTP/1.1" status: 404 len: 176 time: 1.0181019
2026-05-21 06:02:55.608 48 INFO eventlet.wsgi.server [-] 10.100.0.13, "GET /latest/meta-data/public-ipv4 HTTP/1.1" status: 200 len: 149 time: 0.6756234
2026-05-21 06:02:55.867 49 INFO eventlet.wsgi.server [-] 10.100.0.13, "POST /openstack/2013-10-17/password HTTP/1.1" status: 200 len: 134 time: 0.1836505
2026-05-21 06:03:48.335 48 ERROR neutron.agent.metadata.agent [-] No port found in network None with IP address 169.254.169.254
2026-05-21 06:03:48.336 48 INFO eventlet.wsgi.server [-] 169.254.169.254, "GET / HTTP/1.1" status: 404 len: 176 time: 0.0068011
2026-05-21 06:06:58.365 48 ERROR neutron.agent.metadata.agent [-] No port found in network None with IP address 169.254.169.254
2026-05-21 06:06:58.366 48 INFO eventlet.wsgi.server [-] 169.254.169.254, "GET / HTTP/1.1" status: 404 len: 176 time: 0.0489633
2026-05-21 06:10:08.331 48 ERROR neutron.agent.metadata.agent [-] No port found in network None with IP address 169.254.169.254
2026-05-21 06:10:08.333 48 INFO eventlet.wsgi.server [-] 169.254.169.254, "GET / HTTP/1.1" status: 404 len: 176 time: 0.0156786