Apr 29 21:49:45.284030 np0000171323 devstack@neutron-api.service[104532]: DEBUG neutron.api.extensions [None req-92e19e79-fc5d-4ebf-940a-4f486082e784 None None] Loading extension file: l3_port_ip_change_not_allowed.py {{(pid=104532) _load_all_extensions_from_path /opt/stack/neutron/neutron/api/extensions.py:449}}
Apr 29 21:49:45.284060 np0000171323 devstack@neutron-api.service[104534]: DEBUG neutron.api.extensions [None req-20823bdc-ea38-47b8-8b8c-fd0379a58bd3 None None] Loading extension file: dvr.py {{(pid=104534) _load_all_extensions_from_path /opt/stack/neutron/neutron/api/extensions.py:449}}
Apr 29 21:49:45.284256 np0000171323 devstack@neutron-api.service[104532]: DEBUG neutron.api.extensions [None req-92e19e79-fc5d-4ebf-940a-4f486082e784 None None] Ext name="Prevent L3 router ports IP address change extension" alias="l3-port-ip-change-not-allowed" description="Prevent change of IP address for some L3 router ports" updated="2018-10-09T10:00:00-00:00" {{(pid=104532) _check_extension /opt/stack/neutron/neutron/api/extensions.py:415}}
Apr 29 21:49:45.284328 np0000171323 devstack@neutron-api.service[104534]: DEBUG neutron.api.extensions [None req-20823bdc-ea38-47b8-8b8c-fd0379a58bd3 None None] Ext name="Distributed Virtual Router" alias="dvr" description="Enables configuration of Distributed Virtual Routers." updated="2014-06-1T10:00:00-00:00" {{(pid=104534) _check_extension /opt/stack/neutron/neutron/api/extensions.py:415}}
Apr 29 21:49:45.284421 np0000171323 devstack@neutron-api.service[104532]: INFO neutron.api.extensions [None req-92e19e79-fc5d-4ebf-940a-4f486082e784 None None] Extension l3-port-ip-change-not-allowed not supported by any of loaded plugins
Apr 29 21:49:45.284450 np0000171323 devstack@neutron-api.service[104534]: INFO neutron.api.extensions [None req-20823bdc-ea38-47b8-8b8c-fd0379a58bd3 None None] Extension dvr not supported by any of loaded plugins
Apr 29 21:49:45.284514 np0000171323 devstack@neutron-api.service[104532]: DEBUG neutron.api.extensions [None req-92e19e79-fc5d-4ebf-940a-4f486082e784 None None] Loading extension file: l3agentscheduler.py {{(pid=104532) _load_all_extensions_from_path /opt/stack/neutron/neutron/api/extensions.py:449}}
Apr 29 21:49:45.284541 np0000171323 devstack@neutron-api.service[104534]: DEBUG neutron.api.extensions [None req-20823bdc-ea38-47b8-8b8c-fd0379a58bd3 None None] Loading extension file: ecmp_routes.py {{(pid=104534) _load_all_extensions_from_path /opt/stack/neutron/neutron/api/extensions.py:449}}
Apr 29 21:49:45.284611 np0000171323 devstack@neutron-api.service[104533]: DEBUG neutron_lib.callbacks.manager [None req-a22c1423-3c5c-485c-9272-5203df50c168 None None] Subscribe: > process before_spawn 55550000, False {{(pid=104533) subscribe /opt/stack/data/venv/lib/python3.12/site-packages/neutron_lib/callbacks/manager.py:52}}
Apr 29 21:49:45.284746 np0000171323 devstack@neutron-api.service[104533]: DEBUG neutron_lib.callbacks.manager [None req-a22c1423-3c5c-485c-9272-5203df50c168 None None] Subscribe: > process after_init 55550000, True {{(pid=104533) subscribe /opt/stack/data/venv/lib/python3.12/site-packages/neutron_lib/callbacks/manager.py:52}}
Apr 29 21:49:45.284812 np0000171323 devstack@neutron-api.service[104534]: DEBUG neutron.api.extensions [None req-20823bdc-ea38-47b8-8b8c-fd0379a58bd3 None None] Ext name="Equal Cost Multipath Routing" alias="ecmp_routes" description="Allows traffic to reach thesame destination via multiple different links " updated="2020-11-26T18:00:00-00:00" {{(pid=104534) _check_extension /opt/stack/neutron/neutron/api/extensions.py:415}}
Apr 29 21:49:45.284869 np0000171323 devstack@neutron-api.service[104533]: DEBUG neutron_lib.callbacks.manager [None req-a22c1423-3c5c-485c-9272-5203df50c168 None None] Subscribe: > segment after_create 55550000, False {{(pid=104533) subscribe /opt/stack/data/venv/lib/python3.12/site-packages/neutron_lib/callbacks/manager.py:52}}
Apr 29 21:49:45.284944 np0000171323 devstack@neutron-api.service[104534]: INFO neutron.api.extensions [None req-20823bdc-ea38-47b8-8b8c-fd0379a58bd3 None None] Extension ecmp_routes not supported by any of loaded plugins
Apr 29 21:49:45.284976 np0000171323 devstack@neutron-api.service[104533]: DEBUG neutron_lib.callbacks.manager [None req-a22c1423-3c5c-485c-9272-5203df50c168 None None] Subscribe: > segment after_create 55550000, False {{(pid=104533) subscribe /opt/stack/data/venv/lib/python3.12/site-packages/neutron_lib/callbacks/manager.py:52}}
Apr 29 21:49:45.285058 np0000171323 devstack@neutron-api.service[104534]: DEBUG neutron.api.extensions [None req-20823bdc-ea38-47b8-8b8c-fd0379a58bd3 None None] Loading extension file: empty_string_filtering.py {{(pid=104534) _load_all_extensions_from_path /opt/stack/neutron/neutron/api/extensions.py:449}}
Apr 29 21:49:45.285090 np0000171323 devstack@neutron-api.service[104532]: DEBUG neutron.api.extensions [None req-92e19e79-fc5d-4ebf-940a-4f486082e784 None None] Ext name="L3 Agent Scheduler" alias="l3_agent_scheduler" description="Schedule routers among l3 agents" updated="2013-02-07T10:00:00-00:00" {{(pid=104532) _check_extension /opt/stack/neutron/neutron/api/extensions.py:415}}
Apr 29 21:49:45.285118 np0000171323 devstack@neutron-api.service[104533]: DEBUG neutron_lib.callbacks.manager [None req-a22c1423-3c5c-485c-9272-5203df50c168 None None] Subscribe: > segment after_delete 55550000, False {{(pid=104533) subscribe /opt/stack/data/venv/lib/python3.12/site-packages/neutron_lib/callbacks/manager.py:52}}
Apr 29 21:49:45.285191 np0000171323 devstack@neutron-api.service[104533]: DEBUG neutron_lib.callbacks.manager [None req-a22c1423-3c5c-485c-9272-5203df50c168 None None] Subscribe: > allowed_address_pair before_create 55550000, False {{(pid=104533) subscribe /opt/stack/data/venv/lib/python3.12/site-packages/neutron_lib/callbacks/manager.py:52}}
Apr 29 21:49:45.285259 np0000171323 devstack@neutron-api.service[104532]: INFO neutron.api.extensions [None req-92e19e79-fc5d-4ebf-940a-4f486082e784 None None] Extension l3_agent_scheduler not supported by any of loaded plugins
Apr 29 21:49:45.285296 np0000171323 devstack@neutron-api.service[104533]: DEBUG neutron_lib.callbacks.manager [None req-a22c1423-3c5c-485c-9272-5203df50c168 None None] Subscribe: > security_group precommit_create 55550000, False {{(pid=104533) subscribe /opt/stack/data/venv/lib/python3.12/site-packages/neutron_lib/callbacks/manager.py:52}}
Apr 29 21:49:45.285336 np0000171323 devstack@neutron-api.service[104532]: DEBUG neutron.api.extensions [None req-92e19e79-fc5d-4ebf-940a-4f486082e784 None None] Loading extension file: local_ip.py {{(pid=104532) _load_all_extensions_from_path /opt/stack/neutron/neutron/api/extensions.py:449}}
Apr 29 21:49:45.285370 np0000171323 devstack@neutron-api.service[104534]: DEBUG neutron.api.extensions [None req-20823bdc-ea38-47b8-8b8c-fd0379a58bd3 None None] Ext name="Empty String Filtering Extension" alias="empty-string-filtering" description="Allow filtering by attributes with empty string value" updated="2018-05-01T10:00:00-00:00" {{(pid=104534) _check_extension /opt/stack/neutron/neutron/api/extensions.py:415}}
Apr 29 21:49:45.285404 np0000171323 devstack@neutron-api.service[104533]: DEBUG neutron_lib.callbacks.manager [None req-a22c1423-3c5c-485c-9272-5203df50c168 None None] Subscribe: > security_group after_update 55550000, False {{(pid=104533) subscribe /opt/stack/data/venv/lib/python3.12/site-packages/neutron_lib/callbacks/manager.py:52}}
Apr 29 21:49:45.285506 np0000171323 devstack@neutron-api.service[104533]: DEBUG neutron_lib.callbacks.manager [None req-a22c1423-3c5c-485c-9272-5203df50c168 None None] Subscribe: > security_group after_create 55550000, False {{(pid=104533) subscribe /opt/stack/data/venv/lib/python3.12/site-packages/neutron_lib/callbacks/manager.py:52}}
Apr 29 21:49:45.285539 np0000171323 devstack@neutron-api.service[104534]: INFO neutron.api.extensions [None req-20823bdc-ea38-47b8-8b8c-fd0379a58bd3 None None] Loaded extension: empty-string-filtering
Apr 29 21:49:45.285600 np0000171323 devstack@neutron-api.service[104534]: DEBUG neutron.api.extensions [None req-20823bdc-ea38-47b8-8b8c-fd0379a58bd3 None None] Loading extension file: expose_l3_conntrack_helper.py {{(pid=104534) _load_all_extensions_from_path /opt/stack/neutron/neutron/api/extensions.py:449}}
Apr 29 21:49:45.285656 np0000171323 devstack@neutron-api.service[104532]: DEBUG neutron.api.extensions [None req-92e19e79-fc5d-4ebf-940a-4f486082e784 None None] Ext name="Local IP" alias="local_ip" description="Support Node Local Virtual IP" updated="2021-07-26T10:00:00-00:00" {{(pid=104532) _check_extension /opt/stack/neutron/neutron/api/extensions.py:415}}
Apr 29 21:49:45.285683 np0000171323 devstack@neutron-api.service[104533]: DEBUG neutron_lib.callbacks.manager [None req-a22c1423-3c5c-485c-9272-5203df50c168 None None] Subscribe: > security_group precommit_delete 55550000, False {{(pid=104533) subscribe /opt/stack/data/venv/lib/python3.12/site-packages/neutron_lib/callbacks/manager.py:52}}
Apr 29 21:49:45.285822 np0000171323 devstack@neutron-api.service[104532]: INFO neutron.api.extensions [None req-92e19e79-fc5d-4ebf-940a-4f486082e784 None None] Extension local_ip not supported by any of loaded plugins
Apr 29 21:49:45.285851 np0000171323 devstack@neutron-api.service[104533]: DEBUG neutron_lib.callbacks.manager [None req-a22c1423-3c5c-485c-9272-5203df50c168 None None] Subscribe: > security_group after_delete 55550000, False {{(pid=104533) subscribe /opt/stack/data/venv/lib/python3.12/site-packages/neutron_lib/callbacks/manager.py:52}}
Apr 29 21:49:45.285947 np0000171323 devstack@neutron-api.service[104532]: DEBUG neutron.api.extensions [None req-92e19e79-fc5d-4ebf-940a-4f486082e784 None None] Loading extension file: logging.py {{(pid=104532) _load_all_extensions_from_path /opt/stack/neutron/neutron/api/extensions.py:449}}
Apr 29 21:49:45.285981 np0000171323 devstack@neutron-api.service[104534]: DEBUG neutron.api.extensions [None req-20823bdc-ea38-47b8-8b8c-fd0379a58bd3 None None] Ext name="Expose CT target rules for conntrack helper" alias="expose-l3-conntrack-helper" description="Expose allow adding CT target rules for conntrack helper" updated="2019-04-04T10:00:00-00:00" {{(pid=104534) _check_extension /opt/stack/neutron/neutron/api/extensions.py:415}}
Apr 29 21:49:45.286046 np0000171323 devstack@neutron-api.service[104533]: DEBUG neutron_lib.callbacks.manager [None req-a22c1423-3c5c-485c-9272-5203df50c168 None None] Subscribe: > security_group_rule precommit_create 55550000, False {{(pid=104533) subscribe /opt/stack/data/venv/lib/python3.12/site-packages/neutron_lib/callbacks/manager.py:52}}
Apr 29 21:49:45.286077 np0000171323 devstack@neutron-api.service[104533]: DEBUG neutron_lib.callbacks.manager [None req-a22c1423-3c5c-485c-9272-5203df50c168 None None] Subscribe: > security_group_rule after_create 55550000, False {{(pid=104533) subscribe /opt/stack/data/venv/lib/python3.12/site-packages/neutron_lib/callbacks/manager.py:52}}
Apr 29 21:49:45.286133 np0000171323 devstack@neutron-api.service[104534]: INFO neutron.api.extensions [None req-20823bdc-ea38-47b8-8b8c-fd0379a58bd3 None None] Extension expose-l3-conntrack-helper not supported by any of loaded plugins
Apr 29 21:49:45.286162 np0000171323 devstack@neutron-api.service[104533]: DEBUG neutron_lib.callbacks.manager [None req-a22c1423-3c5c-485c-9272-5203df50c168 None None] Subscribe: > security_group_rule before_delete 55550000, False {{(pid=104533) subscribe /opt/stack/data/venv/lib/python3.12/site-packages/neutron_lib/callbacks/manager.py:52}}
Apr 29 21:49:45.286188 np0000171323 devstack@neutron-api.service[104534]: DEBUG neutron.api.extensions [None req-20823bdc-ea38-47b8-8b8c-fd0379a58bd3 None None] Loading extension file: expose_port_forwarding_in_fip.py {{(pid=104534) _load_all_extensions_from_path /opt/stack/neutron/neutron/api/extensions.py:449}}
Apr 29 21:49:45.286286 np0000171323 devstack@neutron-api.service[104532]: DEBUG neutron.api.extensions [None req-92e19e79-fc5d-4ebf-940a-4f486082e784 None None] Ext name="Logging API Extension" alias="logging" description="Provides a logging API for resources such as security group and firewall." updated="2017-01-01T10:00:00-00:00" {{(pid=104532) _check_extension /opt/stack/neutron/neutron/api/extensions.py:415}}
Apr 29 21:49:45.286371 np0000171323 devstack@neutron-api.service[104533]: DEBUG neutron_lib.callbacks.manager [None req-a22c1423-3c5c-485c-9272-5203df50c168 None None] Subscribe: > address_group after_create 55550000, False {{(pid=104533) subscribe /opt/stack/data/venv/lib/python3.12/site-packages/neutron_lib/callbacks/manager.py:52}}
Apr 29 21:49:45.286371 np0000171323 devstack@neutron-api.service[104533]: DEBUG neutron_lib.callbacks.manager [None req-a22c1423-3c5c-485c-9272-5203df50c168 None None] Subscribe: > address_group after_update 55550000, False {{(pid=104533) subscribe /opt/stack/data/venv/lib/python3.12/site-packages/neutron_lib/callbacks/manager.py:52}}
Apr 29 21:49:45.286426 np0000171323 devstack@neutron-api.service[104532]: INFO neutron.api.extensions [None req-92e19e79-fc5d-4ebf-940a-4f486082e784 None None] Extension logging not supported by any of loaded plugins
Apr 29 21:49:45.286524 np0000171323 devstack@neutron-api.service[104534]: DEBUG neutron.api.extensions [None req-20823bdc-ea38-47b8-8b8c-fd0379a58bd3 None None] Ext name="Expose Floating IP port forwardings" alias="expose-port-forwarding-in-fip" description="Expose port forwarding fields in floating IP response" updated="2018-06-28T16:00:00-00:00" {{(pid=104534) _check_extension /opt/stack/neutron/neutron/api/extensions.py:415}}
Apr 29 21:49:45.286557 np0000171323 devstack@neutron-api.service[104533]: DEBUG neutron_lib.callbacks.manager [None req-a22c1423-3c5c-485c-9272-5203df50c168 None None] Subscribe: > address_group after_delete 55550000, False {{(pid=104533) subscribe /opt/stack/data/venv/lib/python3.12/site-packages/neutron_lib/callbacks/manager.py:52}}
Apr 29 21:49:45.286586 np0000171323 devstack@neutron-api.service[104532]: DEBUG neutron.api.extensions [None req-92e19e79-fc5d-4ebf-940a-4f486082e784 None None] Loading extension file: metering.py {{(pid=104532) _load_all_extensions_from_path /opt/stack/neutron/neutron/api/extensions.py:449}}
Apr 29 21:49:45.286614 np0000171323 devstack@neutron-api.service[104534]: INFO neutron.api.extensions [None req-20823bdc-ea38-47b8-8b8c-fd0379a58bd3 None None] Extension expose-port-forwarding-in-fip not supported by any of loaded plugins
Apr 29 21:49:45.286643 np0000171323 devstack@neutron-api.service[104533]: DEBUG neutron_lib.callbacks.manager [None req-a22c1423-3c5c-485c-9272-5203df50c168 None None] Subscribe: > qos_plugin after_init 55550000, False {{(pid=104533) subscribe /opt/stack/data/venv/lib/python3.12/site-packages/neutron_lib/callbacks/manager.py:52}}
Apr 29 21:49:45.286699 np0000171323 devstack@neutron-api.service[104534]: DEBUG neutron.api.extensions [None req-20823bdc-ea38-47b8-8b8c-fd0379a58bd3 None None] Loading extension file: external_net.py {{(pid=104534) _load_all_extensions_from_path /opt/stack/neutron/neutron/api/extensions.py:449}}
Apr 29 21:49:45.286827 np0000171323 devstack@neutron-api.service[104533]: DEBUG neutron_lib.callbacks.manager [None req-a22c1423-3c5c-485c-9272-5203df50c168 None None] Subscribe: > trunk_plugin after_init 55550000, False {{(pid=104533) subscribe /opt/stack/data/venv/lib/python3.12/site-packages/neutron_lib/callbacks/manager.py:52}}
Apr 29 21:49:45.286910 np0000171323 devstack@neutron-api.service[104534]: DEBUG neutron.api.extensions [None req-20823bdc-ea38-47b8-8b8c-fd0379a58bd3 None None] Ext name="Neutron external network" alias="external-net" description="Adds external network attribute to network resource." updated="2013-01-14T10:00:00-00:00" {{(pid=104534) _check_extension /opt/stack/neutron/neutron/api/extensions.py:415}}
Apr 29 21:49:45.287064 np0000171323 devstack@neutron-api.service[104533]: DEBUG neutron_lib.callbacks.manager [None req-a22c1423-3c5c-485c-9272-5203df50c168 None None] Subscribe: > logging-plugin after_init 55550000, False {{(pid=104533) subscribe /opt/stack/data/venv/lib/python3.12/site-packages/neutron_lib/callbacks/manager.py:52}}
Apr 29 21:49:45.287095 np0000171323 devstack@neutron-api.service[104534]: INFO neutron.api.extensions [None req-20823bdc-ea38-47b8-8b8c-fd0379a58bd3 None None] Loaded extension: external-net
Apr 29 21:49:45.287188 np0000171323 devstack@neutron-api.service[104534]: DEBUG neutron.api.extensions [None req-20823bdc-ea38-47b8-8b8c-fd0379a58bd3 None None] Loading extension file: extra_dhcp_opt.py {{(pid=104534) _load_all_extensions_from_path /opt/stack/neutron/neutron/api/extensions.py:449}}
Apr 29 21:49:45.287393 np0000171323 devstack@neutron-api.service[104534]: DEBUG neutron.api.extensions [None req-20823bdc-ea38-47b8-8b8c-fd0379a58bd3 None None] Ext name="Neutron Extra DHCP options" alias="extra_dhcp_opt" description="Extra options configuration for DHCP. For example PXE boot options to DHCP clients can be specified (e.g. tftp-server, server-ip-address, bootfile-name)" updated="2013-03-17T12:00:00-00:00" {{(pid=104534) _check_extension /opt/stack/neutron/neutron/api/extensions.py:415}}
Apr 29 21:49:45.287460 np0000171323 devstack@neutron-api.service[104532]: DEBUG neutron.api.extensions [None req-92e19e79-fc5d-4ebf-940a-4f486082e784 None None] Ext name="Neutron Metering" alias="metering" description="Neutron Metering extension." updated="2013-06-12T10:00:00-00:00" {{(pid=104532) _check_extension /opt/stack/neutron/neutron/api/extensions.py:415}}
Apr 29 21:49:45.287520 np0000171323 devstack@neutron-api.service[104533]: INFO neutron.services.logapi.drivers.ovn.driver [None req-a22c1423-3c5c-485c-9272-5203df50c168 None None] OVN logging driver registered
Apr 29 21:49:45.287579 np0000171323 devstack@neutron-api.service[104534]: INFO neutron.api.extensions [None req-20823bdc-ea38-47b8-8b8c-fd0379a58bd3 None None] Loaded extension: extra_dhcp_opt
Apr 29 21:49:45.287610 np0000171323 devstack@neutron-api.service[104532]: INFO neutron.api.extensions [None req-92e19e79-fc5d-4ebf-940a-4f486082e784 None None] Extension metering not supported by any of loaded plugins
Apr 29 21:49:45.287667 np0000171323 devstack@neutron-api.service[104534]: DEBUG neutron.api.extensions [None req-20823bdc-ea38-47b8-8b8c-fd0379a58bd3 None None] Loading extension file: extraroute.py {{(pid=104534) _load_all_extensions_from_path /opt/stack/neutron/neutron/api/extensions.py:449}}
Apr 29 21:49:45.287699 np0000171323 devstack@neutron-api.service[104532]: DEBUG neutron.api.extensions [None req-92e19e79-fc5d-4ebf-940a-4f486082e784 None None] Loading extension file: metering_source_and_destination_fields.py {{(pid=104532) _load_all_extensions_from_path /opt/stack/neutron/neutron/api/extensions.py:449}}
Apr 29 21:49:45.287890 np0000171323 devstack@neutron-api.service[104534]: DEBUG neutron.api.extensions [None req-20823bdc-ea38-47b8-8b8c-fd0379a58bd3 None None] Ext name="Neutron Extra Route" alias="extraroute" description="Extra routes configuration for L3 router" updated="2013-02-01T10:00:00-00:00" {{(pid=104534) _check_extension /opt/stack/neutron/neutron/api/extensions.py:415}}
Apr 29 21:49:45.287965 np0000171323 devstack@neutron-api.service[104532]: DEBUG neutron.api.extensions [None req-92e19e79-fc5d-4ebf-940a-4f486082e784 None None] Ext name="Neutron Metering with source and destination filtering" alias="metering_source_and_destination_fields" description="Neutron Metering extension that enables the use of source and destination IP prefixes to create metering label rules." updated="2020-08-21T08:12:00-00:00" {{(pid=104532) _check_extension /opt/stack/neutron/neutron/api/extensions.py:415}}
Apr 29 21:49:45.288085 np0000171323 devstack@neutron-api.service[104534]: INFO neutron.api.extensions [None req-20823bdc-ea38-47b8-8b8c-fd0379a58bd3 None None] Loaded extension: extraroute
Apr 29 21:49:45.288122 np0000171323 devstack@neutron-api.service[104532]: INFO neutron.api.extensions [None req-92e19e79-fc5d-4ebf-940a-4f486082e784 None None] Extension metering_source_and_destination_fields not supported by any of loaded plugins
Apr 29 21:49:45.288185 np0000171323 devstack@neutron-api.service[104534]: DEBUG neutron.api.extensions [None req-20823bdc-ea38-47b8-8b8c-fd0379a58bd3 None None] Loading extension file: extraroute_atomic.py {{(pid=104534) _load_all_extensions_from_path /opt/stack/neutron/neutron/api/extensions.py:449}}
Apr 29 21:49:45.288214 np0000171323 devstack@neutron-api.service[104532]: DEBUG neutron.api.extensions [None req-92e19e79-fc5d-4ebf-940a-4f486082e784 None None] Loading extension file: multiprovidernet.py {{(pid=104532) _load_all_extensions_from_path /opt/stack/neutron/neutron/api/extensions.py:449}}
Apr 29 21:49:45.288403 np0000171323 devstack@neutron-api.service[104532]: DEBUG neutron.api.extensions [None req-92e19e79-fc5d-4ebf-940a-4f486082e784 None None] Ext name="Multi Provider Network" alias="multi-provider" description="Expose mapping of virtual networks to multiple physical networks" updated="2013-06-27T10:00:00-00:00" {{(pid=104532) _check_extension /opt/stack/neutron/neutron/api/extensions.py:415}}
Apr 29 21:49:45.288446 np0000171323 devstack@neutron-api.service[104534]: DEBUG neutron.api.extensions [None req-20823bdc-ea38-47b8-8b8c-fd0379a58bd3 None None] Ext name="Atomically add/remove extra routes" alias="extraroute-atomic" description="Edit extra routes of a router on server side by atomically adding/removing extra routes" updated="2019-07-10T00:00:00+00:00" {{(pid=104534) _check_extension /opt/stack/neutron/neutron/api/extensions.py:415}}
Apr 29 21:49:45.288572 np0000171323 devstack@neutron-api.service[104532]: INFO neutron.api.extensions [None req-92e19e79-fc5d-4ebf-940a-4f486082e784 None None] Loaded extension: multi-provider
Apr 29 21:49:45.288601 np0000171323 devstack@neutron-api.service[104534]: INFO neutron.api.extensions [None req-20823bdc-ea38-47b8-8b8c-fd0379a58bd3 None None] Loaded extension: extraroute-atomic
Apr 29 21:49:45.288668 np0000171323 devstack@neutron-api.service[104534]: DEBUG neutron.api.extensions [None req-20823bdc-ea38-47b8-8b8c-fd0379a58bd3 None None] Loading extension file: filter_validation.py {{(pid=104534) _load_all_extensions_from_path /opt/stack/neutron/neutron/api/extensions.py:449}}
Apr 29 21:49:45.288698 np0000171323 devstack@neutron-api.service[104532]: DEBUG neutron.api.extensions [None req-92e19e79-fc5d-4ebf-940a-4f486082e784 None None] Loading extension file: netmtu.py {{(pid=104532) _load_all_extensions_from_path /opt/stack/neutron/neutron/api/extensions.py:449}}
Apr 29 21:49:45.288910 np0000171323 devstack@neutron-api.service[104532]: DEBUG neutron.api.extensions [None req-92e19e79-fc5d-4ebf-940a-4f486082e784 None None] Ext name="Network MTU" alias="net-mtu" description="Provides MTU attribute for a network resource." updated="2015-03-25T10:00:00-00:00" {{(pid=104532) _check_extension /opt/stack/neutron/neutron/api/extensions.py:415}}
Apr 29 21:49:45.288944 np0000171323 devstack@neutron-api.service[104534]: DEBUG neutron.api.extensions [None req-20823bdc-ea38-47b8-8b8c-fd0379a58bd3 None None] Ext name="Filter parameters validation" alias="filter-validation" description="Provides validation on filter parameters." updated="2018-07-04T10:00:00-00:00" {{(pid=104534) _check_extension /opt/stack/neutron/neutron/api/extensions.py:415}}
Apr 29 21:49:45.289027 np0000171323 devstack@neutron-api.service[104533]: DEBUG neutron.plugins.ml2.plugin [None req-a22c1423-3c5c-485c-9272-5203df50c168 None None] neutron.plugins.ml2.plugin.Ml2Plugin method _start_rpc_notifiers called with arguments () {} {{(pid=104533) wrapper /opt/stack/data/venv/lib/python3.12/site-packages/oslo_log/helpers.py:77}}
Apr 29 21:49:45.289087 np0000171323 devstack@neutron-api.service[104532]: INFO neutron.api.extensions [None req-92e19e79-fc5d-4ebf-940a-4f486082e784 None None] Loaded extension: net-mtu
Apr 29 21:49:45.289119 np0000171323 devstack@neutron-api.service[104534]: INFO neutron.api.extensions [None req-20823bdc-ea38-47b8-8b8c-fd0379a58bd3 None None] Loaded extension: filter-validation
Apr 29 21:49:45.289178 np0000171323 devstack@neutron-api.service[104532]: DEBUG neutron.api.extensions [None req-92e19e79-fc5d-4ebf-940a-4f486082e784 None None] Loading extension file: netmtu_writable.py {{(pid=104532) _load_all_extensions_from_path /opt/stack/neutron/neutron/api/extensions.py:449}}
Apr 29 21:49:45.289214 np0000171323 devstack@neutron-api.service[104534]: DEBUG neutron.api.extensions [None req-20823bdc-ea38-47b8-8b8c-fd0379a58bd3 None None] Loading extension file: fip_pf_description.py {{(pid=104534) _load_all_extensions_from_path /opt/stack/neutron/neutron/api/extensions.py:449}}
Apr 29 21:49:45.289287 np0000171323 devstack@neutron-api.service[104533]: DEBUG neutron_lib.callbacks.manager [None req-a22c1423-3c5c-485c-9272-5203df50c168 None None] Subscribe: > port after_create 55550000, False {{(pid=104533) subscribe /opt/stack/data/venv/lib/python3.12/site-packages/neutron_lib/callbacks/manager.py:52}}
Apr 29 21:49:45.289405 np0000171323 devstack@neutron-api.service[104532]: DEBUG neutron.api.extensions [None req-92e19e79-fc5d-4ebf-940a-4f486082e784 None None] Ext name="Network MTU (writable)" alias="net-mtu-writable" description="Provides a writable MTU attribute for a network resource." updated="2017-07-12T00:00:00-00:00" {{(pid=104532) _check_extension /opt/stack/neutron/neutron/api/extensions.py:415}}
Apr 29 21:49:45.289442 np0000171323 devstack@neutron-api.service[104533]: DEBUG neutron_lib.callbacks.manager [None req-a22c1423-3c5c-485c-9272-5203df50c168 None None] Subscribe: > port after_update 55550000, False {{(pid=104533) subscribe /opt/stack/data/venv/lib/python3.12/site-packages/neutron_lib/callbacks/manager.py:52}}
Apr 29 21:49:45.289476 np0000171323 devstack@neutron-api.service[104534]: DEBUG neutron.api.extensions [None req-20823bdc-ea38-47b8-8b8c-fd0379a58bd3 None None] Ext name="Floating IP Port Forwarding new attribute description" alias="floating-ip-port-forwarding-description" description="Add a description field to Port Forwarding rules" updated="2019-11-01T10:00:00-00:00" {{(pid=104534) _check_extension /opt/stack/neutron/neutron/api/extensions.py:415}}
Apr 29 21:49:45.289563 np0000171323 devstack@neutron-api.service[104533]: DEBUG neutron_lib.callbacks.manager [None req-a22c1423-3c5c-485c-9272-5203df50c168 None None] Subscribe: > port after_delete 55550000, False {{(pid=104533) subscribe /opt/stack/data/venv/lib/python3.12/site-packages/neutron_lib/callbacks/manager.py:52}}
Apr 29 21:49:45.289597 np0000171323 devstack@neutron-api.service[104532]: INFO neutron.api.extensions [None req-92e19e79-fc5d-4ebf-940a-4f486082e784 None None] Loaded extension: net-mtu-writable
Apr 29 21:49:45.289647 np0000171323 devstack@neutron-api.service[104534]: INFO neutron.api.extensions [None req-20823bdc-ea38-47b8-8b8c-fd0379a58bd3 None None] Extension floating-ip-port-forwarding-description not supported by any of loaded plugins
Apr 29 21:49:45.289676 np0000171323 devstack@neutron-api.service[104532]: DEBUG neutron.api.extensions [None req-92e19e79-fc5d-4ebf-940a-4f486082e784 None None] Loading extension file: network_availability_zone.py {{(pid=104532) _load_all_extensions_from_path /opt/stack/neutron/neutron/api/extensions.py:449}}
Apr 29 21:49:45.289704 np0000171323 devstack@neutron-api.service[104534]: DEBUG neutron.api.extensions [None req-20823bdc-ea38-47b8-8b8c-fd0379a58bd3 None None] Loading extension file: fip_pf_detail.py {{(pid=104534) _load_all_extensions_from_path /opt/stack/neutron/neutron/api/extensions.py:449}}
Apr 29 21:49:45.289773 np0000171323 devstack@neutron-api.service[104533]: DEBUG neutron_lib.callbacks.manager [None req-a22c1423-3c5c-485c-9272-5203df50c168 None None] Subscribe: > subnet after_create 55550000, False {{(pid=104533) subscribe /opt/stack/data/venv/lib/python3.12/site-packages/neutron_lib/callbacks/manager.py:52}}
Apr 29 21:49:45.289931 np0000171323 devstack@neutron-api.service[104532]: DEBUG neutron.api.extensions [None req-92e19e79-fc5d-4ebf-940a-4f486082e784 None None] Ext name="Network Availability Zone" alias="network_availability_zone" description="Availability zone support for network." updated="2015-01-01T10:00:00-00:00" {{(pid=104532) _check_extension /opt/stack/neutron/neutron/api/extensions.py:415}}
Apr 29 21:49:45.289964 np0000171323 devstack@neutron-api.service[104533]: DEBUG neutron_lib.callbacks.manager [None req-a22c1423-3c5c-485c-9272-5203df50c168 None None] Subscribe: > subnet after_update 55550000, False {{(pid=104533) subscribe /opt/stack/data/venv/lib/python3.12/site-packages/neutron_lib/callbacks/manager.py:52}}
Apr 29 21:49:45.289994 np0000171323 devstack@neutron-api.service[104534]: DEBUG neutron.api.extensions [None req-20823bdc-ea38-47b8-8b8c-fd0379a58bd3 None None] Ext name="Floating IP port forwarding detail" alias="floating-ip-port-forwarding-detail" description="Allow list floating ip return more port forwarding data, include'id' and 'internal_port_id'" updated="2022-05-06T10:00:00-00:00" {{(pid=104534) _check_extension /opt/stack/neutron/neutron/api/extensions.py:415}}
Apr 29 21:49:45.290046 np0000171323 devstack@neutron-api.service[104533]: DEBUG neutron_lib.callbacks.manager [None req-a22c1423-3c5c-485c-9272-5203df50c168 None None] Subscribe: > subnet after_delete 55550000, False {{(pid=104533) subscribe /opt/stack/data/venv/lib/python3.12/site-packages/neutron_lib/callbacks/manager.py:52}}
Apr 29 21:49:45.290101 np0000171323 devstack@neutron-api.service[104532]: INFO neutron.api.extensions [None req-92e19e79-fc5d-4ebf-940a-4f486082e784 None None] Loaded extension: network_availability_zone
Apr 29 21:49:45.290517 np0000171323 devstack@neutron-api.service[104534]: INFO neutron.api.extensions [None req-20823bdc-ea38-47b8-8b8c-fd0379a58bd3 None None] Loaded extension: floating-ip-port-forwarding-detail
Apr 29 21:49:45.290779 np0000171323 devstack@neutron-api.service[104533]: DEBUG neutron_lib.callbacks.manager [None req-a22c1423-3c5c-485c-9272-5203df50c168 None None] Subscribe: > network after_create 55550000, False {{(pid=104533) subscribe /opt/stack/data/venv/lib/python3.12/site-packages/neutron_lib/callbacks/manager.py:52}}
Apr 29 21:49:45.290948 np0000171323 devstack@neutron-api.service[104532]: DEBUG neutron.api.extensions [None req-92e19e79-fc5d-4ebf-940a-4f486082e784 None None] Loading extension file: network_ha.py {{(pid=104532) _load_all_extensions_from_path /opt/stack/neutron/neutron/api/extensions.py:449}}
Apr 29 21:49:45.290979 np0000171323 devstack@neutron-api.service[104534]: DEBUG neutron.api.extensions [None req-20823bdc-ea38-47b8-8b8c-fd0379a58bd3 None None] Loading extension file: fip_pf_port_range.py {{(pid=104534) _load_all_extensions_from_path /opt/stack/neutron/neutron/api/extensions.py:449}}
Apr 29 21:49:45.291078 np0000171323 devstack@neutron-api.service[104533]: DEBUG neutron_lib.callbacks.manager [None req-a22c1423-3c5c-485c-9272-5203df50c168 None None] Subscribe: > network after_update 55550000, False {{(pid=104533) subscribe /opt/stack/data/venv/lib/python3.12/site-packages/neutron_lib/callbacks/manager.py:52}}
Apr 29 21:49:45.291078 np0000171323 devstack@neutron-api.service[104533]: DEBUG neutron_lib.callbacks.manager [None req-a22c1423-3c5c-485c-9272-5203df50c168 None None] Subscribe: > network after_delete 55550000, False {{(pid=104533) subscribe /opt/stack/data/venv/lib/python3.12/site-packages/neutron_lib/callbacks/manager.py:52}}
Apr 29 21:49:45.291288 np0000171323 devstack@neutron-api.service[104532]: DEBUG neutron.api.extensions [None req-92e19e79-fc5d-4ebf-940a-4f486082e784 None None] Ext name="Network HA creation flag" alias="network_ha" description="Network high availability creation flag." updated="2023-04-27T10:00:00-00:00" {{(pid=104532) _check_extension /opt/stack/neutron/neutron/api/extensions.py:415}}
Apr 29 21:49:45.291493 np0000171323 devstack@neutron-api.service[104534]: DEBUG neutron.api.extensions [None req-20823bdc-ea38-47b8-8b8c-fd0379a58bd3 None None] Ext name="Floating IP Port Forwarding support port ranges" alias="floating-ip-port-forwarding-port-ranges" description="Add support to port ranges" updated="2020-07-01T10:00:00-00:00" {{(pid=104534) _check_extension /opt/stack/neutron/neutron/api/extensions.py:415}}
Apr 29 21:49:45.291581 np0000171323 devstack@neutron-api.service[104533]: DEBUG neutron_lib.callbacks.manager [None req-a22c1423-3c5c-485c-9272-5203df50c168 None None] Subscribe: > security_group after_create 55550000, False {{(pid=104533) subscribe /opt/stack/data/venv/lib/python3.12/site-packages/neutron_lib/callbacks/manager.py:52}}
Apr 29 21:49:45.291581 np0000171323 devstack@neutron-api.service[104533]: DEBUG neutron_lib.callbacks.manager [None req-a22c1423-3c5c-485c-9272-5203df50c168 None None] Subscribe: > security_group after_update 55550000, False {{(pid=104533) subscribe /opt/stack/data/venv/lib/python3.12/site-packages/neutron_lib/callbacks/manager.py:52}}
Apr 29 21:49:45.291696 np0000171323 devstack@neutron-api.service[104532]: INFO neutron.api.extensions [None req-92e19e79-fc5d-4ebf-940a-4f486082e784 None None] Extension network_ha not supported by any of loaded plugins
Apr 29 21:49:45.291827 np0000171323 devstack@neutron-api.service[104534]: INFO neutron.api.extensions [None req-20823bdc-ea38-47b8-8b8c-fd0379a58bd3 None None] Extension floating-ip-port-forwarding-port-ranges not supported by any of loaded plugins
Apr 29 21:49:45.291936 np0000171323 devstack@neutron-api.service[104533]: DEBUG neutron_lib.callbacks.manager [None req-a22c1423-3c5c-485c-9272-5203df50c168 None None] Subscribe: > security_group after_delete 55550000, False {{(pid=104533) subscribe /opt/stack/data/venv/lib/python3.12/site-packages/neutron_lib/callbacks/manager.py:52}}
Apr 29 21:49:45.291997 np0000171323 devstack@neutron-api.service[104532]: DEBUG neutron.api.extensions [None req-92e19e79-fc5d-4ebf-940a-4f486082e784 None None] Loading extension file: network_ip_availability.py {{(pid=104532) _load_all_extensions_from_path /opt/stack/neutron/neutron/api/extensions.py:449}}
Apr 29 21:49:45.292075 np0000171323 devstack@neutron-api.service[104534]: DEBUG neutron.api.extensions [None req-20823bdc-ea38-47b8-8b8c-fd0379a58bd3 None None] Loading extension file: fip_port_details.py {{(pid=104534) _load_all_extensions_from_path /opt/stack/neutron/neutron/api/extensions.py:449}}
Apr 29 21:49:45.292132 np0000171323 devstack@neutron-api.service[104533]: DEBUG neutron_lib.callbacks.manager [None req-a22c1423-3c5c-485c-9272-5203df50c168 None None] Subscribe: > security_group_rule after_create 55550000, False {{(pid=104533) subscribe /opt/stack/data/venv/lib/python3.12/site-packages/neutron_lib/callbacks/manager.py:52}}
Apr 29 21:49:45.292132 np0000171323 devstack@neutron-api.service[104533]: DEBUG neutron_lib.callbacks.manager [None req-a22c1423-3c5c-485c-9272-5203df50c168 None None] Subscribe: > security_group_rule after_update 55550000, False {{(pid=104533) subscribe /opt/stack/data/venv/lib/python3.12/site-packages/neutron_lib/callbacks/manager.py:52}}
Apr 29 21:49:45.292182 np0000171323 devstack@neutron-api.service[104532]: DEBUG neutron.api.extensions [None req-92e19e79-fc5d-4ebf-940a-4f486082e784 None None] Ext name="Network IP Availability" alias="network-ip-availability" description="Provides IP availability data for each network and subnet." updated="2015-09-24T00:00:00-00:00" {{(pid=104532) _check_extension /opt/stack/neutron/neutron/api/extensions.py:415}}
Apr 29 21:49:45.292269 np0000171323 devstack@neutron-api.service[104534]: DEBUG neutron.api.extensions [None req-20823bdc-ea38-47b8-8b8c-fd0379a58bd3 None None] Ext name="Floating IP Port Details Extension" alias="fip-port-details" description="Add port_details attribute to Floating IP resource" updated="2018-04-09T10:00:00-00:00" {{(pid=104534) _check_extension /opt/stack/neutron/neutron/api/extensions.py:415}}
Apr 29 21:49:45.292352 np0000171323 devstack@neutron-api.service[104533]: DEBUG neutron_lib.callbacks.manager [None req-a22c1423-3c5c-485c-9272-5203df50c168 None None] Subscribe: > security_group_rule after_delete 55550000, False {{(pid=104533) subscribe /opt/stack/data/venv/lib/python3.12/site-packages/neutron_lib/callbacks/manager.py:52}}
Apr 29 21:49:45.292352 np0000171323 devstack@neutron-api.service[104533]: DEBUG neutron_lib.callbacks.manager [None req-a22c1423-3c5c-485c-9272-5203df50c168 None None] Subscribe: > address_group after_create 55550000, False {{(pid=104533) subscribe /opt/stack/data/venv/lib/python3.12/site-packages/neutron_lib/callbacks/manager.py:52}}
Apr 29 21:49:45.292559 np0000171323 devstack@neutron-api.service[104532]: INFO neutron.api.extensions [None req-92e19e79-fc5d-4ebf-940a-4f486082e784 None None] Loaded extension: network-ip-availability
Apr 29 21:49:45.292665 np0000171323 devstack@neutron-api.service[104534]: INFO neutron.api.extensions [None req-20823bdc-ea38-47b8-8b8c-fd0379a58bd3 None None] Loaded extension: fip-port-details
Apr 29 21:49:45.292694 np0000171323 devstack@neutron-api.service[104533]: DEBUG neutron_lib.callbacks.manager [None req-a22c1423-3c5c-485c-9272-5203df50c168 None None] Subscribe: > address_group after_update 55550000, False {{(pid=104533) subscribe /opt/stack/data/venv/lib/python3.12/site-packages/neutron_lib/callbacks/manager.py:52}}
Apr 29 21:49:45.292789 np0000171323 devstack@neutron-api.service[104532]: DEBUG neutron.api.extensions [None req-92e19e79-fc5d-4ebf-940a-4f486082e784 None None] Loading extension file: network_ip_availability_details.py {{(pid=104532) _load_all_extensions_from_path /opt/stack/neutron/neutron/api/extensions.py:449}}
Apr 29 21:49:45.292844 np0000171323 devstack@neutron-api.service[104534]: DEBUG neutron.api.extensions [None req-20823bdc-ea38-47b8-8b8c-fd0379a58bd3 None None] Loading extension file: flavors.py {{(pid=104534) _load_all_extensions_from_path /opt/stack/neutron/neutron/api/extensions.py:449}}
Apr 29 21:49:45.292917 np0000171323 devstack@neutron-api.service[104533]: DEBUG neutron_lib.callbacks.manager [None req-a22c1423-3c5c-485c-9272-5203df50c168 None None] Subscribe: > address_group after_delete 55550000, False {{(pid=104533) subscribe /opt/stack/data/venv/lib/python3.12/site-packages/neutron_lib/callbacks/manager.py:52}}
Apr 29 21:49:45.292917 np0000171323 devstack@neutron-api.service[104533]: DEBUG neutron.plugins.ml2.ovo_rpc [None req-a22c1423-3c5c-485c-9272-5203df50c168 None None] ML2 OVO RPC backend initialized. {{(pid=104533) __init__ /opt/stack/neutron/neutron/plugins/ml2/ovo_rpc.py:117}}
Apr 29 21:49:45.292982 np0000171323 devstack@neutron-api.service[104532]: DEBUG neutron.api.extensions [None req-92e19e79-fc5d-4ebf-940a-4f486082e784 None None] Ext name="Network IP Availability Details Extension" alias="network-ip-availability-details" description="Add ip_availability_details attribute to network-ip-availabilities resource." updated="2025-10-31T00:00:00-00:00" {{(pid=104532) _check_extension /opt/stack/neutron/neutron/api/extensions.py:415}}
Apr 29 21:49:45.292982 np0000171323 devstack@neutron-api.service[104532]: INFO neutron.api.extensions [None req-92e19e79-fc5d-4ebf-940a-4f486082e784 None None] Loaded extension: network-ip-availability-details
Apr 29 21:49:45.292982 np0000171323 devstack@neutron-api.service[104532]: DEBUG neutron.api.extensions [None req-92e19e79-fc5d-4ebf-940a-4f486082e784 None None] Loading extension file: network_segment_range.py {{(pid=104532) _load_all_extensions_from_path /opt/stack/neutron/neutron/api/extensions.py:449}}
Apr 29 21:49:45.293111 np0000171323 devstack@neutron-api.service[104534]: DEBUG neutron.api.extensions [None req-20823bdc-ea38-47b8-8b8c-fd0379a58bd3 None None] Ext name="Neutron Service Flavors" alias="flavors" description="Flavor specification for Neutron advanced services." updated="2015-09-17T10:00:00-00:00" {{(pid=104534) _check_extension /opt/stack/neutron/neutron/api/extensions.py:415}}
Apr 29 21:49:45.293111 np0000171323 devstack@neutron-api.service[104534]: INFO neutron.api.extensions [None req-20823bdc-ea38-47b8-8b8c-fd0379a58bd3 None None] Loaded extension: flavors
Apr 29 21:49:45.293111 np0000171323 devstack@neutron-api.service[104534]: DEBUG neutron.api.extensions [None req-20823bdc-ea38-47b8-8b8c-fd0379a58bd3 None None] Loading extension file: floating_ip_port_forwarding.py {{(pid=104534) _load_all_extensions_from_path /opt/stack/neutron/neutron/api/extensions.py:449}}
Apr 29 21:49:45.293272 np0000171323 devstack@neutron-api.service[104532]: DEBUG neutron.api.extensions [None req-92e19e79-fc5d-4ebf-940a-4f486082e784 None None] Ext name="Neutron Network Segment Range" alias="network-segment-range" description="Provides support for the network segment range management" updated="2018-11-29T00:00:00-00:00" {{(pid=104532) _check_extension /opt/stack/neutron/neutron/api/extensions.py:415}}
Apr 29 21:49:45.293272 np0000171323 devstack@neutron-api.service[104532]: INFO neutron.api.extensions [None req-92e19e79-fc5d-4ebf-940a-4f486082e784 None None] Extension network-segment-range not supported by any of loaded plugins
Apr 29 21:49:45.293381 np0000171323 devstack@neutron-api.service[104533]: INFO neutron.quota [None req-a22c1423-3c5c-485c-9272-5203df50c168 None None] Loaded quota_driver: .
Apr 29 21:49:45.293413 np0000171323 devstack@neutron-api.service[104532]: DEBUG neutron.api.extensions [None req-92e19e79-fc5d-4ebf-940a-4f486082e784 None None] Loading extension file: pagination.py {{(pid=104532) _load_all_extensions_from_path /opt/stack/neutron/neutron/api/extensions.py:449}}
Apr 29 21:49:45.293718 np0000171323 devstack@neutron-api.service[104534]: DEBUG neutron.api.extensions [None req-20823bdc-ea38-47b8-8b8c-fd0379a58bd3 None None] Ext name="Floating IP Port Forwarding" alias="floating-ip-port-forwarding" description="Allow port forwarding from floating IP port to an internal port" updated="2018-01-19T10:00:00-00:00" {{(pid=104534) _check_extension /opt/stack/neutron/neutron/api/extensions.py:415}}
Apr 29 21:49:45.293753 np0000171323 devstack@neutron-api.service[104533]: INFO neutron.plugins.ml2.plugin [None req-a22c1423-3c5c-485c-9272-5203df50c168 None None] Modular L2 Plugin initialization complete
Apr 29 21:49:45.293753 np0000171323 devstack@neutron-api.service[104533]: DEBUG neutron.manager [None req-a22c1423-3c5c-485c-9272-5203df50c168 None None] Loading services supported by the core plugin {{(pid=104533) _load_services_from_core_plugin /opt/stack/neutron/neutron/manager.py:170}}
Apr 29 21:49:45.293888 np0000171323 devstack@neutron-api.service[104532]: DEBUG neutron.api.extensions [None req-92e19e79-fc5d-4ebf-940a-4f486082e784 None None] Ext name="Pagination support" alias="pagination" description="Extension that indicates that pagination is enabled." updated="2016-06-12T00:00:00-00:00" {{(pid=104532) _check_extension /opt/stack/neutron/neutron/api/extensions.py:415}}
Apr 29 21:49:45.293941 np0000171323 devstack@neutron-api.service[104534]: INFO neutron.api.extensions [None req-20823bdc-ea38-47b8-8b8c-fd0379a58bd3 None None] Extension floating-ip-port-forwarding not supported by any of loaded plugins
Apr 29 21:49:45.293996 np0000171323 devstack@neutron-api.service[104533]: INFO neutron.plugins.ml2.managers [None req-a22c1423-3c5c-485c-9272-5203df50c168 None None] Got port-security extension from driver 'port_security'
Apr 29 21:49:45.294023 np0000171323 devstack@neutron-api.service[104532]: INFO neutron.api.extensions [None req-92e19e79-fc5d-4ebf-940a-4f486082e784 None None] Loaded extension: pagination
Apr 29 21:49:45.294076 np0000171323 devstack@neutron-api.service[104534]: DEBUG neutron.api.extensions [None req-20823bdc-ea38-47b8-8b8c-fd0379a58bd3 None None] Loading extension file: floatingip_pools.py {{(pid=104534) _load_all_extensions_from_path /opt/stack/neutron/neutron/api/extensions.py:449}}
Apr 29 21:49:45.294111 np0000171323 devstack@neutron-api.service[104532]: DEBUG neutron.api.extensions [None req-92e19e79-fc5d-4ebf-940a-4f486082e784 None None] Loading extension file: port_device_profile.py {{(pid=104532) _load_all_extensions_from_path /opt/stack/neutron/neutron/api/extensions.py:449}}
Apr 29 21:49:45.294168 np0000171323 devstack@neutron-api.service[104533]: DEBUG neutron.manager [None req-a22c1423-3c5c-485c-9272-5203df50c168 None None] Loading service plugins: ['ovn-router', 'auto_allocate', 'tag', 'timestamp', 'network_ip_availability', 'flavors', 'revisions'] {{(pid=104533) _load_service_plugins /opt/stack/neutron/neutron/manager.py:195}}
Apr 29 21:49:45.294227 np0000171323 devstack@neutron-api.service[104534]: DEBUG neutron.api.extensions [None req-20823bdc-ea38-47b8-8b8c-fd0379a58bd3 None None] Ext name="Floating IP Pools Extension" alias="floatingip-pools" description="Provides a floating IP pools API." updated="2018-03-21T10:00:00-00:00" {{(pid=104534) _check_extension /opt/stack/neutron/neutron/api/extensions.py:415}}
Apr 29 21:49:45.294261 np0000171323 devstack@neutron-api.service[104532]: DEBUG neutron.api.extensions [None req-92e19e79-fc5d-4ebf-940a-4f486082e784 None None] Ext name="Port device profile" alias="port-device-profile" description="Expose the port device profile (Cyborg)" updated="2020-12-17T10:00:00-00:00" {{(pid=104532) _check_extension /opt/stack/neutron/neutron/api/extensions.py:415}}
Apr 29 21:49:45.294319 np0000171323 devstack@neutron-api.service[104533]: INFO neutron.manager [None req-a22c1423-3c5c-485c-9272-5203df50c168 None None] Loading Plugin: ovn-router
Apr 29 21:49:45.294380 np0000171323 devstack@neutron-api.service[104534]: INFO neutron.api.extensions [None req-20823bdc-ea38-47b8-8b8c-fd0379a58bd3 None None] Loaded extension: floatingip-pools
Apr 29 21:49:45.294406 np0000171323 devstack@neutron-api.service[104532]: INFO neutron.api.extensions [None req-92e19e79-fc5d-4ebf-940a-4f486082e784 None None] Loaded extension: port-device-profile
Apr 29 21:49:45.294406 np0000171323 devstack@neutron-api.service[104532]: DEBUG neutron.api.extensions [None req-92e19e79-fc5d-4ebf-940a-4f486082e784 None None] Loading extension file: port_hardware_offload_type.py {{(pid=104532) _load_all_extensions_from_path /opt/stack/neutron/neutron/api/extensions.py:449}}
Apr 29 21:49:45.294555 np0000171323 devstack@neutron-api.service[104534]: DEBUG neutron.api.extensions [None req-20823bdc-ea38-47b8-8b8c-fd0379a58bd3 None None] Loading extension file: ip_allocation.py {{(pid=104534) _load_all_extensions_from_path /opt/stack/neutron/neutron/api/extensions.py:449}}
Apr 29 21:49:45.294644 np0000171323 devstack@neutron-api.service[104532]: DEBUG neutron.api.extensions [None req-92e19e79-fc5d-4ebf-940a-4f486082e784 None None] Ext name="Port hardware offload" alias="port-hardware-offload-type" description="Expose port hardware offload extension" updated="2023-05-09T10:00:00-00:00" {{(pid=104532) _check_extension /opt/stack/neutron/neutron/api/extensions.py:415}}
Apr 29 21:49:45.294697 np0000171323 devstack@neutron-api.service[104534]: DEBUG neutron.api.extensions [None req-20823bdc-ea38-47b8-8b8c-fd0379a58bd3 None None] Ext name="IP Allocation" alias="ip_allocation" description="IP allocation extension." updated="2016-06-10T23:00:00-00:00" {{(pid=104534) _check_extension /opt/stack/neutron/neutron/api/extensions.py:415}}
Apr 29 21:49:45.294727 np0000171323 devstack@neutron-api.service[104532]: INFO neutron.api.extensions [None req-92e19e79-fc5d-4ebf-940a-4f486082e784 None None] Extension port-hardware-offload-type not supported by any of loaded plugins
Apr 29 21:49:45.294779 np0000171323 devstack@neutron-api.service[104534]: INFO neutron.api.extensions [None req-20823bdc-ea38-47b8-8b8c-fd0379a58bd3 None None] Extension ip_allocation not supported by any of loaded plugins
Apr 29 21:49:45.294914 np0000171323 devstack@neutron-api.service[104532]: DEBUG neutron.api.extensions [None req-92e19e79-fc5d-4ebf-940a-4f486082e784 None None] Loading extension file: port_hint_ovs_tx_steering.py {{(pid=104532) _load_all_extensions_from_path /opt/stack/neutron/neutron/api/extensions.py:449}}
Apr 29 21:49:45.294985 np0000171323 devstack@neutron-api.service[104534]: DEBUG neutron.api.extensions [None req-20823bdc-ea38-47b8-8b8c-fd0379a58bd3 None None] Loading extension file: ip_substring_port_filtering.py {{(pid=104534) _load_all_extensions_from_path /opt/stack/neutron/neutron/api/extensions.py:449}}
Apr 29 21:49:45.295079 np0000171323 devstack@neutron-api.service[104532]: DEBUG neutron.api.extensions [None req-92e19e79-fc5d-4ebf-940a-4f486082e784 None None] Ext name="Port hint: Open vSwitch Tx steering" alias="port-hint-ovs-tx-steering" description="Enable Port hint: Open vSwitch Tx steering" updated="2023-01-01T00:00:00-00:00" {{(pid=104532) _check_extension /opt/stack/neutron/neutron/api/extensions.py:415}}
Apr 29 21:49:45.295137 np0000171323 devstack@neutron-api.service[104534]: DEBUG neutron.api.extensions [None req-20823bdc-ea38-47b8-8b8c-fd0379a58bd3 None None] Ext name="IP address substring filtering" alias="ip-substring-filtering" description="Provides IP address substring filtering when listing ports" updated="2017-11-28T09:00:00-00:00" {{(pid=104534) _check_extension /opt/stack/neutron/neutron/api/extensions.py:415}}
Apr 29 21:49:45.295194 np0000171323 devstack@neutron-api.service[104532]: INFO neutron.api.extensions [None req-92e19e79-fc5d-4ebf-940a-4f486082e784 None None] Extension port-hint-ovs-tx-steering not supported by any of loaded plugins
Apr 29 21:49:45.295194 np0000171323 devstack@neutron-api.service[104532]: DEBUG neutron.api.extensions [None req-92e19e79-fc5d-4ebf-940a-4f486082e784 None None] Loading extension file: port_hints.py {{(pid=104532) _load_all_extensions_from_path /opt/stack/neutron/neutron/api/extensions.py:449}}
Apr 29 21:49:45.295280 np0000171323 devstack@neutron-api.service[104534]: INFO neutron.api.extensions [None req-20823bdc-ea38-47b8-8b8c-fd0379a58bd3 None None] Extension ip-substring-filtering not supported by any of loaded plugins
